2026-04-17 05:11:48.961 7 INFO neutron.db.ovn_revision_numbers_db [None req-346fd84f-ac4a-483b-bb0d-67538b7baacd 32c8ec0e29f34231b235694246d32a83 b31e54af7230424f8db73284237c7175 - - default default] Successfully bumped revision number for resource 3d243215-a43c-4c1c-a0ab-1c8f99890951 (type: ports) to 1 [pid: 8|app: 0|req: 584/1285] 10.0.0.124 () {34 vars in 1040 bytes} [Fri Apr 17 05:11:48 2026] GET /v2.0/security-groups?id=53f11110-ee82-44d3-9258-38ba1486d4a4&fields=id&fields=name => generated 113 bytes in 48 msecs (HTTP/1.1 200) 4 headers in 157 bytes (1 switches on core 0)
2026-04-17 05:11:49.046 8 INFO neutron.db.ovn_revision_numbers_db [None req-3880734c-556f-44a2-8d29-6d528287d633 - - - - - -] Successfully bumped revision number for resource 330dd830-15e4-4122-9678-b0815e5adbc2 (type: ports) to 4
2026-04-17 05:11:49.360 8 INFO neutron.db.ovn_revision_numbers_db [None req-cbcdfb6e-7e44-4479-8c5a-c3314aa6da92 32c8ec0e29f34231b235694246d32a83 b31e54af7230424f8db73284237c7175 - - default default] Successfully bumped revision number for resource 0b454940-a247-451e-8168-f6262d7578d6 (type: security_groups) to 1
2026-04-17 05:11:49.383 8 INFO neutron.db.ovn_revision_numbers_db [None req-cbcdfb6e-7e44-4479-8c5a-c3314aa6da92 32c8ec0e29f34231b235694246d32a83 b31e54af7230424f8db73284237c7175 - - default default] Successfully bumped revision number for resource 0c1e3976-1e8f-48df-8c43-058447dbf498 (type: security_group_rules) to 0
2026-04-17 05:11:49.402 8 INFO neutron.db.ovn_revision_numbers_db [None req-cbcdfb6e-7e44-4479-8c5a-c3314aa6da92 32c8ec0e29f34231b235694246d32a83 b31e54af7230424f8db73284237c7175 - - default default] Successfully bumped revision number for resource 88a98010-4fc8-400a-883b-5858f62d320c (type: security_group_rules) to 0
2026-04-17 05:11:49.422 8 INFO neutron.db.ovn_revision_numbers_db [None req-cbcdfb6e-7e44-4479-8c5a-c3314aa6da92 32c8ec0e29f34231b235694246d32a83 b31e54af7230424f8db73284237c7175 - - default default] Successfully bumped revision number for resource a094b395-4fe8-41a0-a61b-dd50b277c882 (type: security_group_rules) to 0
2026-04-17 05:11:49.443 8 INFO neutron.db.ovn_revision_numbers_db [None req-cbcdfb6e-7e44-4479-8c5a-c3314aa6da92 32c8ec0e29f34231b235694246d32a83 b31e54af7230424f8db73284237c7175 - - default default] Successfully bumped revision number for resource f114fb50-039f-4fb5-a86c-3231156520a7 (type: security_group_rules) to 0 [pid: 8|app: 0|req: 587/1288] 10.0.0.40 () {32 vars in 773 bytes} [Fri Apr 17 05:11:48 2026] GET /v2.0/security-groups?tenant_id=530da744a8de48fbac0e0d560b847255&name=default => generated 2925 bytes in 559 msecs (HTTP/1.1 200) 4 headers in 158 bytes (1 switches on core 0)
2026-04-17 05:11:49.689 8 INFO neutron.db.ovn_revision_numbers_db [None req-3880734c-556f-44a2-8d29-6d528287d633 - - - - - -] Successfully bumped revision number for resource 330dd830-15e4-4122-9678-b0815e5adbc2 (type: ports) to 5
2026-04-17 05:11:49.721 7 WARNING neutron.scheduler.dhcp_agent_scheduler [None req-346fd84f-ac4a-483b-bb0d-67538b7baacd 32c8ec0e29f34231b235694246d32a83 b31e54af7230424f8db73284237c7175 - - default default] No more DHCP agents
2026-04-17 05:11:49.723 7 WARNING neutron.api.rpc.agentnotifiers.dhcp_rpc_agent_api [None req-346fd84f-ac4a-483b-bb0d-67538b7baacd 32c8ec0e29f34231b235694246d32a83 b31e54af7230424f8db73284237c7175 - - default default] Unable to schedule network 38393eb3-a732-47f3-af35-a47ec34ec1ca: no agents available; will retry on subsequent port and subnet creation events. [pid: 8|app: 0|req: 588/1289] 10.0.0.40 () {32 vars in 739 bytes} [Fri Apr 17 05:11:49 2026] DELETE /v2.0/security-groups/716b9a33-d553-4da8-a7bd-7d3890360251 => generated 0 bytes in 425 msecs (HTTP/1.1 204) 2 headers in 112 bytes (1 switches on core 0) [pid: 8|app: 0|req: 589/1290] 10.0.0.124 () {34 vars in 990 bytes} [Fri Apr 17 05:11:49 2026] GET /v2.0/ports?device_id=fe0623cf-2226-4a1a-a8f8-2b73717831e3 => generated 975 bytes in 37 msecs (HTTP/1.1 200) 4 headers in 157 bytes (1 switches on core 0)
2026-04-17 05:11:50.335 7 INFO neutron.db.ovn_revision_numbers_db [None req-346fd84f-ac4a-483b-bb0d-67538b7baacd 32c8ec0e29f34231b235694246d32a83 b31e54af7230424f8db73284237c7175 - - default default] Successfully bumped revision number for resource 3d243215-a43c-4c1c-a0ab-1c8f99890951 (type: router_ports) to 1 [pid: 7|app: 0|req: 702/1291] 10.0.0.40 () {34 vars in 782 bytes} [Fri Apr 17 05:11:48 2026] PUT /v2.0/routers/d017d4bd-f135-4a51-a6dc-8c60bc9055b0/add_router_interface => generated 309 bytes in 2333 msecs (HTTP/1.1 200) 4 headers in 157 bytes (1 switches on core 0) [pid: 7|app: 0|req: 703/1292] 10.0.0.124 () {34 vars in 1040 bytes} [Fri Apr 17 05:11:50 2026] GET /v2.0/security-groups?id=53f11110-ee82-44d3-9258-38ba1486d4a4&fields=id&fields=name => generated 113 bytes in 28 msecs (HTTP/1.1 200) 4 headers in 157 bytes (1 switches on core 0)
2026-04-17 05:11:50.409 8 INFO neutron.plugins.ml2.drivers.ovn.mech_driver.mech_driver [None req-ea9dad2b-c6ff-4c22-972d-6fe21064ed10 - - - - - -] OVN reports status down for port: 3d243215-a43c-4c1c-a0ab-1c8f99890951 [pid: 8|app: 0|req: 590/1293] 10.0.0.40 () {32 vars in 739 bytes} [Fri Apr 17 05:11:49 2026] DELETE /v2.0/security-groups/0b454940-a247-451e-8168-f6262d7578d6 => generated 0 bytes in 454 msecs (HTTP/1.1 204) 2 headers in 112 bytes (1 switches on core 0)
2026-04-17 05:11:50.524 7 INFO neutron.db.ovn_revision_numbers_db [None req-a6802de6-7891-431a-91b3-56c21fd55be1 32c8ec0e29f34231b235694246d32a83 b31e54af7230424f8db73284237c7175 - - default default] Successfully bumped revision number for resource 45be2f61-b9d0-4014-afd1-e0b64ab1dd37 (type: security_groups) to 1
2026-04-17 05:11:50.527 8 WARNING neutron.plugins.ml2.drivers.ovn.mech_driver.ovsdb.ovn_client [None req-ea9dad2b-c6ff-4c22-972d-6fe21064ed10 - - - - - -] Logical_Switch_Port %s host information not removed, the port state is up
2026-04-17 05:11:50.527 8 INFO neutron.plugins.ml2.drivers.ovn.mech_driver.mech_driver [None req-ea9dad2b-c6ff-4c22-972d-6fe21064ed10 - - - - - -] OVN reports status up for port: 3d243215-a43c-4c1c-a0ab-1c8f99890951
2026-04-17 05:11:50.536 7 INFO neutron.db.ovn_revision_numbers_db [None req-a6802de6-7891-431a-91b3-56c21fd55be1 32c8ec0e29f34231b235694246d32a83 b31e54af7230424f8db73284237c7175 - - default default] Successfully bumped revision number for resource 0899e4da-3446-475a-b1dd-f49a8311f3a4 (type: security_group_rules) to 0
2026-04-17 05:11:50.539 8 INFO neutron.plugins.ml2.plugin [None req-ea9dad2b-c6ff-4c22-972d-6fe21064ed10 - - - - - -] Attempt 1 to provision port 3d243215-a43c-4c1c-a0ab-1c8f99890951
2026-04-17 05:11:50.549 7 INFO neutron.db.ovn_revision_numbers_db [None req-a6802de6-7891-431a-91b3-56c21fd55be1 32c8ec0e29f34231b235694246d32a83 b31e54af7230424f8db73284237c7175 - - default default] Successfully bumped revision number for resource 16377b5f-b3de-448e-b302-df12fa785b31 (type: security_group_rules) to 0
2026-04-17 05:11:50.561 7 INFO neutron.db.ovn_revision_numbers_db [None req-a6802de6-7891-431a-91b3-56c21fd55be1 32c8ec0e29f34231b235694246d32a83 b31e54af7230424f8db73284237c7175 - - default default] Successfully bumped revision number for resource 80bf1e9d-087f-4d28-8282-e7dfdf1dcd1f (type: security_group_rules) to 0
2026-04-17 05:11:50.574 7 INFO neutron.db.ovn_revision_numbers_db [None req-a6802de6-7891-431a-91b3-56c21fd55be1 32c8ec0e29f34231b235694246d32a83 b31e54af7230424f8db73284237c7175 - - default default] Successfully bumped revision number for resource c37657fd-88e4-4cef-b89c-0e9d7564fc0c (type: security_group_rules) to 0 [pid: 7|app: 0|req: 704/1294] 10.0.0.40 () {32 vars in 773 bytes} [Fri Apr 17 05:11:50 2026] GET /v2.0/security-groups?tenant_id=67ba7aba7e714324877d4ef4c0cbbce4&name=default => generated 2925 bytes in 246 msecs (HTTP/1.1 200) 4 headers in 158 bytes (1 switches on core 0)
2026-04-17 05:11:51.532 7 INFO neutron.db.ovn_revision_numbers_db [None req-ea8303a9-c8fa-4151-a91e-4cd9a33b502c 32c8ec0e29f34231b235694246d32a83 b31e54af7230424f8db73284237c7175 - - default default] Successfully bumped revision number for resource 816a19c2-2e73-4221-92df-cdf02fc73e73 (type: security_groups) to 1
2026-04-17 05:11:51.550 7 INFO neutron.db.ovn_revision_numbers_db [None req-ea8303a9-c8fa-4151-a91e-4cd9a33b502c 32c8ec0e29f34231b235694246d32a83 b31e54af7230424f8db73284237c7175 - - default default] Successfully bumped revision number for resource 1fc58659-91b5-407c-9f14-f198e491713b (type: security_group_rules) to 0 [pid: 8|app: 0|req: 591/1295] 10.0.0.40 () {32 vars in 739 bytes} [Fri Apr 17 05:11:50 2026] DELETE /v2.0/security-groups/45be2f61-b9d0-4014-afd1-e0b64ab1dd37 => generated 0 bytes in 936 msecs (HTTP/1.1 204) 2 headers in 112 bytes (1 switches on core 0)
2026-04-17 05:11:51.563 7 INFO neutron.db.ovn_revision_numbers_db [None req-ea8303a9-c8fa-4151-a91e-4cd9a33b502c 32c8ec0e29f34231b235694246d32a83 b31e54af7230424f8db73284237c7175 - - default default] Successfully bumped revision number for resource 603682de-91f2-40e0-a47b-a62cdce09143 (type: security_group_rules) to 0
2026-04-17 05:11:51.573 7 INFO neutron.db.ovn_revision_numbers_db [None req-ea8303a9-c8fa-4151-a91e-4cd9a33b502c 32c8ec0e29f34231b235694246d32a83 b31e54af7230424f8db73284237c7175 - - default default] Successfully bumped revision number for resource 6d6a7a7f-0a7d-43a9-b600-4c45f8979e1e (type: security_group_rules) to 0
2026-04-17 05:11:51.582 7 INFO neutron.db.ovn_revision_numbers_db [None req-ea8303a9-c8fa-4151-a91e-4cd9a33b502c 32c8ec0e29f34231b235694246d32a83 b31e54af7230424f8db73284237c7175 - - default default] Successfully bumped revision number for resource faa1bf23-ebef-461c-ac09-feb3fb365040 (type: security_group_rules) to 0 [pid: 8|app: 0|req: 592/1296] 199.204.45.250 () {34 vars in 994 bytes} [Fri Apr 17 05:11:51 2026] GET /v2.0/ports?device_id=fe0623cf-2226-4a1a-a8f8-2b73717831e3 => generated 975 bytes in 60 msecs (HTTP/1.1 200) 4 headers in 157 bytes (1 switches on core 0)
2026-04-17 05:11:51.651 7 INFO neutron.db.segments_db [None req-ea8303a9-c8fa-4151-a91e-4cd9a33b502c 32c8ec0e29f34231b235694246d32a83 b31e54af7230424f8db73284237c7175 - - default default] Added segment 05044e8d-dfb0-4832-9321-3cd03a2a4996 of type geneve for network a11ce994-06e2-4806-9f04-d922ce143b1f [pid: 8|app: 0|req: 593/1297] 10.0.0.124 () {34 vars in 990 bytes} [Fri Apr 17 05:11:51 2026] GET /v2.0/ports?device_id=fe0623cf-2226-4a1a-a8f8-2b73717831e3 => generated 975 bytes in 39 msecs (HTTP/1.1 200) 4 headers in 157 bytes (1 switches on core 0)
2026-04-17 05:11:51.784 8 INFO neutron.db.ovn_revision_numbers_db [None req-ea9dad2b-c6ff-4c22-972d-6fe21064ed10 - - - - - -] Successfully bumped revision number for resource 3d243215-a43c-4c1c-a0ab-1c8f99890951 (type: ports) to 2
2026-04-17 05:11:51.788 7 INFO neutron.db.ovn_revision_numbers_db [None req-ea8303a9-c8fa-4151-a91e-4cd9a33b502c 32c8ec0e29f34231b235694246d32a83 b31e54af7230424f8db73284237c7175 - - default default] Successfully bumped revision number for resource a11ce994-06e2-4806-9f04-d922ce143b1f (type: networks) to 1
2026-04-17 05:11:51.889 8 INFO neutron_taas.services.taas.taas_plugin [req-47e12e0a-e067-4eb1-a9b3-6751ee263fe6 req-8f281a47-c591-452c-8b75-a6ed8d780792 cfeeca6b24534f47a5b3e4f21a9f35b0 e10d0b0e9abb44e49fc39af14a026d81 - - default default] TaaS: Handle Delete Port: 22802138-06bc-4ff9-99c1-073c2d28096e
2026-04-17 05:11:51.892 8 INFO neutron_taas.services.taas.tap_mirror_plugin [req-47e12e0a-e067-4eb1-a9b3-6751ee263fe6 req-8f281a47-c591-452c-8b75-a6ed8d780792 cfeeca6b24534f47a5b3e4f21a9f35b0 e10d0b0e9abb44e49fc39af14a026d81 - - default default] Tap Mirror: Handle Delete Port: 22802138-06bc-4ff9-99c1-073c2d28096e
2026-04-17 05:11:51.954 7 WARNING neutron.scheduler.dhcp_agent_scheduler [None req-ea8303a9-c8fa-4151-a91e-4cd9a33b502c 32c8ec0e29f34231b235694246d32a83 b31e54af7230424f8db73284237c7175 - - default default] No more DHCP agents
2026-04-17 05:11:51.955 7 WARNING neutron.api.rpc.agentnotifiers.dhcp_rpc_agent_api [None req-ea8303a9-c8fa-4151-a91e-4cd9a33b502c 32c8ec0e29f34231b235694246d32a83 b31e54af7230424f8db73284237c7175 - - default default] Unable to schedule network a11ce994-06e2-4806-9f04-d922ce143b1f: no agents available; will retry on subsequent port and subnet creation events.
2026-04-17 05:11:52.083 7 INFO neutron.db.ovn_revision_numbers_db [None req-ea8303a9-c8fa-4151-a91e-4cd9a33b502c 32c8ec0e29f34231b235694246d32a83 b31e54af7230424f8db73284237c7175 - - default default] Successfully bumped revision number for resource 520cf8c7-ebb8-4462-9412-aeabb8d0424b (type: ports) to 1 [pid: 7|app: 0|req: 705/1298] 10.0.0.40 () {34 vars in 670 bytes} [Fri Apr 17 05:11:51 2026] POST /v2.0/networks => generated 762 bytes in 810 msecs (HTTP/1.1 201) 4 headers in 162 bytes (1 switches on core 0)
2026-04-17 05:11:52.176 8 INFO neutron.db.l3_db [req-47e12e0a-e067-4eb1-a9b3-6751ee263fe6 req-8f281a47-c591-452c-8b75-a6ed8d780792 cfeeca6b24534f47a5b3e4f21a9f35b0 e10d0b0e9abb44e49fc39af14a026d81 - - default default] Floating IP 870e600b-b07d-498e-b92a-33ffdfe22f0f disassociated. External IP: 10.96.250.211, port: 22802138-06bc-4ff9-99c1-073c2d28096e. [pid: 7|app: 0|req: 706/1299] 10.0.0.124 () {34 vars in 1040 bytes} [Fri Apr 17 05:11:52 2026] GET /v2.0/security-groups?id=53f11110-ee82-44d3-9258-38ba1486d4a4&fields=id&fields=name => generated 113 bytes in 56 msecs (HTTP/1.1 200) 4 headers in 157 bytes (1 switches on core 0) [pid: 8|app: 0|req: 594/1300] 199.204.45.250 () {36 vars in 997 bytes} [Fri Apr 17 05:11:51 2026] DELETE /v2.0/ports/22802138-06bc-4ff9-99c1-073c2d28096e => generated 0 bytes in 700 msecs (HTTP/1.1 204) 3 headers in 131 bytes (1 switches on core 0)
2026-04-17 05:11:52.366 7 WARNING neutron.scheduler.dhcp_agent_scheduler [None req-b1df7cbd-3940-437d-872e-da5d95255516 32c8ec0e29f34231b235694246d32a83 b31e54af7230424f8db73284237c7175 - - default default] No more DHCP agents
2026-04-17 05:11:52.369 7 WARNING neutron.api.rpc.agentnotifiers.dhcp_rpc_agent_api [None req-b1df7cbd-3940-437d-872e-da5d95255516 32c8ec0e29f34231b235694246d32a83 b31e54af7230424f8db73284237c7175 - - default default] Unable to schedule network a11ce994-06e2-4806-9f04-d922ce143b1f: no agents available; will retry on subsequent port and subnet creation events.
2026-04-17 05:11:52.387 8 INFO neutron.notifiers.nova [-] Nova event matching ['req-57b503ed-030d-4847-a7c4-5cc3129f6fd3'] response: {'server_uuid': 'fe0623cf-2226-4a1a-a8f8-2b73717831e3', 'name': 'network-vif-deleted', 'tag': '22802138-06bc-4ff9-99c1-073c2d28096e', 'status': 'completed', 'code': 200}
2026-04-17 05:11:52.626 8 INFO neutron.db.ovn_revision_numbers_db [None req-33d99cd5-878f-427e-ad7e-5439c00ae60b 32c8ec0e29f34231b235694246d32a83 b31e54af7230424f8db73284237c7175 - - default default] Successfully bumped revision number for resource 51a5592a-94d8-40b6-aa7d-9e27c3bcaa4f (type: security_groups) to 1
2026-04-17 05:11:52.644 8 INFO neutron.db.ovn_revision_numbers_db [None req-33d99cd5-878f-427e-ad7e-5439c00ae60b 32c8ec0e29f34231b235694246d32a83 b31e54af7230424f8db73284237c7175 - - default default] Successfully bumped revision number for resource 1ab1f6c9-ad2f-4e95-9d24-5f98ef097551 (type: security_group_rules) to 0
2026-04-17 05:11:52.667 8 INFO neutron.db.ovn_revision_numbers_db [None req-33d99cd5-878f-427e-ad7e-5439c00ae60b 32c8ec0e29f34231b235694246d32a83 b31e54af7230424f8db73284237c7175 - - default default] Successfully bumped revision number for resource 33f72c10-512d-4e6b-b6ae-a2c800ed561a (type: security_group_rules) to 0
2026-04-17 05:11:52.682 8 INFO neutron.db.ovn_revision_numbers_db [None req-33d99cd5-878f-427e-ad7e-5439c00ae60b 32c8ec0e29f34231b235694246d32a83 b31e54af7230424f8db73284237c7175 - - default default] Successfully bumped revision number for resource 3e5a4151-5867-49e0-83df-97fffb18a3a8 (type: security_group_rules) to 0
2026-04-17 05:11:52.694 8 INFO neutron.db.ovn_revision_numbers_db [None req-33d99cd5-878f-427e-ad7e-5439c00ae60b 32c8ec0e29f34231b235694246d32a83 b31e54af7230424f8db73284237c7175 - - default default] Successfully bumped revision number for resource 7037246d-a5e4-43e1-a054-975e66cd50b2 (type: security_group_rules) to 0
2026-04-17 05:11:52.772 8 INFO neutron.db.segments_db [None req-33d99cd5-878f-427e-ad7e-5439c00ae60b 32c8ec0e29f34231b235694246d32a83 b31e54af7230424f8db73284237c7175 - - default default] Added segment d8a980c9-80b0-4f4e-ba40-def4da91e4ee of type geneve for network c215e050-63e6-4833-985f-5567b7113ba9
2026-04-17 05:11:52.922 7 INFO neutron.db.ovn_revision_numbers_db [None req-e5df44b3-c520-446a-893f-c2cd8767d98c - - - - - -] Successfully bumped revision number for resource 520cf8c7-ebb8-4462-9412-aeabb8d0424b (type: ports) to 2
2026-04-17 05:11:52.928 8 INFO neutron.db.ovn_revision_numbers_db [None req-33d99cd5-878f-427e-ad7e-5439c00ae60b 32c8ec0e29f34231b235694246d32a83 b31e54af7230424f8db73284237c7175 - - default default] Successfully bumped revision number for resource c215e050-63e6-4833-985f-5567b7113ba9 (type: networks) to 1
2026-04-17 05:11:52.952 7 INFO neutron.db.ovn_revision_numbers_db [None req-e5df44b3-c520-446a-893f-c2cd8767d98c - - - - - -] Successfully bumped revision number for resource c0e2da15-569a-4669-947f-f2f79dac2a4b (type: subnets) to 0 [pid: 7|app: 0|req: 707/1301] 10.0.0.40 () {34 vars in 668 bytes} [Fri Apr 17 05:11:52 2026] POST /v2.0/subnets => generated 687 bytes in 785 msecs (HTTP/1.1 201) 4 headers in 162 bytes (1 switches on core 0)
2026-04-17 05:11:53.083 8 WARNING neutron.scheduler.dhcp_agent_scheduler [None req-33d99cd5-878f-427e-ad7e-5439c00ae60b 32c8ec0e29f34231b235694246d32a83 b31e54af7230424f8db73284237c7175 - - default default] No more DHCP agents
2026-04-17 05:11:53.085 8 WARNING neutron.api.rpc.agentnotifiers.dhcp_rpc_agent_api [None req-33d99cd5-878f-427e-ad7e-5439c00ae60b 32c8ec0e29f34231b235694246d32a83 b31e54af7230424f8db73284237c7175 - - default default] Unable to schedule network c215e050-63e6-4833-985f-5567b7113ba9: no agents available; will retry on subsequent port and subnet creation events.
2026-04-17 05:11:53.196 8 INFO neutron.db.ovn_revision_numbers_db [None req-33d99cd5-878f-427e-ad7e-5439c00ae60b 32c8ec0e29f34231b235694246d32a83 b31e54af7230424f8db73284237c7175 - - default default] Successfully bumped revision number for resource 8c04a697-39a8-4842-b477-4e00e8725a88 (type: ports) to 1 [pid: 8|app: 0|req: 595/1302] 10.0.0.40 () {34 vars in 670 bytes} [Fri Apr 17 05:11:52 2026] POST /v2.0/networks => generated 762 bytes in 872 msecs (HTTP/1.1 201) 4 headers in 162 bytes (1 switches on core 0)
2026-04-17 05:11:53.383 8 WARNING neutron.scheduler.dhcp_agent_scheduler [None req-5004b215-0a3c-4de6-b864-ecc9dec058d0 32c8ec0e29f34231b235694246d32a83 b31e54af7230424f8db73284237c7175 - - default default] No more DHCP agents
2026-04-17 05:11:53.384 8 WARNING neutron.api.rpc.agentnotifiers.dhcp_rpc_agent_api [None req-5004b215-0a3c-4de6-b864-ecc9dec058d0 32c8ec0e29f34231b235694246d32a83 b31e54af7230424f8db73284237c7175 - - default default] Unable to schedule network c215e050-63e6-4833-985f-5567b7113ba9: no agents available; will retry on subsequent port and subnet creation events.
2026-04-17 05:11:53.429 7 WARNING neutron.scheduler.dhcp_agent_scheduler [None req-d4cc27d0-e8b7-40b8-90a2-0745386f05ae 32c8ec0e29f34231b235694246d32a83 b31e54af7230424f8db73284237c7175 - - default default] No more DHCP agents
2026-04-17 05:11:53.430 7 WARNING neutron.api.rpc.agentnotifiers.dhcp_rpc_agent_api [None req-d4cc27d0-e8b7-40b8-90a2-0745386f05ae 32c8ec0e29f34231b235694246d32a83 b31e54af7230424f8db73284237c7175 - - default default] Unable to schedule network 4bf69ca0-aeaf-47df-ba27-0379062746e9: no agents available; will retry on subsequent port and subnet creation events.
2026-04-17 05:11:53.612 7 INFO neutron.db.ovn_revision_numbers_db [None req-d4cc27d0-e8b7-40b8-90a2-0745386f05ae 32c8ec0e29f34231b235694246d32a83 b31e54af7230424f8db73284237c7175 - - default default] Successfully bumped revision number for resource 0210c4dc-1c92-4513-87f4-09a893c896c8 (type: ports) to 1
2026-04-17 05:11:53.899 8 INFO neutron.db.ovn_revision_numbers_db [None req-d7741773-59a4-4cc9-a862-0970581441a8 - - - - - -] Successfully bumped revision number for resource 8c04a697-39a8-4842-b477-4e00e8725a88 (type: ports) to 2
2026-04-17 05:11:53.925 8 INFO neutron.db.ovn_revision_numbers_db [None req-d7741773-59a4-4cc9-a862-0970581441a8 - - - - - -] Successfully bumped revision number for resource 30e89b2c-651f-4ec8-b1ed-0940f795e31b (type: subnets) to 0 [pid: 8|app: 0|req: 596/1303] 10.0.0.40 () {34 vars in 668 bytes} [Fri Apr 17 05:11:53 2026] POST /v2.0/subnets => generated 687 bytes in 697 msecs (HTTP/1.1 201) 4 headers in 162 bytes (1 switches on core 0) [pid: 8|app: 0|req: 597/1304] 10.0.0.124 () {34 vars in 990 bytes} [Fri Apr 17 05:11:53 2026] GET /v2.0/ports?device_id=fe0623cf-2226-4a1a-a8f8-2b73717831e3 => generated 12 bytes in 17 msecs (HTTP/1.1 200) 4 headers in 156 bytes (1 switches on core 0)
2026-04-17 05:11:54.252 7 INFO neutron.plugins.ml2.drivers.ovn.mech_driver.ovsdb.commands [-] Schedule LRP lrp-0210c4dc-1c92-4513-87f4-09a893c896c8 on gateway 27caa086-ccac-4ef5-a601-8a4b80fc3fe1 with priority 1
2026-04-17 05:11:54.396 8 INFO neutron.plugins.ml2.drivers.ovn.mech_driver.ovsdb.ovsdb_monitor [None req-3880734c-556f-44a2-8d29-6d528287d633 - - - - - -] Router 93908781-9815-4406-81e1-42e687f3969d is bound to host instance
2026-04-17 05:11:54.401 7 INFO neutron.db.ovn_revision_numbers_db [None req-d4cc27d0-e8b7-40b8-90a2-0745386f05ae 32c8ec0e29f34231b235694246d32a83 b31e54af7230424f8db73284237c7175 - - default default] Successfully bumped revision number for resource 0210c4dc-1c92-4513-87f4-09a893c896c8 (type: router_ports) to 1
2026-04-17 05:11:54.473 7 INFO neutron.db.ovn_revision_numbers_db [None req-d4cc27d0-e8b7-40b8-90a2-0745386f05ae 32c8ec0e29f34231b235694246d32a83 b31e54af7230424f8db73284237c7175 - - default default] Successfully bumped revision number for resource 93908781-9815-4406-81e1-42e687f3969d (type: routers) to 2 [pid: 7|app: 0|req: 708/1305] 10.0.0.40 () {34 vars in 668 bytes} [Fri Apr 17 05:11:52 2026] POST /v2.0/routers => generated 965 bytes in 1516 msecs (HTTP/1.1 201) 4 headers in 162 bytes (1 switches on core 0)
2026-04-17 05:11:54.623 8 WARNING neutron.scheduler.dhcp_agent_scheduler [None req-a57eb246-28bc-4126-9582-5d35cd7f10cc 32c8ec0e29f34231b235694246d32a83 b31e54af7230424f8db73284237c7175 - - default default] No more DHCP agents
2026-04-17 05:11:54.625 8 WARNING neutron.api.rpc.agentnotifiers.dhcp_rpc_agent_api [None req-a57eb246-28bc-4126-9582-5d35cd7f10cc 32c8ec0e29f34231b235694246d32a83 b31e54af7230424f8db73284237c7175 - - default default] Unable to schedule network 4bf69ca0-aeaf-47df-ba27-0379062746e9: no agents available; will retry on subsequent port and subnet creation events.
2026-04-17 05:11:54.915 8 INFO neutron.db.ovn_revision_numbers_db [None req-a57eb246-28bc-4126-9582-5d35cd7f10cc 32c8ec0e29f34231b235694246d32a83 b31e54af7230424f8db73284237c7175 - - default default] Successfully bumped revision number for resource 7876a505-8599-4b50-bbf0-f64aa0a00045 (type: ports) to 1
2026-04-17 05:11:54.991 7 WARNING neutron.scheduler.dhcp_agent_scheduler [None req-f1326741-ae9a-4131-90ea-a7c546f9db70 32c8ec0e29f34231b235694246d32a83 b31e54af7230424f8db73284237c7175 - - default default] No more DHCP agents
2026-04-17 05:11:54.993 7 WARNING neutron.api.rpc.agentnotifiers.dhcp_rpc_agent_api [None req-f1326741-ae9a-4131-90ea-a7c546f9db70 32c8ec0e29f34231b235694246d32a83 b31e54af7230424f8db73284237c7175 - - default default] Unable to schedule network a11ce994-06e2-4806-9f04-d922ce143b1f: no agents available; will retry on subsequent port and subnet creation events.
2026-04-17 05:11:55.169 7 INFO neutron.db.ovn_revision_numbers_db [None req-f1326741-ae9a-4131-90ea-a7c546f9db70 32c8ec0e29f34231b235694246d32a83 b31e54af7230424f8db73284237c7175 - - default default] Successfully bumped revision number for resource 9adec123-d1e4-4d28-8560-2e0803af1c3b (type: ports) to 1
2026-04-17 05:11:55.737 7 WARNING neutron.scheduler.dhcp_agent_scheduler [None req-f1326741-ae9a-4131-90ea-a7c546f9db70 32c8ec0e29f34231b235694246d32a83 b31e54af7230424f8db73284237c7175 - - default default] No more DHCP agents
2026-04-17 05:11:55.739 7 WARNING neutron.api.rpc.agentnotifiers.dhcp_rpc_agent_api [None req-f1326741-ae9a-4131-90ea-a7c546f9db70 32c8ec0e29f34231b235694246d32a83 b31e54af7230424f8db73284237c7175 - - default default] Unable to schedule network a11ce994-06e2-4806-9f04-d922ce143b1f: no agents available; will retry on subsequent port and subnet creation events.
2026-04-17 05:11:55.868 8 INFO neutron.db.ovn_revision_numbers_db [None req-b1c5bd75-8baf-485a-8eac-a8b3ec89573d - - - - - -] Successfully bumped revision number for resource 0210c4dc-1c92-4513-87f4-09a893c896c8 (type: ports) to 4
2026-04-17 05:11:55.927 8 INFO neutron.plugins.ml2.drivers.ovn.mech_driver.ovsdb.commands [None req-ca6c73f4-1f58-4615-b3dc-6f141e200fcf - - - - - -] Schedule LRP lrp-7876a505-8599-4b50-bbf0-f64aa0a00045 on gateway 27caa086-ccac-4ef5-a601-8a4b80fc3fe1 with priority 1
2026-04-17 05:11:56.210 8 INFO neutron.db.ovn_revision_numbers_db [None req-a57eb246-28bc-4126-9582-5d35cd7f10cc 32c8ec0e29f34231b235694246d32a83 b31e54af7230424f8db73284237c7175 - - default default] Successfully bumped revision number for resource 7876a505-8599-4b50-bbf0-f64aa0a00045 (type: router_ports) to 1
2026-04-17 05:11:56.350 8 INFO neutron.db.ovn_revision_numbers_db [None req-a57eb246-28bc-4126-9582-5d35cd7f10cc 32c8ec0e29f34231b235694246d32a83 b31e54af7230424f8db73284237c7175 - - default default] Successfully bumped revision number for resource 01cba14b-c828-44ba-b775-63ba983644a3 (type: routers) to 2
2026-04-17 05:11:56.360 7 INFO neutron.db.ovn_revision_numbers_db [None req-f1326741-ae9a-4131-90ea-a7c546f9db70 32c8ec0e29f34231b235694246d32a83 b31e54af7230424f8db73284237c7175 - - default default] Successfully bumped revision number for resource 9adec123-d1e4-4d28-8560-2e0803af1c3b (type: router_ports) to 1 [pid: 7|app: 0|req: 709/1306] 10.0.0.40 () {34 vars in 782 bytes} [Fri Apr 17 05:11:54 2026] PUT /v2.0/routers/93908781-9815-4406-81e1-42e687f3969d/add_router_interface => generated 309 bytes in 1871 msecs (HTTP/1.1 200) 4 headers in 157 bytes (1 switches on core 0) [pid: 8|app: 0|req: 598/1307] 10.0.0.40 () {34 vars in 668 bytes} [Fri Apr 17 05:11:53 2026] POST /v2.0/routers => generated 965 bytes in 2419 msecs (HTTP/1.1 201) 4 headers in 162 bytes (1 switches on core 0) [pid: 7|app: 0|req: 710/1308] 10.0.0.124 () {34 vars in 990 bytes} [Fri Apr 17 05:11:56 2026] GET /v2.0/ports?device_id=fe0623cf-2226-4a1a-a8f8-2b73717831e3 => generated 12 bytes in 19 msecs (HTTP/1.1 200) 4 headers in 156 bytes (1 switches on core 0)
2026-04-17 05:11:56.768 8 INFO neutron.db.ovn_revision_numbers_db [None req-b1c5bd75-8baf-485a-8eac-a8b3ec89573d - - - - - -] Successfully bumped revision number for resource 0210c4dc-1c92-4513-87f4-09a893c896c8 (type: ports) to 5
2026-04-17 05:11:56.894 8 INFO neutron.plugins.ml2.drivers.ovn.mech_driver.ovsdb.ovsdb_monitor [None req-b1c5bd75-8baf-485a-8eac-a8b3ec89573d - - - - - -] Router 01cba14b-c828-44ba-b775-63ba983644a3 is bound to host instance
2026-04-17 05:11:57.160 7 INFO neutron.db.ovn_revision_numbers_db [None req-8fff73a5-c325-4ffa-88a8-2bae3d309d88 234aa70850c944ad9e82e55337e021ed 5324ccd6d9ee481781c60905f958ef28 - - default default] Successfully bumped revision number for resource 326e5d43-5d6b-4a1b-bfad-beea32cd4d57 (type: security_groups) to 1
2026-04-17 05:11:57.172 7 INFO neutron.db.ovn_revision_numbers_db [None req-8fff73a5-c325-4ffa-88a8-2bae3d309d88 234aa70850c944ad9e82e55337e021ed 5324ccd6d9ee481781c60905f958ef28 - - default default] Successfully bumped revision number for resource 15ca875c-2d05-41a0-ad9e-3962590f4a7d (type: security_group_rules) to 0
2026-04-17 05:11:57.183 7 INFO neutron.db.ovn_revision_numbers_db [None req-8fff73a5-c325-4ffa-88a8-2bae3d309d88 234aa70850c944ad9e82e55337e021ed 5324ccd6d9ee481781c60905f958ef28 - - default default] Successfully bumped revision number for resource dfd35678-84c1-4266-936e-368442dd80ba (type: security_group_rules) to 0 [pid: 7|app: 0|req: 711/1309] 10.0.0.40 () {34 vars in 684 bytes} [Fri Apr 17 05:11:57 2026] POST /v2.0/security-groups => generated 1673 bytes in 199 msecs (HTTP/1.1 201) 4 headers in 163 bytes (1 switches on core 0)
2026-04-17 05:11:57.232 8 WARNING neutron.scheduler.dhcp_agent_scheduler [None req-b9613248-221c-4b6e-a259-b7c1f3296460 32c8ec0e29f34231b235694246d32a83 b31e54af7230424f8db73284237c7175 - - default default] No more DHCP agents
2026-04-17 05:11:57.237 8 WARNING neutron.api.rpc.agentnotifiers.dhcp_rpc_agent_api [None req-b9613248-221c-4b6e-a259-b7c1f3296460 32c8ec0e29f34231b235694246d32a83 b31e54af7230424f8db73284237c7175 - - default default] Unable to schedule network c215e050-63e6-4833-985f-5567b7113ba9: no agents available; will retry on subsequent port and subnet creation events.
2026-04-17 05:11:57.351 8 WARNING neutron.plugins.ml2.drivers.ovn.mech_driver.ovsdb.ovn_client [None req-73c3df28-b7f4-434c-a1cc-6e931ccf0bbb - - - - - -] No hosting information found for port 3d243215-a43c-4c1c-a0ab-1c8f99890951: RuntimeError: No hosting information found for port 3d243215-a43c-4c1c-a0ab-1c8f99890951
2026-04-17 05:11:57.351 8 INFO neutron.plugins.ml2.drivers.ovn.mech_driver.mech_driver [None req-73c3df28-b7f4-434c-a1cc-6e931ccf0bbb - - - - - -] OVN reports status down for port: 22802138-06bc-4ff9-99c1-073c2d28096e
2026-04-17 05:11:57.364 7 INFO neutron.db.ovn_revision_numbers_db [None req-46790c60-0397-4168-b47b-0c75881c3a4d 234aa70850c944ad9e82e55337e021ed 5324ccd6d9ee481781c60905f958ef28 - - default default] Successfully bumped revision number for resource 8ebcf91b-805f-4587-ae8e-d032c83ad5ca (type: security_group_rules) to 0 [pid: 7|app: 0|req: 712/1310] 10.0.0.40 () {34 vars in 694 bytes} [Fri Apr 17 05:11:57 2026] POST /v2.0/security-group-rules => generated 597 bytes in 175 msecs (HTTP/1.1 201) 4 headers in 162 bytes (1 switches on core 0)
2026-04-17 05:11:57.625 7 INFO neutron.db.ovn_revision_numbers_db [None req-3f544457-b75d-4cc9-8d2a-3795aef97a38 234aa70850c944ad9e82e55337e021ed 5324ccd6d9ee481781c60905f958ef28 - - default default] Successfully bumped revision number for resource f068b7d7-ea06-498d-a868-894d1f2ee456 (type: security_group_rules) to 0 [pid: 7|app: 0|req: 713/1311] 10.0.0.40 () {34 vars in 694 bytes} [Fri Apr 17 05:11:57 2026] POST /v2.0/security-group-rules => generated 596 bytes in 257 msecs (HTTP/1.1 201) 4 headers in 162 bytes (1 switches on core 0)
2026-04-17 05:11:57.667 8 INFO neutron.db.ovn_revision_numbers_db [None req-b9613248-221c-4b6e-a259-b7c1f3296460 32c8ec0e29f34231b235694246d32a83 b31e54af7230424f8db73284237c7175 - - default default] Successfully bumped revision number for resource 8e84358a-b3eb-4e32-876e-354d88028fb4 (type: ports) to 1
2026-04-17 05:11:57.790 8 INFO neutron.db.ovn_revision_numbers_db [None req-73c3df28-b7f4-434c-a1cc-6e931ccf0bbb - - - - - -] Successfully bumped revision number for resource 3d243215-a43c-4c1c-a0ab-1c8f99890951 (type: router_ports) to 2 [pid: 7|app: 0|req: 714/1312] 10.0.0.40 () {32 vars in 739 bytes} [Fri Apr 17 05:11:57 2026] DELETE /v2.0/security-groups/53f11110-ee82-44d3-9258-38ba1486d4a4 => generated 0 bytes in 159 msecs (HTTP/1.1 204) 2 headers in 112 bytes (1 switches on core 0)
2026-04-17 05:11:57.949 7 INFO neutron.db.ovn_revision_numbers_db [None req-65968d7b-63d0-490e-81b1-5df0da2964d6 234aa70850c944ad9e82e55337e021ed 5324ccd6d9ee481781c60905f958ef28 - - default default] Successfully bumped revision number for resource 48548982-af00-45a6-9641-d7d3dec3142e (type: security_group_rules) to 0 [pid: 7|app: 0|req: 715/1313] 10.0.0.40 () {34 vars in 694 bytes} [Fri Apr 17 05:11:57 2026] POST /v2.0/security-group-rules => generated 602 bytes in 165 msecs (HTTP/1.1 201) 4 headers in 162 bytes (1 switches on core 0)
2026-04-17 05:11:57.994 7 INFO neutron.api.v2.resource [None req-11ec0285-3fe3-40ad-9c61-12b12940992b cfeeca6b24534f47a5b3e4f21a9f35b0 e10d0b0e9abb44e49fc39af14a026d81 - - default default] show failed (client error): The resource could not be found. [pid: 7|app: 0|req: 716/1314] 10.0.0.40 () {32 vars in 736 bytes} [Fri Apr 17 05:11:57 2026] GET /v2.0/security-groups/53f11110-ee82-44d3-9258-38ba1486d4a4 => generated 146 bytes in 16 msecs (HTTP/1.1 404) 4 headers in 164 bytes (1 switches on core 0)
2026-04-17 05:11:58.043 8 INFO neutron.plugins.ml2.drivers.ovn.mech_driver.mech_driver [None req-73c3df28-b7f4-434c-a1cc-6e931ccf0bbb - - - - - -] OVN reports status down for port: 520cf8c7-ebb8-4462-9412-aeabb8d0424b
2026-04-17 05:11:58.174 7 INFO neutron.db.ovn_revision_numbers_db [None req-71b30880-9bff-48dd-b176-6800e246d5f8 234aa70850c944ad9e82e55337e021ed 5324ccd6d9ee481781c60905f958ef28 - - default default] Successfully bumped revision number for resource ca9af39e-7fd4-4301-ad49-3f6ac317ea8a (type: security_group_rules) to 0 [pid: 7|app: 0|req: 717/1315] 10.0.0.40 () {34 vars in 694 bytes} [Fri Apr 17 05:11:57 2026] POST /v2.0/security-group-rules => generated 601 bytes in 205 msecs (HTTP/1.1 201) 4 headers in 162 bytes (1 switches on core 0)
2026-04-17 05:11:58.299 7 INFO neutron_taas.services.taas.taas_plugin [None req-1c677286-6622-4fe2-8403-16afd917b661 cfeeca6b24534f47a5b3e4f21a9f35b0 e10d0b0e9abb44e49fc39af14a026d81 - - default default] TaaS: Handle Delete Port: 4abe21e8-0c7c-408e-8210-70049f64d55f
2026-04-17 05:11:58.301 8 INFO neutron.plugins.ml2.drivers.ovn.mech_driver.mech_driver [None req-73c3df28-b7f4-434c-a1cc-6e931ccf0bbb - - - - - -] OVN reports status down for port: 8c04a697-39a8-4842-b477-4e00e8725a88
2026-04-17 05:11:58.302 7 INFO neutron_taas.services.taas.tap_mirror_plugin [None req-1c677286-6622-4fe2-8403-16afd917b661 cfeeca6b24534f47a5b3e4f21a9f35b0 e10d0b0e9abb44e49fc39af14a026d81 - - default default] Tap Mirror: Handle Delete Port: 4abe21e8-0c7c-408e-8210-70049f64d55f [pid: 7|app: 0|req: 718/1316] 10.0.0.40 () {32 vars in 731 bytes} [Fri Apr 17 05:11:58 2026] DELETE /v2.0/floatingips/870e600b-b07d-498e-b92a-33ffdfe22f0f => generated 0 bytes in 230 msecs (HTTP/1.1 204) 2 headers in 112 bytes (1 switches on core 0)
2026-04-17 05:11:58.464 7 INFO neutron.db.securitygroups_db [None req-a73ebf00-ed51-4d07-a1c6-f91e7adf9fed 234aa70850c944ad9e82e55337e021ed 5324ccd6d9ee481781c60905f958ef28 - - default default] Project 5324ccd6d9ee481781c60905f958ef28 added a security group rule with legacy IPv6 ICMP protocol name icmp, ipv6-icmp should be used instead. It was automatically converted.
2026-04-17 05:11:58.520 8 INFO neutron.plugins.ml2.drivers.ovn.mech_driver.mech_driver [None req-73c3df28-b7f4-434c-a1cc-6e931ccf0bbb - - - - - -] OVN reports status down for port: 0210c4dc-1c92-4513-87f4-09a893c896c8
2026-04-17 05:11:58.587 7 INFO neutron.db.ovn_revision_numbers_db [None req-a73ebf00-ed51-4d07-a1c6-f91e7adf9fed 234aa70850c944ad9e82e55337e021ed 5324ccd6d9ee481781c60905f958ef28 - - default default] Successfully bumped revision number for resource 9c4b8560-98f9-4c82-a47d-043bd7859c81 (type: security_group_rules) to 0 [pid: 7|app: 0|req: 719/1317] 10.0.0.40 () {34 vars in 694 bytes} [Fri Apr 17 05:11:58 2026] POST /v2.0/security-group-rules => generated 607 bytes in 187 msecs (HTTP/1.1 201) 4 headers in 162 bytes (1 switches on core 0)
2026-04-17 05:11:58.888 7 INFO neutron_taas.services.taas.taas_plugin [None req-a38de846-e586-4252-86d5-569a1aec24ae 32c8ec0e29f34231b235694246d32a83 b31e54af7230424f8db73284237c7175 - - default default] TaaS: Handle Delete Port: fced285a-a717-4fda-b309-9e708f061ef2
2026-04-17 05:11:58.891 7 INFO neutron_taas.services.taas.tap_mirror_plugin [None req-a38de846-e586-4252-86d5-569a1aec24ae 32c8ec0e29f34231b235694246d32a83 b31e54af7230424f8db73284237c7175 - - default default] Tap Mirror: Handle Delete Port: fced285a-a717-4fda-b309-9e708f061ef2
2026-04-17 05:11:59.370 8 INFO neutron.db.ovn_revision_numbers_db [None req-2d757dcb-9485-4592-9c27-4f93d00862cf - - - - - -] Successfully bumped revision number for resource 7876a505-8599-4b50-bbf0-f64aa0a00045 (type: ports) to 4
2026-04-17 05:11:59.495 8 WARNING neutron.scheduler.dhcp_agent_scheduler [None req-b9613248-221c-4b6e-a259-b7c1f3296460 32c8ec0e29f34231b235694246d32a83 b31e54af7230424f8db73284237c7175 - - default default] No more DHCP agents
2026-04-17 05:11:59.519 8 WARNING neutron.api.rpc.agentnotifiers.dhcp_rpc_agent_api [None req-b9613248-221c-4b6e-a259-b7c1f3296460 32c8ec0e29f34231b235694246d32a83 b31e54af7230424f8db73284237c7175 - - default default] Unable to schedule network c215e050-63e6-4833-985f-5567b7113ba9: no agents available; will retry on subsequent port and subnet creation events. [pid: 7|app: 0|req: 720/1318] 10.0.0.40 () {34 vars in 788 bytes} [Fri Apr 17 05:11:58 2026] PUT /v2.0/routers/56e2afc4-4a4f-474a-838b-87ef95183595/remove_router_interface => generated 309 bytes in 975 msecs (HTTP/1.1 200) 4 headers in 157 bytes (1 switches on core 0) /var/lib/openstack/lib/python3.12/site-packages/pycadf/identifier.py:70: UserWarning: Invalid uuid: neutron. To ensure interoperability, identifiers should be a valid uuid. warnings.warn(('Invalid uuid: %s. To ensure interoperability, '
2026-04-17 05:11:59.627 8 INFO neutron.db.ovn_revision_numbers_db [None req-73c3df28-b7f4-434c-a1cc-6e931ccf0bbb - - - - - -] Successfully bumped revision number for resource 0210c4dc-1c92-4513-87f4-09a893c896c8 (type: ports) to 6
2026-04-17 05:11:59.643 7 INFO neutron.db.securitygroups_db [None req-126a7039-dadc-49c2-b60b-b77416d54d66 234aa70850c944ad9e82e55337e021ed 5324ccd6d9ee481781c60905f958ef28 - - default default] Project 5324ccd6d9ee481781c60905f958ef28 added a security group rule with legacy IPv6 ICMP protocol name icmp, ipv6-icmp should be used instead. It was automatically converted.
2026-04-17 05:11:59.763 7 INFO neutron.db.ovn_revision_numbers_db [None req-126a7039-dadc-49c2-b60b-b77416d54d66 234aa70850c944ad9e82e55337e021ed 5324ccd6d9ee481781c60905f958ef28 - - default default] Successfully bumped revision number for resource c175e3c4-3869-43a6-bf1d-a63b54eb01c8 (type: security_group_rules) to 0 [pid: 7|app: 0|req: 721/1319] 10.0.0.40 () {34 vars in 694 bytes} [Fri Apr 17 05:11:59 2026] POST /v2.0/security-group-rules => generated 606 bytes in 197 msecs (HTTP/1.1 201) 4 headers in 162 bytes (1 switches on core 0)
2026-04-17 05:11:59.807 8 WARNING neutron.plugins.ml2.drivers.ovn.mech_driver.ovsdb.ovn_client [None req-2cebafb6-31df-4a85-957f-3a98282c58d2 - - - - - -] Logical_Switch_Port %s host information not removed, the port state is up
2026-04-17 05:11:59.810 8 INFO neutron.plugins.ml2.drivers.ovn.mech_driver.mech_driver [None req-2cebafb6-31df-4a85-957f-3a98282c58d2 - - - - - -] OVN reports status up for port: 0210c4dc-1c92-4513-87f4-09a893c896c8
2026-04-17 05:11:59.840 8 INFO neutron.plugins.ml2.plugin [None req-2cebafb6-31df-4a85-957f-3a98282c58d2 - - - - - -] Attempt 1 to provision port 0210c4dc-1c92-4513-87f4-09a893c896c8
2026-04-17 05:12:00.075 7 INFO neutron_taas.services.taas.taas_plugin [None req-408c5c5e-4c76-4de2-9b10-b23a547f257b 32c8ec0e29f34231b235694246d32a83 b31e54af7230424f8db73284237c7175 - - default default] TaaS: Handle Delete Port: a7199c1b-6637-4cfe-af90-c2b9c2c32e0a
2026-04-17 05:12:00.078 7 INFO neutron_taas.services.taas.tap_mirror_plugin [None req-408c5c5e-4c76-4de2-9b10-b23a547f257b 32c8ec0e29f34231b235694246d32a83 b31e54af7230424f8db73284237c7175 - - default default] Tap Mirror: Handle Delete Port: a7199c1b-6637-4cfe-af90-c2b9c2c32e0a [pid: 7|app: 0|req: 722/1320] 10.0.0.40 () {32 vars in 723 bytes} [Fri Apr 17 05:11:59 2026] DELETE /v2.0/routers/56e2afc4-4a4f-474a-838b-87ef95183595 => generated 0 bytes in 704 msecs (HTTP/1.1 204) 2 headers in 112 bytes (1 switches on core 0)
2026-04-17 05:12:00.634 7 INFO neutron.db.ovn_revision_numbers_db [None req-108412bc-38d9-4457-8e69-8807d8d4c3b0 234aa70850c944ad9e82e55337e021ed 5324ccd6d9ee481781c60905f958ef28 - - default default] Successfully bumped revision number for resource 967a4def-0105-48b4-bb1d-20623e5e7448 (type: security_groups) to 1
2026-04-17 05:12:00.645 7 INFO neutron.db.ovn_revision_numbers_db [None req-108412bc-38d9-4457-8e69-8807d8d4c3b0 234aa70850c944ad9e82e55337e021ed 5324ccd6d9ee481781c60905f958ef28 - - default default] Successfully bumped revision number for resource f1aba705-1634-4f19-84c4-4b9b2688b902 (type: security_group_rules) to 0
2026-04-17 05:12:00.655 7 INFO neutron.db.ovn_revision_numbers_db [None req-108412bc-38d9-4457-8e69-8807d8d4c3b0 234aa70850c944ad9e82e55337e021ed 5324ccd6d9ee481781c60905f958ef28 - - default default] Successfully bumped revision number for resource f553e77b-9220-4807-ab23-1aed508f37b5 (type: security_group_rules) to 0 [pid: 7|app: 0|req: 723/1321] 10.0.0.40 () {34 vars in 684 bytes} [Fri Apr 17 05:12:00 2026] POST /v2.0/security-groups => generated 1659 bytes in 192 msecs (HTTP/1.1 201) 4 headers in 163 bytes (1 switches on core 0)
2026-04-17 05:12:00.896 8 INFO neutron.db.ovn_revision_numbers_db [None req-b9613248-221c-4b6e-a259-b7c1f3296460 32c8ec0e29f34231b235694246d32a83 b31e54af7230424f8db73284237c7175 - - default default] Successfully bumped revision number for resource 8e84358a-b3eb-4e32-876e-354d88028fb4 (type: router_ports) to 1 [pid: 8|app: 0|req: 599/1322] 10.0.0.40 () {34 vars in 782 bytes} [Fri Apr 17 05:11:56 2026] PUT /v2.0/routers/01cba14b-c828-44ba-b775-63ba983644a3/add_router_interface => generated 309 bytes in 4542 msecs (HTTP/1.1 200) 4 headers in 157 bytes (1 switches on core 0) /var/lib/openstack/lib/python3.12/site-packages/pycadf/identifier.py:70: UserWarning: Invalid uuid: neutron. To ensure interoperability, identifiers should be a valid uuid. warnings.warn(('Invalid uuid: %s. To ensure interoperability, '
2026-04-17 05:12:00.961 8 INFO neutron.db.ovn_revision_numbers_db [None req-2d757dcb-9485-4592-9c27-4f93d00862cf - - - - - -] Successfully bumped revision number for resource 7876a505-8599-4b50-bbf0-f64aa0a00045 (type: ports) to 5
2026-04-17 05:12:01.001 7 INFO neutron.db.ovn_revision_numbers_db [None req-19fab269-34b6-476d-b7f1-2b680a42b5f1 dd779e31e1534487a1e9e119dd44e462 1fa0b188c45a4f398eba1a06895529bb - - default default] Successfully bumped revision number for resource e0613567-4031-4ae6-807e-4021e2a56eb7 (type: security_groups) to 1
2026-04-17 05:12:01.010 7 INFO neutron.db.ovn_revision_numbers_db [None req-19fab269-34b6-476d-b7f1-2b680a42b5f1 dd779e31e1534487a1e9e119dd44e462 1fa0b188c45a4f398eba1a06895529bb - - default default] Successfully bumped revision number for resource 3fda3dad-9d74-4c03-83b1-83ffd1884046 (type: security_group_rules) to 0
2026-04-17 05:12:01.019 7 INFO neutron.db.ovn_revision_numbers_db [None req-19fab269-34b6-476d-b7f1-2b680a42b5f1 dd779e31e1534487a1e9e119dd44e462 1fa0b188c45a4f398eba1a06895529bb - - default default] Successfully bumped revision number for resource 4d0fc9d8-f6c1-4fe1-b204-49dc95506812 (type: security_group_rules) to 0
2026-04-17 05:12:01.027 7 INFO neutron.db.ovn_revision_numbers_db [None req-19fab269-34b6-476d-b7f1-2b680a42b5f1 dd779e31e1534487a1e9e119dd44e462 1fa0b188c45a4f398eba1a06895529bb - - default default] Successfully bumped revision number for resource 7d21ff59-6b15-4ad6-b4a3-af9b7da10c26 (type: security_group_rules) to 0
2026-04-17 05:12:01.037 7 INFO neutron.db.ovn_revision_numbers_db [None req-19fab269-34b6-476d-b7f1-2b680a42b5f1 dd779e31e1534487a1e9e119dd44e462 1fa0b188c45a4f398eba1a06895529bb - - default default] Successfully bumped revision number for resource 9e76c6d2-1bc6-411b-b7b1-94acde54f37d (type: security_group_rules) to 0
2026-04-17 05:12:01.107 7 INFO neutron.db.segments_db [None req-19fab269-34b6-476d-b7f1-2b680a42b5f1 dd779e31e1534487a1e9e119dd44e462 1fa0b188c45a4f398eba1a06895529bb - - default default] Added segment 69c24115-bec3-4d2f-95cc-81b1eb6ca560 of type geneve for network 7e65f302-7690-48b8-a05a-3143e3211f86
2026-04-17 05:12:01.242 8 INFO neutron.db.ovn_revision_numbers_db [None req-2cebafb6-31df-4a85-957f-3a98282c58d2 - - - - - -] Successfully bumped revision number for resource 0210c4dc-1c92-4513-87f4-09a893c896c8 (type: ports) to 7
2026-04-17 05:12:01.267 7 INFO neutron.db.ovn_revision_numbers_db [None req-19fab269-34b6-476d-b7f1-2b680a42b5f1 dd779e31e1534487a1e9e119dd44e462 1fa0b188c45a4f398eba1a06895529bb - - default default] Successfully bumped revision number for resource 7e65f302-7690-48b8-a05a-3143e3211f86 (type: networks) to 1 [pid: 8|app: 0|req: 600/1323] 10.0.0.40 () {32 vars in 723 bytes} [Fri Apr 17 05:12:00 2026] DELETE /v2.0/subnets/ac1e46dd-9de9-4c2e-bd96-ff384d208fc8 => generated 0 bytes in 433 msecs (HTTP/1.1 204) 3 headers in 131 bytes (1 switches on core 0)
2026-04-17 05:12:01.416 8 INFO neutron.plugins.ml2.drivers.ovn.mech_driver.mech_driver [None req-84e590b9-ed00-4452-9cfc-19b80eae90c9 - - - - - -] OVN reports status down for port: 7876a505-8599-4b50-bbf0-f64aa0a00045
2026-04-17 05:12:01.432 7 WARNING neutron.scheduler.dhcp_agent_scheduler [None req-19fab269-34b6-476d-b7f1-2b680a42b5f1 dd779e31e1534487a1e9e119dd44e462 1fa0b188c45a4f398eba1a06895529bb - - default default] No more DHCP agents
2026-04-17 05:12:01.434 7 WARNING neutron.api.rpc.agentnotifiers.dhcp_rpc_agent_api [None req-19fab269-34b6-476d-b7f1-2b680a42b5f1 dd779e31e1534487a1e9e119dd44e462 1fa0b188c45a4f398eba1a06895529bb - - default default] Unable to schedule network 7e65f302-7690-48b8-a05a-3143e3211f86: no agents available; will retry on subsequent port and subnet creation events.
2026-04-17 05:12:01.532 7 INFO neutron.db.ovn_revision_numbers_db [None req-19fab269-34b6-476d-b7f1-2b680a42b5f1 dd779e31e1534487a1e9e119dd44e462 1fa0b188c45a4f398eba1a06895529bb - - default default] Successfully bumped revision number for resource 2b23feee-969a-43cb-b62b-f6d801586e1f (type: ports) to 1 [pid: 7|app: 0|req: 724/1324] 10.0.0.40 () {34 vars in 669 bytes} [Fri Apr 17 05:12:00 2026] POST /v2.0/networks => generated 658 bytes in 865 msecs (HTTP/1.1 201) 4 headers in 162 bytes (1 switches on core 0)
2026-04-17 05:12:01.678 7 INFO neutron_taas.services.taas.taas_plugin [None req-ea64e6d2-d0b5-413f-b6a5-632d35bd1189 32c8ec0e29f34231b235694246d32a83 b31e54af7230424f8db73284237c7175 - - default default] TaaS: Handle Delete Port: 0cf3caf0-23f1-4277-8328-5f1c39b30831
2026-04-17 05:12:01.682 7 INFO neutron_taas.services.taas.tap_mirror_plugin [None req-ea64e6d2-d0b5-413f-b6a5-632d35bd1189 32c8ec0e29f34231b235694246d32a83 b31e54af7230424f8db73284237c7175 - - default default] Tap Mirror: Handle Delete Port: 0cf3caf0-23f1-4277-8328-5f1c39b30831
2026-04-17 05:12:01.700 8 INFO neutron.db.ovn_revision_numbers_db [None req-f738a5d4-8fb1-4bad-9d39-dc7d41d03bec 234aa70850c944ad9e82e55337e021ed 5324ccd6d9ee481781c60905f958ef28 - - default default] Successfully bumped revision number for resource d2edee8e-621b-4b49-90fc-0827616a5ebe (type: security_group_rules) to 0 [pid: 8|app: 0|req: 601/1325] 10.0.0.40 () {34 vars in 694 bytes} [Fri Apr 17 05:12:01 2026] POST /v2.0/security-group-rules => generated 597 bytes in 416 msecs (HTTP/1.1 201) 4 headers in 162 bytes (1 switches on core 0)
2026-04-17 05:12:01.853 7 INFO neutron.services.segments.plugin [-] Segment d33c3a1d-718e-438e-a20a-cfbb7533f969 resource provider aggregate not found
2026-04-17 05:12:01.858 7 INFO neutron.services.segments.plugin [-] Segment d33c3a1d-718e-438e-a20a-cfbb7533f969 resource provider aggregate not found
2026-04-17 05:12:01.874 7 INFO neutron.services.segments.plugin [-] Segment d33c3a1d-718e-438e-a20a-cfbb7533f969 resource provider not found; error: Placement Client Error (4xx): {"errors": [{"status": 404, "title": "Not Found", "detail": "The resource could not be found.\n\n No resource provider with uuid d33c3a1d-718e-438e-a20a-cfbb7533f969 found for delete ", "request_id": "req-5c1ed4d9-8751-40ed-bb40-930b95c08693"}]}
2026-04-17 05:12:01.877 7 INFO neutron.services.segments.plugin [-] Segment d33c3a1d-718e-438e-a20a-cfbb7533f969 resource provider not found; error: Placement Client Error (4xx): {"errors": [{"status": 404, "title": "Not Found", "detail": "The resource could not be found.\n\n No resource provider with uuid d33c3a1d-718e-438e-a20a-cfbb7533f969 found for delete ", "request_id": "req-502a8f77-45d7-4809-8d3b-ab8b4477ef41"}]} [pid: 7|app: 0|req: 725/1326] 10.0.0.40 () {32 vars in 725 bytes} [Fri Apr 17 05:12:01 2026] DELETE /v2.0/networks/d03e7fc7-9a8c-4690-a703-17317443db4f => generated 0 bytes in 354 msecs (HTTP/1.1 204) 3 headers in 131 bytes (1 switches on core 0)
2026-04-17 05:12:02.054 7 INFO neutron.db.ovn_revision_numbers_db [None req-d235e940-11f3-406b-984c-0132e30b316e 234aa70850c944ad9e82e55337e021ed 5324ccd6d9ee481781c60905f958ef28 - - default default] Successfully bumped revision number for resource e58856af-99e4-4f99-b929-90c537ee9341 (type: security_group_rules) to 0 [pid: 7|app: 0|req: 726/1327] 10.0.0.40 () {34 vars in 694 bytes} [Fri Apr 17 05:12:01 2026] POST /v2.0/security-group-rules => generated 602 bytes in 192 msecs (HTTP/1.1 201) 4 headers in 162 bytes (1 switches on core 0) [pid: 7|app: 0|req: 727/1328] 10.0.0.40 () {32 vars in 773 bytes} [Fri Apr 17 05:12:02 2026] GET /v2.0/security-groups?tenant_id=e10d0b0e9abb44e49fc39af14a026d81&name=default => generated 2925 bytes in 23 msecs (HTTP/1.1 200) 4 headers in 158 bytes (1 switches on core 0)
2026-04-17 05:12:02.139 8 INFO neutron.db.ovn_revision_numbers_db [None req-84e590b9-ed00-4452-9cfc-19b80eae90c9 - - - - - -] Successfully bumped revision number for resource 7876a505-8599-4b50-bbf0-f64aa0a00045 (type: ports) to 6
2026-04-17 05:12:02.141 8 WARNING neutron.scheduler.dhcp_agent_scheduler [None req-00a5a8da-5081-4e03-8139-bbb10e2766ff dd779e31e1534487a1e9e119dd44e462 1fa0b188c45a4f398eba1a06895529bb - - default default] No more DHCP agents
