2026-04-17 05:11:07.898 7 WARNING neutron.scheduler.dhcp_agent_scheduler [None req-01a08e64-f3f8-4fd5-b57f-9d8c86266671 674fb736927e4694bdaeba09961b9bb9 9187e8ad4b7b442faacc96a532896339 - - default default] No more DHCP agents
2026-04-17 05:11:07.899 7 WARNING neutron.api.rpc.agentnotifiers.dhcp_rpc_agent_api [None req-01a08e64-f3f8-4fd5-b57f-9d8c86266671 674fb736927e4694bdaeba09961b9bb9 9187e8ad4b7b442faacc96a532896339 - - default default] Unable to schedule network a1df61f0-4eba-4313-aa69-a54ddbb563e3: no agents available; will retry on subsequent port and subnet creation events.
2026-04-17 05:11:08.019 7 INFO neutron.db.ovn_revision_numbers_db [None req-01a08e64-f3f8-4fd5-b57f-9d8c86266671 674fb736927e4694bdaeba09961b9bb9 9187e8ad4b7b442faacc96a532896339 - - default default] Successfully bumped revision number for resource 3127282d-5ff6-47fc-b646-c8ff11c07659 (type: ports) to 1 [pid: 7|app: 0|req: 517/953] 10.0.0.40 () {34 vars in 664 bytes} [Fri Apr 17 05:11:07 2026] POST /v2.0/ports => generated 774 bytes in 403 msecs (HTTP/1.1 201) 4 headers in 162 bytes (1 switches on core 0) /var/lib/openstack/lib/python3.12/site-packages/pycadf/identifier.py:70: UserWarning: Invalid uuid: neutron. To ensure interoperability, identifiers should be a valid uuid. warnings.warn(('Invalid uuid: %s. To ensure interoperability, '
2026-04-17 05:11:08.093 8 INFO neutron.plugins.ml2.drivers.ovn.mech_driver.mech_driver [None req-a8928071-f301-4959-a866-02af03764cd0 - - - - - -] OVN reports status down for port: b786f09a-808e-4220-aae8-12b5f45ac836
2026-04-17 05:11:08.117 8 INFO neutron.plugins.ml2.drivers.ovn.mech_driver.mech_driver [None req-a8928071-f301-4959-a866-02af03764cd0 - - - - - -] OVN reports status up for port: 22802138-06bc-4ff9-99c1-073c2d28096e
2026-04-17 05:11:08.145 8 INFO neutron.plugins.ml2.plugin [None req-a8928071-f301-4959-a866-02af03764cd0 - - - - - -] Attempt 1 to provision port 22802138-06bc-4ff9-99c1-073c2d28096e
2026-04-17 05:11:08.196 7 INFO neutron.db.segments_db [None req-b29ae1e9-4321-4963-89ff-0f6ef246e4d2 674fb736927e4694bdaeba09961b9bb9 9187e8ad4b7b442faacc96a532896339 - - default default] Added segment 4e5c1fde-d858-4e1f-b78b-bb17808187b6 of type geneve for network fe7a2bc3-0491-46f9-b7a0-7ea4bb5b1011
2026-04-17 05:11:08.322 7 INFO neutron.db.ovn_revision_numbers_db [None req-b29ae1e9-4321-4963-89ff-0f6ef246e4d2 674fb736927e4694bdaeba09961b9bb9 9187e8ad4b7b442faacc96a532896339 - - default default] Successfully bumped revision number for resource fe7a2bc3-0491-46f9-b7a0-7ea4bb5b1011 (type: networks) to 1
2026-04-17 05:11:08.420 8 INFO neutron.notifiers.nova [-] Nova event matching ['req-cdcb1116-7ab3-40b7-a233-f25fd20c3d63'] response: {'server_uuid': 'fe0623cf-2226-4a1a-a8f8-2b73717831e3', 'name': 'network-vif-plugged', 'status': 'completed', 'tag': '22802138-06bc-4ff9-99c1-073c2d28096e', 'code': 200}
2026-04-17 05:11:08.518 7 WARNING neutron.scheduler.dhcp_agent_scheduler [None req-b29ae1e9-4321-4963-89ff-0f6ef246e4d2 674fb736927e4694bdaeba09961b9bb9 9187e8ad4b7b442faacc96a532896339 - - default default] No more DHCP agents
2026-04-17 05:11:08.520 7 WARNING neutron.api.rpc.agentnotifiers.dhcp_rpc_agent_api [None req-b29ae1e9-4321-4963-89ff-0f6ef246e4d2 674fb736927e4694bdaeba09961b9bb9 9187e8ad4b7b442faacc96a532896339 - - default default] Unable to schedule network fe7a2bc3-0491-46f9-b7a0-7ea4bb5b1011: no agents available; will retry on subsequent port and subnet creation events.
2026-04-17 05:11:08.677 7 INFO neutron.db.ovn_revision_numbers_db [None req-b29ae1e9-4321-4963-89ff-0f6ef246e4d2 674fb736927e4694bdaeba09961b9bb9 9187e8ad4b7b442faacc96a532896339 - - default default] Successfully bumped revision number for resource 7c350ef4-bb68-44cd-91c8-818babba6d57 (type: ports) to 1 [pid: 7|app: 0|req: 518/954] 10.0.0.40 () {34 vars in 669 bytes} [Fri Apr 17 05:11:08 2026] POST /v2.0/networks => generated 650 bytes in 606 msecs (HTTP/1.1 201) 4 headers in 162 bytes (1 switches on core 0)
2026-04-17 05:11:08.717 8 INFO neutron.db.ovn_revision_numbers_db [None req-23f2ddaf-f989-4351-a8fc-bd87eb0f5465 e68c7a08f8804ff0bbb601758239721e 848d924114724659b4196a04e7d60870 - - default default] Successfully bumped revision number for resource 16e35e11-febb-4fb4-b401-72e5272afdd1 (type: ports) to 2 [pid: 7|app: 0|req: 519/955] 10.0.0.40 () {32 vars in 716 bytes} [Fri Apr 17 05:11:08 2026] GET /v2.0/ports/32b0229d-fe89-4504-b6ea-65fbb89b5296 => generated 953 bytes in 49 msecs (HTTP/1.1 200) 4 headers in 157 bytes (1 switches on core 0)
2026-04-17 05:11:08.814 8 INFO neutron.db.ovn_revision_numbers_db [None req-a8928071-f301-4959-a866-02af03764cd0 - - - - - -] Successfully bumped revision number for resource 22802138-06bc-4ff9-99c1-073c2d28096e (type: ports) to 5
2026-04-17 05:11:08.915 7 WARNING neutron.scheduler.dhcp_agent_scheduler [None req-81d39820-081a-4ea3-bd80-3620915fcde6 674fb736927e4694bdaeba09961b9bb9 9187e8ad4b7b442faacc96a532896339 - - default default] No more DHCP agents
2026-04-17 05:11:08.916 7 WARNING neutron.api.rpc.agentnotifiers.dhcp_rpc_agent_api [None req-81d39820-081a-4ea3-bd80-3620915fcde6 674fb736927e4694bdaeba09961b9bb9 9187e8ad4b7b442faacc96a532896339 - - default default] Unable to schedule network fe7a2bc3-0491-46f9-b7a0-7ea4bb5b1011: no agents available; will retry on subsequent port and subnet creation events.
2026-04-17 05:11:09.029 8 INFO neutron.plugins.ml2.drivers.ovn.mech_driver.mech_driver [None req-388fd906-9b57-4285-8bc9-681ac0b1cf3b - - - - - -] OVN reports status down for port: 7d647286-355b-4119-9d5d-d063c6a7530f
2026-04-17 05:11:09.192 8 WARNING neutron.plugins.ml2.drivers.ovn.mech_driver.ovsdb.ovn_client [None req-388fd906-9b57-4285-8bc9-681ac0b1cf3b - - - - - -] Logical_Switch_Port %s host information not removed, the port state is up
2026-04-17 05:11:09.192 8 INFO neutron.plugins.ml2.drivers.ovn.mech_driver.mech_driver [None req-388fd906-9b57-4285-8bc9-681ac0b1cf3b - - - - - -] OVN reports status down for port: 84688242-2cdc-4d3f-ade3-41e2cef689f7
2026-04-17 05:11:09.209 8 INFO neutron.plugins.ml2.drivers.ovn.mech_driver.mech_driver [None req-388fd906-9b57-4285-8bc9-681ac0b1cf3b - - - - - -] OVN reports status up for port: 7d647286-355b-4119-9d5d-d063c6a7530f
2026-04-17 05:11:09.249 8 INFO neutron.plugins.ml2.plugin [None req-388fd906-9b57-4285-8bc9-681ac0b1cf3b - - - - - -] Attempt 1 to provision port 7d647286-355b-4119-9d5d-d063c6a7530f
2026-04-17 05:11:09.424 7 INFO neutron.db.ovn_revision_numbers_db [None req-25302a36-b765-4533-9e42-f8ac98d3dae7 - - - - - -] Successfully bumped revision number for resource 7c350ef4-bb68-44cd-91c8-818babba6d57 (type: ports) to 2
2026-04-17 05:11:09.452 7 INFO neutron.db.ovn_revision_numbers_db [None req-25302a36-b765-4533-9e42-f8ac98d3dae7 - - - - - -] Successfully bumped revision number for resource ddec491c-e0e9-40c3-8c81-fa9562dc4cf5 (type: subnets) to 0 [pid: 7|app: 0|req: 520/956] 10.0.0.40 () {34 vars in 668 bytes} [Fri Apr 17 05:11:08 2026] POST /v2.0/subnets => generated 626 bytes in 724 msecs (HTTP/1.1 201) 4 headers in 162 bytes (1 switches on core 0) [pid: 7|app: 0|req: 521/957] 10.0.0.124 () {34 vars in 990 bytes} [Fri Apr 17 05:11:09 2026] GET /v2.0/ports?device_id=fe0623cf-2226-4a1a-a8f8-2b73717831e3 => generated 975 bytes in 34 msecs (HTTP/1.1 200) 4 headers in 157 bytes (1 switches on core 0)
2026-04-17 05:11:09.764 7 WARNING neutron.scheduler.dhcp_agent_scheduler [None req-8713ff45-72f2-49ec-945f-f2e02ad386e0 674fb736927e4694bdaeba09961b9bb9 9187e8ad4b7b442faacc96a532896339 - - default default] No more DHCP agents
2026-04-17 05:11:09.766 7 WARNING neutron.api.rpc.agentnotifiers.dhcp_rpc_agent_api [None req-8713ff45-72f2-49ec-945f-f2e02ad386e0 674fb736927e4694bdaeba09961b9bb9 9187e8ad4b7b442faacc96a532896339 - - default default] Unable to schedule network fe7a2bc3-0491-46f9-b7a0-7ea4bb5b1011: no agents available; will retry on subsequent port and subnet creation events.
2026-04-17 05:11:09.988 7 INFO neutron.db.ovn_revision_numbers_db [None req-8713ff45-72f2-49ec-945f-f2e02ad386e0 674fb736927e4694bdaeba09961b9bb9 9187e8ad4b7b442faacc96a532896339 - - default default] Successfully bumped revision number for resource 9bd3d0d2-62d8-4537-92c2-619289d197af (type: ports) to 1 [pid: 7|app: 0|req: 522/958] 10.0.0.40 () {34 vars in 664 bytes} [Fri Apr 17 05:11:09 2026] POST /v2.0/ports => generated 950 bytes in 505 msecs (HTTP/1.1 201) 4 headers in 162 bytes (1 switches on core 0) /var/lib/openstack/lib/python3.12/site-packages/pycadf/identifier.py:70: UserWarning: Invalid uuid: neutron. To ensure interoperability, identifiers should be a valid uuid. warnings.warn(('Invalid uuid: %s. To ensure interoperability, '
2026-04-17 05:11:10.038 8 WARNING neutron.scheduler.dhcp_agent_scheduler [None req-23f2ddaf-f989-4351-a8fc-bd87eb0f5465 e68c7a08f8804ff0bbb601758239721e 848d924114724659b4196a04e7d60870 - - default default] No more DHCP agents [pid: 7|app: 0|req: 523/959] 10.0.0.124 () {34 vars in 1040 bytes} [Fri Apr 17 05:11:10 2026] GET /v2.0/security-groups?id=53f11110-ee82-44d3-9258-38ba1486d4a4&fields=id&fields=name => generated 113 bytes in 27 msecs (HTTP/1.1 200) 4 headers in 157 bytes (1 switches on core 0)
2026-04-17 05:11:10.043 8 WARNING neutron.api.rpc.agentnotifiers.dhcp_rpc_agent_api [None req-23f2ddaf-f989-4351-a8fc-bd87eb0f5465 e68c7a08f8804ff0bbb601758239721e 848d924114724659b4196a04e7d60870 - - default default] Unable to schedule network e6cf7ae2-6281-4874-aa39-780090c5ee10: no agents available; will retry on subsequent port and subnet creation events.
2026-04-17 05:11:10.061 8 INFO neutron.db.ovn_revision_numbers_db [None req-388fd906-9b57-4285-8bc9-681ac0b1cf3b - - - - - -] Successfully bumped revision number for resource 7d647286-355b-4119-9d5d-d063c6a7530f (type: ports) to 2 [pid: 7|app: 0|req: 524/960] 10.0.0.40 () {32 vars in 716 bytes} [Fri Apr 17 05:11:10 2026] GET /v2.0/ports/32b0229d-fe89-4504-b6ea-65fbb89b5296 => generated 953 bytes in 63 msecs (HTTP/1.1 200) 4 headers in 157 bytes (1 switches on core 0)
2026-04-17 05:11:10.223 7 INFO neutron_taas.services.taas.taas_plugin [None req-54b47e9f-cc4f-4a1c-a37d-ed2cb89b296b 674fb736927e4694bdaeba09961b9bb9 9187e8ad4b7b442faacc96a532896339 - - default default] TaaS: Handle Delete Port: 9bd3d0d2-62d8-4537-92c2-619289d197af
2026-04-17 05:11:10.226 7 INFO neutron_taas.services.taas.tap_mirror_plugin [None req-54b47e9f-cc4f-4a1c-a37d-ed2cb89b296b 674fb736927e4694bdaeba09961b9bb9 9187e8ad4b7b442faacc96a532896339 - - default default] Tap Mirror: Handle Delete Port: 9bd3d0d2-62d8-4537-92c2-619289d197af
2026-04-17 05:11:10.354 8 INFO neutron.db.ovn_revision_numbers_db [None req-23f2ddaf-f989-4351-a8fc-bd87eb0f5465 e68c7a08f8804ff0bbb601758239721e 848d924114724659b4196a04e7d60870 - - default default] Successfully bumped revision number for resource 16e35e11-febb-4fb4-b401-72e5272afdd1 (type: router_ports) to 2 [pid: 8|app: 0|req: 437/961] 10.0.0.40 () {34 vars in 782 bytes} [Fri Apr 17 05:11:07 2026] PUT /v2.0/routers/34a61fad-3c16-4509-88c7-771e2e6d2a5b/add_router_interface => generated 309 bytes in 2740 msecs (HTTP/1.1 200) 4 headers in 157 bytes (1 switches on core 0) /var/lib/openstack/lib/python3.12/site-packages/pycadf/identifier.py:70: UserWarning: Invalid uuid: neutron. To ensure interoperability, identifiers should be a valid uuid. warnings.warn(('Invalid uuid: %s. To ensure interoperability, ' [pid: 8|app: 0|req: 438/962] 10.0.0.40 () {32 vars in 716 bytes} [Fri Apr 17 05:11:10 2026] GET /v2.0/ports/16e35e11-febb-4fb4-b401-72e5272afdd1 => generated 1008 bytes in 35 msecs (HTTP/1.1 200) 4 headers in 158 bytes (1 switches on core 0) [pid: 7|app: 0|req: 525/963] 10.0.0.40 () {32 vars in 719 bytes} [Fri Apr 17 05:11:10 2026] DELETE /v2.0/ports/9bd3d0d2-62d8-4537-92c2-619289d197af => generated 0 bytes in 361 msecs (HTTP/1.1 204) 3 headers in 131 bytes (1 switches on core 0)
2026-04-17 05:11:10.487 7 INFO neutron.pecan_wsgi.hooks.translation [None req-b6e6a6dd-ab05-46f3-94f4-e91ce02f8520 674fb736927e4694bdaeba09961b9bb9 9187e8ad4b7b442faacc96a532896339 - - default default] DELETE failed (client error): The resource could not be found. [pid: 7|app: 0|req: 526/964] 10.0.0.40 () {32 vars in 719 bytes} [Fri Apr 17 05:11:10 2026] DELETE /v2.0/ports/9bd3d0d2-62d8-4537-92c2-619289d197af => generated 132 bytes in 19 msecs (HTTP/1.1 404) 4 headers in 164 bytes (1 switches on core 0)
2026-04-17 05:11:10.505 8 INFO neutron.notifiers.nova [-] Nova event matching ['req-1950aa47-9fc1-4540-be70-e15abde20fb7'] response: {'server_uuid': 'fe0623cf-2226-4a1a-a8f8-2b73717831e3', 'name': 'network-vif-plugged', 'status': 'completed', 'tag': '22802138-06bc-4ff9-99c1-073c2d28096e', 'code': 200}
2026-04-17 05:11:10.511 7 INFO neutron.pecan_wsgi.hooks.translation [None req-19796459-2c12-4bd3-97e3-0d4301472b48 674fb736927e4694bdaeba09961b9bb9 9187e8ad4b7b442faacc96a532896339 - - default default] GET failed (client error): The resource could not be found. [pid: 7|app: 0|req: 527/965] 10.0.0.40 () {32 vars in 716 bytes} [Fri Apr 17 05:11:10 2026] GET /v2.0/ports/9bd3d0d2-62d8-4537-92c2-619289d197af => generated 132 bytes in 18 msecs (HTTP/1.1 404) 4 headers in 164 bytes (1 switches on core 0) [pid: 7|app: 0|req: 528/966] 10.0.0.40 () {32 vars in 723 bytes} [Fri Apr 17 05:11:10 2026] DELETE /v2.0/subnets/ddec491c-e0e9-40c3-8c81-fa9562dc4cf5 => generated 0 bytes in 154 msecs (HTTP/1.1 204) 3 headers in 131 bytes (1 switches on core 0)
2026-04-17 05:11:10.777 7 INFO neutron_taas.services.taas.taas_plugin [None req-a3996307-c19f-438f-9575-7763667dd6df 674fb736927e4694bdaeba09961b9bb9 9187e8ad4b7b442faacc96a532896339 - - default default] TaaS: Handle Delete Port: 7c350ef4-bb68-44cd-91c8-818babba6d57
2026-04-17 05:11:10.780 7 INFO neutron_taas.services.taas.tap_mirror_plugin [None req-a3996307-c19f-438f-9575-7763667dd6df 674fb736927e4694bdaeba09961b9bb9 9187e8ad4b7b442faacc96a532896339 - - default default] Tap Mirror: Handle Delete Port: 7c350ef4-bb68-44cd-91c8-818babba6d57
2026-04-17 05:11:10.788 8 INFO neutron_taas.services.taas.taas_plugin [None req-a8b58aa0-6c8b-4a80-a410-f2c9b4c83562 e68c7a08f8804ff0bbb601758239721e 848d924114724659b4196a04e7d60870 - - default default] TaaS: Handle Delete Port: 16e35e11-febb-4fb4-b401-72e5272afdd1
2026-04-17 05:11:10.792 8 INFO neutron_taas.services.taas.tap_mirror_plugin [None req-a8b58aa0-6c8b-4a80-a410-f2c9b4c83562 e68c7a08f8804ff0bbb601758239721e 848d924114724659b4196a04e7d60870 - - default default] Tap Mirror: Handle Delete Port: 16e35e11-febb-4fb4-b401-72e5272afdd1
2026-04-17 05:11:10.965 7 INFO neutron.services.segments.plugin [-] Segment 4e5c1fde-d858-4e1f-b78b-bb17808187b6 resource provider aggregate not found
2026-04-17 05:11:10.970 7 INFO neutron.services.segments.plugin [-] Segment 4e5c1fde-d858-4e1f-b78b-bb17808187b6 resource provider aggregate not found
2026-04-17 05:11:10.993 7 INFO neutron.services.segments.plugin [-] Segment 4e5c1fde-d858-4e1f-b78b-bb17808187b6 resource provider not found; error: Placement Client Error (4xx): {"errors": [{"status": 404, "title": "Not Found", "detail": "The resource could not be found.\n\n No resource provider with uuid 4e5c1fde-d858-4e1f-b78b-bb17808187b6 found for delete ", "request_id": "req-d910ecc1-ec26-4ec4-8a03-a0179e2f5b28"}]}
2026-04-17 05:11:10.997 7 INFO neutron.services.segments.plugin [-] Segment 4e5c1fde-d858-4e1f-b78b-bb17808187b6 resource provider not found; error: Placement Client Error (4xx): {"errors": [{"status": 404, "title": "Not Found", "detail": "The resource could not be found.\n\n No resource provider with uuid 4e5c1fde-d858-4e1f-b78b-bb17808187b6 found for delete ", "request_id": "req-c171f625-ea1b-4d63-ba8c-a2a365e7b13b"}]} [pid: 7|app: 0|req: 529/967] 10.0.0.40 () {32 vars in 725 bytes} [Fri Apr 17 05:11:10 2026] DELETE /v2.0/networks/fe7a2bc3-0491-46f9-b7a0-7ea4bb5b1011 => generated 0 bytes in 370 msecs (HTTP/1.1 204) 3 headers in 131 bytes (1 switches on core 0)
2026-04-17 05:11:11.150 7 INFO neutron.db.segments_db [None req-f3bf93e4-c928-4840-ab30-978f65fe21bf 674fb736927e4694bdaeba09961b9bb9 9187e8ad4b7b442faacc96a532896339 - - default default] Added segment c795279a-7883-4137-a18f-a156e38e99d5 of type geneve for network f8f34fd4-8d9f-4f4f-ab57-8d6ef27fed3f [pid: 8|app: 0|req: 439/968] 10.0.0.40 () {34 vars in 788 bytes} [Fri Apr 17 05:11:10 2026] PUT /v2.0/routers/34a61fad-3c16-4509-88c7-771e2e6d2a5b/remove_router_interface => generated 309 bytes in 840 msecs (HTTP/1.1 200) 4 headers in 157 bytes (1 switches on core 0) /var/lib/openstack/lib/python3.12/site-packages/pycadf/identifier.py:70: UserWarning: Invalid uuid: neutron. To ensure interoperability, identifiers should be a valid uuid. warnings.warn(('Invalid uuid: %s. To ensure interoperability, '
2026-04-17 05:11:11.280 7 INFO neutron.db.ovn_revision_numbers_db [None req-f3bf93e4-c928-4840-ab30-978f65fe21bf 674fb736927e4694bdaeba09961b9bb9 9187e8ad4b7b442faacc96a532896339 - - default default] Successfully bumped revision number for resource f8f34fd4-8d9f-4f4f-ab57-8d6ef27fed3f (type: networks) to 1 [pid: 8|app: 0|req: 440/969] 10.0.0.40 () {32 vars in 716 bytes} [Fri Apr 17 05:11:11 2026] GET /v2.0/ports/32b0229d-fe89-4504-b6ea-65fbb89b5296 => generated 953 bytes in 104 msecs (HTTP/1.1 200) 4 headers in 157 bytes (1 switches on core 0) [pid: 8|app: 0|req: 441/970] 10.0.0.124 () {34 vars in 990 bytes} [Fri Apr 17 05:11:11 2026] GET /v2.0/ports?device_id=fe0623cf-2226-4a1a-a8f8-2b73717831e3 => generated 975 bytes in 96 msecs (HTTP/1.1 200) 4 headers in 157 bytes (1 switches on core 0)
2026-04-17 05:11:11.448 7 WARNING neutron.scheduler.dhcp_agent_scheduler [None req-f3bf93e4-c928-4840-ab30-978f65fe21bf 674fb736927e4694bdaeba09961b9bb9 9187e8ad4b7b442faacc96a532896339 - - default default] No more DHCP agents
2026-04-17 05:11:11.450 7 WARNING neutron.api.rpc.agentnotifiers.dhcp_rpc_agent_api [None req-f3bf93e4-c928-4840-ab30-978f65fe21bf 674fb736927e4694bdaeba09961b9bb9 9187e8ad4b7b442faacc96a532896339 - - default default] Unable to schedule network f8f34fd4-8d9f-4f4f-ab57-8d6ef27fed3f: no agents available; will retry on subsequent port and subnet creation events.
2026-04-17 05:11:11.522 8 INFO neutron.api.v2.resource [None req-f7538c9a-1df7-4659-a42d-167875d4c56c e68c7a08f8804ff0bbb601758239721e 848d924114724659b4196a04e7d60870 - - default default] remove_router_interface failed (client error): The resource could not be found. [pid: 8|app: 0|req: 442/971] 10.0.0.40 () {34 vars in 788 bytes} [Fri Apr 17 05:11:11 2026] PUT /v2.0/routers/34a61fad-3c16-4509-88c7-771e2e6d2a5b/remove_router_interface => generated 197 bytes in 80 msecs (HTTP/1.1 404) 4 headers in 164 bytes (1 switches on core 0)
2026-04-17 05:11:11.549 7 INFO neutron.db.ovn_revision_numbers_db [None req-f3bf93e4-c928-4840-ab30-978f65fe21bf 674fb736927e4694bdaeba09961b9bb9 9187e8ad4b7b442faacc96a532896339 - - default default] Successfully bumped revision number for resource 074af9ea-04d2-469a-80bc-2ad146783080 (type: ports) to 1 [pid: 7|app: 0|req: 530/972] 10.0.0.40 () {34 vars in 669 bytes} [Fri Apr 17 05:11:11 2026] POST /v2.0/networks => generated 651 bytes in 518 msecs (HTTP/1.1 201) 4 headers in 162 bytes (1 switches on core 0) [pid: 8|app: 0|req: 443/973] 10.0.0.124 () {34 vars in 1040 bytes} [Fri Apr 17 05:11:11 2026] GET /v2.0/security-groups?id=53f11110-ee82-44d3-9258-38ba1486d4a4&fields=id&fields=name => generated 113 bytes in 49 msecs (HTTP/1.1 200) 4 headers in 157 bytes (1 switches on core 0) [pid: 7|app: 0|req: 531/974] 10.0.0.40 () {32 vars in 735 bytes} [Fri Apr 17 05:11:11 2026] GET /v2.0/ports?device_id=34a61fad-3c16-4509-88c7-771e2e6d2a5b => generated 12 bytes in 15 msecs (HTTP/1.1 200) 4 headers in 156 bytes (1 switches on core 0) [pid: 7|app: 0|req: 532/975] 10.0.0.40 () {32 vars in 723 bytes} [Fri Apr 17 05:11:11 2026] DELETE /v2.0/routers/34a61fad-3c16-4509-88c7-771e2e6d2a5b => generated 0 bytes in 184 msecs (HTTP/1.1 204) 2 headers in 112 bytes (1 switches on core 0)
2026-04-17 05:11:11.793 8 WARNING neutron.scheduler.dhcp_agent_scheduler [None req-edcaf2ad-fe4a-4391-b144-3bea7d7841c7 674fb736927e4694bdaeba09961b9bb9 9187e8ad4b7b442faacc96a532896339 - - default default] No more DHCP agents
2026-04-17 05:11:11.794 8 WARNING neutron.api.rpc.agentnotifiers.dhcp_rpc_agent_api [None req-edcaf2ad-fe4a-4391-b144-3bea7d7841c7 674fb736927e4694bdaeba09961b9bb9 9187e8ad4b7b442faacc96a532896339 - - default default] Unable to schedule network f8f34fd4-8d9f-4f4f-ab57-8d6ef27fed3f: no agents available; will retry on subsequent port and subnet creation events. [pid: 7|app: 0|req: 533/976] 10.0.0.124 () {34 vars in 990 bytes} [Fri Apr 17 05:11:11 2026] GET /v2.0/ports?device_id=fe0623cf-2226-4a1a-a8f8-2b73717831e3 => generated 975 bytes in 68 msecs (HTTP/1.1 200) 4 headers in 157 bytes (1 switches on core 0) [pid: 7|app: 0|req: 534/977] 10.0.0.40 () {32 vars in 723 bytes} [Fri Apr 17 05:11:11 2026] DELETE /v2.0/subnets/43ce3b22-6602-492c-a15e-cacacd8e3970 => generated 0 bytes in 153 msecs (HTTP/1.1 204) 3 headers in 131 bytes (1 switches on core 0)
2026-04-17 05:11:12.252 8 INFO neutron.db.ovn_revision_numbers_db [None req-2cd5e7a2-5c29-4aa4-9f3e-ead73922d46c - - - - - -] Successfully bumped revision number for resource 074af9ea-04d2-469a-80bc-2ad146783080 (type: ports) to 2
2026-04-17 05:11:12.283 8 INFO neutron.db.ovn_revision_numbers_db [None req-2cd5e7a2-5c29-4aa4-9f3e-ead73922d46c - - - - - -] Successfully bumped revision number for resource d87a7bfb-c722-4ea9-a4eb-0eab9a3d7c5c (type: subnets) to 0 [pid: 8|app: 0|req: 444/978] 10.0.0.40 () {34 vars in 668 bytes} [Fri Apr 17 05:11:11 2026] POST /v2.0/subnets => generated 626 bytes in 721 msecs (HTTP/1.1 201) 4 headers in 162 bytes (1 switches on core 0)
2026-04-17 05:11:12.394 8 INFO neutron_taas.services.taas.taas_plugin [None req-15aae589-966e-4dd5-8940-c91ff068d6be e68c7a08f8804ff0bbb601758239721e 848d924114724659b4196a04e7d60870 - - default default] TaaS: Handle Delete Port: 129de12c-fe24-4180-9d62-7041767ecff7
2026-04-17 05:11:12.397 8 INFO neutron_taas.services.taas.tap_mirror_plugin [None req-15aae589-966e-4dd5-8940-c91ff068d6be e68c7a08f8804ff0bbb601758239721e 848d924114724659b4196a04e7d60870 - - default default] Tap Mirror: Handle Delete Port: 129de12c-fe24-4180-9d62-7041767ecff7
2026-04-17 05:11:12.504 7 INFO neutron.db.ovn_revision_numbers_db [None req-b72fbc71-403f-4096-8438-64b04c14e10e cfeeca6b24534f47a5b3e4f21a9f35b0 e10d0b0e9abb44e49fc39af14a026d81 - - default default] Successfully bumped revision number for resource 870e600b-b07d-498e-b92a-33ffdfe22f0f (type: floatingips) to 1
2026-04-17 05:11:12.642 8 INFO neutron.services.segments.plugin [-] Segment 2439e5cb-35fa-42fb-b8e1-e7063398d572 resource provider aggregate not found
2026-04-17 05:11:12.646 7 INFO neutron.db.ovn_revision_numbers_db [None req-b72fbc71-403f-4096-8438-64b04c14e10e cfeeca6b24534f47a5b3e4f21a9f35b0 e10d0b0e9abb44e49fc39af14a026d81 - - default default] Successfully bumped revision number for resource 870e600b-b07d-498e-b92a-33ffdfe22f0f (type: floatingips) to 2
2026-04-17 05:11:12.646 7 INFO neutron.db.l3_db [None req-b72fbc71-403f-4096-8438-64b04c14e10e cfeeca6b24534f47a5b3e4f21a9f35b0 e10d0b0e9abb44e49fc39af14a026d81 - - default default] Floating IP 870e600b-b07d-498e-b92a-33ffdfe22f0f associated. External IP: 10.96.250.211, port: 22802138-06bc-4ff9-99c1-073c2d28096e.
2026-04-17 05:11:12.649 8 INFO neutron.services.segments.plugin [-] Segment 2439e5cb-35fa-42fb-b8e1-e7063398d572 resource provider aggregate not found
2026-04-17 05:11:12.662 8 INFO neutron.services.segments.plugin [-] Segment 2439e5cb-35fa-42fb-b8e1-e7063398d572 resource provider not found; error: Placement Client Error (4xx): {"errors": [{"status": 404, "title": "Not Found", "detail": "The resource could not be found.\n\n No resource provider with uuid 2439e5cb-35fa-42fb-b8e1-e7063398d572 found for delete ", "request_id": "req-5a249b09-7075-4afb-bf8c-08ae693c8dbc"}]}
2026-04-17 05:11:12.664 8 INFO neutron.services.segments.plugin [-] Segment 2439e5cb-35fa-42fb-b8e1-e7063398d572 resource provider not found; error: Placement Client Error (4xx): {"errors": [{"status": 404, "title": "Not Found", "detail": "The resource could not be found.\n\n No resource provider with uuid 2439e5cb-35fa-42fb-b8e1-e7063398d572 found for delete ", "request_id": "req-12aa9723-7bf6-48e1-8b7d-2990f7c8becc"}]} [pid: 7|app: 0|req: 535/979] 10.0.0.40 () {34 vars in 748 bytes} [Fri Apr 17 05:11:12 2026] PUT /v2.0/floatingips/870e600b-b07d-498e-b92a-33ffdfe22f0f => generated 856 bytes in 679 msecs (HTTP/1.1 200) 4 headers in 157 bytes (1 switches on core 0) [pid: 8|app: 0|req: 445/980] 10.0.0.40 () {32 vars in 725 bytes} [Fri Apr 17 05:11:12 2026] DELETE /v2.0/networks/e6cf7ae2-6281-4874-aa39-780090c5ee10 => generated 0 bytes in 399 msecs (HTTP/1.1 204) 3 headers in 131 bytes (1 switches on core 0) [pid: 8|app: 0|req: 446/981] 10.0.0.40 () {32 vars in 716 bytes} [Fri Apr 17 05:11:12 2026] GET /v2.0/ports/32b0229d-fe89-4504-b6ea-65fbb89b5296 => generated 953 bytes in 34 msecs (HTTP/1.1 200) 4 headers in 157 bytes (1 switches on core 0)
2026-04-17 05:11:12.739 7 INFO neutron.notifiers.nova [-] Nova event matching ['req-95505b8c-4abf-4697-9c84-f7f00b132ccc'] response: {'name': 'network-changed', 'server_uuid': 'fe0623cf-2226-4a1a-a8f8-2b73717831e3', 'tag': '22802138-06bc-4ff9-99c1-073c2d28096e', 'status': 'completed', 'code': 200}
2026-04-17 05:11:12.803 8 INFO neutron.db.segments_db [None req-0895e72a-e797-47a5-aaae-a7e9f2691b40 e68c7a08f8804ff0bbb601758239721e 848d924114724659b4196a04e7d60870 - - default default] Added segment 89535bd3-6131-463c-8d7d-b8f478a25917 of type geneve for network abec7442-3851-45ba-8191-11769e20d099
2026-04-17 05:11:12.900 8 INFO neutron.db.ovn_revision_numbers_db [None req-0895e72a-e797-47a5-aaae-a7e9f2691b40 e68c7a08f8804ff0bbb601758239721e 848d924114724659b4196a04e7d60870 - - default default] Successfully bumped revision number for resource abec7442-3851-45ba-8191-11769e20d099 (type: networks) to 1
2026-04-17 05:11:12.939 7 WARNING neutron.scheduler.dhcp_agent_scheduler [None req-3acd65a2-ad87-4132-b861-859f447d1a64 674fb736927e4694bdaeba09961b9bb9 9187e8ad4b7b442faacc96a532896339 - - default default] No more DHCP agents
2026-04-17 05:11:12.941 7 WARNING neutron.api.rpc.agentnotifiers.dhcp_rpc_agent_api [None req-3acd65a2-ad87-4132-b861-859f447d1a64 674fb736927e4694bdaeba09961b9bb9 9187e8ad4b7b442faacc96a532896339 - - default default] Unable to schedule network f8f34fd4-8d9f-4f4f-ab57-8d6ef27fed3f: no agents available; will retry on subsequent port and subnet creation events.
2026-04-17 05:11:13.104 8 WARNING neutron.scheduler.dhcp_agent_scheduler [None req-0895e72a-e797-47a5-aaae-a7e9f2691b40 e68c7a08f8804ff0bbb601758239721e 848d924114724659b4196a04e7d60870 - - default default] No more DHCP agents
2026-04-17 05:11:13.107 8 WARNING neutron.api.rpc.agentnotifiers.dhcp_rpc_agent_api [None req-0895e72a-e797-47a5-aaae-a7e9f2691b40 e68c7a08f8804ff0bbb601758239721e 848d924114724659b4196a04e7d60870 - - default default] Unable to schedule network abec7442-3851-45ba-8191-11769e20d099: no agents available; will retry on subsequent port and subnet creation events.
2026-04-17 05:11:13.119 7 INFO neutron.db.ovn_revision_numbers_db [None req-3acd65a2-ad87-4132-b861-859f447d1a64 674fb736927e4694bdaeba09961b9bb9 9187e8ad4b7b442faacc96a532896339 - - default default] Successfully bumped revision number for resource 218756c5-7e12-4556-9d81-f122f7b70e34 (type: ports) to 1 [pid: 7|app: 0|req: 536/982] 10.0.0.40 () {34 vars in 664 bytes} [Fri Apr 17 05:11:12 2026] POST /v2.0/ports => generated 915 bytes in 523 msecs (HTTP/1.1 201) 4 headers in 162 bytes (1 switches on core 0)
2026-04-17 05:11:13.266 8 INFO neutron.db.ovn_revision_numbers_db [None req-0895e72a-e797-47a5-aaae-a7e9f2691b40 e68c7a08f8804ff0bbb601758239721e 848d924114724659b4196a04e7d60870 - - default default] Successfully bumped revision number for resource 82f39714-e385-4201-acda-3591b93e2c08 (type: ports) to 1 [pid: 8|app: 0|req: 447/983] 10.0.0.40 () {34 vars in 669 bytes} [Fri Apr 17 05:11:12 2026] POST /v2.0/networks => generated 649 bytes in 560 msecs (HTTP/1.1 201) 4 headers in 162 bytes (1 switches on core 0) [pid: 8|app: 0|req: 448/984] 199.204.45.250 () {34 vars in 1080 bytes} [Fri Apr 17 05:11:13 2026] GET /v2.0/ports?tenant_id=e10d0b0e9abb44e49fc39af14a026d81&device_id=fe0623cf-2226-4a1a-a8f8-2b73717831e3 => generated 1213 bytes in 35 msecs (HTTP/1.1 200) 4 headers in 158 bytes (1 switches on core 0)
2026-04-17 05:11:13.355 7 INFO neutron_taas.services.taas.taas_plugin [None req-c07a04c9-5ddd-4f32-a8b1-02d35044c068 674fb736927e4694bdaeba09961b9bb9 9187e8ad4b7b442faacc96a532896339 - - default default] TaaS: Handle Delete Port: 218756c5-7e12-4556-9d81-f122f7b70e34
2026-04-17 05:11:13.359 7 INFO neutron_taas.services.taas.tap_mirror_plugin [None req-c07a04c9-5ddd-4f32-a8b1-02d35044c068 674fb736927e4694bdaeba09961b9bb9 9187e8ad4b7b442faacc96a532896339 - - default default] Tap Mirror: Handle Delete Port: 218756c5-7e12-4556-9d81-f122f7b70e34
2026-04-17 05:11:13.529 8 WARNING neutron.scheduler.dhcp_agent_scheduler [None req-c819944d-016e-4720-864d-450ba4036635 e68c7a08f8804ff0bbb601758239721e 848d924114724659b4196a04e7d60870 - - default default] No more DHCP agents
2026-04-17 05:11:13.533 8 WARNING neutron.api.rpc.agentnotifiers.dhcp_rpc_agent_api [None req-c819944d-016e-4720-864d-450ba4036635 e68c7a08f8804ff0bbb601758239721e 848d924114724659b4196a04e7d60870 - - default default] Unable to schedule network abec7442-3851-45ba-8191-11769e20d099: no agents available; will retry on subsequent port and subnet creation events. [pid: 7|app: 0|req: 537/985] 10.0.0.40 () {32 vars in 719 bytes} [Fri Apr 17 05:11:13 2026] DELETE /v2.0/ports/218756c5-7e12-4556-9d81-f122f7b70e34 => generated 0 bytes in 346 msecs (HTTP/1.1 204) 3 headers in 131 bytes (1 switches on core 0) [pid: 7|app: 0|req: 538/986] 199.204.45.250 () {34 vars in 986 bytes} [Fri Apr 17 05:11:13 2026] GET /v2.0/networks?id=d03e7fc7-9a8c-4690-a703-17317443db4f => generated 813 bytes in 42 msecs (HTTP/1.1 200) 4 headers in 157 bytes (1 switches on core 0)
2026-04-17 05:11:13.615 7 INFO neutron.pecan_wsgi.hooks.translation [None req-e5c24ca8-648a-42dc-9402-20627cbce288 674fb736927e4694bdaeba09961b9bb9 9187e8ad4b7b442faacc96a532896339 - - default default] GET failed (client error): The resource could not be found. [pid: 7|app: 0|req: 539/987] 10.0.0.40 () {32 vars in 716 bytes} [Fri Apr 17 05:11:13 2026] GET /v2.0/ports/218756c5-7e12-4556-9d81-f122f7b70e34 => generated 132 bytes in 16 msecs (HTTP/1.1 404) 4 headers in 164 bytes (1 switches on core 0) [pid: 7|app: 0|req: 540/988] 199.204.45.250 () {34 vars in 1060 bytes} [Fri Apr 17 05:11:13 2026] GET /v2.0/floatingips?fixed_ip_address=10.100.0.12&port_id=22802138-06bc-4ff9-99c1-073c2d28096e => generated 861 bytes in 35 msecs (HTTP/1.1 200) 4 headers in 157 bytes (1 switches on core 0) [pid: 7|app: 0|req: 541/989] 10.0.0.40 () {32 vars in 723 bytes} [Fri Apr 17 05:11:13 2026] DELETE /v2.0/subnets/d87a7bfb-c722-4ea9-a4eb-0eab9a3d7c5c => generated 0 bytes in 158 msecs (HTTP/1.1 204) 3 headers in 131 bytes (1 switches on core 0) [pid: 7|app: 0|req: 542/990] 199.204.45.250 () {34 vars in 984 bytes} [Fri Apr 17 05:11:13 2026] GET /v2.0/subnets?id=ac1e46dd-9de9-4c2e-bd96-ff384d208fc8 => generated 694 bytes in 23 msecs (HTTP/1.1 200) 4 headers in 157 bytes (1 switches on core 0) [pid: 7|app: 0|req: 543/991] 10.0.0.40 () {32 vars in 716 bytes} [Fri Apr 17 05:11:13 2026] GET /v2.0/ports/32b0229d-fe89-4504-b6ea-65fbb89b5296 => generated 953 bytes in 35 msecs (HTTP/1.1 200) 4 headers in 157 bytes (1 switches on core 0)
2026-04-17 05:11:13.984 8 INFO neutron.db.ovn_revision_numbers_db [None req-b16cdc6d-9955-4a22-bbc2-89eeccec2d73 - - - - - -] Successfully bumped revision number for resource 82f39714-e385-4201-acda-3591b93e2c08 (type: ports) to 2
2026-04-17 05:11:14.008 8 INFO neutron.db.ovn_revision_numbers_db [None req-b16cdc6d-9955-4a22-bbc2-89eeccec2d73 - - - - - -] Successfully bumped revision number for resource 44a82664-bf98-457e-b8b9-35637a386d87 (type: subnets) to 0
2026-04-17 05:11:14.010 7 INFO neutron_taas.services.taas.taas_plugin [None req-ac5d862b-4fbc-4c4b-ac8f-2b4026bf690b 674fb736927e4694bdaeba09961b9bb9 9187e8ad4b7b442faacc96a532896339 - - default default] TaaS: Handle Delete Port: 074af9ea-04d2-469a-80bc-2ad146783080
2026-04-17 05:11:14.013 7 INFO neutron_taas.services.taas.tap_mirror_plugin [None req-ac5d862b-4fbc-4c4b-ac8f-2b4026bf690b 674fb736927e4694bdaeba09961b9bb9 9187e8ad4b7b442faacc96a532896339 - - default default] Tap Mirror: Handle Delete Port: 074af9ea-04d2-469a-80bc-2ad146783080 [pid: 8|app: 0|req: 449/992] 10.0.0.40 () {34 vars in 668 bytes} [Fri Apr 17 05:11:13 2026] POST /v2.0/subnets => generated 626 bytes in 694 msecs (HTTP/1.1 201) 4 headers in 162 bytes (1 switches on core 0) [pid: 8|app: 0|req: 450/993] 199.204.45.250 () {34 vars in 1052 bytes} [Fri Apr 17 05:11:14 2026] GET /v2.0/ports?network_id=d03e7fc7-9a8c-4690-a703-17317443db4f&device_owner=network%3Adhcp => generated 12 bytes in 15 msecs (HTTP/1.1 200) 4 headers in 156 bytes (1 switches on core 0)
2026-04-17 05:11:14.171 8 INFO neutron.db.ovn_revision_numbers_db [None req-433b3723-bb5c-4290-aa61-0af56922399a e68c7a08f8804ff0bbb601758239721e 848d924114724659b4196a04e7d60870 - - default default] Successfully bumped revision number for resource c61611a6-d4d9-4a31-a396-7c025ddc23e0 (type: routers) to 1 [pid: 8|app: 0|req: 451/994] 10.0.0.40 () {34 vars in 668 bytes} [Fri Apr 17 05:11:14 2026] POST /v2.0/routers => generated 602 bytes in 149 msecs (HTTP/1.1 201) 4 headers in 162 bytes (1 switches on core 0)
2026-04-17 05:11:14.221 7 INFO neutron.services.segments.plugin [-] Segment c795279a-7883-4137-a18f-a156e38e99d5 resource provider aggregate not found [pid: 8|app: 0|req: 452/995] 199.204.45.250 () {34 vars in 1012 bytes} [Fri Apr 17 05:11:14 2026] GET /v2.0/networks/d03e7fc7-9a8c-4690-a703-17317443db4f?fields=segments => generated 14 bytes in 36 msecs (HTTP/1.1 200) 4 headers in 156 bytes (1 switches on core 0)
2026-04-17 05:11:14.228 7 INFO neutron.services.segments.plugin [-] Segment c795279a-7883-4137-a18f-a156e38e99d5 resource provider aggregate not found
2026-04-17 05:11:14.243 7 INFO neutron.services.segments.plugin [-] Segment c795279a-7883-4137-a18f-a156e38e99d5 resource provider not found; error: Placement Client Error (4xx): {"errors": [{"status": 404, "title": "Not Found", "detail": "The resource could not be found.\n\n No resource provider with uuid c795279a-7883-4137-a18f-a156e38e99d5 found for delete ", "request_id": "req-2a9e2f97-ad24-493d-b4a8-3fe7eae4f515"}]}
2026-04-17 05:11:14.247 7 INFO neutron.services.segments.plugin [-] Segment c795279a-7883-4137-a18f-a156e38e99d5 resource provider not found; error: Placement Client Error (4xx): {"errors": [{"status": 404, "title": "Not Found", "detail": "The resource could not be found.\n\n No resource provider with uuid c795279a-7883-4137-a18f-a156e38e99d5 found for delete ", "request_id": "req-b177a0d9-7831-44bd-8d61-05e699a124c6"}]} [pid: 7|app: 0|req: 544/996] 10.0.0.40 () {32 vars in 725 bytes} [Fri Apr 17 05:11:13 2026] DELETE /v2.0/networks/f8f34fd4-8d9f-4f4f-ab57-8d6ef27fed3f => generated 0 bytes in 406 msecs (HTTP/1.1 204) 3 headers in 131 bytes (1 switches on core 0) [pid: 7|app: 0|req: 545/997] 199.204.45.250 () {34 vars in 1112 bytes} [Fri Apr 17 05:11:14 2026] GET /v2.0/networks/d03e7fc7-9a8c-4690-a703-17317443db4f?fields=provider%3Aphysical_network&fields=provider%3Anetwork_type => generated 79 bytes in 39 msecs (HTTP/1.1 200) 4 headers in 156 bytes (1 switches on core 0)
2026-04-17 05:11:14.535 7 WARNING neutron.scheduler.dhcp_agent_scheduler [None req-6e87648f-ded8-44bd-8419-dba5d8bfbd62 674fb736927e4694bdaeba09961b9bb9 9187e8ad4b7b442faacc96a532896339 - - default default] No more DHCP agents
2026-04-17 05:11:14.536 7 WARNING neutron.api.rpc.agentnotifiers.dhcp_rpc_agent_api [None req-6e87648f-ded8-44bd-8419-dba5d8bfbd62 674fb736927e4694bdaeba09961b9bb9 9187e8ad4b7b442faacc96a532896339 - - default default] Unable to schedule network a1df61f0-4eba-4313-aa69-a54ddbb563e3: no agents available; will retry on subsequent port and subnet creation events.
2026-04-17 05:11:14.595 8 WARNING neutron.scheduler.dhcp_agent_scheduler [None req-a2a135eb-f40a-4152-9c52-4ab5a28575ab e68c7a08f8804ff0bbb601758239721e 848d924114724659b4196a04e7d60870 - - default default] No more DHCP agents
2026-04-17 05:11:14.599 8 WARNING neutron.api.rpc.agentnotifiers.dhcp_rpc_agent_api [None req-a2a135eb-f40a-4152-9c52-4ab5a28575ab e68c7a08f8804ff0bbb601758239721e 848d924114724659b4196a04e7d60870 - - default default] Unable to schedule network abec7442-3851-45ba-8191-11769e20d099: no agents available; will retry on subsequent port and subnet creation events.
2026-04-17 05:11:14.675 7 INFO neutron.db.ovn_revision_numbers_db [None req-6e87648f-ded8-44bd-8419-dba5d8bfbd62 674fb736927e4694bdaeba09961b9bb9 9187e8ad4b7b442faacc96a532896339 - - default default] Successfully bumped revision number for resource f6fd1436-7d4a-472f-a621-7ec276601799 (type: ports) to 1 [pid: 7|app: 0|req: 546/998] 10.0.0.40 () {34 vars in 664 bytes} [Fri Apr 17 05:11:14 2026] POST /v2.0/ports => generated 775 bytes in 406 msecs (HTTP/1.1 201) 4 headers in 162 bytes (1 switches on core 0) /var/lib/openstack/lib/python3.12/site-packages/pycadf/identifier.py:70: UserWarning: Invalid uuid: neutron. To ensure interoperability, identifiers should be a valid uuid. warnings.warn(('Invalid uuid: %s. To ensure interoperability, '
2026-04-17 05:11:14.816 8 INFO neutron.db.ovn_revision_numbers_db [None req-a2a135eb-f40a-4152-9c52-4ab5a28575ab e68c7a08f8804ff0bbb601758239721e 848d924114724659b4196a04e7d60870 - - default default] Successfully bumped revision number for resource 1f14ab29-aa00-4556-89e3-fbd26efe06de (type: ports) to 1
2026-04-17 05:11:15.018 7 INFO neutron.db.ovn_revision_numbers_db [None req-676ce2d3-008d-4f35-a338-f7fe595b8205 674fb736927e4694bdaeba09961b9bb9 9187e8ad4b7b442faacc96a532896339 - - default default] Successfully bumped revision number for resource f6fd1436-7d4a-472f-a621-7ec276601799 (type: ports) to 2 [pid: 7|app: 0|req: 547/999] 10.0.0.40 () {34 vars in 736 bytes} [Fri Apr 17 05:11:14 2026] PUT /v2.0/ports/f6fd1436-7d4a-472f-a621-7ec276601799 => generated 752 bytes in 303 msecs (HTTP/1.1 200) 4 headers in 157 bytes (1 switches on core 0) /var/lib/openstack/lib/python3.12/site-packages/pycadf/identifier.py:70: UserWarning: Invalid uuid: neutron. To ensure interoperability, identifiers should be a valid uuid. warnings.warn(('Invalid uuid: %s. To ensure interoperability, ' [pid: 7|app: 0|req: 548/1000] 10.0.0.40 () {32 vars in 716 bytes} [Fri Apr 17 05:11:15 2026] GET /v2.0/ports/32b0229d-fe89-4504-b6ea-65fbb89b5296 => generated 953 bytes in 29 msecs (HTTP/1.1 200) 4 headers in 157 bytes (1 switches on core 0)
2026-04-17 05:11:15.159 7 INFO neutron_taas.services.taas.taas_plugin [None req-03830256-2f5e-4e3c-b0c3-826edb098454 674fb736927e4694bdaeba09961b9bb9 9187e8ad4b7b442faacc96a532896339 - - default default] TaaS: Handle Delete Port: f6fd1436-7d4a-472f-a621-7ec276601799
2026-04-17 05:11:15.162 7 INFO neutron_taas.services.taas.tap_mirror_plugin [None req-03830256-2f5e-4e3c-b0c3-826edb098454 674fb736927e4694bdaeba09961b9bb9 9187e8ad4b7b442faacc96a532896339 - - default default] Tap Mirror: Handle Delete Port: f6fd1436-7d4a-472f-a621-7ec276601799 [pid: 7|app: 0|req: 549/1001] 10.0.0.40 () {32 vars in 719 bytes} [Fri Apr 17 05:11:15 2026] DELETE /v2.0/ports/f6fd1436-7d4a-472f-a621-7ec276601799 => generated 0 bytes in 225 msecs (HTTP/1.1 204) 3 headers in 131 bytes (1 switches on core 0) [pid: 7|app: 0|req: 550/1002] 10.0.0.40 () {32 vars in 642 bytes} [Fri Apr 17 05:11:15 2026] GET /v2.0/ports => generated 1533 bytes in 41 msecs (HTTP/1.1 200) 4 headers in 158 bytes (1 switches on core 0)
2026-04-17 05:11:15.350 7 INFO neutron.pecan_wsgi.hooks.translation [None req-a442ef93-e159-44d1-a540-fa2af1694443 674fb736927e4694bdaeba09961b9bb9 9187e8ad4b7b442faacc96a532896339 - - default default] GET failed (client error): The resource could not be found. [pid: 7|app: 0|req: 551/1003] 10.0.0.40 () {32 vars in 716 bytes} [Fri Apr 17 05:11:15 2026] GET /v2.0/ports/f6fd1436-7d4a-472f-a621-7ec276601799 => generated 132 bytes in 15 msecs (HTTP/1.1 404) 4 headers in 164 bytes (1 switches on core 0) [pid: 7|app: 0|req: 552/1004] 10.0.0.40 () {32 vars in 642 bytes} [Fri Apr 17 05:11:15 2026] GET /v2.0/ports => generated 1533 bytes in 53 msecs (HTTP/1.1 200) 4 headers in 158 bytes (1 switches on core 0) [pid: 7|app: 0|req: 553/1005] 10.0.0.40 () {32 vars in 716 bytes} [Fri Apr 17 05:11:15 2026] GET /v2.0/ports/3127282d-5ff6-47fc-b646-c8ff11c07659 => generated 774 bytes in 50 msecs (HTTP/1.1 200) 4 headers in 157 bytes (1 switches on core 0)
2026-04-17 05:11:15.490 7 INFO neutron.pecan_wsgi.hooks.translation [None req-57de23fb-2ae9-4b9f-b428-d3ff52f57ae9 674fb736927e4694bdaeba09961b9bb9 9187e8ad4b7b442faacc96a532896339 - - default default] DELETE failed (client error): The resource could not be found. [pid: 7|app: 0|req: 554/1006] 10.0.0.40 () {32 vars in 719 bytes} [Fri Apr 17 05:11:15 2026] DELETE /v2.0/ports/218756c5-7e12-4556-9d81-f122f7b70e34 => generated 132 bytes in 20 msecs (HTTP/1.1 404) 4 headers in 164 bytes (1 switches on core 0)
2026-04-17 05:11:15.511 7 INFO neutron.pecan_wsgi.hooks.translation [None req-9de06f53-3512-46ef-83f8-53cb01c0cc3b 674fb736927e4694bdaeba09961b9bb9 9187e8ad4b7b442faacc96a532896339 - - default default] DELETE failed (client error): The resource could not be found. [pid: 7|app: 0|req: 555/1007] 10.0.0.40 () {32 vars in 723 bytes} [Fri Apr 17 05:11:15 2026] DELETE /v2.0/subnets/d87a7bfb-c722-4ea9-a4eb-0eab9a3d7c5c => generated 136 bytes in 18 msecs (HTTP/1.1 404) 4 headers in 164 bytes (1 switches on core 0)
2026-04-17 05:11:15.515 8 WARNING neutron.plugins.ml2.drivers.ovn.mech_driver.ovsdb.ovn_client [None req-96942003-739e-4f94-8206-6cd6c910a933 - - - - - -] No hosting information found for port 7d647286-355b-4119-9d5d-d063c6a7530f: RuntimeError: No hosting information found for port 7d647286-355b-4119-9d5d-d063c6a7530f
2026-04-17 05:11:15.518 8 WARNING neutron.scheduler.dhcp_agent_scheduler [None req-a2a135eb-f40a-4152-9c52-4ab5a28575ab e68c7a08f8804ff0bbb601758239721e 848d924114724659b4196a04e7d60870 - - default default] No more DHCP agents
2026-04-17 05:11:15.520 8 WARNING neutron.api.rpc.agentnotifiers.dhcp_rpc_agent_api [None req-a2a135eb-f40a-4152-9c52-4ab5a28575ab e68c7a08f8804ff0bbb601758239721e 848d924114724659b4196a04e7d60870 - - default default] Unable to schedule network abec7442-3851-45ba-8191-11769e20d099: no agents available; will retry on subsequent port and subnet creation events.
2026-04-17 05:11:15.527 7 INFO neutron.pecan_wsgi.hooks.translation [None req-e3b946ba-5abc-4874-895d-a965a8d1d0b4 674fb736927e4694bdaeba09961b9bb9 9187e8ad4b7b442faacc96a532896339 - - default default] DELETE failed (client error): The resource could not be found. [pid: 7|app: 0|req: 556/1008] 10.0.0.40 () {32 vars in 723 bytes} [Fri Apr 17 05:11:15 2026] DELETE /v2.0/subnets/ddec491c-e0e9-40c3-8c81-fa9562dc4cf5 => generated 136 bytes in 11 msecs (HTTP/1.1 404) 4 headers in 164 bytes (1 switches on core 0)
2026-04-17 05:11:15.652 7 INFO neutron_taas.services.taas.taas_plugin [None req-1cb235e9-5702-4147-8b2a-d67a159db3cd 674fb736927e4694bdaeba09961b9bb9 9187e8ad4b7b442faacc96a532896339 - - default default] TaaS: Handle Delete Port: 3127282d-5ff6-47fc-b646-c8ff11c07659
2026-04-17 05:11:15.655 7 INFO neutron_taas.services.taas.tap_mirror_plugin [None req-1cb235e9-5702-4147-8b2a-d67a159db3cd 674fb736927e4694bdaeba09961b9bb9 9187e8ad4b7b442faacc96a532896339 - - default default] Tap Mirror: Handle Delete Port: 3127282d-5ff6-47fc-b646-c8ff11c07659
2026-04-17 05:11:15.675 8 INFO neutron.db.ovn_revision_numbers_db [None req-96942003-739e-4f94-8206-6cd6c910a933 - - - - - -] Successfully bumped revision number for resource 7d647286-355b-4119-9d5d-d063c6a7530f (type: router_ports) to 2
2026-04-17 05:11:15.689 8 INFO neutron.plugins.ml2.drivers.ovn.mech_driver.mech_driver [None req-96942003-739e-4f94-8206-6cd6c910a933 - - - - - -] OVN reports status down for port: 32b0229d-fe89-4504-b6ea-65fbb89b5296 [pid: 7|app: 0|req: 557/1009] 10.0.0.40 () {32 vars in 719 bytes} [Fri Apr 17 05:11:15 2026] DELETE /v2.0/ports/3127282d-5ff6-47fc-b646-c8ff11c07659 => generated 0 bytes in 255 msecs (HTTP/1.1 204) 3 headers in 131 bytes (1 switches on core 0)
2026-04-17 05:11:15.802 8 WARNING neutron.plugins.ml2.drivers.ovn.mech_driver.ovsdb.ovn_client [None req-96942003-739e-4f94-8206-6cd6c910a933 - - - - - -] Logical_Switch_Port %s host information not removed, the port state is up
2026-04-17 05:11:15.803 8 INFO neutron.plugins.ml2.drivers.ovn.mech_driver.mech_driver [None req-96942003-739e-4f94-8206-6cd6c910a933 - - - - - -] OVN reports status up for port: 32b0229d-fe89-4504-b6ea-65fbb89b5296
2026-04-17 05:11:15.901 8 INFO neutron.plugins.ml2.plugin [None req-96942003-739e-4f94-8206-6cd6c910a933 - - - - - -] Attempt 1 to provision port 32b0229d-fe89-4504-b6ea-65fbb89b5296
2026-04-17 05:11:15.919 8 INFO neutron.db.ovn_revision_numbers_db [None req-a2a135eb-f40a-4152-9c52-4ab5a28575ab e68c7a08f8804ff0bbb601758239721e 848d924114724659b4196a04e7d60870 - - default default] Successfully bumped revision number for resource 1f14ab29-aa00-4556-89e3-fbd26efe06de (type: router_ports) to 1 [pid: 8|app: 0|req: 453/1010] 10.0.0.40 () {34 vars in 782 bytes} [Fri Apr 17 05:11:14 2026] PUT /v2.0/routers/c61611a6-d4d9-4a31-a396-7c025ddc23e0/add_router_interface => generated 309 bytes in 1706 msecs (HTTP/1.1 200) 4 headers in 157 bytes (1 switches on core 0)
2026-04-17 05:11:15.943 7 INFO neutron_taas.services.taas.taas_plugin [None req-e46d6626-f549-4c37-b446-978272b90fa1 674fb736927e4694bdaeba09961b9bb9 9187e8ad4b7b442faacc96a532896339 - - default default] TaaS: Handle Delete Port: fc87d5e8-61e2-416b-984c-cb39e26848bf
2026-04-17 05:11:15.947 7 INFO neutron_taas.services.taas.tap_mirror_plugin [None req-e46d6626-f549-4c37-b446-978272b90fa1 674fb736927e4694bdaeba09961b9bb9 9187e8ad4b7b442faacc96a532896339 - - default default] Tap Mirror: Handle Delete Port: fc87d5e8-61e2-416b-984c-cb39e26848bf [pid: 8|app: 0|req: 454/1011] 10.0.0.40 () {32 vars in 716 bytes} [Fri Apr 17 05:11:15 2026] GET /v2.0/ports/1f14ab29-aa00-4556-89e3-fbd26efe06de => generated 941 bytes in 59 msecs (HTTP/1.1 200) 4 headers in 157 bytes (1 switches on core 0) [pid: 8|app: 0|req: 455/1012] 10.0.0.40 () {32 vars in 716 bytes} [Fri Apr 17 05:11:16 2026] GET /v2.0/ports/1f14ab29-aa00-4556-89e3-fbd26efe06de => generated 941 bytes in 120 msecs (HTTP/1.1 200) 4 headers in 157 bytes (1 switches on core 0) [pid: 7|app: 0|req: 558/1013] 10.0.0.40 () {32 vars in 725 bytes} [Fri Apr 17 05:11:15 2026] DELETE /v2.0/networks/a1df61f0-4eba-4313-aa69-a54ddbb563e3 => generated 0 bytes in 400 msecs (HTTP/1.1 204) 3 headers in 131 bytes (1 switches on core 0) [pid: 8|app: 0|req: 456/1014] 10.0.0.40 () {32 vars in 716 bytes} [Fri Apr 17 05:11:16 2026] GET /v2.0/ports/32b0229d-fe89-4504-b6ea-65fbb89b5296 => generated 953 bytes in 81 msecs (HTTP/1.1 200) 4 headers in 157 bytes (1 switches on core 0)
2026-04-17 05:11:16.261 7 INFO neutron.services.segments.plugin [-] Segment dc45759f-fe91-4a96-b272-db81880b1bf0 resource provider aggregate not found
2026-04-17 05:11:16.264 7 INFO neutron.services.segments.plugin [-] Segment dc45759f-fe91-4a96-b272-db81880b1bf0 resource provider aggregate not found
2026-04-17 05:11:16.274 7 INFO neutron.services.segments.plugin [-] Segment dc45759f-fe91-4a96-b272-db81880b1bf0 resource provider not found; error: Placement Client Error (4xx): {"errors": [{"status": 404, "title": "Not Found", "detail": "The resource could not be found.\n\n No resource provider with uuid dc45759f-fe91-4a96-b272-db81880b1bf0 found for delete ", "request_id": "req-338c68d4-1182-4e8b-a3ea-37ee56aaab15"}]}
2026-04-17 05:11:16.277 7 INFO neutron.services.segments.plugin [-] Segment dc45759f-fe91-4a96-b272-db81880b1bf0 resource provider not found; error: Placement Client Error (4xx): {"errors": [{"status": 404, "title": "Not Found", "detail": "The resource could not be found.\n\n No resource provider with uuid dc45759f-fe91-4a96-b272-db81880b1bf0 found for delete ", "request_id": "req-45f07e94-da03-44c5-8f71-25109b3ad85a"}]}
2026-04-17 05:11:16.415 8 INFO neutron.db.ovn_revision_numbers_db [None req-96942003-739e-4f94-8206-6cd6c910a933 - - - - - -] Successfully bumped revision number for resource 32b0229d-fe89-4504-b6ea-65fbb89b5296 (type: ports) to 2 [pid: 7|app: 0|req: 559/1015] 10.0.0.40 () {32 vars in 773 bytes} [Fri Apr 17 05:11:16 2026] GET /v2.0/security-groups?tenant_id=9187e8ad4b7b442faacc96a532896339&name=default => generated 2925 bytes in 119 msecs (HTTP/1.1 200) 4 headers in 158 bytes (1 switches on core 0) [pid: 8|app: 0|req: 457/1016] 10.0.0.40 () {32 vars in 739 bytes} [Fri Apr 17 05:11:16 2026] DELETE /v2.0/security-groups/0d1967bb-fbab-4e88-a5b4-3db4e5689573 => generated 0 bytes in 257 msecs (HTTP/1.1 204) 2 headers in 112 bytes (1 switches on core 0) [pid: 7|app: 0|req: 560/1017] 10.0.0.40 () {32 vars in 716 bytes} [Fri Apr 17 05:11:17 2026] GET /v2.0/ports/1f14ab29-aa00-4556-89e3-fbd26efe06de => generated 941 bytes in 71 msecs (HTTP/1.1 200) 4 headers in 157 bytes (1 switches on core 0) [pid: 8|app: 0|req: 458/1018] 10.0.0.40 () {32 vars in 716 bytes} [Fri Apr 17 05:11:17 2026] GET /v2.0/ports/32b0229d-fe89-4504-b6ea-65fbb89b5296 => generated 955 bytes in 61 msecs (HTTP/1.1 200) 4 headers in 157 bytes (1 switches on core 0)
2026-04-17 05:11:17.906 7 INFO neutron_taas.services.taas.taas_plugin [None req-66404b72-26fe-42d3-9a84-c43362ae7908 c63b91d52f014842b7dfb9d592fb9a6c c564bc3aa5cd4d6298dd6db6bc985b64 - - default default] TaaS: Handle Delete Port: 32b0229d-fe89-4504-b6ea-65fbb89b5296
