2026-04-17 05:10:30.089 8 INFO neutron.db.ovn_revision_numbers_db [None req-dd3c48e1-18af-4f8e-8c73-230600a917cc 32c8ec0e29f34231b235694246d32a83 b31e54af7230424f8db73284237c7175 - - default default] Successfully bumped revision number for resource 83e40a87-a2d1-4d04-8b91-54ad056500d6 (type: security_group_rules) to 0 [pid: 8|app: 0|req: 332/717] 10.0.0.40 () {32 vars in 773 bytes} [Fri Apr 17 05:10:29 2026] GET /v2.0/security-groups?tenant_id=ffb55b5906aa48a9a89891ad1dd0a217&name=default => generated 2925 bytes in 297 msecs (HTTP/1.1 200) 4 headers in 158 bytes (1 switches on core 0) [pid: 8|app: 0|req: 333/718] 10.0.0.124 () {34 vars in 990 bytes} [Fri Apr 17 05:10:30 2026] GET /v2.0/ports?device_id=eba0860d-aad8-400b-92e5-33ff9d374cea => generated 12 bytes in 26 msecs (HTTP/1.1 200) 4 headers in 156 bytes (1 switches on core 0) [pid: 7|app: 0|req: 386/719] 10.0.0.40 () {32 vars in 739 bytes} [Fri Apr 17 05:10:30 2026] DELETE /v2.0/security-groups/6321ee9d-4241-420b-9864-ad7119f8c163 => generated 0 bytes in 284 msecs (HTTP/1.1 204) 2 headers in 112 bytes (1 switches on core 0)
2026-04-17 05:10:31.146 7 INFO neutron.db.ovn_revision_numbers_db [None req-b336f0c1-49fb-4107-bb6c-3b262984cd3b 32c8ec0e29f34231b235694246d32a83 b31e54af7230424f8db73284237c7175 - - default default] Successfully bumped revision number for resource 720ad264-a830-4891-9354-4b5e3e86eea4 (type: security_groups) to 1
2026-04-17 05:10:31.163 7 INFO neutron.db.ovn_revision_numbers_db [None req-b336f0c1-49fb-4107-bb6c-3b262984cd3b 32c8ec0e29f34231b235694246d32a83 b31e54af7230424f8db73284237c7175 - - default default] Successfully bumped revision number for resource 06ddfaeb-6946-4431-8f51-8a5ed2060adf (type: security_group_rules) to 0
2026-04-17 05:10:31.176 7 INFO neutron.db.ovn_revision_numbers_db [None req-b336f0c1-49fb-4107-bb6c-3b262984cd3b 32c8ec0e29f34231b235694246d32a83 b31e54af7230424f8db73284237c7175 - - default default] Successfully bumped revision number for resource 8c17244c-ef33-48f9-b3ac-c4a2ec99c8ec (type: security_group_rules) to 0
2026-04-17 05:10:31.191 7 INFO neutron.db.ovn_revision_numbers_db [None req-b336f0c1-49fb-4107-bb6c-3b262984cd3b 32c8ec0e29f34231b235694246d32a83 b31e54af7230424f8db73284237c7175 - - default default] Successfully bumped revision number for resource 8ca4d18b-a60d-42c1-ba42-2593728cad1d (type: security_group_rules) to 0
2026-04-17 05:10:31.197 8 INFO neutron.db.ovn_revision_numbers_db [None req-8be37907-ecbe-4531-9c62-40bc6c768f01 3430ffd415ab48bb9172f185d8f7305b 270c0fe7014d479db97dc38af8ce5697 - - default default] Successfully bumped revision number for resource 80dcee15-9277-41ee-b94c-d99949c00870 (type: security_groups) to 1
2026-04-17 05:10:31.203 7 INFO neutron.db.ovn_revision_numbers_db [None req-b336f0c1-49fb-4107-bb6c-3b262984cd3b 32c8ec0e29f34231b235694246d32a83 b31e54af7230424f8db73284237c7175 - - default default] Successfully bumped revision number for resource 9da0d35b-05d8-4660-853f-ec368e961e56 (type: security_group_rules) to 0
2026-04-17 05:10:31.208 8 INFO neutron.db.ovn_revision_numbers_db [None req-8be37907-ecbe-4531-9c62-40bc6c768f01 3430ffd415ab48bb9172f185d8f7305b 270c0fe7014d479db97dc38af8ce5697 - - default default] Successfully bumped revision number for resource 8f537f30-6d22-4f9a-ae62-03466d01dbad (type: security_group_rules) to 0
2026-04-17 05:10:31.219 8 INFO neutron.db.ovn_revision_numbers_db [None req-8be37907-ecbe-4531-9c62-40bc6c768f01 3430ffd415ab48bb9172f185d8f7305b 270c0fe7014d479db97dc38af8ce5697 - - default default] Successfully bumped revision number for resource 963afa03-726f-4870-8716-ca4995018ab7 (type: security_group_rules) to 0
2026-04-17 05:10:31.230 8 INFO neutron.db.ovn_revision_numbers_db [None req-8be37907-ecbe-4531-9c62-40bc6c768f01 3430ffd415ab48bb9172f185d8f7305b 270c0fe7014d479db97dc38af8ce5697 - - default default] Successfully bumped revision number for resource ac8a8cc3-f0bf-4ee5-a69f-92b50b3285b6 (type: security_group_rules) to 0 [pid: 7|app: 0|req: 387/720] 10.0.0.40 () {32 vars in 773 bytes} [Fri Apr 17 05:10:30 2026] GET /v2.0/security-groups?tenant_id=2177471e0e874aa6800f60f7c7227c61&name=default => generated 2925 bytes in 355 msecs (HTTP/1.1 200) 4 headers in 158 bytes (1 switches on core 0)
2026-04-17 05:10:31.242 8 INFO neutron.db.ovn_revision_numbers_db [None req-8be37907-ecbe-4531-9c62-40bc6c768f01 3430ffd415ab48bb9172f185d8f7305b 270c0fe7014d479db97dc38af8ce5697 - - default default] Successfully bumped revision number for resource aef379a6-9808-4783-bb41-8ac983e3013c (type: security_group_rules) to 0
2026-04-17 05:10:31.336 8 INFO neutron.db.segments_db [None req-8be37907-ecbe-4531-9c62-40bc6c768f01 3430ffd415ab48bb9172f185d8f7305b 270c0fe7014d479db97dc38af8ce5697 - - default default] Added segment 8b95a3ec-3d75-4115-964d-636b6ab71fff of type geneve for network a0f15ef9-d10c-4264-ab2f-bea1e2078e58
2026-04-17 05:10:31.473 8 INFO neutron.db.segments_db [None req-8be37907-ecbe-4531-9c62-40bc6c768f01 3430ffd415ab48bb9172f185d8f7305b 270c0fe7014d479db97dc38af8ce5697 - - default default] Added segment 200d095c-ca05-44f9-aeea-c64b804457fe of type geneve for network 157e87b0-f6f7-47c5-98ab-8ae5dc334616 [pid: 7|app: 0|req: 388/721] 10.0.0.40 () {32 vars in 739 bytes} [Fri Apr 17 05:10:31 2026] DELETE /v2.0/security-groups/720ad264-a830-4891-9354-4b5e3e86eea4 => generated 0 bytes in 253 msecs (HTTP/1.1 204) 2 headers in 112 bytes (1 switches on core 0) [pid: 7|app: 0|req: 389/722] 10.0.0.124 () {34 vars in 990 bytes} [Fri Apr 17 05:10:31 2026] GET /v2.0/ports?device_id=eba0860d-aad8-400b-92e5-33ff9d374cea => generated 12 bytes in 22 msecs (HTTP/1.1 200) 4 headers in 156 bytes (1 switches on core 0)
2026-04-17 05:10:31.649 8 INFO neutron.db.ovn_revision_numbers_db [None req-8be37907-ecbe-4531-9c62-40bc6c768f01 3430ffd415ab48bb9172f185d8f7305b 270c0fe7014d479db97dc38af8ce5697 - - default default] Successfully bumped revision number for resource a0f15ef9-d10c-4264-ab2f-bea1e2078e58 (type: networks) to 1
2026-04-17 05:10:31.791 7 INFO neutron.db.ovn_revision_numbers_db [None req-39ab1b9b-55cd-4045-9535-f424b1c1238b 32c8ec0e29f34231b235694246d32a83 b31e54af7230424f8db73284237c7175 - - default default] Successfully bumped revision number for resource 83c2f785-cc70-44fa-909b-c41d92fabe7b (type: security_groups) to 1
2026-04-17 05:10:31.803 7 INFO neutron.db.ovn_revision_numbers_db [None req-39ab1b9b-55cd-4045-9535-f424b1c1238b 32c8ec0e29f34231b235694246d32a83 b31e54af7230424f8db73284237c7175 - - default default] Successfully bumped revision number for resource 081a6448-c726-465c-9e81-3885f575e080 (type: security_group_rules) to 0
2026-04-17 05:10:31.814 7 INFO neutron.db.ovn_revision_numbers_db [None req-39ab1b9b-55cd-4045-9535-f424b1c1238b 32c8ec0e29f34231b235694246d32a83 b31e54af7230424f8db73284237c7175 - - default default] Successfully bumped revision number for resource 6f96cf3d-3b75-4e4c-a90c-a8585b02b3b0 (type: security_group_rules) to 0
2026-04-17 05:10:31.825 7 INFO neutron.db.ovn_revision_numbers_db [None req-39ab1b9b-55cd-4045-9535-f424b1c1238b 32c8ec0e29f34231b235694246d32a83 b31e54af7230424f8db73284237c7175 - - default default] Successfully bumped revision number for resource 9851a0c2-67ba-4b4a-a00f-0ee54d552c90 (type: security_group_rules) to 0
2026-04-17 05:10:31.832 7 INFO neutron.db.ovn_revision_numbers_db [None req-39ab1b9b-55cd-4045-9535-f424b1c1238b 32c8ec0e29f34231b235694246d32a83 b31e54af7230424f8db73284237c7175 - - default default] Successfully bumped revision number for resource b0283aba-f95a-41c9-9bf4-ffa0e9b796fd (type: security_group_rules) to 0 [pid: 7|app: 0|req: 390/723] 10.0.0.40 () {32 vars in 773 bytes} [Fri Apr 17 05:10:31 2026] GET /v2.0/security-groups?tenant_id=e869ed4c1cff46ceb29a218f0f64b3ac&name=default => generated 2925 bytes in 250 msecs (HTTP/1.1 200) 4 headers in 158 bytes (1 switches on core 0)
2026-04-17 05:10:31.922 8 WARNING neutron.scheduler.dhcp_agent_scheduler [None req-8be37907-ecbe-4531-9c62-40bc6c768f01 3430ffd415ab48bb9172f185d8f7305b 270c0fe7014d479db97dc38af8ce5697 - - default default] No more DHCP agents
2026-04-17 05:10:31.923 8 WARNING neutron.api.rpc.agentnotifiers.dhcp_rpc_agent_api [None req-8be37907-ecbe-4531-9c62-40bc6c768f01 3430ffd415ab48bb9172f185d8f7305b 270c0fe7014d479db97dc38af8ce5697 - - default default] Unable to schedule network a0f15ef9-d10c-4264-ab2f-bea1e2078e58: no agents available; will retry on subsequent port and subnet creation events.
2026-04-17 05:10:31.997 8 INFO neutron.plugins.ml2.drivers.ovn.mech_driver.mech_driver [None req-5caf821d-8d52-4512-8212-30bb59f8a65f - - - - - -] OVN reports status down for port: 9ea94482-29b8-4d73-901d-3dc06d3e2976
2026-04-17 05:10:32.074 8 INFO neutron.db.ovn_revision_numbers_db [None req-8be37907-ecbe-4531-9c62-40bc6c768f01 3430ffd415ab48bb9172f185d8f7305b 270c0fe7014d479db97dc38af8ce5697 - - default default] Successfully bumped revision number for resource 9ea94482-29b8-4d73-901d-3dc06d3e2976 (type: ports) to 1 [pid: 7|app: 0|req: 391/724] 10.0.0.40 () {32 vars in 739 bytes} [Fri Apr 17 05:10:31 2026] DELETE /v2.0/security-groups/83c2f785-cc70-44fa-909b-c41d92fabe7b => generated 0 bytes in 323 msecs (HTTP/1.1 204) 2 headers in 112 bytes (1 switches on core 0)
2026-04-17 05:10:32.246 8 INFO neutron.db.ovn_revision_numbers_db [None req-8be37907-ecbe-4531-9c62-40bc6c768f01 3430ffd415ab48bb9172f185d8f7305b 270c0fe7014d479db97dc38af8ce5697 - - default default] Successfully bumped revision number for resource 157e87b0-f6f7-47c5-98ab-8ae5dc334616 (type: networks) to 1
2026-04-17 05:10:32.393 8 WARNING neutron.scheduler.dhcp_agent_scheduler [None req-8be37907-ecbe-4531-9c62-40bc6c768f01 3430ffd415ab48bb9172f185d8f7305b 270c0fe7014d479db97dc38af8ce5697 - - default default] No more DHCP agents
2026-04-17 05:10:32.395 8 WARNING neutron.api.rpc.agentnotifiers.dhcp_rpc_agent_api [None req-8be37907-ecbe-4531-9c62-40bc6c768f01 3430ffd415ab48bb9172f185d8f7305b 270c0fe7014d479db97dc38af8ce5697 - - default default] Unable to schedule network 157e87b0-f6f7-47c5-98ab-8ae5dc334616: no agents available; will retry on subsequent port and subnet creation events.
2026-04-17 05:10:32.469 8 INFO neutron.plugins.ml2.drivers.ovn.mech_driver.mech_driver [None req-5caf821d-8d52-4512-8212-30bb59f8a65f - - - - - -] OVN reports status down for port: 7d5ae70e-5902-438b-ae8e-abad8aced1ee
2026-04-17 05:10:32.527 8 INFO neutron.db.ovn_revision_numbers_db [None req-8be37907-ecbe-4531-9c62-40bc6c768f01 3430ffd415ab48bb9172f185d8f7305b 270c0fe7014d479db97dc38af8ce5697 - - default default] Successfully bumped revision number for resource 7d5ae70e-5902-438b-ae8e-abad8aced1ee (type: ports) to 1 [pid: 8|app: 0|req: 334/725] 10.0.0.40 () {34 vars in 669 bytes} [Fri Apr 17 05:10:30 2026] POST /v2.0/networks => generated 1283 bytes in 1678 msecs (HTTP/1.1 201) 4 headers in 163 bytes (1 switches on core 0) [pid: 7|app: 0|req: 392/726] 10.0.0.40 () {32 vars in 648 bytes} [Fri Apr 17 05:10:32 2026] GET /v2.0/networks => generated 1970 bytes in 60 msecs (HTTP/1.1 200) 4 headers in 158 bytes (1 switches on core 0) [pid: 8|app: 0|req: 335/727] 10.0.0.40 () {32 vars in 739 bytes} [Fri Apr 17 05:10:32 2026] DELETE /v2.0/security-groups/92e003c0-fc9a-4b6f-b17a-e7f23d7c6a8b => generated 0 bytes in 173 msecs (HTTP/1.1 204) 2 headers in 112 bytes (1 switches on core 0)
2026-04-17 05:10:32.789 7 INFO neutron_taas.services.taas.taas_plugin [None req-9f555334-df7a-4420-9f5b-6c893ddec67b 3430ffd415ab48bb9172f185d8f7305b 270c0fe7014d479db97dc38af8ce5697 - - default default] TaaS: Handle Delete Port: 9ea94482-29b8-4d73-901d-3dc06d3e2976
2026-04-17 05:10:32.795 7 INFO neutron_taas.services.taas.tap_mirror_plugin [None req-9f555334-df7a-4420-9f5b-6c893ddec67b 3430ffd415ab48bb9172f185d8f7305b 270c0fe7014d479db97dc38af8ce5697 - - default default] Tap Mirror: Handle Delete Port: 9ea94482-29b8-4d73-901d-3dc06d3e2976
2026-04-17 05:10:32.799 8 INFO neutron.api.v2.resource [None req-7b8ac8e9-610e-4463-8a31-1732aeb01750 c4268a145e6742aca22f9b3f74812a0a 6d7b205527d545079a4a2375db4efa5c - - default default] show failed (client error): The resource could not be found. [pid: 8|app: 0|req: 336/728] 10.0.0.40 () {32 vars in 736 bytes} [Fri Apr 17 05:10:32 2026] GET /v2.0/security-groups/92e003c0-fc9a-4b6f-b17a-e7f23d7c6a8b => generated 146 bytes in 15 msecs (HTTP/1.1 404) 4 headers in 164 bytes (1 switches on core 0)
2026-04-17 05:10:32.948 8 INFO neutron_taas.services.taas.taas_plugin [None req-d1ba3794-2a6d-4654-8318-39ed7aca7580 c4268a145e6742aca22f9b3f74812a0a 6d7b205527d545079a4a2375db4efa5c - - default default] TaaS: Handle Delete Port: 5b34dd1d-f0fc-469b-b52c-23dca4c5a64e
2026-04-17 05:10:32.951 8 INFO neutron_taas.services.taas.tap_mirror_plugin [None req-d1ba3794-2a6d-4654-8318-39ed7aca7580 c4268a145e6742aca22f9b3f74812a0a 6d7b205527d545079a4a2375db4efa5c - - default default] Tap Mirror: Handle Delete Port: 5b34dd1d-f0fc-469b-b52c-23dca4c5a64e
2026-04-17 05:10:33.019 7 INFO neutron.services.segments.plugin [-] Segment 8b95a3ec-3d75-4115-964d-636b6ab71fff resource provider aggregate not found
2026-04-17 05:10:33.021 7 INFO neutron.services.segments.plugin [-] Segment 8b95a3ec-3d75-4115-964d-636b6ab71fff resource provider aggregate not found
2026-04-17 05:10:33.045 7 INFO neutron.services.segments.plugin [-] Segment 8b95a3ec-3d75-4115-964d-636b6ab71fff resource provider not found; error: Placement Client Error (4xx): {"errors": [{"status": 404, "title": "Not Found", "detail": "The resource could not be found.\n\n No resource provider with uuid 8b95a3ec-3d75-4115-964d-636b6ab71fff found for delete ", "request_id": "req-81966d89-b035-4ce8-9f33-2a0fee31ff12"}]}
2026-04-17 05:10:33.046 7 INFO neutron.services.segments.plugin [-] Segment 8b95a3ec-3d75-4115-964d-636b6ab71fff resource provider not found; error: Placement Client Error (4xx): {"errors": [{"status": 404, "title": "Not Found", "detail": "The resource could not be found.\n\n No resource provider with uuid 8b95a3ec-3d75-4115-964d-636b6ab71fff found for delete ", "request_id": "req-0105df62-945d-4028-af4f-5dcd4c83804a"}]} [pid: 8|app: 0|req: 337/729] 10.0.0.40 () {32 vars in 731 bytes} [Fri Apr 17 05:10:32 2026] DELETE /v2.0/floatingips/ee1f602e-72b6-4f2c-ac8c-6aa833773a72 => generated 0 bytes in 309 msecs (HTTP/1.1 204) 2 headers in 112 bytes (1 switches on core 0) [pid: 7|app: 0|req: 393/730] 10.0.0.40 () {32 vars in 725 bytes} [Fri Apr 17 05:10:32 2026] DELETE /v2.0/networks/a0f15ef9-d10c-4264-ab2f-bea1e2078e58 => generated 0 bytes in 491 msecs (HTTP/1.1 204) 3 headers in 131 bytes (1 switches on core 0)
2026-04-17 05:10:33.216 8 INFO neutron_taas.services.taas.taas_plugin [None req-faf48112-6cf3-4ad1-8789-4e72acddd919 3430ffd415ab48bb9172f185d8f7305b 270c0fe7014d479db97dc38af8ce5697 - - default default] TaaS: Handle Delete Port: 7d5ae70e-5902-438b-ae8e-abad8aced1ee
2026-04-17 05:10:33.218 8 INFO neutron_taas.services.taas.tap_mirror_plugin [None req-faf48112-6cf3-4ad1-8789-4e72acddd919 3430ffd415ab48bb9172f185d8f7305b 270c0fe7014d479db97dc38af8ce5697 - - default default] Tap Mirror: Handle Delete Port: 7d5ae70e-5902-438b-ae8e-abad8aced1ee
2026-04-17 05:10:33.407 8 INFO neutron.services.segments.plugin [-] Segment 200d095c-ca05-44f9-aeea-c64b804457fe resource provider aggregate not found
2026-04-17 05:10:33.415 8 INFO neutron.services.segments.plugin [-] Segment 200d095c-ca05-44f9-aeea-c64b804457fe resource provider aggregate not found
2026-04-17 05:10:33.438 8 INFO neutron.services.segments.plugin [-] Segment 200d095c-ca05-44f9-aeea-c64b804457fe resource provider not found; error: Placement Client Error (4xx): {"errors": [{"status": 404, "title": "Not Found", "detail": "The resource could not be found.\n\n No resource provider with uuid 200d095c-ca05-44f9-aeea-c64b804457fe found for delete ", "request_id": "req-d965b94f-8f06-4f79-b995-0e05f008e046"}]}
2026-04-17 05:10:33.443 8 INFO neutron.services.segments.plugin [-] Segment 200d095c-ca05-44f9-aeea-c64b804457fe resource provider not found; error: Placement Client Error (4xx): {"errors": [{"status": 404, "title": "Not Found", "detail": "The resource could not be found.\n\n No resource provider with uuid 200d095c-ca05-44f9-aeea-c64b804457fe found for delete ", "request_id": "req-42ba7ac4-2a79-4791-92fd-f15805bf0678"}]} [pid: 8|app: 0|req: 338/731] 10.0.0.40 () {32 vars in 725 bytes} [Fri Apr 17 05:10:33 2026] DELETE /v2.0/networks/157e87b0-f6f7-47c5-98ab-8ae5dc334616 => generated 0 bytes in 350 msecs (HTTP/1.1 204) 3 headers in 131 bytes (1 switches on core 0)
2026-04-17 05:10:33.488 7 INFO neutron_taas.services.taas.taas_plugin [None req-998dd5db-8a84-47a8-a6c5-abec16c50c90 32c8ec0e29f34231b235694246d32a83 b31e54af7230424f8db73284237c7175 - - default default] TaaS: Handle Delete Port: a906dff7-5d0d-4750-96b8-390afa2a3c34
2026-04-17 05:10:33.491 7 INFO neutron_taas.services.taas.tap_mirror_plugin [None req-998dd5db-8a84-47a8-a6c5-abec16c50c90 32c8ec0e29f34231b235694246d32a83 b31e54af7230424f8db73284237c7175 - - default default] Tap Mirror: Handle Delete Port: a906dff7-5d0d-4750-96b8-390afa2a3c34 [pid: 8|app: 0|req: 339/732] 10.0.0.40 () {32 vars in 648 bytes} [Fri Apr 17 05:10:33 2026] GET /v2.0/networks => generated 689 bytes in 53 msecs (HTTP/1.1 200) 4 headers in 157 bytes (1 switches on core 0)
2026-04-17 05:10:33.638 8 INFO neutron.db.segments_db [None req-0bd17dcc-a2d7-44bb-9aa0-4bad1a92a54c 3430ffd415ab48bb9172f185d8f7305b 270c0fe7014d479db97dc38af8ce5697 - - default default] Added segment 2377d4e5-a800-4ec3-b146-25c94966485f of type geneve for network 5aa14525-99f6-4896-a618-62557b103476
2026-04-17 05:10:33.805 8 INFO neutron.db.ovn_revision_numbers_db [None req-0bd17dcc-a2d7-44bb-9aa0-4bad1a92a54c 3430ffd415ab48bb9172f185d8f7305b 270c0fe7014d479db97dc38af8ce5697 - - default default] Successfully bumped revision number for resource 5aa14525-99f6-4896-a618-62557b103476 (type: networks) to 1
2026-04-17 05:10:33.941 8 WARNING neutron.scheduler.dhcp_agent_scheduler [None req-0bd17dcc-a2d7-44bb-9aa0-4bad1a92a54c 3430ffd415ab48bb9172f185d8f7305b 270c0fe7014d479db97dc38af8ce5697 - - default default] No more DHCP agents
2026-04-17 05:10:33.942 8 WARNING neutron.api.rpc.agentnotifiers.dhcp_rpc_agent_api [None req-0bd17dcc-a2d7-44bb-9aa0-4bad1a92a54c 3430ffd415ab48bb9172f185d8f7305b 270c0fe7014d479db97dc38af8ce5697 - - default default] Unable to schedule network 5aa14525-99f6-4896-a618-62557b103476: no agents available; will retry on subsequent port and subnet creation events.
2026-04-17 05:10:34.006 8 INFO neutron.plugins.ml2.drivers.ovn.mech_driver.mech_driver [None req-5caf821d-8d52-4512-8212-30bb59f8a65f - - - - - -] OVN reports status down for port: 81f9ec56-4323-4e5c-8f26-f5ec769a3a32
2026-04-17 05:10:34.062 8 INFO neutron.db.ovn_revision_numbers_db [None req-0bd17dcc-a2d7-44bb-9aa0-4bad1a92a54c 3430ffd415ab48bb9172f185d8f7305b 270c0fe7014d479db97dc38af8ce5697 - - default default] Successfully bumped revision number for resource 81f9ec56-4323-4e5c-8f26-f5ec769a3a32 (type: ports) to 1 [pid: 8|app: 0|req: 340/733] 10.0.0.40 () {34 vars in 669 bytes} [Fri Apr 17 05:10:33 2026] POST /v2.0/networks => generated 673 bytes in 556 msecs (HTTP/1.1 201) 4 headers in 162 bytes (1 switches on core 0) [pid: 7|app: 0|req: 394/736] 10.0.0.40 () {34 vars in 788 bytes} [Fri Apr 17 05:10:33 2026] PUT /v2.0/routers/54a9cf39-e3ce-424e-afe5-07cfc1105edd/remove_router_interface => generated 309 bytes in 1033 msecs (HTTP/1.1 200) 4 headers in 157 bytes (1 switches on core 0) /var/lib/openstack/lib/python3.12/site-packages/pycadf/identifier.py:70: UserWarning: Invalid uuid: neutron. To ensure interoperability, identifiers should be a valid uuid. warnings.warn(('Invalid uuid: %s. To ensure interoperability, '
2026-04-17 05:10:34.303 7 INFO neutron.db.segments_db [None req-82b855fb-96e1-444f-8557-de58296ecd29 3430ffd415ab48bb9172f185d8f7305b 270c0fe7014d479db97dc38af8ce5697 - - default default] Added segment e733fa1b-0d70-4f5c-96ce-5773a9fdcb46 of type geneve for network 1c3a88f2-5585-4b61-b987-fad0a0996235
2026-04-17 05:10:34.456 8 INFO neutron.db.ovn_revision_numbers_db [None req-ab6d4333-ed8a-44fa-a622-0c73bd4ae7d8 32c8ec0e29f34231b235694246d32a83 b31e54af7230424f8db73284237c7175 - - default default] Successfully bumped revision number for resource b4da234b-7900-48c9-9b76-7e8181c209cb (type: security_groups) to 1
2026-04-17 05:10:34.472 8 INFO neutron.db.ovn_revision_numbers_db [None req-ab6d4333-ed8a-44fa-a622-0c73bd4ae7d8 32c8ec0e29f34231b235694246d32a83 b31e54af7230424f8db73284237c7175 - - default default] Successfully bumped revision number for resource 864454dd-8bc7-459a-b1eb-3d53fbb8e383 (type: security_group_rules) to 0
2026-04-17 05:10:34.474 7 INFO neutron.db.ovn_revision_numbers_db [None req-82b855fb-96e1-444f-8557-de58296ecd29 3430ffd415ab48bb9172f185d8f7305b 270c0fe7014d479db97dc38af8ce5697 - - default default] Successfully bumped revision number for resource 1c3a88f2-5585-4b61-b987-fad0a0996235 (type: networks) to 1
2026-04-17 05:10:34.484 8 INFO neutron.db.ovn_revision_numbers_db [None req-ab6d4333-ed8a-44fa-a622-0c73bd4ae7d8 32c8ec0e29f34231b235694246d32a83 b31e54af7230424f8db73284237c7175 - - default default] Successfully bumped revision number for resource 97e7530f-56fc-445f-816f-5d4565c37a71 (type: security_group_rules) to 0
2026-04-17 05:10:34.495 8 INFO neutron.db.ovn_revision_numbers_db [None req-ab6d4333-ed8a-44fa-a622-0c73bd4ae7d8 32c8ec0e29f34231b235694246d32a83 b31e54af7230424f8db73284237c7175 - - default default] Successfully bumped revision number for resource bcba5078-e5fc-48b5-a462-cb01f0e3501c (type: security_group_rules) to 0
2026-04-17 05:10:34.506 8 INFO neutron.db.ovn_revision_numbers_db [None req-ab6d4333-ed8a-44fa-a622-0c73bd4ae7d8 32c8ec0e29f34231b235694246d32a83 b31e54af7230424f8db73284237c7175 - - default default] Successfully bumped revision number for resource c3caa932-3cc6-40af-91dd-6c7c993bec18 (type: security_group_rules) to 0 [pid: 8|app: 0|req: 343/737] 10.0.0.40 () {32 vars in 773 bytes} [Fri Apr 17 05:10:34 2026] GET /v2.0/security-groups?tenant_id=89287675d4ae4b87b92ebbbcb42a8733&name=default => generated 2925 bytes in 431 msecs (HTTP/1.1 200) 4 headers in 158 bytes (1 switches on core 0)
2026-04-17 05:10:34.712 7 WARNING neutron.scheduler.dhcp_agent_scheduler [None req-82b855fb-96e1-444f-8557-de58296ecd29 3430ffd415ab48bb9172f185d8f7305b 270c0fe7014d479db97dc38af8ce5697 - - default default] No more DHCP agents
2026-04-17 05:10:34.713 7 WARNING neutron.api.rpc.agentnotifiers.dhcp_rpc_agent_api [None req-82b855fb-96e1-444f-8557-de58296ecd29 3430ffd415ab48bb9172f185d8f7305b 270c0fe7014d479db97dc38af8ce5697 - - default default] Unable to schedule network 1c3a88f2-5585-4b61-b987-fad0a0996235: no agents available; will retry on subsequent port and subnet creation events.
2026-04-17 05:10:34.822 8 INFO neutron.plugins.ml2.drivers.ovn.mech_driver.mech_driver [None req-5caf821d-8d52-4512-8212-30bb59f8a65f - - - - - -] OVN reports status down for port: 417debe0-aefe-44e8-ba49-a68a8f33f864
2026-04-17 05:10:34.827 7 INFO neutron.db.ovn_revision_numbers_db [None req-82b855fb-96e1-444f-8557-de58296ecd29 3430ffd415ab48bb9172f185d8f7305b 270c0fe7014d479db97dc38af8ce5697 - - default default] Successfully bumped revision number for resource 417debe0-aefe-44e8-ba49-a68a8f33f864 (type: ports) to 1 [pid: 7|app: 0|req: 395/738] 10.0.0.40 () {34 vars in 669 bytes} [Fri Apr 17 05:10:34 2026] POST /v2.0/networks => generated 673 bytes in 634 msecs (HTTP/1.1 201) 4 headers in 162 bytes (1 switches on core 0)
2026-04-17 05:10:34.885 8 INFO neutron_taas.services.taas.taas_plugin [None req-d1b8b454-0f2e-4752-87fc-6eee1be8ea0b 32c8ec0e29f34231b235694246d32a83 b31e54af7230424f8db73284237c7175 - - default default] TaaS: Handle Delete Port: 49679698-7f56-4ac0-93e8-45eb96872f70
2026-04-17 05:10:34.898 8 INFO neutron_taas.services.taas.tap_mirror_plugin [None req-d1b8b454-0f2e-4752-87fc-6eee1be8ea0b 32c8ec0e29f34231b235694246d32a83 b31e54af7230424f8db73284237c7175 - - default default] Tap Mirror: Handle Delete Port: 49679698-7f56-4ac0-93e8-45eb96872f70 [pid: 7|app: 0|req: 396/739] 10.0.0.40 () {32 vars in 739 bytes} [Fri Apr 17 05:10:34 2026] DELETE /v2.0/security-groups/b4da234b-7900-48c9-9b76-7e8181c209cb => generated 0 bytes in 296 msecs (HTTP/1.1 204) 2 headers in 112 bytes (1 switches on core 0) [pid: 8|app: 0|req: 344/740] 10.0.0.40 () {32 vars in 723 bytes} [Fri Apr 17 05:10:34 2026] DELETE /v2.0/routers/54a9cf39-e3ce-424e-afe5-07cfc1105edd => generated 0 bytes in 882 msecs (HTTP/1.1 204) 2 headers in 112 bytes (1 switches on core 0)
2026-04-17 05:10:35.562 8 INFO neutron.db.ovn_revision_numbers_db [None req-b8fc2731-e5b7-4b0a-b169-84e016f4290c 32c8ec0e29f34231b235694246d32a83 b31e54af7230424f8db73284237c7175 - - default default] Successfully bumped revision number for resource 92c87e4c-7bab-41dc-8cba-1864d747810f (type: security_groups) to 1
2026-04-17 05:10:35.573 8 INFO neutron.db.ovn_revision_numbers_db [None req-b8fc2731-e5b7-4b0a-b169-84e016f4290c 32c8ec0e29f34231b235694246d32a83 b31e54af7230424f8db73284237c7175 - - default default] Successfully bumped revision number for resource 76781a58-2c72-4ffb-bd81-b0366e7cf0b3 (type: security_group_rules) to 0
2026-04-17 05:10:35.584 8 INFO neutron.db.ovn_revision_numbers_db [None req-b8fc2731-e5b7-4b0a-b169-84e016f4290c 32c8ec0e29f34231b235694246d32a83 b31e54af7230424f8db73284237c7175 - - default default] Successfully bumped revision number for resource 9c48e6cd-bab6-4052-9e5b-cc2c676a266d (type: security_group_rules) to 0
2026-04-17 05:10:35.596 8 INFO neutron.db.ovn_revision_numbers_db [None req-b8fc2731-e5b7-4b0a-b169-84e016f4290c 32c8ec0e29f34231b235694246d32a83 b31e54af7230424f8db73284237c7175 - - default default] Successfully bumped revision number for resource ac7c8011-f203-49c1-9b98-c27f0d455e57 (type: security_group_rules) to 0
2026-04-17 05:10:35.607 8 INFO neutron.db.ovn_revision_numbers_db [None req-b8fc2731-e5b7-4b0a-b169-84e016f4290c 32c8ec0e29f34231b235694246d32a83 b31e54af7230424f8db73284237c7175 - - default default] Successfully bumped revision number for resource fc06c4fd-43f9-49d2-9823-52f7e8d5b04c (type: security_group_rules) to 0 [pid: 8|app: 0|req: 345/741] 10.0.0.40 () {32 vars in 773 bytes} [Fri Apr 17 05:10:35 2026] GET /v2.0/security-groups?tenant_id=887ee740752a4866be915452921d47a3&name=default => generated 2925 bytes in 227 msecs (HTTP/1.1 200) 4 headers in 158 bytes (1 switches on core 0)
2026-04-17 05:10:35.655 7 WARNING neutron.scheduler.dhcp_agent_scheduler [None req-532fa5e9-92fa-479e-be35-6674d896e0ee 3430ffd415ab48bb9172f185d8f7305b 270c0fe7014d479db97dc38af8ce5697 - - default default] No more DHCP agents
2026-04-17 05:10:35.656 7 WARNING neutron.api.rpc.agentnotifiers.dhcp_rpc_agent_api [None req-532fa5e9-92fa-479e-be35-6674d896e0ee 3430ffd415ab48bb9172f185d8f7305b 270c0fe7014d479db97dc38af8ce5697 - - default default] Unable to schedule network 5aa14525-99f6-4896-a618-62557b103476: no agents available; will retry on subsequent port and subnet creation events.
2026-04-17 05:10:35.780 8 INFO neutron.plugins.ml2.drivers.ovn.mech_driver.mech_driver [None req-5caf821d-8d52-4512-8212-30bb59f8a65f - - - - - -] OVN reports status down for port: 294de16e-28c1-4012-bbbc-d84ebc7ed7b4
2026-04-17 05:10:35.787 7 INFO neutron.db.ovn_revision_numbers_db [None req-532fa5e9-92fa-479e-be35-6674d896e0ee 3430ffd415ab48bb9172f185d8f7305b 270c0fe7014d479db97dc38af8ce5697 - - default default] Successfully bumped revision number for resource 294de16e-28c1-4012-bbbc-d84ebc7ed7b4 (type: ports) to 1
2026-04-17 05:10:35.853 7 WARNING neutron.scheduler.dhcp_agent_scheduler [None req-532fa5e9-92fa-479e-be35-6674d896e0ee 3430ffd415ab48bb9172f185d8f7305b 270c0fe7014d479db97dc38af8ce5697 - - default default] No more DHCP agents
2026-04-17 05:10:35.855 7 WARNING neutron.api.rpc.agentnotifiers.dhcp_rpc_agent_api [None req-532fa5e9-92fa-479e-be35-6674d896e0ee 3430ffd415ab48bb9172f185d8f7305b 270c0fe7014d479db97dc38af8ce5697 - - default default] Unable to schedule network 1c3a88f2-5585-4b61-b987-fad0a0996235: no agents available; will retry on subsequent port and subnet creation events. [pid: 8|app: 0|req: 346/742] 10.0.0.40 () {32 vars in 723 bytes} [Fri Apr 17 05:10:35 2026] DELETE /v2.0/subnets/2ddd36de-2bbd-49af-9a47-0a113043f9fc => generated 0 bytes in 344 msecs (HTTP/1.1 204) 3 headers in 131 bytes (1 switches on core 0)
2026-04-17 05:10:36.057 7 INFO neutron.db.ovn_revision_numbers_db [None req-532fa5e9-92fa-479e-be35-6674d896e0ee 3430ffd415ab48bb9172f185d8f7305b 270c0fe7014d479db97dc38af8ce5697 - - default default] Successfully bumped revision number for resource c91b898f-9411-49b7-9002-24a070fa8490 (type: ports) to 1
2026-04-17 05:10:36.116 8 INFO neutron.plugins.ml2.drivers.ovn.mech_driver.mech_driver [None req-5caf821d-8d52-4512-8212-30bb59f8a65f - - - - - -] OVN reports status down for port: c91b898f-9411-49b7-9002-24a070fa8490 [pid: 7|app: 0|req: 397/743] 10.0.0.40 () {34 vars in 664 bytes} [Fri Apr 17 05:10:35 2026] POST /v2.0/ports => generated 1506 bytes in 983 msecs (HTTP/1.1 201) 4 headers in 163 bytes (1 switches on core 0) /var/lib/openstack/lib/python3.12/site-packages/pycadf/identifier.py:70: UserWarning: Invalid uuid: neutron. To ensure interoperability, identifiers should be a valid uuid. warnings.warn(('Invalid uuid: %s. To ensure interoperability, ' [pid: 8|app: 0|req: 347/744] 10.0.0.40 () {32 vars in 739 bytes} [Fri Apr 17 05:10:35 2026] DELETE /v2.0/security-groups/92c87e4c-7bab-41dc-8cba-1864d747810f => generated 0 bytes in 338 msecs (HTTP/1.1 204) 2 headers in 112 bytes (1 switches on core 0)
2026-04-17 05:10:36.441 7 INFO neutron.db.ovn_revision_numbers_db [None req-85a82c6a-3485-4d95-9cc5-9ed4810f5101 32c8ec0e29f34231b235694246d32a83 b31e54af7230424f8db73284237c7175 - - default default] Successfully bumped revision number for resource cab78978-d0c8-4f20-b282-23140b45d466 (type: security_groups) to 1
2026-04-17 05:10:36.453 7 INFO neutron.db.ovn_revision_numbers_db [None req-85a82c6a-3485-4d95-9cc5-9ed4810f5101 32c8ec0e29f34231b235694246d32a83 b31e54af7230424f8db73284237c7175 - - default default] Successfully bumped revision number for resource 21378c43-71dd-4cfe-8dbe-ecff6b486911 (type: security_group_rules) to 0
2026-04-17 05:10:36.465 7 INFO neutron.db.ovn_revision_numbers_db [None req-85a82c6a-3485-4d95-9cc5-9ed4810f5101 32c8ec0e29f34231b235694246d32a83 b31e54af7230424f8db73284237c7175 - - default default] Successfully bumped revision number for resource 2bcc17e2-f80a-4c28-99f8-181533987dd5 (type: security_group_rules) to 0
2026-04-17 05:10:36.477 7 INFO neutron.db.ovn_revision_numbers_db [None req-85a82c6a-3485-4d95-9cc5-9ed4810f5101 32c8ec0e29f34231b235694246d32a83 b31e54af7230424f8db73284237c7175 - - default default] Successfully bumped revision number for resource 3fbde5e9-7b5f-47cb-b83f-6335102675f4 (type: security_group_rules) to 0
2026-04-17 05:10:36.485 8 INFO neutron_taas.services.taas.taas_plugin [None req-ea25d8da-b70a-4d47-8668-af13c452a293 32c8ec0e29f34231b235694246d32a83 b31e54af7230424f8db73284237c7175 - - default default] TaaS: Handle Delete Port: 9b550fc2-bdb6-4d6e-afd5-cf64f2fa36f3
2026-04-17 05:10:36.488 8 INFO neutron_taas.services.taas.tap_mirror_plugin [None req-ea25d8da-b70a-4d47-8668-af13c452a293 32c8ec0e29f34231b235694246d32a83 b31e54af7230424f8db73284237c7175 - - default default] Tap Mirror: Handle Delete Port: 9b550fc2-bdb6-4d6e-afd5-cf64f2fa36f3
2026-04-17 05:10:36.489 7 INFO neutron.db.ovn_revision_numbers_db [None req-85a82c6a-3485-4d95-9cc5-9ed4810f5101 32c8ec0e29f34231b235694246d32a83 b31e54af7230424f8db73284237c7175 - - default default] Successfully bumped revision number for resource 659cb2b0-47b4-480f-a775-317224e81437 (type: security_group_rules) to 0 [pid: 7|app: 0|req: 398/745] 10.0.0.40 () {32 vars in 773 bytes} [Fri Apr 17 05:10:36 2026] GET /v2.0/security-groups?tenant_id=be9112ce7e7643829238a23569c256c0&name=default => generated 2925 bytes in 391 msecs (HTTP/1.1 200) 4 headers in 158 bytes (1 switches on core 0) [pid: 7|app: 0|req: 399/746] 10.0.0.40 () {32 vars in 642 bytes} [Fri Apr 17 05:10:36 2026] GET /v2.0/ports => generated 3018 bytes in 90 msecs (HTTP/1.1 200) 4 headers in 158 bytes (1 switches on core 0)
2026-04-17 05:10:36.681 8 INFO neutron.services.segments.plugin [-] Segment b9aee022-e510-4218-b813-f82de8626ad0 resource provider aggregate not found
2026-04-17 05:10:36.686 8 INFO neutron.services.segments.plugin [-] Segment b9aee022-e510-4218-b813-f82de8626ad0 resource provider aggregate not found
2026-04-17 05:10:36.720 8 INFO neutron.services.segments.plugin [-] Segment b9aee022-e510-4218-b813-f82de8626ad0 resource provider not found; error: Placement Client Error (4xx): {"errors": [{"status": 404, "title": "Not Found", "detail": "The resource could not be found.\n\n No resource provider with uuid b9aee022-e510-4218-b813-f82de8626ad0 found for delete ", "request_id": "req-e7d7b2b2-7af5-42bb-a6a3-2e8eb22cffa5"}]}
2026-04-17 05:10:36.721 8 INFO neutron.services.segments.plugin [-] Segment b9aee022-e510-4218-b813-f82de8626ad0 resource provider not found; error: Placement Client Error (4xx): {"errors": [{"status": 404, "title": "Not Found", "detail": "The resource could not be found.\n\n No resource provider with uuid b9aee022-e510-4218-b813-f82de8626ad0 found for delete ", "request_id": "req-037149c1-3e18-44b0-9730-c37c6225bff4"}]} [pid: 8|app: 0|req: 348/747] 10.0.0.40 () {32 vars in 725 bytes} [Fri Apr 17 05:10:36 2026] DELETE /v2.0/networks/f6855d27-86f3-4728-bc1e-301bb7a07271 => generated 0 bytes in 425 msecs (HTTP/1.1 204) 3 headers in 131 bytes (1 switches on core 0) [pid: 7|app: 0|req: 400/748] 10.0.0.40 () {32 vars in 739 bytes} [Fri Apr 17 05:10:36 2026] DELETE /v2.0/security-groups/cab78978-d0c8-4f20-b282-23140b45d466 => generated 0 bytes in 278 msecs (HTTP/1.1 204) 2 headers in 112 bytes (1 switches on core 0) [pid: 7|app: 0|req: 401/749] 10.0.0.40 () {32 vars in 773 bytes} [Fri Apr 17 05:10:36 2026] GET /v2.0/security-groups?tenant_id=6d7b205527d545079a4a2375db4efa5c&name=default => generated 2921 bytes in 24 msecs (HTTP/1.1 200) 4 headers in 158 bytes (1 switches on core 0)
2026-04-17 05:10:36.936 8 INFO neutron_taas.services.taas.taas_plugin [None req-780302dd-614b-41da-a092-7be4d9ae1e2b 3430ffd415ab48bb9172f185d8f7305b 270c0fe7014d479db97dc38af8ce5697 - - default default] TaaS: Handle Delete Port: 294de16e-28c1-4012-bbbc-d84ebc7ed7b4
2026-04-17 05:10:36.941 8 INFO neutron_taas.services.taas.tap_mirror_plugin [None req-780302dd-614b-41da-a092-7be4d9ae1e2b 3430ffd415ab48bb9172f185d8f7305b 270c0fe7014d479db97dc38af8ce5697 - - default default] Tap Mirror: Handle Delete Port: 294de16e-28c1-4012-bbbc-d84ebc7ed7b4 [pid: 8|app: 0|req: 349/750] 10.0.0.40 () {32 vars in 719 bytes} [Fri Apr 17 05:10:36 2026] DELETE /v2.0/ports/294de16e-28c1-4012-bbbc-d84ebc7ed7b4 => generated 0 bytes in 353 msecs (HTTP/1.1 204) 3 headers in 131 bytes (1 switches on core 0) [pid: 7|app: 0|req: 402/751] 10.0.0.40 () {32 vars in 739 bytes} [Fri Apr 17 05:10:36 2026] DELETE /v2.0/security-groups/f1c91f70-2781-4f70-9770-813a712c7024 => generated 0 bytes in 329 msecs (HTTP/1.1 204) 2 headers in 112 bytes (1 switches on core 0)
2026-04-17 05:10:37.322 8 INFO neutron.db.ovn_revision_numbers_db [None req-5f57d4f5-0ae2-4f90-86dd-503a01f33903 32c8ec0e29f34231b235694246d32a83 b31e54af7230424f8db73284237c7175 - - default default] Successfully bumped revision number for resource ecbd79ac-560c-415a-b905-4d03d42ce83f (type: security_groups) to 1
2026-04-17 05:10:37.333 8 INFO neutron.db.ovn_revision_numbers_db [None req-5f57d4f5-0ae2-4f90-86dd-503a01f33903 32c8ec0e29f34231b235694246d32a83 b31e54af7230424f8db73284237c7175 - - default default] Successfully bumped revision number for resource 6c0d2760-0aa1-4b7b-925c-23ce9d44618b (type: security_group_rules) to 0
2026-04-17 05:10:37.345 8 INFO neutron.db.ovn_revision_numbers_db [None req-5f57d4f5-0ae2-4f90-86dd-503a01f33903 32c8ec0e29f34231b235694246d32a83 b31e54af7230424f8db73284237c7175 - - default default] Successfully bumped revision number for resource 8690ca8b-017a-4297-a0b1-b3cdc6445397 (type: security_group_rules) to 0
2026-04-17 05:10:37.356 8 INFO neutron.db.ovn_revision_numbers_db [None req-5f57d4f5-0ae2-4f90-86dd-503a01f33903 32c8ec0e29f34231b235694246d32a83 b31e54af7230424f8db73284237c7175 - - default default] Successfully bumped revision number for resource ebd0bd9b-4f96-47a9-bbb4-a418345f8742 (type: security_group_rules) to 0
2026-04-17 05:10:37.369 8 INFO neutron.db.ovn_revision_numbers_db [None req-5f57d4f5-0ae2-4f90-86dd-503a01f33903 32c8ec0e29f34231b235694246d32a83 b31e54af7230424f8db73284237c7175 - - default default] Successfully bumped revision number for resource edce982a-8cc4-470d-afd3-3284b7ecb9ce (type: security_group_rules) to 0
2026-04-17 05:10:37.394 7 INFO neutron_taas.services.taas.taas_plugin [None req-cc218a8c-1c80-4ff5-8e7b-09c29ff19cf8 3430ffd415ab48bb9172f185d8f7305b 270c0fe7014d479db97dc38af8ce5697 - - default default] TaaS: Handle Delete Port: c91b898f-9411-49b7-9002-24a070fa8490
2026-04-17 05:10:37.397 7 INFO neutron_taas.services.taas.tap_mirror_plugin [None req-cc218a8c-1c80-4ff5-8e7b-09c29ff19cf8 3430ffd415ab48bb9172f185d8f7305b 270c0fe7014d479db97dc38af8ce5697 - - default default] Tap Mirror: Handle Delete Port: c91b898f-9411-49b7-9002-24a070fa8490 [pid: 8|app: 0|req: 350/752] 10.0.0.40 () {32 vars in 773 bytes} [Fri Apr 17 05:10:37 2026] GET /v2.0/security-groups?tenant_id=85a54824e73c45828c517f74400ba4af&name=default => generated 2925 bytes in 294 msecs (HTTP/1.1 200) 4 headers in 158 bytes (1 switches on core 0) [pid: 7|app: 0|req: 403/753] 10.0.0.40 () {32 vars in 719 bytes} [Fri Apr 17 05:10:37 2026] DELETE /v2.0/ports/c91b898f-9411-49b7-9002-24a070fa8490 => generated 0 bytes in 289 msecs (HTTP/1.1 204) 3 headers in 131 bytes (1 switches on core 0) [pid: 7|app: 0|req: 404/754] 10.0.0.40 () {32 vars in 642 bytes} [Fri Apr 17 05:10:37 2026] GET /v2.0/ports => generated 1523 bytes in 38 msecs (HTTP/1.1 200) 4 headers in 158 bytes (1 switches on core 0)
2026-04-17 05:10:37.687 7 INFO neutron.db.segments_db [None req-7c54a93b-d788-472b-a172-aa05412e15bf 3430ffd415ab48bb9172f185d8f7305b 270c0fe7014d479db97dc38af8ce5697 - - default default] Added segment 01fde11d-521c-4464-b2fa-ad24c91a0aad of type geneve for network 4d617d00-e8cc-4805-a267-d56101c0706d [pid: 8|app: 0|req: 351/755] 10.0.0.40 () {32 vars in 739 bytes} [Fri Apr 17 05:10:37 2026] DELETE /v2.0/security-groups/ecbd79ac-560c-415a-b905-4d03d42ce83f => generated 0 bytes in 392 msecs (HTTP/1.1 204) 2 headers in 112 bytes (1 switches on core 0)
2026-04-17 05:10:37.871 7 INFO neutron.db.ovn_revision_numbers_db [None req-7c54a93b-d788-472b-a172-aa05412e15bf 3430ffd415ab48bb9172f185d8f7305b 270c0fe7014d479db97dc38af8ce5697 - - default default] Successfully bumped revision number for resource 4d617d00-e8cc-4805-a267-d56101c0706d (type: networks) to 1
2026-04-17 05:10:38.034 7 WARNING neutron.scheduler.dhcp_agent_scheduler [None req-7c54a93b-d788-472b-a172-aa05412e15bf 3430ffd415ab48bb9172f185d8f7305b 270c0fe7014d479db97dc38af8ce5697 - - default default] No more DHCP agents
2026-04-17 05:10:38.036 7 WARNING neutron.api.rpc.agentnotifiers.dhcp_rpc_agent_api [None req-7c54a93b-d788-472b-a172-aa05412e15bf 3430ffd415ab48bb9172f185d8f7305b 270c0fe7014d479db97dc38af8ce5697 - - default default] Unable to schedule network 4d617d00-e8cc-4805-a267-d56101c0706d: no agents available; will retry on subsequent port and subnet creation events.
2026-04-17 05:10:38.144 8 INFO neutron.plugins.ml2.drivers.ovn.mech_driver.mech_driver [None req-5caf821d-8d52-4512-8212-30bb59f8a65f - - - - - -] OVN reports status down for port: 6bf08b1d-4ddc-4db8-aba3-3bfaff8f430d
2026-04-17 05:10:38.150 7 INFO neutron.db.ovn_revision_numbers_db [None req-7c54a93b-d788-472b-a172-aa05412e15bf 3430ffd415ab48bb9172f185d8f7305b 270c0fe7014d479db97dc38af8ce5697 - - default default] Successfully bumped revision number for resource 6bf08b1d-4ddc-4db8-aba3-3bfaff8f430d (type: ports) to 1 [pid: 7|app: 0|req: 405/756] 10.0.0.40 () {34 vars in 669 bytes} [Fri Apr 17 05:10:37 2026] POST /v2.0/networks => generated 673 bytes in 578 msecs (HTTP/1.1 201) 4 headers in 162 bytes (1 switches on core 0)
2026-04-17 05:10:38.282 8 INFO neutron.db.segments_db [None req-e7f91537-10eb-47f6-b296-ebf2a814cfd6 3430ffd415ab48bb9172f185d8f7305b 270c0fe7014d479db97dc38af8ce5697 - - default default] Added segment 8d518b1b-9a15-4cfd-b40e-782b3c963fcb of type geneve for network b02cc8cf-0397-4b95-8240-1ea1ebec27ac
2026-04-17 05:10:38.371 8 INFO neutron.db.ovn_revision_numbers_db [None req-e7f91537-10eb-47f6-b296-ebf2a814cfd6 3430ffd415ab48bb9172f185d8f7305b 270c0fe7014d479db97dc38af8ce5697 - - default default] Successfully bumped revision number for resource b02cc8cf-0397-4b95-8240-1ea1ebec27ac (type: networks) to 1
2026-04-17 05:10:38.535 8 WARNING neutron.scheduler.dhcp_agent_scheduler [None req-e7f91537-10eb-47f6-b296-ebf2a814cfd6 3430ffd415ab48bb9172f185d8f7305b 270c0fe7014d479db97dc38af8ce5697 - - default default] No more DHCP agents
2026-04-17 05:10:38.539 8 WARNING neutron.api.rpc.agentnotifiers.dhcp_rpc_agent_api [None req-e7f91537-10eb-47f6-b296-ebf2a814cfd6 3430ffd415ab48bb9172f185d8f7305b 270c0fe7014d479db97dc38af8ce5697 - - default default] Unable to schedule network b02cc8cf-0397-4b95-8240-1ea1ebec27ac: no agents available; will retry on subsequent port and subnet creation events.
2026-04-17 05:10:38.565 7 INFO neutron.db.ovn_revision_numbers_db [None req-0fea1902-2950-428e-8de7-b729852deb0b c89b40e561e34e5bb83bcd6a4723c8be 41c16dcff66c456697c03362f8428dad - - default default] Successfully bumped revision number for resource 44539204-5420-4fb7-af0e-91bf09eaf694 (type: security_groups) to 1
2026-04-17 05:10:38.577 7 INFO neutron.db.ovn_revision_numbers_db [None req-0fea1902-2950-428e-8de7-b729852deb0b c89b40e561e34e5bb83bcd6a4723c8be 41c16dcff66c456697c03362f8428dad - - default default] Successfully bumped revision number for resource 1731bc5d-97fb-4f20-8ace-9ee45349960d (type: security_group_rules) to 0
2026-04-17 05:10:38.590 7 INFO neutron.db.ovn_revision_numbers_db [None req-0fea1902-2950-428e-8de7-b729852deb0b c89b40e561e34e5bb83bcd6a4723c8be 41c16dcff66c456697c03362f8428dad - - default default] Successfully bumped revision number for resource 3d036481-e90f-494d-8c01-57c17e48a52e (type: security_group_rules) to 0
2026-04-17 05:10:38.619 7 INFO neutron.db.ovn_revision_numbers_db [None req-0fea1902-2950-428e-8de7-b729852deb0b c89b40e561e34e5bb83bcd6a4723c8be 41c16dcff66c456697c03362f8428dad - - default default] Successfully bumped revision number for resource 6e6b6203-555f-4396-b8d1-1e4ad5c8353f (type: security_group_rules) to 0
2026-04-17 05:10:38.632 8 INFO neutron.plugins.ml2.drivers.ovn.mech_driver.mech_driver [None req-5caf821d-8d52-4512-8212-30bb59f8a65f - - - - - -] OVN reports status down for port: faa7d3ec-b087-48d8-969f-3dde732aab41
2026-04-17 05:10:38.641 7 INFO neutron.db.ovn_revision_numbers_db [None req-0fea1902-2950-428e-8de7-b729852deb0b c89b40e561e34e5bb83bcd6a4723c8be 41c16dcff66c456697c03362f8428dad - - default default] Successfully bumped revision number for resource c45ae2a5-2e5e-45b2-8df6-bd0f43e8e067 (type: security_group_rules) to 0
2026-04-17 05:10:38.683 8 INFO neutron.db.ovn_revision_numbers_db [None req-e7f91537-10eb-47f6-b296-ebf2a814cfd6 3430ffd415ab48bb9172f185d8f7305b 270c0fe7014d479db97dc38af8ce5697 - - default default] Successfully bumped revision number for resource faa7d3ec-b087-48d8-969f-3dde732aab41 (type: ports) to 1 [pid: 8|app: 0|req: 352/757] 10.0.0.40 () {34 vars in 669 bytes} [Fri Apr 17 05:10:38 2026] POST /v2.0/networks => generated 672 bytes in 561 msecs (HTTP/1.1 201) 4 headers in 162 bytes (1 switches on core 0)
2026-04-17 05:10:38.740 7 INFO neutron.db.segments_db [None req-0fea1902-2950-428e-8de7-b729852deb0b c89b40e561e34e5bb83bcd6a4723c8be 41c16dcff66c456697c03362f8428dad - - default default] Added segment 341bb219-c9ee-4782-b0b5-cfc922da7b80 of type geneve for network 502f8af0-21bf-40c1-92e2-0753687ccdf7
2026-04-17 05:10:38.857 7 INFO neutron.db.ovn_revision_numbers_db [None req-0fea1902-2950-428e-8de7-b729852deb0b c89b40e561e34e5bb83bcd6a4723c8be 41c16dcff66c456697c03362f8428dad - - default default] Successfully bumped revision number for resource 502f8af0-21bf-40c1-92e2-0753687ccdf7 (type: networks) to 1
2026-04-17 05:10:39.024 7 WARNING neutron.scheduler.dhcp_agent_scheduler [None req-0fea1902-2950-428e-8de7-b729852deb0b c89b40e561e34e5bb83bcd6a4723c8be 41c16dcff66c456697c03362f8428dad - - default default] No more DHCP agents
2026-04-17 05:10:39.026 7 WARNING neutron.api.rpc.agentnotifiers.dhcp_rpc_agent_api [None req-0fea1902-2950-428e-8de7-b729852deb0b c89b40e561e34e5bb83bcd6a4723c8be 41c16dcff66c456697c03362f8428dad - - default default] Unable to schedule network 502f8af0-21bf-40c1-92e2-0753687ccdf7: no agents available; will retry on subsequent port and subnet creation events.
2026-04-17 05:10:39.095 8 INFO neutron.plugins.ml2.drivers.ovn.mech_driver.mech_driver [None req-5caf821d-8d52-4512-8212-30bb59f8a65f - - - - - -] OVN reports status down for port: 645092ae-54ed-4bdb-994b-3b3bcd43d8a0
2026-04-17 05:10:39.133 7 INFO neutron.db.ovn_revision_numbers_db [None req-0fea1902-2950-428e-8de7-b729852deb0b c89b40e561e34e5bb83bcd6a4723c8be 41c16dcff66c456697c03362f8428dad - - default default] Successfully bumped revision number for resource 645092ae-54ed-4bdb-994b-3b3bcd43d8a0 (type: ports) to 1 [pid: 7|app: 0|req: 406/758] 10.0.0.40 () {34 vars in 669 bytes} [Fri Apr 17 05:10:38 2026] POST /v2.0/networks => generated 667 bytes in 947 msecs (HTTP/1.1 201) 4 headers in 162 bytes (1 switches on core 0)
2026-04-17 05:10:39.357 8 INFO neutron.db.ovn_revision_numbers_db [None req-7519a55f-6826-4ab8-b653-d3a8acfcc1fb 32c8ec0e29f34231b235694246d32a83 b31e54af7230424f8db73284237c7175 - - default default] Successfully bumped revision number for resource 38fc217a-1ab7-4ffd-bae0-d463d9ac2d5c (type: security_groups) to 1
2026-04-17 05:10:39.372 8 INFO neutron.db.ovn_revision_numbers_db [None req-7519a55f-6826-4ab8-b653-d3a8acfcc1fb 32c8ec0e29f34231b235694246d32a83 b31e54af7230424f8db73284237c7175 - - default default] Successfully bumped revision number for resource 7b11ef3a-461d-479e-be83-993de53db557 (type: security_group_rules) to 0
2026-04-17 05:10:39.384 8 INFO neutron.db.ovn_revision_numbers_db [None req-7519a55f-6826-4ab8-b653-d3a8acfcc1fb 32c8ec0e29f34231b235694246d32a83 b31e54af7230424f8db73284237c7175 - - default default] Successfully bumped revision number for resource 852e0a6a-25ca-4e41-8f50-7c1c74c6d201 (type: security_group_rules) to 0
2026-04-17 05:10:39.402 8 INFO neutron.db.ovn_revision_numbers_db [None req-7519a55f-6826-4ab8-b653-d3a8acfcc1fb 32c8ec0e29f34231b235694246d32a83 b31e54af7230424f8db73284237c7175 - - default default] Successfully bumped revision number for resource c6a5e402-2f5b-4390-8a47-e3e9cb9e2bb7 (type: security_group_rules) to 0
2026-04-17 05:10:39.415 8 INFO neutron.db.ovn_revision_numbers_db [None req-7519a55f-6826-4ab8-b653-d3a8acfcc1fb 32c8ec0e29f34231b235694246d32a83 b31e54af7230424f8db73284237c7175 - - default default] Successfully bumped revision number for resource f4d22635-a2ca-46cd-98b8-2bdb150ec013 (type: security_group_rules) to 0
2026-04-17 05:10:39.436 7 WARNING neutron.scheduler.dhcp_agent_scheduler [None req-e5b6f3ae-a0d6-4d61-b5b2-37cc35a67824 c89b40e561e34e5bb83bcd6a4723c8be 41c16dcff66c456697c03362f8428dad - - default default] No more DHCP agents
2026-04-17 05:10:39.438 7 WARNING neutron.api.rpc.agentnotifiers.dhcp_rpc_agent_api [None req-e5b6f3ae-a0d6-4d61-b5b2-37cc35a67824 c89b40e561e34e5bb83bcd6a4723c8be 41c16dcff66c456697c03362f8428dad - - default default] Unable to schedule network 502f8af0-21bf-40c1-92e2-0753687ccdf7: no agents available; will retry on subsequent port and subnet creation events.
2026-04-17 05:10:39.494 8 INFO neutron.db.segments_db [None req-7519a55f-6826-4ab8-b653-d3a8acfcc1fb 32c8ec0e29f34231b235694246d32a83 b31e54af7230424f8db73284237c7175 - - default default] Added segment d33c3a1d-718e-438e-a20a-cfbb7533f969 of type geneve for network d03e7fc7-9a8c-4690-a703-17317443db4f
2026-04-17 05:10:39.536 8 INFO neutron.plugins.ml2.drivers.ovn.mech_driver.mech_driver [None req-5caf821d-8d52-4512-8212-30bb59f8a65f - - - - - -] OVN reports status down for port: 8e69a0e0-d9f9-4b85-a369-9376f1617238
2026-04-17 05:10:39.561 7 INFO neutron.db.ovn_revision_numbers_db [None req-e5b6f3ae-a0d6-4d61-b5b2-37cc35a67824 c89b40e561e34e5bb83bcd6a4723c8be 41c16dcff66c456697c03362f8428dad - - default default] Successfully bumped revision number for resource 8e69a0e0-d9f9-4b85-a369-9376f1617238 (type: ports) to 1 [pid: 7|app: 0|req: 407/759] 10.0.0.40 () {34 vars in 664 bytes} [Fri Apr 17 05:10:39 2026] POST /v2.0/ports => generated 779 bytes in 448 msecs (HTTP/1.1 201) 4 headers in 162 bytes (1 switches on core 0) /var/lib/openstack/lib/python3.12/site-packages/pycadf/identifier.py:70: UserWarning: Invalid uuid: neutron. To ensure interoperability, identifiers should be a valid uuid. warnings.warn(('Invalid uuid: %s. To ensure interoperability, '
2026-04-17 05:10:39.688 8 INFO neutron.db.ovn_revision_numbers_db [None req-7519a55f-6826-4ab8-b653-d3a8acfcc1fb 32c8ec0e29f34231b235694246d32a83 b31e54af7230424f8db73284237c7175 - - default default] Successfully bumped revision number for resource d03e7fc7-9a8c-4690-a703-17317443db4f (type: networks) to 1
2026-04-17 05:10:39.844 8 WARNING neutron.scheduler.dhcp_agent_scheduler [None req-7519a55f-6826-4ab8-b653-d3a8acfcc1fb 32c8ec0e29f34231b235694246d32a83 b31e54af7230424f8db73284237c7175 - - default default] No more DHCP agents
2026-04-17 05:10:39.845 8 WARNING neutron.api.rpc.agentnotifiers.dhcp_rpc_agent_api [None req-7519a55f-6826-4ab8-b653-d3a8acfcc1fb 32c8ec0e29f34231b235694246d32a83 b31e54af7230424f8db73284237c7175 - - default default] Unable to schedule network d03e7fc7-9a8c-4690-a703-17317443db4f: no agents available; will retry on subsequent port and subnet creation events.
