2026-06-22 03:08:39.781 10 INFO neutron.db.ovn_revision_numbers_db [None req-6a44f708-1161-42b9-8b8b-4d44dfab281f 5b23a48408e54f02945033320359647c 6fb64b71ac0d407f8707e6be0312285a - - - -] Successfully bumped revision number for resource 08301151-edce-4771-b305-6dea1e83c19c (type: security_group_rules) to 0
2026-06-22 03:08:39.812 10 INFO neutron.wsgi [None req-6a44f708-1161-42b9-8b8b-4d44dfab281f 5b23a48408e54f02945033320359647c 6fb64b71ac0d407f8707e6be0312285a - - - -] 10.0.0.157 "POST /v2.0/security-group-rules HTTP/1.1" status: 201 len: 768 time: 0.1614263
2026-06-22 03:08:39.866 9 INFO neutron.services.segments.plugin [-] Segment 55a59bd4-476f-4ee4-bdf3-eda7ce5c4961 resource provider aggregate not found
2026-06-22 03:08:39.872 9 INFO neutron.services.segments.plugin [-] Segment 55a59bd4-476f-4ee4-bdf3-eda7ce5c4961 resource provider aggregate not found
2026-06-22 03:08:39.895 9 INFO neutron.db.securitygroups_db [None req-948c2b28-0f51-4b29-a209-149a15b48dd8 5b23a48408e54f02945033320359647c 6fb64b71ac0d407f8707e6be0312285a - - - -] Project 6fb64b71ac0d407f8707e6be0312285a added a security group rule with legacy IPv6 ICMP protocol name icmp, ipv6-icmp should be used instead. It was automatically converted.
2026-06-22 03:08:39.906 9 INFO neutron.services.segments.plugin [-] Segment 55a59bd4-476f-4ee4-bdf3-eda7ce5c4961 resource provider not found; error: Placement Client Error (4xx): {"errors": [{"status": 404, "title": "Not Found", "detail": "The resource could not be found.\n\n No resource provider with uuid 55a59bd4-476f-4ee4-bdf3-eda7ce5c4961 found for delete ", "request_id": "req-fbf4e2b9-b80f-4e7f-85ce-c70620f177d2"}]}
2026-06-22 03:08:39.918 9 INFO neutron.services.segments.plugin [-] Segment 55a59bd4-476f-4ee4-bdf3-eda7ce5c4961 resource provider not found; error: Placement Client Error (4xx): {"errors": [{"status": 404, "title": "Not Found", "detail": "The resource could not be found.\n\n No resource provider with uuid 55a59bd4-476f-4ee4-bdf3-eda7ce5c4961 found for delete ", "request_id": "req-da8b7221-00a4-411e-9880-e25e926aabb1"}]}
2026-06-22 03:08:39.961 9 INFO neutron.wsgi [None req-fc46276d-1b01-45b3-a6da-bfdfcc068a12 8086251bb1e549fa9b83ca02c9c768cd 5690f80adfe143659ca6dca2fdfd91c3 - - - -] 10.0.0.157 "DELETE /v2.0/networks/5d0fcbba-7e42-4e0d-b786-371b2abff4e8 HTTP/1.1" status: 204 len: 168 time: 0.4981999
2026-06-22 03:08:40.042 9 INFO neutron.db.ovn_revision_numbers_db [None req-948c2b28-0f51-4b29-a209-149a15b48dd8 5b23a48408e54f02945033320359647c 6fb64b71ac0d407f8707e6be0312285a - - - -] Successfully bumped revision number for resource dcccc62d-a651-428d-a67a-1064a6ba77cb (type: security_group_rules) to 0
2026-06-22 03:08:40.087 9 INFO neutron.wsgi [None req-948c2b28-0f51-4b29-a209-149a15b48dd8 5b23a48408e54f02945033320359647c 6fb64b71ac0d407f8707e6be0312285a - - - -] 10.0.0.157 "POST /v2.0/security-group-rules HTTP/1.1" status: 201 len: 774 time: 0.2700140
2026-06-22 03:08:40.129 9 INFO neutron.db.securitygroups_db [None req-de6c62d9-5840-413f-893b-a86963ce6ee0 5b23a48408e54f02945033320359647c 6fb64b71ac0d407f8707e6be0312285a - - - -] Project 6fb64b71ac0d407f8707e6be0312285a added a security group rule with legacy IPv6 ICMP protocol name icmp, ipv6-icmp should be used instead. It was automatically converted.
2026-06-22 03:08:40.250 9 INFO neutron.db.ovn_revision_numbers_db [None req-de6c62d9-5840-413f-893b-a86963ce6ee0 5b23a48408e54f02945033320359647c 6fb64b71ac0d407f8707e6be0312285a - - - -] Successfully bumped revision number for resource eab81f32-b35a-4a83-bafa-bcd19420f1de (type: security_group_rules) to 0
2026-06-22 03:08:40.274 9 INFO neutron.wsgi [None req-de6c62d9-5840-413f-893b-a86963ce6ee0 5b23a48408e54f02945033320359647c 6fb64b71ac0d407f8707e6be0312285a - - - -] 10.0.0.157 "POST /v2.0/security-group-rules HTTP/1.1" status: 201 len: 773 time: 0.1814778
2026-06-22 03:08:40.533 10 INFO neutron.wsgi [None req-6cc87d2c-2773-4ff8-87d9-3dc2a3e6b0ce 8086251bb1e549fa9b83ca02c9c768cd 5690f80adfe143659ca6dca2fdfd91c3 - - - -] 10.0.0.157 "DELETE /v2.0/networks/a07f113f-03df-4721-936e-fdebec432089 HTTP/1.1" status: 204 len: 168 time: 0.5650463
2026-06-22 03:08:40.551 10 INFO neutron.db.ovn_revision_numbers_db [None req-a34daf7d-6fad-4a72-ab2b-feaeda23798c 6609b7f5512f464d8e054d4c6b06befe 0e85bdd5aed34bc4a78b5a56be3f42f3 - - - -] Successfully bumped revision number for resource bf3581d8-5dfa-4164-ae66-dd0a4ae3bb4c (type: security_groups) to 1
2026-06-22 03:08:40.597 10 INFO neutron.services.segments.plugin [-] Segment 9c1ce353-b918-4eaa-92d0-8f49398a9440 resource provider aggregate not found
2026-06-22 03:08:40.619 10 INFO neutron.services.segments.plugin [-] Segment 9c1ce353-b918-4eaa-92d0-8f49398a9440 resource provider not found; error: Placement Client Error (4xx): {"errors": [{"status": 404, "title": "Not Found", "detail": "The resource could not be found.\n\n No resource provider with uuid 9c1ce353-b918-4eaa-92d0-8f49398a9440 found for delete ", "request_id": "req-5203c646-a123-4a12-bb1b-11e43cf030a9"}]}
2026-06-22 03:08:40.627 10 INFO neutron.services.segments.plugin [-] Segment 9c1ce353-b918-4eaa-92d0-8f49398a9440 resource provider aggregate not found
2026-06-22 03:08:40.638 10 INFO neutron.db.segments_db [None req-a34daf7d-6fad-4a72-ab2b-feaeda23798c 6609b7f5512f464d8e054d4c6b06befe 0e85bdd5aed34bc4a78b5a56be3f42f3 - - - -] Added segment af96cdb4-41fe-45be-959f-6264d4308fad of type geneve for network 208b878e-9590-4aaf-b3ab-768da814dc32
2026-06-22 03:08:40.645 10 INFO neutron.services.segments.plugin [-] Segment 764b0adf-32b1-45f6-bef2-b547c47c7231 resource provider aggregate not found
2026-06-22 03:08:40.651 10 INFO neutron.services.segments.plugin [-] Segment 9c1ce353-b918-4eaa-92d0-8f49398a9440 resource provider not found; error: Placement Client Error (4xx): {"errors": [{"status": 404, "title": "Not Found", "detail": "The resource could not be found.\n\n No resource provider with uuid 9c1ce353-b918-4eaa-92d0-8f49398a9440 found for delete ", "request_id": "req-35c5c0f5-f68b-4614-8544-9e02319e3264"}]}
2026-06-22 03:08:40.676 10 INFO neutron.services.segments.plugin [-] Segment 764b0adf-32b1-45f6-bef2-b547c47c7231 resource provider not found; error: Placement Client Error (4xx): {"errors": [{"status": 404, "title": "Not Found", "detail": "The resource could not be found.\n\n No resource provider with uuid 764b0adf-32b1-45f6-bef2-b547c47c7231 found for delete ", "request_id": "req-f4c37bc8-8587-4b2e-8ee6-f5cce65f78da"}]}
2026-06-22 03:08:40.677 10 INFO neutron.services.segments.plugin [-] Segment 764b0adf-32b1-45f6-bef2-b547c47c7231 resource provider aggregate not found
2026-06-22 03:08:40.700 10 INFO neutron.services.segments.plugin [-] Segment 764b0adf-32b1-45f6-bef2-b547c47c7231 resource provider not found; error: Placement Client Error (4xx): {"errors": [{"status": 404, "title": "Not Found", "detail": "The resource could not be found.\n\n No resource provider with uuid 764b0adf-32b1-45f6-bef2-b547c47c7231 found for delete ", "request_id": "req-5b2292fb-bad9-4dec-90c8-6c1af60e54d7"}]}
2026-06-22 03:08:40.826 10 INFO neutron.wsgi [-] 10.0.0.99 "GET / HTTP/1.1" status: 200 len: 247 time: 0.0016932
2026-06-22 03:08:40.827 10 INFO neutron.wsgi [-] 10.0.0.99 "GET / HTTP/1.1" status: 200 len: 247 time: 0.0010414
2026-06-22 03:08:40.828 10 INFO neutron.db.ovn_revision_numbers_db [None req-a34daf7d-6fad-4a72-ab2b-feaeda23798c 6609b7f5512f464d8e054d4c6b06befe 0e85bdd5aed34bc4a78b5a56be3f42f3 - - - -] Successfully bumped revision number for resource 208b878e-9590-4aaf-b3ab-768da814dc32 (type: networks) to 1
2026-06-22 03:08:40.883 9 INFO neutron.wsgi [None req-7dfc7145-00f3-424f-96b0-ea22945f5f06 5b23a48408e54f02945033320359647c 6fb64b71ac0d407f8707e6be0312285a - - default default] 10.0.0.157 "GET /v2.0/networks HTTP/1.1" status: 200 len: 1492 time: 0.2285707
2026-06-22 03:08:41.049 10 INFO neutron.wsgi [req-ad13fd1a-ae80-41ac-ad13-6de1c1c9eb1d req-83110dd5-efc0-4c37-91e8-d214e488d6ed 5b23a48408e54f02945033320359647c 6fb64b71ac0d407f8707e6be0312285a - - default default] 10.0.0.168 "GET /v2.0/security-groups?name=tempest-secgroup-smoke-639432925&fields=id&tenant_id=6fb64b71ac0d407f8707e6be0312285a HTTP/1.1" status: 200 len: 267 time: 0.0622721
2026-06-22 03:08:41.136 9 INFO neutron.wsgi [None req-c4d8abda-41bf-4b9d-a517-ace2a55c45a7 8086251bb1e549fa9b83ca02c9c768cd 5690f80adfe143659ca6dca2fdfd91c3 - - - -] 10.0.0.157 "DELETE /v2.0/networks/8540e6c3-98f5-43c7-8782-12e0b5994597 HTTP/1.1" status: 204 len: 168 time: 0.5955019
2026-06-22 03:08:41.166 10 WARNING neutron.scheduler.dhcp_agent_scheduler [None req-a34daf7d-6fad-4a72-ab2b-feaeda23798c 6609b7f5512f464d8e054d4c6b06befe 0e85bdd5aed34bc4a78b5a56be3f42f3 - - - -] No more DHCP agents
2026-06-22 03:08:41.174 10 WARNING neutron.api.rpc.agentnotifiers.dhcp_rpc_agent_api [None req-a34daf7d-6fad-4a72-ab2b-feaeda23798c 6609b7f5512f464d8e054d4c6b06befe 0e85bdd5aed34bc4a78b5a56be3f42f3 - - - -] Unable to schedule network 208b878e-9590-4aaf-b3ab-768da814dc32: no agents available; will retry on subsequent port and subnet creation events.
2026-06-22 03:08:41.197 10 INFO neutron.wsgi [req-ad13fd1a-ae80-41ac-ad13-6de1c1c9eb1d req-10781363-114d-47f2-b647-f2d0da90f666 5b23a48408e54f02945033320359647c 6fb64b71ac0d407f8707e6be0312285a - - default default] 10.0.0.168 "GET /v2.0/networks?id=914e2071-8409-458d-9f37-ff7f62011ca0 HTTP/1.1" status: 200 len: 859 time: 0.1394465
2026-06-22 03:08:41.216 10 INFO neutron.wsgi [req-ad13fd1a-ae80-41ac-ad13-6de1c1c9eb1d req-00b62e28-c98c-47f6-b5d6-18e105b47d9c 5b23a48408e54f02945033320359647c 6fb64b71ac0d407f8707e6be0312285a - - default default] 10.0.0.168 "GET /v2.0/quotas/6fb64b71ac0d407f8707e6be0312285a HTTP/1.1" status: 200 len: 386 time: 0.0123975
2026-06-22 03:08:41.307 10 INFO neutron.db.ovn_revision_numbers_db [None req-a34daf7d-6fad-4a72-ab2b-feaeda23798c 6609b7f5512f464d8e054d4c6b06befe 0e85bdd5aed34bc4a78b5a56be3f42f3 - - - -] Successfully bumped revision number for resource 64bca4e7-10f5-4e48-ba57-06d216670707 (type: ports) to 1
2026-06-22 03:08:41.347 10 INFO neutron.wsgi [None req-a34daf7d-6fad-4a72-ab2b-feaeda23798c 6609b7f5512f464d8e054d4c6b06befe 0e85bdd5aed34bc4a78b5a56be3f42f3 - - - -] 10.0.0.157 "POST /v2.0/networks HTTP/1.1" status: 201 len: 849 time: 1.2153857
2026-06-22 03:08:41.362 10 INFO neutron.wsgi [req-ad13fd1a-ae80-41ac-ad13-6de1c1c9eb1d req-7f7a2201-2535-4cf3-ae7f-0eeca006c2b9 5b23a48408e54f02945033320359647c 6fb64b71ac0d407f8707e6be0312285a - - default default] 10.0.0.168 "GET /v2.0/ports?tenant_id=6fb64b71ac0d407f8707e6be0312285a&fields=id HTTP/1.1" status: 200 len: 302 time: 0.1321092
2026-06-22 03:08:41.462 10 INFO neutron.wsgi [req-ad13fd1a-ae80-41ac-ad13-6de1c1c9eb1d req-ece1cdeb-9f55-4ae7-9488-d417ed473196 2d638b332b1c444a82584323ecb62e98 c4f245357b9c452c928ce7cbf29b8c3f - - 8fa89142ed234466828e7144d55eecfd 8fa89142ed234466828e7144d55eecfd] 10.0.0.168 "GET /v2.0/networks/914e2071-8409-458d-9f37-ff7f62011ca0?fields=segments HTTP/1.1" status: 200 len: 212 time: 0.0866146
2026-06-22 03:08:41.574 10 INFO neutron.wsgi [req-ad13fd1a-ae80-41ac-ad13-6de1c1c9eb1d req-37701955-25d4-45b4-a206-836687951d37 2d638b332b1c444a82584323ecb62e98 c4f245357b9c452c928ce7cbf29b8c3f - - 8fa89142ed234466828e7144d55eecfd 8fa89142ed234466828e7144d55eecfd] 10.0.0.168 "GET /v2.0/networks/914e2071-8409-458d-9f37-ff7f62011ca0?fields=provider%3Aphysical_network&fields=provider%3Anetwork_type HTTP/1.1" status: 200 len: 277 time: 0.1027875
2026-06-22 03:08:41.719 10 WARNING neutron.scheduler.dhcp_agent_scheduler [None req-7c127df5-86d3-4c94-a158-b67b39bdfdbe 6609b7f5512f464d8e054d4c6b06befe 0e85bdd5aed34bc4a78b5a56be3f42f3 - - - -] No more DHCP agents
2026-06-22 03:08:41.722 10 WARNING neutron.api.rpc.agentnotifiers.dhcp_rpc_agent_api [None req-7c127df5-86d3-4c94-a158-b67b39bdfdbe 6609b7f5512f464d8e054d4c6b06befe 0e85bdd5aed34bc4a78b5a56be3f42f3 - - - -] Unable to schedule network 208b878e-9590-4aaf-b3ab-768da814dc32: no agents available; will retry on subsequent port and subnet creation events.
2026-06-22 03:08:41.733 10 INFO neutron.db.ovn_revision_numbers_db [None req-7c127df5-86d3-4c94-a158-b67b39bdfdbe 6609b7f5512f464d8e054d4c6b06befe 0e85bdd5aed34bc4a78b5a56be3f42f3 - - - -] Successfully bumped revision number for resource 845e8a11-8c18-4238-b63d-98d8da9e919c (type: subnets) to 0
2026-06-22 03:08:41.755 10 INFO neutron.wsgi [None req-7c127df5-86d3-4c94-a158-b67b39bdfdbe 6609b7f5512f464d8e054d4c6b06befe 0e85bdd5aed34bc4a78b5a56be3f42f3 - - - -] 10.0.0.157 "POST /v2.0/subnets HTTP/1.1" status: 201 len: 802 time: 0.4021063
2026-06-22 03:08:41.806 10 INFO neutron.wsgi [req-7fe4103a-c37f-4790-a6ed-6113262cac5e req-ecde1c33-b8e2-4bb0-9ae7-cd8170f1309e 5b23a48408e54f02945033320359647c 6fb64b71ac0d407f8707e6be0312285a - - default default] 10.0.0.168 "GET /v2.0/ports?device_id=be94b5dd-0afb-40a4-9f7d-b295f210da9a HTTP/1.1" status: 200 len: 210 time: 0.0322707
2026-06-22 03:08:41.940 9 INFO neutron.services.segments.plugin [-] Segment 0d5f3d4c-72c5-420e-9cb7-1bdec6aa2767 resource provider aggregate not found
2026-06-22 03:08:41.980 9 INFO neutron.services.segments.plugin [-] Segment 0d5f3d4c-72c5-420e-9cb7-1bdec6aa2767 resource provider aggregate not found
2026-06-22 03:08:41.987 9 INFO neutron.services.segments.plugin [-] Segment 0d5f3d4c-72c5-420e-9cb7-1bdec6aa2767 resource provider not found; error: Placement Client Error (4xx): {"errors": [{"status": 404, "title": "Not Found", "detail": "The resource could not be found.\n\n No resource provider with uuid 0d5f3d4c-72c5-420e-9cb7-1bdec6aa2767 found for delete ", "request_id": "req-5f3c558b-1db9-4286-a993-3f2c31f860cf"}]}
2026-06-22 03:08:42.017 9 INFO neutron.services.segments.plugin [-] Segment 0d5f3d4c-72c5-420e-9cb7-1bdec6aa2767 resource provider not found; error: Placement Client Error (4xx): {"errors": [{"status": 404, "title": "Not Found", "detail": "The resource could not be found.\n\n No resource provider with uuid 0d5f3d4c-72c5-420e-9cb7-1bdec6aa2767 found for delete ", "request_id": "req-e37e5828-7dea-42fb-a8cf-c7ec031f6e7c"}]}
2026-06-22 03:08:42.449 9 WARNING neutron.scheduler.dhcp_agent_scheduler [None req-8cb4aab3-4ad3-4654-b481-3d752bdd2a26 6609b7f5512f464d8e054d4c6b06befe 0e85bdd5aed34bc4a78b5a56be3f42f3 - - - -] No more DHCP agents
2026-06-22 03:08:42.453 9 WARNING neutron.api.rpc.agentnotifiers.dhcp_rpc_agent_api [None req-8cb4aab3-4ad3-4654-b481-3d752bdd2a26 6609b7f5512f464d8e054d4c6b06befe 0e85bdd5aed34bc4a78b5a56be3f42f3 - - - -] Unable to schedule network 9c803c74-4730-478b-81e3-55f84c7e6c67: no agents available; will retry on subsequent port and subnet creation events.
2026-06-22 03:08:42.549 10 INFO neutron.wsgi [None req-9c97360e-b58c-403b-a6df-588d5fe83398 995443913f674e018dccae376be97077 4bb17ac0aa45476aa87e5845b8a62079 - - default default] 10.0.0.157 "GET /v2.0/security-groups?tenant_id=5690f80adfe143659ca6dca2fdfd91c3&name=default HTTP/1.1" status: 200 len: 2996 time: 0.3754718
2026-06-22 03:08:42.688 9 INFO neutron.db.ovn_revision_numbers_db [None req-8cb4aab3-4ad3-4654-b481-3d752bdd2a26 6609b7f5512f464d8e054d4c6b06befe 0e85bdd5aed34bc4a78b5a56be3f42f3 - - - -] Successfully bumped revision number for resource 0a82a9a2-7a95-4bbf-865a-7be955ce75be (type: ports) to 1
2026-06-22 03:08:42.733 9 INFO neutron.wsgi [req-ad13fd1a-ae80-41ac-ad13-6de1c1c9eb1d req-e99b1334-c084-480c-a02d-50429abe1e29 5b23a48408e54f02945033320359647c 6fb64b71ac0d407f8707e6be0312285a - - default default] 199.204.45.38 "GET /v2.0/networks?id=914e2071-8409-458d-9f37-ff7f62011ca0 HTTP/1.1" status: 200 len: 859 time: 0.1454298
2026-06-22 03:08:42.848 10 INFO neutron.wsgi [None req-3768a14f-c795-4fb8-9341-37511a476017 995443913f674e018dccae376be97077 4bb17ac0aa45476aa87e5845b8a62079 - - - -] 10.0.0.157 "DELETE /v2.0/security-groups/ce176919-6278-4c61-bfb7-baf9b0da4766 HTTP/1.1" status: 204 len: 168 time: 0.2897182
2026-06-22 03:08:42.856 9 INFO neutron.wsgi [req-ad13fd1a-ae80-41ac-ad13-6de1c1c9eb1d req-cafb7767-0bc3-4c89-b347-ef516b1b3f92 5b23a48408e54f02945033320359647c 6fb64b71ac0d407f8707e6be0312285a - - default default] 199.204.45.38 "GET /v2.0/security-groups?fields=id&fields=name&tenant_id=6fb64b71ac0d407f8707e6be0312285a HTTP/1.1" status: 200 len: 379 time: 0.1141818
2026-06-22 03:08:42.927 10 INFO neutron.wsgi [req-2d3d8c74-e7e3-4895-8ee7-ffa6ac1f5d49 req-3b03c269-0a59-47bd-a1d2-23c2e727b47c 5b23a48408e54f02945033320359647c 6fb64b71ac0d407f8707e6be0312285a - - default default] 10.0.0.168 "GET /v2.0/ports?device_id=be94b5dd-0afb-40a4-9f7d-b295f210da9a HTTP/1.1" status: 200 len: 210 time: 0.0370646
2026-06-22 03:08:43.174 10 INFO neutron.db.ovn_revision_numbers_db [None req-9acdf0b5-f01f-4a67-a8db-33e9dcb971ed 995443913f674e018dccae376be97077 4bb17ac0aa45476aa87e5845b8a62079 - - default default] Successfully bumped revision number for resource 53e68ce0-760c-41ae-bad2-3376368cdae7 (type: security_groups) to 1
2026-06-22 03:08:43.199 10 INFO neutron.wsgi [None req-9acdf0b5-f01f-4a67-a8db-33e9dcb971ed 995443913f674e018dccae376be97077 4bb17ac0aa45476aa87e5845b8a62079 - - default default] 10.0.0.157 "GET /v2.0/security-groups?tenant_id=8ad7910b94bc4c2e9b47664bf5674e49&name=default HTTP/1.1" status: 200 len: 2996 time: 0.1625175
2026-06-22 03:08:43.402 10 INFO neutron.wsgi [None req-0f086204-aa49-4cc1-acf1-0dca5e06685e 995443913f674e018dccae376be97077 4bb17ac0aa45476aa87e5845b8a62079 - - - -] 10.0.0.157 "DELETE /v2.0/security-groups/53e68ce0-760c-41ae-bad2-3376368cdae7 HTTP/1.1" status: 204 len: 168 time: 0.1956892
2026-06-22 03:08:43.646 9 WARNING neutron.plugins.ml2.drivers.ovn.mech_driver.ovsdb.ovn_client [None req-3c1d1fd8-5c1a-4eb4-b6fb-6bbac59d8093 - - - - - -] No hosting information found for port f17528f6-1d0b-4b53-a5d3-0d4a325f2e90: RuntimeError: No hosting information found for port f17528f6-1d0b-4b53-a5d3-0d4a325f2e90
2026-06-22 03:08:43.668 10 INFO neutron.db.ovn_revision_numbers_db [None req-d0c37112-4f85-4a7d-a603-f98366de77eb 995443913f674e018dccae376be97077 4bb17ac0aa45476aa87e5845b8a62079 - - default default] Successfully bumped revision number for resource be6fabef-7c03-4077-93a2-e18dd7a1b097 (type: security_groups) to 1
2026-06-22 03:08:43.693 10 INFO neutron.wsgi [None req-d0c37112-4f85-4a7d-a603-f98366de77eb 995443913f674e018dccae376be97077 4bb17ac0aa45476aa87e5845b8a62079 - - default default] 10.0.0.157 "GET /v2.0/security-groups?tenant_id=5c4047612b5c448aaac244c45ec8420e&name=default HTTP/1.1" status: 200 len: 2996 time: 0.1290245
2026-06-22 03:08:43.930 10 INFO neutron.wsgi [None req-f87b2416-e09f-4a34-a925-3a80375b7753 995443913f674e018dccae376be97077 4bb17ac0aa45476aa87e5845b8a62079 - - - -] 10.0.0.157 "DELETE /v2.0/security-groups/be6fabef-7c03-4077-93a2-e18dd7a1b097 HTTP/1.1" status: 204 len: 168 time: 0.2314513
2026-06-22 03:08:43.960 9 WARNING neutron.scheduler.dhcp_agent_scheduler [None req-eda644f4-6463-4840-9632-457dda8d8e56 5b23a48408e54f02945033320359647c 6fb64b71ac0d407f8707e6be0312285a - - - -] No more DHCP agents
2026-06-22 03:08:43.967 9 WARNING neutron.api.rpc.agentnotifiers.dhcp_rpc_agent_api [None req-eda644f4-6463-4840-9632-457dda8d8e56 5b23a48408e54f02945033320359647c 6fb64b71ac0d407f8707e6be0312285a - - - -] Unable to schedule network 914e2071-8409-458d-9f37-ff7f62011ca0: no agents available; will retry on subsequent port and subnet creation events.
2026-06-22 03:08:44.068 10 INFO neutron.wsgi [req-b90f934e-fd3d-43bc-a05c-f7e9491d2654 req-27538e8a-8018-4e26-8d76-24f18576f651 5b23a48408e54f02945033320359647c 6fb64b71ac0d407f8707e6be0312285a - - default default] 10.0.0.168 "GET /v2.0/ports?device_id=be94b5dd-0afb-40a4-9f7d-b295f210da9a HTTP/1.1" status: 200 len: 1156 time: 0.0479538
2026-06-22 03:08:44.090 10 INFO neutron.plugins.ml2.drivers.ovn.mech_driver.mech_driver [None req-e076f914-9f6d-4367-9385-e1e3bafb5fc7 - - - - - -] OVN reports status up for port: 0a82a9a2-7a95-4bbf-865a-7be955ce75be
2026-06-22 03:08:44.099 9 INFO neutron.db.ovn_revision_numbers_db [None req-8cb4aab3-4ad3-4654-b481-3d752bdd2a26 6609b7f5512f464d8e054d4c6b06befe 0e85bdd5aed34bc4a78b5a56be3f42f3 - - - -] Successfully bumped revision number for resource 0a82a9a2-7a95-4bbf-865a-7be955ce75be (type: router_ports) to 1
2026-06-22 03:08:44.101 10 INFO neutron.plugins.ml2.plugin [None req-e076f914-9f6d-4367-9385-e1e3bafb5fc7 - - - - - -] Attempt 1 to provision port 0a82a9a2-7a95-4bbf-865a-7be955ce75be
2026-06-22 03:08:44.128 10 INFO neutron.wsgi [req-b90f934e-fd3d-43bc-a05c-f7e9491d2654 req-11697f4c-2fbe-4e99-96c2-9ef9c9fbfe9b 5b23a48408e54f02945033320359647c 6fb64b71ac0d407f8707e6be0312285a - - default default] 10.0.0.168 "GET /v2.0/security-groups?id=c6e9966a-b6bd-462b-97de-f68ce8e872e1&fields=id&fields=name HTTP/1.1" status: 200 len: 312 time: 0.0516593
2026-06-22 03:08:44.210 9 INFO neutron.db.ovn_revision_numbers_db [None req-8cb4aab3-4ad3-4654-b481-3d752bdd2a26 6609b7f5512f464d8e054d4c6b06befe 0e85bdd5aed34bc4a78b5a56be3f42f3 - - - -] Successfully bumped revision number for resource 4558c121-d8c1-4235-9b2c-b70dcd51b812 (type: routers) to 3
2026-06-22 03:08:44.219 9 INFO neutron.db.ovn_revision_numbers_db [None req-eda644f4-6463-4840-9632-457dda8d8e56 5b23a48408e54f02945033320359647c 6fb64b71ac0d407f8707e6be0312285a - - - -] Successfully bumped revision number for resource 85e81236-3e29-4105-b834-aa4fd9bf0ad5 (type: ports) to 1
2026-06-22 03:08:44.228 9 INFO neutron.wsgi [None req-8cb4aab3-4ad3-4654-b481-3d752bdd2a26 6609b7f5512f464d8e054d4c6b06befe 0e85bdd5aed34bc4a78b5a56be3f42f3 - - - -] 10.0.0.157 "POST /v2.0/routers HTTP/1.1" status: 201 len: 874 time: 2.4664648
2026-06-22 03:08:44.244 9 INFO neutron.wsgi [None req-eda644f4-6463-4840-9632-457dda8d8e56 5b23a48408e54f02945033320359647c 6fb64b71ac0d407f8707e6be0312285a - - - -] 199.204.45.38 "POST /v2.0/ports HTTP/1.1" status: 201 len: 1158 time: 1.3426650 /var/lib/openstack/lib/python3.10/site-packages/pycadf/identifier.py:71: UserWarning: Invalid uuid: neutron. To ensure interoperability, identifiers should be a valid uuid. warnings.warn(('Invalid uuid: %s. To ensure interoperability, '
2026-06-22 03:08:44.681 9 INFO neutron.db.ovn_revision_numbers_db [None req-b2968be9-e6de-464e-961d-bfbff3b86e42 2d638b332b1c444a82584323ecb62e98 c4f245357b9c452c928ce7cbf29b8c3f - - - -] Successfully bumped revision number for resource 85e81236-3e29-4105-b834-aa4fd9bf0ad5 (type: ports) to 2
2026-06-22 03:08:44.910 9 INFO neutron.db.ovn_revision_numbers_db [None req-b2968be9-e6de-464e-961d-bfbff3b86e42 2d638b332b1c444a82584323ecb62e98 c4f245357b9c452c928ce7cbf29b8c3f - - - -] Successfully bumped revision number for resource 85e81236-3e29-4105-b834-aa4fd9bf0ad5 (type: ports) to 2
2026-06-22 03:08:44.926 9 INFO neutron.wsgi [None req-b2968be9-e6de-464e-961d-bfbff3b86e42 2d638b332b1c444a82584323ecb62e98 c4f245357b9c452c928ce7cbf29b8c3f - - - -] 199.204.45.38 "PUT /v2.0/ports/85e81236-3e29-4105-b834-aa4fd9bf0ad5 HTTP/1.1" status: 200 len: 1328 time: 0.6720803
2026-06-22 03:08:44.975 9 INFO neutron.notifiers.nova [-] Nova event matching ['req-122bf23d-730f-40a9-9737-62a2a4285328'] response: {'name': 'network-changed', 'server_uuid': 'be94b5dd-0afb-40a4-9f7d-b295f210da9a', 'tag': '85e81236-3e29-4105-b834-aa4fd9bf0ad5', 'status': 'completed', 'code': 200} /var/lib/openstack/lib/python3.10/site-packages/pycadf/identifier.py:71: UserWarning: Invalid uuid: neutron. To ensure interoperability, identifiers should be a valid uuid. warnings.warn(('Invalid uuid: %s. To ensure interoperability, '
2026-06-22 03:08:45.025 9 INFO neutron.wsgi [req-ad13fd1a-ae80-41ac-ad13-6de1c1c9eb1d req-ec356f96-a931-4249-8ef3-b8d6eaf5393b 2d638b332b1c444a82584323ecb62e98 c4f245357b9c452c928ce7cbf29b8c3f - - 8fa89142ed234466828e7144d55eecfd 8fa89142ed234466828e7144d55eecfd] 199.204.45.38 "GET /v2.0/ports?tenant_id=6fb64b71ac0d407f8707e6be0312285a&device_id=be94b5dd-0afb-40a4-9f7d-b295f210da9a HTTP/1.1" status: 200 len: 1359 time: 0.0436189
2026-06-22 03:08:45.066 9 INFO neutron.wsgi [req-ad13fd1a-ae80-41ac-ad13-6de1c1c9eb1d req-1c02d444-883b-4950-b9cd-c8bc43104b7a 2d638b332b1c444a82584323ecb62e98 c4f245357b9c452c928ce7cbf29b8c3f - - 8fa89142ed234466828e7144d55eecfd 8fa89142ed234466828e7144d55eecfd] 199.204.45.38 "GET /v2.0/floatingips?fixed_ip_address=10.100.0.5&port_id=85e81236-3e29-4105-b834-aa4fd9bf0ad5 HTTP/1.1" status: 200 len: 217 time: 0.0329854
2026-06-22 03:08:45.117 9 INFO neutron.wsgi [req-ad13fd1a-ae80-41ac-ad13-6de1c1c9eb1d req-4d279ac0-582c-4362-9b30-0cf07e671b4e 2d638b332b1c444a82584323ecb62e98 c4f245357b9c452c928ce7cbf29b8c3f - - 8fa89142ed234466828e7144d55eecfd 8fa89142ed234466828e7144d55eecfd] 199.204.45.38 "GET /v2.0/subnets?id=121ad0d2-5ffc-42ef-9c6a-9936e3bddcc5 HTTP/1.1" status: 200 len: 852 time: 0.0450866
2026-06-22 03:08:45.157 9 INFO neutron.wsgi [req-ad13fd1a-ae80-41ac-ad13-6de1c1c9eb1d req-007c7a6e-ae6e-4f2a-95fa-bf1f43b1b5c5 2d638b332b1c444a82584323ecb62e98 c4f245357b9c452c928ce7cbf29b8c3f - - 8fa89142ed234466828e7144d55eecfd 8fa89142ed234466828e7144d55eecfd] 199.204.45.38 "GET /v2.0/ports?network_id=914e2071-8409-458d-9f37-ff7f62011ca0&device_owner=network%3Adhcp HTTP/1.1" status: 200 len: 210 time: 0.0344977
2026-06-22 03:08:45.232 10 WARNING neutron.scheduler.dhcp_agent_scheduler [None req-b70ffc65-cb85-401e-acd2-5636bbeb1018 6609b7f5512f464d8e054d4c6b06befe 0e85bdd5aed34bc4a78b5a56be3f42f3 - - default default] No more DHCP agents
2026-06-22 03:08:45.234 9 INFO neutron.wsgi [req-ad13fd1a-ae80-41ac-ad13-6de1c1c9eb1d req-e1b8deca-b4bb-4ece-bfdd-a9fe82a7c83e 2d638b332b1c444a82584323ecb62e98 c4f245357b9c452c928ce7cbf29b8c3f - - 8fa89142ed234466828e7144d55eecfd 8fa89142ed234466828e7144d55eecfd] 199.204.45.38 "GET /v2.0/networks/914e2071-8409-458d-9f37-ff7f62011ca0?fields=segments HTTP/1.1" status: 200 len: 212 time: 0.0708210
2026-06-22 03:08:45.237 10 WARNING neutron.api.rpc.agentnotifiers.dhcp_rpc_agent_api [None req-b70ffc65-cb85-401e-acd2-5636bbeb1018 6609b7f5512f464d8e054d4c6b06befe 0e85bdd5aed34bc4a78b5a56be3f42f3 - - default default] Unable to schedule network 208b878e-9590-4aaf-b3ab-768da814dc32: no agents available; will retry on subsequent port and subnet creation events.
2026-06-22 03:08:45.249 10 INFO neutron.wsgi [req-82203c32-9f01-4c0b-b5ea-ff4dfadcb865 req-e3e50b42-0ece-4a8d-8f5e-3ae995b52ef5 5b23a48408e54f02945033320359647c 6fb64b71ac0d407f8707e6be0312285a - - default default] 10.0.0.168 "GET /v2.0/ports?device_id=be94b5dd-0afb-40a4-9f7d-b295f210da9a HTTP/1.1" status: 200 len: 1168 time: 0.0415676
2026-06-22 03:08:45.307 9 INFO neutron.wsgi [req-ad13fd1a-ae80-41ac-ad13-6de1c1c9eb1d req-15a258ea-faae-4d2b-a206-9dd38180a737 2d638b332b1c444a82584323ecb62e98 c4f245357b9c452c928ce7cbf29b8c3f - - 8fa89142ed234466828e7144d55eecfd 8fa89142ed234466828e7144d55eecfd] 199.204.45.38 "GET /v2.0/networks/914e2071-8409-458d-9f37-ff7f62011ca0?fields=provider%3Aphysical_network&fields=provider%3Anetwork_type HTTP/1.1" status: 200 len: 277 time: 0.0627112
2026-06-22 03:08:45.318 10 INFO neutron.wsgi [req-82203c32-9f01-4c0b-b5ea-ff4dfadcb865 req-008e0e45-8a85-4053-9db3-5e61a02fe2e7 5b23a48408e54f02945033320359647c 6fb64b71ac0d407f8707e6be0312285a - - default default] 10.0.0.168 "GET /v2.0/security-groups?id=c6e9966a-b6bd-462b-97de-f68ce8e872e1&fields=id&fields=name HTTP/1.1" status: 200 len: 312 time: 0.0594540
2026-06-22 03:08:45.406 9 INFO neutron.wsgi [req-7b736576-9e92-4478-b5e7-01c71ad4cb18 req-9e81e482-1fa6-4b9a-8560-9c33e54a6a90 2d638b332b1c444a82584323ecb62e98 c4f245357b9c452c928ce7cbf29b8c3f - - 8fa89142ed234466828e7144d55eecfd 8fa89142ed234466828e7144d55eecfd] 199.204.45.38 "GET /v2.0/ports?tenant_id=6fb64b71ac0d407f8707e6be0312285a&device_id=be94b5dd-0afb-40a4-9f7d-b295f210da9a HTTP/1.1" status: 200 len: 1359 time: 0.0513763
2026-06-22 03:08:45.427 10 INFO neutron.db.ovn_revision_numbers_db [None req-b70ffc65-cb85-401e-acd2-5636bbeb1018 6609b7f5512f464d8e054d4c6b06befe 0e85bdd5aed34bc4a78b5a56be3f42f3 - - default default] Successfully bumped revision number for resource f53bb7a9-5b80-4544-bc59-0bfd034e0574 (type: ports) to 1
2026-06-22 03:08:45.475 9 INFO neutron.wsgi [req-7b736576-9e92-4478-b5e7-01c71ad4cb18 req-00f81fae-d6ef-48ce-8bb3-2635b04dd94d 2d638b332b1c444a82584323ecb62e98 c4f245357b9c452c928ce7cbf29b8c3f - - 8fa89142ed234466828e7144d55eecfd 8fa89142ed234466828e7144d55eecfd] 199.204.45.38 "GET /v2.0/networks?id=914e2071-8409-458d-9f37-ff7f62011ca0 HTTP/1.1" status: 200 len: 958 time: 0.0551622
2026-06-22 03:08:45.519 9 INFO neutron.wsgi [req-7b736576-9e92-4478-b5e7-01c71ad4cb18 req-9da9b04d-18f6-4eb2-af6b-800df0cef2ce 2d638b332b1c444a82584323ecb62e98 c4f245357b9c452c928ce7cbf29b8c3f - - 8fa89142ed234466828e7144d55eecfd 8fa89142ed234466828e7144d55eecfd] 199.204.45.38 "GET /v2.0/floatingips?fixed_ip_address=10.100.0.5&port_id=85e81236-3e29-4105-b834-aa4fd9bf0ad5 HTTP/1.1" status: 200 len: 217 time: 0.0335934
2026-06-22 03:08:45.552 9 INFO neutron.plugins.ml2.drivers.ovn.mech_driver.mech_driver [None req-3c1d1fd8-5c1a-4eb4-b6fb-6bbac59d8093 - - - - - -] OVN reports status up for port: 85e81236-3e29-4105-b834-aa4fd9bf0ad5
2026-06-22 03:08:45.574 9 INFO neutron.wsgi [req-7b736576-9e92-4478-b5e7-01c71ad4cb18 req-3f1e65c2-e47d-45a5-a883-350c63cf2abc 2d638b332b1c444a82584323ecb62e98 c4f245357b9c452c928ce7cbf29b8c3f - - 8fa89142ed234466828e7144d55eecfd 8fa89142ed234466828e7144d55eecfd] 199.204.45.38 "GET /v2.0/subnets?id=121ad0d2-5ffc-42ef-9c6a-9936e3bddcc5 HTTP/1.1" status: 200 len: 852 time: 0.0490079
2026-06-22 03:08:45.576 9 INFO neutron.plugins.ml2.plugin [None req-3c1d1fd8-5c1a-4eb4-b6fb-6bbac59d8093 - - - - - -] Attempt 1 to provision port 85e81236-3e29-4105-b834-aa4fd9bf0ad5
2026-06-22 03:08:45.627 9 INFO neutron.wsgi [req-7b736576-9e92-4478-b5e7-01c71ad4cb18 req-cd408411-727a-4423-975c-2afaba0ef4dd 2d638b332b1c444a82584323ecb62e98 c4f245357b9c452c928ce7cbf29b8c3f - - 8fa89142ed234466828e7144d55eecfd 8fa89142ed234466828e7144d55eecfd] 199.204.45.38 "GET /v2.0/ports?network_id=914e2071-8409-458d-9f37-ff7f62011ca0&device_owner=network%3Adhcp HTTP/1.1" status: 200 len: 210 time: 0.0362625
2026-06-22 03:08:45.713 9 INFO neutron.wsgi [req-7b736576-9e92-4478-b5e7-01c71ad4cb18 req-2022a0b8-e528-44b8-86be-e8c3c80e9adc 2d638b332b1c444a82584323ecb62e98 c4f245357b9c452c928ce7cbf29b8c3f - - 8fa89142ed234466828e7144d55eecfd 8fa89142ed234466828e7144d55eecfd] 199.204.45.38 "GET /v2.0/networks/914e2071-8409-458d-9f37-ff7f62011ca0?fields=segments HTTP/1.1" status: 200 len: 212 time: 0.0796156
2026-06-22 03:08:45.795 9 INFO neutron.wsgi [req-7b736576-9e92-4478-b5e7-01c71ad4cb18 req-dd4fa804-c14f-4c58-8fe4-fa7bdf90752d 2d638b332b1c444a82584323ecb62e98 c4f245357b9c452c928ce7cbf29b8c3f - - 8fa89142ed234466828e7144d55eecfd 8fa89142ed234466828e7144d55eecfd] 199.204.45.38 "GET /v2.0/networks/914e2071-8409-458d-9f37-ff7f62011ca0?fields=provider%3Aphysical_network&fields=provider%3Anetwork_type HTTP/1.1" status: 200 len: 277 time: 0.0722516
2026-06-22 03:08:45.952 9 INFO neutron.db.ovn_revision_numbers_db [None req-3c1d1fd8-5c1a-4eb4-b6fb-6bbac59d8093 - - - - - -] Successfully bumped revision number for resource 85e81236-3e29-4105-b834-aa4fd9bf0ad5 (type: ports) to 4
2026-06-22 03:08:46.086 10 INFO neutron.db.ovn_revision_numbers_db [None req-b70ffc65-cb85-401e-acd2-5636bbeb1018 6609b7f5512f464d8e054d4c6b06befe 0e85bdd5aed34bc4a78b5a56be3f42f3 - - default default] Successfully bumped revision number for resource f53bb7a9-5b80-4544-bc59-0bfd034e0574 (type: router_ports) to 2
2026-06-22 03:08:46.269 10 INFO neutron.db.ovn_revision_numbers_db [None req-b70ffc65-cb85-401e-acd2-5636bbeb1018 6609b7f5512f464d8e054d4c6b06befe 0e85bdd5aed34bc4a78b5a56be3f42f3 - - default default] Successfully bumped revision number for resource f53bb7a9-5b80-4544-bc59-0bfd034e0574 (type: ports) to 2
2026-06-22 03:08:46.375 10 WARNING neutron.scheduler.dhcp_agent_scheduler [None req-b70ffc65-cb85-401e-acd2-5636bbeb1018 6609b7f5512f464d8e054d4c6b06befe 0e85bdd5aed34bc4a78b5a56be3f42f3 - - default default] No more DHCP agents
2026-06-22 03:08:46.380 10 WARNING neutron.api.rpc.agentnotifiers.dhcp_rpc_agent_api [None req-b70ffc65-cb85-401e-acd2-5636bbeb1018 6609b7f5512f464d8e054d4c6b06befe 0e85bdd5aed34bc4a78b5a56be3f42f3 - - default default] Unable to schedule network 208b878e-9590-4aaf-b3ab-768da814dc32: no agents available; will retry on subsequent port and subnet creation events.
2026-06-22 03:08:46.558 10 INFO neutron.wsgi [req-be08d621-4530-4b69-aa55-d055a0a22e8f req-a6e94d30-fb55-49f7-a283-5a05c3d49be2 5b23a48408e54f02945033320359647c 6fb64b71ac0d407f8707e6be0312285a - - default default] 10.0.0.168 "GET /v2.0/ports?device_id=be94b5dd-0afb-40a4-9f7d-b295f210da9a HTTP/1.1" status: 200 len: 1170 time: 0.1521828
2026-06-22 03:08:46.632 10 INFO neutron.wsgi [req-be08d621-4530-4b69-aa55-d055a0a22e8f req-b83bf3a4-184e-4ec5-bc1a-174d5f9ee0fc 5b23a48408e54f02945033320359647c 6fb64b71ac0d407f8707e6be0312285a - - default default] 10.0.0.168 "GET /v2.0/security-groups?id=c6e9966a-b6bd-462b-97de-f68ce8e872e1&fields=id&fields=name HTTP/1.1" status: 200 len: 312 time: 0.0626283
2026-06-22 03:08:46.801 10 INFO neutron.db.ovn_revision_numbers_db [None req-b70ffc65-cb85-401e-acd2-5636bbeb1018 6609b7f5512f464d8e054d4c6b06befe 0e85bdd5aed34bc4a78b5a56be3f42f3 - - - -] Successfully bumped revision number for resource f53bb7a9-5b80-4544-bc59-0bfd034e0574 (type: router_ports) to 2
2026-06-22 03:08:46.805 10 INFO neutron.wsgi [None req-b70ffc65-cb85-401e-acd2-5636bbeb1018 6609b7f5512f464d8e054d4c6b06befe 0e85bdd5aed34bc4a78b5a56be3f42f3 - - - -] 10.0.0.157 "PUT /v2.0/routers/4558c121-d8c1-4235-9b2c-b70dcd51b812/add_router_interface HTTP/1.1" status: 200 len: 503 time: 2.5691657
2026-06-22 03:08:47.028 9 INFO neutron.notifiers.nova [-] Nova event matching ['req-69a7cc77-911b-472c-82e8-d4c2e83f69d2'] response: {'server_uuid': 'be94b5dd-0afb-40a4-9f7d-b295f210da9a', 'name': 'network-vif-plugged', 'status': 'completed', 'tag': '85e81236-3e29-4105-b834-aa4fd9bf0ad5', 'code': 200}
2026-06-22 03:08:47.028 9 INFO neutron.notifiers.nova [-] Nova event matching ['req-69a7cc77-911b-472c-82e8-d4c2e83f69d2'] response: {'server_uuid': 'be94b5dd-0afb-40a4-9f7d-b295f210da9a', 'name': 'network-vif-plugged', 'status': 'completed', 'tag': '85e81236-3e29-4105-b834-aa4fd9bf0ad5', 'code': 200}
2026-06-22 03:08:47.212 10 WARNING neutron.scheduler.dhcp_agent_scheduler [None req-2afed47f-430a-4b06-bb21-3b4eb368bf0b 6609b7f5512f464d8e054d4c6b06befe 0e85bdd5aed34bc4a78b5a56be3f42f3 - - - -] No more DHCP agents
2026-06-22 03:08:47.215 10 WARNING neutron.api.rpc.agentnotifiers.dhcp_rpc_agent_api [None req-2afed47f-430a-4b06-bb21-3b4eb368bf0b 6609b7f5512f464d8e054d4c6b06befe 0e85bdd5aed34bc4a78b5a56be3f42f3 - - - -] Unable to schedule network 208b878e-9590-4aaf-b3ab-768da814dc32: no agents available; will retry on subsequent port and subnet creation events.
2026-06-22 03:08:47.419 10 INFO neutron.db.ovn_revision_numbers_db [None req-2afed47f-430a-4b06-bb21-3b4eb368bf0b 6609b7f5512f464d8e054d4c6b06befe 0e85bdd5aed34bc4a78b5a56be3f42f3 - - - -] Successfully bumped revision number for resource a625487f-8c7f-457d-bb89-984ef6e5e145 (type: ports) to 1
2026-06-22 03:08:47.455 10 INFO neutron.wsgi [None req-2afed47f-430a-4b06-bb21-3b4eb368bf0b 6609b7f5512f464d8e054d4c6b06befe 0e85bdd5aed34bc4a78b5a56be3f42f3 - - - -] 10.0.0.157 "POST /v2.0/ports HTTP/1.1" status: 201 len: 1153 time: 0.6439312 /var/lib/openstack/lib/python3.10/site-packages/pycadf/identifier.py:71: UserWarning: Invalid uuid: neutron. To ensure interoperability, identifiers should be a valid uuid. warnings.warn(('Invalid uuid: %s. To ensure interoperability, '
2026-06-22 03:08:47.776 10 INFO neutron.wsgi [req-b09d2e5e-a9c6-43c3-8e51-e2ede5a02682 req-8e3ec940-67a6-4420-ba9a-c313f0a6e715 5b23a48408e54f02945033320359647c 6fb64b71ac0d407f8707e6be0312285a - - default default] 10.0.0.168 "GET /v2.0/ports?device_id=be94b5dd-0afb-40a4-9f7d-b295f210da9a HTTP/1.1" status: 200 len: 1170 time: 0.0404677
2026-06-22 03:08:47.831 10 INFO neutron.wsgi [req-b09d2e5e-a9c6-43c3-8e51-e2ede5a02682 req-18e37adb-872c-46bc-ae35-62b7b674ce7d 5b23a48408e54f02945033320359647c 6fb64b71ac0d407f8707e6be0312285a - - default default] 10.0.0.168 "GET /v2.0/security-groups?id=c6e9966a-b6bd-462b-97de-f68ce8e872e1&fields=id&fields=name HTTP/1.1" status: 200 len: 312 time: 0.0485833
2026-06-22 03:08:47.859 10 WARNING neutron.scheduler.dhcp_agent_scheduler [None req-7c16e6dd-50da-493f-855f-3a3664c4ac0d 6609b7f5512f464d8e054d4c6b06befe 0e85bdd5aed34bc4a78b5a56be3f42f3 - - - -] No more DHCP agents
2026-06-22 03:08:47.862 10 WARNING neutron.api.rpc.agentnotifiers.dhcp_rpc_agent_api [None req-7c16e6dd-50da-493f-855f-3a3664c4ac0d 6609b7f5512f464d8e054d4c6b06befe 0e85bdd5aed34bc4a78b5a56be3f42f3 - - - -] Unable to schedule network 208b878e-9590-4aaf-b3ab-768da814dc32: no agents available; will retry on subsequent port and subnet creation events. /var/lib/openstack/lib/python3.10/site-packages/pycadf/identifier.py:71: UserWarning: Invalid uuid: neutron. To ensure interoperability, identifiers should be a valid uuid. warnings.warn(('Invalid uuid: %s. To ensure interoperability, '
2026-06-22 03:08:47.982 10 INFO neutron.wsgi [req-d731fd83-8218-484a-a186-848c14fa6c41 req-a1d138d1-7955-4531-91d9-6f857f9e5ab0 5b23a48408e54f02945033320359647c 6fb64b71ac0d407f8707e6be0312285a - - default default] 10.0.0.168 "GET /v2.0/ports?device_id=be94b5dd-0afb-40a4-9f7d-b295f210da9a HTTP/1.1" status: 200 len: 1170 time: 0.0737181
2026-06-22 03:08:48.072 10 INFO neutron.wsgi [req-d731fd83-8218-484a-a186-848c14fa6c41 req-69aa931a-70b3-42a0-8303-6e2e384ffc1c 5b23a48408e54f02945033320359647c 6fb64b71ac0d407f8707e6be0312285a - - default default] 10.0.0.168 "GET /v2.0/security-groups?id=c6e9966a-b6bd-462b-97de-f68ce8e872e1&fields=id&fields=name HTTP/1.1" status: 200 len: 312 time: 0.0834613 /var/lib/openstack/lib/python3.10/site-packages/pycadf/identifier.py:71: UserWarning: Invalid uuid: neutron. To ensure interoperability, identifiers should be a valid uuid. warnings.warn(('Invalid uuid: %s. To ensure interoperability, '
2026-06-22 03:08:48.123 10 INFO neutron.db.ovn_revision_numbers_db [None req-7c16e6dd-50da-493f-855f-3a3664c4ac0d 6609b7f5512f464d8e054d4c6b06befe 0e85bdd5aed34bc4a78b5a56be3f42f3 - - - -] Successfully bumped revision number for resource 6d882d6b-8a97-415d-ab10-92abbd6f8a43 (type: ports) to 1
2026-06-22 03:08:48.151 10 INFO neutron.wsgi [None req-7c16e6dd-50da-493f-855f-3a3664c4ac0d 6609b7f5512f464d8e054d4c6b06befe 0e85bdd5aed34bc4a78b5a56be3f42f3 - - - -] 10.0.0.157 "POST /v2.0/ports HTTP/1.1" status: 201 len: 1153 time: 0.6894839
2026-06-22 03:08:48.173 9 INFO neutron.wsgi [None req-42fd3dd9-28d7-4e9c-8d19-6982a2a5b9fd 52927e8043af48ba95ae4ffe2778b903 60c88d053b244fa3b04fcacd1f2bcd92 - - default default] 10.0.0.157 "GET /v2.0/ports?device_id=be94b5dd-0afb-40a4-9f7d-b295f210da9a HTTP/1.1" status: 200 len: 1356 time: 0.0689371
2026-06-22 03:08:49.002 9 WARNING neutron.scheduler.dhcp_agent_scheduler [None req-300c81de-47d8-4ab6-babf-f74d1f87661d 5b23a48408e54f02945033320359647c 6fb64b71ac0d407f8707e6be0312285a - - - -] No more DHCP agents
2026-06-22 03:08:49.005 9 WARNING neutron.api.rpc.agentnotifiers.dhcp_rpc_agent_api [None req-300c81de-47d8-4ab6-babf-f74d1f87661d 5b23a48408e54f02945033320359647c 6fb64b71ac0d407f8707e6be0312285a - - - -] Unable to schedule network 9c803c74-4730-478b-81e3-55f84c7e6c67: no agents available; will retry on subsequent port and subnet creation events.
2026-06-22 03:08:49.009 9 WARNING neutron.scheduler.dhcp_agent_scheduler [None req-e611eb10-188c-4fca-a6f8-232194ab9568 6609b7f5512f464d8e054d4c6b06befe 0e85bdd5aed34bc4a78b5a56be3f42f3 - - - -] No more DHCP agents
2026-06-22 03:08:49.018 9 WARNING neutron.api.rpc.agentnotifiers.dhcp_rpc_agent_api [None req-e611eb10-188c-4fca-a6f8-232194ab9568 6609b7f5512f464d8e054d4c6b06befe 0e85bdd5aed34bc4a78b5a56be3f42f3 - - - -] Unable to schedule network 9c803c74-4730-478b-81e3-55f84c7e6c67: no agents available; will retry on subsequent port and subnet creation events.
2026-06-22 03:08:49.048 10 INFO neutron.db.ovn_revision_numbers_db [None req-49d07b1b-e4c2-4c7c-9e15-8e262736fc43 2dfb4e50e3b14b7bbdaf852f15b812d2 ecaf4055a7694d64bffde48945a39888 - - - -] Successfully bumped revision number for resource 640305bd-99e8-46b0-8f89-b9aca8bf3396 (type: security_groups) to 1
2026-06-22 03:08:49.105 10 INFO neutron.db.segments_db [None req-49d07b1b-e4c2-4c7c-9e15-8e262736fc43 2dfb4e50e3b14b7bbdaf852f15b812d2 ecaf4055a7694d64bffde48945a39888 - - - -] Added segment 57d890c2-2d75-4a74-a7a7-0a8783e3811c of type geneve for network 526c5a73-a307-468e-8cd7-2791357a9c1e
2026-06-22 03:08:49.264 10 INFO neutron.db.ovn_revision_numbers_db [None req-49d07b1b-e4c2-4c7c-9e15-8e262736fc43 2dfb4e50e3b14b7bbdaf852f15b812d2 ecaf4055a7694d64bffde48945a39888 - - - -] Successfully bumped revision number for resource 526c5a73-a307-468e-8cd7-2791357a9c1e (type: networks) to 1
2026-06-22 03:08:49.491 10 WARNING neutron.scheduler.dhcp_agent_scheduler [None req-49d07b1b-e4c2-4c7c-9e15-8e262736fc43 2dfb4e50e3b14b7bbdaf852f15b812d2 ecaf4055a7694d64bffde48945a39888 - - - -] No more DHCP agents
2026-06-22 03:08:49.493 10 WARNING neutron.api.rpc.agentnotifiers.dhcp_rpc_agent_api [None req-49d07b1b-e4c2-4c7c-9e15-8e262736fc43 2dfb4e50e3b14b7bbdaf852f15b812d2 ecaf4055a7694d64bffde48945a39888 - - - -] Unable to schedule network 526c5a73-a307-468e-8cd7-2791357a9c1e: no agents available; will retry on subsequent port and subnet creation events.
2026-06-22 03:08:49.570 10 INFO neutron.db.ovn_revision_numbers_db [None req-49d07b1b-e4c2-4c7c-9e15-8e262736fc43 2dfb4e50e3b14b7bbdaf852f15b812d2 ecaf4055a7694d64bffde48945a39888 - - - -] Successfully bumped revision number for resource 3a4c50ac-9599-4b07-a7a8-3fff035927d5 (type: ports) to 1
2026-06-22 03:08:49.597 10 INFO neutron.wsgi [None req-49d07b1b-e4c2-4c7c-9e15-8e262736fc43 2dfb4e50e3b14b7bbdaf852f15b812d2 ecaf4055a7694d64bffde48945a39888 - - - -] 10.0.0.157 "POST /v2.0/networks HTTP/1.1" status: 201 len: 831 time: 0.9270520
2026-06-22 03:08:49.768 9 INFO neutron.db.l3_db [None req-300c81de-47d8-4ab6-babf-f74d1f87661d 5b23a48408e54f02945033320359647c 6fb64b71ac0d407f8707e6be0312285a - - - -] Floating IP 2175717e-0885-4fa8-9828-0650cff22b39 associated. External IP: 10.96.250.208, port: 85e81236-3e29-4105-b834-aa4fd9bf0ad5.
2026-06-22 03:08:49.772 9 INFO neutron.db.l3_db [None req-e611eb10-188c-4fca-a6f8-232194ab9568 6609b7f5512f464d8e054d4c6b06befe 0e85bdd5aed34bc4a78b5a56be3f42f3 - - - -] Floating IP 8c0e9a75-7124-4b87-b02c-77577f4d6998 associated. External IP: 10.96.250.220, port: 6d882d6b-8a97-415d-ab10-92abbd6f8a43.
2026-06-22 03:08:49.874 10 WARNING neutron.scheduler.dhcp_agent_scheduler [None req-45c37c65-c7f9-4f54-a6ee-398f6ca99ccb 2dfb4e50e3b14b7bbdaf852f15b812d2 ecaf4055a7694d64bffde48945a39888 - - - -] No more DHCP agents
2026-06-22 03:08:49.876 10 WARNING neutron.api.rpc.agentnotifiers.dhcp_rpc_agent_api [None req-45c37c65-c7f9-4f54-a6ee-398f6ca99ccb 2dfb4e50e3b14b7bbdaf852f15b812d2 ecaf4055a7694d64bffde48945a39888 - - - -] Unable to schedule network 526c5a73-a307-468e-8cd7-2791357a9c1e: no agents available; will retry on subsequent port and subnet creation events.
2026-06-22 03:08:50.086 10 WARNING neutron.plugins.ml2.drivers.ovn.mech_driver.ovsdb.ovn_client [None req-e076f914-9f6d-4367-9385-e1e3bafb5fc7 - - - - - -] No hosting information found for port 0a82a9a2-7a95-4bbf-865a-7be955ce75be: RuntimeError: No hosting information found for port 0a82a9a2-7a95-4bbf-865a-7be955ce75be
2026-06-22 03:08:50.086 10 INFO neutron.plugins.ml2.drivers.ovn.mech_driver.mech_driver [None req-e076f914-9f6d-4367-9385-e1e3bafb5fc7 - - - - - -] OVN reports status up for port: f53bb7a9-5b80-4544-bc59-0bfd034e0574
2026-06-22 03:08:50.092 9 INFO neutron.db.ovn_revision_numbers_db [None req-300c81de-47d8-4ab6-babf-f74d1f87661d 5b23a48408e54f02945033320359647c 6fb64b71ac0d407f8707e6be0312285a - - - -] Successfully bumped revision number for resource 2175717e-0885-4fa8-9828-0650cff22b39 (type: floatingips) to 0
2026-06-22 03:08:50.099 10 INFO neutron.plugins.ml2.plugin [None req-e076f914-9f6d-4367-9385-e1e3bafb5fc7 - - - - - -] Attempt 1 to provision port f53bb7a9-5b80-4544-bc59-0bfd034e0574
2026-06-22 03:08:50.116 9 INFO neutron.db.ovn_revision_numbers_db [None req-e611eb10-188c-4fca-a6f8-232194ab9568 6609b7f5512f464d8e054d4c6b06befe 0e85bdd5aed34bc4a78b5a56be3f42f3 - - - -] Successfully bumped revision number for resource 8c0e9a75-7124-4b87-b02c-77577f4d6998 (type: floatingips) to 0
2026-06-22 03:08:50.681 9 INFO neutron.db.ovn_revision_numbers_db [None req-300c81de-47d8-4ab6-babf-f74d1f87661d 5b23a48408e54f02945033320359647c 6fb64b71ac0d407f8707e6be0312285a - - - -] Successfully bumped revision number for resource 2175717e-0885-4fa8-9828-0650cff22b39 (type: floatingips) to 1
2026-06-22 03:08:50.683 9 INFO neutron.db.ovn_revision_numbers_db [None req-e611eb10-188c-4fca-a6f8-232194ab9568 6609b7f5512f464d8e054d4c6b06befe 0e85bdd5aed34bc4a78b5a56be3f42f3 - - - -] Successfully bumped revision number for resource 8c0e9a75-7124-4b87-b02c-77577f4d6998 (type: floatingips) to 1
2026-06-22 03:08:50.744 9 INFO neutron.wsgi [None req-e611eb10-188c-4fca-a6f8-232194ab9568 6609b7f5512f464d8e054d4c6b06befe 0e85bdd5aed34bc4a78b5a56be3f42f3 - - - -] 10.0.0.157 "POST /v2.0/floatingips HTTP/1.1" status: 201 len: 1040 time: 2.5835540
2026-06-22 03:08:50.745 9 INFO neutron.wsgi [None req-300c81de-47d8-4ab6-babf-f74d1f87661d 5b23a48408e54f02945033320359647c 6fb64b71ac0d407f8707e6be0312285a - - - -] 10.0.0.157 "POST /v2.0/floatingips HTTP/1.1" status: 201 len: 1054 time: 2.5657072 /var/lib/openstack/lib/python3.10/site-packages/pycadf/identifier.py:71: UserWarning: Invalid uuid: neutron. To ensure interoperability, identifiers should be a valid uuid. warnings.warn(('Invalid uuid: %s. To ensure interoperability, '
2026-06-22 03:08:50.787 9 INFO neutron.notifiers.nova [-] Nova event matching ['req-c84a7a70-22fa-456f-8ce6-e8c9aa2b70cb'] response: {'name': 'network-changed', 'server_uuid': 'be94b5dd-0afb-40a4-9f7d-b295f210da9a', 'tag': '85e81236-3e29-4105-b834-aa4fd9bf0ad5', 'status': 'completed', 'code': 200}
2026-06-22 03:08:50.821 9 INFO neutron.wsgi [None req-b6c249a6-bb68-402e-bb09-1ca093e18a2d 5b23a48408e54f02945033320359647c 6fb64b71ac0d407f8707e6be0312285a - - default default] 10.0.0.157 "GET /v2.0/floatingips/2175717e-0885-4fa8-9828-0650cff22b39 HTTP/1.1" status: 200 len: 1051 time: 0.0680821
2026-06-22 03:08:50.869 9 INFO neutron.wsgi [req-ca158774-1447-489b-beb5-8a6fea8e5507 req-430ffa3b-50ef-40af-a9ef-0896494e78a8 2d638b332b1c444a82584323ecb62e98 c4f245357b9c452c928ce7cbf29b8c3f - - 8fa89142ed234466828e7144d55eecfd 8fa89142ed234466828e7144d55eecfd] 199.204.45.38 "GET /v2.0/ports?tenant_id=6fb64b71ac0d407f8707e6be0312285a&device_id=be94b5dd-0afb-40a4-9f7d-b295f210da9a HTTP/1.1" status: 200 len: 1361 time: 0.0459831
2026-06-22 03:08:50.933 10 INFO neutron.db.ovn_revision_numbers_db [None req-e076f914-9f6d-4367-9385-e1e3bafb5fc7 - - - - - -] Successfully bumped revision number for resource f53bb7a9-5b80-4544-bc59-0bfd034e0574 (type: ports) to 3
2026-06-22 03:08:50.957 9 INFO neutron.wsgi [req-ca158774-1447-489b-beb5-8a6fea8e5507 req-ea215b90-16ea-4819-a79d-212afc0d1737 2d638b332b1c444a82584323ecb62e98 c4f245357b9c452c928ce7cbf29b8c3f - - 8fa89142ed234466828e7144d55eecfd 8fa89142ed234466828e7144d55eecfd] 199.204.45.38 "GET /v2.0/networks?id=914e2071-8409-458d-9f37-ff7f62011ca0 HTTP/1.1" status: 200 len: 958 time: 0.0760255
2026-06-22 03:08:50.958 9 INFO neutron.db.l3_db [None req-61c92282-fa79-49c4-8d19-823581449745 6609b7f5512f464d8e054d4c6b06befe 0e85bdd5aed34bc4a78b5a56be3f42f3 - - - -] Floating IP 8c0e9a75-7124-4b87-b02c-77577f4d6998 disassociated. External IP: 10.96.250.220, port: 6d882d6b-8a97-415d-ab10-92abbd6f8a43. /var/lib/openstack/lib/python3.10/site-packages/pycadf/identifier.py:71: UserWarning: Invalid uuid: neutron. To ensure interoperability, identifiers should be a valid uuid. warnings.warn(('Invalid uuid: %s. To ensure interoperability, '
2026-06-22 03:08:51.050 9 INFO neutron.db.ovn_revision_numbers_db [None req-61c92282-fa79-49c4-8d19-823581449745 6609b7f5512f464d8e054d4c6b06befe 0e85bdd5aed34bc4a78b5a56be3f42f3 - - - -] Successfully bumped revision number for resource 8c0e9a75-7124-4b87-b02c-77577f4d6998 (type: floatingips) to 2
2026-06-22 03:08:51.096 10 INFO neutron.db.ovn_revision_numbers_db [None req-45c37c65-c7f9-4f54-a6ee-398f6ca99ccb 2dfb4e50e3b14b7bbdaf852f15b812d2 ecaf4055a7694d64bffde48945a39888 - - - -] Successfully bumped revision number for resource 3a4c50ac-9599-4b07-a7a8-3fff035927d5 (type: ports) to 2
2026-06-22 03:08:51.101 9 INFO neutron.wsgi [req-ca158774-1447-489b-beb5-8a6fea8e5507 req-d730e849-1017-42cd-b75f-f43e7e6499ee 2d638b332b1c444a82584323ecb62e98 c4f245357b9c452c928ce7cbf29b8c3f - - 8fa89142ed234466828e7144d55eecfd 8fa89142ed234466828e7144d55eecfd] 199.204.45.38 "GET /v2.0/floatingips?fixed_ip_address=10.100.0.5&port_id=85e81236-3e29-4105-b834-aa4fd9bf0ad5 HTTP/1.1" status: 200 len: 1059 time: 0.1355016
2026-06-22 03:08:51.117 10 INFO neutron.db.ovn_revision_numbers_db [None req-45c37c65-c7f9-4f54-a6ee-398f6ca99ccb 2dfb4e50e3b14b7bbdaf852f15b812d2 ecaf4055a7694d64bffde48945a39888 - - - -] Successfully bumped revision number for resource 205ae656-502d-4ccc-b5b5-b72b135ba342 (type: subnets) to 0
2026-06-22 03:08:51.125 10 INFO neutron.db.ovn_revision_numbers_db [None req-e076f914-9f6d-4367-9385-e1e3bafb5fc7 - - - - - -] Successfully bumped revision number for resource f53bb7a9-5b80-4544-bc59-0bfd034e0574 (type: router_ports) to 3
2026-06-22 03:08:51.140 10 INFO neutron.wsgi [None req-45c37c65-c7f9-4f54-a6ee-398f6ca99ccb 2dfb4e50e3b14b7bbdaf852f15b812d2 ecaf4055a7694d64bffde48945a39888 - - - -] 10.0.0.157 "POST /v2.0/subnets HTTP/1.1" status: 201 len: 801 time: 1.5364220
2026-06-22 03:08:51.161 9 INFO neutron.wsgi [None req-61c92282-fa79-49c4-8d19-823581449745 6609b7f5512f464d8e054d4c6b06befe 0e85bdd5aed34bc4a78b5a56be3f42f3 - - - -] 10.0.0.157 "PUT /v2.0/floatingips/8c0e9a75-7124-4b87-b02c-77577f4d6998 HTTP/1.1" status: 200 len: 748 time: 0.4086530
