2026-06-22 03:11:17.157 9 INFO neutron.wsgi [None req-6bfd8d3d-5ff0-4953-b3ee-406efac52fb2 995443913f674e018dccae376be97077 4bb17ac0aa45476aa87e5845b8a62079 - - default default] 10.0.0.157 "GET /v2.0/security-groups?tenant_id=1e4b474ade9b43eebb8782c1144caa6d&name=default HTTP/1.1" status: 200 len: 3000 time: 0.1766975
2026-06-22 03:11:17.388 9 INFO neutron.wsgi [None req-9eb4fabf-1ebc-429e-be8b-59d0312b8770 995443913f674e018dccae376be97077 4bb17ac0aa45476aa87e5845b8a62079 - - - -] 10.0.0.157 "DELETE /v2.0/security-groups/7127838e-d9be-4f67-9ee5-7b596aac03e1 HTTP/1.1" status: 204 len: 168 time: 0.2230461
2026-06-22 03:11:17.599 9 INFO neutron.db.ovn_revision_numbers_db [None req-d50480a4-4604-4203-88d6-e4c70cace574 995443913f674e018dccae376be97077 4bb17ac0aa45476aa87e5845b8a62079 - - default default] Successfully bumped revision number for resource 9004bd2e-2848-42a2-b577-515aad487bca (type: security_groups) to 1
2026-06-22 03:11:17.623 9 INFO neutron.wsgi [None req-d50480a4-4604-4203-88d6-e4c70cace574 995443913f674e018dccae376be97077 4bb17ac0aa45476aa87e5845b8a62079 - - default default] 10.0.0.157 "GET /v2.0/security-groups?tenant_id=2449aab727564bcbb77a2d1cb26e0316&name=default HTTP/1.1" status: 200 len: 3000 time: 0.1316774
2026-06-22 03:11:17.809 9 INFO neutron.wsgi [None req-3c66d466-ac88-45db-a679-fe2be6ed036d 995443913f674e018dccae376be97077 4bb17ac0aa45476aa87e5845b8a62079 - - - -] 10.0.0.157 "DELETE /v2.0/security-groups/9004bd2e-2848-42a2-b577-515aad487bca HTTP/1.1" status: 204 len: 168 time: 0.1807444
2026-06-22 03:11:21.541 9 INFO neutron.db.ovn_revision_numbers_db [None req-f37acbd8-4020-4112-a6ec-e4ae98c6e3ef 75ccb1501a00470e9d5579c9feac81b8 8b793c49e47e41a59ed23eaf2e49f561 - - - -] Successfully bumped revision number for resource 3cccc0f5-09fb-4653-a69d-bcad3c2b63f3 (type: security_groups) to 1
2026-06-22 03:11:21.606 9 INFO neutron.db.segments_db [None req-f37acbd8-4020-4112-a6ec-e4ae98c6e3ef 75ccb1501a00470e9d5579c9feac81b8 8b793c49e47e41a59ed23eaf2e49f561 - - - -] Added segment 082045cf-0c2d-43dc-9c82-f1819686bde9 of type geneve for network e874a93f-f91a-4f0d-8bc4-4da37983fc88
2026-06-22 03:11:21.786 9 INFO neutron.db.ovn_revision_numbers_db [None req-f37acbd8-4020-4112-a6ec-e4ae98c6e3ef 75ccb1501a00470e9d5579c9feac81b8 8b793c49e47e41a59ed23eaf2e49f561 - - - -] Successfully bumped revision number for resource e874a93f-f91a-4f0d-8bc4-4da37983fc88 (type: networks) to 1
2026-06-22 03:11:21.967 9 WARNING neutron.scheduler.dhcp_agent_scheduler [None req-f37acbd8-4020-4112-a6ec-e4ae98c6e3ef 75ccb1501a00470e9d5579c9feac81b8 8b793c49e47e41a59ed23eaf2e49f561 - - - -] No more DHCP agents
2026-06-22 03:11:21.970 9 WARNING neutron.api.rpc.agentnotifiers.dhcp_rpc_agent_api [None req-f37acbd8-4020-4112-a6ec-e4ae98c6e3ef 75ccb1501a00470e9d5579c9feac81b8 8b793c49e47e41a59ed23eaf2e49f561 - - - -] Unable to schedule network e874a93f-f91a-4f0d-8bc4-4da37983fc88: no agents available; will retry on subsequent port and subnet creation events.
2026-06-22 03:11:22.057 9 INFO neutron.db.ovn_revision_numbers_db [None req-f37acbd8-4020-4112-a6ec-e4ae98c6e3ef 75ccb1501a00470e9d5579c9feac81b8 8b793c49e47e41a59ed23eaf2e49f561 - - - -] Successfully bumped revision number for resource e2053bea-5a43-4667-90a7-5cb4fd4a4b72 (type: ports) to 1
2026-06-22 03:11:22.091 9 INFO neutron.wsgi [None req-f37acbd8-4020-4112-a6ec-e4ae98c6e3ef 75ccb1501a00470e9d5579c9feac81b8 8b793c49e47e41a59ed23eaf2e49f561 - - - -] 10.0.0.157 "POST /v2.0/networks HTTP/1.1" status: 201 len: 829 time: 0.8759274
2026-06-22 03:11:22.407 10 WARNING neutron.scheduler.dhcp_agent_scheduler [None req-c411fe52-bf3d-4aab-8c56-ef3a78f9e821 75ccb1501a00470e9d5579c9feac81b8 8b793c49e47e41a59ed23eaf2e49f561 - - - -] No more DHCP agents
2026-06-22 03:11:22.410 10 WARNING neutron.api.rpc.agentnotifiers.dhcp_rpc_agent_api [None req-c411fe52-bf3d-4aab-8c56-ef3a78f9e821 75ccb1501a00470e9d5579c9feac81b8 8b793c49e47e41a59ed23eaf2e49f561 - - - -] Unable to schedule network e874a93f-f91a-4f0d-8bc4-4da37983fc88: no agents available; will retry on subsequent port and subnet creation events.
2026-06-22 03:11:22.528 10 INFO neutron.db.ovn_revision_numbers_db [None req-c411fe52-bf3d-4aab-8c56-ef3a78f9e821 75ccb1501a00470e9d5579c9feac81b8 8b793c49e47e41a59ed23eaf2e49f561 - - - -] Successfully bumped revision number for resource b6c9a000-c22a-4ce4-872a-e14c675b9761 (type: ports) to 1
2026-06-22 03:11:22.613 10 INFO neutron.wsgi [None req-c411fe52-bf3d-4aab-8c56-ef3a78f9e821 75ccb1501a00470e9d5579c9feac81b8 8b793c49e47e41a59ed23eaf2e49f561 - - - -] 10.0.0.157 "POST /v2.0/ports HTTP/1.1" status: 201 len: 942 time: 0.5138345 /var/lib/openstack/lib/python3.10/site-packages/pycadf/identifier.py:71: UserWarning: Invalid uuid: neutron. To ensure interoperability, identifiers should be a valid uuid. warnings.warn(('Invalid uuid: %s. To ensure interoperability, '
2026-06-22 03:11:22.910 10 INFO neutron.wsgi [None req-b79bcd55-fdb4-45d1-b672-c6ff65726949 75ccb1501a00470e9d5579c9feac81b8 8b793c49e47e41a59ed23eaf2e49f561 - - - -] 10.0.0.157 "POST /v2.0/trunks HTTP/1.1" status: 201 len: 608 time: 0.2899423
2026-06-22 03:11:22.954 10 INFO neutron.wsgi [None req-ac2ddea5-a30b-47c7-b1b8-8ffda3d4e23e 75ccb1501a00470e9d5579c9feac81b8 8b793c49e47e41a59ed23eaf2e49f561 - - - -] 10.0.0.157 "PUT /v2.0/trunks/98c5a527-b5a6-49be-900c-2827d449d559/tags HTTP/1.1" status: 200 len: 218 time: 0.0374951
2026-06-22 03:11:22.979 10 INFO neutron.wsgi [None req-90476a53-1dfb-45a1-bdb4-82682496bcc2 75ccb1501a00470e9d5579c9feac81b8 8b793c49e47e41a59ed23eaf2e49f561 - - default default] 10.0.0.157 "GET /v2.0/trunks/98c5a527-b5a6-49be-900c-2827d449d559/tags HTTP/1.1" status: 200 len: 218 time: 0.0196059
2026-06-22 03:11:23.018 10 INFO neutron.wsgi [None req-aef532c4-fc8a-4c86-b2ef-3a832b5e33d3 75ccb1501a00470e9d5579c9feac81b8 8b793c49e47e41a59ed23eaf2e49f561 - - - -] 10.0.0.157 "PUT /v2.0/trunks/98c5a527-b5a6-49be-900c-2827d449d559/tags/green HTTP/1.1" status: 201 len: 201 time: 0.0309587
2026-06-22 03:11:23.043 10 INFO neutron.wsgi [None req-afcd735c-4c8c-4744-a87b-494ab1b2ffb7 75ccb1501a00470e9d5579c9feac81b8 8b793c49e47e41a59ed23eaf2e49f561 - - default default] 10.0.0.157 "GET /v2.0/trunks/98c5a527-b5a6-49be-900c-2827d449d559/tags HTTP/1.1" status: 200 len: 227 time: 0.0159142
2026-06-22 03:11:23.069 10 INFO neutron.wsgi [None req-30f0457f-f1e9-4a5b-ac42-a1b2b0256f2e 75ccb1501a00470e9d5579c9feac81b8 8b793c49e47e41a59ed23eaf2e49f561 - - - -] 10.0.0.157 "PUT /v2.0/trunks/98c5a527-b5a6-49be-900c-2827d449d559/tags/red HTTP/1.1" status: 201 len: 201 time: 0.0200279
2026-06-22 03:11:23.096 10 INFO neutron.wsgi [None req-a9358141-80f0-4cfa-8121-37c933c39c81 75ccb1501a00470e9d5579c9feac81b8 8b793c49e47e41a59ed23eaf2e49f561 - - default default] 10.0.0.157 "GET /v2.0/trunks/98c5a527-b5a6-49be-900c-2827d449d559/tags HTTP/1.1" status: 200 len: 227 time: 0.0203855
2026-06-22 03:11:23.139 10 INFO neutron.wsgi [None req-3a10623d-7571-48bd-85cd-7253d55d0e90 75ccb1501a00470e9d5579c9feac81b8 8b793c49e47e41a59ed23eaf2e49f561 - - - -] 10.0.0.157 "PUT /v2.0/trunks/98c5a527-b5a6-49be-900c-2827d449d559/tags/black.or.white HTTP/1.1" status: 201 len: 201 time: 0.0337534
2026-06-22 03:11:23.162 10 INFO neutron.wsgi [None req-86228744-ad4b-4bfc-8dd6-f54090437126 75ccb1501a00470e9d5579c9feac81b8 8b793c49e47e41a59ed23eaf2e49f561 - - default default] 10.0.0.157 "GET /v2.0/trunks/98c5a527-b5a6-49be-900c-2827d449d559/tags HTTP/1.1" status: 200 len: 245 time: 0.0167260
2026-06-22 03:11:23.211 10 INFO neutron.wsgi [None req-834756cc-7be2-4ac9-9858-f15be680b614 75ccb1501a00470e9d5579c9feac81b8 8b793c49e47e41a59ed23eaf2e49f561 - - - -] 10.0.0.157 "PUT /v2.0/trunks/98c5a527-b5a6-49be-900c-2827d449d559/tags HTTP/1.1" status: 200 len: 230 time: 0.0423567
2026-06-22 03:11:23.240 10 INFO neutron.wsgi [None req-6685de44-adef-48ca-801e-bf9b91d7d3d5 75ccb1501a00470e9d5579c9feac81b8 8b793c49e47e41a59ed23eaf2e49f561 - - default default] 10.0.0.157 "GET /v2.0/trunks/98c5a527-b5a6-49be-900c-2827d449d559/tags HTTP/1.1" status: 200 len: 230 time: 0.0213451
2026-06-22 03:11:23.262 10 INFO neutron.wsgi [None req-e78e466b-9973-4d9b-8420-71039aa02c6f 75ccb1501a00470e9d5579c9feac81b8 8b793c49e47e41a59ed23eaf2e49f561 - - default default] 10.0.0.157 "GET /v2.0/trunks/98c5a527-b5a6-49be-900c-2827d449d559/tags/red HTTP/1.1" status: 204 len: 168 time: 0.0153713
2026-06-22 03:11:23.280 10 INFO neutron.api.v2.resource [None req-202356e2-cd80-42d4-b17d-91469958a850 75ccb1501a00470e9d5579c9feac81b8 8b793c49e47e41a59ed23eaf2e49f561 - - default default] show failed (client error): The resource could not be found.
2026-06-22 03:11:23.281 10 INFO neutron.wsgi [None req-202356e2-cd80-42d4-b17d-91469958a850 75ccb1501a00470e9d5579c9feac81b8 8b793c49e47e41a59ed23eaf2e49f561 - - default default] 10.0.0.157 "GET /v2.0/trunks/98c5a527-b5a6-49be-900c-2827d449d559/tags/green HTTP/1.1" status: 404 len: 299 time: 0.0132508
2026-06-22 03:11:23.320 10 INFO neutron.wsgi [None req-55770a10-82d8-4568-8e2e-9b41f3fe6796 75ccb1501a00470e9d5579c9feac81b8 8b793c49e47e41a59ed23eaf2e49f561 - - - -] 10.0.0.157 "DELETE /v2.0/trunks/98c5a527-b5a6-49be-900c-2827d449d559/tags/red HTTP/1.1" status: 204 len: 168 time: 0.0332577
2026-06-22 03:11:23.343 10 INFO neutron.wsgi [None req-8675aa6f-1883-4cc4-bb07-e74bac0b7a98 75ccb1501a00470e9d5579c9feac81b8 8b793c49e47e41a59ed23eaf2e49f561 - - default default] 10.0.0.157 "GET /v2.0/trunks/98c5a527-b5a6-49be-900c-2827d449d559/tags HTTP/1.1" status: 200 len: 223 time: 0.0163128
2026-06-22 03:11:23.366 10 INFO neutron.api.v2.resource [None req-ca6f2c45-b7b5-42dd-be5c-e68ead9b35f4 75ccb1501a00470e9d5579c9feac81b8 8b793c49e47e41a59ed23eaf2e49f561 - - - -] delete failed (client error): The resource could not be found.
2026-06-22 03:11:23.367 10 INFO neutron.wsgi [None req-ca6f2c45-b7b5-42dd-be5c-e68ead9b35f4 75ccb1501a00470e9d5579c9feac81b8 8b793c49e47e41a59ed23eaf2e49f561 - - - -] 10.0.0.157 "DELETE /v2.0/trunks/98c5a527-b5a6-49be-900c-2827d449d559/tags/green HTTP/1.1" status: 404 len: 299 time: 0.0180504
2026-06-22 03:11:23.405 10 INFO neutron.wsgi [None req-c1dee475-1c34-4b9a-830c-38122e113844 75ccb1501a00470e9d5579c9feac81b8 8b793c49e47e41a59ed23eaf2e49f561 - - - -] 10.0.0.157 "DELETE /v2.0/trunks/98c5a527-b5a6-49be-900c-2827d449d559/tags HTTP/1.1" status: 204 len: 168 time: 0.0308201
2026-06-22 03:11:23.437 9 INFO neutron.wsgi [None req-715f721a-3ac7-427f-b23e-8dee3d6b8afc 75ccb1501a00470e9d5579c9feac81b8 8b793c49e47e41a59ed23eaf2e49f561 - - default default] 10.0.0.157 "GET /v2.0/trunks/98c5a527-b5a6-49be-900c-2827d449d559/tags HTTP/1.1" status: 200 len: 205 time: 0.0255771
2026-06-22 03:11:23.464 9 INFO neutron.wsgi [None req-6cb97eea-06e1-4039-bd7e-bec4c4c56769 75ccb1501a00470e9d5579c9feac81b8 8b793c49e47e41a59ed23eaf2e49f561 - - default default] 10.0.0.157 "GET /v2.0/trunks/98c5a527-b5a6-49be-900c-2827d449d559 HTTP/1.1" status: 200 len: 603 time: 0.0197227
2026-06-22 03:11:23.592 9 INFO neutron.wsgi [None req-3a25f116-9158-407b-aa89-8281ec9b3765 75ccb1501a00470e9d5579c9feac81b8 8b793c49e47e41a59ed23eaf2e49f561 - - default default] 10.0.0.157 "GET /v2.0/ports/b6c9a000-c22a-4ce4-872a-e14c675b9761 HTTP/1.1" status: 200 len: 1020 time: 0.1231551
2026-06-22 03:11:23.731 9 INFO neutron.wsgi [None req-6391cc98-8f7d-4768-bab3-5e59e4ba477b 75ccb1501a00470e9d5579c9feac81b8 8b793c49e47e41a59ed23eaf2e49f561 - - - -] 10.0.0.157 "DELETE /v2.0/trunks/98c5a527-b5a6-49be-900c-2827d449d559 HTTP/1.1" status: 204 len: 168 time: 0.1312985
2026-06-22 03:11:24.033 9 INFO neutron.wsgi [None req-924b07e1-e57e-4968-9034-c4b487ff825e 75ccb1501a00470e9d5579c9feac81b8 8b793c49e47e41a59ed23eaf2e49f561 - - - -] 10.0.0.157 "DELETE /v2.0/ports/b6c9a000-c22a-4ce4-872a-e14c675b9761 HTTP/1.1" status: 204 len: 168 time: 0.2956629
2026-06-22 03:11:24.458 9 INFO neutron.services.segments.plugin [-] Segment 082045cf-0c2d-43dc-9c82-f1819686bde9 resource provider aggregate not found
2026-06-22 03:11:24.471 9 INFO neutron.services.segments.plugin [-] Segment 082045cf-0c2d-43dc-9c82-f1819686bde9 resource provider aggregate not found
2026-06-22 03:11:24.491 9 INFO neutron.services.segments.plugin [-] Segment 082045cf-0c2d-43dc-9c82-f1819686bde9 resource provider not found; error: Placement Client Error (4xx): {"errors": [{"status": 404, "title": "Not Found", "detail": "The resource could not be found.\n\n No resource provider with uuid 082045cf-0c2d-43dc-9c82-f1819686bde9 found for delete ", "request_id": "req-c6c680fa-ab46-4ba4-9974-ae388eb0eb89"}]}
2026-06-22 03:11:24.508 9 INFO neutron.services.segments.plugin [-] Segment 082045cf-0c2d-43dc-9c82-f1819686bde9 resource provider not found; error: Placement Client Error (4xx): {"errors": [{"status": 404, "title": "Not Found", "detail": "The resource could not be found.\n\n No resource provider with uuid 082045cf-0c2d-43dc-9c82-f1819686bde9 found for delete ", "request_id": "req-5a98a200-0b55-40ba-a0cc-94661e550797"}]}
2026-06-22 03:11:24.524 9 INFO neutron.wsgi [None req-e052c607-007b-41dc-a3ac-cd8688302148 75ccb1501a00470e9d5579c9feac81b8 8b793c49e47e41a59ed23eaf2e49f561 - - - -] 10.0.0.157 "DELETE /v2.0/networks/e874a93f-f91a-4f0d-8bc4-4da37983fc88 HTTP/1.1" status: 204 len: 168 time: 0.4850628
2026-06-22 03:11:25.420 9 INFO neutron.wsgi [None req-180cc8d7-2fa6-4ff9-8010-66ee313f4a7a 995443913f674e018dccae376be97077 4bb17ac0aa45476aa87e5845b8a62079 - - default default] 10.0.0.157 "GET /v2.0/security-groups?tenant_id=8b793c49e47e41a59ed23eaf2e49f561&name=default HTTP/1.1" status: 200 len: 3000 time: 0.1691954
2026-06-22 03:11:25.620 9 INFO neutron.wsgi [None req-e3879537-ff56-4d65-b6c5-88e949d4af67 995443913f674e018dccae376be97077 4bb17ac0aa45476aa87e5845b8a62079 - - - -] 10.0.0.157 "DELETE /v2.0/security-groups/3cccc0f5-09fb-4653-a69d-bcad3c2b63f3 HTTP/1.1" status: 204 len: 168 time: 0.1943734
2026-06-22 03:11:25.820 10 INFO neutron.wsgi [-] 10.0.0.99 "GET / HTTP/1.1" status: 200 len: 247 time: 0.0028212
2026-06-22 03:11:25.822 10 INFO neutron.wsgi [-] 10.0.0.99 "GET / HTTP/1.1" status: 200 len: 247 time: 0.0015447
2026-06-22 03:11:25.859 9 INFO neutron.db.ovn_revision_numbers_db [None req-6783a812-4f2b-4bb5-8966-40982b7eeaf2 995443913f674e018dccae376be97077 4bb17ac0aa45476aa87e5845b8a62079 - - default default] Successfully bumped revision number for resource f7afed54-851c-408d-ace5-e6c655d34350 (type: security_groups) to 1
2026-06-22 03:11:25.885 9 INFO neutron.wsgi [None req-6783a812-4f2b-4bb5-8966-40982b7eeaf2 995443913f674e018dccae376be97077 4bb17ac0aa45476aa87e5845b8a62079 - - default default] 10.0.0.157 "GET /v2.0/security-groups?tenant_id=38cb1293ebfb4bcbb649573b324e284c&name=default HTTP/1.1" status: 200 len: 3000 time: 0.1356862
2026-06-22 03:11:26.137 9 INFO neutron.wsgi [None req-ffd4573f-eea5-4ad0-b3e2-a948d995f9e0 995443913f674e018dccae376be97077 4bb17ac0aa45476aa87e5845b8a62079 - - - -] 10.0.0.157 "DELETE /v2.0/security-groups/f7afed54-851c-408d-ace5-e6c655d34350 HTTP/1.1" status: 204 len: 168 time: 0.2440310
2026-06-22 03:11:29.908 9 INFO neutron.db.ovn_revision_numbers_db [None req-10fc0401-5eb2-4cd8-8f5b-235f36507223 0788e09b4f2e47e084e6dab9850dbc5e b514bad7d6834061a796a599c730fba8 - - - -] Successfully bumped revision number for resource 8b64f0e6-4641-4742-b7a7-216ad24e2897 (type: security_groups) to 1
2026-06-22 03:11:29.972 9 INFO neutron.db.segments_db [None req-10fc0401-5eb2-4cd8-8f5b-235f36507223 0788e09b4f2e47e084e6dab9850dbc5e b514bad7d6834061a796a599c730fba8 - - - -] Added segment 45bee5ed-adcf-426e-a206-dc08df130400 of type geneve for network eecb2ed3-8cf0-453b-8579-ce80781ff999
2026-06-22 03:11:30.144 9 INFO neutron.db.ovn_revision_numbers_db [None req-10fc0401-5eb2-4cd8-8f5b-235f36507223 0788e09b4f2e47e084e6dab9850dbc5e b514bad7d6834061a796a599c730fba8 - - - -] Successfully bumped revision number for resource eecb2ed3-8cf0-453b-8579-ce80781ff999 (type: networks) to 1
2026-06-22 03:11:30.356 9 WARNING neutron.scheduler.dhcp_agent_scheduler [None req-10fc0401-5eb2-4cd8-8f5b-235f36507223 0788e09b4f2e47e084e6dab9850dbc5e b514bad7d6834061a796a599c730fba8 - - - -] No more DHCP agents
2026-06-22 03:11:30.360 9 WARNING neutron.api.rpc.agentnotifiers.dhcp_rpc_agent_api [None req-10fc0401-5eb2-4cd8-8f5b-235f36507223 0788e09b4f2e47e084e6dab9850dbc5e b514bad7d6834061a796a599c730fba8 - - - -] Unable to schedule network eecb2ed3-8cf0-453b-8579-ce80781ff999: no agents available; will retry on subsequent port and subnet creation events.
2026-06-22 03:11:30.442 9 INFO neutron.db.ovn_revision_numbers_db [None req-10fc0401-5eb2-4cd8-8f5b-235f36507223 0788e09b4f2e47e084e6dab9850dbc5e b514bad7d6834061a796a599c730fba8 - - - -] Successfully bumped revision number for resource 14180733-4ab9-4dba-b0ef-be4cb9102897 (type: ports) to 1
2026-06-22 03:11:30.468 9 INFO neutron.wsgi [None req-10fc0401-5eb2-4cd8-8f5b-235f36507223 0788e09b4f2e47e084e6dab9850dbc5e b514bad7d6834061a796a599c730fba8 - - - -] 10.0.0.157 "POST /v2.0/networks HTTP/1.1" status: 201 len: 830 time: 0.8720179
2026-06-22 03:11:30.563 9 INFO neutron.db.segments_db [None req-4986d8fa-491b-4bf3-9fa0-f34083b571ee 0788e09b4f2e47e084e6dab9850dbc5e b514bad7d6834061a796a599c730fba8 - - - -] Added segment 42ab3f5b-b169-45b4-a3fb-952b014c6d7e of type geneve for network ef6eefa8-4b75-4e55-b54f-bf5f1cc0fb78
2026-06-22 03:11:30.699 9 INFO neutron.db.ovn_revision_numbers_db [None req-4986d8fa-491b-4bf3-9fa0-f34083b571ee 0788e09b4f2e47e084e6dab9850dbc5e b514bad7d6834061a796a599c730fba8 - - - -] Successfully bumped revision number for resource ef6eefa8-4b75-4e55-b54f-bf5f1cc0fb78 (type: networks) to 1
2026-06-22 03:11:30.925 9 WARNING neutron.scheduler.dhcp_agent_scheduler [None req-4986d8fa-491b-4bf3-9fa0-f34083b571ee 0788e09b4f2e47e084e6dab9850dbc5e b514bad7d6834061a796a599c730fba8 - - - -] No more DHCP agents
2026-06-22 03:11:30.929 9 WARNING neutron.api.rpc.agentnotifiers.dhcp_rpc_agent_api [None req-4986d8fa-491b-4bf3-9fa0-f34083b571ee 0788e09b4f2e47e084e6dab9850dbc5e b514bad7d6834061a796a599c730fba8 - - - -] Unable to schedule network ef6eefa8-4b75-4e55-b54f-bf5f1cc0fb78: no agents available; will retry on subsequent port and subnet creation events.
2026-06-22 03:11:31.023 9 INFO neutron.db.ovn_revision_numbers_db [None req-4986d8fa-491b-4bf3-9fa0-f34083b571ee 0788e09b4f2e47e084e6dab9850dbc5e b514bad7d6834061a796a599c730fba8 - - - -] Successfully bumped revision number for resource 0a126aef-4512-4487-87ab-56fa70243bd4 (type: ports) to 1
2026-06-22 03:11:31.056 9 INFO neutron.wsgi [None req-4986d8fa-491b-4bf3-9fa0-f34083b571ee 0788e09b4f2e47e084e6dab9850dbc5e b514bad7d6834061a796a599c730fba8 - - - -] 10.0.0.157 "POST /v2.0/networks HTTP/1.1" status: 201 len: 830 time: 0.5795000
2026-06-22 03:11:31.142 9 INFO neutron.wsgi [None req-721b03b7-86e4-41df-8f61-8b857da3030c 0788e09b4f2e47e084e6dab9850dbc5e b514bad7d6834061a796a599c730fba8 - - - -] 10.0.0.157 "PUT /v2.0/networks/eecb2ed3-8cf0-453b-8579-ce80781ff999/tags HTTP/1.1" status: 200 len: 218 time: 0.0769944
2026-06-22 03:11:31.196 9 INFO neutron.wsgi [None req-a8719df2-2edf-40a8-83d6-04fc973323f3 0788e09b4f2e47e084e6dab9850dbc5e b514bad7d6834061a796a599c730fba8 - - default default] 10.0.0.157 "GET /v2.0/networks/eecb2ed3-8cf0-453b-8579-ce80781ff999/tags HTTP/1.1" status: 200 len: 218 time: 0.0487387
2026-06-22 03:11:31.256 9 INFO neutron.wsgi [None req-3ff1d72c-3631-4f56-ab14-6060a3b6a482 0788e09b4f2e47e084e6dab9850dbc5e b514bad7d6834061a796a599c730fba8 - - - -] 10.0.0.157 "PUT /v2.0/networks/ef6eefa8-4b75-4e55-b54f-bf5f1cc0fb78/tags HTTP/1.1" status: 200 len: 210 time: 0.0527253
2026-06-22 03:11:31.308 9 INFO neutron.wsgi [None req-7190e359-8c48-46f2-9f9b-f2d7a7b697bd 0788e09b4f2e47e084e6dab9850dbc5e b514bad7d6834061a796a599c730fba8 - - default default] 10.0.0.157 "GET /v2.0/networks/ef6eefa8-4b75-4e55-b54f-bf5f1cc0fb78/tags HTTP/1.1" status: 200 len: 210 time: 0.0464056
2026-06-22 03:11:31.368 9 INFO neutron.wsgi [None req-27fbea91-d454-472a-ab81-246672d4a8d9 0788e09b4f2e47e084e6dab9850dbc5e b514bad7d6834061a796a599c730fba8 - - - -] 10.0.0.157 "PUT /v2.0/networks/ef6eefa8-4b75-4e55-b54f-bf5f1cc0fb78/tags HTTP/1.1" status: 200 len: 205 time: 0.0533164
2026-06-22 03:11:31.418 9 INFO neutron.wsgi [None req-4711a155-8cfd-4652-854a-544811091138 0788e09b4f2e47e084e6dab9850dbc5e b514bad7d6834061a796a599c730fba8 - - default default] 10.0.0.157 "GET /v2.0/networks/ef6eefa8-4b75-4e55-b54f-bf5f1cc0fb78/tags HTTP/1.1" status: 200 len: 205 time: 0.0441861
2026-06-22 03:11:31.474 9 INFO neutron.wsgi [None req-2d3dcdc8-b2e2-431a-984d-a10a9817171c 0788e09b4f2e47e084e6dab9850dbc5e b514bad7d6834061a796a599c730fba8 - - default default] 10.0.0.157 "GET /v2.0/networks/eecb2ed3-8cf0-453b-8579-ce80781ff999/tags HTTP/1.1" status: 200 len: 218 time: 0.0481980
2026-06-22 03:11:32.040 10 INFO neutron.wsgi [None req-2a675d04-09fa-402b-8f7e-66f66413fe57 0788e09b4f2e47e084e6dab9850dbc5e b514bad7d6834061a796a599c730fba8 - - - -] 10.0.0.157 "DELETE /v2.0/networks/eecb2ed3-8cf0-453b-8579-ce80781ff999 HTTP/1.1" status: 204 len: 168 time: 0.5410640
2026-06-22 03:11:32.122 10 INFO neutron.services.segments.plugin [-] Segment 45bee5ed-adcf-426e-a206-dc08df130400 resource provider aggregate not found
2026-06-22 03:11:32.134 10 INFO neutron.services.segments.plugin [-] Segment 45bee5ed-adcf-426e-a206-dc08df130400 resource provider aggregate not found
2026-06-22 03:11:32.145 10 INFO neutron.services.segments.plugin [-] Segment 45bee5ed-adcf-426e-a206-dc08df130400 resource provider not found; error: Placement Client Error (4xx): {"errors": [{"status": 404, "title": "Not Found", "detail": "The resource could not be found.\n\n No resource provider with uuid 45bee5ed-adcf-426e-a206-dc08df130400 found for delete ", "request_id": "req-2413307d-0b7b-4ce4-a5fb-73ea0de6ec10"}]}
2026-06-22 03:11:32.156 10 INFO neutron.services.segments.plugin [-] Segment 45bee5ed-adcf-426e-a206-dc08df130400 resource provider not found; error: Placement Client Error (4xx): {"errors": [{"status": 404, "title": "Not Found", "detail": "The resource could not be found.\n\n No resource provider with uuid 45bee5ed-adcf-426e-a206-dc08df130400 found for delete ", "request_id": "req-2f9db51d-232b-461d-b995-2a162d44a087"}]}
2026-06-22 03:11:32.549 10 INFO neutron.wsgi [None req-165c7a7a-4e62-488e-b858-98b433c7cf9a 0788e09b4f2e47e084e6dab9850dbc5e b514bad7d6834061a796a599c730fba8 - - - -] 10.0.0.157 "DELETE /v2.0/networks/ef6eefa8-4b75-4e55-b54f-bf5f1cc0fb78 HTTP/1.1" status: 204 len: 168 time: 0.4997132
2026-06-22 03:11:33.519 9 INFO neutron.db.ovn_revision_numbers_db [None req-536b3956-0bad-4847-9c05-9ef5b8e1eeb1 995443913f674e018dccae376be97077 4bb17ac0aa45476aa87e5845b8a62079 - - default default] Successfully bumped revision number for resource 686419cb-51d7-4ac8-a0e5-26179a8823f7 (type: security_groups) to 1
2026-06-22 03:11:33.541 9 INFO neutron.wsgi [None req-536b3956-0bad-4847-9c05-9ef5b8e1eeb1 995443913f674e018dccae376be97077 4bb17ac0aa45476aa87e5845b8a62079 - - default default] 10.0.0.157 "GET /v2.0/security-groups?tenant_id=6b63e7aee7a847d0afbff3165235170d&name=default HTTP/1.1" status: 200 len: 3000 time: 0.2619352
2026-06-22 03:11:33.772 9 INFO neutron.wsgi [None req-228da62a-8381-45d2-8e41-610d92ab1c4c 995443913f674e018dccae376be97077 4bb17ac0aa45476aa87e5845b8a62079 - - - -] 10.0.0.157 "DELETE /v2.0/security-groups/686419cb-51d7-4ac8-a0e5-26179a8823f7 HTTP/1.1" status: 204 len: 168 time: 0.2236252
2026-06-22 03:11:33.921 9 INFO neutron.wsgi [None req-ba3ae083-8205-4211-bc15-c1875c9ec4d9 995443913f674e018dccae376be97077 4bb17ac0aa45476aa87e5845b8a62079 - - default default] 10.0.0.157 "GET /v2.0/security-groups?tenant_id=b514bad7d6834061a796a599c730fba8&name=default HTTP/1.1" status: 200 len: 3000 time: 0.0373521
2026-06-22 03:11:34.169 10 INFO neutron.services.segments.plugin [-] Segment 42ab3f5b-b169-45b4-a3fb-952b014c6d7e resource provider aggregate not found
2026-06-22 03:11:34.181 10 INFO neutron.services.segments.plugin [-] Segment 42ab3f5b-b169-45b4-a3fb-952b014c6d7e resource provider aggregate not found
2026-06-22 03:11:34.189 9 INFO neutron.wsgi [None req-cffa92c4-e8be-4a6c-bf60-0434b020c1c3 995443913f674e018dccae376be97077 4bb17ac0aa45476aa87e5845b8a62079 - - - -] 10.0.0.157 "DELETE /v2.0/security-groups/8b64f0e6-4641-4742-b7a7-216ad24e2897 HTTP/1.1" status: 204 len: 168 time: 0.2614169
2026-06-22 03:11:34.190 10 INFO neutron.services.segments.plugin [-] Segment 42ab3f5b-b169-45b4-a3fb-952b014c6d7e resource provider not found; error: Placement Client Error (4xx): {"errors": [{"status": 404, "title": "Not Found", "detail": "The resource could not be found.\n\n No resource provider with uuid 42ab3f5b-b169-45b4-a3fb-952b014c6d7e found for delete ", "request_id": "req-2199b7b2-76e3-4b6f-b7d0-8fa1122c99ec"}]}
2026-06-22 03:11:34.201 10 INFO neutron.services.segments.plugin [-] Segment 42ab3f5b-b169-45b4-a3fb-952b014c6d7e resource provider not found; error: Placement Client Error (4xx): {"errors": [{"status": 404, "title": "Not Found", "detail": "The resource could not be found.\n\n No resource provider with uuid 42ab3f5b-b169-45b4-a3fb-952b014c6d7e found for delete ", "request_id": "req-f4163989-4384-4027-a0b1-a940836c061c"}]}
2026-06-22 03:11:40.820 10 INFO neutron.wsgi [-] 10.0.0.99 "GET / HTTP/1.1" status: 200 len: 247 time: 0.0023634
2026-06-22 03:11:40.821 9 INFO neutron.wsgi [-] 10.0.0.99 "GET / HTTP/1.1" status: 200 len: 247 time: 0.0030887
2026-06-22 03:11:44.330 10 INFO neutron.db.ovn_revision_numbers_db [None req-b070cc72-2981-4f8e-8cf9-0d1a069ac604 dbb908dce4c44d9e859ebcac7d4663c1 8ccbaeeb49c34f1b99cfdfee00c3d3a9 - - - -] Successfully bumped revision number for resource 45e5b94e-f0e1-4a24-9408-6504b114bc7b (type: security_groups) to 1
2026-06-22 03:11:44.382 10 INFO neutron.db.segments_db [None req-b070cc72-2981-4f8e-8cf9-0d1a069ac604 dbb908dce4c44d9e859ebcac7d4663c1 8ccbaeeb49c34f1b99cfdfee00c3d3a9 - - - -] Added segment 03750f58-6aa5-4400-a936-8241c28ec541 of type geneve for network 9acfabe5-4b2d-424f-8c28-2e8dcdd5ba1d
2026-06-22 03:11:44.559 10 INFO neutron.db.ovn_revision_numbers_db [None req-b070cc72-2981-4f8e-8cf9-0d1a069ac604 dbb908dce4c44d9e859ebcac7d4663c1 8ccbaeeb49c34f1b99cfdfee00c3d3a9 - - - -] Successfully bumped revision number for resource 9acfabe5-4b2d-424f-8c28-2e8dcdd5ba1d (type: networks) to 1
2026-06-22 03:11:45.219 10 WARNING neutron.scheduler.dhcp_agent_scheduler [None req-b070cc72-2981-4f8e-8cf9-0d1a069ac604 dbb908dce4c44d9e859ebcac7d4663c1 8ccbaeeb49c34f1b99cfdfee00c3d3a9 - - - -] No more DHCP agents
2026-06-22 03:11:45.222 10 WARNING neutron.api.rpc.agentnotifiers.dhcp_rpc_agent_api [None req-b070cc72-2981-4f8e-8cf9-0d1a069ac604 dbb908dce4c44d9e859ebcac7d4663c1 8ccbaeeb49c34f1b99cfdfee00c3d3a9 - - - -] Unable to schedule network 9acfabe5-4b2d-424f-8c28-2e8dcdd5ba1d: no agents available; will retry on subsequent port and subnet creation events.
2026-06-22 03:11:45.296 10 INFO neutron.db.ovn_revision_numbers_db [None req-b070cc72-2981-4f8e-8cf9-0d1a069ac604 dbb908dce4c44d9e859ebcac7d4663c1 8ccbaeeb49c34f1b99cfdfee00c3d3a9 - - - -] Successfully bumped revision number for resource aa573eb0-a7d8-4b97-ae75-fefb642ccb4b (type: ports) to 1
2026-06-22 03:11:45.319 10 INFO neutron.wsgi [None req-b070cc72-2981-4f8e-8cf9-0d1a069ac604 dbb908dce4c44d9e859ebcac7d4663c1 8ccbaeeb49c34f1b99cfdfee00c3d3a9 - - - -] 10.0.0.157 "POST /v2.0/networks HTTP/1.1" status: 201 len: 839 time: 1.3563457
2026-06-22 03:11:45.641 10 WARNING neutron.scheduler.dhcp_agent_scheduler [None req-89afb13f-0118-40b2-b1ad-17a1a195a9fa dbb908dce4c44d9e859ebcac7d4663c1 8ccbaeeb49c34f1b99cfdfee00c3d3a9 - - - -] No more DHCP agents
2026-06-22 03:11:45.645 10 WARNING neutron.api.rpc.agentnotifiers.dhcp_rpc_agent_api [None req-89afb13f-0118-40b2-b1ad-17a1a195a9fa dbb908dce4c44d9e859ebcac7d4663c1 8ccbaeeb49c34f1b99cfdfee00c3d3a9 - - - -] Unable to schedule network 9acfabe5-4b2d-424f-8c28-2e8dcdd5ba1d: no agents available; will retry on subsequent port and subnet creation events.
2026-06-22 03:11:46.344 10 INFO neutron.db.ovn_revision_numbers_db [None req-89afb13f-0118-40b2-b1ad-17a1a195a9fa dbb908dce4c44d9e859ebcac7d4663c1 8ccbaeeb49c34f1b99cfdfee00c3d3a9 - - - -] Successfully bumped revision number for resource aa573eb0-a7d8-4b97-ae75-fefb642ccb4b (type: ports) to 2
2026-06-22 03:11:46.360 10 INFO neutron.db.ovn_revision_numbers_db [None req-89afb13f-0118-40b2-b1ad-17a1a195a9fa dbb908dce4c44d9e859ebcac7d4663c1 8ccbaeeb49c34f1b99cfdfee00c3d3a9 - - - -] Successfully bumped revision number for resource fc9074fb-5094-4920-b1ad-36983d45b50a (type: subnets) to 0
2026-06-22 03:11:46.378 10 INFO neutron.wsgi [None req-89afb13f-0118-40b2-b1ad-17a1a195a9fa dbb908dce4c44d9e859ebcac7d4663c1 8ccbaeeb49c34f1b99cfdfee00c3d3a9 - - - -] 10.0.0.157 "POST /v2.0/subnets HTTP/1.1" status: 201 len: 831 time: 1.0502255
2026-06-22 03:11:46.461 10 INFO neutron.wsgi [None req-7c9dc4b2-428f-4d1d-8ac8-4906c0225a48 1b4b0cc0422d4dfbb2ce408133feee59 84afad04efe24bed92c1ff0fd3e532fd - - default default] 10.0.0.157 "GET /v2.0/subnetpools?name=shared-default-subnetpool-v6 HTTP/1.1" status: 200 len: 212 time: 0.0723343
2026-06-22 03:11:46.810 10 WARNING neutron.scheduler.dhcp_agent_scheduler [None req-14412bb0-2d33-4969-9388-84a735a12509 dbb908dce4c44d9e859ebcac7d4663c1 8ccbaeeb49c34f1b99cfdfee00c3d3a9 - - - -] No more DHCP agents
2026-06-22 03:11:46.812 10 WARNING neutron.api.rpc.agentnotifiers.dhcp_rpc_agent_api [None req-14412bb0-2d33-4969-9388-84a735a12509 dbb908dce4c44d9e859ebcac7d4663c1 8ccbaeeb49c34f1b99cfdfee00c3d3a9 - - - -] Unable to schedule network 9acfabe5-4b2d-424f-8c28-2e8dcdd5ba1d: no agents available; will retry on subsequent port and subnet creation events.
2026-06-22 03:11:46.829 10 INFO neutron.db.ovn_revision_numbers_db [None req-14412bb0-2d33-4969-9388-84a735a12509 dbb908dce4c44d9e859ebcac7d4663c1 8ccbaeeb49c34f1b99cfdfee00c3d3a9 - - - -] Successfully bumped revision number for resource 01901dd6-47c9-4d43-9f91-51995ac65825 (type: subnets) to 0
2026-06-22 03:11:46.851 10 INFO neutron.wsgi [None req-14412bb0-2d33-4969-9388-84a735a12509 dbb908dce4c44d9e859ebcac7d4663c1 8ccbaeeb49c34f1b99cfdfee00c3d3a9 - - - -] 10.0.0.157 "POST /v2.0/subnets HTTP/1.1" status: 201 len: 906 time: 0.3846226
2026-06-22 03:11:46.964 10 INFO neutron.db.segments_db [None req-1e94b212-b215-4b79-a38e-eaef733c3b82 dbb908dce4c44d9e859ebcac7d4663c1 8ccbaeeb49c34f1b99cfdfee00c3d3a9 - - - -] Added segment 69864403-9e16-4fee-baa3-f26795fc1db2 of type geneve for network 1577bf0a-6839-4167-99de-0c2ed06acce2
2026-06-22 03:11:47.151 10 INFO neutron.db.ovn_revision_numbers_db [None req-1e94b212-b215-4b79-a38e-eaef733c3b82 dbb908dce4c44d9e859ebcac7d4663c1 8ccbaeeb49c34f1b99cfdfee00c3d3a9 - - - -] Successfully bumped revision number for resource 1577bf0a-6839-4167-99de-0c2ed06acce2 (type: networks) to 1
2026-06-22 03:11:47.373 10 WARNING neutron.scheduler.dhcp_agent_scheduler [None req-1e94b212-b215-4b79-a38e-eaef733c3b82 dbb908dce4c44d9e859ebcac7d4663c1 8ccbaeeb49c34f1b99cfdfee00c3d3a9 - - - -] No more DHCP agents
2026-06-22 03:11:47.375 10 WARNING neutron.api.rpc.agentnotifiers.dhcp_rpc_agent_api [None req-1e94b212-b215-4b79-a38e-eaef733c3b82 dbb908dce4c44d9e859ebcac7d4663c1 8ccbaeeb49c34f1b99cfdfee00c3d3a9 - - - -] Unable to schedule network 1577bf0a-6839-4167-99de-0c2ed06acce2: no agents available; will retry on subsequent port and subnet creation events.
2026-06-22 03:11:47.445 10 INFO neutron.db.ovn_revision_numbers_db [None req-1e94b212-b215-4b79-a38e-eaef733c3b82 dbb908dce4c44d9e859ebcac7d4663c1 8ccbaeeb49c34f1b99cfdfee00c3d3a9 - - - -] Successfully bumped revision number for resource 535040dd-a377-4742-9e62-dfd931e225f5 (type: ports) to 1
2026-06-22 03:11:47.466 10 INFO neutron.wsgi [None req-1e94b212-b215-4b79-a38e-eaef733c3b82 dbb908dce4c44d9e859ebcac7d4663c1 8ccbaeeb49c34f1b99cfdfee00c3d3a9 - - - -] 10.0.0.157 "POST /v2.0/networks HTTP/1.1" status: 201 len: 836 time: 0.6090164
2026-06-22 03:11:47.739 10 WARNING neutron.scheduler.dhcp_agent_scheduler [None req-3ef7e4d1-81a7-437d-b084-fe7310cde31a dbb908dce4c44d9e859ebcac7d4663c1 8ccbaeeb49c34f1b99cfdfee00c3d3a9 - - - -] No more DHCP agents
2026-06-22 03:11:47.742 10 WARNING neutron.api.rpc.agentnotifiers.dhcp_rpc_agent_api [None req-3ef7e4d1-81a7-437d-b084-fe7310cde31a dbb908dce4c44d9e859ebcac7d4663c1 8ccbaeeb49c34f1b99cfdfee00c3d3a9 - - - -] Unable to schedule network 1577bf0a-6839-4167-99de-0c2ed06acce2: no agents available; will retry on subsequent port and subnet creation events.
2026-06-22 03:11:48.273 10 INFO neutron.db.ovn_revision_numbers_db [None req-3ef7e4d1-81a7-437d-b084-fe7310cde31a dbb908dce4c44d9e859ebcac7d4663c1 8ccbaeeb49c34f1b99cfdfee00c3d3a9 - - - -] Successfully bumped revision number for resource 535040dd-a377-4742-9e62-dfd931e225f5 (type: ports) to 2
2026-06-22 03:11:48.292 10 INFO neutron.db.ovn_revision_numbers_db [None req-3ef7e4d1-81a7-437d-b084-fe7310cde31a dbb908dce4c44d9e859ebcac7d4663c1 8ccbaeeb49c34f1b99cfdfee00c3d3a9 - - - -] Successfully bumped revision number for resource 16a2eaaf-59c1-4158-bdee-61d269dd0a5a (type: subnets) to 0
2026-06-22 03:11:48.314 10 INFO neutron.wsgi [None req-3ef7e4d1-81a7-437d-b084-fe7310cde31a dbb908dce4c44d9e859ebcac7d4663c1 8ccbaeeb49c34f1b99cfdfee00c3d3a9 - - - -] 10.0.0.157 "POST /v2.0/subnets HTTP/1.1" status: 201 len: 830 time: 0.8427448
2026-06-22 03:11:48.648 10 WARNING neutron.scheduler.dhcp_agent_scheduler [None req-0fc5da6f-8199-4ab2-aac4-cdd2d394f0a0 dbb908dce4c44d9e859ebcac7d4663c1 8ccbaeeb49c34f1b99cfdfee00c3d3a9 - - - -] No more DHCP agents
2026-06-22 03:11:48.651 10 WARNING neutron.api.rpc.agentnotifiers.dhcp_rpc_agent_api [None req-0fc5da6f-8199-4ab2-aac4-cdd2d394f0a0 dbb908dce4c44d9e859ebcac7d4663c1 8ccbaeeb49c34f1b99cfdfee00c3d3a9 - - - -] Unable to schedule network 1577bf0a-6839-4167-99de-0c2ed06acce2: no agents available; will retry on subsequent port and subnet creation events.
2026-06-22 03:11:48.674 10 INFO neutron.db.ovn_revision_numbers_db [None req-0fc5da6f-8199-4ab2-aac4-cdd2d394f0a0 dbb908dce4c44d9e859ebcac7d4663c1 8ccbaeeb49c34f1b99cfdfee00c3d3a9 - - - -] Successfully bumped revision number for resource 6e6bec35-5171-473d-821b-2c8b2603f84e (type: subnets) to 0
2026-06-22 03:11:48.702 10 INFO neutron.wsgi [None req-0fc5da6f-8199-4ab2-aac4-cdd2d394f0a0 dbb908dce4c44d9e859ebcac7d4663c1 8ccbaeeb49c34f1b99cfdfee00c3d3a9 - - - -] 10.0.0.157 "POST /v2.0/subnets HTTP/1.1" status: 201 len: 900 time: 0.3810987
2026-06-22 03:11:48.803 10 INFO neutron.db.segments_db [None req-855ef02d-55dc-4220-b818-2bb422433431 dbb908dce4c44d9e859ebcac7d4663c1 8ccbaeeb49c34f1b99cfdfee00c3d3a9 - - - -] Added segment deed1bb3-8f38-41bd-b804-94196c5858a0 of type geneve for network f5191b9e-529b-4f56-a67f-65bf5a2f37f6
2026-06-22 03:11:48.970 10 INFO neutron.db.ovn_revision_numbers_db [None req-855ef02d-55dc-4220-b818-2bb422433431 dbb908dce4c44d9e859ebcac7d4663c1 8ccbaeeb49c34f1b99cfdfee00c3d3a9 - - - -] Successfully bumped revision number for resource f5191b9e-529b-4f56-a67f-65bf5a2f37f6 (type: networks) to 1
2026-06-22 03:11:49.230 10 WARNING neutron.scheduler.dhcp_agent_scheduler [None req-855ef02d-55dc-4220-b818-2bb422433431 dbb908dce4c44d9e859ebcac7d4663c1 8ccbaeeb49c34f1b99cfdfee00c3d3a9 - - - -] No more DHCP agents
2026-06-22 03:11:49.233 10 WARNING neutron.api.rpc.agentnotifiers.dhcp_rpc_agent_api [None req-855ef02d-55dc-4220-b818-2bb422433431 dbb908dce4c44d9e859ebcac7d4663c1 8ccbaeeb49c34f1b99cfdfee00c3d3a9 - - - -] Unable to schedule network f5191b9e-529b-4f56-a67f-65bf5a2f37f6: no agents available; will retry on subsequent port and subnet creation events.
2026-06-22 03:11:49.315 10 INFO neutron.db.ovn_revision_numbers_db [None req-855ef02d-55dc-4220-b818-2bb422433431 dbb908dce4c44d9e859ebcac7d4663c1 8ccbaeeb49c34f1b99cfdfee00c3d3a9 - - - -] Successfully bumped revision number for resource 2121ccf5-22ff-4d44-9694-0243bdc54510 (type: ports) to 1
2026-06-22 03:11:49.340 10 INFO neutron.wsgi [None req-855ef02d-55dc-4220-b818-2bb422433431 dbb908dce4c44d9e859ebcac7d4663c1 8ccbaeeb49c34f1b99cfdfee00c3d3a9 - - - -] 10.0.0.157 "POST /v2.0/networks HTTP/1.1" status: 201 len: 837 time: 0.6337175
2026-06-22 03:11:49.633 10 WARNING neutron.scheduler.dhcp_agent_scheduler [None req-def7e6cb-fed2-41ce-a5ee-ca262c3a619c dbb908dce4c44d9e859ebcac7d4663c1 8ccbaeeb49c34f1b99cfdfee00c3d3a9 - - - -] No more DHCP agents
2026-06-22 03:11:49.635 10 WARNING neutron.api.rpc.agentnotifiers.dhcp_rpc_agent_api [None req-def7e6cb-fed2-41ce-a5ee-ca262c3a619c dbb908dce4c44d9e859ebcac7d4663c1 8ccbaeeb49c34f1b99cfdfee00c3d3a9 - - - -] Unable to schedule network f5191b9e-529b-4f56-a67f-65bf5a2f37f6: no agents available; will retry on subsequent port and subnet creation events.
2026-06-22 03:11:50.246 10 INFO neutron.db.ovn_revision_numbers_db [None req-def7e6cb-fed2-41ce-a5ee-ca262c3a619c dbb908dce4c44d9e859ebcac7d4663c1 8ccbaeeb49c34f1b99cfdfee00c3d3a9 - - - -] Successfully bumped revision number for resource 2121ccf5-22ff-4d44-9694-0243bdc54510 (type: ports) to 2
2026-06-22 03:11:50.262 10 INFO neutron.db.ovn_revision_numbers_db [None req-def7e6cb-fed2-41ce-a5ee-ca262c3a619c dbb908dce4c44d9e859ebcac7d4663c1 8ccbaeeb49c34f1b99cfdfee00c3d3a9 - - - -] Successfully bumped revision number for resource 122fc4ec-2e81-4b8e-9957-b01253c4b69b (type: subnets) to 0
2026-06-22 03:11:50.279 10 INFO neutron.wsgi [None req-def7e6cb-fed2-41ce-a5ee-ca262c3a619c dbb908dce4c44d9e859ebcac7d4663c1 8ccbaeeb49c34f1b99cfdfee00c3d3a9 - - - -] 10.0.0.157 "POST /v2.0/subnets HTTP/1.1" status: 201 len: 830 time: 0.9323323
2026-06-22 03:11:50.567 10 WARNING neutron.scheduler.dhcp_agent_scheduler [None req-a9902842-3748-450a-a2bb-6c54c6604134 dbb908dce4c44d9e859ebcac7d4663c1 8ccbaeeb49c34f1b99cfdfee00c3d3a9 - - - -] No more DHCP agents
2026-06-22 03:11:50.569 10 WARNING neutron.api.rpc.agentnotifiers.dhcp_rpc_agent_api [None req-a9902842-3748-450a-a2bb-6c54c6604134 dbb908dce4c44d9e859ebcac7d4663c1 8ccbaeeb49c34f1b99cfdfee00c3d3a9 - - - -] Unable to schedule network f5191b9e-529b-4f56-a67f-65bf5a2f37f6: no agents available; will retry on subsequent port and subnet creation events.
2026-06-22 03:11:50.585 10 INFO neutron.db.ovn_revision_numbers_db [None req-a9902842-3748-450a-a2bb-6c54c6604134 dbb908dce4c44d9e859ebcac7d4663c1 8ccbaeeb49c34f1b99cfdfee00c3d3a9 - - - -] Successfully bumped revision number for resource 3d42685d-fcde-4c33-bdc9-29ff307403cd (type: subnets) to 0
2026-06-22 03:11:50.606 10 INFO neutron.wsgi [None req-a9902842-3748-450a-a2bb-6c54c6604134 dbb908dce4c44d9e859ebcac7d4663c1 8ccbaeeb49c34f1b99cfdfee00c3d3a9 - - - -] 10.0.0.157 "POST /v2.0/subnets HTTP/1.1" status: 201 len: 905 time: 0.3199294
2026-06-22 03:11:51.610 9 WARNING neutron.scheduler.dhcp_agent_scheduler [None req-aab555a6-3bd4-486c-b692-462f818d7eff dbb908dce4c44d9e859ebcac7d4663c1 8ccbaeeb49c34f1b99cfdfee00c3d3a9 - - - -] No more DHCP agents
2026-06-22 03:11:51.613 9 WARNING neutron.api.rpc.agentnotifiers.dhcp_rpc_agent_api [None req-aab555a6-3bd4-486c-b692-462f818d7eff dbb908dce4c44d9e859ebcac7d4663c1 8ccbaeeb49c34f1b99cfdfee00c3d3a9 - - - -] Unable to schedule network 9c803c74-4730-478b-81e3-55f84c7e6c67: no agents available; will retry on subsequent port and subnet creation events.
2026-06-22 03:11:51.771 9 INFO neutron.db.ovn_revision_numbers_db [None req-aab555a6-3bd4-486c-b692-462f818d7eff dbb908dce4c44d9e859ebcac7d4663c1 8ccbaeeb49c34f1b99cfdfee00c3d3a9 - - - -] Successfully bumped revision number for resource 81690cc7-b707-4e3d-bfbb-69837f109932 (type: ports) to 1
2026-06-22 03:11:52.595 10 INFO neutron.plugins.ml2.drivers.ovn.mech_driver.mech_driver [None req-e076f914-9f6d-4367-9385-e1e3bafb5fc7 - - - - - -] OVN reports status up for port: 81690cc7-b707-4e3d-bfbb-69837f109932
2026-06-22 03:11:52.609 10 INFO neutron.plugins.ml2.plugin [None req-e076f914-9f6d-4367-9385-e1e3bafb5fc7 - - - - - -] Attempt 1 to provision port 81690cc7-b707-4e3d-bfbb-69837f109932
2026-06-22 03:11:52.643 9 INFO neutron.plugins.ml2.drivers.ovn.mech_driver.ovsdb.ovsdb_monitor [None req-749671b8-f2d5-4bf2-817a-81eb95413c7f - - - - - -] Router bb8ee080-a89b-41aa-9264-4650017d375f is bound to host instance
2026-06-22 03:11:52.663 9 INFO neutron.db.ovn_revision_numbers_db [None req-aab555a6-3bd4-486c-b692-462f818d7eff dbb908dce4c44d9e859ebcac7d4663c1 8ccbaeeb49c34f1b99cfdfee00c3d3a9 - - - -] Successfully bumped revision number for resource 81690cc7-b707-4e3d-bfbb-69837f109932 (type: router_ports) to 1
2026-06-22 03:11:52.771 9 INFO neutron.db.ovn_revision_numbers_db [None req-aab555a6-3bd4-486c-b692-462f818d7eff dbb908dce4c44d9e859ebcac7d4663c1 8ccbaeeb49c34f1b99cfdfee00c3d3a9 - - - -] Successfully bumped revision number for resource bb8ee080-a89b-41aa-9264-4650017d375f (type: routers) to 3
2026-06-22 03:11:52.809 9 INFO neutron.wsgi [None req-aab555a6-3bd4-486c-b692-462f818d7eff dbb908dce4c44d9e859ebcac7d4663c1 8ccbaeeb49c34f1b99cfdfee00c3d3a9 - - - -] 10.0.0.157 "POST /v2.0/routers HTTP/1.1" status: 201 len: 863 time: 2.1969776
2026-06-22 03:11:53.531 9 INFO neutron.db.ovn_revision_numbers_db [None req-749671b8-f2d5-4bf2-817a-81eb95413c7f - - - - - -] Successfully bumped revision number for resource 81690cc7-b707-4e3d-bfbb-69837f109932 (type: ports) to 1
2026-06-22 03:11:53.650 9 WARNING neutron.scheduler.dhcp_agent_scheduler [None req-152d26e2-b7c0-4a8e-922e-b8590d85fcf0 dbb908dce4c44d9e859ebcac7d4663c1 8ccbaeeb49c34f1b99cfdfee00c3d3a9 - - default default] No more DHCP agents
2026-06-22 03:11:53.676 9 WARNING neutron.api.rpc.agentnotifiers.dhcp_rpc_agent_api [None req-152d26e2-b7c0-4a8e-922e-b8590d85fcf0 dbb908dce4c44d9e859ebcac7d4663c1 8ccbaeeb49c34f1b99cfdfee00c3d3a9 - - default default] Unable to schedule network 9acfabe5-4b2d-424f-8c28-2e8dcdd5ba1d: no agents available; will retry on subsequent port and subnet creation events.
2026-06-22 03:11:54.415 9 INFO neutron.db.ovn_revision_numbers_db [None req-152d26e2-b7c0-4a8e-922e-b8590d85fcf0 dbb908dce4c44d9e859ebcac7d4663c1 8ccbaeeb49c34f1b99cfdfee00c3d3a9 - - default default] Successfully bumped revision number for resource f63b35fa-502c-4ac4-ad69-91863de39fcf (type: ports) to 1
2026-06-22 03:11:54.420 9 INFO neutron.db.ovn_revision_numbers_db [None req-749671b8-f2d5-4bf2-817a-81eb95413c7f - - - - - -] Successfully bumped revision number for resource 81690cc7-b707-4e3d-bfbb-69837f109932 (type: router_ports) to 3
2026-06-22 03:11:54.683 9 INFO neutron.db.ovn_revision_numbers_db [None req-749671b8-f2d5-4bf2-817a-81eb95413c7f - - - - - -] Successfully bumped revision number for resource 81690cc7-b707-4e3d-bfbb-69837f109932 (type: ports) to 2
2026-06-22 03:11:55.073 9 INFO neutron.db.ovn_revision_numbers_db [None req-749671b8-f2d5-4bf2-817a-81eb95413c7f - - - - - -] Successfully bumped revision number for resource 81690cc7-b707-4e3d-bfbb-69837f109932 (type: ports) to 4
2026-06-22 03:11:55.220 10 INFO neutron.plugins.ml2.drivers.ovn.mech_driver.mech_driver [None req-e076f914-9f6d-4367-9385-e1e3bafb5fc7 - - - - - -] OVN reports status up for port: f63b35fa-502c-4ac4-ad69-91863de39fcf
2026-06-22 03:11:55.230 10 INFO neutron.plugins.ml2.plugin [None req-e076f914-9f6d-4367-9385-e1e3bafb5fc7 - - - - - -] Attempt 1 to provision port f63b35fa-502c-4ac4-ad69-91863de39fcf
2026-06-22 03:11:55.256 9 INFO neutron.db.ovn_revision_numbers_db [None req-152d26e2-b7c0-4a8e-922e-b8590d85fcf0 dbb908dce4c44d9e859ebcac7d4663c1 8ccbaeeb49c34f1b99cfdfee00c3d3a9 - - default default] Successfully bumped revision number for resource f63b35fa-502c-4ac4-ad69-91863de39fcf (type: router_ports) to 2
2026-06-22 03:11:55.484 9 ERROR ovsdbapp.backend.ovs_idl.transaction [None req-152d26e2-b7c0-4a8e-922e-b8590d85fcf0 dbb908dce4c44d9e859ebcac7d4663c1 8ccbaeeb49c34f1b99cfdfee00c3d3a9 - - default default]
Traceback (most recent call last): File "/var/lib/openstack/lib/python3.10/site-packages/ovsdbapp/backend/ovs_idl/connection.py", line 118, in run txn.results.put(txn.do_commit())
File "/var/lib/openstack/lib/python3.10/site-packages/ovsdbapp/backend/ovs_idl/transaction.py", line 92, in do_commit command.run_idl(txn)
File "/var/lib/openstack/lib/python3.10/site-packages/neutron/plugins/ml2/drivers/ovn/mech_driver/ovsdb/commands.py", line 801, in run_idl raise ovn_exc.RevisionConflict( neutron.common.ovn.exceptions.RevisionConflict: OVN revision number for f63b35fa-502c-4ac4-ad69-91863de39fcf (type: ports) is equal or higher than the given resource. Skipping update 
2026-06-22 03:11:55.484 9 INFO neutron.plugins.ml2.drivers.ovn.mech_driver.ovsdb.impl_idl_ovn [None req-152d26e2-b7c0-4a8e-922e-b8590d85fcf0 dbb908dce4c44d9e859ebcac7d4663c1 8ccbaeeb49c34f1b99cfdfee00c3d3a9 - - default default] Transaction aborted. Reason: OVN revision number for f63b35fa-502c-4ac4-ad69-91863de39fcf (type: ports) is equal or higher than the given resource. Skipping update
2026-06-22 03:11:55.486 10 INFO neutron.db.ovn_revision_numbers_db [None req-e076f914-9f6d-4367-9385-e1e3bafb5fc7 - - - - - -] Successfully bumped revision number for resource f63b35fa-502c-4ac4-ad69-91863de39fcf (type: ports) to 3
2026-06-22 03:11:55.503 9 INFO neutron.db.ovn_revision_numbers_db [None req-749671b8-f2d5-4bf2-817a-81eb95413c7f - - - - - -] Successfully bumped revision number for resource 81690cc7-b707-4e3d-bfbb-69837f109932 (type: router_ports) to 4
2026-06-22 03:11:55.582 9 WARNING neutron.scheduler.dhcp_agent_scheduler [None req-152d26e2-b7c0-4a8e-922e-b8590d85fcf0 dbb908dce4c44d9e859ebcac7d4663c1 8ccbaeeb49c34f1b99cfdfee00c3d3a9 - - default default] No more DHCP agents
2026-06-22 03:11:55.584 9 WARNING neutron.api.rpc.agentnotifiers.dhcp_rpc_agent_api [None req-152d26e2-b7c0-4a8e-922e-b8590d85fcf0 dbb908dce4c44d9e859ebcac7d4663c1 8ccbaeeb49c34f1b99cfdfee00c3d3a9 - - default default] Unable to schedule network 9acfabe5-4b2d-424f-8c28-2e8dcdd5ba1d: no agents available; will retry on subsequent port and subnet creation events.
2026-06-22 03:11:55.591 10 INFO neutron.db.ovn_revision_numbers_db [None req-e076f914-9f6d-4367-9385-e1e3bafb5fc7 - - - - - -] Successfully bumped revision number for resource f63b35fa-502c-4ac4-ad69-91863de39fcf (type: router_ports) to 3
2026-06-22 03:11:55.819 9 INFO neutron.wsgi [-] 10.0.0.99 "GET / HTTP/1.1" status: 200 len: 247 time: 0.0022681
2026-06-22 03:11:55.820 10 INFO neutron.wsgi [-] 10.0.0.99 "GET / HTTP/1.1" status: 200 len: 247 time: 0.0029039
2026-06-22 03:11:55.940 9 INFO neutron.db.ovn_revision_numbers_db [None req-152d26e2-b7c0-4a8e-922e-b8590d85fcf0 dbb908dce4c44d9e859ebcac7d4663c1 8ccbaeeb49c34f1b99cfdfee00c3d3a9 - - - -] Successfully bumped revision number for resource f63b35fa-502c-4ac4-ad69-91863de39fcf (type: router_ports) to 3
2026-06-22 03:11:55.944 9 INFO neutron.wsgi [None req-152d26e2-b7c0-4a8e-922e-b8590d85fcf0 dbb908dce4c44d9e859ebcac7d4663c1 8ccbaeeb49c34f1b99cfdfee00c3d3a9 - - - -] 10.0.0.157 "PUT /v2.0/routers/bb8ee080-a89b-41aa-9264-4650017d375f/add_router_interface HTTP/1.1" status: 200 len: 503 time: 3.1296349
2026-06-22 03:11:57.124 10 WARNING neutron.scheduler.dhcp_agent_scheduler [None req-8813755e-5905-4d40-b450-ad1632506f13 dbb908dce4c44d9e859ebcac7d4663c1 8ccbaeeb49c34f1b99cfdfee00c3d3a9 - - default default] No more DHCP agents
2026-06-22 03:11:57.129 10 WARNING neutron.api.rpc.agentnotifiers.dhcp_rpc_agent_api [None req-8813755e-5905-4d40-b450-ad1632506f13 dbb908dce4c44d9e859ebcac7d4663c1 8ccbaeeb49c34f1b99cfdfee00c3d3a9 - - default default] Unable to schedule network 1577bf0a-6839-4167-99de-0c2ed06acce2: no agents available; will retry on subsequent port and subnet creation events.
2026-06-22 03:11:57.306 10 INFO neutron.db.ovn_revision_numbers_db [None req-8813755e-5905-4d40-b450-ad1632506f13 dbb908dce4c44d9e859ebcac7d4663c1 8ccbaeeb49c34f1b99cfdfee00c3d3a9 - - default default] Successfully bumped revision number for resource eb8d5b28-ae02-4dbb-aca2-6d7e270f6c2c (type: ports) to 1
2026-06-22 03:11:57.926 9 INFO neutron.plugins.ml2.drivers.ovn.mech_driver.mech_driver [None req-3c1d1fd8-5c1a-4eb4-b6fb-6bbac59d8093 - - - - - -] OVN reports status up for port: eb8d5b28-ae02-4dbb-aca2-6d7e270f6c2c
2026-06-22 03:11:57.934 9 INFO neutron.plugins.ml2.plugin [None req-3c1d1fd8-5c1a-4eb4-b6fb-6bbac59d8093 - - - - - -] Attempt 1 to provision port eb8d5b28-ae02-4dbb-aca2-6d7e270f6c2c
2026-06-22 03:11:57.939 10 INFO neutron.db.ovn_revision_numbers_db [None req-8813755e-5905-4d40-b450-ad1632506f13 dbb908dce4c44d9e859ebcac7d4663c1 8ccbaeeb49c34f1b99cfdfee00c3d3a9 - - default default] Successfully bumped revision number for resource eb8d5b28-ae02-4dbb-aca2-6d7e270f6c2c (type: router_ports) to 2
2026-06-22 03:11:58.189 10 INFO neutron.db.ovn_revision_numbers_db [None req-8813755e-5905-4d40-b450-ad1632506f13 dbb908dce4c44d9e859ebcac7d4663c1 8ccbaeeb49c34f1b99cfdfee00c3d3a9 - - default default] Successfully bumped revision number for resource eb8d5b28-ae02-4dbb-aca2-6d7e270f6c2c (type: ports) to 2
2026-06-22 03:11:58.243 9 INFO neutron.db.ovn_revision_numbers_db [None req-3c1d1fd8-5c1a-4eb4-b6fb-6bbac59d8093 - - - - - -] Successfully bumped revision number for resource eb8d5b28-ae02-4dbb-aca2-6d7e270f6c2c (type: ports) to 3
2026-06-22 03:11:58.262 10 WARNING neutron.scheduler.dhcp_agent_scheduler [None req-8813755e-5905-4d40-b450-ad1632506f13 dbb908dce4c44d9e859ebcac7d4663c1 8ccbaeeb49c34f1b99cfdfee00c3d3a9 - - default default] No more DHCP agents
2026-06-22 03:11:58.264 10 WARNING neutron.api.rpc.agentnotifiers.dhcp_rpc_agent_api [None req-8813755e-5905-4d40-b450-ad1632506f13 dbb908dce4c44d9e859ebcac7d4663c1 8ccbaeeb49c34f1b99cfdfee00c3d3a9 - - default default] Unable to schedule network 1577bf0a-6839-4167-99de-0c2ed06acce2: no agents available; will retry on subsequent port and subnet creation events.
2026-06-22 03:11:58.362 9 INFO neutron.db.ovn_revision_numbers_db [None req-3c1d1fd8-5c1a-4eb4-b6fb-6bbac59d8093 - - - - - -] Successfully bumped revision number for resource eb8d5b28-ae02-4dbb-aca2-6d7e270f6c2c (type: router_ports) to 3
