2026-06-22 03:06:24.124 9 INFO neutron.wsgi [None req-4fe5df96-2005-4b2d-b0f8-21d5d2f219f5 751f33749ace41598cd3267c9283faaf cf4659c6d168409daeea6e64967c002e - - - -] 10.0.0.157 "DELETE /v2.0/floatingips/6f40829c-6b0e-4dea-b5c8-a2fbe863dd9f HTTP/1.1" status: 204 len: 168 time: 0.4674456
2026-06-22 03:06:24.815 10 INFO neutron.wsgi [None req-b3382fe8-388b-4e48-a526-0ac2ac3daf78 995443913f674e018dccae376be97077 4bb17ac0aa45476aa87e5845b8a62079 - - - -] 10.0.0.157 "DELETE /v2.0/routers/75f39892-50a0-4239-aed8-8bb31dbe73b1 HTTP/1.1" status: 204 len: 168 time: 1.0709553
2026-06-22 03:06:25.064 10 INFO neutron.wsgi [None req-7cc21e20-bb07-4516-9a7c-2d4d21101462 995443913f674e018dccae376be97077 4bb17ac0aa45476aa87e5845b8a62079 - - - -] 10.0.0.157 "DELETE /v2.0/subnets/165d21d7-adaf-4510-b440-80c1207a5361 HTTP/1.1" status: 204 len: 168 time: 0.2431526
2026-06-22 03:06:25.444 10 INFO neutron.services.segments.plugin [-] Segment 277f0fb4-2c84-4efd-99fd-6747fd48f63f resource provider aggregate not found
2026-06-22 03:06:25.456 10 INFO neutron.services.segments.plugin [-] Segment 277f0fb4-2c84-4efd-99fd-6747fd48f63f resource provider aggregate not found
2026-06-22 03:06:25.476 10 INFO neutron.services.segments.plugin [-] Segment 277f0fb4-2c84-4efd-99fd-6747fd48f63f resource provider not found; error: Placement Client Error (4xx): {"errors": [{"status": 404, "title": "Not Found", "detail": "The resource could not be found.\n\n No resource provider with uuid 277f0fb4-2c84-4efd-99fd-6747fd48f63f found for delete ", "request_id": "req-b4bdced7-1340-492e-bc62-245a9cc52844"}]}
2026-06-22 03:06:25.477 10 INFO neutron.services.segments.plugin [-] Segment 277f0fb4-2c84-4efd-99fd-6747fd48f63f resource provider not found; error: Placement Client Error (4xx): {"errors": [{"status": 404, "title": "Not Found", "detail": "The resource could not be found.\n\n No resource provider with uuid 277f0fb4-2c84-4efd-99fd-6747fd48f63f found for delete ", "request_id": "req-b065c3be-f950-49d6-806b-69e04b0ab211"}]}
2026-06-22 03:06:25.507 10 INFO neutron.wsgi [None req-9bd50710-830b-4e3d-9d5b-42850c8f2a0f 995443913f674e018dccae376be97077 4bb17ac0aa45476aa87e5845b8a62079 - - - -] 10.0.0.157 "DELETE /v2.0/networks/4a8c0525-9834-40e0-94ca-ba6608d3e3d8 HTTP/1.1" status: 204 len: 168 time: 0.4384170
2026-06-22 03:06:25.639 9 INFO neutron.db.ovn_revision_numbers_db [None req-50b2df19-0471-47dd-986c-cbf03a0500a2 995443913f674e018dccae376be97077 4bb17ac0aa45476aa87e5845b8a62079 - - - -] Successfully bumped revision number for resource 5c5126df-a44d-4403-b7e9-281f535d8a43 (type: security_groups) to 1
2026-06-22 03:06:25.705 10 INFO neutron.wsgi [None req-7f08da87-ed94-495d-9ecb-7f9e9210f2b4 995443913f674e018dccae376be97077 4bb17ac0aa45476aa87e5845b8a62079 - - default default] 10.0.0.157 "GET /v2.0/security-groups?tenant_id=4d90abca52d84f7eb50eda1fc2832d77&name=default HTTP/1.1" status: 200 len: 2992 time: 0.0344958
2026-06-22 03:06:25.712 9 INFO neutron.db.segments_db [None req-50b2df19-0471-47dd-986c-cbf03a0500a2 995443913f674e018dccae376be97077 4bb17ac0aa45476aa87e5845b8a62079 - - - -] Added segment f23bf04b-d448-489a-b4a3-833438085f9d of type geneve for network 26b7522f-0b17-4112-ac6b-66a167c0d394
2026-06-22 03:06:25.818 9 INFO neutron.wsgi [-] 10.0.0.99 "GET / HTTP/1.1" status: 200 len: 247 time: 0.0016510
2026-06-22 03:06:25.820 9 INFO neutron.wsgi [-] 10.0.0.99 "GET / HTTP/1.1" status: 200 len: 247 time: 0.0014997
2026-06-22 03:06:25.880 10 INFO neutron.wsgi [None req-b9730a2b-9680-42e3-b0eb-34f2b5c3836f 995443913f674e018dccae376be97077 4bb17ac0aa45476aa87e5845b8a62079 - - - -] 10.0.0.157 "DELETE /v2.0/security-groups/2ae3d748-a2ff-4003-a75b-332f8a3263ee HTTP/1.1" status: 204 len: 168 time: 0.1690986
2026-06-22 03:06:25.898 9 INFO neutron.wsgi [None req-4180be07-ddb5-48f1-b169-58f6d75196b4 995443913f674e018dccae376be97077 4bb17ac0aa45476aa87e5845b8a62079 - - - -] 10.0.0.157 "PUT /v2.0/routers/0e064154-6be0-47d1-8047-b2a259fa7e08/remove_router_interface HTTP/1.1" status: 200 len: 503 time: 1.7661996
2026-06-22 03:06:25.928 9 INFO neutron.db.ovn_revision_numbers_db [None req-50b2df19-0471-47dd-986c-cbf03a0500a2 995443913f674e018dccae376be97077 4bb17ac0aa45476aa87e5845b8a62079 - - - -] Successfully bumped revision number for resource 26b7522f-0b17-4112-ac6b-66a167c0d394 (type: networks) to 1
2026-06-22 03:06:26.173 9 WARNING neutron.scheduler.dhcp_agent_scheduler [None req-50b2df19-0471-47dd-986c-cbf03a0500a2 995443913f674e018dccae376be97077 4bb17ac0aa45476aa87e5845b8a62079 - - - -] No more DHCP agents
2026-06-22 03:06:26.175 9 WARNING neutron.api.rpc.agentnotifiers.dhcp_rpc_agent_api [None req-50b2df19-0471-47dd-986c-cbf03a0500a2 995443913f674e018dccae376be97077 4bb17ac0aa45476aa87e5845b8a62079 - - - -] Unable to schedule network 26b7522f-0b17-4112-ac6b-66a167c0d394: no agents available; will retry on subsequent port and subnet creation events.
2026-06-22 03:06:26.251 9 INFO neutron.db.ovn_revision_numbers_db [None req-50b2df19-0471-47dd-986c-cbf03a0500a2 995443913f674e018dccae376be97077 4bb17ac0aa45476aa87e5845b8a62079 - - - -] Successfully bumped revision number for resource 391c6050-f132-4bd3-bda1-cd2f0febd289 (type: ports) to 1
2026-06-22 03:06:26.273 9 INFO neutron.wsgi [None req-50b2df19-0471-47dd-986c-cbf03a0500a2 995443913f674e018dccae376be97077 4bb17ac0aa45476aa87e5845b8a62079 - - - -] 10.0.0.157 "POST /v2.0/networks HTTP/1.1" status: 201 len: 947 time: 1.4978440
2026-06-22 03:06:26.548 10 WARNING neutron.scheduler.dhcp_agent_scheduler [None req-67c51347-b991-45c4-8562-f07a9926f14a 995443913f674e018dccae376be97077 4bb17ac0aa45476aa87e5845b8a62079 - - - -] No more DHCP agents
2026-06-22 03:06:26.554 10 WARNING neutron.api.rpc.agentnotifiers.dhcp_rpc_agent_api [None req-67c51347-b991-45c4-8562-f07a9926f14a 995443913f674e018dccae376be97077 4bb17ac0aa45476aa87e5845b8a62079 - - - -] Unable to schedule network 26b7522f-0b17-4112-ac6b-66a167c0d394: no agents available; will retry on subsequent port and subnet creation events.
2026-06-22 03:06:26.813 10 INFO neutron.wsgi [None req-534ca672-18ed-4e09-89ff-94466ba58cd0 995443913f674e018dccae376be97077 4bb17ac0aa45476aa87e5845b8a62079 - - - -] 10.0.0.157 "DELETE /v2.0/routers/0e064154-6be0-47d1-8047-b2a259fa7e08 HTTP/1.1" status: 204 len: 168 time: 0.9073870
2026-06-22 03:06:27.190 10 INFO neutron.wsgi [None req-faadf4a8-74ca-4d72-995d-85be90151c57 995443913f674e018dccae376be97077 4bb17ac0aa45476aa87e5845b8a62079 - - - -] 10.0.0.157 "DELETE /v2.0/subnets/90ea02e5-78e6-44da-ae2b-905900b360a2 HTTP/1.1" status: 204 len: 168 time: 0.3709362
2026-06-22 03:06:27.332 10 INFO neutron.db.ovn_revision_numbers_db [None req-67c51347-b991-45c4-8562-f07a9926f14a 995443913f674e018dccae376be97077 4bb17ac0aa45476aa87e5845b8a62079 - - - -] Successfully bumped revision number for resource 391c6050-f132-4bd3-bda1-cd2f0febd289 (type: ports) to 2
2026-06-22 03:06:27.385 10 INFO neutron.db.ovn_revision_numbers_db [None req-67c51347-b991-45c4-8562-f07a9926f14a 995443913f674e018dccae376be97077 4bb17ac0aa45476aa87e5845b8a62079 - - - -] Successfully bumped revision number for resource c4592a7e-6b71-4890-b9e0-93399bc92164 (type: subnets) to 0
2026-06-22 03:06:27.414 10 INFO neutron.wsgi [None req-67c51347-b991-45c4-8562-f07a9926f14a 995443913f674e018dccae376be97077 4bb17ac0aa45476aa87e5845b8a62079 - - - -] 10.0.0.157 "POST /v2.0/subnets HTTP/1.1" status: 201 len: 868 time: 1.1339090
2026-06-22 03:06:28.019 10 INFO neutron.services.segments.plugin [-] Segment 5104d9ec-3751-44c4-b71c-e77f0a2d15ba resource provider aggregate not found
2026-06-22 03:06:28.030 10 INFO neutron.services.segments.plugin [-] Segment 5104d9ec-3751-44c4-b71c-e77f0a2d15ba resource provider aggregate not found
2026-06-22 03:06:28.083 10 INFO neutron.services.segments.plugin [-] Segment 5104d9ec-3751-44c4-b71c-e77f0a2d15ba resource provider not found; error: Placement Client Error (4xx): {"errors": [{"status": 404, "title": "Not Found", "detail": "The resource could not be found.\n\n No resource provider with uuid 5104d9ec-3751-44c4-b71c-e77f0a2d15ba found for delete ", "request_id": "req-27a185fe-2196-40e4-8497-2537444ce92c"}]}
2026-06-22 03:06:28.084 10 INFO neutron.services.segments.plugin [-] Segment 5104d9ec-3751-44c4-b71c-e77f0a2d15ba resource provider not found; error: Placement Client Error (4xx): {"errors": [{"status": 404, "title": "Not Found", "detail": "The resource could not be found.\n\n No resource provider with uuid 5104d9ec-3751-44c4-b71c-e77f0a2d15ba found for delete ", "request_id": "req-ef875483-7715-4bb4-963b-5dd2f80ebbfd"}]}
2026-06-22 03:06:28.146 10 INFO neutron.wsgi [None req-45a4f587-acc2-48df-a7c4-ad494240865d 995443913f674e018dccae376be97077 4bb17ac0aa45476aa87e5845b8a62079 - - - -] 10.0.0.157 "DELETE /v2.0/networks/f96a6cbe-64c7-4e33-a72e-d1d7f240ed49 HTTP/1.1" status: 204 len: 168 time: 0.9491565
2026-06-22 03:06:28.219 10 INFO neutron.wsgi [req-1842c89d-691c-40de-ac1a-552e87f6f5ea req-95f8e6f4-936a-40db-9e4d-7183e151739c 2d638b332b1c444a82584323ecb62e98 c4f245357b9c452c928ce7cbf29b8c3f - - 8fa89142ed234466828e7144d55eecfd 8fa89142ed234466828e7144d55eecfd] 10.0.0.103 "GET /v2.0/ports?device_id=7ced999b-793a-40fe-85aa-502001550424 HTTP/1.1" status: 200 len: 1365 time: 0.2943382 /var/lib/openstack/lib/python3.10/site-packages/pycadf/identifier.py:71: UserWarning: Invalid uuid: neutron. To ensure interoperability, identifiers should be a valid uuid. warnings.warn(('Invalid uuid: %s. To ensure interoperability, '
2026-06-22 03:06:28.276 10 INFO neutron.wsgi [req-1842c89d-691c-40de-ac1a-552e87f6f5ea req-93d24e9d-759b-4e6d-8ae0-47dfd806c4ea 2d638b332b1c444a82584323ecb62e98 c4f245357b9c452c928ce7cbf29b8c3f - - 8fa89142ed234466828e7144d55eecfd 8fa89142ed234466828e7144d55eecfd] 10.0.0.103 "GET /v2.0/security-groups?id=e6fc8170-c49a-4246-bf91-14000d7be6f2&fields=id&fields=name HTTP/1.1" status: 200 len: 312 time: 0.0506437
2026-06-22 03:06:28.311 9 INFO neutron.wsgi [None req-12662cfb-ba51-4988-a260-fe52775294a4 995443913f674e018dccae376be97077 4bb17ac0aa45476aa87e5845b8a62079 - - default default] 10.0.0.157 "GET /v2.0/security-groups?tenant_id=cf4659c6d168409daeea6e64967c002e&name=default HTTP/1.1" status: 200 len: 2992 time: 0.0461700
2026-06-22 03:06:28.437 10 WARNING neutron.scheduler.dhcp_agent_scheduler [None req-05b851ae-9bf4-4c88-bcec-7f2a67fa661b 995443913f674e018dccae376be97077 4bb17ac0aa45476aa87e5845b8a62079 - - - -] No more DHCP agents
2026-06-22 03:06:28.442 10 WARNING neutron.api.rpc.agentnotifiers.dhcp_rpc_agent_api [None req-05b851ae-9bf4-4c88-bcec-7f2a67fa661b 995443913f674e018dccae376be97077 4bb17ac0aa45476aa87e5845b8a62079 - - - -] Unable to schedule network 9c803c74-4730-478b-81e3-55f84c7e6c67: no agents available; will retry on subsequent port and subnet creation events.
2026-06-22 03:06:28.622 10 INFO neutron.wsgi [None req-a918737d-88d0-405c-a9a7-287115eb2d35 995443913f674e018dccae376be97077 4bb17ac0aa45476aa87e5845b8a62079 - - - -] 10.0.0.157 "DELETE /v2.0/security-groups/20b99384-58f3-48b9-8b0b-c815c8094346 HTTP/1.1" status: 204 len: 168 time: 0.3067939
2026-06-22 03:06:28.630 10 INFO neutron.db.ovn_revision_numbers_db [None req-05b851ae-9bf4-4c88-bcec-7f2a67fa661b 995443913f674e018dccae376be97077 4bb17ac0aa45476aa87e5845b8a62079 - - - -] Successfully bumped revision number for resource 405ecadb-44f7-43a1-84f4-d857a450dc09 (type: ports) to 1
2026-06-22 03:06:29.379 10 INFO neutron.plugins.ml2.drivers.ovn.mech_driver.mech_driver [None req-e076f914-9f6d-4367-9385-e1e3bafb5fc7 - - - - - -] OVN reports status up for port: 405ecadb-44f7-43a1-84f4-d857a450dc09
2026-06-22 03:06:29.391 10 INFO neutron.plugins.ml2.plugin [None req-e076f914-9f6d-4367-9385-e1e3bafb5fc7 - - - - - -] Attempt 1 to provision port 405ecadb-44f7-43a1-84f4-d857a450dc09
2026-06-22 03:06:29.395 10 INFO neutron.db.ovn_revision_numbers_db [None req-05b851ae-9bf4-4c88-bcec-7f2a67fa661b 995443913f674e018dccae376be97077 4bb17ac0aa45476aa87e5845b8a62079 - - - -] Successfully bumped revision number for resource 405ecadb-44f7-43a1-84f4-d857a450dc09 (type: router_ports) to 1
2026-06-22 03:06:29.402 9 INFO neutron.plugins.ml2.drivers.ovn.mech_driver.ovsdb.ovsdb_monitor [None req-749671b8-f2d5-4bf2-817a-81eb95413c7f - - - - - -] Router d7753285-2140-46a3-855f-33e1d0c09920 is bound to host instance
2026-06-22 03:06:29.511 10 INFO neutron.db.ovn_revision_numbers_db [None req-05b851ae-9bf4-4c88-bcec-7f2a67fa661b 995443913f674e018dccae376be97077 4bb17ac0aa45476aa87e5845b8a62079 - - - -] Successfully bumped revision number for resource d7753285-2140-46a3-855f-33e1d0c09920 (type: routers) to 3
2026-06-22 03:06:29.527 10 INFO neutron.wsgi [None req-05b851ae-9bf4-4c88-bcec-7f2a67fa661b 995443913f674e018dccae376be97077 4bb17ac0aa45476aa87e5845b8a62079 - - - -] 10.0.0.157 "POST /v2.0/routers HTTP/1.1" status: 201 len: 879 time: 2.1069665
2026-06-22 03:06:30.052 9 INFO neutron.db.ovn_revision_numbers_db [None req-749671b8-f2d5-4bf2-817a-81eb95413c7f - - - - - -] Successfully bumped revision number for resource 405ecadb-44f7-43a1-84f4-d857a450dc09 (type: ports) to 1
2026-06-22 03:06:30.344 9 INFO neutron.db.ovn_revision_numbers_db [None req-749671b8-f2d5-4bf2-817a-81eb95413c7f - - - - - -] Successfully bumped revision number for resource 405ecadb-44f7-43a1-84f4-d857a450dc09 (type: router_ports) to 3
2026-06-22 03:06:30.350 10 WARNING neutron.scheduler.dhcp_agent_scheduler [None req-0dfe8650-ebd6-40fc-983a-ffdbf06fea08 995443913f674e018dccae376be97077 4bb17ac0aa45476aa87e5845b8a62079 - - default default] No more DHCP agents
2026-06-22 03:06:30.352 10 WARNING neutron.api.rpc.agentnotifiers.dhcp_rpc_agent_api [None req-0dfe8650-ebd6-40fc-983a-ffdbf06fea08 995443913f674e018dccae376be97077 4bb17ac0aa45476aa87e5845b8a62079 - - default default] Unable to schedule network 26b7522f-0b17-4112-ac6b-66a167c0d394: no agents available; will retry on subsequent port and subnet creation events.
2026-06-22 03:06:30.524 10 INFO neutron.db.ovn_revision_numbers_db [None req-0dfe8650-ebd6-40fc-983a-ffdbf06fea08 995443913f674e018dccae376be97077 4bb17ac0aa45476aa87e5845b8a62079 - - default default] Successfully bumped revision number for resource 99e4d6af-511a-41a9-a5ac-0804f982ebd3 (type: ports) to 1
2026-06-22 03:06:30.551 9 INFO neutron.db.ovn_revision_numbers_db [None req-749671b8-f2d5-4bf2-817a-81eb95413c7f - - - - - -] Successfully bumped revision number for resource 405ecadb-44f7-43a1-84f4-d857a450dc09 (type: ports) to 2
2026-06-22 03:06:30.623 9 INFO neutron.db.ovn_revision_numbers_db [None req-dbefc9a6-c9e6-41e2-9ec9-59c6024dd215 995443913f674e018dccae376be97077 4bb17ac0aa45476aa87e5845b8a62079 - - default default] Successfully bumped revision number for resource 5873ad3e-4322-4e33-84f4-9b9f311e5374 (type: security_groups) to 1
2026-06-22 03:06:30.653 9 INFO neutron.wsgi [None req-dbefc9a6-c9e6-41e2-9ec9-59c6024dd215 995443913f674e018dccae376be97077 4bb17ac0aa45476aa87e5845b8a62079 - - default default] 10.0.0.157 "GET /v2.0/security-groups?tenant_id=f3971cc8218e4a74954ef3fba991267b&name=default HTTP/1.1" status: 200 len: 2996 time: 0.2939944
2026-06-22 03:06:30.867 9 INFO neutron.db.ovn_revision_numbers_db [None req-749671b8-f2d5-4bf2-817a-81eb95413c7f - - - - - -] Successfully bumped revision number for resource 405ecadb-44f7-43a1-84f4-d857a450dc09 (type: ports) to 4
2026-06-22 03:06:31.019 9 INFO neutron.wsgi [None req-0d4ac73c-367d-4a15-a7d6-d9bb2f7be908 995443913f674e018dccae376be97077 4bb17ac0aa45476aa87e5845b8a62079 - - - -] 10.0.0.157 "DELETE /v2.0/security-groups/5873ad3e-4322-4e33-84f4-9b9f311e5374 HTTP/1.1" status: 204 len: 168 time: 0.3612721
2026-06-22 03:06:31.055 9 INFO neutron.plugins.ml2.drivers.ovn.mech_driver.mech_driver [None req-3c1d1fd8-5c1a-4eb4-b6fb-6bbac59d8093 - - - - - -] OVN reports status up for port: 99e4d6af-511a-41a9-a5ac-0804f982ebd3
2026-06-22 03:06:31.059 10 INFO neutron.db.ovn_revision_numbers_db [None req-0dfe8650-ebd6-40fc-983a-ffdbf06fea08 995443913f674e018dccae376be97077 4bb17ac0aa45476aa87e5845b8a62079 - - default default] Successfully bumped revision number for resource 99e4d6af-511a-41a9-a5ac-0804f982ebd3 (type: router_ports) to 2
2026-06-22 03:06:31.078 9 INFO neutron.plugins.ml2.plugin [None req-3c1d1fd8-5c1a-4eb4-b6fb-6bbac59d8093 - - - - - -] Attempt 1 to provision port 99e4d6af-511a-41a9-a5ac-0804f982ebd3
2026-06-22 03:06:31.229 9 INFO neutron.db.ovn_revision_numbers_db [None req-749671b8-f2d5-4bf2-817a-81eb95413c7f - - - - - -] Successfully bumped revision number for resource 405ecadb-44f7-43a1-84f4-d857a450dc09 (type: router_ports) to 4
2026-06-22 03:06:31.250 10 INFO neutron.db.ovn_revision_numbers_db [None req-0dfe8650-ebd6-40fc-983a-ffdbf06fea08 995443913f674e018dccae376be97077 4bb17ac0aa45476aa87e5845b8a62079 - - default default] Successfully bumped revision number for resource 99e4d6af-511a-41a9-a5ac-0804f982ebd3 (type: ports) to 2
2026-06-22 03:06:31.336 10 INFO neutron.db.ovn_revision_numbers_db [None req-6f480246-eab7-4e10-b7b7-c628baefcc85 995443913f674e018dccae376be97077 4bb17ac0aa45476aa87e5845b8a62079 - - default default] Successfully bumped revision number for resource 5bff722e-0ab7-4988-8665-2f77ffeff97c (type: security_groups) to 1
2026-06-22 03:06:31.339 10 WARNING neutron.scheduler.dhcp_agent_scheduler [None req-0dfe8650-ebd6-40fc-983a-ffdbf06fea08 995443913f674e018dccae376be97077 4bb17ac0aa45476aa87e5845b8a62079 - - default default] No more DHCP agents
2026-06-22 03:06:31.342 10 WARNING neutron.api.rpc.agentnotifiers.dhcp_rpc_agent_api [None req-0dfe8650-ebd6-40fc-983a-ffdbf06fea08 995443913f674e018dccae376be97077 4bb17ac0aa45476aa87e5845b8a62079 - - default default] Unable to schedule network 26b7522f-0b17-4112-ac6b-66a167c0d394: no agents available; will retry on subsequent port and subnet creation events.
2026-06-22 03:06:31.370 10 INFO neutron.wsgi [None req-6f480246-eab7-4e10-b7b7-c628baefcc85 995443913f674e018dccae376be97077 4bb17ac0aa45476aa87e5845b8a62079 - - default default] 10.0.0.157 "GET /v2.0/security-groups?tenant_id=d82c2197b55f4ccf9c36c091f13e9b7f&name=default HTTP/1.1" status: 200 len: 2996 time: 0.1742353
2026-06-22 03:06:31.403 9 INFO neutron.db.ovn_revision_numbers_db [None req-3c1d1fd8-5c1a-4eb4-b6fb-6bbac59d8093 - - - - - -] Successfully bumped revision number for resource 99e4d6af-511a-41a9-a5ac-0804f982ebd3 (type: ports) to 3
2026-06-22 03:06:31.526 9 INFO neutron.db.ovn_revision_numbers_db [None req-3c1d1fd8-5c1a-4eb4-b6fb-6bbac59d8093 - - - - - -] Successfully bumped revision number for resource 99e4d6af-511a-41a9-a5ac-0804f982ebd3 (type: router_ports) to 3
2026-06-22 03:06:31.683 10 INFO neutron.wsgi [None req-8cff088d-16de-4a5e-890d-622dd623e98b 995443913f674e018dccae376be97077 4bb17ac0aa45476aa87e5845b8a62079 - - - -] 10.0.0.157 "DELETE /v2.0/security-groups/5bff722e-0ab7-4988-8665-2f77ffeff97c HTTP/1.1" status: 204 len: 168 time: 0.3032672
2026-06-22 03:06:31.995 10 INFO neutron.db.ovn_revision_numbers_db [None req-0dfe8650-ebd6-40fc-983a-ffdbf06fea08 995443913f674e018dccae376be97077 4bb17ac0aa45476aa87e5845b8a62079 - - - -] Successfully bumped revision number for resource 99e4d6af-511a-41a9-a5ac-0804f982ebd3 (type: router_ports) to 3
2026-06-22 03:06:32.003 10 INFO neutron.wsgi [None req-0dfe8650-ebd6-40fc-983a-ffdbf06fea08 995443913f674e018dccae376be97077 4bb17ac0aa45476aa87e5845b8a62079 - - - -] 10.0.0.157 "PUT /v2.0/routers/d7753285-2140-46a3-855f-33e1d0c09920/add_router_interface HTTP/1.1" status: 200 len: 503 time: 2.4695249
2026-06-22 03:06:32.412 9 INFO neutron.db.ovn_revision_numbers_db [None req-f5392b90-5b94-4058-bb93-627366cc0e1d 995443913f674e018dccae376be97077 4bb17ac0aa45476aa87e5845b8a62079 - - default default] Successfully bumped revision number for resource 4f4413e9-9e10-40fb-a3dd-7d7ebfde8595 (type: security_groups) to 1
2026-06-22 03:06:32.438 9 INFO neutron.wsgi [None req-f5392b90-5b94-4058-bb93-627366cc0e1d 995443913f674e018dccae376be97077 4bb17ac0aa45476aa87e5845b8a62079 - - default default] 10.0.0.157 "GET /v2.0/security-groups?tenant_id=4ddd25995d2544f59c82dcce20d8b543&name=default HTTP/1.1" status: 200 len: 2996 time: 0.2463434
2026-06-22 03:06:32.648 9 INFO neutron.wsgi [None req-3ec6c70c-1573-414f-ad64-ce84c658e7c1 995443913f674e018dccae376be97077 4bb17ac0aa45476aa87e5845b8a62079 - - - -] 10.0.0.157 "DELETE /v2.0/security-groups/4f4413e9-9e10-40fb-a3dd-7d7ebfde8595 HTTP/1.1" status: 204 len: 168 time: 0.2020874
2026-06-22 03:06:33.101 10 INFO neutron.wsgi [req-02fb4ba6-b623-4dd3-8bd5-6285bbce5760 req-655937c2-d5ea-4178-8090-8e5fe0047e21 ffa89a94233343eeb29c28d121b8b450 97f7852a82924d5f91beca4ea58d38bf - - default default] 10.0.0.168 "GET /v2.0/networks?id=26b7522f-0b17-4112-ac6b-66a167c0d394 HTTP/1.1" status: 200 len: 877 time: 0.1083832
2026-06-22 03:06:33.121 10 INFO neutron.wsgi [req-02fb4ba6-b623-4dd3-8bd5-6285bbce5760 req-8b0b64e3-e4cc-448a-ac40-09d59dfc5e56 ffa89a94233343eeb29c28d121b8b450 97f7852a82924d5f91beca4ea58d38bf - - default default] 10.0.0.168 "GET /v2.0/quotas/97f7852a82924d5f91beca4ea58d38bf HTTP/1.1" status: 200 len: 386 time: 0.0131106
2026-06-22 03:06:33.218 10 INFO neutron.wsgi [req-02fb4ba6-b623-4dd3-8bd5-6285bbce5760 req-4299ae07-2214-4cf1-b7e8-377c306ad800 ffa89a94233343eeb29c28d121b8b450 97f7852a82924d5f91beca4ea58d38bf - - default default] 10.0.0.168 "GET /v2.0/ports?tenant_id=97f7852a82924d5f91beca4ea58d38bf&fields=id HTTP/1.1" status: 200 len: 302 time: 0.0915623
2026-06-22 03:06:33.303 10 INFO neutron.wsgi [req-02fb4ba6-b623-4dd3-8bd5-6285bbce5760 req-84af6ca1-1e38-4076-a729-9397749e17ed 2d638b332b1c444a82584323ecb62e98 c4f245357b9c452c928ce7cbf29b8c3f - - 8fa89142ed234466828e7144d55eecfd 8fa89142ed234466828e7144d55eecfd] 10.0.0.168 "GET /v2.0/networks/26b7522f-0b17-4112-ac6b-66a167c0d394?fields=segments HTTP/1.1" status: 200 len: 212 time: 0.0725822
2026-06-22 03:06:33.391 10 INFO neutron.wsgi [req-02fb4ba6-b623-4dd3-8bd5-6285bbce5760 req-50384ca1-3976-49f4-aa55-0aa410030f86 2d638b332b1c444a82584323ecb62e98 c4f245357b9c452c928ce7cbf29b8c3f - - 8fa89142ed234466828e7144d55eecfd 8fa89142ed234466828e7144d55eecfd] 10.0.0.168 "GET /v2.0/networks/26b7522f-0b17-4112-ac6b-66a167c0d394?fields=provider%3Aphysical_network&fields=provider%3Anetwork_type HTTP/1.1" status: 200 len: 277 time: 0.0772953
2026-06-22 03:06:33.559 10 INFO neutron.wsgi [req-3b507835-e931-43c5-bc45-ea2c46920a62 req-58edbe31-9129-4806-a90c-c0e945179325 ffa89a94233343eeb29c28d121b8b450 97f7852a82924d5f91beca4ea58d38bf - - default default] 10.0.0.168 "GET /v2.0/ports?device_id=27cac069-4595-41d1-9d95-0c02d6b9003a HTTP/1.1" status: 200 len: 210 time: 0.0364225
2026-06-22 03:06:34.475 10 INFO neutron.wsgi [req-f3a8bd4f-ebeb-4698-970a-c6dde1187d9a req-3b3697a0-75e2-4cab-bb3b-8f131581ed93 ca7c6dda202748f59f71a9814dbbda73 017c853f2ad444b7b9fe0585a83a4be3 - - default default] 10.0.0.168 "GET /v2.0/ports?device_id=7ced999b-793a-40fe-85aa-502001550424 HTTP/1.1" status: 200 len: 1174 time: 0.1375053
2026-06-22 03:06:34.507 9 INFO neutron.wsgi [req-02fb4ba6-b623-4dd3-8bd5-6285bbce5760 req-ed4b091f-3a7c-4f26-8f88-fc798c1e22f4 ffa89a94233343eeb29c28d121b8b450 97f7852a82924d5f91beca4ea58d38bf - - default default] 199.204.45.38 "GET /v2.0/networks?id=26b7522f-0b17-4112-ac6b-66a167c0d394 HTTP/1.1" status: 200 len: 877 time: 0.1079624
2026-06-22 03:06:34.585 10 INFO neutron.wsgi [req-49e60bf8-eef6-40c4-bb32-7beef560764f req-66957303-c98b-4a8f-b2e9-9774cdc9096c ca7c6dda202748f59f71a9814dbbda73 017c853f2ad444b7b9fe0585a83a4be3 - - default default] 10.0.0.168 "GET /v2.0/ports/fe54f124-3729-4f8a-83ee-a7cf83a6f77e HTTP/1.1" status: 200 len: 1171 time: 0.0420463
2026-06-22 03:06:34.677 10 INFO neutron.wsgi [req-dad8ed89-066a-44c4-a491-2b9a0853f80f req-baeee86f-3794-405e-bc17-c945817e99f6 ffa89a94233343eeb29c28d121b8b450 97f7852a82924d5f91beca4ea58d38bf - - default default] 10.0.0.168 "GET /v2.0/ports?device_id=27cac069-4595-41d1-9d95-0c02d6b9003a HTTP/1.1" status: 200 len: 210 time: 0.0291564
2026-06-22 03:06:34.861 9 INFO neutron.wsgi [req-1794d251-9bda-491d-a903-2ab5274bf5c9 req-a58468d0-d3b8-4b6f-bb2f-638ae99ad58b ca7c6dda202748f59f71a9814dbbda73 017c853f2ad444b7b9fe0585a83a4be3 - - default default] 199.204.45.38 "GET /v2.0/subnets?network_id=0843078c-5bbd-4b7c-8865-503818097277 HTTP/1.1" status: 200 len: 858 time: 0.0998287
2026-06-22 03:06:35.341 9 WARNING neutron.scheduler.dhcp_agent_scheduler [None req-39d05c0f-7794-4bf7-b055-9399a362a190 ffa89a94233343eeb29c28d121b8b450 97f7852a82924d5f91beca4ea58d38bf - - - -] No more DHCP agents
2026-06-22 03:06:35.348 9 WARNING neutron.api.rpc.agentnotifiers.dhcp_rpc_agent_api [None req-39d05c0f-7794-4bf7-b055-9399a362a190 ffa89a94233343eeb29c28d121b8b450 97f7852a82924d5f91beca4ea58d38bf - - - -] Unable to schedule network 26b7522f-0b17-4112-ac6b-66a167c0d394: no agents available; will retry on subsequent port and subnet creation events.
2026-06-22 03:06:35.357 9 INFO neutron.wsgi [req-1794d251-9bda-491d-a903-2ab5274bf5c9 req-f8c44641-ea2d-47b2-86b8-5b5d8790bab0 ca7c6dda202748f59f71a9814dbbda73 017c853f2ad444b7b9fe0585a83a4be3 - - default default] 199.204.45.38 "GET /v2.0/ports?device_id=7ced999b-793a-40fe-85aa-502001550424&device_owner=compute%3Anova&network_id=0843078c-5bbd-4b7c-8865-503818097277 HTTP/1.1" status: 200 len: 1174 time: 0.4820988 /var/lib/openstack/lib/python3.10/site-packages/pycadf/identifier.py:71: UserWarning: Invalid uuid: neutron. To ensure interoperability, identifiers should be a valid uuid. warnings.warn(('Invalid uuid: %s. To ensure interoperability, '
2026-06-22 03:06:35.609 9 INFO neutron.db.ovn_revision_numbers_db [None req-39d05c0f-7794-4bf7-b055-9399a362a190 ffa89a94233343eeb29c28d121b8b450 97f7852a82924d5f91beca4ea58d38bf - - - -] Successfully bumped revision number for resource c11083e9-85d5-44a3-bebe-aa6a2bb7789c (type: ports) to 1
2026-06-22 03:06:35.674 9 INFO neutron.wsgi [None req-39d05c0f-7794-4bf7-b055-9399a362a190 ffa89a94233343eeb29c28d121b8b450 97f7852a82924d5f91beca4ea58d38bf - - - -] 199.204.45.38 "POST /v2.0/ports HTTP/1.1" status: 201 len: 1158 time: 1.1615896
2026-06-22 03:06:35.801 10 INFO neutron.wsgi [req-0d5c27a7-9c8b-47c7-aa6c-79a72b2fd070 req-2be504e0-c1f2-462b-bd2c-73d277cb0b3c ffa89a94233343eeb29c28d121b8b450 97f7852a82924d5f91beca4ea58d38bf - - default default] 10.0.0.168 "GET /v2.0/ports?device_id=27cac069-4595-41d1-9d95-0c02d6b9003a HTTP/1.1" status: 200 len: 1156 time: 0.0470569
2026-06-22 03:06:35.846 10 INFO neutron.wsgi [req-0d5c27a7-9c8b-47c7-aa6c-79a72b2fd070 req-d8e3bfc0-e3c3-400f-af2b-beab2c4ee4e9 ffa89a94233343eeb29c28d121b8b450 97f7852a82924d5f91beca4ea58d38bf - - default default] 10.0.0.168 "GET /v2.0/security-groups?id=5c5126df-a44d-4403-b7e9-281f535d8a43&fields=id&fields=name HTTP/1.1" status: 200 len: 286 time: 0.0381575
2026-06-22 03:06:36.041 9 INFO neutron.db.ovn_revision_numbers_db [None req-725da09e-2c93-496d-987e-8e2e970362d5 ca7c6dda202748f59f71a9814dbbda73 017c853f2ad444b7b9fe0585a83a4be3 - - - -] Successfully bumped revision number for resource fe54f124-3729-4f8a-83ee-a7cf83a6f77e (type: ports) to 5
2026-06-22 03:06:36.096 9 INFO neutron.wsgi [None req-725da09e-2c93-496d-987e-8e2e970362d5 ca7c6dda202748f59f71a9814dbbda73 017c853f2ad444b7b9fe0585a83a4be3 - - - -] 199.204.45.38 "PUT /v2.0/ports/fe54f124-3729-4f8a-83ee-a7cf83a6f77e HTTP/1.1" status: 200 len: 1353 time: 0.7264953
2026-06-22 03:06:36.132 9 WARNING neutron.plugins.ml2.drivers.ovn.mech_driver.ovsdb.ovn_client [None req-3c1d1fd8-5c1a-4eb4-b6fb-6bbac59d8093 - - - - - -] No hosting information found for port 99e4d6af-511a-41a9-a5ac-0804f982ebd3: RuntimeError: No hosting information found for port 99e4d6af-511a-41a9-a5ac-0804f982ebd3 /var/lib/openstack/lib/python3.10/site-packages/pycadf/identifier.py:71: UserWarning: Invalid uuid: neutron. To ensure interoperability, identifiers should be a valid uuid. warnings.warn(('Invalid uuid: %s. To ensure interoperability, '
2026-06-22 03:06:36.144 9 INFO neutron.notifiers.nova [-] Nova event matching ['req-333bcf62-da47-4e60-a4e7-c1d48e52c112'] response: {'name': 'network-changed', 'server_uuid': '7ced999b-793a-40fe-85aa-502001550424', 'tag': 'fe54f124-3729-4f8a-83ee-a7cf83a6f77e', 'status': 'completed', 'code': 200}
2026-06-22 03:06:36.216 9 INFO neutron.wsgi [req-1794d251-9bda-491d-a903-2ab5274bf5c9 req-fc65ada2-5768-4957-b8f6-9d8d0aba0271 2d638b332b1c444a82584323ecb62e98 c4f245357b9c452c928ce7cbf29b8c3f - - 8fa89142ed234466828e7144d55eecfd 8fa89142ed234466828e7144d55eecfd] 199.204.45.38 "GET /v2.0/ports?tenant_id=017c853f2ad444b7b9fe0585a83a4be3&device_id=7ced999b-793a-40fe-85aa-502001550424 HTTP/1.1" status: 200 len: 1546 time: 0.0830772
2026-06-22 03:06:36.234 10 WARNING keystonemiddleware.audit [None req-7e36ae9c-2571-4e77-9dfd-de3be7e5c914 - - - - - -] Skipping service tempest-service-2043845621 as it have no endpoints. /var/lib/openstack/lib/python3.10/site-packages/pycadf/identifier.py:71: UserWarning: Invalid uuid: neutron. To ensure interoperability, identifiers should be a valid uuid. warnings.warn(('Invalid uuid: %s. To ensure interoperability, '
2026-06-22 03:06:36.314 9 INFO neutron.wsgi [req-1794d251-9bda-491d-a903-2ab5274bf5c9 req-5acb1f5a-63df-48c8-9a51-cc1c19c6391c 2d638b332b1c444a82584323ecb62e98 c4f245357b9c452c928ce7cbf29b8c3f - - 8fa89142ed234466828e7144d55eecfd 8fa89142ed234466828e7144d55eecfd] 199.204.45.38 "GET /v2.0/networks?id=0843078c-5bbd-4b7c-8865-503818097277 HTTP/1.1" status: 200 len: 981 time: 0.0843394
2026-06-22 03:06:36.348 10 INFO neutron.db.ovn_revision_numbers_db [None req-9c9c8f81-e678-4972-bb8b-00619faf1708 995443913f674e018dccae376be97077 4bb17ac0aa45476aa87e5845b8a62079 - - default default] Successfully bumped revision number for resource c38de583-53db-46b6-80f3-3bdd3cd297db (type: security_groups) to 1
2026-06-22 03:06:36.355 9 INFO neutron.wsgi [req-1794d251-9bda-491d-a903-2ab5274bf5c9 req-1978fd49-150e-479d-80df-b17ccbf87e02 2d638b332b1c444a82584323ecb62e98 c4f245357b9c452c928ce7cbf29b8c3f - - 8fa89142ed234466828e7144d55eecfd 8fa89142ed234466828e7144d55eecfd] 199.204.45.38 "GET /v2.0/floatingips?fixed_ip_address=10.100.0.13&port_id=fe54f124-3729-4f8a-83ee-a7cf83a6f77e HTTP/1.1" status: 200 len: 217 time: 0.0320489
2026-06-22 03:06:36.375 10 INFO neutron.wsgi [None req-9c9c8f81-e678-4972-bb8b-00619faf1708 995443913f674e018dccae376be97077 4bb17ac0aa45476aa87e5845b8a62079 - - default default] 10.0.0.157 "GET /v2.0/security-groups?tenant_id=d2e7fe2377184c268a4a076ed649aa7a&name=default HTTP/1.1" status: 200 len: 2996 time: 0.4329679
2026-06-22 03:06:36.383 10 WARNING keystonemiddleware.audit [None req-5b60553f-7afb-4896-ae47-07e29e92e2a8 - - - - - -] Skipping service tempest-service-2043845621 as it have no endpoints.
2026-06-22 03:06:36.417 9 INFO neutron.wsgi [req-1794d251-9bda-491d-a903-2ab5274bf5c9 req-e1a8b4be-a303-4276-b875-2af5e48bfd1d 2d638b332b1c444a82584323ecb62e98 c4f245357b9c452c928ce7cbf29b8c3f - - 8fa89142ed234466828e7144d55eecfd 8fa89142ed234466828e7144d55eecfd] 199.204.45.38 "GET /v2.0/floatingips?fixed_ip_address=10.100.0.14&port_id=fe54f124-3729-4f8a-83ee-a7cf83a6f77e HTTP/1.1" status: 200 len: 1060 time: 0.0523674
2026-06-22 03:06:36.434 9 INFO neutron.db.ovn_revision_numbers_db [None req-a868799d-7bed-420b-a1ef-5e6d1c77fb34 2d638b332b1c444a82584323ecb62e98 c4f245357b9c452c928ce7cbf29b8c3f - - - -] Successfully bumped revision number for resource c11083e9-85d5-44a3-bebe-aa6a2bb7789c (type: ports) to 2
2026-06-22 03:06:36.459 9 INFO neutron.wsgi [req-1794d251-9bda-491d-a903-2ab5274bf5c9 req-59d7073f-d0cb-45c7-9089-e122a8f1dc6b 2d638b332b1c444a82584323ecb62e98 c4f245357b9c452c928ce7cbf29b8c3f - - 8fa89142ed234466828e7144d55eecfd 8fa89142ed234466828e7144d55eecfd] 199.204.45.38 "GET /v2.0/subnets?id=9ac92c5c-c601-4371-acbc-a0e3d15ccc72 HTTP/1.1" status: 200 len: 876 time: 0.0351951
2026-06-22 03:06:36.493 9 INFO neutron.wsgi [req-1794d251-9bda-491d-a903-2ab5274bf5c9 req-611c0fb4-f041-4204-8439-5257bb217c37 2d638b332b1c444a82584323ecb62e98 c4f245357b9c452c928ce7cbf29b8c3f - - 8fa89142ed234466828e7144d55eecfd 8fa89142ed234466828e7144d55eecfd] 199.204.45.38 "GET /v2.0/ports?network_id=0843078c-5bbd-4b7c-8865-503818097277&device_owner=network%3Adhcp HTTP/1.1" status: 200 len: 210 time: 0.0265615
2026-06-22 03:06:36.579 9 INFO neutron.wsgi [req-1794d251-9bda-491d-a903-2ab5274bf5c9 req-db620a12-fa75-4368-8fa4-173485d53e2e 2d638b332b1c444a82584323ecb62e98 c4f245357b9c452c928ce7cbf29b8c3f - - 8fa89142ed234466828e7144d55eecfd 8fa89142ed234466828e7144d55eecfd] 199.204.45.38 "GET /v2.0/networks/0843078c-5bbd-4b7c-8865-503818097277?fields=segments HTTP/1.1" status: 200 len: 212 time: 0.0697532
2026-06-22 03:06:36.628 10 INFO neutron.wsgi [None req-e7da57e6-20c8-492b-b91c-0dbfacc6599d 995443913f674e018dccae376be97077 4bb17ac0aa45476aa87e5845b8a62079 - - - -] 10.0.0.157 "DELETE /v2.0/security-groups/c38de583-53db-46b6-80f3-3bdd3cd297db HTTP/1.1" status: 204 len: 168 time: 0.2472622
2026-06-22 03:06:36.731 9 INFO neutron.wsgi [req-1794d251-9bda-491d-a903-2ab5274bf5c9 req-cdddf666-8379-493c-bf87-32ed810ba297 2d638b332b1c444a82584323ecb62e98 c4f245357b9c452c928ce7cbf29b8c3f - - 8fa89142ed234466828e7144d55eecfd 8fa89142ed234466828e7144d55eecfd] 199.204.45.38 "GET /v2.0/networks/0843078c-5bbd-4b7c-8865-503818097277?fields=provider%3Aphysical_network&fields=provider%3Anetwork_type HTTP/1.1" status: 200 len: 277 time: 0.1433041
2026-06-22 03:06:36.752 9 INFO neutron.db.ovn_revision_numbers_db [None req-a868799d-7bed-420b-a1ef-5e6d1c77fb34 2d638b332b1c444a82584323ecb62e98 c4f245357b9c452c928ce7cbf29b8c3f - - - -] Successfully bumped revision number for resource c11083e9-85d5-44a3-bebe-aa6a2bb7789c (type: ports) to 2
2026-06-22 03:06:36.754 10 WARNING keystonemiddleware.audit [None req-611ac06a-8c1f-4344-b1a2-9b3fc69f47a3 - - - - - -] Skipping service tempest-service-2043845621 as it have no endpoints.
2026-06-22 03:06:36.769 9 INFO neutron.wsgi [None req-a868799d-7bed-420b-a1ef-5e6d1c77fb34 2d638b332b1c444a82584323ecb62e98 c4f245357b9c452c928ce7cbf29b8c3f - - - -] 199.204.45.38 "PUT /v2.0/ports/c11083e9-85d5-44a3-bebe-aa6a2bb7789c HTTP/1.1" status: 200 len: 1328 time: 1.0779500 /var/lib/openstack/lib/python3.10/site-packages/pycadf/identifier.py:71: UserWarning: Invalid uuid: neutron. To ensure interoperability, identifiers should be a valid uuid. warnings.warn(('Invalid uuid: %s. To ensure interoperability, '
2026-06-22 03:06:36.839 9 INFO neutron.wsgi [req-93eb9a17-1a27-4350-9a53-7a04519545d5 req-8d776cf0-9574-4acc-a3f8-6e8e42551d1f 2d638b332b1c444a82584323ecb62e98 c4f245357b9c452c928ce7cbf29b8c3f - - 8fa89142ed234466828e7144d55eecfd 8fa89142ed234466828e7144d55eecfd] 199.204.45.38 "GET /v2.0/ports?tenant_id=017c853f2ad444b7b9fe0585a83a4be3&device_id=7ced999b-793a-40fe-85aa-502001550424 HTTP/1.1" status: 200 len: 1546 time: 0.0594733
2026-06-22 03:06:36.875 9 INFO neutron.wsgi [req-02fb4ba6-b623-4dd3-8bd5-6285bbce5760 req-bd0fa48f-00dc-4f5f-9fec-6ab74674d923 2d638b332b1c444a82584323ecb62e98 c4f245357b9c452c928ce7cbf29b8c3f - - 8fa89142ed234466828e7144d55eecfd 8fa89142ed234466828e7144d55eecfd] 199.204.45.38 "GET /v2.0/ports?tenant_id=97f7852a82924d5f91beca4ea58d38bf&device_id=27cac069-4595-41d1-9d95-0c02d6b9003a HTTP/1.1" status: 200 len: 1359 time: 0.0681374
2026-06-22 03:06:36.876 10 INFO neutron.db.ovn_revision_numbers_db [None req-f0b3bba5-5944-4f1a-bfc6-29935c9232fa 995443913f674e018dccae376be97077 4bb17ac0aa45476aa87e5845b8a62079 - - default default] Successfully bumped revision number for resource 23a9a21d-58b1-4ad7-a298-af7d59dc4d00 (type: security_groups) to 1
2026-06-22 03:06:36.899 10 INFO neutron.wsgi [None req-f0b3bba5-5944-4f1a-bfc6-29935c9232fa 995443913f674e018dccae376be97077 4bb17ac0aa45476aa87e5845b8a62079 - - default default] 10.0.0.157 "GET /v2.0/security-groups?tenant_id=ecbb6fa1daf34db2809ce5fe1ca63492&name=default HTTP/1.1" status: 200 len: 2996 time: 0.1491437
2026-06-22 03:06:36.907 10 WARNING keystonemiddleware.audit [None req-0eb212cc-60cd-412e-b541-98b991244703 - - - - - -] Skipping service tempest-service-2043845621 as it have no endpoints.
2026-06-22 03:06:36.916 9 INFO neutron.wsgi [req-02fb4ba6-b623-4dd3-8bd5-6285bbce5760 req-509f2c5a-83c7-4255-83d7-ea10d2d0e7f6 2d638b332b1c444a82584323ecb62e98 c4f245357b9c452c928ce7cbf29b8c3f - - 8fa89142ed234466828e7144d55eecfd 8fa89142ed234466828e7144d55eecfd] 199.204.45.38 "GET /v2.0/floatingips?fixed_ip_address=10.100.0.8&port_id=c11083e9-85d5-44a3-bebe-aa6a2bb7789c HTTP/1.1" status: 200 len: 217 time: 0.0331388
2026-06-22 03:06:36.958 9 INFO neutron.wsgi [req-93eb9a17-1a27-4350-9a53-7a04519545d5 req-04789e2d-5dec-4b39-91bf-7b0eedcba34a 2d638b332b1c444a82584323ecb62e98 c4f245357b9c452c928ce7cbf29b8c3f - - 8fa89142ed234466828e7144d55eecfd 8fa89142ed234466828e7144d55eecfd] 199.204.45.38 "GET /v2.0/networks?id=0843078c-5bbd-4b7c-8865-503818097277 HTTP/1.1" status: 200 len: 981 time: 0.1055925
2026-06-22 03:06:36.982 9 INFO neutron.wsgi [req-02fb4ba6-b623-4dd3-8bd5-6285bbce5760 req-d5ce2f7f-3613-4c5d-9cab-6c2fc82d8197 2d638b332b1c444a82584323ecb62e98 c4f245357b9c452c928ce7cbf29b8c3f - - 8fa89142ed234466828e7144d55eecfd 8fa89142ed234466828e7144d55eecfd] 199.204.45.38 "GET /v2.0/subnets?id=c4592a7e-6b71-4890-b9e0-93399bc92164 HTTP/1.1" status: 200 len: 871 time: 0.0611203
2026-06-22 03:06:36.998 10 INFO neutron.wsgi [req-6403a655-bb6f-4d1b-83da-90147088c69e req-fe313ce9-bddc-47a2-b284-97d3301bb7f9 ca7c6dda202748f59f71a9814dbbda73 017c853f2ad444b7b9fe0585a83a4be3 - - default default] 10.0.0.168 "GET /v2.0/ports?device_id=7ced999b-793a-40fe-85aa-502001550424 HTTP/1.1" status: 200 len: 1356 time: 0.0867324
2026-06-22 03:06:37.003 9 INFO neutron.wsgi [req-93eb9a17-1a27-4350-9a53-7a04519545d5 req-100f41f8-98b6-4567-bdea-0dd28328b34a 2d638b332b1c444a82584323ecb62e98 c4f245357b9c452c928ce7cbf29b8c3f - - 8fa89142ed234466828e7144d55eecfd 8fa89142ed234466828e7144d55eecfd] 199.204.45.38 "GET /v2.0/floatingips?fixed_ip_address=10.100.0.13&port_id=fe54f124-3729-4f8a-83ee-a7cf83a6f77e HTTP/1.1" status: 200 len: 217 time: 0.0375373
2026-06-22 03:06:37.014 10 INFO neutron.wsgi [req-5212c409-20e1-4a34-a217-ec120df16959 req-0f106584-30ce-4cf8-887c-dee60ee94625 ffa89a94233343eeb29c28d121b8b450 97f7852a82924d5f91beca4ea58d38bf - - default default] 10.0.0.168 "GET /v2.0/ports?device_id=27cac069-4595-41d1-9d95-0c02d6b9003a HTTP/1.1" status: 200 len: 1168 time: 0.0952010
2026-06-22 03:06:37.041 9 INFO neutron.wsgi [req-02fb4ba6-b623-4dd3-8bd5-6285bbce5760 req-6b8914a6-826b-45ff-847e-1e048a88386f 2d638b332b1c444a82584323ecb62e98 c4f245357b9c452c928ce7cbf29b8c3f - - 8fa89142ed234466828e7144d55eecfd 8fa89142ed234466828e7144d55eecfd] 199.204.45.38 "GET /v2.0/ports?network_id=26b7522f-0b17-4112-ac6b-66a167c0d394&device_owner=network%3Adhcp HTTP/1.1" status: 200 len: 210 time: 0.0409236
2026-06-22 03:06:37.072 9 INFO neutron.wsgi [req-93eb9a17-1a27-4350-9a53-7a04519545d5 req-3897552c-bd3b-4cef-b49c-a5b330a4f257 2d638b332b1c444a82584323ecb62e98 c4f245357b9c452c928ce7cbf29b8c3f - - 8fa89142ed234466828e7144d55eecfd 8fa89142ed234466828e7144d55eecfd] 199.204.45.38 "GET /v2.0/floatingips?fixed_ip_address=10.100.0.14&port_id=fe54f124-3729-4f8a-83ee-a7cf83a6f77e HTTP/1.1" status: 200 len: 1060 time: 0.0636284
2026-06-22 03:06:37.085 10 INFO neutron.wsgi [req-6403a655-bb6f-4d1b-83da-90147088c69e req-b41b10dc-91f4-4745-a324-1f58753badde ca7c6dda202748f59f71a9814dbbda73 017c853f2ad444b7b9fe0585a83a4be3 - - default default] 10.0.0.168 "GET /v2.0/security-groups?id=e6fc8170-c49a-4246-bf91-14000d7be6f2&fields=id&fields=name HTTP/1.1" status: 200 len: 312 time: 0.0760455
2026-06-22 03:06:37.103 10 INFO neutron.wsgi [req-5212c409-20e1-4a34-a217-ec120df16959 req-458ec70f-1c1c-4bce-b484-e89741bf2cc1 ffa89a94233343eeb29c28d121b8b450 97f7852a82924d5f91beca4ea58d38bf - - default default] 10.0.0.168 "GET /v2.0/security-groups?id=5c5126df-a44d-4403-b7e9-281f535d8a43&fields=id&fields=name HTTP/1.1" status: 200 len: 286 time: 0.0803835
2026-06-22 03:06:37.125 9 INFO neutron.wsgi [req-02fb4ba6-b623-4dd3-8bd5-6285bbce5760 req-a8f99011-e418-4c89-8812-1e63372b2dec 2d638b332b1c444a82584323ecb62e98 c4f245357b9c452c928ce7cbf29b8c3f - - 8fa89142ed234466828e7144d55eecfd 8fa89142ed234466828e7144d55eecfd] 199.204.45.38 "GET /v2.0/networks/26b7522f-0b17-4112-ac6b-66a167c0d394?fields=segments HTTP/1.1" status: 200 len: 212 time: 0.0765841
2026-06-22 03:06:37.149 9 INFO neutron.wsgi [req-93eb9a17-1a27-4350-9a53-7a04519545d5 req-009f8823-ce4e-4b93-a338-95892c712b3d 2d638b332b1c444a82584323ecb62e98 c4f245357b9c452c928ce7cbf29b8c3f - - 8fa89142ed234466828e7144d55eecfd 8fa89142ed234466828e7144d55eecfd] 199.204.45.38 "GET /v2.0/subnets?id=9ac92c5c-c601-4371-acbc-a0e3d15ccc72 HTTP/1.1" status: 200 len: 876 time: 0.0566125
2026-06-22 03:06:37.194 9 INFO neutron.wsgi [req-93eb9a17-1a27-4350-9a53-7a04519545d5 req-16c3db89-b52e-4dd5-804d-d329545e9da5 2d638b332b1c444a82584323ecb62e98 c4f245357b9c452c928ce7cbf29b8c3f - - 8fa89142ed234466828e7144d55eecfd 8fa89142ed234466828e7144d55eecfd] 199.204.45.38 "GET /v2.0/ports?network_id=0843078c-5bbd-4b7c-8865-503818097277&device_owner=network%3Adhcp HTTP/1.1" status: 200 len: 210 time: 0.0376463
2026-06-22 03:06:37.228 9 INFO neutron.wsgi [req-02fb4ba6-b623-4dd3-8bd5-6285bbce5760 req-8cce8913-ad2a-487a-a5cb-1f63ad058b6b 2d638b332b1c444a82584323ecb62e98 c4f245357b9c452c928ce7cbf29b8c3f - - 8fa89142ed234466828e7144d55eecfd 8fa89142ed234466828e7144d55eecfd] 199.204.45.38 "GET /v2.0/networks/26b7522f-0b17-4112-ac6b-66a167c0d394?fields=provider%3Aphysical_network&fields=provider%3Anetwork_type HTTP/1.1" status: 200 len: 277 time: 0.0964100
2026-06-22 03:06:37.279 10 INFO neutron.wsgi [None req-971c3541-73bc-4188-b10a-5661b0e4ccc9 995443913f674e018dccae376be97077 4bb17ac0aa45476aa87e5845b8a62079 - - - -] 10.0.0.157 "DELETE /v2.0/security-groups/23a9a21d-58b1-4ad7-a298-af7d59dc4d00 HTTP/1.1" status: 204 len: 168 time: 0.3737309
2026-06-22 03:06:37.281 9 INFO neutron.wsgi [req-93eb9a17-1a27-4350-9a53-7a04519545d5 req-849fcf48-a164-47ed-bdd0-7801442d15f9 2d638b332b1c444a82584323ecb62e98 c4f245357b9c452c928ce7cbf29b8c3f - - 8fa89142ed234466828e7144d55eecfd 8fa89142ed234466828e7144d55eecfd] 199.204.45.38 "GET /v2.0/networks/0843078c-5bbd-4b7c-8865-503818097277?fields=segments HTTP/1.1" status: 200 len: 212 time: 0.0789921
2026-06-22 03:06:37.382 9 INFO neutron.wsgi [req-93eb9a17-1a27-4350-9a53-7a04519545d5 req-7d19f756-2bcc-4421-95a1-f5b12a31edc8 2d638b332b1c444a82584323ecb62e98 c4f245357b9c452c928ce7cbf29b8c3f - - 8fa89142ed234466828e7144d55eecfd 8fa89142ed234466828e7144d55eecfd] 199.204.45.38 "GET /v2.0/networks/0843078c-5bbd-4b7c-8865-503818097277?fields=provider%3Aphysical_network&fields=provider%3Anetwork_type HTTP/1.1" status: 200 len: 277 time: 0.0896642
2026-06-22 03:06:37.465 9 INFO neutron.plugins.ml2.drivers.ovn.mech_driver.mech_driver [None req-3c1d1fd8-5c1a-4eb4-b6fb-6bbac59d8093 - - - - - -] OVN reports status up for port: c11083e9-85d5-44a3-bebe-aa6a2bb7789c
2026-06-22 03:06:37.490 9 INFO neutron.wsgi [req-8a9e4a0f-db78-4d56-8db6-d7cb8e4e3aac req-c66f4ef8-62e0-498c-8ade-7d02a349905d ca7c6dda202748f59f71a9814dbbda73 017c853f2ad444b7b9fe0585a83a4be3 - - default default] 199.204.45.38 "GET /v2.0/ports?device_id=7ced999b-793a-40fe-85aa-502001550424&device_owner=compute%3Anova&fixed_ips=ip_address%3D10.100.0.13 HTTP/1.1" status: 200 len: 1356 time: 0.0875921
2026-06-22 03:06:37.496 9 INFO neutron.plugins.ml2.plugin [None req-3c1d1fd8-5c1a-4eb4-b6fb-6bbac59d8093 - - - - - -] Attempt 1 to provision port c11083e9-85d5-44a3-bebe-aa6a2bb7789c
2026-06-22 03:06:37.536 10 INFO neutron.db.ovn_revision_numbers_db [None req-410948eb-f93a-4481-888c-f688b51ae09e 995443913f674e018dccae376be97077 4bb17ac0aa45476aa87e5845b8a62079 - - default default] Successfully bumped revision number for resource 3d5cc782-8f9b-41be-9ee0-b6efd44b7ec1 (type: security_groups) to 1
2026-06-22 03:06:37.565 10 INFO neutron.wsgi [None req-410948eb-f93a-4481-888c-f688b51ae09e 995443913f674e018dccae376be97077 4bb17ac0aa45476aa87e5845b8a62079 - - default default] 10.0.0.157 "GET /v2.0/security-groups?tenant_id=42a1d4fdff36462c9ceca650281968e7&name=default HTTP/1.1" status: 200 len: 2996 time: 0.4233749
2026-06-22 03:06:37.964 9 INFO neutron.db.ovn_revision_numbers_db [None req-3c1d1fd8-5c1a-4eb4-b6fb-6bbac59d8093 - - - - - -] Successfully bumped revision number for resource c11083e9-85d5-44a3-bebe-aa6a2bb7789c (type: ports) to 4
2026-06-22 03:06:38.109 9 INFO neutron.wsgi [None req-f8cb3749-8b8f-411e-958d-f0abb7d49794 995443913f674e018dccae376be97077 4bb17ac0aa45476aa87e5845b8a62079 - - - -] 10.0.0.157 "DELETE /v2.0/security-groups/3d5cc782-8f9b-41be-9ee0-b6efd44b7ec1 HTTP/1.1" status: 204 len: 168 time: 0.5374889
2026-06-22 03:06:38.199 9 INFO neutron.notifiers.nova [-] Nova event matching ['req-538ddf77-4f94-4264-b4fe-01517e9c69e0'] response: {'name': 'network-changed', 'server_uuid': '27cac069-4595-41d1-9d95-0c02d6b9003a', 'tag': 'c11083e9-85d5-44a3-bebe-aa6a2bb7789c', 'status': 'completed', 'code': 200}
2026-06-22 03:06:38.199 9 INFO neutron.notifiers.nova [-] Nova event matching ['req-538ddf77-4f94-4264-b4fe-01517e9c69e0'] response: {'server_uuid': '27cac069-4595-41d1-9d95-0c02d6b9003a', 'name': 'network-vif-plugged', 'status': 'completed', 'tag': 'c11083e9-85d5-44a3-bebe-aa6a2bb7789c', 'code': 200}
2026-06-22 03:06:38.199 9 INFO neutron.notifiers.nova [-] Nova event matching ['req-538ddf77-4f94-4264-b4fe-01517e9c69e0'] response: {'server_uuid': '27cac069-4595-41d1-9d95-0c02d6b9003a', 'name': 'network-vif-plugged', 'status': 'completed', 'tag': 'c11083e9-85d5-44a3-bebe-aa6a2bb7789c', 'code': 200} /var/lib/openstack/lib/python3.10/site-packages/pycadf/identifier.py:71: UserWarning: Invalid uuid: neutron. To ensure interoperability, identifiers should be a valid uuid. warnings.warn(('Invalid uuid: %s. To ensure interoperability, '
2026-06-22 03:06:38.265 9 INFO neutron.wsgi [req-210faa7f-7dfb-4922-859d-dd87b0066988 req-169e51fa-c8e3-4f72-a4e8-96476e7f0abb 2d638b332b1c444a82584323ecb62e98 c4f245357b9c452c928ce7cbf29b8c3f - - 8fa89142ed234466828e7144d55eecfd 8fa89142ed234466828e7144d55eecfd] 199.204.45.38 "GET /v2.0/ports?tenant_id=97f7852a82924d5f91beca4ea58d38bf&device_id=27cac069-4595-41d1-9d95-0c02d6b9003a HTTP/1.1" status: 200 len: 1361 time: 0.0482295 /var/lib/openstack/lib/python3.10/site-packages/pycadf/identifier.py:71: UserWarning: Invalid uuid: neutron. To ensure interoperability, identifiers should be a valid uuid. warnings.warn(('Invalid uuid: %s. To ensure interoperability, '
2026-06-22 03:06:38.309 10 INFO neutron.wsgi [req-bd575771-6f15-4879-9a39-aed78b88770d req-b06d0d2b-b9f2-4155-982b-e739a679dacb ffa89a94233343eeb29c28d121b8b450 97f7852a82924d5f91beca4ea58d38bf - - default default] 10.0.0.168 "GET /v2.0/ports?device_id=27cac069-4595-41d1-9d95-0c02d6b9003a HTTP/1.1" status: 200 len: 1170 time: 0.1295323
2026-06-22 03:06:38.354 10 INFO neutron.wsgi [req-bd575771-6f15-4879-9a39-aed78b88770d req-a6b03a59-31f0-492c-ab81-2bbcb4f24a86 ffa89a94233343eeb29c28d121b8b450 97f7852a82924d5f91beca4ea58d38bf - - default default] 10.0.0.168 "GET /v2.0/security-groups?id=5c5126df-a44d-4403-b7e9-281f535d8a43&fields=id&fields=name HTTP/1.1" status: 200 len: 286 time: 0.0375757
2026-06-22 03:06:38.406 10 INFO neutron.db.ovn_revision_numbers_db [None req-e39f59a7-54bc-4e82-9eec-db5d1356c5fa 995443913f674e018dccae376be97077 4bb17ac0aa45476aa87e5845b8a62079 - - default default] Successfully bumped revision number for resource 91555168-52d6-497c-985c-c4ec1198e69e (type: security_groups) to 1
2026-06-22 03:06:38.429 10 INFO neutron.wsgi [None req-e39f59a7-54bc-4e82-9eec-db5d1356c5fa 995443913f674e018dccae376be97077 4bb17ac0aa45476aa87e5845b8a62079 - - default default] 10.0.0.157 "GET /v2.0/security-groups?tenant_id=b6d12862321d43f68abd2c8558e56732&name=default HTTP/1.1" status: 200 len: 2996 time: 0.1836085
2026-06-22 03:06:38.636 10 INFO neutron.wsgi [None req-05719324-0b48-4b61-a024-5235f03f6f11 995443913f674e018dccae376be97077 4bb17ac0aa45476aa87e5845b8a62079 - - - -] 10.0.0.157 "DELETE /v2.0/security-groups/91555168-52d6-497c-985c-c4ec1198e69e HTTP/1.1" status: 204 len: 168 time: 0.1998966
2026-06-22 03:06:38.767 9 INFO neutron.wsgi [req-210faa7f-7dfb-4922-859d-dd87b0066988 req-342c274e-a538-436d-8719-3f086d870380 2d638b332b1c444a82584323ecb62e98 c4f245357b9c452c928ce7cbf29b8c3f - - 8fa89142ed234466828e7144d55eecfd 8fa89142ed234466828e7144d55eecfd] 199.204.45.38 "GET /v2.0/networks?id=26b7522f-0b17-4112-ac6b-66a167c0d394 HTTP/1.1" status: 200 len: 975 time: 0.4968612
2026-06-22 03:06:38.768 9 INFO neutron.db.ovn_revision_numbers_db [None req-f89f97cb-59af-45ce-895b-ee34863555dc ca7c6dda202748f59f71a9814dbbda73 017c853f2ad444b7b9fe0585a83a4be3 - - - -] Successfully bumped revision number for resource fe54f124-3729-4f8a-83ee-a7cf83a6f77e (type: ports) to 6
2026-06-22 03:06:38.787 9 INFO neutron.wsgi [None req-f89f97cb-59af-45ce-895b-ee34863555dc ca7c6dda202748f59f71a9814dbbda73 017c853f2ad444b7b9fe0585a83a4be3 - - - -] 199.204.45.38 "PUT /v2.0/ports/fe54f124-3729-4f8a-83ee-a7cf83a6f77e HTTP/1.1" status: 200 len: 1171 time: 1.1781440
2026-06-22 03:06:38.804 9 INFO neutron.wsgi [req-210faa7f-7dfb-4922-859d-dd87b0066988 req-7f29b027-0727-44b2-98da-c600929c69fa 2d638b332b1c444a82584323ecb62e98 c4f245357b9c452c928ce7cbf29b8c3f - - 8fa89142ed234466828e7144d55eecfd 8fa89142ed234466828e7144d55eecfd] 199.204.45.38 "GET /v2.0/floatingips?fixed_ip_address=10.100.0.8&port_id=c11083e9-85d5-44a3-bebe-aa6a2bb7789c HTTP/1.1" status: 200 len: 217 time: 0.0303836
2026-06-22 03:06:38.868 9 INFO neutron.wsgi [req-8a9e4a0f-db78-4d56-8db6-d7cb8e4e3aac req-310cf0d1-ebc5-4b85-9f3b-87ae63fc51e0 2d638b332b1c444a82584323ecb62e98 c4f245357b9c452c928ce7cbf29b8c3f - - 8fa89142ed234466828e7144d55eecfd 8fa89142ed234466828e7144d55eecfd] 199.204.45.38 "GET /v2.0/ports?tenant_id=017c853f2ad444b7b9fe0585a83a4be3&device_id=7ced999b-793a-40fe-85aa-502001550424 HTTP/1.1" status: 200 len: 1365 time: 0.0514526
