2026-06-22 03:07:30.250 10 INFO neutron.wsgi [None req-da3e37fe-fe5a-46ee-96d6-6bed6bc61b5e 995443913f674e018dccae376be97077 4bb17ac0aa45476aa87e5845b8a62079 - - default default] 10.0.0.157 "GET /v2.0/security-groups?tenant_id=e489b745b38144adb78fd13c780ba899&name=default HTTP/1.1" status: 200 len: 2996 time: 0.3716886
2026-06-22 03:07:30.328 9 WARNING neutron.scheduler.dhcp_agent_scheduler [None req-3ed6a7a9-ada0-4f2f-947b-ff99f6b256b2 14fab91596cc48129c272c6739f6faf2 a99e29061bf14a73aa4e9d6cb2f6ad41 - - - -] No more DHCP agents
2026-06-22 03:07:30.330 9 WARNING neutron.api.rpc.agentnotifiers.dhcp_rpc_agent_api [None req-3ed6a7a9-ada0-4f2f-947b-ff99f6b256b2 14fab91596cc48129c272c6739f6faf2 a99e29061bf14a73aa4e9d6cb2f6ad41 - - - -] Unable to schedule network 9bf7cdae-d6ec-427b-abaf-ff6e9f245561: no agents available; will retry on subsequent port and subnet creation events.
2026-06-22 03:07:30.338 10 WARNING neutron.scheduler.dhcp_agent_scheduler [None req-11f36618-f1ff-4294-aeaf-e3f71224442c 3e4535065eb84171a10ad5a9bff71492 06ee49971ae54edab8d8695581709c41 - - - -] No more DHCP agents
2026-06-22 03:07:30.344 10 WARNING neutron.api.rpc.agentnotifiers.dhcp_rpc_agent_api [None req-11f36618-f1ff-4294-aeaf-e3f71224442c 3e4535065eb84171a10ad5a9bff71492 06ee49971ae54edab8d8695581709c41 - - - -] Unable to schedule network a7d237c1-2898-4fe8-9f75-dec5cd1e91dd: no agents available; will retry on subsequent port and subnet creation events.
2026-06-22 03:07:30.406 10 INFO neutron.db.ovn_revision_numbers_db [None req-11f36618-f1ff-4294-aeaf-e3f71224442c 3e4535065eb84171a10ad5a9bff71492 06ee49971ae54edab8d8695581709c41 - - - -] Successfully bumped revision number for resource 55c7fad3-2f73-4af2-b95f-b5d0fdf26371 (type: ports) to 1
2026-06-22 03:07:30.430 10 INFO neutron.wsgi [None req-11f36618-f1ff-4294-aeaf-e3f71224442c 3e4535065eb84171a10ad5a9bff71492 06ee49971ae54edab8d8695581709c41 - - - -] 10.0.0.157 "POST /v2.0/ports HTTP/1.1" status: 201 len: 978 time: 0.3829365 /var/lib/openstack/lib/python3.10/site-packages/pycadf/identifier.py:71: UserWarning: Invalid uuid: neutron. To ensure interoperability, identifiers should be a valid uuid. warnings.warn(('Invalid uuid: %s. To ensure interoperability, '
2026-06-22 03:07:30.528 9 INFO neutron.db.ovn_revision_numbers_db [None req-3ed6a7a9-ada0-4f2f-947b-ff99f6b256b2 14fab91596cc48129c272c6739f6faf2 a99e29061bf14a73aa4e9d6cb2f6ad41 - - - -] Successfully bumped revision number for resource f9fb27d5-c2dd-4c48-b4f4-56f965fafb3c (type: ports) to 1
2026-06-22 03:07:30.536 10 INFO neutron.db.segments_db [None req-6ac39977-d300-4301-bcb3-77615f0f28cc 3e4535065eb84171a10ad5a9bff71492 06ee49971ae54edab8d8695581709c41 - - - -] Added segment 4cde9205-6d01-49b8-84f8-6a46317e00ee of type geneve for network e323c508-4e47-4ad8-84ba-1e135ecd5baf
2026-06-22 03:07:30.550 9 INFO neutron.wsgi [None req-3ed6a7a9-ada0-4f2f-947b-ff99f6b256b2 14fab91596cc48129c272c6739f6faf2 a99e29061bf14a73aa4e9d6cb2f6ad41 - - - -] 199.204.45.38 "POST /v2.0/ports HTTP/1.1" status: 201 len: 1158 time: 0.7049360 /var/lib/openstack/lib/python3.10/site-packages/pycadf/identifier.py:71: UserWarning: Invalid uuid: neutron. To ensure interoperability, identifiers should be a valid uuid. warnings.warn(('Invalid uuid: %s. To ensure interoperability, '
2026-06-22 03:07:30.581 10 WARNING neutron.plugins.ml2.drivers.ovn.mech_driver.ovsdb.ovn_client [None req-e076f914-9f6d-4367-9385-e1e3bafb5fc7 - - - - - -] No hosting information found for port 899f9083-1da7-4a9f-ad28-06e3e72f64e5: RuntimeError: No hosting information found for port 899f9083-1da7-4a9f-ad28-06e3e72f64e5
2026-06-22 03:07:30.591 9 INFO neutron.wsgi [None req-6686ee20-8c7b-41ed-a2ef-598f6735130b 995443913f674e018dccae376be97077 4bb17ac0aa45476aa87e5845b8a62079 - - - -] 10.0.0.157 "DELETE /v2.0/security-groups/bb34388c-2868-41b5-bb42-488bbc918324 HTTP/1.1" status: 204 len: 168 time: 0.3342996
2026-06-22 03:07:30.674 10 INFO neutron.db.ovn_revision_numbers_db [None req-6ac39977-d300-4301-bcb3-77615f0f28cc 3e4535065eb84171a10ad5a9bff71492 06ee49971ae54edab8d8695581709c41 - - - -] Successfully bumped revision number for resource e323c508-4e47-4ad8-84ba-1e135ecd5baf (type: networks) to 1
2026-06-22 03:07:30.842 10 INFO neutron.wsgi [None req-72f969a5-ba46-4752-9e3c-9d6bb43faf17 87670f60eedc47b885916ae30f96de5d cb3c11e6b6ea45a483383b7a83eb5e60 - - - -] 10.0.0.157 "POST /v2.0/subnetpools HTTP/1.1" status: 201 len: 747 time: 0.2086761
2026-06-22 03:07:30.886 10 INFO neutron.wsgi [None req-12a3f464-4452-4256-8d7b-5627773a4602 87670f60eedc47b885916ae30f96de5d cb3c11e6b6ea45a483383b7a83eb5e60 - - default default] 10.0.0.157 "GET /v2.0/subnetpools/45415aa0-be18-4529-8bc5-fc75e8c4e4b1 HTTP/1.1" status: 200 len: 742 time: 0.0357916
2026-06-22 03:07:30.893 10 WARNING neutron.scheduler.dhcp_agent_scheduler [None req-6ac39977-d300-4301-bcb3-77615f0f28cc 3e4535065eb84171a10ad5a9bff71492 06ee49971ae54edab8d8695581709c41 - - - -] No more DHCP agents
2026-06-22 03:07:30.904 10 WARNING neutron.api.rpc.agentnotifiers.dhcp_rpc_agent_api [None req-6ac39977-d300-4301-bcb3-77615f0f28cc 3e4535065eb84171a10ad5a9bff71492 06ee49971ae54edab8d8695581709c41 - - - -] Unable to schedule network e323c508-4e47-4ad8-84ba-1e135ecd5baf: no agents available; will retry on subsequent port and subnet creation events.
2026-06-22 03:07:30.983 10 INFO neutron.db.ovn_revision_numbers_db [None req-6ac39977-d300-4301-bcb3-77615f0f28cc 3e4535065eb84171a10ad5a9bff71492 06ee49971ae54edab8d8695581709c41 - - - -] Successfully bumped revision number for resource f30ac19b-949e-4158-bb03-641d29717c0c (type: ports) to 1
2026-06-22 03:07:30.985 9 INFO neutron.db.ovn_revision_numbers_db [None req-f9645cf4-d9f3-4653-9d1f-75fc529f3732 2d638b332b1c444a82584323ecb62e98 c4f245357b9c452c928ce7cbf29b8c3f - - - -] Successfully bumped revision number for resource f9fb27d5-c2dd-4c48-b4f4-56f965fafb3c (type: ports) to 2
2026-06-22 03:07:31.002 10 INFO neutron.wsgi [None req-1b5f87a2-2faa-4c90-9c34-a346a6a210ec 87670f60eedc47b885916ae30f96de5d cb3c11e6b6ea45a483383b7a83eb5e60 - - - -] 10.0.0.157 "PUT /v2.0/subnetpools/45415aa0-be18-4529-8bc5-fc75e8c4e4b1 HTTP/1.1" status: 200 len: 694 time: 0.1077695
2026-06-22 03:07:31.017 10 INFO neutron.wsgi [None req-6ac39977-d300-4301-bcb3-77615f0f28cc 3e4535065eb84171a10ad5a9bff71492 06ee49971ae54edab8d8695581709c41 - - - -] 10.0.0.157 "POST /v2.0/networks HTTP/1.1" status: 201 len: 834 time: 0.5773454
2026-06-22 03:07:31.089 10 INFO neutron.wsgi [None req-148fd204-2d0b-4f12-9543-7ff8b5cec16f 87670f60eedc47b885916ae30f96de5d cb3c11e6b6ea45a483383b7a83eb5e60 - - - -] 10.0.0.157 "DELETE /v2.0/subnetpools/45415aa0-be18-4529-8bc5-fc75e8c4e4b1 HTTP/1.1" status: 204 len: 168 time: 0.0806248
2026-06-22 03:07:31.114 10 INFO neutron.api.v2.resource [None req-05144922-3254-4b84-beeb-493a720e3294 87670f60eedc47b885916ae30f96de5d cb3c11e6b6ea45a483383b7a83eb5e60 - - default default] show failed (client error): The resource could not be found.
2026-06-22 03:07:31.116 10 INFO neutron.wsgi [None req-05144922-3254-4b84-beeb-493a720e3294 87670f60eedc47b885916ae30f96de5d cb3c11e6b6ea45a483383b7a83eb5e60 - - default default] 10.0.0.157 "GET /v2.0/subnetpools/45415aa0-be18-4529-8bc5-fc75e8c4e4b1 HTTP/1.1" status: 404 len: 346 time: 0.0204046 /var/lib/openstack/lib/python3.10/site-packages/pycadf/identifier.py:71: UserWarning: Invalid uuid: neutron. To ensure interoperability, identifiers should be a valid uuid. warnings.warn(('Invalid uuid: %s. To ensure interoperability, '
2026-06-22 03:07:31.151 9 INFO neutron.api.v2.resource [None req-68c7229d-e635-48b2-8d90-a41e11f5eab1 87670f60eedc47b885916ae30f96de5d cb3c11e6b6ea45a483383b7a83eb5e60 - - - -] delete failed (client error): The resource could not be found.
2026-06-22 03:07:31.152 9 INFO neutron.wsgi [None req-68c7229d-e635-48b2-8d90-a41e11f5eab1 87670f60eedc47b885916ae30f96de5d cb3c11e6b6ea45a483383b7a83eb5e60 - - - -] 10.0.0.157 "DELETE /v2.0/subnetpools/45415aa0-be18-4529-8bc5-fc75e8c4e4b1 HTTP/1.1" status: 404 len: 346 time: 0.0308316
2026-06-22 03:07:31.166 10 INFO neutron.wsgi [req-b87ba9a3-561e-4c53-8b4c-9a993730b1c3 req-882aba10-6942-4028-92fa-863a3af272c3 14fab91596cc48129c272c6739f6faf2 a99e29061bf14a73aa4e9d6cb2f6ad41 - - default default] 10.0.0.168 "GET /v2.0/ports?device_id=229361ac-39b3-4598-a434-e1c34cf5529c HTTP/1.1" status: 200 len: 1168 time: 0.0565898
2026-06-22 03:07:31.217 9 INFO neutron.db.ovn_revision_numbers_db [None req-f9645cf4-d9f3-4653-9d1f-75fc529f3732 2d638b332b1c444a82584323ecb62e98 c4f245357b9c452c928ce7cbf29b8c3f - - - -] Successfully bumped revision number for resource f9fb27d5-c2dd-4c48-b4f4-56f965fafb3c (type: ports) to 2
2026-06-22 03:07:31.240 9 INFO neutron.wsgi [None req-f9645cf4-d9f3-4653-9d1f-75fc529f3732 2d638b332b1c444a82584323ecb62e98 c4f245357b9c452c928ce7cbf29b8c3f - - - -] 199.204.45.38 "PUT /v2.0/ports/f9fb27d5-c2dd-4c48-b4f4-56f965fafb3c HTTP/1.1" status: 200 len: 1328 time: 0.6768861
2026-06-22 03:07:31.278 9 INFO neutron.notifiers.nova [-] Nova event matching ['req-0b7e06ba-ebd2-444e-a75b-175e922fe54f'] response: {'name': 'network-changed', 'server_uuid': '229361ac-39b3-4598-a434-e1c34cf5529c', 'tag': 'f9fb27d5-c2dd-4c48-b4f4-56f965fafb3c', 'status': 'completed', 'code': 200} /var/lib/openstack/lib/python3.10/site-packages/pycadf/identifier.py:71: UserWarning: Invalid uuid: neutron. To ensure interoperability, identifiers should be a valid uuid. warnings.warn(('Invalid uuid: %s. To ensure interoperability, '
2026-06-22 03:07:31.327 9 INFO neutron.wsgi [req-b457a12b-7f6b-4a2b-a469-55344c6e8291 req-8939ff0e-1ca6-424e-989f-450696880825 2d638b332b1c444a82584323ecb62e98 c4f245357b9c452c928ce7cbf29b8c3f - - 8fa89142ed234466828e7144d55eecfd 8fa89142ed234466828e7144d55eecfd] 199.204.45.38 "GET /v2.0/ports?tenant_id=a99e29061bf14a73aa4e9d6cb2f6ad41&device_id=229361ac-39b3-4598-a434-e1c34cf5529c HTTP/1.1" status: 200 len: 1359 time: 0.0423701
2026-06-22 03:07:31.365 9 INFO neutron.wsgi [req-b457a12b-7f6b-4a2b-a469-55344c6e8291 req-46e7a1e0-dede-4de6-a012-1df4fb7f823b 2d638b332b1c444a82584323ecb62e98 c4f245357b9c452c928ce7cbf29b8c3f - - 8fa89142ed234466828e7144d55eecfd 8fa89142ed234466828e7144d55eecfd] 199.204.45.38 "GET /v2.0/floatingips?fixed_ip_address=10.100.0.7&port_id=f9fb27d5-c2dd-4c48-b4f4-56f965fafb3c HTTP/1.1" status: 200 len: 217 time: 0.0329175
2026-06-22 03:07:31.403 9 INFO neutron.wsgi [req-b457a12b-7f6b-4a2b-a469-55344c6e8291 req-8f0eae8f-18f1-41d7-9680-aa7340888867 2d638b332b1c444a82584323ecb62e98 c4f245357b9c452c928ce7cbf29b8c3f - - 8fa89142ed234466828e7144d55eecfd 8fa89142ed234466828e7144d55eecfd] 199.204.45.38 "GET /v2.0/subnets?id=490b886e-f855-4610-9443-533f2c37441e HTTP/1.1" status: 200 len: 869 time: 0.0349751
2026-06-22 03:07:31.442 9 INFO neutron.wsgi [req-b457a12b-7f6b-4a2b-a469-55344c6e8291 req-759bde34-19f5-468d-ae87-dc75a032d8d4 2d638b332b1c444a82584323ecb62e98 c4f245357b9c452c928ce7cbf29b8c3f - - 8fa89142ed234466828e7144d55eecfd 8fa89142ed234466828e7144d55eecfd] 199.204.45.38 "GET /v2.0/ports?network_id=9bf7cdae-d6ec-427b-abaf-ff6e9f245561&device_owner=network%3Adhcp HTTP/1.1" status: 200 len: 210 time: 0.0322752
2026-06-22 03:07:31.518 9 INFO neutron.wsgi [req-b457a12b-7f6b-4a2b-a469-55344c6e8291 req-342fe568-71ca-4d19-a1b7-d221d02e4c2c 2d638b332b1c444a82584323ecb62e98 c4f245357b9c452c928ce7cbf29b8c3f - - 8fa89142ed234466828e7144d55eecfd 8fa89142ed234466828e7144d55eecfd] 199.204.45.38 "GET /v2.0/networks/9bf7cdae-d6ec-427b-abaf-ff6e9f245561?fields=segments HTTP/1.1" status: 200 len: 212 time: 0.0693004
2026-06-22 03:07:31.533 10 INFO neutron.wsgi [req-b87ba9a3-561e-4c53-8b4c-9a993730b1c3 req-f26371e9-7df6-43fd-a158-c826f9f9d78f 14fab91596cc48129c272c6739f6faf2 a99e29061bf14a73aa4e9d6cb2f6ad41 - - default default] 10.0.0.168 "GET /v2.0/security-groups?id=1bf10821-0fb9-4023-97f1-777715c3ff20&fields=id&fields=name HTTP/1.1" status: 200 len: 313 time: 0.0613339
2026-06-22 03:07:31.597 9 INFO neutron.wsgi [req-b457a12b-7f6b-4a2b-a469-55344c6e8291 req-cfeddc1c-7b84-46d9-a4c1-56ebc16604e4 2d638b332b1c444a82584323ecb62e98 c4f245357b9c452c928ce7cbf29b8c3f - - 8fa89142ed234466828e7144d55eecfd 8fa89142ed234466828e7144d55eecfd] 199.204.45.38 "GET /v2.0/networks/9bf7cdae-d6ec-427b-abaf-ff6e9f245561?fields=provider%3Aphysical_network&fields=provider%3Anetwork_type HTTP/1.1" status: 200 len: 277 time: 0.0682356
2026-06-22 03:07:31.644 10 WARNING neutron.scheduler.dhcp_agent_scheduler [None req-86e33abf-0bed-4974-a0c6-988007be83ae 3e4535065eb84171a10ad5a9bff71492 06ee49971ae54edab8d8695581709c41 - - - -] No more DHCP agents
2026-06-22 03:07:31.647 10 WARNING neutron.api.rpc.agentnotifiers.dhcp_rpc_agent_api [None req-86e33abf-0bed-4974-a0c6-988007be83ae 3e4535065eb84171a10ad5a9bff71492 06ee49971ae54edab8d8695581709c41 - - - -] Unable to schedule network e323c508-4e47-4ad8-84ba-1e135ecd5baf: no agents available; will retry on subsequent port and subnet creation events.
2026-06-22 03:07:31.661 10 INFO neutron.db.ovn_revision_numbers_db [None req-86e33abf-0bed-4974-a0c6-988007be83ae 3e4535065eb84171a10ad5a9bff71492 06ee49971ae54edab8d8695581709c41 - - - -] Successfully bumped revision number for resource dbf0f7d2-0fc4-4b5e-8254-dc02dd98cc82 (type: subnets) to 0
2026-06-22 03:07:31.672 9 INFO neutron.wsgi [req-392b1f31-b0a4-4da5-b437-facfb23bd3c3 req-8e54fd8d-6044-4e71-ae38-ba282eb066f5 2d638b332b1c444a82584323ecb62e98 c4f245357b9c452c928ce7cbf29b8c3f - - 8fa89142ed234466828e7144d55eecfd 8fa89142ed234466828e7144d55eecfd] 199.204.45.38 "GET /v2.0/ports?tenant_id=a99e29061bf14a73aa4e9d6cb2f6ad41&device_id=229361ac-39b3-4598-a434-e1c34cf5529c HTTP/1.1" status: 200 len: 1359 time: 0.0322385
2026-06-22 03:07:31.683 10 INFO neutron.wsgi [None req-86e33abf-0bed-4974-a0c6-988007be83ae 3e4535065eb84171a10ad5a9bff71492 06ee49971ae54edab8d8695581709c41 - - - -] 10.0.0.157 "POST /v2.0/subnets HTTP/1.1" status: 201 len: 821 time: 0.6603622
2026-06-22 03:07:31.749 9 INFO neutron.wsgi [req-392b1f31-b0a4-4da5-b437-facfb23bd3c3 req-d624ad25-8fd2-472b-aa0d-5f12f1547db7 2d638b332b1c444a82584323ecb62e98 c4f245357b9c452c928ce7cbf29b8c3f - - 8fa89142ed234466828e7144d55eecfd 8fa89142ed234466828e7144d55eecfd] 199.204.45.38 "GET /v2.0/networks?id=9bf7cdae-d6ec-427b-abaf-ff6e9f245561 HTTP/1.1" status: 200 len: 973 time: 0.0674169
2026-06-22 03:07:31.813 9 INFO neutron.wsgi [req-392b1f31-b0a4-4da5-b437-facfb23bd3c3 req-505eeb84-e7e5-49a8-ad08-10025bedf635 2d638b332b1c444a82584323ecb62e98 c4f245357b9c452c928ce7cbf29b8c3f - - 8fa89142ed234466828e7144d55eecfd 8fa89142ed234466828e7144d55eecfd] 199.204.45.38 "GET /v2.0/floatingips?fixed_ip_address=10.100.0.7&port_id=f9fb27d5-c2dd-4c48-b4f4-56f965fafb3c HTTP/1.1" status: 200 len: 217 time: 0.0563221
2026-06-22 03:07:31.814 10 INFO neutron.plugins.ml2.drivers.ovn.mech_driver.mech_driver [None req-e076f914-9f6d-4367-9385-e1e3bafb5fc7 - - - - - -] OVN reports status up for port: f9fb27d5-c2dd-4c48-b4f4-56f965fafb3c
2026-06-22 03:07:31.832 10 INFO neutron.plugins.ml2.plugin [None req-e076f914-9f6d-4367-9385-e1e3bafb5fc7 - - - - - -] Attempt 1 to provision port f9fb27d5-c2dd-4c48-b4f4-56f965fafb3c
2026-06-22 03:07:31.856 9 INFO neutron.wsgi [req-392b1f31-b0a4-4da5-b437-facfb23bd3c3 req-032b6018-5add-4c07-9d10-ebd4b7801ece 2d638b332b1c444a82584323ecb62e98 c4f245357b9c452c928ce7cbf29b8c3f - - 8fa89142ed234466828e7144d55eecfd 8fa89142ed234466828e7144d55eecfd] 199.204.45.38 "GET /v2.0/subnets?id=490b886e-f855-4610-9443-533f2c37441e HTTP/1.1" status: 200 len: 869 time: 0.0377855
2026-06-22 03:07:31.900 9 INFO neutron.wsgi [req-392b1f31-b0a4-4da5-b437-facfb23bd3c3 req-c44b3f78-6147-48fd-8d0c-b8494843be20 2d638b332b1c444a82584323ecb62e98 c4f245357b9c452c928ce7cbf29b8c3f - - 8fa89142ed234466828e7144d55eecfd 8fa89142ed234466828e7144d55eecfd] 199.204.45.38 "GET /v2.0/ports?network_id=9bf7cdae-d6ec-427b-abaf-ff6e9f245561&device_owner=network%3Adhcp HTTP/1.1" status: 200 len: 210 time: 0.0286276
2026-06-22 03:07:32.030 9 INFO neutron.wsgi [req-392b1f31-b0a4-4da5-b437-facfb23bd3c3 req-3a4faa61-c69a-4fad-95ae-a3468dc972f0 2d638b332b1c444a82584323ecb62e98 c4f245357b9c452c928ce7cbf29b8c3f - - 8fa89142ed234466828e7144d55eecfd 8fa89142ed234466828e7144d55eecfd] 199.204.45.38 "GET /v2.0/networks/9bf7cdae-d6ec-427b-abaf-ff6e9f245561?fields=segments HTTP/1.1" status: 200 len: 212 time: 0.1229706
2026-06-22 03:07:32.032 10 INFO neutron.notifiers.nova [-] Nova event matching ['req-bd1e17d5-631e-4a1e-9e07-8423e3201b02'] response: {'server_uuid': '229361ac-39b3-4598-a434-e1c34cf5529c', 'name': 'network-vif-plugged', 'status': 'completed', 'tag': 'f9fb27d5-c2dd-4c48-b4f4-56f965fafb3c', 'code': 200}
2026-06-22 03:07:32.061 9 INFO neutron.db.ovn_revision_numbers_db [None req-a1a34cb4-2868-414f-8124-6894ffc4167f 995443913f674e018dccae376be97077 4bb17ac0aa45476aa87e5845b8a62079 - - default default] Successfully bumped revision number for resource 6b778c33-c894-427f-a0e7-71dd5b3a1058 (type: security_groups) to 1
2026-06-22 03:07:32.105 9 INFO neutron.wsgi [None req-a1a34cb4-2868-414f-8124-6894ffc4167f 995443913f674e018dccae376be97077 4bb17ac0aa45476aa87e5845b8a62079 - - default default] 10.0.0.157 "GET /v2.0/security-groups?tenant_id=cb3c11e6b6ea45a483383b7a83eb5e60&name=default HTTP/1.1" status: 200 len: 2996 time: 0.4889369
2026-06-22 03:07:32.139 9 INFO neutron.wsgi [req-392b1f31-b0a4-4da5-b437-facfb23bd3c3 req-3633635b-19df-4d07-b95d-4fc19a7358d5 2d638b332b1c444a82584323ecb62e98 c4f245357b9c452c928ce7cbf29b8c3f - - 8fa89142ed234466828e7144d55eecfd 8fa89142ed234466828e7144d55eecfd] 199.204.45.38 "GET /v2.0/networks/9bf7cdae-d6ec-427b-abaf-ff6e9f245561?fields=provider%3Aphysical_network&fields=provider%3Anetwork_type HTTP/1.1" status: 200 len: 277 time: 0.0987625
2026-06-22 03:07:32.197 10 WARNING neutron.scheduler.dhcp_agent_scheduler [None req-eb4f859a-b255-4bd5-949c-fe98c3be98d3 3e4535065eb84171a10ad5a9bff71492 06ee49971ae54edab8d8695581709c41 - - - -] No more DHCP agents
2026-06-22 03:07:32.200 10 WARNING neutron.api.rpc.agentnotifiers.dhcp_rpc_agent_api [None req-eb4f859a-b255-4bd5-949c-fe98c3be98d3 3e4535065eb84171a10ad5a9bff71492 06ee49971ae54edab8d8695581709c41 - - - -] Unable to schedule network e323c508-4e47-4ad8-84ba-1e135ecd5baf: no agents available; will retry on subsequent port and subnet creation events.
2026-06-22 03:07:32.291 10 INFO neutron.db.ovn_revision_numbers_db [None req-e076f914-9f6d-4367-9385-e1e3bafb5fc7 - - - - - -] Successfully bumped revision number for resource f9fb27d5-c2dd-4c48-b4f4-56f965fafb3c (type: ports) to 4
2026-06-22 03:07:32.340 9 INFO neutron.wsgi [None req-1d38624c-bee5-41db-9fb5-075c2f34a180 995443913f674e018dccae376be97077 4bb17ac0aa45476aa87e5845b8a62079 - - - -] 10.0.0.157 "DELETE /v2.0/security-groups/6b778c33-c894-427f-a0e7-71dd5b3a1058 HTTP/1.1" status: 204 len: 168 time: 0.2305052
2026-06-22 03:07:32.372 10 INFO neutron.db.ovn_revision_numbers_db [None req-eb4f859a-b255-4bd5-949c-fe98c3be98d3 3e4535065eb84171a10ad5a9bff71492 06ee49971ae54edab8d8695581709c41 - - - -] Successfully bumped revision number for resource ca256e08-3300-4ab9-96f9-52e2c74f7c33 (type: ports) to 1
2026-06-22 03:07:32.394 10 INFO neutron.wsgi [None req-eb4f859a-b255-4bd5-949c-fe98c3be98d3 3e4535065eb84171a10ad5a9bff71492 06ee49971ae54edab8d8695581709c41 - - - -] 10.0.0.157 "POST /v2.0/ports HTTP/1.1" status: 201 len: 1160 time: 0.7035792 /var/lib/openstack/lib/python3.10/site-packages/pycadf/identifier.py:71: UserWarning: Invalid uuid: neutron. To ensure interoperability, identifiers should be a valid uuid. warnings.warn(('Invalid uuid: %s. To ensure interoperability, '
2026-06-22 03:07:32.730 10 INFO neutron.wsgi [req-d6e6a790-17ba-4801-88b7-4f3e435e627d req-9da64e50-a24a-419f-b041-4fc09c55ff61 14fab91596cc48129c272c6739f6faf2 a99e29061bf14a73aa4e9d6cb2f6ad41 - - default default] 10.0.0.168 "GET /v2.0/ports?device_id=229361ac-39b3-4598-a434-e1c34cf5529c HTTP/1.1" status: 200 len: 1170 time: 0.0539286
2026-06-22 03:07:32.794 10 INFO neutron.wsgi [req-d6e6a790-17ba-4801-88b7-4f3e435e627d req-3cf264d1-065c-4736-8fb0-7785b16806d0 14fab91596cc48129c272c6739f6faf2 a99e29061bf14a73aa4e9d6cb2f6ad41 - - default default] 10.0.0.168 "GET /v2.0/security-groups?id=1bf10821-0fb9-4023-97f1-777715c3ff20&fields=id&fields=name HTTP/1.1" status: 200 len: 313 time: 0.0481057
2026-06-22 03:07:32.810 10 INFO neutron.wsgi [None req-7181dd18-2807-4dad-a535-f984ee8213bc 3e4535065eb84171a10ad5a9bff71492 06ee49971ae54edab8d8695581709c41 - - - -] 10.0.0.157 "DELETE /v2.0/ports/ca256e08-3300-4ab9-96f9-52e2c74f7c33 HTTP/1.1" status: 204 len: 168 time: 0.4084482
2026-06-22 03:07:32.854 10 INFO neutron.pecan_wsgi.hooks.translation [None req-32644795-7b6b-4a94-8a39-1bf0a264db9a 3e4535065eb84171a10ad5a9bff71492 06ee49971ae54edab8d8695581709c41 - - - -] DELETE failed (client error): The resource could not be found.
2026-06-22 03:07:32.857 10 INFO neutron.wsgi [None req-32644795-7b6b-4a94-8a39-1bf0a264db9a 3e4535065eb84171a10ad5a9bff71492 06ee49971ae54edab8d8695581709c41 - - - -] 10.0.0.157 "DELETE /v2.0/ports/ca256e08-3300-4ab9-96f9-52e2c74f7c33 HTTP/1.1" status: 404 len: 333 time: 0.0368681
2026-06-22 03:07:32.884 10 INFO neutron.pecan_wsgi.hooks.translation [None req-4fcd76d1-4124-404d-b5c5-93c6e002b9b7 3e4535065eb84171a10ad5a9bff71492 06ee49971ae54edab8d8695581709c41 - - default default] GET failed (client error): The resource could not be found.
2026-06-22 03:07:32.886 10 INFO neutron.wsgi [None req-4fcd76d1-4124-404d-b5c5-93c6e002b9b7 3e4535065eb84171a10ad5a9bff71492 06ee49971ae54edab8d8695581709c41 - - default default] 10.0.0.157 "GET /v2.0/ports/ca256e08-3300-4ab9-96f9-52e2c74f7c33 HTTP/1.1" status: 404 len: 333 time: 0.0239484
2026-06-22 03:07:32.998 9 INFO neutron.db.ovn_revision_numbers_db [None req-8615cb58-4b4a-4844-ade1-7130f2bee09e 995443913f674e018dccae376be97077 4bb17ac0aa45476aa87e5845b8a62079 - - - -] Successfully bumped revision number for resource 03067a1b-a931-4764-b868-570e10dfdaed (type: security_groups) to 1
2026-06-22 03:07:33.050 9 INFO neutron.db.segments_db [None req-8615cb58-4b4a-4844-ade1-7130f2bee09e 995443913f674e018dccae376be97077 4bb17ac0aa45476aa87e5845b8a62079 - - - -] Added segment db6845cc-ca5e-49f3-9b0b-16863a0bec2f of type geneve for network 3dcd9296-67c2-4cf1-a661-686ac495bc46
2026-06-22 03:07:33.106 10 INFO neutron.wsgi [None req-3de9c672-8462-4497-a5f3-451203989bf4 3e4535065eb84171a10ad5a9bff71492 06ee49971ae54edab8d8695581709c41 - - - -] 10.0.0.157 "DELETE /v2.0/subnets/dbf0f7d2-0fc4-4b5e-8254-dc02dd98cc82 HTTP/1.1" status: 204 len: 168 time: 0.2149980
2026-06-22 03:07:33.189 9 INFO neutron.db.ovn_revision_numbers_db [None req-8615cb58-4b4a-4844-ade1-7130f2bee09e 995443913f674e018dccae376be97077 4bb17ac0aa45476aa87e5845b8a62079 - - - -] Successfully bumped revision number for resource 3dcd9296-67c2-4cf1-a661-686ac495bc46 (type: networks) to 1
2026-06-22 03:07:33.395 9 WARNING neutron.scheduler.dhcp_agent_scheduler [None req-8615cb58-4b4a-4844-ade1-7130f2bee09e 995443913f674e018dccae376be97077 4bb17ac0aa45476aa87e5845b8a62079 - - - -] No more DHCP agents
2026-06-22 03:07:33.401 9 WARNING neutron.api.rpc.agentnotifiers.dhcp_rpc_agent_api [None req-8615cb58-4b4a-4844-ade1-7130f2bee09e 995443913f674e018dccae376be97077 4bb17ac0aa45476aa87e5845b8a62079 - - - -] Unable to schedule network 3dcd9296-67c2-4cf1-a661-686ac495bc46: no agents available; will retry on subsequent port and subnet creation events.
2026-06-22 03:07:33.480 9 INFO neutron.db.ovn_revision_numbers_db [None req-8615cb58-4b4a-4844-ade1-7130f2bee09e 995443913f674e018dccae376be97077 4bb17ac0aa45476aa87e5845b8a62079 - - - -] Successfully bumped revision number for resource b09670d1-b7f5-4536-9d51-195430d59871 (type: ports) to 1
2026-06-22 03:07:33.503 10 INFO neutron.services.segments.plugin [-] Segment 4cde9205-6d01-49b8-84f8-6a46317e00ee resource provider aggregate not found
2026-06-22 03:07:33.507 9 INFO neutron.wsgi [None req-8615cb58-4b4a-4844-ade1-7130f2bee09e 995443913f674e018dccae376be97077 4bb17ac0aa45476aa87e5845b8a62079 - - - -] 10.0.0.157 "POST /v2.0/networks HTTP/1.1" status: 201 len: 943 time: 0.8386936
2026-06-22 03:07:33.511 10 INFO neutron.services.segments.plugin [-] Segment 4cde9205-6d01-49b8-84f8-6a46317e00ee resource provider aggregate not found
2026-06-22 03:07:33.547 10 INFO neutron.services.segments.plugin [-] Segment 4cde9205-6d01-49b8-84f8-6a46317e00ee resource provider not found; error: Placement Client Error (4xx): {"errors": [{"status": 404, "title": "Not Found", "detail": "The resource could not be found.\n\n No resource provider with uuid 4cde9205-6d01-49b8-84f8-6a46317e00ee found for delete ", "request_id": "req-1262ae5b-2155-433e-84ee-0f7d9aaa5875"}]}
2026-06-22 03:07:33.549 10 INFO neutron.services.segments.plugin [-] Segment 4cde9205-6d01-49b8-84f8-6a46317e00ee resource provider not found; error: Placement Client Error (4xx): {"errors": [{"status": 404, "title": "Not Found", "detail": "The resource could not be found.\n\n No resource provider with uuid 4cde9205-6d01-49b8-84f8-6a46317e00ee found for delete ", "request_id": "req-1eb60b78-f446-47ed-81d2-fcc2a5017597"}]}
2026-06-22 03:07:33.571 10 INFO neutron.wsgi [None req-d7990a45-6dc3-419e-8177-c57b7bd2c735 3e4535065eb84171a10ad5a9bff71492 06ee49971ae54edab8d8695581709c41 - - - -] 10.0.0.157 "DELETE /v2.0/networks/e323c508-4e47-4ad8-84ba-1e135ecd5baf HTTP/1.1" status: 204 len: 168 time: 0.4586711
2026-06-22 03:07:33.657 10 INFO neutron.db.segments_db [None req-58f7f2e6-6da4-4469-80b5-33ec633eed66 3e4535065eb84171a10ad5a9bff71492 06ee49971ae54edab8d8695581709c41 - - - -] Added segment a6e60ff5-9abe-4adf-9a52-579b517ad0ea of type geneve for network f62393ef-2b08-4c0c-9980-02730b46ab8d
2026-06-22 03:07:33.681 9 WARNING neutron.scheduler.dhcp_agent_scheduler [None req-5bc1cbf0-bf9a-43b9-884f-a0bbca55aeca 995443913f674e018dccae376be97077 4bb17ac0aa45476aa87e5845b8a62079 - - - -] No more DHCP agents
2026-06-22 03:07:33.684 9 WARNING neutron.api.rpc.agentnotifiers.dhcp_rpc_agent_api [None req-5bc1cbf0-bf9a-43b9-884f-a0bbca55aeca 995443913f674e018dccae376be97077 4bb17ac0aa45476aa87e5845b8a62079 - - - -] Unable to schedule network 3dcd9296-67c2-4cf1-a661-686ac495bc46: no agents available; will retry on subsequent port and subnet creation events.
2026-06-22 03:07:33.763 10 INFO neutron.db.ovn_revision_numbers_db [None req-58f7f2e6-6da4-4469-80b5-33ec633eed66 3e4535065eb84171a10ad5a9bff71492 06ee49971ae54edab8d8695581709c41 - - - -] Successfully bumped revision number for resource f62393ef-2b08-4c0c-9980-02730b46ab8d (type: networks) to 1
2026-06-22 03:07:34.067 10 INFO neutron.wsgi [req-2d54e2c7-d8a5-4999-8ea4-42c52d364d3f req-77ca6c21-574a-4e23-a0eb-0a51b2010186 14fab91596cc48129c272c6739f6faf2 a99e29061bf14a73aa4e9d6cb2f6ad41 - - default default] 10.0.0.168 "GET /v2.0/ports?device_id=229361ac-39b3-4598-a434-e1c34cf5529c HTTP/1.1" status: 200 len: 1170 time: 0.1899505
2026-06-22 03:07:34.091 10 INFO neutron.notifiers.nova [-] Nova event matching ['req-ce509635-4bdf-45a4-ac34-62f3d011cfce'] response: {'server_uuid': '229361ac-39b3-4598-a434-e1c34cf5529c', 'name': 'network-vif-plugged', 'status': 'completed', 'tag': 'f9fb27d5-c2dd-4c48-b4f4-56f965fafb3c', 'code': 200}
2026-06-22 03:07:34.134 10 WARNING neutron.scheduler.dhcp_agent_scheduler [None req-58f7f2e6-6da4-4469-80b5-33ec633eed66 3e4535065eb84171a10ad5a9bff71492 06ee49971ae54edab8d8695581709c41 - - - -] No more DHCP agents
2026-06-22 03:07:34.137 10 INFO neutron.wsgi [req-2d54e2c7-d8a5-4999-8ea4-42c52d364d3f req-b0531553-cd85-462f-8a50-4290a456d4dd 14fab91596cc48129c272c6739f6faf2 a99e29061bf14a73aa4e9d6cb2f6ad41 - - default default] 10.0.0.168 "GET /v2.0/security-groups?id=1bf10821-0fb9-4023-97f1-777715c3ff20&fields=id&fields=name HTTP/1.1" status: 200 len: 313 time: 0.0575860
2026-06-22 03:07:34.144 10 WARNING neutron.api.rpc.agentnotifiers.dhcp_rpc_agent_api [None req-58f7f2e6-6da4-4469-80b5-33ec633eed66 3e4535065eb84171a10ad5a9bff71492 06ee49971ae54edab8d8695581709c41 - - - -] Unable to schedule network f62393ef-2b08-4c0c-9980-02730b46ab8d: no agents available; will retry on subsequent port and subnet creation events.
2026-06-22 03:07:34.220 10 INFO neutron.db.ovn_revision_numbers_db [None req-58f7f2e6-6da4-4469-80b5-33ec633eed66 3e4535065eb84171a10ad5a9bff71492 06ee49971ae54edab8d8695581709c41 - - - -] Successfully bumped revision number for resource 1dcd2461-8864-4307-ab0d-1e12c07f98a1 (type: ports) to 1
2026-06-22 03:07:34.267 10 INFO neutron.wsgi [None req-58f7f2e6-6da4-4469-80b5-33ec633eed66 3e4535065eb84171a10ad5a9bff71492 06ee49971ae54edab8d8695581709c41 - - - -] 10.0.0.157 "POST /v2.0/networks HTTP/1.1" status: 201 len: 834 time: 0.6884010
2026-06-22 03:07:34.281 10 INFO neutron.wsgi [req-ce5a7133-5dcb-4206-accd-7623b388bfde req-1651a468-ba9a-4451-ad5f-cf3b0d846a38 14fab91596cc48129c272c6739f6faf2 a99e29061bf14a73aa4e9d6cb2f6ad41 - - default default] 10.0.0.168 "GET /v2.0/ports?device_id=229361ac-39b3-4598-a434-e1c34cf5529c HTTP/1.1" status: 200 len: 1170 time: 0.0505168
2026-06-22 03:07:34.295 9 INFO neutron.db.ovn_revision_numbers_db [None req-5bc1cbf0-bf9a-43b9-884f-a0bbca55aeca 995443913f674e018dccae376be97077 4bb17ac0aa45476aa87e5845b8a62079 - - - -] Successfully bumped revision number for resource b09670d1-b7f5-4536-9d51-195430d59871 (type: ports) to 2
2026-06-22 03:07:34.328 9 INFO neutron.db.ovn_revision_numbers_db [None req-5bc1cbf0-bf9a-43b9-884f-a0bbca55aeca 995443913f674e018dccae376be97077 4bb17ac0aa45476aa87e5845b8a62079 - - - -] Successfully bumped revision number for resource a8c193fb-0022-47d3-b038-ba478fdb080c (type: subnets) to 0
2026-06-22 03:07:34.353 9 INFO neutron.wsgi [None req-5bc1cbf0-bf9a-43b9-884f-a0bbca55aeca 995443913f674e018dccae376be97077 4bb17ac0aa45476aa87e5845b8a62079 - - - -] 10.0.0.157 "POST /v2.0/subnets HTTP/1.1" status: 201 len: 863 time: 0.8407187
2026-06-22 03:07:34.551 10 INFO neutron.db.l3_db [None req-67b1028f-b018-4f6b-ae78-e94064ac39de 14fab91596cc48129c272c6739f6faf2 a99e29061bf14a73aa4e9d6cb2f6ad41 - - - -] Floating IP aacf7626-0597-4272-8f6b-730f70ac8fb5 associated. External IP: 10.96.250.214, port: f9fb27d5-c2dd-4c48-b4f4-56f965fafb3c.
2026-06-22 03:07:34.755 10 INFO neutron.db.ovn_revision_numbers_db [None req-67b1028f-b018-4f6b-ae78-e94064ac39de 14fab91596cc48129c272c6739f6faf2 a99e29061bf14a73aa4e9d6cb2f6ad41 - - - -] Successfully bumped revision number for resource aacf7626-0597-4272-8f6b-730f70ac8fb5 (type: floatingips) to 1
2026-06-22 03:07:34.838 10 INFO neutron.db.ovn_revision_numbers_db [None req-67b1028f-b018-4f6b-ae78-e94064ac39de 14fab91596cc48129c272c6739f6faf2 a99e29061bf14a73aa4e9d6cb2f6ad41 - - - -] Successfully bumped revision number for resource aacf7626-0597-4272-8f6b-730f70ac8fb5 (type: floatingips) to 2
2026-06-22 03:07:34.867 10 INFO neutron.wsgi [None req-67b1028f-b018-4f6b-ae78-e94064ac39de 14fab91596cc48129c272c6739f6faf2 a99e29061bf14a73aa4e9d6cb2f6ad41 - - - -] 10.0.0.157 "PUT /v2.0/floatingips/aacf7626-0597-4272-8f6b-730f70ac8fb5 HTTP/1.1" status: 200 len: 1049 time: 0.5698969
2026-06-22 03:07:35.013 9 WARNING neutron.scheduler.dhcp_agent_scheduler [None req-ca379aa5-7431-495f-a982-cb9bf7a092f1 3e4535065eb84171a10ad5a9bff71492 06ee49971ae54edab8d8695581709c41 - - - -] No more DHCP agents
2026-06-22 03:07:35.016 9 WARNING neutron.api.rpc.agentnotifiers.dhcp_rpc_agent_api [None req-ca379aa5-7431-495f-a982-cb9bf7a092f1 3e4535065eb84171a10ad5a9bff71492 06ee49971ae54edab8d8695581709c41 - - - -] Unable to schedule network f62393ef-2b08-4c0c-9980-02730b46ab8d: no agents available; will retry on subsequent port and subnet creation events.
2026-06-22 03:07:35.047 9 INFO neutron.db.ovn_revision_numbers_db [None req-ca379aa5-7431-495f-a982-cb9bf7a092f1 3e4535065eb84171a10ad5a9bff71492 06ee49971ae54edab8d8695581709c41 - - - -] Successfully bumped revision number for resource aea00645-0d61-45bd-ac36-7cc9ef8f0d69 (type: subnets) to 0
2026-06-22 03:07:35.092 9 INFO neutron.wsgi [None req-ca379aa5-7431-495f-a982-cb9bf7a092f1 3e4535065eb84171a10ad5a9bff71492 06ee49971ae54edab8d8695581709c41 - - - -] 10.0.0.157 "POST /v2.0/subnets HTTP/1.1" status: 201 len: 821 time: 0.8156562 /var/lib/openstack/lib/python3.10/site-packages/pycadf/identifier.py:71: UserWarning: Invalid uuid: neutron. To ensure interoperability, identifiers should be a valid uuid. warnings.warn(('Invalid uuid: %s. To ensure interoperability, '
2026-06-22 03:07:35.412 9 WARNING neutron.scheduler.dhcp_agent_scheduler [None req-c07984b5-b3c7-4fa1-988a-d91a014bef9e 995443913f674e018dccae376be97077 4bb17ac0aa45476aa87e5845b8a62079 - - - -] No more DHCP agents
2026-06-22 03:07:35.417 9 WARNING neutron.api.rpc.agentnotifiers.dhcp_rpc_agent_api [None req-c07984b5-b3c7-4fa1-988a-d91a014bef9e 995443913f674e018dccae376be97077 4bb17ac0aa45476aa87e5845b8a62079 - - - -] Unable to schedule network 9c803c74-4730-478b-81e3-55f84c7e6c67: no agents available; will retry on subsequent port and subnet creation events.
2026-06-22 03:07:35.515 10 WARNING neutron.scheduler.dhcp_agent_scheduler [None req-e4513e95-4a92-4a02-b004-c2f4638c0c29 3e4535065eb84171a10ad5a9bff71492 06ee49971ae54edab8d8695581709c41 - - - -] No more DHCP agents
2026-06-22 03:07:35.518 10 WARNING neutron.api.rpc.agentnotifiers.dhcp_rpc_agent_api [None req-e4513e95-4a92-4a02-b004-c2f4638c0c29 3e4535065eb84171a10ad5a9bff71492 06ee49971ae54edab8d8695581709c41 - - - -] Unable to schedule network f62393ef-2b08-4c0c-9980-02730b46ab8d: no agents available; will retry on subsequent port and subnet creation events.
2026-06-22 03:07:35.596 9 INFO neutron.db.ovn_revision_numbers_db [None req-c07984b5-b3c7-4fa1-988a-d91a014bef9e 995443913f674e018dccae376be97077 4bb17ac0aa45476aa87e5845b8a62079 - - - -] Successfully bumped revision number for resource c4c254c1-b1a8-417b-9488-a19fcc5c80d6 (type: ports) to 1
2026-06-22 03:07:35.629 10 INFO neutron.db.ovn_revision_numbers_db [None req-e4513e95-4a92-4a02-b004-c2f4638c0c29 3e4535065eb84171a10ad5a9bff71492 06ee49971ae54edab8d8695581709c41 - - - -] Successfully bumped revision number for resource 0b7d80a6-bded-4f0f-a710-395261cc5742 (type: ports) to 1
2026-06-22 03:07:35.659 10 INFO neutron.wsgi [None req-e4513e95-4a92-4a02-b004-c2f4638c0c29 3e4535065eb84171a10ad5a9bff71492 06ee49971ae54edab8d8695581709c41 - - - -] 10.0.0.157 "POST /v2.0/ports HTTP/1.1" status: 201 len: 1127 time: 0.5593951
2026-06-22 03:07:36.264 10 INFO neutron.notifiers.nova [-] Nova event matching ['req-12f8f161-e8ca-4602-b138-9629958cb3b6'] response: {'name': 'network-changed', 'server_uuid': '229361ac-39b3-4598-a434-e1c34cf5529c', 'tag': 'f9fb27d5-c2dd-4c48-b4f4-56f965fafb3c', 'status': 'completed', 'code': 200}
2026-06-22 03:07:36.338 9 INFO neutron.plugins.ml2.drivers.ovn.mech_driver.mech_driver [None req-3c1d1fd8-5c1a-4eb4-b6fb-6bbac59d8093 - - - - - -] OVN reports status up for port: c4c254c1-b1a8-417b-9488-a19fcc5c80d6
2026-06-22 03:07:36.343 9 INFO neutron.wsgi [req-361bb6f5-3142-4e42-9da3-d7e9b8dd6d99 req-7d704345-588e-4b5c-b50f-90b52a1da20b 2d638b332b1c444a82584323ecb62e98 c4f245357b9c452c928ce7cbf29b8c3f - - 8fa89142ed234466828e7144d55eecfd 8fa89142ed234466828e7144d55eecfd] 199.204.45.38 "GET /v2.0/ports?tenant_id=a99e29061bf14a73aa4e9d6cb2f6ad41&device_id=229361ac-39b3-4598-a434-e1c34cf5529c HTTP/1.1" status: 200 len: 1361 time: 0.0684433
2026-06-22 03:07:36.352 9 INFO neutron.plugins.ml2.plugin [None req-3c1d1fd8-5c1a-4eb4-b6fb-6bbac59d8093 - - - - - -] Attempt 1 to provision port c4c254c1-b1a8-417b-9488-a19fcc5c80d6
2026-06-22 03:07:36.365 9 INFO neutron.plugins.ml2.drivers.ovn.mech_driver.ovsdb.ovsdb_monitor [None req-749671b8-f2d5-4bf2-817a-81eb95413c7f - - - - - -] Router caa953b8-69be-4c49-a0ad-99ce5bec164e is bound to host instance
2026-06-22 03:07:36.380 9 INFO neutron.db.ovn_revision_numbers_db [None req-c07984b5-b3c7-4fa1-988a-d91a014bef9e 995443913f674e018dccae376be97077 4bb17ac0aa45476aa87e5845b8a62079 - - - -] Successfully bumped revision number for resource c4c254c1-b1a8-417b-9488-a19fcc5c80d6 (type: router_ports) to 1
2026-06-22 03:07:36.425 10 INFO neutron.wsgi [None req-bf0c8017-6e6f-4917-b2d2-90805b8e896a 3e4535065eb84171a10ad5a9bff71492 06ee49971ae54edab8d8695581709c41 - - - -] 10.0.0.157 "DELETE /v2.0/ports/0b7d80a6-bded-4f0f-a710-395261cc5742 HTTP/1.1" status: 204 len: 168 time: 0.7602293
2026-06-22 03:07:36.449 10 INFO neutron.pecan_wsgi.hooks.translation [None req-e20e7968-a5ef-488c-940c-37d981ea0906 3e4535065eb84171a10ad5a9bff71492 06ee49971ae54edab8d8695581709c41 - - default default] GET failed (client error): The resource could not be found.
2026-06-22 03:07:36.450 10 INFO neutron.wsgi [None req-e20e7968-a5ef-488c-940c-37d981ea0906 3e4535065eb84171a10ad5a9bff71492 06ee49971ae54edab8d8695581709c41 - - default default] 10.0.0.157 "GET /v2.0/ports/0b7d80a6-bded-4f0f-a710-395261cc5742 HTTP/1.1" status: 404 len: 333 time: 0.0179183
2026-06-22 03:07:36.502 9 INFO neutron.wsgi [req-361bb6f5-3142-4e42-9da3-d7e9b8dd6d99 req-ccb46c8d-4b97-4599-a577-2afd886193df 2d638b332b1c444a82584323ecb62e98 c4f245357b9c452c928ce7cbf29b8c3f - - 8fa89142ed234466828e7144d55eecfd 8fa89142ed234466828e7144d55eecfd] 199.204.45.38 "GET /v2.0/networks?id=9bf7cdae-d6ec-427b-abaf-ff6e9f245561 HTTP/1.1" status: 200 len: 973 time: 0.1526821
2026-06-22 03:07:36.562 9 INFO neutron.db.ovn_revision_numbers_db [None req-c07984b5-b3c7-4fa1-988a-d91a014bef9e 995443913f674e018dccae376be97077 4bb17ac0aa45476aa87e5845b8a62079 - - - -] Successfully bumped revision number for resource caa953b8-69be-4c49-a0ad-99ce5bec164e (type: routers) to 3
2026-06-22 03:07:36.612 9 INFO neutron.wsgi [req-361bb6f5-3142-4e42-9da3-d7e9b8dd6d99 req-58eb37f8-7479-444e-bea6-fa6b286417cf 2d638b332b1c444a82584323ecb62e98 c4f245357b9c452c928ce7cbf29b8c3f - - 8fa89142ed234466828e7144d55eecfd 8fa89142ed234466828e7144d55eecfd] 199.204.45.38 "GET /v2.0/floatingips?fixed_ip_address=10.100.0.7&port_id=f9fb27d5-c2dd-4c48-b4f4-56f965fafb3c HTTP/1.1" status: 200 len: 1059 time: 0.0979342
2026-06-22 03:07:36.616 9 INFO neutron.wsgi [None req-c07984b5-b3c7-4fa1-988a-d91a014bef9e 995443913f674e018dccae376be97077 4bb17ac0aa45476aa87e5845b8a62079 - - - -] 10.0.0.157 "POST /v2.0/routers HTTP/1.1" status: 201 len: 874 time: 2.2557619
2026-06-22 03:07:36.669 9 INFO neutron.wsgi [req-361bb6f5-3142-4e42-9da3-d7e9b8dd6d99 req-85ce93ea-df91-4b33-9e10-cb6e3311d9ea 2d638b332b1c444a82584323ecb62e98 c4f245357b9c452c928ce7cbf29b8c3f - - 8fa89142ed234466828e7144d55eecfd 8fa89142ed234466828e7144d55eecfd] 199.204.45.38 "GET /v2.0/subnets?id=490b886e-f855-4610-9443-533f2c37441e HTTP/1.1" status: 200 len: 869 time: 0.0481701
2026-06-22 03:07:36.694 10 INFO neutron.wsgi [None req-78c02f5a-f4a1-46bb-94f2-926e2ea194da 3e4535065eb84171a10ad5a9bff71492 06ee49971ae54edab8d8695581709c41 - - - -] 10.0.0.157 "DELETE /v2.0/subnets/aea00645-0d61-45bd-ac36-7cc9ef8f0d69 HTTP/1.1" status: 204 len: 168 time: 0.2376015
2026-06-22 03:07:36.713 9 INFO neutron.wsgi [req-361bb6f5-3142-4e42-9da3-d7e9b8dd6d99 req-a452b2e3-4841-435c-9e3e-6e43f6636f33 2d638b332b1c444a82584323ecb62e98 c4f245357b9c452c928ce7cbf29b8c3f - - 8fa89142ed234466828e7144d55eecfd 8fa89142ed234466828e7144d55eecfd] 199.204.45.38 "GET /v2.0/ports?network_id=9bf7cdae-d6ec-427b-abaf-ff6e9f245561&device_owner=network%3Adhcp HTTP/1.1" status: 200 len: 210 time: 0.0345964
2026-06-22 03:07:36.787 9 INFO neutron.wsgi [req-361bb6f5-3142-4e42-9da3-d7e9b8dd6d99 req-53a87dc9-4ef8-43de-829b-7d5a7f348427 2d638b332b1c444a82584323ecb62e98 c4f245357b9c452c928ce7cbf29b8c3f - - 8fa89142ed234466828e7144d55eecfd 8fa89142ed234466828e7144d55eecfd] 199.204.45.38 "GET /v2.0/networks/9bf7cdae-d6ec-427b-abaf-ff6e9f245561?fields=segments HTTP/1.1" status: 200 len: 212 time: 0.0674751
2026-06-22 03:07:36.903 9 INFO neutron.wsgi [req-361bb6f5-3142-4e42-9da3-d7e9b8dd6d99 req-f687c88a-80d9-417c-a675-4c1772ce775c 2d638b332b1c444a82584323ecb62e98 c4f245357b9c452c928ce7cbf29b8c3f - - 8fa89142ed234466828e7144d55eecfd 8fa89142ed234466828e7144d55eecfd] 199.204.45.38 "GET /v2.0/networks/9bf7cdae-d6ec-427b-abaf-ff6e9f245561?fields=provider%3Aphysical_network&fields=provider%3Anetwork_type HTTP/1.1" status: 200 len: 277 time: 0.1096246
2026-06-22 03:07:37.190 9 INFO neutron.db.ovn_revision_numbers_db [None req-749671b8-f2d5-4bf2-817a-81eb95413c7f - - - - - -] Successfully bumped revision number for resource c4c254c1-b1a8-417b-9488-a19fcc5c80d6 (type: ports) to 1
2026-06-22 03:07:37.311 10 INFO neutron.services.segments.plugin [-] Segment a6e60ff5-9abe-4adf-9a52-579b517ad0ea resource provider aggregate not found
2026-06-22 03:07:37.318 10 INFO neutron.services.segments.plugin [-] Segment a6e60ff5-9abe-4adf-9a52-579b517ad0ea resource provider aggregate not found
2026-06-22 03:07:37.335 10 INFO neutron.services.segments.plugin [-] Segment a6e60ff5-9abe-4adf-9a52-579b517ad0ea resource provider not found; error: Placement Client Error (4xx): {"errors": [{"status": 404, "title": "Not Found", "detail": "The resource could not be found.\n\n No resource provider with uuid a6e60ff5-9abe-4adf-9a52-579b517ad0ea found for delete ", "request_id": "req-fef66b6d-ceee-4061-b838-a70cc1a28ade"}]}
2026-06-22 03:07:37.360 10 INFO neutron.services.segments.plugin [-] Segment a6e60ff5-9abe-4adf-9a52-579b517ad0ea resource provider not found; error: Placement Client Error (4xx): {"errors": [{"status": 404, "title": "Not Found", "detail": "The resource could not be found.\n\n No resource provider with uuid a6e60ff5-9abe-4adf-9a52-579b517ad0ea found for delete ", "request_id": "req-24afe442-6fc3-42b0-adfc-1330d1078523"}]}
2026-06-22 03:07:37.405 10 WARNING neutron.scheduler.dhcp_agent_scheduler [None req-c3c9cdfd-c71f-40f1-95a6-3340310a8f24 995443913f674e018dccae376be97077 4bb17ac0aa45476aa87e5845b8a62079 - - default default] No more DHCP agents
2026-06-22 03:07:37.416 10 INFO neutron.wsgi [None req-49304b31-46ad-4e10-b230-3c964bddb4fe 3e4535065eb84171a10ad5a9bff71492 06ee49971ae54edab8d8695581709c41 - - - -] 10.0.0.157 "DELETE /v2.0/networks/f62393ef-2b08-4c0c-9980-02730b46ab8d HTTP/1.1" status: 204 len: 168 time: 0.7130368
2026-06-22 03:07:37.419 10 WARNING neutron.api.rpc.agentnotifiers.dhcp_rpc_agent_api [None req-c3c9cdfd-c71f-40f1-95a6-3340310a8f24 995443913f674e018dccae376be97077 4bb17ac0aa45476aa87e5845b8a62079 - - default default] Unable to schedule network 3dcd9296-67c2-4cf1-a661-686ac495bc46: no agents available; will retry on subsequent port and subnet creation events.
2026-06-22 03:07:37.585 10 INFO neutron.db.ovn_revision_numbers_db [None req-c3c9cdfd-c71f-40f1-95a6-3340310a8f24 995443913f674e018dccae376be97077 4bb17ac0aa45476aa87e5845b8a62079 - - default default] Successfully bumped revision number for resource 1de3b4fa-5a53-43d8-b1e7-157c1f6602ab (type: ports) to 1
2026-06-22 03:07:37.840 9 INFO neutron.db.ovn_revision_numbers_db [None req-749671b8-f2d5-4bf2-817a-81eb95413c7f - - - - - -] Successfully bumped revision number for resource c4c254c1-b1a8-417b-9488-a19fcc5c80d6 (type: router_ports) to 3
2026-06-22 03:07:37.868 9 INFO neutron.db.ovn_revision_numbers_db [None req-5b0ea235-c98a-43de-a8b0-34fd2e990d78 995443913f674e018dccae376be97077 4bb17ac0aa45476aa87e5845b8a62079 - - default default] Successfully bumped revision number for resource ec3b95fd-e49f-4c8a-81ed-c6d57caaff54 (type: security_groups) to 1
2026-06-22 03:07:37.914 9 INFO neutron.wsgi [None req-5b0ea235-c98a-43de-a8b0-34fd2e990d78 995443913f674e018dccae376be97077 4bb17ac0aa45476aa87e5845b8a62079 - - default default] 10.0.0.157 "GET /v2.0/security-groups?tenant_id=1a390e6e7a3c4338b02f0c70af99035b&name=default HTTP/1.1" status: 200 len: 2996 time: 0.7548845
2026-06-22 03:07:38.133 10 INFO neutron.db.ovn_revision_numbers_db [None req-c3c9cdfd-c71f-40f1-95a6-3340310a8f24 995443913f674e018dccae376be97077 4bb17ac0aa45476aa87e5845b8a62079 - - default default] Successfully bumped revision number for resource 1de3b4fa-5a53-43d8-b1e7-157c1f6602ab (type: router_ports) to 2
2026-06-22 03:07:38.136 9 INFO neutron.db.ovn_revision_numbers_db [None req-749671b8-f2d5-4bf2-817a-81eb95413c7f - - - - - -] Successfully bumped revision number for resource c4c254c1-b1a8-417b-9488-a19fcc5c80d6 (type: ports) to 2
2026-06-22 03:07:38.194 9 WARNING neutron.scheduler.dhcp_agent_scheduler [None req-33c12b19-dc3b-4e98-8c34-0eb092069ed3 3e4535065eb84171a10ad5a9bff71492 06ee49971ae54edab8d8695581709c41 - - - -] No more DHCP agents
2026-06-22 03:07:38.201 9 WARNING neutron.api.rpc.agentnotifiers.dhcp_rpc_agent_api [None req-33c12b19-dc3b-4e98-8c34-0eb092069ed3 3e4535065eb84171a10ad5a9bff71492 06ee49971ae54edab8d8695581709c41 - - - -] Unable to schedule network a7d237c1-2898-4fe8-9f75-dec5cd1e91dd: no agents available; will retry on subsequent port and subnet creation events.
2026-06-22 03:07:38.221 10 INFO neutron.wsgi [None req-836b161d-c00d-4fed-8624-f6b93878bf9f 995443913f674e018dccae376be97077 4bb17ac0aa45476aa87e5845b8a62079 - - - -] 10.0.0.157 "DELETE /v2.0/security-groups/ec3b95fd-e49f-4c8a-81ed-c6d57caaff54 HTTP/1.1" status: 204 len: 168 time: 0.3007634
2026-06-22 03:07:38.303 9 INFO neutron.db.ovn_revision_numbers_db [None req-33c12b19-dc3b-4e98-8c34-0eb092069ed3 3e4535065eb84171a10ad5a9bff71492 06ee49971ae54edab8d8695581709c41 - - - -] Successfully bumped revision number for resource 6c9e3a96-ab09-4d9b-b138-33215b7ac9d6 (type: ports) to 1
2026-06-22 03:07:38.324 10 INFO neutron.db.ovn_revision_numbers_db [None req-c3c9cdfd-c71f-40f1-95a6-3340310a8f24 995443913f674e018dccae376be97077 4bb17ac0aa45476aa87e5845b8a62079 - - default default] Successfully bumped revision number for resource 1de3b4fa-5a53-43d8-b1e7-157c1f6602ab (type: ports) to 2
2026-06-22 03:07:38.340 9 INFO neutron.wsgi [None req-33c12b19-dc3b-4e98-8c34-0eb092069ed3 3e4535065eb84171a10ad5a9bff71492 06ee49971ae54edab8d8695581709c41 - - - -] 10.0.0.157 "POST /v2.0/ports HTTP/1.1" status: 201 len: 977 time: 0.9107893 /var/lib/openstack/lib/python3.10/site-packages/pycadf/identifier.py:71: UserWarning: Invalid uuid: neutron. To ensure interoperability, identifiers should be a valid uuid. warnings.warn(('Invalid uuid: %s. To ensure interoperability, '
2026-06-22 03:07:38.412 10 WARNING neutron.scheduler.dhcp_agent_scheduler [None req-c3c9cdfd-c71f-40f1-95a6-3340310a8f24 995443913f674e018dccae376be97077 4bb17ac0aa45476aa87e5845b8a62079 - - default default] No more DHCP agents
2026-06-22 03:07:38.415 10 WARNING neutron.api.rpc.agentnotifiers.dhcp_rpc_agent_api [None req-c3c9cdfd-c71f-40f1-95a6-3340310a8f24 995443913f674e018dccae376be97077 4bb17ac0aa45476aa87e5845b8a62079 - - default default] Unable to schedule network 3dcd9296-67c2-4cf1-a661-686ac495bc46: no agents available; will retry on subsequent port and subnet creation events.
2026-06-22 03:07:38.491 9 INFO neutron.db.ovn_revision_numbers_db [None req-749671b8-f2d5-4bf2-817a-81eb95413c7f - - - - - -] Successfully bumped revision number for resource c4c254c1-b1a8-417b-9488-a19fcc5c80d6 (type: ports) to 4
2026-06-22 03:07:38.522 10 INFO neutron.db.ovn_revision_numbers_db [None req-4b7a6520-793d-4e2a-97b5-8482ea023359 995443913f674e018dccae376be97077 4bb17ac0aa45476aa87e5845b8a62079 - - default default] Successfully bumped revision number for resource f162eeef-034e-4a74-9171-874792f1c69d (type: security_groups) to 1
2026-06-22 03:07:38.546 10 INFO neutron.wsgi [None req-4b7a6520-793d-4e2a-97b5-8482ea023359 995443913f674e018dccae376be97077 4bb17ac0aa45476aa87e5845b8a62079 - - default default] 10.0.0.157 "GET /v2.0/security-groups?tenant_id=0f546eb2c2844b60ab05bf706a8ab203&name=default HTTP/1.1" status: 200 len: 2996 time: 0.1903570
2026-06-22 03:07:38.663 9 INFO neutron.db.ovn_revision_numbers_db [None req-adf743ff-994e-473b-b28c-2e80a9d727f3 3e4535065eb84171a10ad5a9bff71492 06ee49971ae54edab8d8695581709c41 - - - -] Successfully bumped revision number for resource 6c9e3a96-ab09-4d9b-b138-33215b7ac9d6 (type: ports) to 2
2026-06-22 03:07:38.672 9 INFO neutron.wsgi [None req-adf743ff-994e-473b-b28c-2e80a9d727f3 3e4535065eb84171a10ad5a9bff71492 06ee49971ae54edab8d8695581709c41 - - - -] 10.0.0.157 "PUT /v2.0/ports/6c9e3a96-ab09-4d9b-b138-33215b7ac9d6 HTTP/1.1" status: 200 len: 946 time: 0.3251064
2026-06-22 03:07:38.818 9 INFO neutron.plugins.ml2.drivers.ovn.mech_driver.mech_driver [None req-3c1d1fd8-5c1a-4eb4-b6fb-6bbac59d8093 - - - - - -] OVN reports status up for port: 1de3b4fa-5a53-43d8-b1e7-157c1f6602ab
2026-06-22 03:07:38.833 9 INFO neutron.plugins.ml2.plugin [None req-3c1d1fd8-5c1a-4eb4-b6fb-6bbac59d8093 - - - - - -] Attempt 1 to provision port 1de3b4fa-5a53-43d8-b1e7-157c1f6602ab
2026-06-22 03:07:38.836 9 INFO neutron.db.ovn_revision_numbers_db [None req-749671b8-f2d5-4bf2-817a-81eb95413c7f - - - - - -] Successfully bumped revision number for resource c4c254c1-b1a8-417b-9488-a19fcc5c80d6 (type: router_ports) to 4
2026-06-22 03:07:39.004 10 INFO neutron.wsgi [None req-48d2c26e-0974-4a2d-9155-853930103c1e 995443913f674e018dccae376be97077 4bb17ac0aa45476aa87e5845b8a62079 - - - -] 10.0.0.157 "DELETE /v2.0/security-groups/f162eeef-034e-4a74-9171-874792f1c69d HTTP/1.1" status: 204 len: 168 time: 0.4474237
2026-06-22 03:07:39.161 9 INFO neutron.db.ovn_revision_numbers_db [None req-3c1d1fd8-5c1a-4eb4-b6fb-6bbac59d8093 - - - - - -] Successfully bumped revision number for resource 1de3b4fa-5a53-43d8-b1e7-157c1f6602ab (type: ports) to 3
2026-06-22 03:07:39.277 9 INFO neutron.db.ovn_revision_numbers_db [None req-3c1d1fd8-5c1a-4eb4-b6fb-6bbac59d8093 - - - - - -] Successfully bumped revision number for resource 1de3b4fa-5a53-43d8-b1e7-157c1f6602ab (type: router_ports) to 3
2026-06-22 03:07:39.493 10 INFO neutron.wsgi [None req-7aed5f1f-86d3-4a7a-8d36-a4c7aca64842 3e4535065eb84171a10ad5a9bff71492 06ee49971ae54edab8d8695581709c41 - - - -] 10.0.0.157 "DELETE /v2.0/ports/6c9e3a96-ab09-4d9b-b138-33215b7ac9d6 HTTP/1.1" status: 204 len: 168 time: 0.8114851 /var/lib/openstack/lib/python3.10/site-packages/pycadf/identifier.py:71: UserWarning: Invalid uuid: neutron. To ensure interoperability, identifiers should be a valid uuid. warnings.warn(('Invalid uuid: %s. To ensure interoperability, '
