2026-06-22 03:10:04.388 10 INFO neutron.wsgi [req-479fb7cc-ec30-4efa-b47a-8ff96efb7fb8 req-78bf99f1-c32a-4e96-8c5b-fdaa64c9be67 992e14b3b71f4fff891742747578a332 d7c9fe89c4b14183ba10d14c764d2ff1 - - default default] 10.0.0.168 "GET /v2.0/ports?device_id=4772da4a-7e85-4900-8dc9-ee850db0f216 HTTP/1.1" status: 200 len: 1208 time: 0.4594228
2026-06-22 03:10:04.443 10 INFO neutron.wsgi [None req-4105733b-04f6-49b7-b9d3-261a495a94cc 1932370c13944137a05e7c91bf9b4eed fa862122e61e4a3a9183db52b98cdc48 - - default default] 10.0.0.157 "GET /v2.0/qos/policies?not-tags=red%2Cblue HTTP/1.1" status: 200 len: 1268 time: 0.6315420
2026-06-22 03:10:04.499 10 INFO neutron.wsgi [req-479fb7cc-ec30-4efa-b47a-8ff96efb7fb8 req-1506c48b-1e99-4184-a0e1-29fb779b8393 992e14b3b71f4fff891742747578a332 d7c9fe89c4b14183ba10d14c764d2ff1 - - default default] 10.0.0.168 "GET /v2.0/security-groups?id=2b178292-729d-4d03-930b-5ecbc7162ec0&id=81383f76-a81a-49b1-afd1-c1ceb5ae82b4&fields=id&fields=name HTTP/1.1" status: 200 len: 405 time: 0.0946214
2026-06-22 03:10:04.549 9 INFO neutron.wsgi [None req-a6e47cf9-1c2c-41b0-bb9a-1faa0c793d17 1932370c13944137a05e7c91bf9b4eed fa862122e61e4a3a9183db52b98cdc48 - - default default] 10.0.0.157 "GET /v2.0/qos/policies?not-tags-any=blue HTTP/1.1" status: 200 len: 1268 time: 0.0994828
2026-06-22 03:10:04.602 10 INFO neutron.db.ovn_revision_numbers_db [None req-e076f914-9f6d-4367-9385-e1e3bafb5fc7 - - - - - -] Successfully bumped revision number for resource 04bff920-fa2b-4551-8718-95dffd9909fc (type: ports) to 4
2026-06-22 03:10:04.638 9 INFO neutron.wsgi [None req-6f4e62fb-1d74-40fe-9999-e0137fc7f261 1932370c13944137a05e7c91bf9b4eed fa862122e61e4a3a9183db52b98cdc48 - - default default] 10.0.0.157 "GET /v2.0/qos/policies?not-tags-any=red%2Cblue HTTP/1.1" status: 200 len: 913 time: 0.0796876
2026-06-22 03:10:04.729 9 INFO neutron.wsgi [None req-da716ab0-9edc-4059-9d1e-3fda3e6086c2 418924fb5116460792d4cef27bfa62a3 4029c99021d64b2ea025d753285d5543 - - - -] 10.0.0.157 "DELETE /v2.0/qos/policies/83a63454-bbf2-48b7-99ac-1fae256082dc HTTP/1.1" status: 204 len: 168 time: 0.0803359 /var/lib/openstack/lib/python3.10/site-packages/pycadf/identifier.py:71: UserWarning: Invalid uuid: neutron. To ensure interoperability, identifiers should be a valid uuid. warnings.warn(('Invalid uuid: %s. To ensure interoperability, '
2026-06-22 03:10:04.816 10 INFO neutron.wsgi [None req-25e969e2-bc1a-4706-b77f-2a0922525120 418924fb5116460792d4cef27bfa62a3 4029c99021d64b2ea025d753285d5543 - - - -] 10.0.0.157 "DELETE /v2.0/qos/policies/d8720ebd-558f-4a4e-8020-d5bbcc497361 HTTP/1.1" status: 204 len: 168 time: 0.0809693
2026-06-22 03:10:04.940 10 INFO neutron.wsgi [None req-9e6c81a8-9f5e-4058-9bae-321f676de3f7 418924fb5116460792d4cef27bfa62a3 4029c99021d64b2ea025d753285d5543 - - - -] 10.0.0.157 "DELETE /v2.0/qos/policies/2747f014-10f8-4c5c-995d-f48f393b0400 HTTP/1.1" status: 204 len: 168 time: 0.1140966
2026-06-22 03:10:05.030 9 INFO neutron.wsgi [None req-ab4a0b11-9698-4321-a689-9c3a825dcaa9 418924fb5116460792d4cef27bfa62a3 4029c99021d64b2ea025d753285d5543 - - - -] 10.0.0.157 "DELETE /v2.0/qos/policies/7fc42ad5-a918-43ed-a01d-3e6bd4756fee HTTP/1.1" status: 204 len: 168 time: 0.0843325
2026-06-22 03:10:05.110 9 INFO neutron.wsgi [None req-1e67167d-0dbc-4e5f-bc0a-658bf6cb3d5c 418924fb5116460792d4cef27bfa62a3 4029c99021d64b2ea025d753285d5543 - - - -] 10.0.0.157 "DELETE /v2.0/qos/policies/678a5893-416d-4713-8c72-f7ad16ba2a49 HTTP/1.1" status: 204 len: 168 time: 0.0710313
2026-06-22 03:10:05.715 10 INFO neutron.wsgi [req-bf0915d8-05ef-4638-9eb7-64e2f51e7d3e req-5abe5236-6f20-4eb2-b1bd-e1a6791ae4eb 992e14b3b71f4fff891742747578a332 d7c9fe89c4b14183ba10d14c764d2ff1 - - default default] 10.0.0.168 "GET /v2.0/ports?device_id=4772da4a-7e85-4900-8dc9-ee850db0f216 HTTP/1.1" status: 200 len: 1210 time: 0.1165438
2026-06-22 03:10:05.767 10 INFO neutron.wsgi [req-bf0915d8-05ef-4638-9eb7-64e2f51e7d3e req-08c44de7-e743-46f2-96ab-d5fb0b5a303b 992e14b3b71f4fff891742747578a332 d7c9fe89c4b14183ba10d14c764d2ff1 - - default default] 10.0.0.168 "GET /v2.0/security-groups?id=2b178292-729d-4d03-930b-5ecbc7162ec0&id=81383f76-a81a-49b1-afd1-c1ceb5ae82b4&fields=id&fields=name HTTP/1.1" status: 200 len: 405 time: 0.0467515
2026-06-22 03:10:05.893 10 INFO neutron.wsgi [req-e300c653-9317-4db2-9d20-4edea4f08a83 req-9fb0e46c-8c04-4f99-b322-c4ce0d6833c5 992e14b3b71f4fff891742747578a332 d7c9fe89c4b14183ba10d14c764d2ff1 - - default default] 10.0.0.168 "GET /v2.0/ports?device_id=4772da4a-7e85-4900-8dc9-ee850db0f216 HTTP/1.1" status: 200 len: 1210 time: 0.0541103
2026-06-22 03:10:06.234 10 INFO neutron.db.l3_db [None req-49ffac0a-263d-4733-a969-92665896aa42 992e14b3b71f4fff891742747578a332 d7c9fe89c4b14183ba10d14c764d2ff1 - - - -] Floating IP 16755bee-706f-43cc-800a-50363af2908c associated. External IP: 10.96.250.213, port: 04bff920-fa2b-4551-8718-95dffd9909fc.
2026-06-22 03:10:06.430 10 INFO neutron.notifiers.nova [-] Nova event matching ['req-967060c4-10da-4771-a21c-aa6684ca32be'] response: {'server_uuid': '4772da4a-7e85-4900-8dc9-ee850db0f216', 'name': 'network-vif-plugged', 'status': 'completed', 'tag': '04bff920-fa2b-4551-8718-95dffd9909fc', 'code': 200}
2026-06-22 03:10:06.450 10 INFO neutron.db.ovn_revision_numbers_db [None req-49ffac0a-263d-4733-a969-92665896aa42 992e14b3b71f4fff891742747578a332 d7c9fe89c4b14183ba10d14c764d2ff1 - - - -] Successfully bumped revision number for resource 16755bee-706f-43cc-800a-50363af2908c (type: floatingips) to 1
2026-06-22 03:10:06.478 9 INFO neutron.db.ovn_revision_numbers_db [None req-6700a053-5e4e-4af9-8417-9aeadc513df6 995443913f674e018dccae376be97077 4bb17ac0aa45476aa87e5845b8a62079 - - default default] Successfully bumped revision number for resource 3cb49796-2c48-4088-9fc4-12d0992153ef (type: security_groups) to 1
2026-06-22 03:10:06.519 9 INFO neutron.wsgi [None req-6700a053-5e4e-4af9-8417-9aeadc513df6 995443913f674e018dccae376be97077 4bb17ac0aa45476aa87e5845b8a62079 - - default default] 10.0.0.157 "GET /v2.0/security-groups?tenant_id=325c1ff79ac34959bd69c13c154539d0&name=default HTTP/1.1" status: 200 len: 2996 time: 0.3960376
2026-06-22 03:10:06.561 10 INFO neutron.db.ovn_revision_numbers_db [None req-49ffac0a-263d-4733-a969-92665896aa42 992e14b3b71f4fff891742747578a332 d7c9fe89c4b14183ba10d14c764d2ff1 - - - -] Successfully bumped revision number for resource 16755bee-706f-43cc-800a-50363af2908c (type: floatingips) to 2
2026-06-22 03:10:06.589 10 INFO neutron.wsgi [None req-49ffac0a-263d-4733-a969-92665896aa42 992e14b3b71f4fff891742747578a332 d7c9fe89c4b14183ba10d14c764d2ff1 - - - -] 10.0.0.157 "PUT /v2.0/floatingips/16755bee-706f-43cc-800a-50363af2908c HTTP/1.1" status: 200 len: 1049 time: 0.6805630
2026-06-22 03:10:06.751 9 INFO neutron.wsgi [None req-b3599c21-19f3-46f3-965b-7e075efac0b7 995443913f674e018dccae376be97077 4bb17ac0aa45476aa87e5845b8a62079 - - - -] 10.0.0.157 "DELETE /v2.0/security-groups/3cb49796-2c48-4088-9fc4-12d0992153ef HTTP/1.1" status: 204 len: 168 time: 0.2250667
2026-06-22 03:10:07.009 9 INFO neutron.db.ovn_revision_numbers_db [None req-c68e8e2b-bd9b-4256-990f-ecfcf7a09321 995443913f674e018dccae376be97077 4bb17ac0aa45476aa87e5845b8a62079 - - default default] Successfully bumped revision number for resource 448895aa-96a8-4fac-ae2c-fca0f9702143 (type: security_groups) to 1
2026-06-22 03:10:07.039 9 INFO neutron.wsgi [None req-c68e8e2b-bd9b-4256-990f-ecfcf7a09321 995443913f674e018dccae376be97077 4bb17ac0aa45476aa87e5845b8a62079 - - default default] 10.0.0.157 "GET /v2.0/security-groups?tenant_id=4029c99021d64b2ea025d753285d5543&name=default HTTP/1.1" status: 200 len: 2996 time: 0.1594162
2026-06-22 03:10:07.283 9 INFO neutron.wsgi [None req-4d1dfd60-ee7f-4b62-934e-617c4c01156d 995443913f674e018dccae376be97077 4bb17ac0aa45476aa87e5845b8a62079 - - - -] 10.0.0.157 "DELETE /v2.0/security-groups/448895aa-96a8-4fac-ae2c-fca0f9702143 HTTP/1.1" status: 204 len: 168 time: 0.2392926 /var/lib/openstack/lib/python3.10/site-packages/pycadf/identifier.py:71: UserWarning: Invalid uuid: neutron. To ensure interoperability, identifiers should be a valid uuid. warnings.warn(('Invalid uuid: %s. To ensure interoperability, '
2026-06-22 03:10:07.620 10 INFO neutron.db.ovn_revision_numbers_db [None req-cbcfd01a-848a-4132-a8a3-59db0e1ba8cc 995443913f674e018dccae376be97077 4bb17ac0aa45476aa87e5845b8a62079 - - default default] Successfully bumped revision number for resource 1e55f02d-3efe-4db6-8428-71323357137c (type: security_groups) to 1
2026-06-22 03:10:07.654 10 INFO neutron.wsgi [None req-cbcfd01a-848a-4132-a8a3-59db0e1ba8cc 995443913f674e018dccae376be97077 4bb17ac0aa45476aa87e5845b8a62079 - - default default] 10.0.0.157 "GET /v2.0/security-groups?tenant_id=fa862122e61e4a3a9183db52b98cdc48&name=default HTTP/1.1" status: 200 len: 2996 time: 0.1576762
2026-06-22 03:10:07.876 10 INFO neutron.wsgi [None req-cb176c99-d140-4349-9af0-ef760a3494a1 995443913f674e018dccae376be97077 4bb17ac0aa45476aa87e5845b8a62079 - - - -] 10.0.0.157 "DELETE /v2.0/security-groups/1e55f02d-3efe-4db6-8428-71323357137c HTTP/1.1" status: 204 len: 168 time: 0.2142694
2026-06-22 03:10:08.474 10 INFO neutron.notifiers.nova [-] Nova event matching ['req-8cf8e9d2-64ca-4c3c-8c32-6be7ebe4d32b'] response: {'name': 'network-changed', 'server_uuid': '4772da4a-7e85-4900-8dc9-ee850db0f216', 'tag': '04bff920-fa2b-4551-8718-95dffd9909fc', 'status': 'completed', 'code': 200}
2026-06-22 03:10:08.540 9 INFO neutron.wsgi [req-bfb346ea-7d86-41e6-be1c-25cd826d9a52 req-969785d6-c570-4254-90f5-ed278c57dd78 2d638b332b1c444a82584323ecb62e98 c4f245357b9c452c928ce7cbf29b8c3f - - 8fa89142ed234466828e7144d55eecfd 8fa89142ed234466828e7144d55eecfd] 199.204.45.38 "GET /v2.0/ports?tenant_id=d7c9fe89c4b14183ba10d14c764d2ff1&device_id=4772da4a-7e85-4900-8dc9-ee850db0f216 HTTP/1.1" status: 200 len: 1400 time: 0.0438972
2026-06-22 03:10:08.628 9 INFO neutron.wsgi [req-bfb346ea-7d86-41e6-be1c-25cd826d9a52 req-00754e92-9771-427a-8e25-6f0ffbf84e4e 2d638b332b1c444a82584323ecb62e98 c4f245357b9c452c928ce7cbf29b8c3f - - 8fa89142ed234466828e7144d55eecfd 8fa89142ed234466828e7144d55eecfd] 199.204.45.38 "GET /v2.0/networks?id=63c5923c-6652-436f-9629-f1019f674492 HTTP/1.1" status: 200 len: 969 time: 0.0778680
2026-06-22 03:10:08.683 9 INFO neutron.wsgi [req-bfb346ea-7d86-41e6-be1c-25cd826d9a52 req-04807704-f312-466d-bf4f-4f341aa1ab0d 2d638b332b1c444a82584323ecb62e98 c4f245357b9c452c928ce7cbf29b8c3f - - 8fa89142ed234466828e7144d55eecfd 8fa89142ed234466828e7144d55eecfd] 199.204.45.38 "GET /v2.0/floatingips?fixed_ip_address=10.100.0.9&port_id=04bff920-fa2b-4551-8718-95dffd9909fc HTTP/1.1" status: 200 len: 1059 time: 0.0482149
2026-06-22 03:10:08.726 9 INFO neutron.wsgi [req-bfb346ea-7d86-41e6-be1c-25cd826d9a52 req-3622d234-7318-4f34-b4ef-bc94f0ea158a 2d638b332b1c444a82584323ecb62e98 c4f245357b9c452c928ce7cbf29b8c3f - - 8fa89142ed234466828e7144d55eecfd 8fa89142ed234466828e7144d55eecfd] 199.204.45.38 "GET /v2.0/subnets?id=26e09b2d-3bf8-40a3-880d-ec26e388025b HTTP/1.1" status: 200 len: 865 time: 0.0350368
2026-06-22 03:10:08.757 9 INFO neutron.wsgi [req-bfb346ea-7d86-41e6-be1c-25cd826d9a52 req-37acfc98-1b26-44cb-a0ab-ccc301f01ffd 2d638b332b1c444a82584323ecb62e98 c4f245357b9c452c928ce7cbf29b8c3f - - 8fa89142ed234466828e7144d55eecfd 8fa89142ed234466828e7144d55eecfd] 199.204.45.38 "GET /v2.0/ports?network_id=63c5923c-6652-436f-9629-f1019f674492&device_owner=network%3Adhcp HTTP/1.1" status: 200 len: 210 time: 0.0226274
2026-06-22 03:10:08.842 9 INFO neutron.wsgi [req-bfb346ea-7d86-41e6-be1c-25cd826d9a52 req-eb8aeb46-e89d-47fe-8202-b9d2f433bbc4 2d638b332b1c444a82584323ecb62e98 c4f245357b9c452c928ce7cbf29b8c3f - - 8fa89142ed234466828e7144d55eecfd 8fa89142ed234466828e7144d55eecfd] 199.204.45.38 "GET /v2.0/networks/63c5923c-6652-436f-9629-f1019f674492?fields=segments HTTP/1.1" status: 200 len: 212 time: 0.0760033
2026-06-22 03:10:08.904 9 INFO neutron.wsgi [req-bfb346ea-7d86-41e6-be1c-25cd826d9a52 req-75408953-2661-4744-96ae-54726e2d7607 2d638b332b1c444a82584323ecb62e98 c4f245357b9c452c928ce7cbf29b8c3f - - 8fa89142ed234466828e7144d55eecfd 8fa89142ed234466828e7144d55eecfd] 199.204.45.38 "GET /v2.0/networks/63c5923c-6652-436f-9629-f1019f674492?fields=provider%3Aphysical_network&fields=provider%3Anetwork_type HTTP/1.1" status: 200 len: 277 time: 0.0562706
2026-06-22 03:10:10.820 9 INFO neutron.wsgi [-] 10.0.0.99 "GET / HTTP/1.1" status: 200 len: 247 time: 0.0026031
2026-06-22 03:10:10.821 10 INFO neutron.wsgi [-] 10.0.0.99 "GET / HTTP/1.1" status: 200 len: 247 time: 0.0029237
2026-06-22 03:10:12.559 9 INFO neutron.wsgi [None req-68bf6618-ae7d-4e23-9584-a1b136909824 995443913f674e018dccae376be97077 4bb17ac0aa45476aa87e5845b8a62079 - - default default] 10.0.0.102 "GET /v2.0/networks HTTP/1.1" status: 200 len: 3864 time: 0.2947819
2026-06-22 03:10:12.613 9 INFO neutron.wsgi [None req-ebd381e1-930d-4d58-9d4e-4f0cf1048c95 995443913f674e018dccae376be97077 4bb17ac0aa45476aa87e5845b8a62079 - - default default] 10.0.0.102 "GET /v2.0/ports HTTP/1.1" status: 200 len: 13789 time: 0.0489390
2026-06-22 03:10:12.681 9 INFO neutron.wsgi [None req-f8f0a7d7-37ef-4ddc-a369-cc4c238a588e 995443913f674e018dccae376be97077 4bb17ac0aa45476aa87e5845b8a62079 - - default default] 10.0.0.102 "GET /v2.0/subnets HTTP/1.1" status: 200 len: 2744 time: 0.0618899
2026-06-22 03:10:12.715 9 INFO neutron.wsgi [None req-21ba2e4b-0af7-4ceb-a783-90fe7d900f9a 995443913f674e018dccae376be97077 4bb17ac0aa45476aa87e5845b8a62079 - - default default] 10.0.0.102 "GET /v2.0/subnetpools HTTP/1.1" status: 200 len: 193 time: 0.0166199
2026-06-22 03:10:12.788 9 INFO neutron.wsgi [None req-d764f887-59e8-4ffe-8c4e-1f41f5051ff0 995443913f674e018dccae376be97077 4bb17ac0aa45476aa87e5845b8a62079 - - default default] 10.0.0.102 "GET /v2.0/floatingips HTTP/1.1" status: 200 len: 1035 time: 0.0715706
2026-06-22 03:10:12.952 9 INFO neutron.wsgi [None req-0424ed5c-fcac-4cd9-9948-c75425dfb628 995443913f674e018dccae376be97077 4bb17ac0aa45476aa87e5845b8a62079 - - default default] 10.0.0.102 "GET /v2.0/security-groups HTTP/1.1" status: 200 len: 30193 time: 0.1614482
2026-06-22 03:10:12.995 9 INFO neutron.wsgi [None req-0250395b-db9d-4e39-b860-d489eaee2f66 995443913f674e018dccae376be97077 4bb17ac0aa45476aa87e5845b8a62079 - - default default] 10.0.0.102 "GET /v2.0/agents HTTP/1.1" status: 200 len: 997 time: 0.0301049
2026-06-22 03:10:13.027 9 INFO neutron.wsgi [None req-4543e7ae-8609-4aa5-8f5f-e7bedbbb4763 995443913f674e018dccae376be97077 4bb17ac0aa45476aa87e5845b8a62079 - - default default] 10.0.0.102 "GET /v2.0/network-ip-availabilities HTTP/1.1" status: 200 len: 2222 time: 0.0283010
2026-06-22 03:10:13.066 9 INFO neutron.wsgi [None req-be942d09-0d13-44b4-b0d1-a377e2711afe 995443913f674e018dccae376be97077 4bb17ac0aa45476aa87e5845b8a62079 - - default default] 10.0.0.102 "GET /v2.0/subnets HTTP/1.1" status: 200 len: 2744 time: 0.0377026
2026-06-22 03:10:13.090 10 INFO neutron.db.ovn_revision_numbers_db [None req-e392fe00-a5fd-45c1-aea1-272c10296683 6ef50b7ae0c844fb8b18f012f4ca2d66 d46ba54177f349ccbb27870c5c3f0175 - - - -] Successfully bumped revision number for resource 7ca89bae-73a4-4c26-b1bf-d6c7aee2f8a4 (type: routers) to 1
2026-06-22 03:10:13.114 10 INFO neutron.wsgi [None req-e392fe00-a5fd-45c1-aea1-272c10296683 6ef50b7ae0c844fb8b18f012f4ca2d66 d46ba54177f349ccbb27870c5c3f0175 - - - -] 10.0.0.157 "POST /v2.0/routers HTTP/1.1" status: 201 len: 654 time: 0.3942511
2026-06-22 03:10:13.158 9 INFO neutron.wsgi [None req-fe961a48-7304-4a62-b6ad-9476aa1a3859 995443913f674e018dccae376be97077 4bb17ac0aa45476aa87e5845b8a62079 - - default default] 10.0.0.102 "GET /v2.0/routers HTTP/1.1" status: 200 len: 1981 time: 0.0895367
2026-06-22 03:10:13.183 9 INFO neutron.wsgi [None req-73f6522a-d78a-4365-97e7-bf4746317255 995443913f674e018dccae376be97077 4bb17ac0aa45476aa87e5845b8a62079 - - default default] 10.0.0.102 "GET /v2.0/agents?binary=ovn-controller HTTP/1.1" status: 200 len: 591 time: 0.0232329
2026-06-22 03:10:13.334 10 INFO neutron.db.ovn_revision_numbers_db [None req-7cc5b1f1-5ff6-4554-9ec7-a893070fa9bd 6ef50b7ae0c844fb8b18f012f4ca2d66 d46ba54177f349ccbb27870c5c3f0175 - - - -] Successfully bumped revision number for resource a1bcd277-a655-4b30-85f5-f4c426e042c6 (type: routers) to 1
2026-06-22 03:10:13.352 10 INFO neutron.wsgi [None req-7cc5b1f1-5ff6-4554-9ec7-a893070fa9bd 6ef50b7ae0c844fb8b18f012f4ca2d66 d46ba54177f349ccbb27870c5c3f0175 - - - -] 10.0.0.157 "POST /v2.0/routers HTTP/1.1" status: 201 len: 654 time: 0.2324162
2026-06-22 03:10:13.601 10 INFO neutron.db.ovn_revision_numbers_db [None req-239c074f-6173-4e1a-8398-0382523bf43e 6ef50b7ae0c844fb8b18f012f4ca2d66 d46ba54177f349ccbb27870c5c3f0175 - - - -] Successfully bumped revision number for resource f16588bd-80e4-43df-871c-c39db44d2384 (type: routers) to 1
2026-06-22 03:10:13.620 10 INFO neutron.wsgi [None req-239c074f-6173-4e1a-8398-0382523bf43e 6ef50b7ae0c844fb8b18f012f4ca2d66 d46ba54177f349ccbb27870c5c3f0175 - - - -] 10.0.0.157 "POST /v2.0/routers HTTP/1.1" status: 201 len: 654 time: 0.2596176
2026-06-22 03:10:13.823 10 INFO neutron.db.ovn_revision_numbers_db [None req-ccbf012f-c8d7-43bc-ab6c-041a840871f6 6ef50b7ae0c844fb8b18f012f4ca2d66 d46ba54177f349ccbb27870c5c3f0175 - - - -] Successfully bumped revision number for resource 9969fa51-47b0-4a9d-a31e-18274a90df68 (type: routers) to 1
2026-06-22 03:10:13.838 10 INFO neutron.wsgi [None req-ccbf012f-c8d7-43bc-ab6c-041a840871f6 6ef50b7ae0c844fb8b18f012f4ca2d66 d46ba54177f349ccbb27870c5c3f0175 - - - -] 10.0.0.157 "POST /v2.0/routers HTTP/1.1" status: 201 len: 654 time: 0.2124581
2026-06-22 03:10:14.072 10 INFO neutron.db.ovn_revision_numbers_db [None req-87e0251c-c19c-4081-a904-ef79bf0e5413 6ef50b7ae0c844fb8b18f012f4ca2d66 d46ba54177f349ccbb27870c5c3f0175 - - - -] Successfully bumped revision number for resource 9bd9d773-3265-4d5c-bda1-1184157307a1 (type: routers) to 1
2026-06-22 03:10:14.095 10 INFO neutron.wsgi [None req-87e0251c-c19c-4081-a904-ef79bf0e5413 6ef50b7ae0c844fb8b18f012f4ca2d66 d46ba54177f349ccbb27870c5c3f0175 - - - -] 10.0.0.157 "POST /v2.0/routers HTTP/1.1" status: 201 len: 654 time: 0.2507777
2026-06-22 03:10:14.178 10 INFO neutron.wsgi [None req-f1ec6644-afa7-4001-b64b-62d58959c6ec 6ef50b7ae0c844fb8b18f012f4ca2d66 d46ba54177f349ccbb27870c5c3f0175 - - - -] 10.0.0.157 "PUT /v2.0/routers/7ca89bae-73a4-4c26-b1bf-d6c7aee2f8a4/tags HTTP/1.1" status: 200 len: 210 time: 0.0723045
2026-06-22 03:10:14.252 10 INFO neutron.wsgi [None req-fbaae6a4-274f-47a2-a402-5ce24642af64 6ef50b7ae0c844fb8b18f012f4ca2d66 d46ba54177f349ccbb27870c5c3f0175 - - - -] 10.0.0.157 "PUT /v2.0/routers/a1bcd277-a655-4b30-85f5-f4c426e042c6/tags HTTP/1.1" status: 200 len: 218 time: 0.0670216
2026-06-22 03:10:14.679 10 INFO neutron.wsgi [None req-de8db5d7-3cff-44da-877e-f74497f669b3 6ef50b7ae0c844fb8b18f012f4ca2d66 d46ba54177f349ccbb27870c5c3f0175 - - - -] 10.0.0.157 "PUT /v2.0/routers/f16588bd-80e4-43df-871c-c39db44d2384/tags HTTP/1.1" status: 200 len: 227 time: 0.4205241
2026-06-22 03:10:15.257 9 INFO neutron.wsgi [None req-7e80be0b-6688-4c72-85fa-b2e9ce2c1363 6ef50b7ae0c844fb8b18f012f4ca2d66 d46ba54177f349ccbb27870c5c3f0175 - - - -] 10.0.0.157 "PUT /v2.0/routers/9969fa51-47b0-4a9d-a31e-18274a90df68/tags HTTP/1.1" status: 200 len: 212 time: 0.5702319
2026-06-22 03:10:15.360 9 INFO neutron.wsgi [None req-0fda9127-e7d6-4600-a612-e8f7c7fdb101 6ef50b7ae0c844fb8b18f012f4ca2d66 d46ba54177f349ccbb27870c5c3f0175 - - default default] 10.0.0.157 "GET /v2.0/routers?tags=red HTTP/1.1" status: 200 len: 1601 time: 0.0957384
2026-06-22 03:10:15.469 10 INFO neutron.wsgi [None req-2ac4ec71-c4da-48ac-b234-e697f25331e8 6ef50b7ae0c844fb8b18f012f4ca2d66 d46ba54177f349ccbb27870c5c3f0175 - - default default] 10.0.0.157 "GET /v2.0/routers?tags=red%2Cblue HTTP/1.1" status: 200 len: 1144 time: 0.1020720
2026-06-22 03:10:15.594 9 INFO neutron.wsgi [None req-c46e75ee-cdd5-46c1-9aca-c5008524ece7 6ef50b7ae0c844fb8b18f012f4ca2d66 d46ba54177f349ccbb27870c5c3f0175 - - default default] 10.0.0.157 "GET /v2.0/routers?tags-any=blue HTTP/1.1" status: 200 len: 1144 time: 0.1184263
2026-06-22 03:10:15.658 9 INFO neutron.wsgi [None req-54d5a853-3a52-4a87-a7ad-64e4a981c38f 6ef50b7ae0c844fb8b18f012f4ca2d66 d46ba54177f349ccbb27870c5c3f0175 - - default default] 10.0.0.157 "GET /v2.0/routers?tags-any=red%2Cblue HTTP/1.1" status: 200 len: 1601 time: 0.0594330
2026-06-22 03:10:15.754 9 INFO neutron.wsgi [None req-73d09fa5-4443-4a0a-bca7-536747c20252 6ef50b7ae0c844fb8b18f012f4ca2d66 d46ba54177f349ccbb27870c5c3f0175 - - default default] 10.0.0.157 "GET /v2.0/routers?not-tags=red HTTP/1.1" status: 200 len: 1116 time: 0.0891206
2026-06-22 03:10:15.859 9 INFO neutron.wsgi [None req-6bd46db2-7bbf-4601-9a84-e79783ebaf24 6ef50b7ae0c844fb8b18f012f4ca2d66 d46ba54177f349ccbb27870c5c3f0175 - - default default] 10.0.0.157 "GET /v2.0/routers?not-tags=red%2Cblue HTTP/1.1" status: 200 len: 1573 time: 0.0981872
2026-06-22 03:10:15.968 9 INFO neutron.wsgi [None req-47221ee4-a0f7-4e52-b1ce-35c8e0b89e6f 6ef50b7ae0c844fb8b18f012f4ca2d66 d46ba54177f349ccbb27870c5c3f0175 - - default default] 10.0.0.157 "GET /v2.0/routers?not-tags-any=blue HTTP/1.1" status: 200 len: 1573 time: 0.1011157
2026-06-22 03:10:16.054 9 INFO neutron.wsgi [None req-f8d373a9-cfff-4213-9703-9e788cab96d6 6ef50b7ae0c844fb8b18f012f4ca2d66 d46ba54177f349ccbb27870c5c3f0175 - - default default] 10.0.0.157 "GET /v2.0/routers?not-tags-any=red%2Cblue HTTP/1.1" status: 200 len: 1116 time: 0.0783281
2026-06-22 03:10:16.154 9 INFO neutron.wsgi [None req-71efa072-e347-4ef3-98d6-0a27639f1b16 6ef50b7ae0c844fb8b18f012f4ca2d66 d46ba54177f349ccbb27870c5c3f0175 - - default default] 10.0.0.157 "GET /v2.0/routers/7ca89bae-73a4-4c26-b1bf-d6c7aee2f8a4 HTTP/1.1" status: 200 len: 660 time: 0.0930841
2026-06-22 03:10:16.709 9 INFO neutron.db.ovn_revision_numbers_db [None req-055c2395-0dbd-464d-8647-363fb233869e 6ef50b7ae0c844fb8b18f012f4ca2d66 d46ba54177f349ccbb27870c5c3f0175 - - - -] Successfully bumped revision number for resource 7ca89bae-73a4-4c26-b1bf-d6c7aee2f8a4 (type: routers) to 4
2026-06-22 03:10:16.712 9 INFO neutron.wsgi [None req-055c2395-0dbd-464d-8647-363fb233869e 6ef50b7ae0c844fb8b18f012f4ca2d66 d46ba54177f349ccbb27870c5c3f0175 - - - -] 10.0.0.157 "PUT /v2.0/routers/7ca89bae-73a4-4c26-b1bf-d6c7aee2f8a4 HTTP/1.1" status: 200 len: 660 time: 0.5526359
2026-06-22 03:10:16.746 9 INFO neutron.wsgi [None req-fc5c368d-ffe4-4321-8304-ee4655ac03c5 6ef50b7ae0c844fb8b18f012f4ca2d66 d46ba54177f349ccbb27870c5c3f0175 - - default default] 10.0.0.157 "GET /v2.0/ports?device_id=7ca89bae-73a4-4c26-b1bf-d6c7aee2f8a4 HTTP/1.1" status: 200 len: 205 time: 0.0282245
2026-06-22 03:10:17.527 9 INFO neutron.wsgi [None req-72598e40-5865-4ce8-8630-664648d25a40 6ef50b7ae0c844fb8b18f012f4ca2d66 d46ba54177f349ccbb27870c5c3f0175 - - - -] 10.0.0.157 "DELETE /v2.0/routers/7ca89bae-73a4-4c26-b1bf-d6c7aee2f8a4 HTTP/1.1" status: 204 len: 168 time: 0.7745650
2026-06-22 03:10:17.583 9 INFO neutron.wsgi [None req-4ee51615-0357-4123-8a15-1edd07654feb 6ef50b7ae0c844fb8b18f012f4ca2d66 d46ba54177f349ccbb27870c5c3f0175 - - default default] 10.0.0.157 "GET /v2.0/routers/a1bcd277-a655-4b30-85f5-f4c426e042c6 HTTP/1.1" status: 200 len: 668 time: 0.0501828
2026-06-22 03:10:18.116 9 INFO neutron.db.ovn_revision_numbers_db [None req-eb4a5609-8d9e-4014-a445-7b30c51cece6 6ef50b7ae0c844fb8b18f012f4ca2d66 d46ba54177f349ccbb27870c5c3f0175 - - - -] Successfully bumped revision number for resource a1bcd277-a655-4b30-85f5-f4c426e042c6 (type: routers) to 4
2026-06-22 03:10:18.119 9 INFO neutron.wsgi [None req-eb4a5609-8d9e-4014-a445-7b30c51cece6 6ef50b7ae0c844fb8b18f012f4ca2d66 d46ba54177f349ccbb27870c5c3f0175 - - - -] 10.0.0.157 "PUT /v2.0/routers/a1bcd277-a655-4b30-85f5-f4c426e042c6 HTTP/1.1" status: 200 len: 668 time: 0.5286095
2026-06-22 03:10:18.161 9 INFO neutron.wsgi [None req-c31d85c1-033b-4ac9-86cd-4643cd3e47aa 6ef50b7ae0c844fb8b18f012f4ca2d66 d46ba54177f349ccbb27870c5c3f0175 - - default default] 10.0.0.157 "GET /v2.0/ports?device_id=a1bcd277-a655-4b30-85f5-f4c426e042c6 HTTP/1.1" status: 200 len: 205 time: 0.0344825
2026-06-22 03:10:18.457 9 INFO neutron.wsgi [None req-10da7084-e7fb-40ef-8a36-833d4fe2efbc 6ef50b7ae0c844fb8b18f012f4ca2d66 d46ba54177f349ccbb27870c5c3f0175 - - - -] 10.0.0.157 "DELETE /v2.0/routers/a1bcd277-a655-4b30-85f5-f4c426e042c6 HTTP/1.1" status: 204 len: 168 time: 0.2897651
2026-06-22 03:10:18.530 9 INFO neutron.wsgi [None req-58b9e8ed-7ce1-47c9-9e7c-f9ae650d0c1f 6ef50b7ae0c844fb8b18f012f4ca2d66 d46ba54177f349ccbb27870c5c3f0175 - - default default] 10.0.0.157 "GET /v2.0/routers/f16588bd-80e4-43df-871c-c39db44d2384 HTTP/1.1" status: 200 len: 677 time: 0.0671976
2026-06-22 03:10:19.414 9 INFO neutron.db.ovn_revision_numbers_db [None req-0cdb106f-019b-4d7e-9b18-e873e14d552b 6ef50b7ae0c844fb8b18f012f4ca2d66 d46ba54177f349ccbb27870c5c3f0175 - - - -] Successfully bumped revision number for resource f16588bd-80e4-43df-871c-c39db44d2384 (type: routers) to 4
2026-06-22 03:10:19.417 9 INFO neutron.wsgi [None req-0cdb106f-019b-4d7e-9b18-e873e14d552b 6ef50b7ae0c844fb8b18f012f4ca2d66 d46ba54177f349ccbb27870c5c3f0175 - - - -] 10.0.0.157 "PUT /v2.0/routers/f16588bd-80e4-43df-871c-c39db44d2384 HTTP/1.1" status: 200 len: 677 time: 0.8805964
2026-06-22 03:10:19.457 9 INFO neutron.wsgi [None req-35890e20-57bc-460d-8a2e-0e1fd3c13347 6ef50b7ae0c844fb8b18f012f4ca2d66 d46ba54177f349ccbb27870c5c3f0175 - - default default] 10.0.0.157 "GET /v2.0/ports?device_id=f16588bd-80e4-43df-871c-c39db44d2384 HTTP/1.1" status: 200 len: 205 time: 0.0331931
2026-06-22 03:10:19.751 9 INFO neutron.wsgi [None req-cfadbedf-e18b-45d5-9e14-b9411d8c2b14 6ef50b7ae0c844fb8b18f012f4ca2d66 d46ba54177f349ccbb27870c5c3f0175 - - - -] 10.0.0.157 "DELETE /v2.0/routers/f16588bd-80e4-43df-871c-c39db44d2384 HTTP/1.1" status: 204 len: 168 time: 0.2892737
2026-06-22 03:10:19.824 9 INFO neutron.wsgi [None req-20cd228b-9158-45d1-9685-75906e9770bd 6ef50b7ae0c844fb8b18f012f4ca2d66 d46ba54177f349ccbb27870c5c3f0175 - - default default] 10.0.0.157 "GET /v2.0/routers/9969fa51-47b0-4a9d-a31e-18274a90df68 HTTP/1.1" status: 200 len: 662 time: 0.0662115
2026-06-22 03:10:20.454 9 INFO neutron.db.ovn_revision_numbers_db [None req-a8612dc9-a36d-4a96-877c-09936690af46 6ef50b7ae0c844fb8b18f012f4ca2d66 d46ba54177f349ccbb27870c5c3f0175 - - - -] Successfully bumped revision number for resource 9969fa51-47b0-4a9d-a31e-18274a90df68 (type: routers) to 4
2026-06-22 03:10:20.458 9 INFO neutron.wsgi [None req-a8612dc9-a36d-4a96-877c-09936690af46 6ef50b7ae0c844fb8b18f012f4ca2d66 d46ba54177f349ccbb27870c5c3f0175 - - - -] 10.0.0.157 "PUT /v2.0/routers/9969fa51-47b0-4a9d-a31e-18274a90df68 HTTP/1.1" status: 200 len: 662 time: 0.6281793
2026-06-22 03:10:20.495 9 INFO neutron.wsgi [None req-9fb3eec6-902f-4a9e-9a80-659ec2bca6d6 6ef50b7ae0c844fb8b18f012f4ca2d66 d46ba54177f349ccbb27870c5c3f0175 - - default default] 10.0.0.157 "GET /v2.0/ports?device_id=9969fa51-47b0-4a9d-a31e-18274a90df68 HTTP/1.1" status: 200 len: 205 time: 0.0297196
2026-06-22 03:10:20.763 9 INFO neutron.wsgi [None req-80561662-e151-4762-9ec8-17a63e406037 6ef50b7ae0c844fb8b18f012f4ca2d66 d46ba54177f349ccbb27870c5c3f0175 - - - -] 10.0.0.157 "DELETE /v2.0/routers/9969fa51-47b0-4a9d-a31e-18274a90df68 HTTP/1.1" status: 204 len: 168 time: 0.2617583
2026-06-22 03:10:21.285 9 INFO neutron.wsgi [None req-bd64827e-8285-45d6-9454-8bb5ad938210 6ef50b7ae0c844fb8b18f012f4ca2d66 d46ba54177f349ccbb27870c5c3f0175 - - default default] 10.0.0.157 "GET /v2.0/routers/9bd9d773-3265-4d5c-bda1-1184157307a1 HTTP/1.1" status: 200 len: 655 time: 0.5155928
2026-06-22 03:10:21.817 9 INFO neutron.db.ovn_revision_numbers_db [None req-4d93d3e0-b578-4fcb-ac3c-07d8c628808b 6ef50b7ae0c844fb8b18f012f4ca2d66 d46ba54177f349ccbb27870c5c3f0175 - - - -] Successfully bumped revision number for resource 9bd9d773-3265-4d5c-bda1-1184157307a1 (type: routers) to 3
2026-06-22 03:10:21.820 9 INFO neutron.wsgi [None req-4d93d3e0-b578-4fcb-ac3c-07d8c628808b 6ef50b7ae0c844fb8b18f012f4ca2d66 d46ba54177f349ccbb27870c5c3f0175 - - - -] 10.0.0.157 "PUT /v2.0/routers/9bd9d773-3265-4d5c-bda1-1184157307a1 HTTP/1.1" status: 200 len: 655 time: 0.5284591
2026-06-22 03:10:21.850 9 INFO neutron.wsgi [None req-9dd715e4-f279-4244-8358-b915a0295bc2 6ef50b7ae0c844fb8b18f012f4ca2d66 d46ba54177f349ccbb27870c5c3f0175 - - default default] 10.0.0.157 "GET /v2.0/ports?device_id=9bd9d773-3265-4d5c-bda1-1184157307a1 HTTP/1.1" status: 200 len: 205 time: 0.0235856
2026-06-22 03:10:22.145 9 INFO neutron.wsgi [None req-d9124e32-7a69-42d2-87eb-034b0d608ad8 6ef50b7ae0c844fb8b18f012f4ca2d66 d46ba54177f349ccbb27870c5c3f0175 - - - -] 10.0.0.157 "DELETE /v2.0/routers/9bd9d773-3265-4d5c-bda1-1184157307a1 HTTP/1.1" status: 204 len: 168 time: 0.2894578
2026-06-22 03:10:22.281 10 INFO neutron.wsgi [req-d1e96eca-aab9-41c1-95be-3fdb6801e0c5 req-4d31372b-9d03-4321-be09-cda0b070027a 992e14b3b71f4fff891742747578a332 d7c9fe89c4b14183ba10d14c764d2ff1 - - default default] 10.0.0.168 "GET /v2.0/ports?device_id=4772da4a-7e85-4900-8dc9-ee850db0f216 HTTP/1.1" status: 200 len: 1210 time: 0.1300774
2026-06-22 03:10:22.335 10 INFO neutron.wsgi [req-d1e96eca-aab9-41c1-95be-3fdb6801e0c5 req-5753ed69-982e-4e53-9a5a-7bc8d60662a4 992e14b3b71f4fff891742747578a332 d7c9fe89c4b14183ba10d14c764d2ff1 - - default default] 10.0.0.168 "GET /v2.0/security-groups?id=2b178292-729d-4d03-930b-5ecbc7162ec0&id=81383f76-a81a-49b1-afd1-c1ceb5ae82b4&fields=id&fields=name HTTP/1.1" status: 200 len: 405 time: 0.0469837
2026-06-22 03:10:22.732 9 INFO neutron.wsgi [None req-df1d7708-3ad8-4b78-b2b3-a9b2c20eed8b 110afdbe56ce47a1a91b1f6fd23eb4e3 11b36871340d431aa713bcb02697ec34 - - default default] 10.0.0.157 "GET /v2.0/ports?device_id=4772da4a-7e85-4900-8dc9-ee850db0f216 HTTP/1.1" status: 200 len: 1395 time: 0.3642859
2026-06-22 03:10:22.830 9 INFO neutron.wsgi [None req-f989b99f-f4e9-4ac1-a7b3-60648e45a119 992e14b3b71f4fff891742747578a332 d7c9fe89c4b14183ba10d14c764d2ff1 - - default default] 10.0.0.157 "GET /v2.0/floatingips?floating_network_id=9c803c74-4730-478b-81e3-55f84c7e6c67&port_id=04bff920-fa2b-4551-8718-95dffd9909fc HTTP/1.1" status: 200 len: 1054 time: 0.0930829
2026-06-22 03:10:23.138 10 INFO neutron.wsgi [req-b3a05680-21a3-4b08-92cf-abc5155fe008 req-f1f1e86c-3160-484a-810a-7a4104a1e23c 2d638b332b1c444a82584323ecb62e98 c4f245357b9c452c928ce7cbf29b8c3f - - 8fa89142ed234466828e7144d55eecfd 8fa89142ed234466828e7144d55eecfd] 10.0.0.103 "GET /v2.0/ports?device_id=4772da4a-7e85-4900-8dc9-ee850db0f216 HTTP/1.1" status: 200 len: 1400 time: 0.0363412
2026-06-22 03:10:23.192 10 INFO neutron.wsgi [req-b3a05680-21a3-4b08-92cf-abc5155fe008 req-fcba2ce0-6ee7-4825-952c-0868b3d444b1 2d638b332b1c444a82584323ecb62e98 c4f245357b9c452c928ce7cbf29b8c3f - - 8fa89142ed234466828e7144d55eecfd 8fa89142ed234466828e7144d55eecfd] 10.0.0.103 "GET /v2.0/security-groups?id=81383f76-a81a-49b1-afd1-c1ceb5ae82b4&id=2b178292-729d-4d03-930b-5ecbc7162ec0&fields=id&fields=name HTTP/1.1" status: 200 len: 405 time: 0.0425124
2026-06-22 03:10:23.431 9 INFO neutron.db.ovn_revision_numbers_db [None req-5c159461-b5fb-4c4c-9ac9-419503b26cc2 995443913f674e018dccae376be97077 4bb17ac0aa45476aa87e5845b8a62079 - - default default] Successfully bumped revision number for resource ece328c9-404b-47de-a345-66f4163fdf78 (type: security_groups) to 1
2026-06-22 03:10:23.453 9 INFO neutron.wsgi [None req-5c159461-b5fb-4c4c-9ac9-419503b26cc2 995443913f674e018dccae376be97077 4bb17ac0aa45476aa87e5845b8a62079 - - default default] 10.0.0.157 "GET /v2.0/security-groups?tenant_id=2f615af8506f443cb3f06e3405de9346&name=default HTTP/1.1" status: 200 len: 2996 time: 0.2893682
2026-06-22 03:10:23.685 9 INFO neutron.wsgi [None req-b89d4967-35ef-46c4-a8f0-17c0e1058917 995443913f674e018dccae376be97077 4bb17ac0aa45476aa87e5845b8a62079 - - - -] 10.0.0.157 "DELETE /v2.0/security-groups/ece328c9-404b-47de-a345-66f4163fdf78 HTTP/1.1" status: 204 len: 168 time: 0.2230413
2026-06-22 03:10:24.020 10 INFO neutron.db.ovn_revision_numbers_db [None req-126701a1-0c9f-49f0-839b-4cac4c727df7 995443913f674e018dccae376be97077 4bb17ac0aa45476aa87e5845b8a62079 - - default default] Successfully bumped revision number for resource 6a14c607-3fa0-4e14-be6b-6b2b55e63d19 (type: security_groups) to 1
2026-06-22 03:10:24.047 10 INFO neutron.wsgi [None req-126701a1-0c9f-49f0-839b-4cac4c727df7 995443913f674e018dccae376be97077 4bb17ac0aa45476aa87e5845b8a62079 - - default default] 10.0.0.157 "GET /v2.0/security-groups?tenant_id=d46ba54177f349ccbb27870c5c3f0175&name=default HTTP/1.1" status: 200 len: 2996 time: 0.1701694
2026-06-22 03:10:24.272 9 INFO neutron.wsgi [None req-c5f48dd2-4196-4069-99db-a09211d82d67 995443913f674e018dccae376be97077 4bb17ac0aa45476aa87e5845b8a62079 - - - -] 10.0.0.157 "DELETE /v2.0/security-groups/6a14c607-3fa0-4e14-be6b-6b2b55e63d19 HTTP/1.1" status: 204 len: 168 time: 0.2194691
2026-06-22 03:10:24.591 9 INFO neutron.db.ovn_revision_numbers_db [None req-8293fd7f-b107-41b7-826d-447f2eacb254 995443913f674e018dccae376be97077 4bb17ac0aa45476aa87e5845b8a62079 - - default default] Successfully bumped revision number for resource b6434177-fd27-4626-ab4b-bc1b5645319c (type: security_groups) to 1
2026-06-22 03:10:24.617 9 INFO neutron.wsgi [None req-8293fd7f-b107-41b7-826d-447f2eacb254 995443913f674e018dccae376be97077 4bb17ac0aa45476aa87e5845b8a62079 - - default default] 10.0.0.157 "GET /v2.0/security-groups?tenant_id=cdb3f3a027954d5fb087ff8f479fc071&name=default HTTP/1.1" status: 200 len: 2996 time: 0.1450815
2026-06-22 03:10:24.855 9 INFO neutron.wsgi [None req-d51bb52f-2c39-4cc5-9ffa-60030587e046 995443913f674e018dccae376be97077 4bb17ac0aa45476aa87e5845b8a62079 - - - -] 10.0.0.157 "DELETE /v2.0/security-groups/b6434177-fd27-4626-ab4b-bc1b5645319c HTTP/1.1" status: 204 len: 168 time: 0.2291656
2026-06-22 03:10:25.310 10 INFO neutron.wsgi [req-42f50d9a-67f2-436a-adfd-f1b3c61f2b24 req-5693ddb2-1403-4310-9d70-cd2836d48d57 992e14b3b71f4fff891742747578a332 d7c9fe89c4b14183ba10d14c764d2ff1 - - default default] 10.0.0.168 "GET /v2.0/ports?device_id=4772da4a-7e85-4900-8dc9-ee850db0f216 HTTP/1.1" status: 200 len: 1210 time: 0.0568340
2026-06-22 03:10:25.344 10 INFO neutron.plugins.ml2.drivers.ovn.mech_driver.mech_driver [None req-e076f914-9f6d-4367-9385-e1e3bafb5fc7 - - - - - -] OVN reports status down for port: 04bff920-fa2b-4551-8718-95dffd9909fc
2026-06-22 03:10:25.399 10 INFO neutron.wsgi [req-42f50d9a-67f2-436a-adfd-f1b3c61f2b24 req-38f97127-b552-4fd1-8727-428cfd2b157b 992e14b3b71f4fff891742747578a332 d7c9fe89c4b14183ba10d14c764d2ff1 - - default default] 10.0.0.168 "GET /v2.0/security-groups?id=2b178292-729d-4d03-930b-5ecbc7162ec0&id=81383f76-a81a-49b1-afd1-c1ceb5ae82b4&fields=id&fields=name HTTP/1.1" status: 200 len: 405 time: 0.0793905
2026-06-22 03:10:25.515 10 INFO neutron.notifiers.nova [-] Nova event matching ['req-54ff368f-0173-4dbc-9394-82cc2ac09649'] response: {'server_uuid': '4772da4a-7e85-4900-8dc9-ee850db0f216', 'name': 'network-vif-unplugged', 'status': 'completed', 'tag': '04bff920-fa2b-4551-8718-95dffd9909fc', 'code': 200}
2026-06-22 03:10:25.675 10 INFO neutron.db.ovn_revision_numbers_db [None req-e076f914-9f6d-4367-9385-e1e3bafb5fc7 - - - - - -] Successfully bumped revision number for resource 04bff920-fa2b-4551-8718-95dffd9909fc (type: ports) to 5
2026-06-22 03:10:25.755 9 INFO neutron.wsgi [req-0d1893fb-354d-4c31-82be-7f273dbd53ef req-9bc64b26-f781-491f-80ce-9732cbd7fe01 992e14b3b71f4fff891742747578a332 d7c9fe89c4b14183ba10d14c764d2ff1 - - default default] 199.204.45.38 "GET /v2.0/ports?device_id=4772da4a-7e85-4900-8dc9-ee850db0f216 HTTP/1.1" status: 200 len: 1208 time: 0.1366286
2026-06-22 03:10:25.818 9 INFO neutron.wsgi [-] 10.0.0.99 "GET / HTTP/1.1" status: 200 len: 247 time: 0.0015540
2026-06-22 03:10:25.820 10 INFO neutron.wsgi [-] 10.0.0.99 "GET / HTTP/1.1" status: 200 len: 247 time: 0.0034587 /var/lib/openstack/lib/python3.10/site-packages/pycadf/identifier.py:71: UserWarning: Invalid uuid: neutron. To ensure interoperability, identifiers should be a valid uuid. warnings.warn(('Invalid uuid: %s. To ensure interoperability, '
2026-06-22 03:10:26.528 10 INFO neutron.wsgi [req-70aa26c1-2485-4155-8420-a29384bc48bf req-df004506-a187-4d02-bf6e-11e9385d262b 992e14b3b71f4fff891742747578a332 d7c9fe89c4b14183ba10d14c764d2ff1 - - default default] 10.0.0.168 "GET /v2.0/ports?device_id=4772da4a-7e85-4900-8dc9-ee850db0f216 HTTP/1.1" status: 200 len: 1208 time: 0.0473442
2026-06-22 03:10:26.570 10 INFO neutron.wsgi [req-70aa26c1-2485-4155-8420-a29384bc48bf req-88f0b816-74f2-4a98-937e-12e1182329b2 992e14b3b71f4fff891742747578a332 d7c9fe89c4b14183ba10d14c764d2ff1 - - default default] 10.0.0.168 "GET /v2.0/security-groups?id=2b178292-729d-4d03-930b-5ecbc7162ec0&id=81383f76-a81a-49b1-afd1-c1ceb5ae82b4&fields=id&fields=name HTTP/1.1" status: 200 len: 405 time: 0.0364299
2026-06-22 03:10:26.617 9 INFO neutron.db.l3_db [None req-e32280c3-8ccd-41c2-b436-d93bf7a052b1 992e14b3b71f4fff891742747578a332 d7c9fe89c4b14183ba10d14c764d2ff1 - - - -] Floating IP 16755bee-706f-43cc-800a-50363af2908c disassociated. External IP: 10.96.250.213, port: 04bff920-fa2b-4551-8718-95dffd9909fc.
2026-06-22 03:10:26.805 9 INFO neutron.wsgi [None req-e32280c3-8ccd-41c2-b436-d93bf7a052b1 992e14b3b71f4fff891742747578a332 d7c9fe89c4b14183ba10d14c764d2ff1 - - - -] 199.204.45.38 "DELETE /v2.0/ports/04bff920-fa2b-4551-8718-95dffd9909fc HTTP/1.1" status: 204 len: 173 time: 1.0432060
2026-06-22 03:10:26.844 9 INFO neutron.notifiers.nova [-] Nova event matching ['req-cc440ac2-1255-4eff-bee5-120b64e9c22d'] response: {'server_uuid': '4772da4a-7e85-4900-8dc9-ee850db0f216', 'name': 'network-vif-deleted', 'tag': '04bff920-fa2b-4551-8718-95dffd9909fc', 'status': 'completed', 'code': 200}
2026-06-22 03:10:27.562 10 INFO neutron.notifiers.nova [-] Nova event matching ['req-d515bbcf-d918-4e1b-b8e0-a029565d763a'] response: {'server_uuid': '4772da4a-7e85-4900-8dc9-ee850db0f216', 'name': 'network-vif-plugged', 'status': 'completed', 'tag': '04bff920-fa2b-4551-8718-95dffd9909fc', 'code': 200}
2026-06-22 03:10:27.893 9 INFO neutron.wsgi [None req-98c8848c-a927-433c-ba3d-3487c62bf227 992e14b3b71f4fff891742747578a332 d7c9fe89c4b14183ba10d14c764d2ff1 - - - -] 10.0.0.157 "DELETE /v2.0/security-groups/81383f76-a81a-49b1-afd1-c1ceb5ae82b4 HTTP/1.1" status: 204 len: 168 time: 0.1596653
2026-06-22 03:10:27.912 9 INFO neutron.api.v2.resource [None req-911855f9-1405-488f-8196-e074260fe631 992e14b3b71f4fff891742747578a332 d7c9fe89c4b14183ba10d14c764d2ff1 - - default default] show failed (client error): The resource could not be found.
2026-06-22 03:10:27.914 9 INFO neutron.wsgi [None req-911855f9-1405-488f-8196-e074260fe631 992e14b3b71f4fff891742747578a332 d7c9fe89c4b14183ba10d14c764d2ff1 - - default default] 10.0.0.157 "GET /v2.0/security-groups/81383f76-a81a-49b1-afd1-c1ceb5ae82b4 HTTP/1.1" status: 404 len: 347 time: 0.0157168
2026-06-22 03:10:28.350 9 INFO neutron.wsgi [None req-73bb75da-d67d-4f1c-9a27-378f768190b1 992e14b3b71f4fff891742747578a332 d7c9fe89c4b14183ba10d14c764d2ff1 - - - -] 10.0.0.157 "DELETE /v2.0/floatingips/16755bee-706f-43cc-800a-50363af2908c HTTP/1.1" status: 204 len: 168 time: 0.4304240
2026-06-22 03:10:28.514 9 INFO neutron.wsgi [None req-02396eed-ca98-4053-9e5c-008f4c8b35c2 992e14b3b71f4fff891742747578a332 d7c9fe89c4b14183ba10d14c764d2ff1 - - - -] 10.0.0.157 "DELETE /v2.0/security-groups/2b178292-729d-4d03-930b-5ecbc7162ec0 HTTP/1.1" status: 204 len: 168 time: 0.1596656 /var/lib/openstack/lib/python3.10/site-packages/pycadf/identifier.py:71: UserWarning: Invalid uuid: neutron. To ensure interoperability, identifiers should be a valid uuid. warnings.warn(('Invalid uuid: %s. To ensure interoperability, '
2026-06-22 03:10:28.875 10 WARNING neutron.scheduler.dhcp_agent_scheduler [None req-2e93cfcc-2a57-4687-a9f0-833100ce7fd0 023694e443da40eb8dbea2ce61dd713b e3fa46f6bb584e6fa0ccc439a414600e - - - -] No more DHCP agents
2026-06-22 03:10:28.880 10 WARNING neutron.api.rpc.agentnotifiers.dhcp_rpc_agent_api [None req-2e93cfcc-2a57-4687-a9f0-833100ce7fd0 023694e443da40eb8dbea2ce61dd713b e3fa46f6bb584e6fa0ccc439a414600e - - - -] Unable to schedule network 9c803c74-4730-478b-81e3-55f84c7e6c67: no agents available; will retry on subsequent port and subnet creation events.
2026-06-22 03:10:29.247 10 INFO neutron.db.ovn_revision_numbers_db [None req-2e93cfcc-2a57-4687-a9f0-833100ce7fd0 023694e443da40eb8dbea2ce61dd713b e3fa46f6bb584e6fa0ccc439a414600e - - - -] Successfully bumped revision number for resource 6c8b9509-9c0f-4787-9ad9-2c9d35e36d7d (type: floatingips) to 0
2026-06-22 03:10:29.262 10 INFO neutron.wsgi [None req-2e93cfcc-2a57-4687-a9f0-833100ce7fd0 023694e443da40eb8dbea2ce61dd713b e3fa46f6bb584e6fa0ccc439a414600e - - - -] 10.0.0.157 "POST /v2.0/floatingips HTTP/1.1" status: 201 len: 751 time: 0.9250045
2026-06-22 03:10:29.342 10 INFO neutron.wsgi [None req-edef03df-4ffe-4451-856c-6cdf2a2c1439 023694e443da40eb8dbea2ce61dd713b e3fa46f6bb584e6fa0ccc439a414600e - - - -] 10.0.0.157 "PUT /v2.0/floatingips/6c8b9509-9c0f-4787-9ad9-2c9d35e36d7d/tags HTTP/1.1" status: 200 len: 218 time: 0.0713623
2026-06-22 03:10:29.390 10 INFO neutron.wsgi [None req-0a7db9e4-5eed-4232-83eb-9c601e8f7698 023694e443da40eb8dbea2ce61dd713b e3fa46f6bb584e6fa0ccc439a414600e - - default default] 10.0.0.157 "GET /v2.0/floatingips/6c8b9509-9c0f-4787-9ad9-2c9d35e36d7d/tags HTTP/1.1" status: 200 len: 218 time: 0.0416560
2026-06-22 03:10:29.449 10 INFO neutron.wsgi [None req-7e6dd8ea-eb94-4542-807d-6a76711636bb 023694e443da40eb8dbea2ce61dd713b e3fa46f6bb584e6fa0ccc439a414600e - - - -] 10.0.0.157 "PUT /v2.0/floatingips/6c8b9509-9c0f-4787-9ad9-2c9d35e36d7d/tags/green HTTP/1.1" status: 201 len: 201 time: 0.0509551
2026-06-22 03:10:29.495 10 INFO neutron.wsgi [None req-453be7ba-619e-4c5b-bdc7-3e3ed3af525e 023694e443da40eb8dbea2ce61dd713b e3fa46f6bb584e6fa0ccc439a414600e - - default default] 10.0.0.157 "GET /v2.0/floatingips/6c8b9509-9c0f-4787-9ad9-2c9d35e36d7d/tags HTTP/1.1" status: 200 len: 227 time: 0.0396371
2026-06-22 03:10:29.540 10 INFO neutron.wsgi [None req-c3263902-67db-414d-9b35-63bbe807c551 023694e443da40eb8dbea2ce61dd713b e3fa46f6bb584e6fa0ccc439a414600e - - - -] 10.0.0.157 "PUT /v2.0/floatingips/6c8b9509-9c0f-4787-9ad9-2c9d35e36d7d/tags/red HTTP/1.1" status: 201 len: 201 time: 0.0378528
2026-06-22 03:10:29.582 10 INFO neutron.wsgi [None req-5fa0c529-5655-4d96-a5a9-119c8b37dade 023694e443da40eb8dbea2ce61dd713b e3fa46f6bb584e6fa0ccc439a414600e - - default default] 10.0.0.157 "GET /v2.0/floatingips/6c8b9509-9c0f-4787-9ad9-2c9d35e36d7d/tags HTTP/1.1" status: 200 len: 227 time: 0.0356479
2026-06-22 03:10:29.632 10 INFO neutron.wsgi [None req-80c33a2a-d2bb-49d3-85e2-ea7c59a5afff 023694e443da40eb8dbea2ce61dd713b e3fa46f6bb584e6fa0ccc439a414600e - - - -] 10.0.0.157 "PUT /v2.0/floatingips/6c8b9509-9c0f-4787-9ad9-2c9d35e36d7d/tags/black.or.white HTTP/1.1" status: 201 len: 201 time: 0.0439241
2026-06-22 03:10:29.672 10 INFO neutron.wsgi [None req-50201373-8c10-4ed2-bbfb-b1e80ef25e5d 023694e443da40eb8dbea2ce61dd713b e3fa46f6bb584e6fa0ccc439a414600e - - default default] 10.0.0.157 "GET /v2.0/floatingips/6c8b9509-9c0f-4787-9ad9-2c9d35e36d7d/tags HTTP/1.1" status: 200 len: 245 time: 0.0320642
2026-06-22 03:10:29.734 10 INFO neutron.wsgi [None req-a024c1a3-e4bc-4cf3-ab6a-12878c5d096a 023694e443da40eb8dbea2ce61dd713b e3fa46f6bb584e6fa0ccc439a414600e - - - -] 10.0.0.157 "PUT /v2.0/floatingips/6c8b9509-9c0f-4787-9ad9-2c9d35e36d7d/tags HTTP/1.1" status: 200 len: 230 time: 0.0522261
2026-06-22 03:10:29.766 10 INFO neutron.wsgi [None req-650827e5-981d-4530-b050-d155a9daa8f0 023694e443da40eb8dbea2ce61dd713b e3fa46f6bb584e6fa0ccc439a414600e - - default default] 10.0.0.157 "GET /v2.0/floatingips/6c8b9509-9c0f-4787-9ad9-2c9d35e36d7d/tags HTTP/1.1" status: 200 len: 230 time: 0.0266395
2026-06-22 03:10:29.804 10 INFO neutron.wsgi [None req-e759125e-9b00-43ff-8db5-74ff36959d30 023694e443da40eb8dbea2ce61dd713b e3fa46f6bb584e6fa0ccc439a414600e - - default default] 10.0.0.157 "GET /v2.0/floatingips/6c8b9509-9c0f-4787-9ad9-2c9d35e36d7d/tags/red HTTP/1.1" status: 204 len: 168 time: 0.0322280
2026-06-22 03:10:29.838 10 INFO neutron.api.v2.resource [None req-6962febd-e047-41e2-b266-fbd2585f7637 023694e443da40eb8dbea2ce61dd713b e3fa46f6bb584e6fa0ccc439a414600e - - default default] show failed (client error): The resource could not be found.
2026-06-22 03:10:29.840 10 INFO neutron.wsgi [None req-6962febd-e047-41e2-b266-fbd2585f7637 023694e443da40eb8dbea2ce61dd713b e3fa46f6bb584e6fa0ccc439a414600e - - default default] 10.0.0.157 "GET /v2.0/floatingips/6c8b9509-9c0f-4787-9ad9-2c9d35e36d7d/tags/green HTTP/1.1" status: 404 len: 299 time: 0.0303881
2026-06-22 03:10:29.903 10 INFO neutron.wsgi [None req-0b027c84-dc1c-4cea-824a-14b7bdc04e76 023694e443da40eb8dbea2ce61dd713b e3fa46f6bb584e6fa0ccc439a414600e - - - -] 10.0.0.157 "DELETE /v2.0/floatingips/6c8b9509-9c0f-4787-9ad9-2c9d35e36d7d/tags/red HTTP/1.1" status: 204 len: 168 time: 0.0560482
2026-06-22 03:10:29.940 10 INFO neutron.wsgi [None req-54117e9c-28d3-4de1-8c72-84288282b6a0 023694e443da40eb8dbea2ce61dd713b e3fa46f6bb584e6fa0ccc439a414600e - - default default] 10.0.0.157 "GET /v2.0/floatingips/6c8b9509-9c0f-4787-9ad9-2c9d35e36d7d/tags HTTP/1.1" status: 200 len: 223 time: 0.0304821
2026-06-22 03:10:29.993 10 INFO neutron.api.v2.resource [None req-03e24583-899e-45e8-a014-3f17769de733 023694e443da40eb8dbea2ce61dd713b e3fa46f6bb584e6fa0ccc439a414600e - - - -] delete failed (client error): The resource could not be found.
2026-06-22 03:10:29.995 10 INFO neutron.wsgi [None req-03e24583-899e-45e8-a014-3f17769de733 023694e443da40eb8dbea2ce61dd713b e3fa46f6bb584e6fa0ccc439a414600e - - - -] 10.0.0.157 "DELETE /v2.0/floatingips/6c8b9509-9c0f-4787-9ad9-2c9d35e36d7d/tags/green HTTP/1.1" status: 404 len: 299 time: 0.0492511
2026-06-22 03:10:30.069 10 INFO neutron.wsgi [None req-2b2d5329-30f7-4473-9aa2-23ec2a3165a4 023694e443da40eb8dbea2ce61dd713b e3fa46f6bb584e6fa0ccc439a414600e - - - -] 10.0.0.157 "DELETE /v2.0/floatingips/6c8b9509-9c0f-4787-9ad9-2c9d35e36d7d/tags HTTP/1.1" status: 204 len: 168 time: 0.0637639
2026-06-22 03:10:30.119 10 INFO neutron.wsgi [None req-4144f237-55a0-4f48-a680-778af82899e5 023694e443da40eb8dbea2ce61dd713b e3fa46f6bb584e6fa0ccc439a414600e - - default default] 10.0.0.157 "GET /v2.0/floatingips/6c8b9509-9c0f-4787-9ad9-2c9d35e36d7d/tags HTTP/1.1" status: 200 len: 205 time: 0.0447559
2026-06-22 03:10:30.414 9 INFO neutron.wsgi [None req-3694873b-e670-45c6-b930-5bd7cfdd239b 995443913f674e018dccae376be97077 4bb17ac0aa45476aa87e5845b8a62079 - - - -] 10.0.0.157 "PUT /v2.0/routers/4fcf0c1c-f471-43b6-9ce1-3860bd4b5504/remove_router_interface HTTP/1.1" status: 200 len: 503 time: 1.8576903 /var/lib/openstack/lib/python3.10/site-packages/pycadf/identifier.py:71: UserWarning: Invalid uuid: neutron. To ensure interoperability, identifiers should be a valid uuid. warnings.warn(('Invalid uuid: %s. To ensure interoperability, '
2026-06-22 03:10:30.567 10 INFO neutron.wsgi [None req-64ea62c4-4370-4ef1-b2cd-a94d13c85659 023694e443da40eb8dbea2ce61dd713b e3fa46f6bb584e6fa0ccc439a414600e - - - -] 10.0.0.157 "DELETE /v2.0/floatingips/6c8b9509-9c0f-4787-9ad9-2c9d35e36d7d HTTP/1.1" status: 204 len: 168 time: 0.4382362
2026-06-22 03:10:31.151 9 INFO neutron.wsgi [None req-aafd34f4-12ad-473b-b514-821dee5e63eb 995443913f674e018dccae376be97077 4bb17ac0aa45476aa87e5845b8a62079 - - - -] 10.0.0.157 "DELETE /v2.0/routers/4fcf0c1c-f471-43b6-9ce1-3860bd4b5504 HTTP/1.1" status: 204 len: 168 time: 0.7301672
2026-06-22 03:10:31.412 9 INFO neutron.wsgi [None req-9ba13da1-a6eb-4763-b389-9ee4a4d2a12b 995443913f674e018dccae376be97077 4bb17ac0aa45476aa87e5845b8a62079 - - - -] 10.0.0.157 "DELETE /v2.0/subnets/26e09b2d-3bf8-40a3-880d-ec26e388025b HTTP/1.1" status: 204 len: 168 time: 0.2542520
2026-06-22 03:10:31.546 10 INFO neutron.db.ovn_revision_numbers_db [None req-c04c247d-8d55-4d09-a45a-35fcfa7a03f6 995443913f674e018dccae376be97077 4bb17ac0aa45476aa87e5845b8a62079 - - default default] Successfully bumped revision number for resource 22da9461-1a3e-4b17-a625-ec8a12dbfa75 (type: security_groups) to 1
2026-06-22 03:10:31.589 10 INFO neutron.wsgi [None req-c04c247d-8d55-4d09-a45a-35fcfa7a03f6 995443913f674e018dccae376be97077 4bb17ac0aa45476aa87e5845b8a62079 - - default default] 10.0.0.157 "GET /v2.0/security-groups?tenant_id=21a158543e9042b294d3ac54eb08a7d4&name=default HTTP/1.1" status: 200 len: 2996 time: 0.2895963
2026-06-22 03:10:31.937 9 INFO neutron.services.segments.plugin [-] Segment b0bac938-14af-4384-961f-d0d3015b47b6 resource provider aggregate not found
2026-06-22 03:10:31.949 9 INFO neutron.services.segments.plugin [-] Segment b0bac938-14af-4384-961f-d0d3015b47b6 resource provider aggregate not found
2026-06-22 03:10:31.965 9 INFO neutron.services.segments.plugin [-] Segment b0bac938-14af-4384-961f-d0d3015b47b6 resource provider not found; error: Placement Client Error (4xx): {"errors": [{"status": 404, "title": "Not Found", "detail": "The resource could not be found.\n\n No resource provider with uuid b0bac938-14af-4384-961f-d0d3015b47b6 found for delete ", "request_id": "req-ccb46213-ef27-4756-8047-80ccb2cca122"}]}
2026-06-22 03:10:31.970 9 INFO neutron.wsgi [None req-48cc4a86-2f6a-44af-9446-d4b42e3903e7 995443913f674e018dccae376be97077 4bb17ac0aa45476aa87e5845b8a62079 - - - -] 10.0.0.157 "DELETE /v2.0/security-groups/22da9461-1a3e-4b17-a625-ec8a12dbfa75 HTTP/1.1" status: 204 len: 168 time: 0.3755898
2026-06-22 03:10:31.978 9 INFO neutron.services.segments.plugin [-] Segment b0bac938-14af-4384-961f-d0d3015b47b6 resource provider not found; error: Placement Client Error (4xx): {"errors": [{"status": 404, "title": "Not Found", "detail": "The resource could not be found.\n\n No resource provider with uuid b0bac938-14af-4384-961f-d0d3015b47b6 found for delete ", "request_id": "req-301046df-3fba-4314-a44b-e2f66f4939ac"}]}
