2026-06-22 03:02:02.191 9 INFO neutron.wsgi [None req-f884e655-f1da-4e7a-b973-d9948f6ce266 995443913f674e018dccae376be97077 4bb17ac0aa45476aa87e5845b8a62079 - - default default] 199.204.45.38,10.0.0.99 "GET /v2.0/security-groups?tenant_id=4bb17ac0aa45476aa87e5845b8a62079 HTTP/1.1" status: 200 len: 10157 time: 0.0959678
2026-06-22 03:02:03.078 9 INFO neutron.wsgi [None req-f536cd37-1586-4716-8743-7db60f99958d 995443913f674e018dccae376be97077 4bb17ac0aa45476aa87e5845b8a62079 - - default default] 199.204.45.38,10.0.0.99 "GET /v2.0/security-groups?tenant_id=4bb17ac0aa45476aa87e5845b8a62079 HTTP/1.1" status: 200 len: 10157 time: 0.1066437
2026-06-22 03:02:03.968 9 INFO neutron.wsgi [None req-65422865-a9d9-4b04-8f66-32f4888af591 995443913f674e018dccae376be97077 4bb17ac0aa45476aa87e5845b8a62079 - - default default] 199.204.45.38,10.0.0.99 "GET /v2.0/security-groups?tenant_id=4bb17ac0aa45476aa87e5845b8a62079 HTTP/1.1" status: 200 len: 10157 time: 0.1004393
2026-06-22 03:02:04.878 9 INFO neutron.wsgi [None req-d2483dec-2e8b-450d-9154-2e141a90df6c 995443913f674e018dccae376be97077 4bb17ac0aa45476aa87e5845b8a62079 - - default default] 199.204.45.38,10.0.0.99 "GET /v2.0/security-groups?tenant_id=4bb17ac0aa45476aa87e5845b8a62079 HTTP/1.1" status: 200 len: 10157 time: 0.0927632
2026-06-22 03:02:05.782 9 INFO neutron.wsgi [None req-b22e3f3f-4451-4a39-9abc-f41a538db5ce 995443913f674e018dccae376be97077 4bb17ac0aa45476aa87e5845b8a62079 - - default default] 199.204.45.38,10.0.0.99 "GET /v2.0/security-groups?tenant_id=4bb17ac0aa45476aa87e5845b8a62079 HTTP/1.1" status: 200 len: 10157 time: 0.0899484
2026-06-22 03:02:07.238 10 INFO neutron.wsgi [None req-8dc19acc-d3e6-4de0-8ead-71c997df962c 995443913f674e018dccae376be97077 4bb17ac0aa45476aa87e5845b8a62079 - - default default] 199.204.45.38,10.0.0.99 "GET /v2.0/security-groups HTTP/1.1" status: 200 len: 16799 time: 0.1102972
2026-06-22 03:02:07.294 10 INFO neutron.wsgi [None req-18ad4b63-7228-4d5a-93ad-2b6d72a59142 995443913f674e018dccae376be97077 4bb17ac0aa45476aa87e5845b8a62079 - - default default] 199.204.45.38,10.0.0.99 "GET /v2.0/ports HTTP/1.1" status: 200 len: 5251 time: 0.0457528
2026-06-22 03:02:10.818 9 INFO neutron.wsgi [-] 10.0.0.99 "GET / HTTP/1.1" status: 200 len: 247 time: 0.0016403
2026-06-22 03:02:10.819 10 INFO neutron.wsgi [-] 10.0.0.99 "GET / HTTP/1.1" status: 200 len: 247 time: 0.0021157
2026-06-22 03:02:12.305 9 INFO neutron.wsgi [None req-e1f79e0b-b147-48ac-bb99-966e0b2ae7a4 995443913f674e018dccae376be97077 4bb17ac0aa45476aa87e5845b8a62079 - - default default] 10.0.0.102 "GET /v2.0/ports HTTP/1.1" status: 200 len: 5251 time: 0.1063066
2026-06-22 03:02:12.340 9 INFO neutron.wsgi [None req-f6544841-2a49-4d01-8526-2244b75f61d0 995443913f674e018dccae376be97077 4bb17ac0aa45476aa87e5845b8a62079 - - default default] 10.0.0.102 "GET /v2.0/agents HTTP/1.1" status: 200 len: 997 time: 0.0306299
2026-06-22 03:02:12.386 9 INFO neutron.wsgi [None req-6e1da4ea-58ca-409c-8d52-e9f2fe8ff1ec 995443913f674e018dccae376be97077 4bb17ac0aa45476aa87e5845b8a62079 - - default default] 10.0.0.102 "GET /v2.0/subnets HTTP/1.1" status: 200 len: 1437 time: 0.0447741
2026-06-22 03:02:12.402 9 INFO neutron.wsgi [None req-74e8090c-c41b-4cf8-97ee-dd3d848f8dbd 995443913f674e018dccae376be97077 4bb17ac0aa45476aa87e5845b8a62079 - - default default] 10.0.0.102 "GET /v2.0/subnetpools HTTP/1.1" status: 200 len: 193 time: 0.0145090
2026-06-22 03:02:12.453 9 INFO neutron.wsgi [None req-3a9313bf-666e-4338-a0b3-bac050f7bc9c 995443913f674e018dccae376be97077 4bb17ac0aa45476aa87e5845b8a62079 - - default default] 10.0.0.102 "GET /v2.0/routers HTTP/1.1" status: 200 len: 189 time: 0.0446022
2026-06-22 03:02:12.472 9 INFO neutron.wsgi [None req-fca59646-bfa2-461b-a13e-def4ee2d6606 995443913f674e018dccae376be97077 4bb17ac0aa45476aa87e5845b8a62079 - - default default] 10.0.0.102 "GET /v2.0/agents?binary=ovn-controller HTTP/1.1" status: 200 len: 591 time: 0.0181623
2026-06-22 03:02:12.522 9 INFO neutron.wsgi [None req-308ae2de-02f7-45be-b833-3830b6c81da1 995443913f674e018dccae376be97077 4bb17ac0aa45476aa87e5845b8a62079 - - default default] 10.0.0.102 "GET /v2.0/floatingips HTTP/1.1" status: 200 len: 193 time: 0.0495901
2026-06-22 03:02:12.598 9 INFO neutron.wsgi [None req-70e221ad-d5bf-4239-a5d7-0dde7807c450 995443913f674e018dccae376be97077 4bb17ac0aa45476aa87e5845b8a62079 - - default default] 10.0.0.102 "GET /v2.0/networks HTTP/1.1" status: 200 len: 2350 time: 0.0735793
2026-06-22 03:02:12.692 9 INFO neutron.wsgi [None req-109a7846-c627-4a15-991f-c820d101b6ea 995443913f674e018dccae376be97077 4bb17ac0aa45476aa87e5845b8a62079 - - default default] 10.0.0.102 "GET /v2.0/security-groups HTTP/1.1" status: 200 len: 16799 time: 0.0934112
2026-06-22 03:02:12.713 9 INFO neutron.wsgi [None req-abd3855a-9bfb-441e-a660-a02f3b7bf7e6 995443913f674e018dccae376be97077 4bb17ac0aa45476aa87e5845b8a62079 - - default default] 10.0.0.102 "GET /v2.0/network-ip-availabilities HTTP/1.1" status: 200 len: 1280 time: 0.0143585
2026-06-22 03:02:12.752 9 INFO neutron.wsgi [None req-9d93130e-3b53-469c-95f2-44212fb670cc 995443913f674e018dccae376be97077 4bb17ac0aa45476aa87e5845b8a62079 - - default default] 10.0.0.102 "GET /v2.0/subnets HTTP/1.1" status: 200 len: 1437 time: 0.0381045
2026-06-22 03:02:16.063 9 INFO neutron.pecan_wsgi.hooks.translation [None req-f630ee83-8522-4836-9e95-c540e8bea8b3 995443913f674e018dccae376be97077 4bb17ac0aa45476aa87e5845b8a62079 - - default default] GET failed (client error): The resource could not be found.
2026-06-22 03:02:16.065 9 INFO neutron.wsgi [None req-f630ee83-8522-4836-9e95-c540e8bea8b3 995443913f674e018dccae376be97077 4bb17ac0aa45476aa87e5845b8a62079 - - default default] 199.204.45.38,10.0.0.99 "GET /v2.0/ports/octavia-health-manager-port-instance HTTP/1.1" status: 404 len: 314 time: 0.0929539
2026-06-22 03:02:16.101 9 INFO neutron.wsgi [None req-5809921c-b1cb-4fda-a96e-bbc9fd814c24 995443913f674e018dccae376be97077 4bb17ac0aa45476aa87e5845b8a62079 - - default default] 199.204.45.38,10.0.0.99 "GET /v2.0/ports?name=octavia-health-manager-port-instance HTTP/1.1" status: 200 len: 1347 time: 0.0288000
2026-06-22 03:02:17.668 10 INFO neutron.wsgi [None req-bb30d347-a54c-45f4-8350-0f146a1664af 995443913f674e018dccae376be97077 4bb17ac0aa45476aa87e5845b8a62079 - - default default] 199.204.45.38,10.0.0.99 "GET /v2.0/ports HTTP/1.1" status: 200 len: 5251 time: 0.0972452
2026-06-22 03:02:18.780 9 INFO neutron.wsgi [None req-188cb9ad-14a5-4bb3-ad1b-9ca723452e8c 995443913f674e018dccae376be97077 4bb17ac0aa45476aa87e5845b8a62079 - - default default] 199.204.45.38,10.0.0.99 "GET /v2.0/security-groups?tenant_id=4bb17ac0aa45476aa87e5845b8a62079 HTTP/1.1" status: 200 len: 10157 time: 0.1068509
2026-06-22 03:02:19.815 10 INFO neutron.wsgi [None req-a15c8c5d-2171-4bff-ab65-fde248b11278 995443913f674e018dccae376be97077 4bb17ac0aa45476aa87e5845b8a62079 - - default default] 199.204.45.38,10.0.0.99 "GET /v2.0/security-groups?tenant_id=4bb17ac0aa45476aa87e5845b8a62079 HTTP/1.1" status: 200 len: 10157 time: 0.0944650
2026-06-22 03:02:20.756 9 INFO neutron.wsgi [None req-6fdf5e10-5cab-4d6e-b201-cf1f90cb8125 995443913f674e018dccae376be97077 4bb17ac0aa45476aa87e5845b8a62079 - - default default] 199.204.45.38,10.0.0.99 "GET /v2.0/security-groups?tenant_id=4bb17ac0aa45476aa87e5845b8a62079 HTTP/1.1" status: 200 len: 10157 time: 0.1022527
2026-06-22 03:02:25.820 9 INFO neutron.wsgi [-] 10.0.0.99 "GET / HTTP/1.1" status: 200 len: 247 time: 0.0028141
2026-06-22 03:02:25.821 10 INFO neutron.wsgi [-] 10.0.0.99 "GET / HTTP/1.1" status: 200 len: 247 time: 0.0034301
2026-06-22 03:02:33.007 10 INFO neutron.wsgi [None req-9364a95d-a32f-4adb-af2f-ddb138ec6ce5 995443913f674e018dccae376be97077 4bb17ac0aa45476aa87e5845b8a62079 - - default default] 199.204.45.38,10.0.0.99 "GET /v2.0/quotas/4bb17ac0aa45476aa87e5845b8a62079 HTTP/1.1" status: 200 len: 361 time: 0.0141041
2026-06-22 03:02:40.820 10 INFO neutron.wsgi [-] 10.0.0.99 "GET / HTTP/1.1" status: 200 len: 247 time: 0.0027642
2026-06-22 03:02:40.820 9 INFO neutron.wsgi [-] 10.0.0.99 "GET / HTTP/1.1" status: 200 len: 247 time: 0.0030415
2026-06-22 03:02:55.819 10 INFO neutron.wsgi [-] 10.0.0.99 "GET / HTTP/1.1" status: 200 len: 247 time: 0.0024996
2026-06-22 03:02:55.821 10 INFO neutron.wsgi [-] 10.0.0.99 "GET / HTTP/1.1" status: 200 len: 247 time: 0.0013025
2026-06-22 03:03:10.820 9 INFO neutron.wsgi [-] 10.0.0.99 "GET / HTTP/1.1" status: 200 len: 247 time: 0.0029340
2026-06-22 03:03:10.820 10 INFO neutron.wsgi [-] 10.0.0.99 "GET / HTTP/1.1" status: 200 len: 247 time: 0.0029991
2026-06-22 03:03:12.326 9 INFO neutron.wsgi [None req-3a1208f3-9bc3-404d-9fb5-1f733c081d24 995443913f674e018dccae376be97077 4bb17ac0aa45476aa87e5845b8a62079 - - default default] 10.0.0.102 "GET /v2.0/networks HTTP/1.1" status: 200 len: 2350 time: 0.1434782
2026-06-22 03:03:12.365 9 INFO neutron.wsgi [None req-68819efd-1142-45e0-befb-870274a4e23c 995443913f674e018dccae376be97077 4bb17ac0aa45476aa87e5845b8a62079 - - default default] 10.0.0.102 "GET /v2.0/ports HTTP/1.1" status: 200 len: 5251 time: 0.0367210
2026-06-22 03:03:12.415 9 INFO neutron.wsgi [None req-ff0ba399-fae1-45eb-966f-904670f27093 995443913f674e018dccae376be97077 4bb17ac0aa45476aa87e5845b8a62079 - - default default] 10.0.0.102 "GET /v2.0/subnets HTTP/1.1" status: 200 len: 1437 time: 0.0449166
2026-06-22 03:03:12.430 9 INFO neutron.wsgi [None req-5cbdfcc3-8cff-4882-b653-f77ef031f224 995443913f674e018dccae376be97077 4bb17ac0aa45476aa87e5845b8a62079 - - default default] 10.0.0.102 "GET /v2.0/network-ip-availabilities HTTP/1.1" status: 200 len: 1280 time: 0.0142987
2026-06-22 03:03:12.462 9 INFO neutron.wsgi [None req-cd507e9c-31f2-4ad5-b261-f6cfaa4dc566 995443913f674e018dccae376be97077 4bb17ac0aa45476aa87e5845b8a62079 - - default default] 10.0.0.102 "GET /v2.0/floatingips HTTP/1.1" status: 200 len: 193 time: 0.0311117
2026-06-22 03:03:12.493 9 INFO neutron.wsgi [None req-d475d13f-933c-4736-a9b8-83745a6d623f 995443913f674e018dccae376be97077 4bb17ac0aa45476aa87e5845b8a62079 - - default default] 10.0.0.102 "GET /v2.0/routers HTTP/1.1" status: 200 len: 189 time: 0.0295374
2026-06-22 03:03:12.526 9 INFO neutron.wsgi [None req-b81f6981-923a-4014-9a9a-dc6bc8c23a79 995443913f674e018dccae376be97077 4bb17ac0aa45476aa87e5845b8a62079 - - default default] 10.0.0.102 "GET /v2.0/agents?binary=ovn-controller HTTP/1.1" status: 200 len: 591 time: 0.0329316
2026-06-22 03:03:12.541 9 INFO neutron.wsgi [None req-d371900b-011c-4016-8264-d1b14fc14fad 995443913f674e018dccae376be97077 4bb17ac0aa45476aa87e5845b8a62079 - - default default] 10.0.0.102 "GET /v2.0/agents HTTP/1.1" status: 200 len: 997 time: 0.0125000
2026-06-22 03:03:12.579 9 INFO neutron.wsgi [None req-b8f24f85-ac77-45d3-9b7d-604db4e99bba 995443913f674e018dccae376be97077 4bb17ac0aa45476aa87e5845b8a62079 - - default default] 10.0.0.102 "GET /v2.0/subnets HTTP/1.1" status: 200 len: 1437 time: 0.0375583
2026-06-22 03:03:12.594 9 INFO neutron.wsgi [None req-65d73bb2-8d7c-4e8c-8636-0c369077fba5 995443913f674e018dccae376be97077 4bb17ac0aa45476aa87e5845b8a62079 - - default default] 10.0.0.102 "GET /v2.0/subnetpools HTTP/1.1" status: 200 len: 193 time: 0.0127461
2026-06-22 03:03:12.659 9 INFO neutron.wsgi [None req-7093560e-ce44-4dbf-b5bd-7949b6c36216 995443913f674e018dccae376be97077 4bb17ac0aa45476aa87e5845b8a62079 - - default default] 10.0.0.102 "GET /v2.0/security-groups HTTP/1.1" status: 200 len: 16799 time: 0.0647640
2026-06-22 03:03:25.819 9 INFO neutron.wsgi [-] 10.0.0.99 "GET / HTTP/1.1" status: 200 len: 247 time: 0.0022273
2026-06-22 03:03:25.820 10 INFO neutron.wsgi [-] 10.0.0.99 "GET / HTTP/1.1" status: 200 len: 247 time: 0.0031776
2026-06-22 03:03:33.963 9 INFO neutron.wsgi [None req-6795b385-deb1-4875-a198-fd8fa473d46a 995443913f674e018dccae376be97077 4bb17ac0aa45476aa87e5845b8a62079 - - default default] 199.204.45.38,10.0.0.99 "GET /v2.0/security-groups?tenant_id=c4f245357b9c452c928ce7cbf29b8c3f HTTP/1.1" status: 200 len: 6838 time: 0.0925970
2026-06-22 03:03:35.126 10 INFO neutron.wsgi [None req-0c91ce2d-aed9-4292-9ad6-683f65e48d91 995443913f674e018dccae376be97077 4bb17ac0aa45476aa87e5845b8a62079 - - default default] 199.204.45.38,10.0.0.99 "GET /v2.0/security-groups?tenant_id=c4f245357b9c452c928ce7cbf29b8c3f HTTP/1.1" status: 200 len: 6838 time: 0.1204903
2026-06-22 03:03:36.054 10 INFO neutron.wsgi [None req-fae75d61-aa85-4994-95c2-6fe9f41b799b 995443913f674e018dccae376be97077 4bb17ac0aa45476aa87e5845b8a62079 - - default default] 199.204.45.38,10.0.0.99 "GET /v2.0/security-groups?tenant_id=c4f245357b9c452c928ce7cbf29b8c3f HTTP/1.1" status: 200 len: 6838 time: 0.1102920
2026-06-22 03:03:37.032 10 INFO neutron.wsgi [None req-6b49be8f-2132-41a0-8d6a-db6274a948d1 995443913f674e018dccae376be97077 4bb17ac0aa45476aa87e5845b8a62079 - - default default] 199.204.45.38,10.0.0.99 "GET /v2.0/security-groups?tenant_id=c4f245357b9c452c928ce7cbf29b8c3f HTTP/1.1" status: 200 len: 6838 time: 0.1061134
2026-06-22 03:03:38.087 9 INFO neutron.wsgi [None req-86b902e7-8d8e-47a8-a3bb-b36eb770df29 995443913f674e018dccae376be97077 4bb17ac0aa45476aa87e5845b8a62079 - - default default] 199.204.45.38,10.0.0.99 "GET /v2.0/security-groups?tenant_id=c4f245357b9c452c928ce7cbf29b8c3f HTTP/1.1" status: 200 len: 6838 time: 0.1107180
2026-06-22 03:03:40.820 10 INFO neutron.wsgi [-] 10.0.0.99 "GET / HTTP/1.1" status: 200 len: 247 time: 0.0027971
2026-06-22 03:03:40.824 10 INFO neutron.wsgi [-] 10.0.0.99 "GET / HTTP/1.1" status: 200 len: 247 time: 0.0026450
2026-06-22 03:03:46.363 9 INFO neutron.wsgi [None req-f39ad270-3995-41f7-b136-cb19237ccce0 995443913f674e018dccae376be97077 4bb17ac0aa45476aa87e5845b8a62079 - - default default] 199.204.45.38,10.0.0.99 "GET /v2.0/quotas/c4f245357b9c452c928ce7cbf29b8c3f HTTP/1.1" status: 200 len: 361 time: 0.0131178
2026-06-22 03:03:55.819 10 INFO neutron.wsgi [-] 10.0.0.99 "GET / HTTP/1.1" status: 200 len: 247 time: 0.0028000
2026-06-22 03:03:55.820 9 INFO neutron.wsgi [-] 10.0.0.99 "GET / HTTP/1.1" status: 200 len: 247 time: 0.0032976
2026-06-22 03:04:10.821 10 INFO neutron.wsgi [-] 10.0.0.99 "GET / HTTP/1.1" status: 200 len: 247 time: 0.0038421
2026-06-22 03:04:10.823 10 INFO neutron.wsgi [-] 10.0.0.99 "GET / HTTP/1.1" status: 200 len: 247 time: 0.0016711
2026-06-22 03:04:12.294 9 INFO neutron.wsgi [None req-494e80cb-5e60-4bfd-a761-2a92143be9bf 995443913f674e018dccae376be97077 4bb17ac0aa45476aa87e5845b8a62079 - - default default] 10.0.0.102 "GET /v2.0/network-ip-availabilities HTTP/1.1" status: 200 len: 1280 time: 0.1211426
2026-06-22 03:04:12.389 9 INFO neutron.wsgi [None req-ed588d3a-9185-4e6d-b108-05d122cb3b2f 995443913f674e018dccae376be97077 4bb17ac0aa45476aa87e5845b8a62079 - - default default] 10.0.0.102 "GET /v2.0/networks HTTP/1.1" status: 200 len: 2350 time: 0.0917439
2026-06-22 03:04:12.435 9 INFO neutron.wsgi [None req-f9c81ffe-970d-4ce7-8f61-ae56d6732d67 995443913f674e018dccae376be97077 4bb17ac0aa45476aa87e5845b8a62079 - - default default] 10.0.0.102 "GET /v2.0/ports HTTP/1.1" status: 200 len: 5251 time: 0.0442913
2026-06-22 03:04:12.477 9 INFO neutron.wsgi [None req-3ade1174-23ff-4964-9c3a-7f4a9116d8ce 995443913f674e018dccae376be97077 4bb17ac0aa45476aa87e5845b8a62079 - - default default] 10.0.0.102 "GET /v2.0/floatingips HTTP/1.1" status: 200 len: 193 time: 0.0320945
2026-06-22 03:04:12.532 9 INFO neutron.wsgi [None req-82359cfa-5150-4759-a069-5b5128e5aa17 995443913f674e018dccae376be97077 4bb17ac0aa45476aa87e5845b8a62079 - - default default] 10.0.0.102 "GET /v2.0/subnets HTTP/1.1" status: 200 len: 1437 time: 0.0541012
2026-06-22 03:04:12.571 9 INFO neutron.wsgi [None req-435b3394-a1b4-4205-a083-ad1ccbc16c92 995443913f674e018dccae376be97077 4bb17ac0aa45476aa87e5845b8a62079 - - default default] 10.0.0.102 "GET /v2.0/subnets HTTP/1.1" status: 200 len: 1437 time: 0.0381215
2026-06-22 03:04:12.587 9 INFO neutron.wsgi [None req-3abcc143-1faf-41b2-a51e-888342873adc 995443913f674e018dccae376be97077 4bb17ac0aa45476aa87e5845b8a62079 - - default default] 10.0.0.102 "GET /v2.0/subnetpools HTTP/1.1" status: 200 len: 193 time: 0.0139856
2026-06-22 03:04:12.636 9 INFO neutron.wsgi [None req-f4b246cd-9d6b-4399-84d8-4f1ee89dd12e 995443913f674e018dccae376be97077 4bb17ac0aa45476aa87e5845b8a62079 - - default default] 10.0.0.102 "GET /v2.0/agents HTTP/1.1" status: 200 len: 997 time: 0.0481541
2026-06-22 03:04:12.705 9 INFO neutron.wsgi [None req-479a8478-4d50-48ab-9de2-9359d23c1bae 995443913f674e018dccae376be97077 4bb17ac0aa45476aa87e5845b8a62079 - - default default] 10.0.0.102 "GET /v2.0/security-groups HTTP/1.1" status: 200 len: 16799 time: 0.0669248
2026-06-22 03:04:12.743 9 INFO neutron.wsgi [None req-828a3f15-227f-4a0a-a822-37bb01d76094 995443913f674e018dccae376be97077 4bb17ac0aa45476aa87e5845b8a62079 - - default default] 10.0.0.102 "GET /v2.0/routers HTTP/1.1" status: 200 len: 189 time: 0.0305762
2026-06-22 03:04:12.754 9 INFO neutron.wsgi [None req-d93f477a-47c0-46ba-9a76-0cadcbbbfaed 995443913f674e018dccae376be97077 4bb17ac0aa45476aa87e5845b8a62079 - - default default] 10.0.0.102 "GET /v2.0/agents?binary=ovn-controller HTTP/1.1" status: 200 len: 591 time: 0.0102870
2026-06-22 03:04:25.821 10 INFO neutron.wsgi [-] 10.0.0.99 "GET / HTTP/1.1" status: 200 len: 247 time: 0.0032921
2026-06-22 03:04:25.822 9 INFO neutron.wsgi [-] 10.0.0.99 "GET / HTTP/1.1" status: 200 len: 247 time: 0.0044169
2026-06-22 03:04:40.820 9 INFO neutron.wsgi [-] 10.0.0.99 "GET / HTTP/1.1" status: 200 len: 247 time: 0.0037742
2026-06-22 03:04:40.825 10 INFO neutron.wsgi [-] 10.0.0.99 "GET / HTTP/1.1" status: 200 len: 247 time: 0.0028143
2026-06-22 03:04:48.057 10 INFO neutron.wsgi [None req-2910d303-cbcb-42cc-bdc3-519ad685238f 995443913f674e018dccae376be97077 4bb17ac0aa45476aa87e5845b8a62079 - - default default] 199.204.45.38,10.0.0.99 "GET /v2.0/networks HTTP/1.1" status: 200 len: 2350 time: 0.1200004
2026-06-22 03:04:55.818 10 INFO neutron.wsgi [-] 10.0.0.99 "GET / HTTP/1.1" status: 200 len: 247 time: 0.0017233
2026-06-22 03:04:55.821 9 INFO neutron.wsgi [-] 10.0.0.99 "GET / HTTP/1.1" status: 200 len: 247 time: 0.0033786
2026-06-22 03:05:10.820 9 INFO neutron.wsgi [-] 10.0.0.99 "GET / HTTP/1.1" status: 200 len: 247 time: 0.0023174
2026-06-22 03:05:10.821 10 INFO neutron.wsgi [-] 10.0.0.99 "GET / HTTP/1.1" status: 200 len: 247 time: 0.0032492
2026-06-22 03:05:12.451 9 INFO neutron.wsgi [None req-a200e01f-4dd7-4687-b60b-3d220e865ece 995443913f674e018dccae376be97077 4bb17ac0aa45476aa87e5845b8a62079 - - default default] 10.0.0.102 "GET /v2.0/networks HTTP/1.1" status: 200 len: 2350 time: 0.1925206
2026-06-22 03:05:12.494 9 INFO neutron.wsgi [None req-67357653-d9e1-4dc5-806f-1742e8576891 995443913f674e018dccae376be97077 4bb17ac0aa45476aa87e5845b8a62079 - - default default] 10.0.0.102 "GET /v2.0/routers HTTP/1.1" status: 200 len: 189 time: 0.0338843
2026-06-22 03:05:12.534 9 INFO neutron.wsgi [None req-0c9a70c4-82f0-4a94-b908-c70e0bdf4536 995443913f674e018dccae376be97077 4bb17ac0aa45476aa87e5845b8a62079 - - default default] 10.0.0.102 "GET /v2.0/agents?binary=ovn-controller HTTP/1.1" status: 200 len: 591 time: 0.0383892
2026-06-22 03:05:12.608 9 INFO neutron.wsgi [None req-4a366f59-7924-4f94-9f19-98196b1351bc 995443913f674e018dccae376be97077 4bb17ac0aa45476aa87e5845b8a62079 - - default default] 10.0.0.102 "GET /v2.0/security-groups HTTP/1.1" status: 200 len: 16799 time: 0.0732100
2026-06-22 03:05:12.635 9 INFO neutron.wsgi [None req-364f3bfb-5fcf-472c-b262-3dcf0d07faaf 995443913f674e018dccae376be97077 4bb17ac0aa45476aa87e5845b8a62079 - - default default] 10.0.0.102 "GET /v2.0/network-ip-availabilities HTTP/1.1" status: 200 len: 1280 time: 0.0193355
2026-06-22 03:05:12.660 9 INFO neutron.wsgi [None req-fa89737e-d616-4364-8276-12d8e2ad96cb 995443913f674e018dccae376be97077 4bb17ac0aa45476aa87e5845b8a62079 - - default default] 10.0.0.102 "GET /v2.0/floatingips HTTP/1.1" status: 200 len: 193 time: 0.0237155
2026-06-22 03:05:12.708 9 INFO neutron.wsgi [None req-324405aa-74fe-4c19-a613-cdaa8b39de0c 995443913f674e018dccae376be97077 4bb17ac0aa45476aa87e5845b8a62079 - - default default] 10.0.0.102 "GET /v2.0/subnets HTTP/1.1" status: 200 len: 1437 time: 0.0467610
2026-06-22 03:05:12.723 9 INFO neutron.wsgi [None req-df1f6339-20a4-4078-971a-9d072f03dc09 995443913f674e018dccae376be97077 4bb17ac0aa45476aa87e5845b8a62079 - - default default] 10.0.0.102 "GET /v2.0/agents HTTP/1.1" status: 200 len: 997 time: 0.0139830
2026-06-22 03:05:12.775 9 INFO neutron.wsgi [None req-26e85f3b-23b3-465d-ac57-f392002cdade 995443913f674e018dccae376be97077 4bb17ac0aa45476aa87e5845b8a62079 - - default default] 10.0.0.102 "GET /v2.0/subnets HTTP/1.1" status: 200 len: 1437 time: 0.0505383
2026-06-22 03:05:12.787 9 INFO neutron.wsgi [None req-e3053caa-fc8c-46fd-80a6-f3a3d8aff55e 995443913f674e018dccae376be97077 4bb17ac0aa45476aa87e5845b8a62079 - - default default] 10.0.0.102 "GET /v2.0/subnetpools HTTP/1.1" status: 200 len: 193 time: 0.0103996
2026-06-22 03:05:12.830 9 INFO neutron.wsgi [None req-7319b03e-995b-46ce-becc-4a268218177a 995443913f674e018dccae376be97077 4bb17ac0aa45476aa87e5845b8a62079 - - default default] 10.0.0.102 "GET /v2.0/ports HTTP/1.1" status: 200 len: 5251 time: 0.0425067
2026-06-22 03:05:25.819 10 INFO neutron.wsgi [-] 10.0.0.99 "GET / HTTP/1.1" status: 200 len: 247 time: 0.0025439
2026-06-22 03:05:25.822 10 INFO neutron.wsgi [-] 10.0.0.99 "GET / HTTP/1.1" status: 200 len: 247 time: 0.0015044
2026-06-22 03:05:30.641 9 INFO neutron.wsgi [None req-a96bcaa2-4dc6-4a7f-821a-9981adbb43aa 995443913f674e018dccae376be97077 4bb17ac0aa45476aa87e5845b8a62079 - - default default] 10.0.0.157 "GET /v2.0/networks HTTP/1.1" status: 200 len: 2369 time: 0.1105473
2026-06-22 03:05:31.899 9 INFO neutron.wsgi [None req-1ba8fd33-e679-43ff-afb2-3ac82d562cf7 995443913f674e018dccae376be97077 4bb17ac0aa45476aa87e5845b8a62079 - - default default] 10.0.0.157 "GET /v2.0/floatingips HTTP/1.1" status: 200 len: 212 time: 0.0379705
2026-06-22 03:05:31.941 9 INFO neutron.wsgi [None req-83667dde-f377-4298-a215-7974b670a8bc 995443913f674e018dccae376be97077 4bb17ac0aa45476aa87e5845b8a62079 - - default default] 10.0.0.157 "GET /v2.0/routers HTTP/1.1" status: 200 len: 208 time: 0.0336432
2026-06-22 03:05:31.996 9 INFO neutron.wsgi [None req-ee7ea1e4-e1aa-4835-aab6-31f8852bedc3 995443913f674e018dccae376be97077 4bb17ac0aa45476aa87e5845b8a62079 - - default default] 10.0.0.157 "GET /v2.0/ports HTTP/1.1" status: 200 len: 5270 time: 0.0473189
2026-06-22 03:05:32.042 9 INFO neutron.wsgi [None req-99a3bca7-e867-43e3-b374-3663823720a8 995443913f674e018dccae376be97077 4bb17ac0aa45476aa87e5845b8a62079 - - default default] 10.0.0.157 "GET /v2.0/subnets HTTP/1.1" status: 200 len: 1456 time: 0.0381265
2026-06-22 03:05:32.124 10 INFO neutron.wsgi [None req-5530ef59-20fb-400d-885a-fbd4dbada885 995443913f674e018dccae376be97077 4bb17ac0aa45476aa87e5845b8a62079 - - default default] 10.0.0.157 "GET /v2.0/networks HTTP/1.1" status: 200 len: 2369 time: 0.0680301
2026-06-22 03:05:32.206 10 INFO neutron.wsgi [None req-d1447c2f-2f73-4031-9fac-3af0e6442163 995443913f674e018dccae376be97077 4bb17ac0aa45476aa87e5845b8a62079 - - default default] 10.0.0.157 "GET /v2.0/security-groups HTTP/1.1" status: 200 len: 16818 time: 0.0757935
2026-06-22 03:05:32.229 10 INFO neutron.wsgi [None req-a0a7ef2a-b608-4419-aaef-6da7635532dc 995443913f674e018dccae376be97077 4bb17ac0aa45476aa87e5845b8a62079 - - default default] 10.0.0.157 "GET /v2.0/subnetpools HTTP/1.1" status: 200 len: 212 time: 0.0173936
2026-06-22 03:05:40.820 10 INFO neutron.wsgi [-] 10.0.0.99 "GET / HTTP/1.1" status: 200 len: 247 time: 0.0028040
2026-06-22 03:05:40.823 10 INFO neutron.wsgi [-] 10.0.0.99 "GET / HTTP/1.1" status: 200 len: 247 time: 0.0018561
2026-06-22 03:05:44.816 10 INFO neutron.plugins.ml2.drivers.ovn.mech_driver.ovsdb.extensions.qos [None req-d3389906-d7cb-4e56-9682-0f12d698247c 995443913f674e018dccae376be97077 4bb17ac0aa45476aa87e5845b8a62079 - - - -] Starting OVNClientQosExtension
2026-06-22 03:05:44.817 10 INFO neutron.plugins.ml2.drivers.ovn.mech_driver.ovsdb.extensions.placement [None req-d3389906-d7cb-4e56-9682-0f12d698247c 995443913f674e018dccae376be97077 4bb17ac0aa45476aa87e5845b8a62079 - - - -] Starting OVNClientPlacementExtension
2026-06-22 03:05:44.873 10 INFO neutron.db.ovn_revision_numbers_db [None req-d3389906-d7cb-4e56-9682-0f12d698247c 995443913f674e018dccae376be97077 4bb17ac0aa45476aa87e5845b8a62079 - - - -] Successfully bumped revision number for resource 7eb4783a-f72f-4d2a-b84d-120037664961 (type: security_groups) to 1
2026-06-22 03:05:44.957 10 INFO neutron.db.segments_db [None req-d3389906-d7cb-4e56-9682-0f12d698247c 995443913f674e018dccae376be97077 4bb17ac0aa45476aa87e5845b8a62079 - - - -] Added segment 4a20c8ea-14b7-45eb-b98d-174e29fac88d of type geneve for network 34878216-3094-4bf1-8110-2deef0fd6d36
2026-06-22 03:05:44.965 9 INFO neutron.db.ovn_revision_numbers_db [None req-1ee8b6fb-0678-449e-9d10-7ddb6e1c35fd 995443913f674e018dccae376be97077 4bb17ac0aa45476aa87e5845b8a62079 - - - -] Successfully bumped revision number for resource 20b99384-58f3-48b9-8b0b-c815c8094346 (type: security_groups) to 1
2026-06-22 03:05:44.977 9 INFO neutron.db.ovn_revision_numbers_db [None req-cb829cb2-fc00-46cd-a7fd-f7c6027cde6b 995443913f674e018dccae376be97077 4bb17ac0aa45476aa87e5845b8a62079 - - - -] Successfully bumped revision number for resource 2ae3d748-a2ff-4003-a75b-332f8a3263ee (type: security_groups) to 1
2026-06-22 03:05:45.033 9 INFO neutron.db.segments_db [None req-1ee8b6fb-0678-449e-9d10-7ddb6e1c35fd 995443913f674e018dccae376be97077 4bb17ac0aa45476aa87e5845b8a62079 - - - -] Added segment 5104d9ec-3751-44c4-b71c-e77f0a2d15ba of type geneve for network f96a6cbe-64c7-4e33-a72e-d1d7f240ed49
2026-06-22 03:05:45.058 9 INFO neutron.db.segments_db [None req-cb829cb2-fc00-46cd-a7fd-f7c6027cde6b 995443913f674e018dccae376be97077 4bb17ac0aa45476aa87e5845b8a62079 - - - -] Added segment 277f0fb4-2c84-4efd-99fd-6747fd48f63f of type geneve for network 4a8c0525-9834-40e0-94ca-ba6608d3e3d8
2026-06-22 03:05:45.243 9 INFO neutron.db.ovn_revision_numbers_db [None req-1ee8b6fb-0678-449e-9d10-7ddb6e1c35fd 995443913f674e018dccae376be97077 4bb17ac0aa45476aa87e5845b8a62079 - - - -] Successfully bumped revision number for resource f96a6cbe-64c7-4e33-a72e-d1d7f240ed49 (type: networks) to 1
2026-06-22 03:05:45.245 10 INFO neutron.db.ovn_revision_numbers_db [None req-d3389906-d7cb-4e56-9682-0f12d698247c 995443913f674e018dccae376be97077 4bb17ac0aa45476aa87e5845b8a62079 - - - -] Successfully bumped revision number for resource 34878216-3094-4bf1-8110-2deef0fd6d36 (type: networks) to 1
2026-06-22 03:05:45.253 9 INFO neutron.db.ovn_revision_numbers_db [None req-cb829cb2-fc00-46cd-a7fd-f7c6027cde6b 995443913f674e018dccae376be97077 4bb17ac0aa45476aa87e5845b8a62079 - - - -] Successfully bumped revision number for resource 4a8c0525-9834-40e0-94ca-ba6608d3e3d8 (type: networks) to 1
2026-06-22 03:05:45.521 10 WARNING neutron.scheduler.dhcp_agent_scheduler [None req-d3389906-d7cb-4e56-9682-0f12d698247c 995443913f674e018dccae376be97077 4bb17ac0aa45476aa87e5845b8a62079 - - - -] No more DHCP agents
2026-06-22 03:05:45.523 10 WARNING neutron.api.rpc.agentnotifiers.dhcp_rpc_agent_api [None req-d3389906-d7cb-4e56-9682-0f12d698247c 995443913f674e018dccae376be97077 4bb17ac0aa45476aa87e5845b8a62079 - - - -] Unable to schedule network 34878216-3094-4bf1-8110-2deef0fd6d36: no agents available; will retry on subsequent port and subnet creation events.
2026-06-22 03:05:45.559 9 WARNING neutron.scheduler.dhcp_agent_scheduler [None req-cb829cb2-fc00-46cd-a7fd-f7c6027cde6b 995443913f674e018dccae376be97077 4bb17ac0aa45476aa87e5845b8a62079 - - - -] No more DHCP agents
2026-06-22 03:05:45.564 9 WARNING neutron.api.rpc.agentnotifiers.dhcp_rpc_agent_api [None req-cb829cb2-fc00-46cd-a7fd-f7c6027cde6b 995443913f674e018dccae376be97077 4bb17ac0aa45476aa87e5845b8a62079 - - - -] Unable to schedule network 4a8c0525-9834-40e0-94ca-ba6608d3e3d8: no agents available; will retry on subsequent port and subnet creation events.
2026-06-22 03:05:45.587 9 WARNING neutron.scheduler.dhcp_agent_scheduler [None req-1ee8b6fb-0678-449e-9d10-7ddb6e1c35fd 995443913f674e018dccae376be97077 4bb17ac0aa45476aa87e5845b8a62079 - - - -] No more DHCP agents
2026-06-22 03:05:45.590 9 WARNING neutron.api.rpc.agentnotifiers.dhcp_rpc_agent_api [None req-1ee8b6fb-0678-449e-9d10-7ddb6e1c35fd 995443913f674e018dccae376be97077 4bb17ac0aa45476aa87e5845b8a62079 - - - -] Unable to schedule network f96a6cbe-64c7-4e33-a72e-d1d7f240ed49: no agents available; will retry on subsequent port and subnet creation events.
2026-06-22 03:05:45.625 10 INFO neutron.db.ovn_revision_numbers_db [None req-d3389906-d7cb-4e56-9682-0f12d698247c 995443913f674e018dccae376be97077 4bb17ac0aa45476aa87e5845b8a62079 - - - -] Successfully bumped revision number for resource ece63328-bd34-4a8b-b50d-4ec21b985240 (type: ports) to 1
2026-06-22 03:05:45.666 10 INFO neutron.wsgi [None req-d3389906-d7cb-4e56-9682-0f12d698247c 995443913f674e018dccae376be97077 4bb17ac0aa45476aa87e5845b8a62079 - - - -] 10.0.0.157 "POST /v2.0/networks HTTP/1.1" status: 201 len: 950 time: 1.1116614
2026-06-22 03:05:45.719 9 INFO neutron.db.ovn_revision_numbers_db [None req-cb829cb2-fc00-46cd-a7fd-f7c6027cde6b 995443913f674e018dccae376be97077 4bb17ac0aa45476aa87e5845b8a62079 - - - -] Successfully bumped revision number for resource 3aa56ecf-7594-45c0-85cc-e3e06a5570f2 (type: ports) to 1
2026-06-22 03:05:45.751 9 INFO neutron.db.ovn_revision_numbers_db [None req-1ee8b6fb-0678-449e-9d10-7ddb6e1c35fd 995443913f674e018dccae376be97077 4bb17ac0aa45476aa87e5845b8a62079 - - - -] Successfully bumped revision number for resource 4286f60e-56d2-4f24-82d6-965324db1bcc (type: ports) to 1
2026-06-22 03:05:45.760 9 INFO neutron.wsgi [None req-cb829cb2-fc00-46cd-a7fd-f7c6027cde6b 995443913f674e018dccae376be97077 4bb17ac0aa45476aa87e5845b8a62079 - - - -] 10.0.0.157 "POST /v2.0/networks HTTP/1.1" status: 201 len: 946 time: 1.1840422
2026-06-22 03:05:45.782 9 INFO neutron.wsgi [None req-1ee8b6fb-0678-449e-9d10-7ddb6e1c35fd 995443913f674e018dccae376be97077 4bb17ac0aa45476aa87e5845b8a62079 - - - -] 10.0.0.157 "POST /v2.0/networks HTTP/1.1" status: 201 len: 949 time: 1.2474005
2026-06-22 03:05:45.927 10 WARNING neutron.scheduler.dhcp_agent_scheduler [None req-c4a8baf6-a776-4a4d-8b9e-2d7e10db8d9b 995443913f674e018dccae376be97077 4bb17ac0aa45476aa87e5845b8a62079 - - - -] No more DHCP agents
2026-06-22 03:05:45.931 10 WARNING neutron.api.rpc.agentnotifiers.dhcp_rpc_agent_api [None req-c4a8baf6-a776-4a4d-8b9e-2d7e10db8d9b 995443913f674e018dccae376be97077 4bb17ac0aa45476aa87e5845b8a62079 - - - -] Unable to schedule network 34878216-3094-4bf1-8110-2deef0fd6d36: no agents available; will retry on subsequent port and subnet creation events.
2026-06-22 03:05:45.948 10 INFO neutron.db.ovn_revision_numbers_db [None req-785954e7-34d8-4f5c-bb07-70e60670db1c 995443913f674e018dccae376be97077 4bb17ac0aa45476aa87e5845b8a62079 - - default default] Successfully bumped revision number for resource 25eb7332-7782-4862-aa37-9c29e1096edb (type: security_groups) to 1
2026-06-22 03:05:46.014 10 INFO neutron.wsgi [None req-785954e7-34d8-4f5c-bb07-70e60670db1c 995443913f674e018dccae376be97077 4bb17ac0aa45476aa87e5845b8a62079 - - default default] 10.0.0.157 "GET /v2.0/security-groups?tenant_id=ab80b1e834904fc1b75e5831ecd77649&name=default HTTP/1.1" status: 200 len: 2992 time: 0.4562616
2026-06-22 03:05:46.055 9 WARNING neutron.scheduler.dhcp_agent_scheduler [None req-80778ed6-2578-488b-aafb-f0ba065d3ea3 995443913f674e018dccae376be97077 4bb17ac0aa45476aa87e5845b8a62079 - - - -] No more DHCP agents
2026-06-22 03:05:46.060 9 WARNING neutron.scheduler.dhcp_agent_scheduler [None req-fcac62c5-fb8d-4057-bf51-dde2218b386b 995443913f674e018dccae376be97077 4bb17ac0aa45476aa87e5845b8a62079 - - - -] No more DHCP agents
2026-06-22 03:05:46.061 9 WARNING neutron.api.rpc.agentnotifiers.dhcp_rpc_agent_api [None req-80778ed6-2578-488b-aafb-f0ba065d3ea3 995443913f674e018dccae376be97077 4bb17ac0aa45476aa87e5845b8a62079 - - - -] Unable to schedule network 4a8c0525-9834-40e0-94ca-ba6608d3e3d8: no agents available; will retry on subsequent port and subnet creation events.
2026-06-22 03:05:46.065 9 WARNING neutron.api.rpc.agentnotifiers.dhcp_rpc_agent_api [None req-fcac62c5-fb8d-4057-bf51-dde2218b386b 995443913f674e018dccae376be97077 4bb17ac0aa45476aa87e5845b8a62079 - - - -] Unable to schedule network f96a6cbe-64c7-4e33-a72e-d1d7f240ed49: no agents available; will retry on subsequent port and subnet creation events.
2026-06-22 03:05:46.712 10 INFO neutron.db.ovn_revision_numbers_db [None req-c4a8baf6-a776-4a4d-8b9e-2d7e10db8d9b 995443913f674e018dccae376be97077 4bb17ac0aa45476aa87e5845b8a62079 - - - -] Successfully bumped revision number for resource ece63328-bd34-4a8b-b50d-4ec21b985240 (type: ports) to 2
2026-06-22 03:05:46.713 9 INFO neutron.wsgi [None req-891bad8f-03b9-49a8-860a-b62309e9b31d 995443913f674e018dccae376be97077 4bb17ac0aa45476aa87e5845b8a62079 - - - -] 10.0.0.157 "DELETE /v2.0/security-groups/25eb7332-7782-4862-aa37-9c29e1096edb HTTP/1.1" status: 204 len: 168 time: 0.6920960
2026-06-22 03:05:46.729 10 INFO neutron.db.ovn_revision_numbers_db [None req-c4a8baf6-a776-4a4d-8b9e-2d7e10db8d9b 995443913f674e018dccae376be97077 4bb17ac0aa45476aa87e5845b8a62079 - - - -] Successfully bumped revision number for resource a6778eec-4ac0-473a-ba39-1cd9d90b8225 (type: subnets) to 0
2026-06-22 03:05:46.744 10 INFO neutron.wsgi [None req-c4a8baf6-a776-4a4d-8b9e-2d7e10db8d9b 995443913f674e018dccae376be97077 4bb17ac0aa45476aa87e5845b8a62079 - - - -] 10.0.0.157 "POST /v2.0/subnets HTTP/1.1" status: 201 len: 870 time: 1.0698795
2026-06-22 03:05:47.013 9 INFO neutron.db.ovn_revision_numbers_db [None req-fcac62c5-fb8d-4057-bf51-dde2218b386b 995443913f674e018dccae376be97077 4bb17ac0aa45476aa87e5845b8a62079 - - - -] Successfully bumped revision number for resource 4286f60e-56d2-4f24-82d6-965324db1bcc (type: ports) to 2
2026-06-22 03:05:47.022 9 INFO neutron.db.ovn_revision_numbers_db [None req-80778ed6-2578-488b-aafb-f0ba065d3ea3 995443913f674e018dccae376be97077 4bb17ac0aa45476aa87e5845b8a62079 - - - -] Successfully bumped revision number for resource 3aa56ecf-7594-45c0-85cc-e3e06a5570f2 (type: ports) to 2
2026-06-22 03:05:47.036 9 INFO neutron.db.ovn_revision_numbers_db [None req-fcac62c5-fb8d-4057-bf51-dde2218b386b 995443913f674e018dccae376be97077 4bb17ac0aa45476aa87e5845b8a62079 - - - -] Successfully bumped revision number for resource 90ea02e5-78e6-44da-ae2b-905900b360a2 (type: subnets) to 0
2026-06-22 03:05:47.052 9 INFO neutron.db.ovn_revision_numbers_db [None req-80778ed6-2578-488b-aafb-f0ba065d3ea3 995443913f674e018dccae376be97077 4bb17ac0aa45476aa87e5845b8a62079 - - - -] Successfully bumped revision number for resource 165d21d7-adaf-4510-b440-80c1207a5361 (type: subnets) to 0
2026-06-22 03:05:47.076 9 INFO neutron.wsgi [None req-fcac62c5-fb8d-4057-bf51-dde2218b386b 995443913f674e018dccae376be97077 4bb17ac0aa45476aa87e5845b8a62079 - - - -] 10.0.0.157 "POST /v2.0/subnets HTTP/1.1" status: 201 len: 869 time: 1.2852130
2026-06-22 03:05:47.090 9 INFO neutron.wsgi [None req-80778ed6-2578-488b-aafb-f0ba065d3ea3 995443913f674e018dccae376be97077 4bb17ac0aa45476aa87e5845b8a62079 - - - -] 10.0.0.157 "POST /v2.0/subnets HTTP/1.1" status: 201 len: 866 time: 1.3239090
2026-06-22 03:05:47.792 10 WARNING neutron.scheduler.dhcp_agent_scheduler [None req-afd81770-2ee5-40e6-93e7-2a2b8fb412be 995443913f674e018dccae376be97077 4bb17ac0aa45476aa87e5845b8a62079 - - - -] No more DHCP agents
2026-06-22 03:05:47.797 10 WARNING neutron.api.rpc.agentnotifiers.dhcp_rpc_agent_api [None req-afd81770-2ee5-40e6-93e7-2a2b8fb412be 995443913f674e018dccae376be97077 4bb17ac0aa45476aa87e5845b8a62079 - - - -] Unable to schedule network 9c803c74-4730-478b-81e3-55f84c7e6c67: no agents available; will retry on subsequent port and subnet creation events.
2026-06-22 03:05:47.820 9 WARNING neutron.scheduler.dhcp_agent_scheduler [None req-b8420aa2-c7ca-4eab-9f1f-859da348bf33 995443913f674e018dccae376be97077 4bb17ac0aa45476aa87e5845b8a62079 - - - -] No more DHCP agents
2026-06-22 03:05:47.822 9 WARNING neutron.api.rpc.agentnotifiers.dhcp_rpc_agent_api [None req-b8420aa2-c7ca-4eab-9f1f-859da348bf33 995443913f674e018dccae376be97077 4bb17ac0aa45476aa87e5845b8a62079 - - - -] Unable to schedule network 9c803c74-4730-478b-81e3-55f84c7e6c67: no agents available; will retry on subsequent port and subnet creation events.
2026-06-22 03:05:47.947 9 INFO neutron.db.ovn_revision_numbers_db [None req-b8420aa2-c7ca-4eab-9f1f-859da348bf33 995443913f674e018dccae376be97077 4bb17ac0aa45476aa87e5845b8a62079 - - - -] Successfully bumped revision number for resource 4d46f5ed-0628-4607-9335-7995d6f4a028 (type: ports) to 1
2026-06-22 03:05:48.008 10 INFO neutron.db.ovn_revision_numbers_db [None req-afd81770-2ee5-40e6-93e7-2a2b8fb412be 995443913f674e018dccae376be97077 4bb17ac0aa45476aa87e5845b8a62079 - - - -] Successfully bumped revision number for resource 1e1fa91f-b27f-4406-b5d1-2ef524a2434c (type: ports) to 1
2026-06-22 03:05:48.081 10 WARNING neutron.scheduler.dhcp_agent_scheduler [None req-557aaed5-c698-4379-8025-395c9c9050d1 995443913f674e018dccae376be97077 4bb17ac0aa45476aa87e5845b8a62079 - - - -] No more DHCP agents
2026-06-22 03:05:48.087 10 WARNING neutron.api.rpc.agentnotifiers.dhcp_rpc_agent_api [None req-557aaed5-c698-4379-8025-395c9c9050d1 995443913f674e018dccae376be97077 4bb17ac0aa45476aa87e5845b8a62079 - - - -] Unable to schedule network 9c803c74-4730-478b-81e3-55f84c7e6c67: no agents available; will retry on subsequent port and subnet creation events.
2026-06-22 03:05:48.288 10 INFO neutron.db.ovn_revision_numbers_db [None req-557aaed5-c698-4379-8025-395c9c9050d1 995443913f674e018dccae376be97077 4bb17ac0aa45476aa87e5845b8a62079 - - - -] Successfully bumped revision number for resource 0be664d1-c177-4c8e-808c-f1ef05476a50 (type: ports) to 1
2026-06-22 03:05:48.321 9 INFO neutron.plugins.ml2.drivers.ovn.mech_driver.ovsdb.extensions.qos [None req-b8420aa2-c7ca-4eab-9f1f-859da348bf33 995443913f674e018dccae376be97077 4bb17ac0aa45476aa87e5845b8a62079 - - - -] Starting OVNClientQosExtension
2026-06-22 03:05:48.462 10 INFO neutron.plugins.ml2.drivers.ovn.mech_driver.ovsdb.extensions.qos [None req-afd81770-2ee5-40e6-93e7-2a2b8fb412be 995443913f674e018dccae376be97077 4bb17ac0aa45476aa87e5845b8a62079 - - - -] Starting OVNClientQosExtension
2026-06-22 03:05:48.825 9 INFO neutron.db.ovn_revision_numbers_db [None req-b8420aa2-c7ca-4eab-9f1f-859da348bf33 995443913f674e018dccae376be97077 4bb17ac0aa45476aa87e5845b8a62079 - - - -] Successfully bumped revision number for resource 4d46f5ed-0628-4607-9335-7995d6f4a028 (type: router_ports) to 1
2026-06-22 03:05:48.827 10 INFO neutron.plugins.ml2.drivers.ovn.mech_driver.mech_driver [-] OVN reports status up for port: 4d46f5ed-0628-4607-9335-7995d6f4a028
2026-06-22 03:05:48.839 9 INFO neutron.plugins.ml2.drivers.ovn.mech_driver.ovsdb.ovsdb_monitor [-] Router 0e064154-6be0-47d1-8047-b2a259fa7e08 is bound to host instance
2026-06-22 03:05:48.879 10 INFO neutron.plugins.ml2.plugin [None req-e076f914-9f6d-4367-9385-e1e3bafb5fc7 - - - - - -] Attempt 1 to provision port 4d46f5ed-0628-4607-9335-7995d6f4a028
2026-06-22 03:05:48.995 10 INFO neutron.db.ovn_revision_numbers_db [None req-4803bf3d-1d7a-41db-9bc5-5a307f364c8d 995443913f674e018dccae376be97077 4bb17ac0aa45476aa87e5845b8a62079 - - - -] Successfully bumped revision number for resource fbcc5ab6-b08a-433a-9536-e44442dee7db (type: security_groups) to 1
2026-06-22 03:05:49.021 9 INFO neutron.db.ovn_revision_numbers_db [None req-b8420aa2-c7ca-4eab-9f1f-859da348bf33 995443913f674e018dccae376be97077 4bb17ac0aa45476aa87e5845b8a62079 - - - -] Successfully bumped revision number for resource 0e064154-6be0-47d1-8047-b2a259fa7e08 (type: routers) to 3
2026-06-22 03:05:49.046 10 INFO neutron.plugins.ml2.drivers.ovn.mech_driver.ovsdb.ovsdb_monitor [-] Router 331c45ce-482d-48b2-af72-618ec2852bb0 is bound to host instance
2026-06-22 03:05:49.062 9 INFO neutron.wsgi [None req-b8420aa2-c7ca-4eab-9f1f-859da348bf33 995443913f674e018dccae376be97077 4bb17ac0aa45476aa87e5845b8a62079 - - - -] 10.0.0.157 "POST /v2.0/routers HTTP/1.1" status: 201 len: 880 time: 1.9817748
2026-06-22 03:05:49.118 10 INFO neutron.db.segments_db [None req-4803bf3d-1d7a-41db-9bc5-5a307f364c8d 995443913f674e018dccae376be97077 4bb17ac0aa45476aa87e5845b8a62079 - - - -] Added segment 4d007766-8cfc-42c1-821f-f3e5e7745a49 of type geneve for network 0843078c-5bbd-4b7c-8865-503818097277
2026-06-22 03:05:49.119 10 INFO neutron.db.ovn_revision_numbers_db [None req-afd81770-2ee5-40e6-93e7-2a2b8fb412be 995443913f674e018dccae376be97077 4bb17ac0aa45476aa87e5845b8a62079 - - - -] Successfully bumped revision number for resource 1e1fa91f-b27f-4406-b5d1-2ef524a2434c (type: router_ports) to 1
2026-06-22 03:05:49.552 10 INFO neutron.db.ovn_revision_numbers_db [None req-afd81770-2ee5-40e6-93e7-2a2b8fb412be 995443913f674e018dccae376be97077 4bb17ac0aa45476aa87e5845b8a62079 - - - -] Successfully bumped revision number for resource 331c45ce-482d-48b2-af72-618ec2852bb0 (type: routers) to 3
2026-06-22 03:05:49.653 10 INFO neutron.wsgi [None req-afd81770-2ee5-40e6-93e7-2a2b8fb412be 995443913f674e018dccae376be97077 4bb17ac0aa45476aa87e5845b8a62079 - - - -] 10.0.0.157 "POST /v2.0/routers HTTP/1.1" status: 201 len: 881 time: 2.9019806
2026-06-22 03:05:49.699 10 INFO neutron.db.ovn_revision_numbers_db [None req-4803bf3d-1d7a-41db-9bc5-5a307f364c8d 995443913f674e018dccae376be97077 4bb17ac0aa45476aa87e5845b8a62079 - - - -] Successfully bumped revision number for resource 0843078c-5bbd-4b7c-8865-503818097277 (type: networks) to 1
2026-06-22 03:05:49.865 10 INFO neutron.db.ovn_revision_numbers_db [None req-557aaed5-c698-4379-8025-395c9c9050d1 995443913f674e018dccae376be97077 4bb17ac0aa45476aa87e5845b8a62079 - - - -] Successfully bumped revision number for resource 0be664d1-c177-4c8e-808c-f1ef05476a50 (type: router_ports) to 1
2026-06-22 03:05:49.929 9 INFO neutron.plugins.ml2.drivers.ovn.mech_driver.mech_driver [None req-3c1d1fd8-5c1a-4eb4-b6fb-6bbac59d8093 - - - - - -] OVN reports status up for port: 0be664d1-c177-4c8e-808c-f1ef05476a50
2026-06-22 03:05:49.991 9 INFO neutron.plugins.ml2.plugin [None req-3c1d1fd8-5c1a-4eb4-b6fb-6bbac59d8093 - - - - - -] Attempt 1 to provision port 0be664d1-c177-4c8e-808c-f1ef05476a50
2026-06-22 03:05:50.020 9 WARNING neutron.scheduler.dhcp_agent_scheduler [None req-13d13824-65e2-4766-a7a1-5f8a9f6a92b3 995443913f674e018dccae376be97077 4bb17ac0aa45476aa87e5845b8a62079 - - default default] No more DHCP agents
2026-06-22 03:05:50.024 9 INFO neutron.db.ovn_revision_numbers_db [None req-749671b8-f2d5-4bf2-817a-81eb95413c7f - - - - - -] Successfully bumped revision number for resource 4d46f5ed-0628-4607-9335-7995d6f4a028 (type: ports) to 1
2026-06-22 03:05:50.026 10 INFO neutron.db.ovn_revision_numbers_db [None req-557aaed5-c698-4379-8025-395c9c9050d1 995443913f674e018dccae376be97077 4bb17ac0aa45476aa87e5845b8a62079 - - - -] Successfully bumped revision number for resource 75f39892-50a0-4239-aed8-8bb31dbe73b1 (type: routers) to 3
2026-06-22 03:05:50.027 9 WARNING neutron.api.rpc.agentnotifiers.dhcp_rpc_agent_api [None req-13d13824-65e2-4766-a7a1-5f8a9f6a92b3 995443913f674e018dccae376be97077 4bb17ac0aa45476aa87e5845b8a62079 - - default default] Unable to schedule network f96a6cbe-64c7-4e33-a72e-d1d7f240ed49: no agents available; will retry on subsequent port and subnet creation events.
2026-06-22 03:05:50.047 10 INFO neutron.wsgi [None req-557aaed5-c698-4379-8025-395c9c9050d1 995443913f674e018dccae376be97077 4bb17ac0aa45476aa87e5845b8a62079 - - - -] 10.0.0.157 "POST /v2.0/routers HTTP/1.1" status: 201 len: 877 time: 2.9470360
2026-06-22 03:05:50.133 10 WARNING neutron.scheduler.dhcp_agent_scheduler [None req-4803bf3d-1d7a-41db-9bc5-5a307f364c8d 995443913f674e018dccae376be97077 4bb17ac0aa45476aa87e5845b8a62079 - - - -] No more DHCP agents
2026-06-22 03:05:50.143 10 WARNING neutron.api.rpc.agentnotifiers.dhcp_rpc_agent_api [None req-4803bf3d-1d7a-41db-9bc5-5a307f364c8d 995443913f674e018dccae376be97077 4bb17ac0aa45476aa87e5845b8a62079 - - - -] Unable to schedule network 0843078c-5bbd-4b7c-8865-503818097277: no agents available; will retry on subsequent port and subnet creation events.
2026-06-22 03:05:50.336 9 INFO neutron.db.ovn_revision_numbers_db [None req-13d13824-65e2-4766-a7a1-5f8a9f6a92b3 995443913f674e018dccae376be97077 4bb17ac0aa45476aa87e5845b8a62079 - - default default] Successfully bumped revision number for resource 8307c9c9-ef65-46e9-8206-2d86c70373d2 (type: ports) to 1
2026-06-22 03:05:50.406 10 INFO neutron.db.ovn_revision_numbers_db [None req-4803bf3d-1d7a-41db-9bc5-5a307f364c8d 995443913f674e018dccae376be97077 4bb17ac0aa45476aa87e5845b8a62079 - - - -] Successfully bumped revision number for resource 81d8493e-d9f6-475b-8df8-c91d727cca9c (type: ports) to 1
2026-06-22 03:05:50.448 10 INFO neutron.wsgi [None req-4803bf3d-1d7a-41db-9bc5-5a307f364c8d 995443913f674e018dccae376be97077 4bb17ac0aa45476aa87e5845b8a62079 - - - -] 10.0.0.157 "POST /v2.0/networks HTTP/1.1" status: 201 len: 953 time: 1.9523549
2026-06-22 03:05:50.584 10 INFO neutron.db.ovn_revision_numbers_db [None req-ad0a1502-eb79-4c15-994d-11ad40d69018 - - - - - -] Successfully bumped revision number for resource 1e1fa91f-b27f-4406-b5d1-2ef524a2434c (type: ports) to 1
2026-06-22 03:05:50.674 9 INFO neutron.db.ovn_revision_numbers_db [None req-749671b8-f2d5-4bf2-817a-81eb95413c7f - - - - - -] Successfully bumped revision number for resource 4d46f5ed-0628-4607-9335-7995d6f4a028 (type: router_ports) to 3
2026-06-22 03:05:50.752 10 WARNING neutron.scheduler.dhcp_agent_scheduler [None req-18120075-eaae-4bf0-ba4c-4b77ee75f55a 995443913f674e018dccae376be97077 4bb17ac0aa45476aa87e5845b8a62079 - - - -] No more DHCP agents
2026-06-22 03:05:50.767 10 WARNING neutron.api.rpc.agentnotifiers.dhcp_rpc_agent_api [None req-18120075-eaae-4bf0-ba4c-4b77ee75f55a 995443913f674e018dccae376be97077 4bb17ac0aa45476aa87e5845b8a62079 - - - -] Unable to schedule network 0843078c-5bbd-4b7c-8865-503818097277: no agents available; will retry on subsequent port and subnet creation events.
2026-06-22 03:05:51.044 10 WARNING neutron.scheduler.dhcp_agent_scheduler [None req-e5e4a4c0-a614-4c0f-87ba-937f6f5e9d4b 995443913f674e018dccae376be97077 4bb17ac0aa45476aa87e5845b8a62079 - - default default] No more DHCP agents
2026-06-22 03:05:51.045 9 WARNING neutron.scheduler.dhcp_agent_scheduler [None req-0b84fad8-a2ff-4880-a11f-41caaa087d98 995443913f674e018dccae376be97077 4bb17ac0aa45476aa87e5845b8a62079 - - default default] No more DHCP agents
2026-06-22 03:05:51.048 10 WARNING neutron.api.rpc.agentnotifiers.dhcp_rpc_agent_api [None req-e5e4a4c0-a614-4c0f-87ba-937f6f5e9d4b 995443913f674e018dccae376be97077 4bb17ac0aa45476aa87e5845b8a62079 - - default default] Unable to schedule network 4a8c0525-9834-40e0-94ca-ba6608d3e3d8: no agents available; will retry on subsequent port and subnet creation events.
2026-06-22 03:05:51.053 9 WARNING neutron.api.rpc.agentnotifiers.dhcp_rpc_agent_api [None req-0b84fad8-a2ff-4880-a11f-41caaa087d98 995443913f674e018dccae376be97077 4bb17ac0aa45476aa87e5845b8a62079 - - default default] Unable to schedule network 34878216-3094-4bf1-8110-2deef0fd6d36: no agents available; will retry on subsequent port and subnet creation events.
2026-06-22 03:05:51.150 9 INFO neutron.db.ovn_revision_numbers_db [None req-749671b8-f2d5-4bf2-817a-81eb95413c7f - - - - - -] Successfully bumped revision number for resource 4d46f5ed-0628-4607-9335-7995d6f4a028 (type: ports) to 2
2026-06-22 03:05:51.156 10 INFO neutron.db.ovn_revision_numbers_db [None req-ad0a1502-eb79-4c15-994d-11ad40d69018 - - - - - -] Successfully bumped revision number for resource 1e1fa91f-b27f-4406-b5d1-2ef524a2434c (type: router_ports) to 3
2026-06-22 03:05:51.326 9 INFO neutron.db.ovn_revision_numbers_db [None req-0b84fad8-a2ff-4880-a11f-41caaa087d98 995443913f674e018dccae376be97077 4bb17ac0aa45476aa87e5845b8a62079 - - default default] Successfully bumped revision number for resource 0c0659da-1160-4581-a809-db1d0202f6fb (type: ports) to 1
2026-06-22 03:05:51.422 10 INFO neutron.plugins.ml2.drivers.ovn.mech_driver.mech_driver [None req-e076f914-9f6d-4367-9385-e1e3bafb5fc7 - - - - - -] OVN reports status up for port: 1e1fa91f-b27f-4406-b5d1-2ef524a2434c
2026-06-22 03:05:51.454 10 INFO neutron.plugins.ml2.plugin [None req-e076f914-9f6d-4367-9385-e1e3bafb5fc7 - - - - - -] Attempt 1 to provision port 1e1fa91f-b27f-4406-b5d1-2ef524a2434c
2026-06-22 03:05:51.484 10 INFO neutron.db.ovn_revision_numbers_db [None req-e5e4a4c0-a614-4c0f-87ba-937f6f5e9d4b 995443913f674e018dccae376be97077 4bb17ac0aa45476aa87e5845b8a62079 - - default default] Successfully bumped revision number for resource 403bf656-4c9f-4955-868c-5ee9c49f7d0c (type: ports) to 1
2026-06-22 03:05:51.523 9 INFO neutron.db.ovn_revision_numbers_db [None req-13d13824-65e2-4766-a7a1-5f8a9f6a92b3 995443913f674e018dccae376be97077 4bb17ac0aa45476aa87e5845b8a62079 - - default default] Successfully bumped revision number for resource 8307c9c9-ef65-46e9-8206-2d86c70373d2 (type: router_ports) to 2
2026-06-22 03:05:51.647 9 INFO neutron.db.ovn_revision_numbers_db [None req-749671b8-f2d5-4bf2-817a-81eb95413c7f - - - - - -] Successfully bumped revision number for resource 4d46f5ed-0628-4607-9335-7995d6f4a028 (type: ports) to 4
2026-06-22 03:05:51.691 10 INFO neutron.db.ovn_revision_numbers_db [None req-ad0a1502-eb79-4c15-994d-11ad40d69018 - - - - - -] Successfully bumped revision number for resource 1e1fa91f-b27f-4406-b5d1-2ef524a2434c (type: ports) to 2
2026-06-22 03:05:51.780 9 INFO neutron.db.ovn_revision_numbers_db [None req-13d13824-65e2-4766-a7a1-5f8a9f6a92b3 995443913f674e018dccae376be97077 4bb17ac0aa45476aa87e5845b8a62079 - - default default] Successfully bumped revision number for resource 8307c9c9-ef65-46e9-8206-2d86c70373d2 (type: ports) to 2
