2026-06-22 03:09:45.464 10 INFO neutron.wsgi [None req-2b8cf47b-68db-4a1e-9aae-d5e40b00fdb0 9e2d69c2640240219c58244088cd80eb 152fc8ed7aa34e20835cae80ed67e87b - - default default] 10.0.0.157 "GET /v2.0/subnetpools/de01a427-a130-4d22-93a6-01f2d2ed2368/tags HTTP/1.1" status: 200 len: 230 time: 0.0199542
2026-06-22 03:09:45.511 10 INFO neutron.wsgi [None req-acd7b81a-faf0-4aa4-a07b-a486bcbb7696 9e2d69c2640240219c58244088cd80eb 152fc8ed7aa34e20835cae80ed67e87b - - default default] 10.0.0.157 "GET /v2.0/subnetpools/de01a427-a130-4d22-93a6-01f2d2ed2368/tags/red HTTP/1.1" status: 204 len: 168 time: 0.0298572
2026-06-22 03:09:45.547 10 INFO neutron.api.v2.resource [None req-8fab5308-bf7f-4bd8-af8a-2b8fbe1b3da0 9e2d69c2640240219c58244088cd80eb 152fc8ed7aa34e20835cae80ed67e87b - - default default] show failed (client error): The resource could not be found.
2026-06-22 03:09:45.549 10 INFO neutron.wsgi [None req-8fab5308-bf7f-4bd8-af8a-2b8fbe1b3da0 9e2d69c2640240219c58244088cd80eb 152fc8ed7aa34e20835cae80ed67e87b - - default default] 10.0.0.157 "GET /v2.0/subnetpools/de01a427-a130-4d22-93a6-01f2d2ed2368/tags/green HTTP/1.1" status: 404 len: 299 time: 0.0316794
2026-06-22 03:09:45.620 10 INFO neutron.wsgi [None req-a41731cf-f78a-4366-ada2-da96c567f4e5 9e2d69c2640240219c58244088cd80eb 152fc8ed7aa34e20835cae80ed67e87b - - - -] 10.0.0.157 "DELETE /v2.0/subnetpools/de01a427-a130-4d22-93a6-01f2d2ed2368/tags/red HTTP/1.1" status: 204 len: 168 time: 0.0587673
2026-06-22 03:09:45.650 10 INFO neutron.wsgi [None req-c4922bb6-9ae0-4a68-862f-7daef094c17e 9e2d69c2640240219c58244088cd80eb 152fc8ed7aa34e20835cae80ed67e87b - - default default] 10.0.0.157 "GET /v2.0/subnetpools/de01a427-a130-4d22-93a6-01f2d2ed2368/tags HTTP/1.1" status: 200 len: 223 time: 0.0209844
2026-06-22 03:09:45.700 10 INFO neutron.api.v2.resource [None req-4dd56c69-4627-4b44-848a-c9cb2cc02933 9e2d69c2640240219c58244088cd80eb 152fc8ed7aa34e20835cae80ed67e87b - - - -] delete failed (client error): The resource could not be found.
2026-06-22 03:09:45.702 10 INFO neutron.wsgi [None req-4dd56c69-4627-4b44-848a-c9cb2cc02933 9e2d69c2640240219c58244088cd80eb 152fc8ed7aa34e20835cae80ed67e87b - - - -] 10.0.0.157 "DELETE /v2.0/subnetpools/de01a427-a130-4d22-93a6-01f2d2ed2368/tags/green HTTP/1.1" status: 404 len: 299 time: 0.0321009
2026-06-22 03:09:45.740 10 WARNING neutron.scheduler.dhcp_agent_scheduler [None req-60b81b84-04ea-4d1c-844c-35ad29a15ccd 995443913f674e018dccae376be97077 4bb17ac0aa45476aa87e5845b8a62079 - - default default] No more DHCP agents
2026-06-22 03:09:45.744 10 WARNING neutron.api.rpc.agentnotifiers.dhcp_rpc_agent_api [None req-60b81b84-04ea-4d1c-844c-35ad29a15ccd 995443913f674e018dccae376be97077 4bb17ac0aa45476aa87e5845b8a62079 - - default default] Unable to schedule network 63c5923c-6652-436f-9629-f1019f674492: no agents available; will retry on subsequent port and subnet creation events.
2026-06-22 03:09:45.774 10 INFO neutron.wsgi [None req-5bbe742e-ec10-4a6e-ac8d-652f4428c950 9e2d69c2640240219c58244088cd80eb 152fc8ed7aa34e20835cae80ed67e87b - - - -] 10.0.0.157 "DELETE /v2.0/subnetpools/de01a427-a130-4d22-93a6-01f2d2ed2368/tags HTTP/1.1" status: 204 len: 168 time: 0.0657923
2026-06-22 03:09:45.809 10 INFO neutron.wsgi [None req-72469059-dc31-4658-b779-71ceb8cbae5d 9e2d69c2640240219c58244088cd80eb 152fc8ed7aa34e20835cae80ed67e87b - - default default] 10.0.0.157 "GET /v2.0/subnetpools/de01a427-a130-4d22-93a6-01f2d2ed2368/tags HTTP/1.1" status: 200 len: 205 time: 0.0268292
2026-06-22 03:09:45.923 9 INFO neutron.wsgi [None req-ebe18692-8d7a-4631-a3a9-a124189e0f2a 9e2d69c2640240219c58244088cd80eb 152fc8ed7aa34e20835cae80ed67e87b - - - -] 10.0.0.157 "DELETE /v2.0/subnetpools/de01a427-a130-4d22-93a6-01f2d2ed2368 HTTP/1.1" status: 204 len: 168 time: 0.0878184
2026-06-22 03:09:45.950 10 INFO neutron.db.ovn_revision_numbers_db [None req-60b81b84-04ea-4d1c-844c-35ad29a15ccd 995443913f674e018dccae376be97077 4bb17ac0aa45476aa87e5845b8a62079 - - default default] Successfully bumped revision number for resource 01110414-333c-4bdb-83fb-3d5e79c02737 (type: ports) to 1
2026-06-22 03:09:46.078 9 INFO neutron.db.ovn_revision_numbers_db [None req-749671b8-f2d5-4bf2-817a-81eb95413c7f - - - - - -] Successfully bumped revision number for resource 040285f0-7f02-417a-b7a9-95d0369e769d (type: ports) to 1
2026-06-22 03:09:46.435 9 INFO neutron.db.ovn_revision_numbers_db [None req-749671b8-f2d5-4bf2-817a-81eb95413c7f - - - - - -] Successfully bumped revision number for resource 040285f0-7f02-417a-b7a9-95d0369e769d (type: router_ports) to 3
2026-06-22 03:09:46.463 9 INFO neutron.plugins.ml2.drivers.ovn.mech_driver.mech_driver [None req-3c1d1fd8-5c1a-4eb4-b6fb-6bbac59d8093 - - - - - -] OVN reports status up for port: 01110414-333c-4bdb-83fb-3d5e79c02737
2026-06-22 03:09:46.474 10 INFO neutron.db.ovn_revision_numbers_db [None req-60b81b84-04ea-4d1c-844c-35ad29a15ccd 995443913f674e018dccae376be97077 4bb17ac0aa45476aa87e5845b8a62079 - - default default] Successfully bumped revision number for resource 01110414-333c-4bdb-83fb-3d5e79c02737 (type: router_ports) to 2
2026-06-22 03:09:46.486 9 INFO neutron.plugins.ml2.plugin [None req-3c1d1fd8-5c1a-4eb4-b6fb-6bbac59d8093 - - - - - -] Attempt 1 to provision port 01110414-333c-4bdb-83fb-3d5e79c02737
2026-06-22 03:09:46.630 9 INFO neutron.db.ovn_revision_numbers_db [None req-749671b8-f2d5-4bf2-817a-81eb95413c7f - - - - - -] Successfully bumped revision number for resource 040285f0-7f02-417a-b7a9-95d0369e769d (type: ports) to 2
2026-06-22 03:09:46.641 10 INFO neutron.db.ovn_revision_numbers_db [None req-60b81b84-04ea-4d1c-844c-35ad29a15ccd 995443913f674e018dccae376be97077 4bb17ac0aa45476aa87e5845b8a62079 - - default default] Successfully bumped revision number for resource 01110414-333c-4bdb-83fb-3d5e79c02737 (type: ports) to 2
2026-06-22 03:09:46.725 10 WARNING neutron.scheduler.dhcp_agent_scheduler [None req-60b81b84-04ea-4d1c-844c-35ad29a15ccd 995443913f674e018dccae376be97077 4bb17ac0aa45476aa87e5845b8a62079 - - default default] No more DHCP agents
2026-06-22 03:09:46.727 10 WARNING neutron.api.rpc.agentnotifiers.dhcp_rpc_agent_api [None req-60b81b84-04ea-4d1c-844c-35ad29a15ccd 995443913f674e018dccae376be97077 4bb17ac0aa45476aa87e5845b8a62079 - - default default] Unable to schedule network 63c5923c-6652-436f-9629-f1019f674492: no agents available; will retry on subsequent port and subnet creation events.
2026-06-22 03:09:46.824 9 INFO neutron.db.ovn_revision_numbers_db [None req-3c1d1fd8-5c1a-4eb4-b6fb-6bbac59d8093 - - - - - -] Successfully bumped revision number for resource 01110414-333c-4bdb-83fb-3d5e79c02737 (type: ports) to 3
2026-06-22 03:09:47.009 9 INFO neutron.db.ovn_revision_numbers_db [None req-749671b8-f2d5-4bf2-817a-81eb95413c7f - - - - - -] Successfully bumped revision number for resource 040285f0-7f02-417a-b7a9-95d0369e769d (type: ports) to 4
2026-06-22 03:09:47.016 9 INFO neutron.db.ovn_revision_numbers_db [None req-3c1d1fd8-5c1a-4eb4-b6fb-6bbac59d8093 - - - - - -] Successfully bumped revision number for resource 01110414-333c-4bdb-83fb-3d5e79c02737 (type: router_ports) to 3
2026-06-22 03:09:47.167 9 INFO neutron.db.ovn_revision_numbers_db [None req-00a79c57-b875-4751-959d-8ba258d72080 995443913f674e018dccae376be97077 4bb17ac0aa45476aa87e5845b8a62079 - - default default] Successfully bumped revision number for resource 35463f28-03f8-4327-887b-8206cc321de5 (type: security_groups) to 1
2026-06-22 03:09:47.219 9 INFO neutron.wsgi [None req-00a79c57-b875-4751-959d-8ba258d72080 995443913f674e018dccae376be97077 4bb17ac0aa45476aa87e5845b8a62079 - - default default] 10.0.0.157 "GET /v2.0/security-groups?tenant_id=152fc8ed7aa34e20835cae80ed67e87b&name=default HTTP/1.1" status: 200 len: 2996 time: 0.4254761
2026-06-22 03:09:47.381 9 INFO neutron.db.ovn_revision_numbers_db [None req-749671b8-f2d5-4bf2-817a-81eb95413c7f - - - - - -] Successfully bumped revision number for resource 040285f0-7f02-417a-b7a9-95d0369e769d (type: router_ports) to 4
2026-06-22 03:09:47.481 9 INFO neutron.wsgi [None req-b4683df7-90fb-4ac2-a2f3-f746a813967c 995443913f674e018dccae376be97077 4bb17ac0aa45476aa87e5845b8a62079 - - - -] 10.0.0.157 "DELETE /v2.0/security-groups/35463f28-03f8-4327-887b-8206cc321de5 HTTP/1.1" status: 204 len: 168 time: 0.2571323
2026-06-22 03:09:47.549 10 INFO neutron.db.ovn_revision_numbers_db [None req-ca4ca485-0cbb-4611-8340-789f56fc9674 995443913f674e018dccae376be97077 4bb17ac0aa45476aa87e5845b8a62079 - - default default] Successfully bumped revision number for resource efe078f8-50cf-4f6d-9ab2-3dc37fe60793 (type: security_groups) to 1
2026-06-22 03:09:47.599 10 INFO neutron.wsgi [None req-ca4ca485-0cbb-4611-8340-789f56fc9674 995443913f674e018dccae376be97077 4bb17ac0aa45476aa87e5845b8a62079 - - default default] 10.0.0.157 "GET /v2.0/security-groups?tenant_id=d2e016deca014b6998bcceadd414f050&name=default HTTP/1.1" status: 200 len: 2996 time: 0.8092697
2026-06-22 03:09:47.688 9 INFO neutron.db.ovn_revision_numbers_db [None req-eaa6b373-321a-4179-9f9f-8f1c5ca13cf3 995443913f674e018dccae376be97077 4bb17ac0aa45476aa87e5845b8a62079 - - default default] Successfully bumped revision number for resource 06715fb5-edb5-44ad-b974-10c889d9c203 (type: security_groups) to 1
2026-06-22 03:09:47.711 9 INFO neutron.wsgi [None req-eaa6b373-321a-4179-9f9f-8f1c5ca13cf3 995443913f674e018dccae376be97077 4bb17ac0aa45476aa87e5845b8a62079 - - default default] 10.0.0.157 "GET /v2.0/security-groups?tenant_id=d033af10004446dabae728dc99135785&name=default HTTP/1.1" status: 200 len: 2996 time: 0.1287031
2026-06-22 03:09:47.773 10 INFO neutron.db.ovn_revision_numbers_db [None req-60b81b84-04ea-4d1c-844c-35ad29a15ccd 995443913f674e018dccae376be97077 4bb17ac0aa45476aa87e5845b8a62079 - - - -] Successfully bumped revision number for resource 01110414-333c-4bdb-83fb-3d5e79c02737 (type: router_ports) to 3
2026-06-22 03:09:47.775 10 INFO neutron.wsgi [None req-60b81b84-04ea-4d1c-844c-35ad29a15ccd 995443913f674e018dccae376be97077 4bb17ac0aa45476aa87e5845b8a62079 - - - -] 10.0.0.157 "PUT /v2.0/routers/4fcf0c1c-f471-43b6-9ce1-3860bd4b5504/add_router_interface HTTP/1.1" status: 200 len: 503 time: 2.7147043
2026-06-22 03:09:47.889 10 INFO neutron.wsgi [None req-36668f3c-081e-4208-b261-1c7d6e1d8563 995443913f674e018dccae376be97077 4bb17ac0aa45476aa87e5845b8a62079 - - - -] 10.0.0.157 "DELETE /v2.0/security-groups/efe078f8-50cf-4f6d-9ab2-3dc37fe60793 HTTP/1.1" status: 204 len: 168 time: 0.2851641
2026-06-22 03:09:47.915 9 INFO neutron.wsgi [None req-1f057d35-78e8-44ab-8ab9-e7dd2f09b2ea 995443913f674e018dccae376be97077 4bb17ac0aa45476aa87e5845b8a62079 - - - -] 10.0.0.157 "DELETE /v2.0/security-groups/06715fb5-edb5-44ad-b974-10c889d9c203 HTTP/1.1" status: 204 len: 168 time: 0.1980309
2026-06-22 03:09:49.148 9 INFO neutron.db.ovn_revision_numbers_db [None req-ac2bad56-f6bd-4c22-bf7c-e76d81d667b9 995443913f674e018dccae376be97077 4bb17ac0aa45476aa87e5845b8a62079 - - - -] Successfully bumped revision number for resource 0d52db83-469a-40b7-9458-d75162fa9a50 (type: security_groups) to 1
2026-06-22 03:09:49.200 9 INFO neutron.db.segments_db [None req-ac2bad56-f6bd-4c22-bf7c-e76d81d667b9 995443913f674e018dccae376be97077 4bb17ac0aa45476aa87e5845b8a62079 - - - -] Added segment 71780377-aa18-4534-96ba-7131884a831b of type geneve for network e4bf5d81-7bf9-48d0-9abf-75f9f7d32eb1
2026-06-22 03:09:49.349 9 INFO neutron.db.ovn_revision_numbers_db [None req-ac2bad56-f6bd-4c22-bf7c-e76d81d667b9 995443913f674e018dccae376be97077 4bb17ac0aa45476aa87e5845b8a62079 - - - -] Successfully bumped revision number for resource e4bf5d81-7bf9-48d0-9abf-75f9f7d32eb1 (type: networks) to 1
2026-06-22 03:09:49.531 9 WARNING neutron.scheduler.dhcp_agent_scheduler [None req-ac2bad56-f6bd-4c22-bf7c-e76d81d667b9 995443913f674e018dccae376be97077 4bb17ac0aa45476aa87e5845b8a62079 - - - -] No more DHCP agents
2026-06-22 03:09:49.532 9 WARNING neutron.api.rpc.agentnotifiers.dhcp_rpc_agent_api [None req-ac2bad56-f6bd-4c22-bf7c-e76d81d667b9 995443913f674e018dccae376be97077 4bb17ac0aa45476aa87e5845b8a62079 - - - -] Unable to schedule network e4bf5d81-7bf9-48d0-9abf-75f9f7d32eb1: no agents available; will retry on subsequent port and subnet creation events.
2026-06-22 03:09:49.597 9 INFO neutron.db.ovn_revision_numbers_db [None req-ac2bad56-f6bd-4c22-bf7c-e76d81d667b9 995443913f674e018dccae376be97077 4bb17ac0aa45476aa87e5845b8a62079 - - - -] Successfully bumped revision number for resource 1a3d8daa-6071-44c4-821c-bcf5844ddad7 (type: ports) to 1
2026-06-22 03:09:49.618 9 INFO neutron.wsgi [None req-ac2bad56-f6bd-4c22-bf7c-e76d81d667b9 995443913f674e018dccae376be97077 4bb17ac0aa45476aa87e5845b8a62079 - - - -] 10.0.0.157 "POST /v2.0/networks HTTP/1.1" status: 201 len: 943 time: 0.6187761
2026-06-22 03:09:49.789 9 WARNING neutron.scheduler.dhcp_agent_scheduler [None req-70653434-966e-4557-b13f-cea99bf0c3ab 995443913f674e018dccae376be97077 4bb17ac0aa45476aa87e5845b8a62079 - - - -] No more DHCP agents
2026-06-22 03:09:49.792 9 WARNING neutron.api.rpc.agentnotifiers.dhcp_rpc_agent_api [None req-70653434-966e-4557-b13f-cea99bf0c3ab 995443913f674e018dccae376be97077 4bb17ac0aa45476aa87e5845b8a62079 - - - -] Unable to schedule network e4bf5d81-7bf9-48d0-9abf-75f9f7d32eb1: no agents available; will retry on subsequent port and subnet creation events.
2026-06-22 03:09:50.365 9 INFO neutron.db.ovn_revision_numbers_db [None req-70653434-966e-4557-b13f-cea99bf0c3ab 995443913f674e018dccae376be97077 4bb17ac0aa45476aa87e5845b8a62079 - - - -] Successfully bumped revision number for resource 1a3d8daa-6071-44c4-821c-bcf5844ddad7 (type: ports) to 2
2026-06-22 03:09:50.382 9 INFO neutron.db.ovn_revision_numbers_db [None req-70653434-966e-4557-b13f-cea99bf0c3ab 995443913f674e018dccae376be97077 4bb17ac0aa45476aa87e5845b8a62079 - - - -] Successfully bumped revision number for resource 8871d1c5-56f4-4f15-91c1-d5e3a550e807 (type: subnets) to 0
2026-06-22 03:09:50.398 9 INFO neutron.wsgi [None req-70653434-966e-4557-b13f-cea99bf0c3ab 995443913f674e018dccae376be97077 4bb17ac0aa45476aa87e5845b8a62079 - - - -] 10.0.0.157 "POST /v2.0/subnets HTTP/1.1" status: 201 len: 863 time: 0.7735951
2026-06-22 03:09:51.219 9 INFO neutron.wsgi [None req-484fc8e5-95f4-4ebf-ab9e-8ea9eb63bba0 807d67890e7f46309c34c6e6170e5aab b87779467fd74e0798b629d0f8cb8e26 - - default default] 10.0.0.97 "GET /v2.0/extensions HTTP/1.1" status: 200 len: 16525 time: 0.1519210
2026-06-22 03:09:51.352 10 INFO neutron.wsgi [None req-80d0e8e2-d408-4973-8fd9-bed8beac04a9 807d67890e7f46309c34c6e6170e5aab b87779467fd74e0798b629d0f8cb8e26 - - default default] 10.0.0.97 "GET /v2.0/quotas/b87779467fd74e0798b629d0f8cb8e26/details HTTP/1.1" status: 200 len: 756 time: 0.1161082
2026-06-22 03:09:51.420 9 WARNING neutron.scheduler.dhcp_agent_scheduler [None req-4f368c8d-3cda-4867-af3f-071ae44fbf9d 995443913f674e018dccae376be97077 4bb17ac0aa45476aa87e5845b8a62079 - - - -] No more DHCP agents
2026-06-22 03:09:51.424 9 WARNING neutron.api.rpc.agentnotifiers.dhcp_rpc_agent_api [None req-4f368c8d-3cda-4867-af3f-071ae44fbf9d 995443913f674e018dccae376be97077 4bb17ac0aa45476aa87e5845b8a62079 - - - -] Unable to schedule network 9c803c74-4730-478b-81e3-55f84c7e6c67: no agents available; will retry on subsequent port and subnet creation events.
2026-06-22 03:09:51.586 9 INFO neutron.db.ovn_revision_numbers_db [None req-4f368c8d-3cda-4867-af3f-071ae44fbf9d 995443913f674e018dccae376be97077 4bb17ac0aa45476aa87e5845b8a62079 - - - -] Successfully bumped revision number for resource a1d13c73-2dec-4f53-9f42-8fe8044bb366 (type: ports) to 1
2026-06-22 03:09:52.322 10 INFO neutron.plugins.ml2.drivers.ovn.mech_driver.mech_driver [None req-e076f914-9f6d-4367-9385-e1e3bafb5fc7 - - - - - -] OVN reports status up for port: a1d13c73-2dec-4f53-9f42-8fe8044bb366
2026-06-22 03:09:52.332 10 INFO neutron.plugins.ml2.plugin [None req-e076f914-9f6d-4367-9385-e1e3bafb5fc7 - - - - - -] Attempt 1 to provision port a1d13c73-2dec-4f53-9f42-8fe8044bb366
2026-06-22 03:09:52.339 10 INFO neutron.plugins.ml2.drivers.ovn.mech_driver.ovsdb.ovsdb_monitor [None req-ad0a1502-eb79-4c15-994d-11ad40d69018 - - - - - -] Router 0f33442c-3323-47cf-8df8-fcb4fa5d94a5 is bound to host instance
2026-06-22 03:09:52.344 9 INFO neutron.db.ovn_revision_numbers_db [None req-4f368c8d-3cda-4867-af3f-071ae44fbf9d 995443913f674e018dccae376be97077 4bb17ac0aa45476aa87e5845b8a62079 - - - -] Successfully bumped revision number for resource a1d13c73-2dec-4f53-9f42-8fe8044bb366 (type: router_ports) to 1
2026-06-22 03:09:52.431 9 INFO neutron.db.ovn_revision_numbers_db [None req-4f368c8d-3cda-4867-af3f-071ae44fbf9d 995443913f674e018dccae376be97077 4bb17ac0aa45476aa87e5845b8a62079 - - - -] Successfully bumped revision number for resource 0f33442c-3323-47cf-8df8-fcb4fa5d94a5 (type: routers) to 3
2026-06-22 03:09:52.467 9 INFO neutron.wsgi [None req-4f368c8d-3cda-4867-af3f-071ae44fbf9d 995443913f674e018dccae376be97077 4bb17ac0aa45476aa87e5845b8a62079 - - - -] 10.0.0.157 "POST /v2.0/routers HTTP/1.1" status: 201 len: 874 time: 2.0634458
2026-06-22 03:09:52.575 9 WARNING neutron.plugins.ml2.drivers.ovn.mech_driver.ovsdb.ovn_client [None req-3c1d1fd8-5c1a-4eb4-b6fb-6bbac59d8093 - - - - - -] No hosting information found for port 01110414-333c-4bdb-83fb-3d5e79c02737: RuntimeError: No hosting information found for port 01110414-333c-4bdb-83fb-3d5e79c02737
2026-06-22 03:09:53.521 10 INFO neutron.db.ovn_revision_numbers_db [None req-ad0a1502-eb79-4c15-994d-11ad40d69018 - - - - - -] Successfully bumped revision number for resource a1d13c73-2dec-4f53-9f42-8fe8044bb366 (type: ports) to 1
2026-06-22 03:09:53.530 10 WARNING neutron.scheduler.dhcp_agent_scheduler [None req-bae76b1b-7209-4fce-bb50-6f90efcdfe8b 995443913f674e018dccae376be97077 4bb17ac0aa45476aa87e5845b8a62079 - - default default] No more DHCP agents
2026-06-22 03:09:53.534 10 WARNING neutron.api.rpc.agentnotifiers.dhcp_rpc_agent_api [None req-bae76b1b-7209-4fce-bb50-6f90efcdfe8b 995443913f674e018dccae376be97077 4bb17ac0aa45476aa87e5845b8a62079 - - default default] Unable to schedule network e4bf5d81-7bf9-48d0-9abf-75f9f7d32eb1: no agents available; will retry on subsequent port and subnet creation events.
2026-06-22 03:09:53.761 10 INFO neutron.db.ovn_revision_numbers_db [None req-bae76b1b-7209-4fce-bb50-6f90efcdfe8b 995443913f674e018dccae376be97077 4bb17ac0aa45476aa87e5845b8a62079 - - default default] Successfully bumped revision number for resource 3da3c05c-0759-4345-aee7-428f723c27c6 (type: ports) to 1
2026-06-22 03:09:53.825 9 INFO neutron.wsgi [None req-c4bdf280-4892-4adf-9f73-f60cf89ef690 807d67890e7f46309c34c6e6170e5aab b87779467fd74e0798b629d0f8cb8e26 - - default default] 10.0.0.97 "GET /v2.0/extensions HTTP/1.1" status: 200 len: 16525 time: 0.0087752
2026-06-22 03:09:53.891 10 INFO neutron.db.ovn_revision_numbers_db [None req-ad0a1502-eb79-4c15-994d-11ad40d69018 - - - - - -] Successfully bumped revision number for resource a1d13c73-2dec-4f53-9f42-8fe8044bb366 (type: router_ports) to 3
2026-06-22 03:09:53.954 9 INFO neutron.wsgi [None req-9731aab9-7d1c-4945-a6ff-905b3d7dc8bf 807d67890e7f46309c34c6e6170e5aab b87779467fd74e0798b629d0f8cb8e26 - - default default] 10.0.0.97 "GET /v2.0/quotas/b87779467fd74e0798b629d0f8cb8e26/details HTTP/1.1" status: 200 len: 756 time: 0.1127768
2026-06-22 03:09:54.112 10 INFO neutron.db.ovn_revision_numbers_db [None req-ad0a1502-eb79-4c15-994d-11ad40d69018 - - - - - -] Successfully bumped revision number for resource a1d13c73-2dec-4f53-9f42-8fe8044bb366 (type: ports) to 2
2026-06-22 03:09:54.410 10 INFO neutron.db.ovn_revision_numbers_db [None req-bae76b1b-7209-4fce-bb50-6f90efcdfe8b 995443913f674e018dccae376be97077 4bb17ac0aa45476aa87e5845b8a62079 - - default default] Successfully bumped revision number for resource 3da3c05c-0759-4345-aee7-428f723c27c6 (type: router_ports) to 2
2026-06-22 03:09:54.483 10 INFO neutron.db.ovn_revision_numbers_db [None req-ad0a1502-eb79-4c15-994d-11ad40d69018 - - - - - -] Successfully bumped revision number for resource a1d13c73-2dec-4f53-9f42-8fe8044bb366 (type: ports) to 4
2026-06-22 03:09:54.628 10 INFO neutron.db.ovn_revision_numbers_db [None req-bae76b1b-7209-4fce-bb50-6f90efcdfe8b 995443913f674e018dccae376be97077 4bb17ac0aa45476aa87e5845b8a62079 - - default default] Successfully bumped revision number for resource 3da3c05c-0759-4345-aee7-428f723c27c6 (type: ports) to 2
2026-06-22 03:09:54.727 10 WARNING neutron.scheduler.dhcp_agent_scheduler [None req-bae76b1b-7209-4fce-bb50-6f90efcdfe8b 995443913f674e018dccae376be97077 4bb17ac0aa45476aa87e5845b8a62079 - - default default] No more DHCP agents
2026-06-22 03:09:54.730 10 WARNING neutron.api.rpc.agentnotifiers.dhcp_rpc_agent_api [None req-bae76b1b-7209-4fce-bb50-6f90efcdfe8b 995443913f674e018dccae376be97077 4bb17ac0aa45476aa87e5845b8a62079 - - default default] Unable to schedule network e4bf5d81-7bf9-48d0-9abf-75f9f7d32eb1: no agents available; will retry on subsequent port and subnet creation events.
2026-06-22 03:09:55.222 10 INFO neutron.plugins.ml2.drivers.ovn.mech_driver.mech_driver [None req-e076f914-9f6d-4367-9385-e1e3bafb5fc7 - - - - - -] OVN reports status up for port: 3da3c05c-0759-4345-aee7-428f723c27c6
2026-06-22 03:09:55.241 10 INFO neutron.plugins.ml2.plugin [None req-e076f914-9f6d-4367-9385-e1e3bafb5fc7 - - - - - -] Attempt 1 to provision port 3da3c05c-0759-4345-aee7-428f723c27c6
2026-06-22 03:09:55.246 10 INFO neutron.db.ovn_revision_numbers_db [None req-ad0a1502-eb79-4c15-994d-11ad40d69018 - - - - - -] Successfully bumped revision number for resource a1d13c73-2dec-4f53-9f42-8fe8044bb366 (type: router_ports) to 4
2026-06-22 03:09:55.672 10 INFO neutron.db.ovn_revision_numbers_db [None req-e076f914-9f6d-4367-9385-e1e3bafb5fc7 - - - - - -] Successfully bumped revision number for resource 3da3c05c-0759-4345-aee7-428f723c27c6 (type: ports) to 3
2026-06-22 03:09:55.819 10 INFO neutron.wsgi [-] 10.0.0.99 "GET / HTTP/1.1" status: 200 len: 247 time: 0.0015495
2026-06-22 03:09:55.820 9 INFO neutron.wsgi [-] 10.0.0.99 "GET / HTTP/1.1" status: 200 len: 247 time: 0.0035176
2026-06-22 03:09:55.867 10 INFO neutron.db.ovn_revision_numbers_db [None req-e076f914-9f6d-4367-9385-e1e3bafb5fc7 - - - - - -] Successfully bumped revision number for resource 3da3c05c-0759-4345-aee7-428f723c27c6 (type: router_ports) to 3
2026-06-22 03:09:55.952 10 INFO neutron.wsgi [None req-bae76b1b-7209-4fce-bb50-6f90efcdfe8b 995443913f674e018dccae376be97077 4bb17ac0aa45476aa87e5845b8a62079 - - - -] 10.0.0.157 "PUT /v2.0/routers/0f33442c-3323-47cf-8df8-fcb4fa5d94a5/add_router_interface HTTP/1.1" status: 200 len: 503 time: 3.4769027
2026-06-22 03:09:56.722 10 INFO neutron.db.ovn_revision_numbers_db [None req-829427a3-d7aa-4d63-8f22-07efc44fd028 992e14b3b71f4fff891742747578a332 d7c9fe89c4b14183ba10d14c764d2ff1 - - - -] Successfully bumped revision number for resource 2b178292-729d-4d03-930b-5ecbc7162ec0 (type: security_groups) to 1
2026-06-22 03:09:56.753 10 INFO neutron.wsgi [None req-829427a3-d7aa-4d63-8f22-07efc44fd028 992e14b3b71f4fff891742747578a332 d7c9fe89c4b14183ba10d14c764d2ff1 - - - -] 10.0.0.157 "POST /v2.0/security-groups HTTP/1.1" status: 201 len: 1811 time: 0.1480215
2026-06-22 03:09:56.904 10 INFO neutron.db.ovn_revision_numbers_db [None req-d9691976-f2fe-4fcd-81c2-21c2787b2da8 992e14b3b71f4fff891742747578a332 d7c9fe89c4b14183ba10d14c764d2ff1 - - - -] Successfully bumped revision number for resource 3ed8d2dc-ad75-43f8-831e-8608157a65b7 (type: security_group_rules) to 0
2026-06-22 03:09:56.934 9 INFO neutron.db.ovn_revision_numbers_db [None req-1cf6f98f-7233-4f8f-a0ab-d16cb7ffe51e 995443913f674e018dccae376be97077 4bb17ac0aa45476aa87e5845b8a62079 - - default default] Successfully bumped revision number for resource eab158b0-b796-46df-afcb-07d3a69396a4 (type: security_groups) to 1
2026-06-22 03:09:56.946 10 INFO neutron.wsgi [None req-d9691976-f2fe-4fcd-81c2-21c2787b2da8 992e14b3b71f4fff891742747578a332 d7c9fe89c4b14183ba10d14c764d2ff1 - - - -] 10.0.0.157 "POST /v2.0/security-group-rules HTTP/1.1" status: 201 len: 764 time: 0.1853991
2026-06-22 03:09:56.961 9 INFO neutron.wsgi [None req-1cf6f98f-7233-4f8f-a0ab-d16cb7ffe51e 995443913f674e018dccae376be97077 4bb17ac0aa45476aa87e5845b8a62079 - - default default] 10.0.0.157 "GET /v2.0/security-groups?tenant_id=b87779467fd74e0798b629d0f8cb8e26&name=default HTTP/1.1" status: 200 len: 2996 time: 0.2871037
2026-06-22 03:09:57.128 10 INFO neutron.db.ovn_revision_numbers_db [None req-e3ce7b1d-89f0-4d63-bd09-1a9460a34186 992e14b3b71f4fff891742747578a332 d7c9fe89c4b14183ba10d14c764d2ff1 - - - -] Successfully bumped revision number for resource 78207e07-63db-4191-82f7-6515b2aaa497 (type: security_group_rules) to 0
2026-06-22 03:09:57.158 10 INFO neutron.wsgi [None req-e3ce7b1d-89f0-4d63-bd09-1a9460a34186 992e14b3b71f4fff891742747578a332 d7c9fe89c4b14183ba10d14c764d2ff1 - - - -] 10.0.0.157 "POST /v2.0/security-group-rules HTTP/1.1" status: 201 len: 763 time: 0.2065866
2026-06-22 03:09:57.230 9 INFO neutron.wsgi [None req-1f775789-95d4-4c28-b848-15f923360819 995443913f674e018dccae376be97077 4bb17ac0aa45476aa87e5845b8a62079 - - - -] 10.0.0.157 "DELETE /v2.0/security-groups/eab158b0-b796-46df-afcb-07d3a69396a4 HTTP/1.1" status: 204 len: 168 time: 0.2639744
2026-06-22 03:09:57.326 10 INFO neutron.db.ovn_revision_numbers_db [None req-bbb8917b-d1d1-4d30-b118-30039be89659 992e14b3b71f4fff891742747578a332 d7c9fe89c4b14183ba10d14c764d2ff1 - - - -] Successfully bumped revision number for resource ebfa7d1e-187d-4f6c-baaf-d48eff91ff72 (type: security_group_rules) to 0
2026-06-22 03:09:57.362 10 INFO neutron.wsgi [None req-bbb8917b-d1d1-4d30-b118-30039be89659 992e14b3b71f4fff891742747578a332 d7c9fe89c4b14183ba10d14c764d2ff1 - - - -] 10.0.0.157 "POST /v2.0/security-group-rules HTTP/1.1" status: 201 len: 769 time: 0.1980793
2026-06-22 03:09:57.513 10 INFO neutron.db.ovn_revision_numbers_db [None req-cffc04d2-1cd2-4862-83b9-a09a885b6b43 992e14b3b71f4fff891742747578a332 d7c9fe89c4b14183ba10d14c764d2ff1 - - - -] Successfully bumped revision number for resource b193216d-80b8-4626-bfc1-420443c9e4bf (type: security_group_rules) to 0
2026-06-22 03:09:57.541 10 INFO neutron.wsgi [None req-cffc04d2-1cd2-4862-83b9-a09a885b6b43 992e14b3b71f4fff891742747578a332 d7c9fe89c4b14183ba10d14c764d2ff1 - - - -] 10.0.0.157 "POST /v2.0/security-group-rules HTTP/1.1" status: 201 len: 768 time: 0.1723540
2026-06-22 03:09:57.575 10 INFO neutron.db.securitygroups_db [None req-4b998910-631c-4e72-954b-a234cb51efb4 992e14b3b71f4fff891742747578a332 d7c9fe89c4b14183ba10d14c764d2ff1 - - - -] Project d7c9fe89c4b14183ba10d14c764d2ff1 added a security group rule with legacy IPv6 ICMP protocol name icmp, ipv6-icmp should be used instead. It was automatically converted.
2026-06-22 03:09:57.709 10 INFO neutron.db.ovn_revision_numbers_db [None req-4b998910-631c-4e72-954b-a234cb51efb4 992e14b3b71f4fff891742747578a332 d7c9fe89c4b14183ba10d14c764d2ff1 - - - -] Successfully bumped revision number for resource 4dcb974f-9092-46e6-8df8-e1288baed110 (type: security_group_rules) to 0
2026-06-22 03:09:57.747 10 INFO neutron.wsgi [None req-4b998910-631c-4e72-954b-a234cb51efb4 992e14b3b71f4fff891742747578a332 d7c9fe89c4b14183ba10d14c764d2ff1 - - - -] 10.0.0.157 "POST /v2.0/security-group-rules HTTP/1.1" status: 201 len: 774 time: 0.1993928
2026-06-22 03:09:57.789 10 INFO neutron.db.securitygroups_db [None req-915cb760-534c-4e7c-a7e3-ae148be6c90f 992e14b3b71f4fff891742747578a332 d7c9fe89c4b14183ba10d14c764d2ff1 - - - -] Project d7c9fe89c4b14183ba10d14c764d2ff1 added a security group rule with legacy IPv6 ICMP protocol name icmp, ipv6-icmp should be used instead. It was automatically converted.
2026-06-22 03:09:57.903 10 INFO neutron.db.ovn_revision_numbers_db [None req-915cb760-534c-4e7c-a7e3-ae148be6c90f 992e14b3b71f4fff891742747578a332 d7c9fe89c4b14183ba10d14c764d2ff1 - - - -] Successfully bumped revision number for resource 65aa1b38-6526-49a6-94e8-25ecebc44fe3 (type: security_group_rules) to 0
2026-06-22 03:09:57.940 10 INFO neutron.wsgi [None req-915cb760-534c-4e7c-a7e3-ae148be6c90f 992e14b3b71f4fff891742747578a332 d7c9fe89c4b14183ba10d14c764d2ff1 - - - -] 10.0.0.157 "POST /v2.0/security-group-rules HTTP/1.1" status: 201 len: 773 time: 0.1848042
2026-06-22 03:09:58.504 10 INFO neutron.db.ovn_revision_numbers_db [None req-fd736a04-e2e8-4236-b1c8-212c6b78f2a8 992e14b3b71f4fff891742747578a332 d7c9fe89c4b14183ba10d14c764d2ff1 - - - -] Successfully bumped revision number for resource 81383f76-a81a-49b1-afd1-c1ceb5ae82b4 (type: security_groups) to 1
2026-06-22 03:09:58.530 10 INFO neutron.wsgi [None req-fd736a04-e2e8-4236-b1c8-212c6b78f2a8 992e14b3b71f4fff891742747578a332 d7c9fe89c4b14183ba10d14c764d2ff1 - - - -] 10.0.0.157 "POST /v2.0/security-groups HTTP/1.1" status: 201 len: 1795 time: 0.1328788
2026-06-22 03:09:58.672 10 INFO neutron.db.ovn_revision_numbers_db [None req-f036c3f9-4e31-408b-a623-3819372d6387 992e14b3b71f4fff891742747578a332 d7c9fe89c4b14183ba10d14c764d2ff1 - - - -] Successfully bumped revision number for resource 93d92c94-c974-444c-a926-1e28261a61a0 (type: security_group_rules) to 0
2026-06-22 03:09:58.714 10 INFO neutron.wsgi [None req-f036c3f9-4e31-408b-a623-3819372d6387 992e14b3b71f4fff891742747578a332 d7c9fe89c4b14183ba10d14c764d2ff1 - - - -] 10.0.0.157 "POST /v2.0/security-group-rules HTTP/1.1" status: 201 len: 764 time: 0.1759577
2026-06-22 03:09:58.859 10 INFO neutron.db.ovn_revision_numbers_db [None req-3ecd6b2f-0ee1-4e2e-b35b-481dbd2b6339 992e14b3b71f4fff891742747578a332 d7c9fe89c4b14183ba10d14c764d2ff1 - - - -] Successfully bumped revision number for resource 180b1210-bb6f-4e3a-90bd-19745d60d21e (type: security_group_rules) to 0
2026-06-22 03:09:58.892 10 INFO neutron.wsgi [None req-3ecd6b2f-0ee1-4e2e-b35b-481dbd2b6339 992e14b3b71f4fff891742747578a332 d7c9fe89c4b14183ba10d14c764d2ff1 - - - -] 10.0.0.157 "POST /v2.0/security-group-rules HTTP/1.1" status: 201 len: 769 time: 0.1713521
2026-06-22 03:09:59.298 10 WARNING neutron.scheduler.dhcp_agent_scheduler [None req-3911b42d-665b-43c6-b0c5-434fe7584fc1 992e14b3b71f4fff891742747578a332 d7c9fe89c4b14183ba10d14c764d2ff1 - - - -] No more DHCP agents
2026-06-22 03:09:59.301 10 WARNING neutron.api.rpc.agentnotifiers.dhcp_rpc_agent_api [None req-3911b42d-665b-43c6-b0c5-434fe7584fc1 992e14b3b71f4fff891742747578a332 d7c9fe89c4b14183ba10d14c764d2ff1 - - - -] Unable to schedule network 9c803c74-4730-478b-81e3-55f84c7e6c67: no agents available; will retry on subsequent port and subnet creation events.
2026-06-22 03:09:59.711 10 INFO neutron.db.ovn_revision_numbers_db [None req-3911b42d-665b-43c6-b0c5-434fe7584fc1 992e14b3b71f4fff891742747578a332 d7c9fe89c4b14183ba10d14c764d2ff1 - - - -] Successfully bumped revision number for resource 16755bee-706f-43cc-800a-50363af2908c (type: floatingips) to 0
2026-06-22 03:09:59.729 10 INFO neutron.wsgi [None req-3911b42d-665b-43c6-b0c5-434fe7584fc1 992e14b3b71f4fff891742747578a332 d7c9fe89c4b14183ba10d14c764d2ff1 - - - -] 10.0.0.157 "POST /v2.0/floatingips HTTP/1.1" status: 201 len: 751 time: 0.8322108
2026-06-22 03:09:59.867 10 INFO neutron.wsgi [req-b5c0acc5-90c0-4148-b3ef-74126c996d36 req-995bd7b8-d58d-426f-b1a0-bac7ec52a337 992e14b3b71f4fff891742747578a332 d7c9fe89c4b14183ba10d14c764d2ff1 - - default default] 10.0.0.168 "GET /v2.0/security-groups?name=tempest-secgroup-smoke-1427694284&fields=id&tenant_id=d7c9fe89c4b14183ba10d14c764d2ff1 HTTP/1.1" status: 200 len: 267 time: 0.0464499
2026-06-22 03:09:59.915 10 INFO neutron.wsgi [req-b5c0acc5-90c0-4148-b3ef-74126c996d36 req-2734bf89-5a40-40c2-81fe-5d542fd98db8 992e14b3b71f4fff891742747578a332 d7c9fe89c4b14183ba10d14c764d2ff1 - - default default] 10.0.0.168 "GET /v2.0/security-groups?name=tempest-securitygroup--150023132&fields=id&tenant_id=d7c9fe89c4b14183ba10d14c764d2ff1 HTTP/1.1" status: 200 len: 267 time: 0.0381541
2026-06-22 03:10:00.001 10 INFO neutron.wsgi [req-b5c0acc5-90c0-4148-b3ef-74126c996d36 req-666b8b29-05e6-4836-b0a4-363a75d7e80a 992e14b3b71f4fff891742747578a332 d7c9fe89c4b14183ba10d14c764d2ff1 - - default default] 10.0.0.168 "GET /v2.0/networks?id=63c5923c-6652-436f-9629-f1019f674492 HTTP/1.1" status: 200 len: 871 time: 0.0779383
2026-06-22 03:10:00.024 10 INFO neutron.wsgi [req-b5c0acc5-90c0-4148-b3ef-74126c996d36 req-2a4ab11e-a5b5-4aaa-a810-6a7a92f4a71a 992e14b3b71f4fff891742747578a332 d7c9fe89c4b14183ba10d14c764d2ff1 - - default default] 10.0.0.168 "GET /v2.0/quotas/d7c9fe89c4b14183ba10d14c764d2ff1 HTTP/1.1" status: 200 len: 386 time: 0.0141912
2026-06-22 03:10:00.168 10 INFO neutron.wsgi [req-b5c0acc5-90c0-4148-b3ef-74126c996d36 req-9b4eff74-b40a-4af3-95f9-2931413bb1a7 992e14b3b71f4fff891742747578a332 d7c9fe89c4b14183ba10d14c764d2ff1 - - default default] 10.0.0.168 "GET /v2.0/ports?tenant_id=d7c9fe89c4b14183ba10d14c764d2ff1&fields=id HTTP/1.1" status: 200 len: 302 time: 0.1344502
2026-06-22 03:10:00.271 10 INFO neutron.wsgi [req-b5c0acc5-90c0-4148-b3ef-74126c996d36 req-70926387-b833-4a8f-9ca8-6adbc036bcbf 2d638b332b1c444a82584323ecb62e98 c4f245357b9c452c928ce7cbf29b8c3f - - 8fa89142ed234466828e7144d55eecfd 8fa89142ed234466828e7144d55eecfd] 10.0.0.168 "GET /v2.0/networks/63c5923c-6652-436f-9629-f1019f674492?fields=segments HTTP/1.1" status: 200 len: 212 time: 0.0713170
2026-06-22 03:10:00.346 10 INFO neutron.wsgi [req-b5c0acc5-90c0-4148-b3ef-74126c996d36 req-c2803aa9-aa42-4ef4-b926-61787e00cc44 2d638b332b1c444a82584323ecb62e98 c4f245357b9c452c928ce7cbf29b8c3f - - 8fa89142ed234466828e7144d55eecfd 8fa89142ed234466828e7144d55eecfd] 10.0.0.168 "GET /v2.0/networks/63c5923c-6652-436f-9629-f1019f674492?fields=provider%3Aphysical_network&fields=provider%3Anetwork_type HTTP/1.1" status: 200 len: 277 time: 0.0674295
2026-06-22 03:10:00.547 10 INFO neutron.wsgi [req-c597b16f-750c-4112-a7cd-791385e49fbc req-5774b50a-da1f-41f3-8e4b-e0cafee919e3 992e14b3b71f4fff891742747578a332 d7c9fe89c4b14183ba10d14c764d2ff1 - - default default] 10.0.0.168 "GET /v2.0/ports?device_id=4772da4a-7e85-4900-8dc9-ee850db0f216 HTTP/1.1" status: 200 len: 210 time: 0.0435648
2026-06-22 03:10:01.006 10 WARNING neutron.plugins.ml2.drivers.ovn.mech_driver.ovsdb.ovn_client [None req-e076f914-9f6d-4367-9385-e1e3bafb5fc7 - - - - - -] No hosting information found for port 3da3c05c-0759-4345-aee7-428f723c27c6: RuntimeError: No hosting information found for port 3da3c05c-0759-4345-aee7-428f723c27c6
2026-06-22 03:10:01.484 9 INFO neutron.wsgi [req-b5c0acc5-90c0-4148-b3ef-74126c996d36 req-6bd44f56-2db0-46ee-9f60-1ee0a8a99d79 992e14b3b71f4fff891742747578a332 d7c9fe89c4b14183ba10d14c764d2ff1 - - default default] 199.204.45.38 "GET /v2.0/networks?id=63c5923c-6652-436f-9629-f1019f674492 HTTP/1.1" status: 200 len: 871 time: 0.1055067
2026-06-22 03:10:01.555 9 INFO neutron.wsgi [req-b5c0acc5-90c0-4148-b3ef-74126c996d36 req-8b3ae361-b12e-46f3-86f6-3e9943f0a2d8 992e14b3b71f4fff891742747578a332 d7c9fe89c4b14183ba10d14c764d2ff1 - - default default] 199.204.45.38 "GET /v2.0/security-groups?fields=id&fields=name&tenant_id=d7c9fe89c4b14183ba10d14c764d2ff1 HTTP/1.1" status: 200 len: 472 time: 0.0588520
2026-06-22 03:10:01.657 10 INFO neutron.wsgi [req-9147446c-f325-4174-98b1-dfc4f4bbae00 req-f25a5882-2dee-479e-90ad-0ba43e7ca3a5 992e14b3b71f4fff891742747578a332 d7c9fe89c4b14183ba10d14c764d2ff1 - - default default] 10.0.0.168 "GET /v2.0/ports?device_id=4772da4a-7e85-4900-8dc9-ee850db0f216 HTTP/1.1" status: 200 len: 210 time: 0.0294616
2026-06-22 03:10:01.970 9 WARNING neutron.scheduler.dhcp_agent_scheduler [None req-8402a94f-e9ff-404b-a577-93894efb725f 992e14b3b71f4fff891742747578a332 d7c9fe89c4b14183ba10d14c764d2ff1 - - - -] No more DHCP agents
2026-06-22 03:10:01.973 9 WARNING neutron.api.rpc.agentnotifiers.dhcp_rpc_agent_api [None req-8402a94f-e9ff-404b-a577-93894efb725f 992e14b3b71f4fff891742747578a332 d7c9fe89c4b14183ba10d14c764d2ff1 - - - -] Unable to schedule network 63c5923c-6652-436f-9629-f1019f674492: no agents available; will retry on subsequent port and subnet creation events.
2026-06-22 03:10:02.186 9 INFO neutron.db.ovn_revision_numbers_db [None req-8402a94f-e9ff-404b-a577-93894efb725f 992e14b3b71f4fff891742747578a332 d7c9fe89c4b14183ba10d14c764d2ff1 - - - -] Successfully bumped revision number for resource 04bff920-fa2b-4551-8718-95dffd9909fc (type: ports) to 1
2026-06-22 03:10:02.212 9 INFO neutron.wsgi [None req-8402a94f-e9ff-404b-a577-93894efb725f 992e14b3b71f4fff891742747578a332 d7c9fe89c4b14183ba10d14c764d2ff1 - - - -] 199.204.45.38 "POST /v2.0/ports HTTP/1.1" status: 201 len: 1197 time: 0.6535811 /var/lib/openstack/lib/python3.10/site-packages/pycadf/identifier.py:71: UserWarning: Invalid uuid: neutron. To ensure interoperability, identifiers should be a valid uuid. warnings.warn(('Invalid uuid: %s. To ensure interoperability, '
2026-06-22 03:10:02.373 10 INFO neutron.wsgi [None req-7c8d5c5a-65f9-427f-9ad7-013e3fb6bc8b 418924fb5116460792d4cef27bfa62a3 4029c99021d64b2ea025d753285d5543 - - - -] 10.0.0.157 "POST /v2.0/qos/policies HTTP/1.1" status: 201 len: 558 time: 0.2462890
2026-06-22 03:10:02.424 10 INFO neutron.wsgi [None req-7d2f7e52-6c76-4010-b60d-400228410948 418924fb5116460792d4cef27bfa62a3 4029c99021d64b2ea025d753285d5543 - - - -] 10.0.0.157 "POST /v2.0/qos/policies HTTP/1.1" status: 201 len: 558 time: 0.0442269
2026-06-22 03:10:02.473 10 INFO neutron.wsgi [None req-c64da061-2d8c-4f6a-a6d0-da06fb67db3e 418924fb5116460792d4cef27bfa62a3 4029c99021d64b2ea025d753285d5543 - - - -] 10.0.0.157 "POST /v2.0/qos/policies HTTP/1.1" status: 201 len: 558 time: 0.0434778
2026-06-22 03:10:02.572 9 INFO neutron.wsgi [None req-f8ddc2e5-8565-45a5-bfa4-9a843f0426b9 418924fb5116460792d4cef27bfa62a3 4029c99021d64b2ea025d753285d5543 - - - -] 10.0.0.157 "POST /v2.0/qos/policies HTTP/1.1" status: 201 len: 558 time: 0.0902126
2026-06-22 03:10:02.627 10 INFO neutron.wsgi [None req-831ab9b6-ba55-4ac2-a7e8-4f957dcb67bb 418924fb5116460792d4cef27bfa62a3 4029c99021d64b2ea025d753285d5543 - - - -] 10.0.0.157 "POST /v2.0/qos/policies HTTP/1.1" status: 201 len: 558 time: 0.0469291
2026-06-22 03:10:02.662 10 INFO neutron.wsgi [None req-12faf5d4-ecf4-43c9-a361-dc3bb3eb6bbd 418924fb5116460792d4cef27bfa62a3 4029c99021d64b2ea025d753285d5543 - - - -] 10.0.0.157 "PUT /v2.0/policies/83a63454-bbf2-48b7-99ac-1fae256082dc/tags HTTP/1.1" status: 200 len: 210 time: 0.0293245
2026-06-22 03:10:02.694 10 INFO neutron.wsgi [None req-6209a238-8dea-4a5b-a035-ece4942e1905 418924fb5116460792d4cef27bfa62a3 4029c99021d64b2ea025d753285d5543 - - - -] 10.0.0.157 "PUT /v2.0/policies/d8720ebd-558f-4a4e-8020-d5bbcc497361/tags HTTP/1.1" status: 200 len: 218 time: 0.0265057
2026-06-22 03:10:02.721 9 INFO neutron.db.ovn_revision_numbers_db [None req-31d76594-7f42-4562-a4e7-e7341a502851 2d638b332b1c444a82584323ecb62e98 c4f245357b9c452c928ce7cbf29b8c3f - - - -] Successfully bumped revision number for resource 04bff920-fa2b-4551-8718-95dffd9909fc (type: ports) to 2
2026-06-22 03:10:02.766 10 INFO neutron.wsgi [None req-6f4932c8-fe90-4631-ba98-24e7987e3351 418924fb5116460792d4cef27bfa62a3 4029c99021d64b2ea025d753285d5543 - - - -] 10.0.0.157 "PUT /v2.0/policies/2747f014-10f8-4c5c-995d-f48f393b0400/tags HTTP/1.1" status: 200 len: 227 time: 0.0655673 /var/lib/openstack/lib/python3.10/site-packages/pycadf/identifier.py:71: UserWarning: Invalid uuid: neutron. To ensure interoperability, identifiers should be a valid uuid. warnings.warn(('Invalid uuid: %s. To ensure interoperability, '
2026-06-22 03:10:02.792 10 INFO neutron.wsgi [req-4330eaec-dd65-4d3b-879f-8a0cedc927e0 req-be721116-0ed5-4b45-a5a4-3661705822f7 992e14b3b71f4fff891742747578a332 d7c9fe89c4b14183ba10d14c764d2ff1 - - default default] 10.0.0.168 "GET /v2.0/ports?device_id=4772da4a-7e85-4900-8dc9-ee850db0f216 HTTP/1.1" status: 200 len: 1208 time: 0.0417886
2026-06-22 03:10:02.806 9 INFO neutron.wsgi [None req-3af61e1b-2e66-46f3-93a1-b37c7e032e75 418924fb5116460792d4cef27bfa62a3 4029c99021d64b2ea025d753285d5543 - - - -] 10.0.0.157 "PUT /v2.0/policies/7fc42ad5-a918-43ed-a01d-3e6bd4756fee/tags HTTP/1.1" status: 200 len: 212 time: 0.0337024
2026-06-22 03:10:02.838 10 INFO neutron.wsgi [req-4330eaec-dd65-4d3b-879f-8a0cedc927e0 req-d6684c35-b80a-41d5-af0f-42e17ad4bf76 992e14b3b71f4fff891742747578a332 d7c9fe89c4b14183ba10d14c764d2ff1 - - default default] 10.0.0.168 "GET /v2.0/security-groups?id=2b178292-729d-4d03-930b-5ecbc7162ec0&id=81383f76-a81a-49b1-afd1-c1ceb5ae82b4&fields=id&fields=name HTTP/1.1" status: 200 len: 405 time: 0.0398991
2026-06-22 03:10:02.917 9 INFO neutron.db.ovn_revision_numbers_db [None req-31d76594-7f42-4562-a4e7-e7341a502851 2d638b332b1c444a82584323ecb62e98 c4f245357b9c452c928ce7cbf29b8c3f - - - -] Successfully bumped revision number for resource 04bff920-fa2b-4551-8718-95dffd9909fc (type: ports) to 2
2026-06-22 03:10:02.938 9 INFO neutron.wsgi [None req-31d76594-7f42-4562-a4e7-e7341a502851 2d638b332b1c444a82584323ecb62e98 c4f245357b9c452c928ce7cbf29b8c3f - - - -] 199.204.45.38 "PUT /v2.0/ports/04bff920-fa2b-4551-8718-95dffd9909fc HTTP/1.1" status: 200 len: 1367 time: 0.7160089
2026-06-22 03:10:02.985 9 INFO neutron.notifiers.nova [-] Nova event matching ['req-f3398629-e65a-4072-8e29-1a0f57676c50'] response: {'name': 'network-changed', 'server_uuid': '4772da4a-7e85-4900-8dc9-ee850db0f216', 'tag': '04bff920-fa2b-4551-8718-95dffd9909fc', 'status': 'completed', 'code': 200} /var/lib/openstack/lib/python3.10/site-packages/pycadf/identifier.py:71: UserWarning: Invalid uuid: neutron. To ensure interoperability, identifiers should be a valid uuid. warnings.warn(('Invalid uuid: %s. To ensure interoperability, '
2026-06-22 03:10:03.042 9 INFO neutron.wsgi [req-b5c0acc5-90c0-4148-b3ef-74126c996d36 req-b0df2541-5293-4173-8cf4-ff5e9f06be5d 2d638b332b1c444a82584323ecb62e98 c4f245357b9c452c928ce7cbf29b8c3f - - 8fa89142ed234466828e7144d55eecfd 8fa89142ed234466828e7144d55eecfd] 199.204.45.38 "GET /v2.0/ports?tenant_id=d7c9fe89c4b14183ba10d14c764d2ff1&device_id=4772da4a-7e85-4900-8dc9-ee850db0f216 HTTP/1.1" status: 200 len: 1398 time: 0.0487945
2026-06-22 03:10:03.091 9 INFO neutron.wsgi [req-b5c0acc5-90c0-4148-b3ef-74126c996d36 req-c7da25f8-8e72-4521-89cc-7e96a4b27192 2d638b332b1c444a82584323ecb62e98 c4f245357b9c452c928ce7cbf29b8c3f - - 8fa89142ed234466828e7144d55eecfd 8fa89142ed234466828e7144d55eecfd] 199.204.45.38 "GET /v2.0/floatingips?fixed_ip_address=10.100.0.9&port_id=04bff920-fa2b-4551-8718-95dffd9909fc HTTP/1.1" status: 200 len: 217 time: 0.0411062
2026-06-22 03:10:03.133 9 INFO neutron.wsgi [req-b5c0acc5-90c0-4148-b3ef-74126c996d36 req-60a55494-8e20-43d1-8567-dbf4bd194a27 2d638b332b1c444a82584323ecb62e98 c4f245357b9c452c928ce7cbf29b8c3f - - 8fa89142ed234466828e7144d55eecfd 8fa89142ed234466828e7144d55eecfd] 199.204.45.38 "GET /v2.0/subnets?id=26e09b2d-3bf8-40a3-880d-ec26e388025b HTTP/1.1" status: 200 len: 865 time: 0.0351136
2026-06-22 03:10:03.176 9 INFO neutron.wsgi [req-b5c0acc5-90c0-4148-b3ef-74126c996d36 req-4ea32a90-3d72-4062-9a72-ab135b92e9b6 2d638b332b1c444a82584323ecb62e98 c4f245357b9c452c928ce7cbf29b8c3f - - 8fa89142ed234466828e7144d55eecfd 8fa89142ed234466828e7144d55eecfd] 199.204.45.38 "GET /v2.0/ports?network_id=63c5923c-6652-436f-9629-f1019f674492&device_owner=network%3Adhcp HTTP/1.1" status: 200 len: 210 time: 0.0353272
2026-06-22 03:10:03.257 9 INFO neutron.wsgi [req-b5c0acc5-90c0-4148-b3ef-74126c996d36 req-1811b7b6-47ec-47af-a26a-aee0e78bcb6d 2d638b332b1c444a82584323ecb62e98 c4f245357b9c452c928ce7cbf29b8c3f - - 8fa89142ed234466828e7144d55eecfd 8fa89142ed234466828e7144d55eecfd] 199.204.45.38 "GET /v2.0/networks/63c5923c-6652-436f-9629-f1019f674492?fields=segments HTTP/1.1" status: 200 len: 212 time: 0.0747135
2026-06-22 03:10:03.327 9 INFO neutron.wsgi [req-b5c0acc5-90c0-4148-b3ef-74126c996d36 req-88ecd1a3-edf4-4ffb-a3d5-11df4e99262a 2d638b332b1c444a82584323ecb62e98 c4f245357b9c452c928ce7cbf29b8c3f - - 8fa89142ed234466828e7144d55eecfd 8fa89142ed234466828e7144d55eecfd] 199.204.45.38 "GET /v2.0/networks/63c5923c-6652-436f-9629-f1019f674492?fields=provider%3Aphysical_network&fields=provider%3Anetwork_type HTTP/1.1" status: 200 len: 277 time: 0.0623057
2026-06-22 03:10:03.339 9 INFO neutron.wsgi [None req-bde05a55-48b7-490d-b78a-cc625f688e01 1932370c13944137a05e7c91bf9b4eed fa862122e61e4a3a9183db52b98cdc48 - - default default] 10.0.0.157 "GET /v2.0/qos/policies?tags=red HTTP/1.1" status: 200 len: 1296 time: 0.1840274
2026-06-22 03:10:03.427 9 INFO neutron.wsgi [req-89dfeb62-bf72-4fc4-b24b-ae7ddbc189b9 req-143aba4c-59a6-4264-9e86-b0bd5b0e1fbb 2d638b332b1c444a82584323ecb62e98 c4f245357b9c452c928ce7cbf29b8c3f - - 8fa89142ed234466828e7144d55eecfd 8fa89142ed234466828e7144d55eecfd] 199.204.45.38 "GET /v2.0/ports?tenant_id=d7c9fe89c4b14183ba10d14c764d2ff1&device_id=4772da4a-7e85-4900-8dc9-ee850db0f216 HTTP/1.1" status: 200 len: 1398 time: 0.0522137
2026-06-22 03:10:03.491 9 INFO neutron.wsgi [None req-330a3070-55eb-461b-858a-ae5bf0d8f96d 1932370c13944137a05e7c91bf9b4eed fa862122e61e4a3a9183db52b98cdc48 - - default default] 10.0.0.157 "GET /v2.0/qos/policies?tags=red%2Cblue HTTP/1.1" status: 200 len: 941 time: 0.1457551
2026-06-22 03:10:03.512 9 INFO neutron.wsgi [req-89dfeb62-bf72-4fc4-b24b-ae7ddbc189b9 req-324a6f4a-c2e6-4f20-b79a-da63452619e8 2d638b332b1c444a82584323ecb62e98 c4f245357b9c452c928ce7cbf29b8c3f - - 8fa89142ed234466828e7144d55eecfd 8fa89142ed234466828e7144d55eecfd] 199.204.45.38 "GET /v2.0/networks?id=63c5923c-6652-436f-9629-f1019f674492 HTTP/1.1" status: 200 len: 969 time: 0.0769677
2026-06-22 03:10:03.551 9 INFO neutron.wsgi [req-89dfeb62-bf72-4fc4-b24b-ae7ddbc189b9 req-46758036-8675-4448-825d-97bc43bcd713 2d638b332b1c444a82584323ecb62e98 c4f245357b9c452c928ce7cbf29b8c3f - - 8fa89142ed234466828e7144d55eecfd 8fa89142ed234466828e7144d55eecfd] 199.204.45.38 "GET /v2.0/floatingips?fixed_ip_address=10.100.0.9&port_id=04bff920-fa2b-4551-8718-95dffd9909fc HTTP/1.1" status: 200 len: 217 time: 0.0334904
2026-06-22 03:10:03.555 9 INFO neutron.wsgi [req-9be118ea-ed8f-4728-82f3-7026650c32f6 req-d137ee1c-d76d-415d-ba3c-a9e06ccba021 2d638b332b1c444a82584323ecb62e98 c4f245357b9c452c928ce7cbf29b8c3f - - 8fa89142ed234466828e7144d55eecfd 8fa89142ed234466828e7144d55eecfd] 199.204.45.38 "GET /v2.0/ports?device_id=4772da4a-7e85-4900-8dc9-ee850db0f216 HTTP/1.1" status: 200 len: 1398 time: 0.0495296
2026-06-22 03:10:03.560 10 INFO neutron.wsgi [None req-0794ca34-fc4b-4107-b20b-64eee1a58088 1932370c13944137a05e7c91bf9b4eed fa862122e61e4a3a9183db52b98cdc48 - - default default] 10.0.0.157 "GET /v2.0/qos/policies?tags-any=blue HTTP/1.1" status: 200 len: 941 time: 0.0617027
2026-06-22 03:10:03.616 9 INFO neutron.wsgi [req-89dfeb62-bf72-4fc4-b24b-ae7ddbc189b9 req-ac311bef-ca86-4951-beec-e774df80f751 2d638b332b1c444a82584323ecb62e98 c4f245357b9c452c928ce7cbf29b8c3f - - 8fa89142ed234466828e7144d55eecfd 8fa89142ed234466828e7144d55eecfd] 199.204.45.38 "GET /v2.0/subnets?id=26e09b2d-3bf8-40a3-880d-ec26e388025b HTTP/1.1" status: 200 len: 865 time: 0.0528774
2026-06-22 03:10:03.626 9 INFO neutron.wsgi [req-9be118ea-ed8f-4728-82f3-7026650c32f6 req-6f644a47-5e61-4f60-8799-47ddd0123eff 2d638b332b1c444a82584323ecb62e98 c4f245357b9c452c928ce7cbf29b8c3f - - 8fa89142ed234466828e7144d55eecfd 8fa89142ed234466828e7144d55eecfd] 199.204.45.38 "GET /v2.0/security-groups?id=81383f76-a81a-49b1-afd1-c1ceb5ae82b4&id=2b178292-729d-4d03-930b-5ecbc7162ec0&fields=id&fields=name HTTP/1.1" status: 200 len: 405 time: 0.0623610
2026-06-22 03:10:03.653 9 INFO neutron.wsgi [req-89dfeb62-bf72-4fc4-b24b-ae7ddbc189b9 req-368a9459-e20e-41d9-8607-cd18f3ce019d 2d638b332b1c444a82584323ecb62e98 c4f245357b9c452c928ce7cbf29b8c3f - - 8fa89142ed234466828e7144d55eecfd 8fa89142ed234466828e7144d55eecfd] 199.204.45.38 "GET /v2.0/ports?network_id=63c5923c-6652-436f-9629-f1019f674492&device_owner=network%3Adhcp HTTP/1.1" status: 200 len: 210 time: 0.0311482
2026-06-22 03:10:03.667 10 INFO neutron.wsgi [None req-e2b51c68-1aa5-4e51-a212-7385e14189d2 1932370c13944137a05e7c91bf9b4eed fa862122e61e4a3a9183db52b98cdc48 - - default default] 10.0.0.157 "GET /v2.0/qos/policies?tags-any=red%2Cblue HTTP/1.1" status: 200 len: 1296 time: 0.1013222
2026-06-22 03:10:03.753 9 INFO neutron.wsgi [req-89dfeb62-bf72-4fc4-b24b-ae7ddbc189b9 req-60f18d87-1d06-4ae5-839f-dd8eb88729b0 2d638b332b1c444a82584323ecb62e98 c4f245357b9c452c928ce7cbf29b8c3f - - 8fa89142ed234466828e7144d55eecfd 8fa89142ed234466828e7144d55eecfd] 199.204.45.38 "GET /v2.0/networks/63c5923c-6652-436f-9629-f1019f674492?fields=segments HTTP/1.1" status: 200 len: 212 time: 0.0846112
2026-06-22 03:10:03.769 10 INFO neutron.plugins.ml2.drivers.ovn.mech_driver.mech_driver [None req-e076f914-9f6d-4367-9385-e1e3bafb5fc7 - - - - - -] OVN reports status up for port: 04bff920-fa2b-4551-8718-95dffd9909fc
2026-06-22 03:10:03.795 10 INFO neutron.wsgi [None req-cea72c00-4024-40cf-9471-0f9ba4ce5845 1932370c13944137a05e7c91bf9b4eed fa862122e61e4a3a9183db52b98cdc48 - - default default] 10.0.0.157 "GET /v2.0/qos/policies?not-tags=red HTTP/1.1" status: 200 len: 913 time: 0.1207023
2026-06-22 03:10:03.796 10 INFO neutron.plugins.ml2.plugin [None req-e076f914-9f6d-4367-9385-e1e3bafb5fc7 - - - - - -] Attempt 1 to provision port 04bff920-fa2b-4551-8718-95dffd9909fc
2026-06-22 03:10:03.863 9 INFO neutron.wsgi [req-89dfeb62-bf72-4fc4-b24b-ae7ddbc189b9 req-8f01d5d9-5c17-4b18-b06c-952cd538060e 2d638b332b1c444a82584323ecb62e98 c4f245357b9c452c928ce7cbf29b8c3f - - 8fa89142ed234466828e7144d55eecfd 8fa89142ed234466828e7144d55eecfd] 199.204.45.38 "GET /v2.0/networks/63c5923c-6652-436f-9629-f1019f674492?fields=provider%3Aphysical_network&fields=provider%3Anetwork_type HTTP/1.1" status: 200 len: 277 time: 0.1009147
2026-06-22 03:10:04.364 10 INFO neutron.notifiers.nova [-] Nova event matching ['req-9d5a2616-35f4-43c2-be49-ee47569e9368'] response: {'server_uuid': '4772da4a-7e85-4900-8dc9-ee850db0f216', 'name': 'network-vif-plugged', 'status': 'completed', 'tag': '04bff920-fa2b-4551-8718-95dffd9909fc', 'code': 200}
