2026-06-22 03:06:59.886 9 INFO neutron.db.ovn_revision_numbers_db [None req-21f5cfbd-87b7-405b-95b9-3be4a99c2b66 5b663871bf124ac58879c8db2bb17859 68bb93cc97e94f988154342acf064e4e - - - -] Successfully bumped revision number for resource 996b7334-cf22-454d-848d-1c8e204f8281 (type: networks) to 1
2026-06-22 03:07:00.142 9 WARNING neutron.scheduler.dhcp_agent_scheduler [None req-21f5cfbd-87b7-405b-95b9-3be4a99c2b66 5b663871bf124ac58879c8db2bb17859 68bb93cc97e94f988154342acf064e4e - - - -] No more DHCP agents
2026-06-22 03:07:00.146 9 WARNING neutron.api.rpc.agentnotifiers.dhcp_rpc_agent_api [None req-21f5cfbd-87b7-405b-95b9-3be4a99c2b66 5b663871bf124ac58879c8db2bb17859 68bb93cc97e94f988154342acf064e4e - - - -] Unable to schedule network 996b7334-cf22-454d-848d-1c8e204f8281: no agents available; will retry on subsequent port and subnet creation events.
2026-06-22 03:07:00.220 9 INFO neutron.db.ovn_revision_numbers_db [None req-21f5cfbd-87b7-405b-95b9-3be4a99c2b66 5b663871bf124ac58879c8db2bb17859 68bb93cc97e94f988154342acf064e4e - - - -] Successfully bumped revision number for resource 8298a273-3f39-4314-93b8-239716b74f5e (type: ports) to 1
2026-06-22 03:07:00.277 9 INFO neutron.db.ovn_revision_numbers_db [None req-21f5cfbd-87b7-405b-95b9-3be4a99c2b66 5b663871bf124ac58879c8db2bb17859 68bb93cc97e94f988154342acf064e4e - - - -] Successfully bumped revision number for resource 1de3d4ad-1bd7-4ea5-9d64-ad050796e79b (type: networks) to 1
2026-06-22 03:07:00.314 10 INFO neutron.wsgi [req-e1c50d41-7869-44cf-bde1-2fe2bc419382 req-6c6fb929-c7a1-4ce7-9c2f-8458d136d952 bca813262a064fdc9d6dc3a94b79d5af f290d262e88d490cb6cbf56585350022 - - default default] 10.0.0.168 "GET /v2.0/security-groups?name=tempest-securitygroup--619727621&fields=id&tenant_id=f290d262e88d490cb6cbf56585350022 HTTP/1.1" status: 200 len: 267 time: 0.0645239
2026-06-22 03:07:00.429 10 INFO neutron.wsgi [req-e1c50d41-7869-44cf-bde1-2fe2bc419382 req-c02b8bd2-1b7c-4072-9a96-0e36758d2372 bca813262a064fdc9d6dc3a94b79d5af f290d262e88d490cb6cbf56585350022 - - default default] 10.0.0.168 "GET /v2.0/networks?id=ce296819-2a8d-452f-96c2-fcce253b83b8 HTTP/1.1" status: 200 len: 868 time: 0.0948868
2026-06-22 03:07:00.429 10 INFO neutron.db.ovn_revision_numbers_db [None req-72061121-dfa8-4907-aee4-3c13a47a4556 f8a64c9e264f4df7a7e07e032337778e 4e03b60d55ae4530a009de3edd762a57 - - - -] Successfully bumped revision number for resource 1c01534a-a61f-4bd5-a252-07c1d7d8a6d4 (type: subnets) to 1
2026-06-22 03:07:00.431 10 INFO neutron.wsgi [None req-72061121-dfa8-4907-aee4-3c13a47a4556 f8a64c9e264f4df7a7e07e032337778e 4e03b60d55ae4530a009de3edd762a57 - - - -] 10.0.0.157 "PUT /v2.0/subnets/1c01534a-a61f-4bd5-a252-07c1d7d8a6d4 HTTP/1.1" status: 200 len: 806 time: 0.7986751
2026-06-22 03:07:00.463 10 INFO neutron.wsgi [req-e1c50d41-7869-44cf-bde1-2fe2bc419382 req-c03f8881-455c-44ad-9910-7d13aabe41a4 bca813262a064fdc9d6dc3a94b79d5af f290d262e88d490cb6cbf56585350022 - - default default] 10.0.0.168 "GET /v2.0/quotas/f290d262e88d490cb6cbf56585350022 HTTP/1.1" status: 200 len: 386 time: 0.0260069
2026-06-22 03:07:00.507 9 WARNING neutron.scheduler.dhcp_agent_scheduler [None req-21f5cfbd-87b7-405b-95b9-3be4a99c2b66 5b663871bf124ac58879c8db2bb17859 68bb93cc97e94f988154342acf064e4e - - - -] No more DHCP agents
2026-06-22 03:07:00.510 9 WARNING neutron.api.rpc.agentnotifiers.dhcp_rpc_agent_api [None req-21f5cfbd-87b7-405b-95b9-3be4a99c2b66 5b663871bf124ac58879c8db2bb17859 68bb93cc97e94f988154342acf064e4e - - - -] Unable to schedule network 1de3d4ad-1bd7-4ea5-9d64-ad050796e79b: no agents available; will retry on subsequent port and subnet creation events.
2026-06-22 03:07:00.597 9 INFO neutron.db.ovn_revision_numbers_db [None req-21f5cfbd-87b7-405b-95b9-3be4a99c2b66 5b663871bf124ac58879c8db2bb17859 68bb93cc97e94f988154342acf064e4e - - - -] Successfully bumped revision number for resource 7c277ca1-0728-4bf0-a57d-83e5bc3a47e3 (type: ports) to 1
2026-06-22 03:07:00.624 9 INFO neutron.wsgi [None req-21f5cfbd-87b7-405b-95b9-3be4a99c2b66 5b663871bf124ac58879c8db2bb17859 68bb93cc97e94f988154342acf064e4e - - - -] 10.0.0.157 "POST /v2.0/networks HTTP/1.1" status: 201 len: 1445 time: 1.4165506
2026-06-22 03:07:00.629 10 INFO neutron.wsgi [req-e1c50d41-7869-44cf-bde1-2fe2bc419382 req-e2944d94-5f37-4d29-8a02-9111c6bafd06 bca813262a064fdc9d6dc3a94b79d5af f290d262e88d490cb6cbf56585350022 - - default default] 10.0.0.168 "GET /v2.0/ports?tenant_id=f290d262e88d490cb6cbf56585350022&fields=id HTTP/1.1" status: 200 len: 302 time: 0.1554430
2026-06-22 03:07:00.703 9 INFO neutron.wsgi [None req-cee262ea-b9fe-43aa-acc5-2c068b47c660 5b663871bf124ac58879c8db2bb17859 68bb93cc97e94f988154342acf064e4e - - default default] 10.0.0.157 "GET /v2.0/networks HTTP/1.1" status: 200 len: 2051 time: 0.0740795
2026-06-22 03:07:00.782 10 INFO neutron.wsgi [req-e1c50d41-7869-44cf-bde1-2fe2bc419382 req-0ad10700-12c4-40e4-9f93-e9ccb1820fdf 2d638b332b1c444a82584323ecb62e98 c4f245357b9c452c928ce7cbf29b8c3f - - 8fa89142ed234466828e7144d55eecfd 8fa89142ed234466828e7144d55eecfd] 10.0.0.168 "GET /v2.0/networks/ce296819-2a8d-452f-96c2-fcce253b83b8?fields=segments HTTP/1.1" status: 200 len: 212 time: 0.1363878
2026-06-22 03:07:00.875 10 INFO neutron.wsgi [req-e1c50d41-7869-44cf-bde1-2fe2bc419382 req-3c809bd0-2e4c-4332-b622-4f39c6e1a988 2d638b332b1c444a82584323ecb62e98 c4f245357b9c452c928ce7cbf29b8c3f - - 8fa89142ed234466828e7144d55eecfd 8fa89142ed234466828e7144d55eecfd] 10.0.0.168 "GET /v2.0/networks/ce296819-2a8d-452f-96c2-fcce253b83b8?fields=provider%3Aphysical_network&fields=provider%3Anetwork_type HTTP/1.1" status: 200 len: 277 time: 0.0850203
2026-06-22 03:07:01.090 10 INFO neutron.wsgi [req-a23c96be-308a-442e-944e-91f37f5b68d7 req-bbc80eb0-c170-4a0e-9ada-fb9984b88ab6 bca813262a064fdc9d6dc3a94b79d5af f290d262e88d490cb6cbf56585350022 - - default default] 10.0.0.168 "GET /v2.0/ports?device_id=4efe7fcc-6768-477b-b55c-62fbebb859e6 HTTP/1.1" status: 200 len: 210 time: 0.0432627
2026-06-22 03:07:01.279 10 INFO neutron.services.segments.plugin [-] Segment 23ecd569-0504-40c2-b32e-728fe5e8cc6e resource provider aggregate not found
2026-06-22 03:07:01.292 10 INFO neutron.services.segments.plugin [-] Segment 23ecd569-0504-40c2-b32e-728fe5e8cc6e resource provider aggregate not found
2026-06-22 03:07:01.322 10 INFO neutron.services.segments.plugin [-] Segment 23ecd569-0504-40c2-b32e-728fe5e8cc6e resource provider not found; error: Placement Client Error (4xx): {"errors": [{"status": 404, "title": "Not Found", "detail": "The resource could not be found.\n\n No resource provider with uuid 23ecd569-0504-40c2-b32e-728fe5e8cc6e found for delete ", "request_id": "req-a4212803-ab7d-4eff-803f-c97d20ca8f04"}]}
2026-06-22 03:07:01.328 10 INFO neutron.services.segments.plugin [-] Segment 23ecd569-0504-40c2-b32e-728fe5e8cc6e resource provider not found; error: Placement Client Error (4xx): {"errors": [{"status": 404, "title": "Not Found", "detail": "The resource could not be found.\n\n No resource provider with uuid 23ecd569-0504-40c2-b32e-728fe5e8cc6e found for delete ", "request_id": "req-d5de79c5-fa92-40f3-8e8c-3a2a7f850191"}]}
2026-06-22 03:07:01.361 10 INFO neutron.wsgi [None req-1071c564-eae1-4ec3-b14d-8021fc79e7f3 5b663871bf124ac58879c8db2bb17859 68bb93cc97e94f988154342acf064e4e - - - -] 10.0.0.157 "DELETE /v2.0/networks/996b7334-cf22-454d-848d-1c8e204f8281 HTTP/1.1" status: 204 len: 168 time: 0.6496317
2026-06-22 03:07:01.473 10 INFO neutron.wsgi [None req-9deb7c8b-00e3-42f5-bad5-bcd8b12477ed f8a64c9e264f4df7a7e07e032337778e 4e03b60d55ae4530a009de3edd762a57 - - - -] 10.0.0.157 "DELETE /v2.0/networks/98bf71bd-fcdb-4710-89b4-6335f2bf59af HTTP/1.1" status: 204 len: 168 time: 1.0342128
2026-06-22 03:07:01.496 10 INFO neutron.pecan_wsgi.hooks.translation [None req-685927b3-c322-412e-a47a-9e57d31de0d4 f8a64c9e264f4df7a7e07e032337778e 4e03b60d55ae4530a009de3edd762a57 - - - -] DELETE failed (client error): The resource could not be found.
2026-06-22 03:07:01.499 10 INFO neutron.wsgi [None req-685927b3-c322-412e-a47a-9e57d31de0d4 f8a64c9e264f4df7a7e07e032337778e 4e03b60d55ae4530a009de3edd762a57 - - - -] 10.0.0.157 "DELETE /v2.0/networks/98bf71bd-fcdb-4710-89b4-6335f2bf59af HTTP/1.1" status: 404 len: 339 time: 0.0179391
2026-06-22 03:07:01.661 10 INFO neutron.wsgi [None req-7b89f394-cc2d-41c1-aa8c-3d15f6414107 f8a64c9e264f4df7a7e07e032337778e 4e03b60d55ae4530a009de3edd762a57 - - default default] 10.0.0.157 "GET /v2.0/networks?router%3Aexternal=True HTTP/1.1" status: 200 len: 845 time: 0.1547863
2026-06-22 03:07:01.740 10 INFO neutron.wsgi [None req-807d4f86-94f4-42f3-8e1e-08057b8f25f1 f8a64c9e264f4df7a7e07e032337778e 4e03b60d55ae4530a009de3edd762a57 - - default default] 10.0.0.157 "GET /v2.0/subnets?network_id=9c803c74-4730-478b-81e3-55f84c7e6c67 HTTP/1.1" status: 200 len: 820 time: 0.0707216
2026-06-22 03:07:01.758 10 INFO neutron.wsgi [None req-1aa7205b-54dd-49fd-8e98-e653bf8ffc2a f8a64c9e264f4df7a7e07e032337778e 4e03b60d55ae4530a009de3edd762a57 - - default default] 10.0.0.157 "GET /v2.0/extensions HTTP/1.1" status: 200 len: 16520 time: 0.0128045
2026-06-22 03:07:01.888 9 INFO neutron.wsgi [None req-d9028124-3878-449c-b39b-66862cb96073 f8a64c9e264f4df7a7e07e032337778e 4e03b60d55ae4530a009de3edd762a57 - - default default] 10.0.0.157 "GET /v2.0/networks HTTP/1.1" status: 200 len: 1503 time: 0.1207342
2026-06-22 03:07:02.033 9 INFO neutron.wsgi [req-e1c50d41-7869-44cf-bde1-2fe2bc419382 req-3b0b05f2-554a-495a-9016-50b65547c720 bca813262a064fdc9d6dc3a94b79d5af f290d262e88d490cb6cbf56585350022 - - default default] 199.204.45.38 "GET /v2.0/networks?id=ce296819-2a8d-452f-96c2-fcce253b83b8 HTTP/1.1" status: 200 len: 868 time: 0.1888750
2026-06-22 03:07:02.037 9 INFO neutron.db.ovn_revision_numbers_db [None req-3dc26f65-4316-481f-b23e-ec06222bf602 995443913f674e018dccae376be97077 4bb17ac0aa45476aa87e5845b8a62079 - - default default] Successfully bumped revision number for resource 35d07eda-8b16-4a83-942d-62203efe21f9 (type: security_groups) to 1
2026-06-22 03:07:02.047 9 INFO neutron.wsgi [None req-0409e0df-92c6-4130-9de2-053dee194e71 f8a64c9e264f4df7a7e07e032337778e 4e03b60d55ae4530a009de3edd762a57 - - default default] 10.0.0.157 "GET /v2.0/subnets HTTP/1.1" status: 200 len: 1428 time: 0.1495740
2026-06-22 03:07:02.117 9 INFO neutron.wsgi [None req-3dc26f65-4316-481f-b23e-ec06222bf602 995443913f674e018dccae376be97077 4bb17ac0aa45476aa87e5845b8a62079 - - default default] 10.0.0.157 "GET /v2.0/security-groups?tenant_id=14bf7cccc8be429a8bb22263e89ce417&name=default HTTP/1.1" status: 200 len: 2996 time: 0.9159260
2026-06-22 03:07:02.136 10 INFO neutron.wsgi [None req-9c00c863-6b1a-492f-8f3b-1594b4f4ff5e f8a64c9e264f4df7a7e07e032337778e 4e03b60d55ae4530a009de3edd762a57 - - default default] 10.0.0.157 "GET /v2.0/networks/fa8984af-e537-4323-8462-f96425cd02d3 HTTP/1.1" status: 200 len: 862 time: 0.0823867
2026-06-22 03:07:02.185 9 INFO neutron.wsgi [req-e1c50d41-7869-44cf-bde1-2fe2bc419382 req-134a1898-4e03-40d8-89fb-d23bbeaa0223 bca813262a064fdc9d6dc3a94b79d5af f290d262e88d490cb6cbf56585350022 - - default default] 199.204.45.38 "GET /v2.0/security-groups?fields=id&fields=name&tenant_id=f290d262e88d490cb6cbf56585350022 HTTP/1.1" status: 200 len: 379 time: 0.1167302
2026-06-22 03:07:02.207 10 INFO neutron.wsgi [req-5fef3fc2-2959-45ba-bd07-d88e195ca3be req-712ee6e1-6b7c-4eff-99a1-1994a4da4ab3 bca813262a064fdc9d6dc3a94b79d5af f290d262e88d490cb6cbf56585350022 - - default default] 10.0.0.168 "GET /v2.0/ports?device_id=4efe7fcc-6768-477b-b55c-62fbebb859e6 HTTP/1.1" status: 200 len: 210 time: 0.0251300
2026-06-22 03:07:02.210 10 INFO neutron.wsgi [None req-a4b17125-a440-40dc-a432-21b198471691 f8a64c9e264f4df7a7e07e032337778e 4e03b60d55ae4530a009de3edd762a57 - - default default] 10.0.0.157 "GET /v2.0/subnets/efc3a67a-c2a1-45e2-9a2b-af54ee6c7273 HTTP/1.1" status: 200 len: 811 time: 0.0640628
2026-06-22 03:07:02.246 10 INFO neutron.pecan_wsgi.hooks.translation [None req-a965c766-947e-438f-8634-68a18100676e f8a64c9e264f4df7a7e07e032337778e 4e03b60d55ae4530a009de3edd762a57 - - - -] DELETE failed (client error): The resource could not be found.
2026-06-22 03:07:02.251 10 INFO neutron.wsgi [None req-a965c766-947e-438f-8634-68a18100676e f8a64c9e264f4df7a7e07e032337778e 4e03b60d55ae4530a009de3edd762a57 - - - -] 10.0.0.157 "DELETE /v2.0/subnets/1c01534a-a61f-4bd5-a252-07c1d7d8a6d4 HTTP/1.1" status: 404 len: 337 time: 0.0317752
2026-06-22 03:07:02.274 10 INFO neutron.pecan_wsgi.hooks.translation [None req-1a9688f9-5f36-4323-9ab5-7e40f56ab2ac f8a64c9e264f4df7a7e07e032337778e 4e03b60d55ae4530a009de3edd762a57 - - - -] DELETE failed (client error): The resource could not be found.
2026-06-22 03:07:02.277 10 INFO neutron.wsgi [None req-1a9688f9-5f36-4323-9ab5-7e40f56ab2ac f8a64c9e264f4df7a7e07e032337778e 4e03b60d55ae4530a009de3edd762a57 - - - -] 10.0.0.157 "DELETE /v2.0/networks/98bf71bd-fcdb-4710-89b4-6335f2bf59af HTTP/1.1" status: 404 len: 339 time: 0.0200019
2026-06-22 03:07:02.484 9 INFO neutron.services.segments.plugin [-] Segment a44688c1-4585-47ff-9fd4-75e8de26d6fe resource provider aggregate not found
2026-06-22 03:07:02.489 9 INFO neutron.services.segments.plugin [-] Segment a44688c1-4585-47ff-9fd4-75e8de26d6fe resource provider aggregate not found
2026-06-22 03:07:02.510 9 INFO neutron.services.segments.plugin [-] Segment a44688c1-4585-47ff-9fd4-75e8de26d6fe resource provider not found; error: Placement Client Error (4xx): {"errors": [{"status": 404, "title": "Not Found", "detail": "The resource could not be found.\n\n No resource provider with uuid a44688c1-4585-47ff-9fd4-75e8de26d6fe found for delete ", "request_id": "req-3b8878e8-de2e-4bec-b368-846613cfc89e"}]}
2026-06-22 03:07:02.533 9 INFO neutron.services.segments.plugin [-] Segment a44688c1-4585-47ff-9fd4-75e8de26d6fe resource provider not found; error: Placement Client Error (4xx): {"errors": [{"status": 404, "title": "Not Found", "detail": "The resource could not be found.\n\n No resource provider with uuid a44688c1-4585-47ff-9fd4-75e8de26d6fe found for delete ", "request_id": "req-87540849-bd6b-4a40-97fe-5c11c4281cb5"}]}
2026-06-22 03:07:02.534 10 INFO neutron.wsgi [None req-1329d2b3-1b9f-4794-9a25-788740b868b7 f8a64c9e264f4df7a7e07e032337778e 4e03b60d55ae4530a009de3edd762a57 - - - -] 10.0.0.157 "DELETE /v2.0/subnets/efc3a67a-c2a1-45e2-9a2b-af54ee6c7273 HTTP/1.1" status: 204 len: 168 time: 0.2520130
2026-06-22 03:07:02.569 9 INFO neutron.wsgi [None req-542b3d55-aa21-4dc4-a844-19b5be68d8a9 5b663871bf124ac58879c8db2bb17859 68bb93cc97e94f988154342acf064e4e - - - -] 10.0.0.157 "DELETE /v2.0/networks/1de3d4ad-1bd7-4ea5-9d64-ad050796e79b HTTP/1.1" status: 204 len: 168 time: 1.2013860
2026-06-22 03:07:02.654 9 INFO neutron.wsgi [None req-5dd40a9e-bee7-4bb5-b61a-b3f1317ce472 995443913f674e018dccae376be97077 4bb17ac0aa45476aa87e5845b8a62079 - - - -] 10.0.0.157 "DELETE /v2.0/security-groups/35d07eda-8b16-4a83-942d-62203efe21f9 HTTP/1.1" status: 204 len: 168 time: 0.5172491
2026-06-22 03:07:02.756 9 WARNING neutron.scheduler.dhcp_agent_scheduler [None req-dd93bad8-7895-4311-b95f-1d562ffed718 bca813262a064fdc9d6dc3a94b79d5af f290d262e88d490cb6cbf56585350022 - - - -] No more DHCP agents
2026-06-22 03:07:02.760 9 WARNING neutron.api.rpc.agentnotifiers.dhcp_rpc_agent_api [None req-dd93bad8-7895-4311-b95f-1d562ffed718 bca813262a064fdc9d6dc3a94b79d5af f290d262e88d490cb6cbf56585350022 - - - -] Unable to schedule network ce296819-2a8d-452f-96c2-fcce253b83b8: no agents available; will retry on subsequent port and subnet creation events. /var/lib/openstack/lib/python3.10/site-packages/pycadf/identifier.py:71: UserWarning: Invalid uuid: neutron. To ensure interoperability, identifiers should be a valid uuid. warnings.warn(('Invalid uuid: %s. To ensure interoperability, '
2026-06-22 03:07:02.971 9 INFO neutron.db.ovn_revision_numbers_db [None req-cbbaed34-f99a-4586-b0ee-8611b31f999d 995443913f674e018dccae376be97077 4bb17ac0aa45476aa87e5845b8a62079 - - default default] Successfully bumped revision number for resource f2e232e6-2d8a-4c59-8654-3d51c58c0b8e (type: security_groups) to 1
2026-06-22 03:07:03.017 9 INFO neutron.wsgi [None req-cbbaed34-f99a-4586-b0ee-8611b31f999d 995443913f674e018dccae376be97077 4bb17ac0aa45476aa87e5845b8a62079 - - default default] 10.0.0.157 "GET /v2.0/security-groups?tenant_id=d89ad4145d1d4a84a7dcfcc2fb415c40&name=default HTTP/1.1" status: 200 len: 2996 time: 0.2565753
2026-06-22 03:07:03.026 9 INFO neutron.db.ovn_revision_numbers_db [None req-dd93bad8-7895-4311-b95f-1d562ffed718 bca813262a064fdc9d6dc3a94b79d5af f290d262e88d490cb6cbf56585350022 - - - -] Successfully bumped revision number for resource a0d393ac-5963-41b5-803e-00ec1262b413 (type: ports) to 1
2026-06-22 03:07:03.034 10 WARNING neutron.plugins.ml2.drivers.ovn.mech_driver.ovsdb.ovn_client [None req-e076f914-9f6d-4367-9385-e1e3bafb5fc7 - - - - - -] No hosting information found for port b4dbeea0-3396-41af-ab84-166cba53491c: RuntimeError: No hosting information found for port b4dbeea0-3396-41af-ab84-166cba53491c
2026-06-22 03:07:03.057 9 INFO neutron.wsgi [None req-dd93bad8-7895-4311-b95f-1d562ffed718 bca813262a064fdc9d6dc3a94b79d5af f290d262e88d490cb6cbf56585350022 - - - -] 199.204.45.38 "POST /v2.0/ports HTTP/1.1" status: 201 len: 1162 time: 0.8655176
2026-06-22 03:07:03.058 10 INFO neutron.wsgi [None req-25135336-9737-4cea-a174-09accdfc7cc8 5b663871bf124ac58879c8db2bb17859 68bb93cc97e94f988154342acf064e4e - - default default] 10.0.0.157 "GET /v2.0/networks HTTP/1.1" status: 200 len: 845 time: 0.4811819
2026-06-22 03:07:03.177 9 INFO neutron.wsgi [None req-284d2cb9-4340-48f7-972d-6a2337e08338 f8a64c9e264f4df7a7e07e032337778e 4e03b60d55ae4530a009de3edd762a57 - - - -] 10.0.0.157 "DELETE /v2.0/networks/fa8984af-e537-4323-8462-f96425cd02d3 HTTP/1.1" status: 204 len: 168 time: 0.6361306
2026-06-22 03:07:03.237 9 INFO neutron.db.segments_db [None req-65c405f0-0f45-4bcf-89b8-72b7ce810f06 5b663871bf124ac58879c8db2bb17859 68bb93cc97e94f988154342acf064e4e - - - -] Added segment f2364586-cae0-4288-ab59-80972094c213 of type geneve for network 0f2c163a-8ffe-4d22-881e-537822cf1c8a
2026-06-22 03:07:03.329 10 INFO neutron.wsgi [req-a4c58d07-dc1c-4b90-8254-75dc90adf3e7 req-c940d550-3c3d-449e-b3a8-4d330fb25941 bca813262a064fdc9d6dc3a94b79d5af f290d262e88d490cb6cbf56585350022 - - default default] 10.0.0.168 "GET /v2.0/ports?device_id=4efe7fcc-6768-477b-b55c-62fbebb859e6 HTTP/1.1" status: 200 len: 1160 time: 0.0467200
2026-06-22 03:07:03.350 10 INFO neutron.wsgi [None req-a5ebeb6f-5bf8-4510-8c84-a8dc93506748 995443913f674e018dccae376be97077 4bb17ac0aa45476aa87e5845b8a62079 - - - -] 10.0.0.157 "DELETE /v2.0/security-groups/f2e232e6-2d8a-4c59-8654-3d51c58c0b8e HTTP/1.1" status: 204 len: 168 time: 0.3203402
2026-06-22 03:07:03.358 10 INFO neutron.services.segments.plugin [-] Segment 2ac9ad38-5f6f-436e-94c4-72fee4a2e901 resource provider aggregate not found
2026-06-22 03:07:03.363 10 INFO neutron.services.segments.plugin [-] Segment 2ac9ad38-5f6f-436e-94c4-72fee4a2e901 resource provider aggregate not found
2026-06-22 03:07:03.377 10 INFO neutron.services.segments.plugin [-] Segment 2ac9ad38-5f6f-436e-94c4-72fee4a2e901 resource provider not found; error: Placement Client Error (4xx): {"errors": [{"status": 404, "title": "Not Found", "detail": "The resource could not be found.\n\n No resource provider with uuid 2ac9ad38-5f6f-436e-94c4-72fee4a2e901 found for delete ", "request_id": "req-c1cd981d-3963-4266-acbd-765a4c282a99"}]}
2026-06-22 03:07:03.387 10 INFO neutron.services.segments.plugin [-] Segment 2ac9ad38-5f6f-436e-94c4-72fee4a2e901 resource provider not found; error: Placement Client Error (4xx): {"errors": [{"status": 404, "title": "Not Found", "detail": "The resource could not be found.\n\n No resource provider with uuid 2ac9ad38-5f6f-436e-94c4-72fee4a2e901 found for delete ", "request_id": "req-f4d720a0-999f-422b-847d-36c4e946e553"}]}
2026-06-22 03:07:03.401 10 INFO neutron.wsgi [req-a4c58d07-dc1c-4b90-8254-75dc90adf3e7 req-642be290-b50a-4ae1-8dee-00b42c3434a0 bca813262a064fdc9d6dc3a94b79d5af f290d262e88d490cb6cbf56585350022 - - default default] 10.0.0.168 "GET /v2.0/security-groups?id=60036647-5b43-4c24-94fb-da2651318aeb&fields=id&fields=name HTTP/1.1" status: 200 len: 312 time: 0.0558319
2026-06-22 03:07:03.439 9 INFO neutron.db.ovn_revision_numbers_db [None req-65c405f0-0f45-4bcf-89b8-72b7ce810f06 5b663871bf124ac58879c8db2bb17859 68bb93cc97e94f988154342acf064e4e - - - -] Successfully bumped revision number for resource 0f2c163a-8ffe-4d22-881e-537822cf1c8a (type: networks) to 1
2026-06-22 03:07:03.701 9 INFO neutron.db.ovn_revision_numbers_db [None req-1df44f52-54be-4f59-93a7-c7f7ec5803b8 2d638b332b1c444a82584323ecb62e98 c4f245357b9c452c928ce7cbf29b8c3f - - - -] Successfully bumped revision number for resource a0d393ac-5963-41b5-803e-00ec1262b413 (type: ports) to 2
2026-06-22 03:07:03.712 9 WARNING neutron.scheduler.dhcp_agent_scheduler [None req-65c405f0-0f45-4bcf-89b8-72b7ce810f06 5b663871bf124ac58879c8db2bb17859 68bb93cc97e94f988154342acf064e4e - - - -] No more DHCP agents
2026-06-22 03:07:03.716 9 WARNING neutron.api.rpc.agentnotifiers.dhcp_rpc_agent_api [None req-65c405f0-0f45-4bcf-89b8-72b7ce810f06 5b663871bf124ac58879c8db2bb17859 68bb93cc97e94f988154342acf064e4e - - - -] Unable to schedule network 0f2c163a-8ffe-4d22-881e-537822cf1c8a: no agents available; will retry on subsequent port and subnet creation events.
2026-06-22 03:07:03.798 9 INFO neutron.db.ovn_revision_numbers_db [None req-65c405f0-0f45-4bcf-89b8-72b7ce810f06 5b663871bf124ac58879c8db2bb17859 68bb93cc97e94f988154342acf064e4e - - - -] Successfully bumped revision number for resource 3d6ce24c-d17a-4d97-bf1b-fc9ccfa34f7e (type: ports) to 1
2026-06-22 03:07:03.821 9 INFO neutron.wsgi [None req-65c405f0-0f45-4bcf-89b8-72b7ce810f06 5b663871bf124ac58879c8db2bb17859 68bb93cc97e94f988154342acf064e4e - - - -] 10.0.0.157 "POST /v2.0/networks HTTP/1.1" status: 201 len: 849 time: 0.7534614
2026-06-22 03:07:03.930 10 INFO neutron.db.segments_db [None req-800a88d8-c139-4979-ac0a-e5edc29eb1d9 5b663871bf124ac58879c8db2bb17859 68bb93cc97e94f988154342acf064e4e - - - -] Added segment 39b3ed9a-924f-45b8-a785-9d4268bb28cc of type geneve for network 4c10734b-e175-4c78-a254-2e28b3ad4dc7
2026-06-22 03:07:03.939 9 INFO neutron.db.ovn_revision_numbers_db [None req-1df44f52-54be-4f59-93a7-c7f7ec5803b8 2d638b332b1c444a82584323ecb62e98 c4f245357b9c452c928ce7cbf29b8c3f - - - -] Successfully bumped revision number for resource a0d393ac-5963-41b5-803e-00ec1262b413 (type: ports) to 2
2026-06-22 03:07:03.968 9 INFO neutron.wsgi [None req-1df44f52-54be-4f59-93a7-c7f7ec5803b8 2d638b332b1c444a82584323ecb62e98 c4f245357b9c452c928ce7cbf29b8c3f - - - -] 199.204.45.38 "PUT /v2.0/ports/a0d393ac-5963-41b5-803e-00ec1262b413 HTTP/1.1" status: 200 len: 1332 time: 0.9009051
2026-06-22 03:07:04.015 9 INFO neutron.notifiers.nova [-] Nova event matching ['req-cb914c83-d824-4564-9c72-79f441f33033'] response: {'name': 'network-changed', 'server_uuid': '4efe7fcc-6768-477b-b55c-62fbebb859e6', 'tag': 'a0d393ac-5963-41b5-803e-00ec1262b413', 'status': 'completed', 'code': 200} /var/lib/openstack/lib/python3.10/site-packages/pycadf/identifier.py:71: UserWarning: Invalid uuid: neutron. To ensure interoperability, identifiers should be a valid uuid. warnings.warn(('Invalid uuid: %s. To ensure interoperability, '
2026-06-22 03:07:04.079 9 INFO neutron.wsgi [req-e1c50d41-7869-44cf-bde1-2fe2bc419382 req-86a957d1-3e78-48a5-9eb5-a9f4a57e1578 2d638b332b1c444a82584323ecb62e98 c4f245357b9c452c928ce7cbf29b8c3f - - 8fa89142ed234466828e7144d55eecfd 8fa89142ed234466828e7144d55eecfd] 199.204.45.38 "GET /v2.0/ports?tenant_id=f290d262e88d490cb6cbf56585350022&device_id=4efe7fcc-6768-477b-b55c-62fbebb859e6 HTTP/1.1" status: 200 len: 1363 time: 0.0596645
2026-06-22 03:07:04.125 9 INFO neutron.wsgi [req-e1c50d41-7869-44cf-bde1-2fe2bc419382 req-15bf9f36-eae3-4bd4-a575-6f632b045f06 2d638b332b1c444a82584323ecb62e98 c4f245357b9c452c928ce7cbf29b8c3f - - 8fa89142ed234466828e7144d55eecfd 8fa89142ed234466828e7144d55eecfd] 199.204.45.38 "GET /v2.0/floatingips?fixed_ip_address=10.100.0.12&port_id=a0d393ac-5963-41b5-803e-00ec1262b413 HTTP/1.1" status: 200 len: 217 time: 0.0380306
2026-06-22 03:07:04.126 10 INFO neutron.db.ovn_revision_numbers_db [None req-800a88d8-c139-4979-ac0a-e5edc29eb1d9 5b663871bf124ac58879c8db2bb17859 68bb93cc97e94f988154342acf064e4e - - - -] Successfully bumped revision number for resource 4c10734b-e175-4c78-a254-2e28b3ad4dc7 (type: networks) to 1
2026-06-22 03:07:04.163 9 INFO neutron.wsgi [None req-ddf6f057-b98c-4e0c-a91d-f37e9980115c 995443913f674e018dccae376be97077 4bb17ac0aa45476aa87e5845b8a62079 - - default default] 10.0.0.157 "GET /v2.0/security-groups?tenant_id=4e03b60d55ae4530a009de3edd762a57&name=default HTTP/1.1" status: 200 len: 2996 time: 0.3172281
2026-06-22 03:07:04.180 9 INFO neutron.wsgi [req-e1c50d41-7869-44cf-bde1-2fe2bc419382 req-7d2dd180-565f-4750-9c3a-2736bb31f9e6 2d638b332b1c444a82584323ecb62e98 c4f245357b9c452c928ce7cbf29b8c3f - - 8fa89142ed234466828e7144d55eecfd 8fa89142ed234466828e7144d55eecfd] 199.204.45.38 "GET /v2.0/subnets?id=a6efaf00-7460-400f-9309-4356d424387d HTTP/1.1" status: 200 len: 862 time: 0.0462201
2026-06-22 03:07:04.214 9 INFO neutron.wsgi [req-e1c50d41-7869-44cf-bde1-2fe2bc419382 req-00876001-3762-41ec-a2bf-7de6af43a315 2d638b332b1c444a82584323ecb62e98 c4f245357b9c452c928ce7cbf29b8c3f - - 8fa89142ed234466828e7144d55eecfd 8fa89142ed234466828e7144d55eecfd] 199.204.45.38 "GET /v2.0/ports?network_id=ce296819-2a8d-452f-96c2-fcce253b83b8&device_owner=network%3Adhcp HTTP/1.1" status: 200 len: 210 time: 0.0255036
2026-06-22 03:07:04.305 9 INFO neutron.wsgi [req-e1c50d41-7869-44cf-bde1-2fe2bc419382 req-8c991dee-4766-4a82-bb40-ec0e7d35a263 2d638b332b1c444a82584323ecb62e98 c4f245357b9c452c928ce7cbf29b8c3f - - 8fa89142ed234466828e7144d55eecfd 8fa89142ed234466828e7144d55eecfd] 199.204.45.38 "GET /v2.0/networks/ce296819-2a8d-452f-96c2-fcce253b83b8?fields=segments HTTP/1.1" status: 200 len: 212 time: 0.0800884
2026-06-22 03:07:04.347 10 WARNING neutron.scheduler.dhcp_agent_scheduler [None req-800a88d8-c139-4979-ac0a-e5edc29eb1d9 5b663871bf124ac58879c8db2bb17859 68bb93cc97e94f988154342acf064e4e - - - -] No more DHCP agents
2026-06-22 03:07:04.349 10 WARNING neutron.api.rpc.agentnotifiers.dhcp_rpc_agent_api [None req-800a88d8-c139-4979-ac0a-e5edc29eb1d9 5b663871bf124ac58879c8db2bb17859 68bb93cc97e94f988154342acf064e4e - - - -] Unable to schedule network 4c10734b-e175-4c78-a254-2e28b3ad4dc7: no agents available; will retry on subsequent port and subnet creation events.
2026-06-22 03:07:04.437 10 INFO neutron.db.ovn_revision_numbers_db [None req-800a88d8-c139-4979-ac0a-e5edc29eb1d9 5b663871bf124ac58879c8db2bb17859 68bb93cc97e94f988154342acf064e4e - - - -] Successfully bumped revision number for resource f3d434a7-618b-41c3-ac9a-fcb2c2e0a695 (type: ports) to 1
2026-06-22 03:07:04.461 10 INFO neutron.wsgi [None req-800a88d8-c139-4979-ac0a-e5edc29eb1d9 5b663871bf124ac58879c8db2bb17859 68bb93cc97e94f988154342acf064e4e - - - -] 10.0.0.157 "POST /v2.0/networks HTTP/1.1" status: 201 len: 849 time: 0.6314144
2026-06-22 03:07:04.540 10 INFO neutron.wsgi [req-6ca95078-66e2-45ba-ac50-ed0b247e71c1 req-fe273630-044e-4dc8-a541-b3f3f78ee429 bca813262a064fdc9d6dc3a94b79d5af f290d262e88d490cb6cbf56585350022 - - default default] 10.0.0.168 "GET /v2.0/ports?device_id=4efe7fcc-6768-477b-b55c-62fbebb859e6 HTTP/1.1" status: 200 len: 1172 time: 0.0516043
2026-06-22 03:07:04.628 10 INFO neutron.wsgi [req-6ca95078-66e2-45ba-ac50-ed0b247e71c1 req-4d99c8f3-0cc4-4443-8147-82c857562d76 bca813262a064fdc9d6dc3a94b79d5af f290d262e88d490cb6cbf56585350022 - - default default] 10.0.0.168 "GET /v2.0/security-groups?id=60036647-5b43-4c24-94fb-da2651318aeb&fields=id&fields=name HTTP/1.1" status: 200 len: 312 time: 0.0794935
2026-06-22 03:07:04.820 9 INFO neutron.wsgi [req-e1c50d41-7869-44cf-bde1-2fe2bc419382 req-3da830c9-6076-465b-b4d3-9f8e09e0ac0c 2d638b332b1c444a82584323ecb62e98 c4f245357b9c452c928ce7cbf29b8c3f - - 8fa89142ed234466828e7144d55eecfd 8fa89142ed234466828e7144d55eecfd] 199.204.45.38 "GET /v2.0/networks/ce296819-2a8d-452f-96c2-fcce253b83b8?fields=provider%3Aphysical_network&fields=provider%3Anetwork_type HTTP/1.1" status: 200 len: 277 time: 0.5104196
2026-06-22 03:07:04.822 9 INFO neutron.services.segments.plugin [-] Segment 66d53f80-2fef-4bff-b152-ea72f14d83bb resource provider aggregate not found
2026-06-22 03:07:04.829 9 INFO neutron.services.segments.plugin [-] Segment 66d53f80-2fef-4bff-b152-ea72f14d83bb resource provider aggregate not found
2026-06-22 03:07:04.850 9 INFO neutron.services.segments.plugin [-] Segment 66d53f80-2fef-4bff-b152-ea72f14d83bb resource provider not found; error: Placement Client Error (4xx): {"errors": [{"status": 404, "title": "Not Found", "detail": "The resource could not be found.\n\n No resource provider with uuid 66d53f80-2fef-4bff-b152-ea72f14d83bb found for delete ", "request_id": "req-fcbc6dfc-b01e-4774-9292-7af49b79fed9"}]}
2026-06-22 03:07:04.852 9 INFO neutron.services.segments.plugin [-] Segment 66d53f80-2fef-4bff-b152-ea72f14d83bb resource provider not found; error: Placement Client Error (4xx): {"errors": [{"status": 404, "title": "Not Found", "detail": "The resource could not be found.\n\n No resource provider with uuid 66d53f80-2fef-4bff-b152-ea72f14d83bb found for delete ", "request_id": "req-a3524889-46b0-4a39-a22e-2b19e165a471"}]}
2026-06-22 03:07:04.881 9 INFO neutron.wsgi [None req-30e0362e-c8e9-46f4-8a68-fec61548eee2 995443913f674e018dccae376be97077 4bb17ac0aa45476aa87e5845b8a62079 - - - -] 10.0.0.157 "DELETE /v2.0/security-groups/670675ec-dd8d-48d2-9e59-8983711a6317 HTTP/1.1" status: 204 len: 168 time: 0.7125931
2026-06-22 03:07:04.912 9 INFO neutron.wsgi [req-6a17e12b-2c50-4991-865e-c09959a2677f req-29860ce2-1634-41c3-9c14-22fd17125b13 2d638b332b1c444a82584323ecb62e98 c4f245357b9c452c928ce7cbf29b8c3f - - 8fa89142ed234466828e7144d55eecfd 8fa89142ed234466828e7144d55eecfd] 199.204.45.38 "GET /v2.0/ports?tenant_id=f290d262e88d490cb6cbf56585350022&device_id=4efe7fcc-6768-477b-b55c-62fbebb859e6 HTTP/1.1" status: 200 len: 1363 time: 0.0343013
2026-06-22 03:07:04.993 9 INFO neutron.wsgi [req-6a17e12b-2c50-4991-865e-c09959a2677f req-97e4239b-9429-4eac-92f5-e65638636ae0 2d638b332b1c444a82584323ecb62e98 c4f245357b9c452c928ce7cbf29b8c3f - - 8fa89142ed234466828e7144d55eecfd 8fa89142ed234466828e7144d55eecfd] 199.204.45.38 "GET /v2.0/networks?id=ce296819-2a8d-452f-96c2-fcce253b83b8 HTTP/1.1" status: 200 len: 967 time: 0.0758960
2026-06-22 03:07:05.032 9 INFO neutron.wsgi [req-6a17e12b-2c50-4991-865e-c09959a2677f req-6761588a-07b9-4182-b848-7e7d64d94005 2d638b332b1c444a82584323ecb62e98 c4f245357b9c452c928ce7cbf29b8c3f - - 8fa89142ed234466828e7144d55eecfd 8fa89142ed234466828e7144d55eecfd] 199.204.45.38 "GET /v2.0/floatingips?fixed_ip_address=10.100.0.12&port_id=a0d393ac-5963-41b5-803e-00ec1262b413 HTTP/1.1" status: 200 len: 217 time: 0.0309541
2026-06-22 03:07:05.067 10 INFO neutron.plugins.ml2.drivers.ovn.mech_driver.mech_driver [None req-e076f914-9f6d-4367-9385-e1e3bafb5fc7 - - - - - -] OVN reports status up for port: a0d393ac-5963-41b5-803e-00ec1262b413
2026-06-22 03:07:05.078 9 INFO neutron.wsgi [req-6a17e12b-2c50-4991-865e-c09959a2677f req-e85c8e7d-b425-4133-a792-833b93ecec45 2d638b332b1c444a82584323ecb62e98 c4f245357b9c452c928ce7cbf29b8c3f - - 8fa89142ed234466828e7144d55eecfd 8fa89142ed234466828e7144d55eecfd] 199.204.45.38 "GET /v2.0/subnets?id=a6efaf00-7460-400f-9309-4356d424387d HTTP/1.1" status: 200 len: 862 time: 0.0418863
2026-06-22 03:07:05.121 10 INFO neutron.plugins.ml2.plugin [None req-e076f914-9f6d-4367-9385-e1e3bafb5fc7 - - - - - -] Attempt 1 to provision port a0d393ac-5963-41b5-803e-00ec1262b413
2026-06-22 03:07:05.130 9 INFO neutron.wsgi [req-6a17e12b-2c50-4991-865e-c09959a2677f req-3a932e81-06aa-48f7-87bd-8e867ee7ce6f 2d638b332b1c444a82584323ecb62e98 c4f245357b9c452c928ce7cbf29b8c3f - - 8fa89142ed234466828e7144d55eecfd 8fa89142ed234466828e7144d55eecfd] 199.204.45.38 "GET /v2.0/ports?network_id=ce296819-2a8d-452f-96c2-fcce253b83b8&device_owner=network%3Adhcp HTTP/1.1" status: 200 len: 210 time: 0.0437787
2026-06-22 03:07:05.196 10 WARNING neutron.scheduler.dhcp_agent_scheduler [None req-df5aceea-1417-4ad4-bf71-749528859380 5b663871bf124ac58879c8db2bb17859 68bb93cc97e94f988154342acf064e4e - - - -] No more DHCP agents
2026-06-22 03:07:05.200 10 WARNING neutron.api.rpc.agentnotifiers.dhcp_rpc_agent_api [None req-df5aceea-1417-4ad4-bf71-749528859380 5b663871bf124ac58879c8db2bb17859 68bb93cc97e94f988154342acf064e4e - - - -] Unable to schedule network 0f2c163a-8ffe-4d22-881e-537822cf1c8a: no agents available; will retry on subsequent port and subnet creation events.
2026-06-22 03:07:05.252 9 INFO neutron.wsgi [req-6a17e12b-2c50-4991-865e-c09959a2677f req-a03d5607-ba73-421e-b239-0dcb6efc184c 2d638b332b1c444a82584323ecb62e98 c4f245357b9c452c928ce7cbf29b8c3f - - 8fa89142ed234466828e7144d55eecfd 8fa89142ed234466828e7144d55eecfd] 199.204.45.38 "GET /v2.0/networks/ce296819-2a8d-452f-96c2-fcce253b83b8?fields=segments HTTP/1.1" status: 200 len: 212 time: 0.1125445
2026-06-22 03:07:05.328 10 INFO neutron.db.ovn_revision_numbers_db [None req-df5aceea-1417-4ad4-bf71-749528859380 5b663871bf124ac58879c8db2bb17859 68bb93cc97e94f988154342acf064e4e - - - -] Successfully bumped revision number for resource 23436149-8acb-43b5-ac81-2cec6fc463fb (type: ports) to 1
2026-06-22 03:07:05.328 9 INFO neutron.wsgi [req-6a17e12b-2c50-4991-865e-c09959a2677f req-bdc8bfc4-8b34-4930-8392-9aed8f24f3c8 2d638b332b1c444a82584323ecb62e98 c4f245357b9c452c928ce7cbf29b8c3f - - 8fa89142ed234466828e7144d55eecfd 8fa89142ed234466828e7144d55eecfd] 199.204.45.38 "GET /v2.0/networks/ce296819-2a8d-452f-96c2-fcce253b83b8?fields=provider%3Aphysical_network&fields=provider%3Anetwork_type HTTP/1.1" status: 200 len: 277 time: 0.0709443
2026-06-22 03:07:05.362 10 INFO neutron.notifiers.nova [-] Nova event matching ['req-81c53287-eca4-4491-9e65-e0d4b624a335'] response: {'server_uuid': '4efe7fcc-6768-477b-b55c-62fbebb859e6', 'name': 'network-vif-plugged', 'status': 'completed', 'tag': 'a0d393ac-5963-41b5-803e-00ec1262b413', 'code': 200}
2026-06-22 03:07:05.397 10 WARNING neutron.scheduler.dhcp_agent_scheduler [None req-df5aceea-1417-4ad4-bf71-749528859380 5b663871bf124ac58879c8db2bb17859 68bb93cc97e94f988154342acf064e4e - - - -] No more DHCP agents
2026-06-22 03:07:05.402 10 WARNING neutron.api.rpc.agentnotifiers.dhcp_rpc_agent_api [None req-df5aceea-1417-4ad4-bf71-749528859380 5b663871bf124ac58879c8db2bb17859 68bb93cc97e94f988154342acf064e4e - - - -] Unable to schedule network 4c10734b-e175-4c78-a254-2e28b3ad4dc7: no agents available; will retry on subsequent port and subnet creation events.
2026-06-22 03:07:05.524 10 INFO neutron.db.ovn_revision_numbers_db [None req-df5aceea-1417-4ad4-bf71-749528859380 5b663871bf124ac58879c8db2bb17859 68bb93cc97e94f988154342acf064e4e - - - -] Successfully bumped revision number for resource bdcffaf3-f64e-4d61-b44d-959929928374 (type: ports) to 1
2026-06-22 03:07:05.590 10 INFO neutron.wsgi [None req-df5aceea-1417-4ad4-bf71-749528859380 5b663871bf124ac58879c8db2bb17859 68bb93cc97e94f988154342acf064e4e - - - -] 10.0.0.157 "POST /v2.0/ports HTTP/1.1" status: 201 len: 1706 time: 1.1227772 /var/lib/openstack/lib/python3.10/site-packages/pycadf/identifier.py:71: UserWarning: Invalid uuid: neutron. To ensure interoperability, identifiers should be a valid uuid. warnings.warn(('Invalid uuid: %s. To ensure interoperability, '
2026-06-22 03:07:05.632 10 INFO neutron.db.ovn_revision_numbers_db [None req-e076f914-9f6d-4367-9385-e1e3bafb5fc7 - - - - - -] Successfully bumped revision number for resource a0d393ac-5963-41b5-803e-00ec1262b413 (type: ports) to 4
2026-06-22 03:07:05.870 10 INFO neutron.wsgi [None req-eb88c68c-980c-4436-a700-a5ecefeda44b 5b663871bf124ac58879c8db2bb17859 68bb93cc97e94f988154342acf064e4e - - default default] 10.0.0.157 "GET /v2.0/ports HTTP/1.1" status: 200 len: 3213 time: 0.2725923
2026-06-22 03:07:05.894 10 INFO neutron.wsgi [req-0131d296-3971-4e4c-8d49-f71c4d659300 req-4e7a47fe-def3-4a83-af8d-6950a4237afb bca813262a064fdc9d6dc3a94b79d5af f290d262e88d490cb6cbf56585350022 - - default default] 10.0.0.168 "GET /v2.0/ports?device_id=4efe7fcc-6768-477b-b55c-62fbebb859e6 HTTP/1.1" status: 200 len: 1174 time: 0.1340966 /var/lib/openstack/lib/python3.10/site-packages/pycadf/identifier.py:71: UserWarning: Invalid uuid: neutron. To ensure interoperability, identifiers should be a valid uuid. warnings.warn(('Invalid uuid: %s. To ensure interoperability, '
2026-06-22 03:07:05.952 10 INFO neutron.wsgi [req-0131d296-3971-4e4c-8d49-f71c4d659300 req-cdfb05cb-d51f-4046-8557-6fb812571aa6 bca813262a064fdc9d6dc3a94b79d5af f290d262e88d490cb6cbf56585350022 - - default default] 10.0.0.168 "GET /v2.0/security-groups?id=60036647-5b43-4c24-94fb-da2651318aeb&fields=id&fields=name HTTP/1.1" status: 200 len: 312 time: 0.0475409
2026-06-22 03:07:06.102 10 INFO neutron.wsgi [req-ecb3f420-d73a-4cf4-bafb-c991421247e4 req-effd3fa1-b99b-4089-8b16-791671f7c055 bca813262a064fdc9d6dc3a94b79d5af f290d262e88d490cb6cbf56585350022 - - default default] 10.0.0.168 "GET /v2.0/ports?device_id=4efe7fcc-6768-477b-b55c-62fbebb859e6 HTTP/1.1" status: 200 len: 1174 time: 0.0605798
2026-06-22 03:07:06.249 9 INFO neutron.wsgi [None req-762d3d66-d6c0-4168-9731-bb24ea26a6d8 5b663871bf124ac58879c8db2bb17859 68bb93cc97e94f988154342acf064e4e - - - -] 10.0.0.157 "DELETE /v2.0/ports/23436149-8acb-43b5-ac81-2cec6fc463fb HTTP/1.1" status: 204 len: 168 time: 0.3727062
2026-06-22 03:07:06.423 9 INFO neutron.db.l3_db [None req-33e0e40c-9bb2-4f12-bc78-df903a9f3630 bca813262a064fdc9d6dc3a94b79d5af f290d262e88d490cb6cbf56585350022 - - - -] Floating IP 9a7c3cc8-8515-49de-ba64-70929ee3fab1 associated. External IP: 10.96.250.213, port: a0d393ac-5963-41b5-803e-00ec1262b413.
2026-06-22 03:07:06.585 10 INFO neutron.wsgi [None req-b51a0092-7e05-463c-9b26-ffc30c3db6ff 5b663871bf124ac58879c8db2bb17859 68bb93cc97e94f988154342acf064e4e - - - -] 10.0.0.157 "DELETE /v2.0/ports/bdcffaf3-f64e-4d61-b44d-959929928374 HTTP/1.1" status: 204 len: 168 time: 0.3299780
2026-06-22 03:07:06.637 10 INFO neutron.wsgi [None req-70247b92-629c-4743-a859-d2cc62617fe9 5b663871bf124ac58879c8db2bb17859 68bb93cc97e94f988154342acf064e4e - - default default] 10.0.0.157 "GET /v2.0/ports HTTP/1.1" status: 200 len: 1718 time: 0.0474145
2026-06-22 03:07:06.641 9 INFO neutron.db.ovn_revision_numbers_db [None req-33e0e40c-9bb2-4f12-bc78-df903a9f3630 bca813262a064fdc9d6dc3a94b79d5af f290d262e88d490cb6cbf56585350022 - - - -] Successfully bumped revision number for resource 9a7c3cc8-8515-49de-ba64-70929ee3fab1 (type: floatingips) to 1
2026-06-22 03:07:06.737 9 INFO neutron.db.ovn_revision_numbers_db [None req-33e0e40c-9bb2-4f12-bc78-df903a9f3630 bca813262a064fdc9d6dc3a94b79d5af f290d262e88d490cb6cbf56585350022 - - - -] Successfully bumped revision number for resource 9a7c3cc8-8515-49de-ba64-70929ee3fab1 (type: floatingips) to 2
2026-06-22 03:07:06.753 10 INFO neutron.db.segments_db [None req-60883cc3-b07c-445d-9d36-fb8bd31df4ec 5b663871bf124ac58879c8db2bb17859 68bb93cc97e94f988154342acf064e4e - - - -] Added segment 0f14037b-1786-4ebc-a65f-1f55b356003b of type geneve for network 5e73b208-487a-4764-af06-34b9a5ae1a8e
2026-06-22 03:07:06.776 9 INFO neutron.wsgi [None req-33e0e40c-9bb2-4f12-bc78-df903a9f3630 bca813262a064fdc9d6dc3a94b79d5af f290d262e88d490cb6cbf56585350022 - - - -] 10.0.0.157 "PUT /v2.0/floatingips/9a7c3cc8-8515-49de-ba64-70929ee3fab1 HTTP/1.1" status: 200 len: 1050 time: 0.6566222
2026-06-22 03:07:06.821 9 INFO neutron.notifiers.nova [-] Nova event matching ['req-5f87ec56-e18c-41e8-8cad-70a181e22504'] response: {'name': 'network-changed', 'server_uuid': '4efe7fcc-6768-477b-b55c-62fbebb859e6', 'tag': 'a0d393ac-5963-41b5-803e-00ec1262b413', 'status': 'completed', 'code': 200} /var/lib/openstack/lib/python3.10/site-packages/pycadf/identifier.py:71: UserWarning: Invalid uuid: neutron. To ensure interoperability, identifiers should be a valid uuid. warnings.warn(('Invalid uuid: %s. To ensure interoperability, '
2026-06-22 03:07:06.883 9 INFO neutron.wsgi [req-5ac16e19-e1fe-45a1-8bbe-e786af6f30e1 req-4859da3d-ad07-41a0-a774-5cc557814f7e 2d638b332b1c444a82584323ecb62e98 c4f245357b9c452c928ce7cbf29b8c3f - - 8fa89142ed234466828e7144d55eecfd 8fa89142ed234466828e7144d55eecfd] 199.204.45.38 "GET /v2.0/ports?tenant_id=f290d262e88d490cb6cbf56585350022&device_id=4efe7fcc-6768-477b-b55c-62fbebb859e6 HTTP/1.1" status: 200 len: 1365 time: 0.0435083
2026-06-22 03:07:06.922 10 INFO neutron.wsgi [req-bce55826-7b85-483d-bdc8-fdba899d61f8 req-38aafe88-1947-4ac9-a81e-7a84508dbcaa bca813262a064fdc9d6dc3a94b79d5af f290d262e88d490cb6cbf56585350022 - - default default] 10.0.0.168 "GET /v2.0/ports?device_id=4efe7fcc-6768-477b-b55c-62fbebb859e6 HTTP/1.1" status: 200 len: 1174 time: 0.0715628
2026-06-22 03:07:06.928 10 INFO neutron.db.ovn_revision_numbers_db [None req-60883cc3-b07c-445d-9d36-fb8bd31df4ec 5b663871bf124ac58879c8db2bb17859 68bb93cc97e94f988154342acf064e4e - - - -] Successfully bumped revision number for resource 5e73b208-487a-4764-af06-34b9a5ae1a8e (type: networks) to 1
2026-06-22 03:07:06.981 9 INFO neutron.wsgi [req-5ac16e19-e1fe-45a1-8bbe-e786af6f30e1 req-cb495418-79eb-456a-bdd1-5eebc314dda0 2d638b332b1c444a82584323ecb62e98 c4f245357b9c452c928ce7cbf29b8c3f - - 8fa89142ed234466828e7144d55eecfd 8fa89142ed234466828e7144d55eecfd] 199.204.45.38 "GET /v2.0/networks?id=ce296819-2a8d-452f-96c2-fcce253b83b8 HTTP/1.1" status: 200 len: 967 time: 0.0914600
2026-06-22 03:07:07.017 10 INFO neutron.wsgi [req-bce55826-7b85-483d-bdc8-fdba899d61f8 req-0d329c82-369e-4ba8-8afb-ee39dd96aeea bca813262a064fdc9d6dc3a94b79d5af f290d262e88d490cb6cbf56585350022 - - default default] 10.0.0.168 "GET /v2.0/security-groups?id=60036647-5b43-4c24-94fb-da2651318aeb&fields=id&fields=name HTTP/1.1" status: 200 len: 312 time: 0.0810816
2026-06-22 03:07:07.053 9 INFO neutron.wsgi [req-5ac16e19-e1fe-45a1-8bbe-e786af6f30e1 req-93bfc7c6-7a75-4e74-bb83-a8bac9aca5be 2d638b332b1c444a82584323ecb62e98 c4f245357b9c452c928ce7cbf29b8c3f - - 8fa89142ed234466828e7144d55eecfd 8fa89142ed234466828e7144d55eecfd] 199.204.45.38 "GET /v2.0/floatingips?fixed_ip_address=10.100.0.12&port_id=a0d393ac-5963-41b5-803e-00ec1262b413 HTTP/1.1" status: 200 len: 1060 time: 0.0644038
2026-06-22 03:07:07.109 9 INFO neutron.wsgi [req-5ac16e19-e1fe-45a1-8bbe-e786af6f30e1 req-a5d1cf38-7145-4858-84f0-81d9b07fb601 2d638b332b1c444a82584323ecb62e98 c4f245357b9c452c928ce7cbf29b8c3f - - 8fa89142ed234466828e7144d55eecfd 8fa89142ed234466828e7144d55eecfd] 199.204.45.38 "GET /v2.0/subnets?id=a6efaf00-7460-400f-9309-4356d424387d HTTP/1.1" status: 200 len: 862 time: 0.0478187
2026-06-22 03:07:07.141 9 INFO neutron.wsgi [req-5ac16e19-e1fe-45a1-8bbe-e786af6f30e1 req-679b0f46-d791-478a-8cf1-941025fbbed5 2d638b332b1c444a82584323ecb62e98 c4f245357b9c452c928ce7cbf29b8c3f - - 8fa89142ed234466828e7144d55eecfd 8fa89142ed234466828e7144d55eecfd] 199.204.45.38 "GET /v2.0/ports?network_id=ce296819-2a8d-452f-96c2-fcce253b83b8&device_owner=network%3Adhcp HTTP/1.1" status: 200 len: 210 time: 0.0274489
2026-06-22 03:07:07.215 9 INFO neutron.wsgi [req-5ac16e19-e1fe-45a1-8bbe-e786af6f30e1 req-618a6a30-2d8b-42e3-a19c-e6fa5b0ff55f 2d638b332b1c444a82584323ecb62e98 c4f245357b9c452c928ce7cbf29b8c3f - - 8fa89142ed234466828e7144d55eecfd 8fa89142ed234466828e7144d55eecfd] 199.204.45.38 "GET /v2.0/networks/ce296819-2a8d-452f-96c2-fcce253b83b8?fields=segments HTTP/1.1" status: 200 len: 212 time: 0.0688667
2026-06-22 03:07:07.258 10 WARNING neutron.scheduler.dhcp_agent_scheduler [None req-60883cc3-b07c-445d-9d36-fb8bd31df4ec 5b663871bf124ac58879c8db2bb17859 68bb93cc97e94f988154342acf064e4e - - - -] No more DHCP agents
2026-06-22 03:07:07.260 10 WARNING keystonemiddleware.audit [None req-64f04958-6c38-4837-a69b-ab2e41a29adc - - - - - -] Skipping service tempest-service-1223293362 as it have no endpoints.
2026-06-22 03:07:07.267 10 WARNING neutron.api.rpc.agentnotifiers.dhcp_rpc_agent_api [None req-60883cc3-b07c-445d-9d36-fb8bd31df4ec 5b663871bf124ac58879c8db2bb17859 68bb93cc97e94f988154342acf064e4e - - - -] Unable to schedule network 5e73b208-487a-4764-af06-34b9a5ae1a8e: no agents available; will retry on subsequent port and subnet creation events.
2026-06-22 03:07:07.295 9 INFO neutron.wsgi [req-5ac16e19-e1fe-45a1-8bbe-e786af6f30e1 req-de7ab776-27a4-40aa-b0f9-d5c6277cb8cc 2d638b332b1c444a82584323ecb62e98 c4f245357b9c452c928ce7cbf29b8c3f - - 8fa89142ed234466828e7144d55eecfd 8fa89142ed234466828e7144d55eecfd] 199.204.45.38 "GET /v2.0/networks/ce296819-2a8d-452f-96c2-fcce253b83b8?fields=provider%3Aphysical_network&fields=provider%3Anetwork_type HTTP/1.1" status: 200 len: 277 time: 0.0706768
2026-06-22 03:07:07.405 10 INFO neutron.plugins.ml2.drivers.ovn.mech_driver.mech_driver [None req-e076f914-9f6d-4367-9385-e1e3bafb5fc7 - - - - - -] OVN reports status down for port: a0d393ac-5963-41b5-803e-00ec1262b413
2026-06-22 03:07:07.409 10 INFO neutron.db.ovn_revision_numbers_db [None req-60883cc3-b07c-445d-9d36-fb8bd31df4ec 5b663871bf124ac58879c8db2bb17859 68bb93cc97e94f988154342acf064e4e - - - -] Successfully bumped revision number for resource b5855120-de3c-4348-ab66-5689e5a50d92 (type: ports) to 1
2026-06-22 03:07:07.424 10 INFO neutron.notifiers.nova [-] Nova event matching ['req-773cbb2b-5830-4a58-96ef-9ec02a0636f0'] response: {'server_uuid': '4efe7fcc-6768-477b-b55c-62fbebb859e6', 'name': 'network-vif-plugged', 'status': 'completed', 'tag': 'a0d393ac-5963-41b5-803e-00ec1262b413', 'code': 200}
2026-06-22 03:07:07.445 10 INFO neutron.wsgi [req-9b5b7f36-10ce-44a1-9509-f2a1bf5f0f98 req-7aa5b475-b487-48e2-87c1-021526633e33 bca813262a064fdc9d6dc3a94b79d5af f290d262e88d490cb6cbf56585350022 - - default default] 10.0.0.168 "GET /v2.0/ports?device_id=4efe7fcc-6768-477b-b55c-62fbebb859e6 HTTP/1.1" status: 200 len: 1174 time: 0.0892689
2026-06-22 03:07:07.474 10 INFO neutron.wsgi [None req-60883cc3-b07c-445d-9d36-fb8bd31df4ec 5b663871bf124ac58879c8db2bb17859 68bb93cc97e94f988154342acf064e4e - - - -] 10.0.0.157 "POST /v2.0/networks HTTP/1.1" status: 201 len: 849 time: 0.8277948
2026-06-22 03:07:07.516 10 INFO neutron.wsgi [req-9b5b7f36-10ce-44a1-9509-f2a1bf5f0f98 req-370f573b-d81c-4eee-8684-7cde1b9da041 bca813262a064fdc9d6dc3a94b79d5af f290d262e88d490cb6cbf56585350022 - - default default] 10.0.0.168 "GET /v2.0/security-groups?id=60036647-5b43-4c24-94fb-da2651318aeb&fields=id&fields=name HTTP/1.1" status: 200 len: 312 time: 0.0581920
2026-06-22 03:07:07.573 10 INFO neutron.db.ovn_revision_numbers_db [None req-4cdee46b-2b91-4797-9da2-8082a01c1d8b 445033d8d2ec470cbc2b109825940443 a781f17e1ac3457cbccbf27c9d433f88 - - - -] Successfully bumped revision number for resource ceb1c0c7-cb7b-40ca-a39f-b2b9349ecf46 (type: security_groups) to 1
2026-06-22 03:07:07.580 9 INFO neutron.db.segments_db [None req-38661a8d-e193-4846-a986-7072ca9f8b66 5b663871bf124ac58879c8db2bb17859 68bb93cc97e94f988154342acf064e4e - - - -] Added segment 24a1e1e5-60e2-4e7a-a41e-d9f471ff9a9e of type geneve for network 456f8c70-f5fb-4e4e-9cf5-6709c2d42b64
2026-06-22 03:07:07.647 10 INFO neutron.db.segments_db [None req-4cdee46b-2b91-4797-9da2-8082a01c1d8b 445033d8d2ec470cbc2b109825940443 a781f17e1ac3457cbccbf27c9d433f88 - - - -] Added segment 360fca7e-eece-419b-861b-929550b0c13c of type geneve for network 564f0ab4-90cd-4e39-a466-d78397e3aa98
2026-06-22 03:07:07.826 10 INFO neutron.db.ovn_revision_numbers_db [None req-e076f914-9f6d-4367-9385-e1e3bafb5fc7 - - - - - -] Successfully bumped revision number for resource a0d393ac-5963-41b5-803e-00ec1262b413 (type: ports) to 5
2026-06-22 03:07:07.827 10 INFO neutron.db.ovn_revision_numbers_db [None req-4cdee46b-2b91-4797-9da2-8082a01c1d8b 445033d8d2ec470cbc2b109825940443 a781f17e1ac3457cbccbf27c9d433f88 - - - -] Successfully bumped revision number for resource 564f0ab4-90cd-4e39-a466-d78397e3aa98 (type: networks) to 1
2026-06-22 03:07:07.829 9 INFO neutron.db.ovn_revision_numbers_db [None req-38661a8d-e193-4846-a986-7072ca9f8b66 5b663871bf124ac58879c8db2bb17859 68bb93cc97e94f988154342acf064e4e - - - -] Successfully bumped revision number for resource 456f8c70-f5fb-4e4e-9cf5-6709c2d42b64 (type: networks) to 1
2026-06-22 03:07:07.872 9 INFO neutron.wsgi [req-d56d892a-6f19-434a-b8ca-8fe83976ec6c req-32907053-d248-4bb5-b561-f6dd7608a06f bca813262a064fdc9d6dc3a94b79d5af f290d262e88d490cb6cbf56585350022 - - default default] 199.204.45.38 "GET /v2.0/ports?device_id=4efe7fcc-6768-477b-b55c-62fbebb859e6 HTTP/1.1" status: 200 len: 1172 time: 0.1764641
2026-06-22 03:07:08.077 10 WARNING neutron.scheduler.dhcp_agent_scheduler [None req-4cdee46b-2b91-4797-9da2-8082a01c1d8b 445033d8d2ec470cbc2b109825940443 a781f17e1ac3457cbccbf27c9d433f88 - - - -] No more DHCP agents
2026-06-22 03:07:08.080 10 WARNING neutron.api.rpc.agentnotifiers.dhcp_rpc_agent_api [None req-4cdee46b-2b91-4797-9da2-8082a01c1d8b 445033d8d2ec470cbc2b109825940443 a781f17e1ac3457cbccbf27c9d433f88 - - - -] Unable to schedule network 564f0ab4-90cd-4e39-a466-d78397e3aa98: no agents available; will retry on subsequent port and subnet creation events.
2026-06-22 03:07:08.147 9 WARNING neutron.scheduler.dhcp_agent_scheduler [None req-38661a8d-e193-4846-a986-7072ca9f8b66 5b663871bf124ac58879c8db2bb17859 68bb93cc97e94f988154342acf064e4e - - - -] No more DHCP agents
2026-06-22 03:07:08.156 9 WARNING neutron.api.rpc.agentnotifiers.dhcp_rpc_agent_api [None req-38661a8d-e193-4846-a986-7072ca9f8b66 5b663871bf124ac58879c8db2bb17859 68bb93cc97e94f988154342acf064e4e - - - -] Unable to schedule network 456f8c70-f5fb-4e4e-9cf5-6709c2d42b64: no agents available; will retry on subsequent port and subnet creation events.
2026-06-22 03:07:08.159 10 INFO neutron.db.ovn_revision_numbers_db [None req-4cdee46b-2b91-4797-9da2-8082a01c1d8b 445033d8d2ec470cbc2b109825940443 a781f17e1ac3457cbccbf27c9d433f88 - - - -] Successfully bumped revision number for resource bf359a8e-d96c-40f8-9bfc-019b33af80f9 (type: ports) to 1
