Jun 29 05:09:26.954246 np0000183420 devstack@n-api.service[99990]: INFO nova.api.openstack.requestlog [None req-f1129742-eee8-451a-9728-08a2d4bc79f5 admin admin] 199.204.45.74 "GET /compute/v2.1" status: 200 len: 392 microversion: 2.1 time: 0.005836
Jun 29 05:09:26.954517 np0000183420 devstack@n-api.service[99990]: [pid: 99990|app: 0|req: 18/73] 199.204.45.74 () {62 vars in 1056 bytes} [Mon Jun 29 05:09:26 2026] GET /compute/v2.1 => generated 392 bytes in 7 msecs (HTTP/1.1 200) 9 headers in 357 bytes (1 switches on core 0)
Jun 29 05:09:26.992876 np0000183420 devstack@n-api.service[99992]: DEBUG nova.api.openstack.wsgi [None req-9b0af15a-fe41-4984-a556-a26176cdf4c9 admin admin] Calling method '>' {{(pid=99992) _process_stack /opt/stack/nova/nova/api/openstack/wsgi.py:551}}
Jun 29 05:09:26.998394 np0000183420 devstack@n-api.service[99992]: INFO nova.api.openstack.requestlog [None req-9b0af15a-fe41-4984-a556-a26176cdf4c9 admin admin] 199.204.45.74 "GET /compute/v2.1/" status: 200 len: 392 microversion: 2.1 time: 0.005959
Jun 29 05:09:26.998757 np0000183420 devstack@n-api.service[99992]: [pid: 99992|app: 0|req: 20/74] 199.204.45.74 () {62 vars in 1059 bytes} [Mon Jun 29 05:09:26 2026] GET /compute/v2.1/ => generated 392 bytes in 7 msecs (HTTP/1.1 200) 9 headers in 357 bytes (1 switches on core 0)
Jun 29 05:09:27.035506 np0000183420 devstack@n-api.service[99991]: DEBUG nova.api.openstack.wsgi [None req-3a328afd-a830-4dbe-bf59-8f3a71c2ed49 demo demo] Calling method '>' {{(pid=99991) _process_stack /opt/stack/nova/nova/api/openstack/wsgi.py:551}}
Jun 29 05:09:27.058095 np0000183420 devstack@n-api.service[99991]: INFO nova.api.openstack.requestlog [None req-3a328afd-a830-4dbe-bf59-8f3a71c2ed49 demo demo] 199.204.45.74 "GET /compute/v2.1/flavors/detail?is_public=None" status: 200 len: 5240 microversion: 2.61 time: 0.026130
Jun 29 05:09:27.058339 np0000183420 devstack@n-api.service[99991]: [pid: 99991|app: 0|req: 19/75] 199.204.45.74 () {68 vars in 1417 bytes} [Mon Jun 29 05:09:27 2026] GET /compute/v2.1/flavors/detail?is_public=None => generated 5240 bytes in 27 msecs (HTTP/1.1 200) 9 headers in 360 bytes (1 switches on core 0)
Jun 29 05:09:27.111631 np0000183420 devstack@n-api.service[99993]: DEBUG nova.api.openstack.wsgi [None req-71d4d1f0-16d3-478b-92c2-7ad6bf4b167a demo demo] Calling method '>' {{(pid=99993) _process_stack /opt/stack/nova/nova/api/openstack/wsgi.py:551}}
Jun 29 05:09:27.134446 np0000183420 devstack@n-api.service[99993]: INFO nova.api.openstack.requestlog [None req-71d4d1f0-16d3-478b-92c2-7ad6bf4b167a demo demo] 199.204.45.74 "GET /compute/v2.1/flavors/detail?is_public=None" status: 200 len: 5240 microversion: 2.61 time: 0.026556
Jun 29 05:09:27.134682 np0000183420 devstack@n-api.service[99993]: [pid: 99993|app: 0|req: 19/76] 199.204.45.74 () {68 vars in 1417 bytes} [Mon Jun 29 05:09:27 2026] GET /compute/v2.1/flavors/detail?is_public=None => generated 5240 bytes in 27 msecs (HTTP/1.1 200) 9 headers in 360 bytes (1 switches on core 0)
Jun 29 05:09:31.112338 np0000183420 devstack@n-api.service[99990]: DEBUG nova.api.openstack.wsgi [None req-f1129742-eee8-451a-9728-08a2d4bc79f5 admin admin] Calling method '>' {{(pid=99990) _process_stack /opt/stack/nova/nova/api/openstack/wsgi.py:551}}
Jun 29 05:09:31.117511 np0000183420 devstack@n-api.service[99990]: INFO nova.api.openstack.requestlog [None req-f1129742-eee8-451a-9728-08a2d4bc79f5 admin admin] 199.204.45.74 "GET /compute/v2.1" status: 200 len: 392 microversion: 2.1 time: 0.005927
Jun 29 05:09:31.117800 np0000183420 devstack@n-api.service[99990]: [pid: 99990|app: 0|req: 19/77] 199.204.45.74 () {62 vars in 1067 bytes} [Mon Jun 29 05:09:31 2026] GET /compute/v2.1 => generated 392 bytes in 7 msecs (HTTP/1.1 200) 9 headers in 357 bytes (1 switches on core 0)
Jun 29 05:09:31.155809 np0000183420 devstack@n-api.service[99992]: DEBUG nova.api.openstack.wsgi [None req-9b0af15a-fe41-4984-a556-a26176cdf4c9 admin admin] Calling method '>' {{(pid=99992) _process_stack /opt/stack/nova/nova/api/openstack/wsgi.py:551}}
Jun 29 05:09:31.160196 np0000183420 devstack@n-api.service[99992]: INFO nova.api.openstack.requestlog [None req-9b0af15a-fe41-4984-a556-a26176cdf4c9 admin admin] 199.204.45.74 "GET /compute/v2.1/" status: 200 len: 392 microversion: 2.1 time: 0.004971
Jun 29 05:09:31.160393 np0000183420 devstack@n-api.service[99992]: [pid: 99992|app: 0|req: 21/78] 199.204.45.74 () {62 vars in 1070 bytes} [Mon Jun 29 05:09:31 2026] GET /compute/v2.1/ => generated 392 bytes in 5 msecs (HTTP/1.1 200) 9 headers in 357 bytes (1 switches on core 0)
Jun 29 05:09:31.197976 np0000183420 devstack@n-api.service[99991]: DEBUG nova.api.openstack.wsgi [None req-a7c274ec-228e-4bd5-bba7-dae438ec5362 demo demo] Calling method '>' {{(pid=99991) _process_stack /opt/stack/nova/nova/api/openstack/wsgi.py:551}}
Jun 29 05:09:31.218206 np0000183420 devstack@n-api.service[99991]: INFO nova.api.openstack.requestlog [None req-a7c274ec-228e-4bd5-bba7-dae438ec5362 demo demo] 199.204.45.74 "GET /compute/v2.1/os-server-groups" status: 200 len: 21 microversion: 2.64 time: 0.024473
Jun 29 05:09:31.218530 np0000183420 devstack@n-api.service[99991]: [pid: 99991|app: 0|req: 20/79] 199.204.45.74 () {68 vars in 1405 bytes} [Mon Jun 29 05:09:31 2026] GET /compute/v2.1/os-server-groups => generated 21 bytes in 25 msecs (HTTP/1.1 200) 9 headers in 358 bytes (1 switches on core 0)
Jun 29 05:09:31.255987 np0000183420 devstack@n-api.service[99993]: DEBUG nova.api.openstack.wsgi [None req-71d4d1f0-16d3-478b-92c2-7ad6bf4b167a demo demo] Calling method '>' {{(pid=99993) _process_stack /opt/stack/nova/nova/api/openstack/wsgi.py:551}}
Jun 29 05:09:31.260603 np0000183420 devstack@n-api.service[99993]: INFO nova.api.openstack.requestlog [None req-71d4d1f0-16d3-478b-92c2-7ad6bf4b167a demo demo] 199.204.45.74 "GET /compute/v2.1" status: 200 len: 392 microversion: 2.1 time: 0.005159
Jun 29 05:09:31.260853 np0000183420 devstack@n-api.service[99993]: [pid: 99993|app: 0|req: 20/80] 199.204.45.74 () {62 vars in 1067 bytes} [Mon Jun 29 05:09:31 2026] GET /compute/v2.1 => generated 392 bytes in 6 msecs (HTTP/1.1 200) 9 headers in 357 bytes (1 switches on core 0)
Jun 29 05:09:31.295878 np0000183420 devstack@n-api.service[99990]: DEBUG nova.api.openstack.wsgi [None req-f1129742-eee8-451a-9728-08a2d4bc79f5 admin admin] Calling method '>' {{(pid=99990) _process_stack /opt/stack/nova/nova/api/openstack/wsgi.py:551}}
Jun 29 05:09:31.303495 np0000183420 devstack@n-api.service[99990]: INFO nova.api.openstack.requestlog [None req-f1129742-eee8-451a-9728-08a2d4bc79f5 admin admin] 199.204.45.74 "GET /compute/v2.1/" status: 200 len: 392 microversion: 2.1 time: 0.008133
Jun 29 05:09:31.303771 np0000183420 devstack@n-api.service[99990]: [pid: 99990|app: 0|req: 20/81] 199.204.45.74 () {62 vars in 1070 bytes} [Mon Jun 29 05:09:31 2026] GET /compute/v2.1/ => generated 392 bytes in 9 msecs (HTTP/1.1 200) 9 headers in 357 bytes (1 switches on core 0)
Jun 29 05:09:31.344297 np0000183420 devstack@n-api.service[99992]: DEBUG nova.api.openstack.wsgi [None req-c3ba21c3-da1a-4158-984e-06ce9edbcaea demo demo] Action: 'create', calling method: >, body: {"server_group": {"name": "kube-9g098", "policy": "soft-anti-affinity"}} {{(pid=99992) _process_stack /opt/stack/nova/nova/api/openstack/wsgi.py:549}}
Jun 29 05:09:31.365993 np0000183420 devstack@n-api.service[99992]: DEBUG nova.quota [None req-c3ba21c3-da1a-4158-984e-06ce9edbcaea demo demo] Getting quotas for project b24cb6ab2d25439f9ea7f158f023e751. Resources: {'server_groups'} {{(pid=99992) _get_quotas /opt/stack/nova/nova/quota.py:389}}
Jun 29 05:09:31.369298 np0000183420 devstack@n-api.service[99992]: DEBUG nova.quota [None req-c3ba21c3-da1a-4158-984e-06ce9edbcaea demo demo] Getting quotas for user 2bf875b313f9402c906b2d1588351c66 and project b24cb6ab2d25439f9ea7f158f023e751. Resources: {'server_groups'} {{(pid=99992) _get_quotas /opt/stack/nova/nova/quota.py:379}}
Jun 29 05:09:31.427393 np0000183420 devstack@n-api.service[99992]: DEBUG nova.quota [None req-c3ba21c3-da1a-4158-984e-06ce9edbcaea demo demo] Getting quotas for project b24cb6ab2d25439f9ea7f158f023e751. Resources: {'server_groups'} {{(pid=99992) _get_quotas /opt/stack/nova/nova/quota.py:389}}
Jun 29 05:09:31.430714 np0000183420 devstack@n-api.service[99992]: DEBUG nova.quota [None req-c3ba21c3-da1a-4158-984e-06ce9edbcaea demo demo] Getting quotas for user 2bf875b313f9402c906b2d1588351c66 and project b24cb6ab2d25439f9ea7f158f023e751. Resources: {'server_groups'} {{(pid=99992) _get_quotas /opt/stack/nova/nova/quota.py:379}}
Jun 29 05:09:31.440345 np0000183420 devstack@n-api.service[99992]: INFO nova.api.openstack.requestlog [None req-c3ba21c3-da1a-4158-984e-06ce9edbcaea demo demo] 199.204.45.74 "POST /compute/v2.1/os-server-groups" status: 200 len: 243 microversion: 2.64 time: 0.100080
Jun 29 05:09:31.440747 np0000183420 devstack@n-api.service[99992]: [pid: 99992|app: 0|req: 22/82] 199.204.45.74 () {72 vars in 1445 bytes} [Mon Jun 29 05:09:31 2026] POST /compute/v2.1/os-server-groups => generated 243 bytes in 101 msecs (HTTP/1.1 200) 9 headers in 359 bytes (1 switches on core 0)
Jun 29 05:09:31.499456 np0000183420 devstack@n-api.service[99991]: DEBUG nova.api.openstack.wsgi [None req-a7c274ec-228e-4bd5-bba7-dae438ec5362 demo demo] Calling method '>' {{(pid=99991) _process_stack /opt/stack/nova/nova/api/openstack/wsgi.py:551}}
Jun 29 05:09:31.501772 np0000183420 devstack@n-api.service[99991]: INFO nova.api.openstack.requestlog [None req-a7c274ec-228e-4bd5-bba7-dae438ec5362 demo demo] 199.204.45.74 "GET /compute/v2.1" status: 200 len: 392 microversion: 2.1 time: 0.003051
Jun 29 05:09:31.501951 np0000183420 devstack@n-api.service[99991]: [pid: 99991|app: 0|req: 21/83] 199.204.45.74 () {62 vars in 1067 bytes} [Mon Jun 29 05:09:31 2026] GET /compute/v2.1 => generated 392 bytes in 3 msecs (HTTP/1.1 200) 9 headers in 357 bytes (1 switches on core 0)
Jun 29 05:09:31.542227 np0000183420 devstack@n-api.service[99993]: DEBUG nova.api.openstack.wsgi [None req-71d4d1f0-16d3-478b-92c2-7ad6bf4b167a demo demo] Calling method '>' {{(pid=99993) _process_stack /opt/stack/nova/nova/api/openstack/wsgi.py:551}}
Jun 29 05:09:31.547677 np0000183420 devstack@n-api.service[99993]: INFO nova.api.openstack.requestlog [None req-71d4d1f0-16d3-478b-92c2-7ad6bf4b167a demo demo] 199.204.45.74 "GET /compute/v2.1/" status: 200 len: 392 microversion: 2.1 time: 0.005802
Jun 29 05:09:31.548034 np0000183420 devstack@n-api.service[99993]: [pid: 99993|app: 0|req: 21/84] 199.204.45.74 () {62 vars in 1070 bytes} [Mon Jun 29 05:09:31 2026] GET /compute/v2.1/ => generated 392 bytes in 7 msecs (HTTP/1.1 200) 9 headers in 357 bytes (1 switches on core 0)
Jun 29 05:09:31.586611 np0000183420 devstack@n-api.service[99990]: DEBUG nova.api.openstack.wsgi [None req-77ca4739-0367-4be3-86a6-08742cf8230d demo demo] Calling method '>' {{(pid=99990) _process_stack /opt/stack/nova/nova/api/openstack/wsgi.py:551}}
Jun 29 05:09:31.626948 np0000183420 devstack@n-api.service[99990]: INFO nova.api.openstack.requestlog [None req-77ca4739-0367-4be3-86a6-08742cf8230d demo demo] 199.204.45.74 "GET /compute/v2.1/os-server-groups" status: 200 len: 246 microversion: 2.64 time: 0.029710
Jun 29 05:09:31.626948 np0000183420 devstack@n-api.service[99990]: [pid: 99990|app: 0|req: 21/85] 199.204.45.74 () {68 vars in 1405 bytes} [Mon Jun 29 05:09:31 2026] GET /compute/v2.1/os-server-groups => generated 246 bytes in 30 msecs (HTTP/1.1 200) 9 headers in 359 bytes (1 switches on core 0)
Jun 29 05:09:31.652724 np0000183420 devstack@n-api.service[99992]: DEBUG nova.api.openstack.wsgi [None req-c3ba21c3-da1a-4158-984e-06ce9edbcaea demo demo] Calling method '>' {{(pid=99992) _process_stack /opt/stack/nova/nova/api/openstack/wsgi.py:551}}
Jun 29 05:09:31.658125 np0000183420 devstack@n-api.service[99992]: INFO nova.api.openstack.requestlog [None req-c3ba21c3-da1a-4158-984e-06ce9edbcaea demo demo] 199.204.45.74 "GET /compute/v2.1" status: 200 len: 392 microversion: 2.1 time: 0.005913
Jun 29 05:09:31.658515 np0000183420 devstack@n-api.service[99992]: [pid: 99992|app: 0|req: 23/86] 199.204.45.74 () {62 vars in 1067 bytes} [Mon Jun 29 05:09:31 2026] GET /compute/v2.1 => generated 392 bytes in 7 msecs (HTTP/1.1 200) 9 headers in 357 bytes (2 switches on core 0)
Jun 29 05:09:31.687855 np0000183420 devstack@n-api.service[99991]: DEBUG nova.api.openstack.wsgi [None req-a7c274ec-228e-4bd5-bba7-dae438ec5362 demo demo] Calling method '>' {{(pid=99991) _process_stack /opt/stack/nova/nova/api/openstack/wsgi.py:551}}
Jun 29 05:09:31.690770 np0000183420 devstack@n-api.service[99991]: INFO nova.api.openstack.requestlog [None req-a7c274ec-228e-4bd5-bba7-dae438ec5362 demo demo] 199.204.45.74 "GET /compute/v2.1/" status: 200 len: 392 microversion: 2.1 time: 0.003793
Jun 29 05:09:31.690934 np0000183420 devstack@n-api.service[99991]: [pid: 99991|app: 0|req: 22/87] 199.204.45.74 () {62 vars in 1070 bytes} [Mon Jun 29 05:09:31 2026] GET /compute/v2.1/ => generated 392 bytes in 4 msecs (HTTP/1.1 200) 9 headers in 357 bytes (1 switches on core 0)
Jun 29 05:09:31.725154 np0000183420 devstack@n-api.service[99993]: DEBUG nova.api.openstack.wsgi [None req-2bd265a0-e09d-483d-9c96-da998aaaba12 demo demo] Action: 'create', calling method: >, body: {"server_group": {"name": "kube-9g098-default-worker", "policy": "soft-anti-affinity"}} {{(pid=99993) _process_stack /opt/stack/nova/nova/api/openstack/wsgi.py:549}}
Jun 29 05:09:31.747141 np0000183420 devstack@n-api.service[99993]: DEBUG nova.quota [None req-2bd265a0-e09d-483d-9c96-da998aaaba12 demo demo] Getting quotas for project b24cb6ab2d25439f9ea7f158f023e751. Resources: {'server_groups'} {{(pid=99993) _get_quotas /opt/stack/nova/nova/quota.py:389}}
Jun 29 05:09:31.750259 np0000183420 devstack@n-api.service[99993]: DEBUG nova.quota [None req-2bd265a0-e09d-483d-9c96-da998aaaba12 demo demo] Getting quotas for user 2bf875b313f9402c906b2d1588351c66 and project b24cb6ab2d25439f9ea7f158f023e751. Resources: {'server_groups'} {{(pid=99993) _get_quotas /opt/stack/nova/nova/quota.py:379}}
Jun 29 05:09:31.807218 np0000183420 devstack@n-api.service[99993]: DEBUG nova.quota [None req-2bd265a0-e09d-483d-9c96-da998aaaba12 demo demo] Getting quotas for project b24cb6ab2d25439f9ea7f158f023e751. Resources: {'server_groups'} {{(pid=99993) _get_quotas /opt/stack/nova/nova/quota.py:389}}
Jun 29 05:09:31.809403 np0000183420 devstack@n-api.service[99993]: DEBUG nova.quota [None req-2bd265a0-e09d-483d-9c96-da998aaaba12 demo demo] Getting quotas for user 2bf875b313f9402c906b2d1588351c66 and project b24cb6ab2d25439f9ea7f158f023e751. Resources: {'server_groups'} {{(pid=99993) _get_quotas /opt/stack/nova/nova/quota.py:379}}
Jun 29 05:09:31.818053 np0000183420 devstack@n-api.service[99993]: INFO nova.api.openstack.requestlog [None req-2bd265a0-e09d-483d-9c96-da998aaaba12 demo demo] 199.204.45.74 "POST /compute/v2.1/os-server-groups" status: 200 len: 258 microversion: 2.64 time: 0.096890
Jun 29 05:09:31.818470 np0000183420 devstack@n-api.service[99993]: [pid: 99993|app: 0|req: 22/88] 199.204.45.74 () {72 vars in 1445 bytes} [Mon Jun 29 05:09:31 2026] POST /compute/v2.1/os-server-groups => generated 258 bytes in 98 msecs (HTTP/1.1 200) 9 headers in 359 bytes (1 switches on core 0)
Jun 29 05:09:34.647597 np0000183420 devstack@n-api.service[99990]: DEBUG nova.api.openstack.wsgi [None req-77ca4739-0367-4be3-86a6-08742cf8230d demo demo] Calling method '>' {{(pid=99990) _process_stack /opt/stack/nova/nova/api/openstack/wsgi.py:551}}
Jun 29 05:09:34.652213 np0000183420 devstack@n-api.service[99990]: INFO nova.api.openstack.requestlog [None req-77ca4739-0367-4be3-86a6-08742cf8230d demo demo] 199.204.45.74 "GET /compute/v2.1" status: 200 len: 392 microversion: 2.1 time: 0.005954
Jun 29 05:09:34.652631 np0000183420 devstack@n-api.service[99990]: [pid: 99990|app: 0|req: 22/89] 199.204.45.74 () {62 vars in 1067 bytes} [Mon Jun 29 05:09:34 2026] GET /compute/v2.1 => generated 392 bytes in 7 msecs (HTTP/1.1 200) 9 headers in 357 bytes (1 switches on core 0)
Jun 29 05:09:34.690188 np0000183420 devstack@n-api.service[99992]: DEBUG nova.api.openstack.wsgi [None req-c3ba21c3-da1a-4158-984e-06ce9edbcaea demo demo] Calling method '>' {{(pid=99992) _process_stack /opt/stack/nova/nova/api/openstack/wsgi.py:551}}
Jun 29 05:09:34.697121 np0000183420 devstack@n-api.service[99992]: INFO nova.api.openstack.requestlog [None req-c3ba21c3-da1a-4158-984e-06ce9edbcaea demo demo] 199.204.45.74 "GET /compute/v2.1/" status: 200 len: 392 microversion: 2.1 time: 0.007397
Jun 29 05:09:34.697512 np0000183420 devstack@n-api.service[99992]: [pid: 99992|app: 0|req: 24/90] 199.204.45.74 () {62 vars in 1070 bytes} [Mon Jun 29 05:09:34 2026] GET /compute/v2.1/ => generated 392 bytes in 8 msecs (HTTP/1.1 200) 9 headers in 357 bytes (1 switches on core 0)
Jun 29 05:09:34.739111 np0000183420 devstack@n-api.service[99991]: DEBUG nova.api.openstack.wsgi [None req-2c2d3382-5ef2-4d85-80e5-022ce4562ecd demo demo] Calling method '>' {{(pid=99991) _process_stack /opt/stack/nova/nova/api/openstack/wsgi.py:551}}
Jun 29 05:09:34.760681 np0000183420 devstack@n-api.service[99991]: INFO nova.api.openstack.requestlog [None req-2c2d3382-5ef2-4d85-80e5-022ce4562ecd demo demo] 199.204.45.74 "GET /compute/v2.1/flavors/detail?is_public=None" status: 200 len: 5240 microversion: 2.61 time: 0.023346
Jun 29 05:09:34.760907 np0000183420 devstack@n-api.service[99991]: [pid: 99991|app: 0|req: 23/91] 199.204.45.74 () {68 vars in 1428 bytes} [Mon Jun 29 05:09:34 2026] GET /compute/v2.1/flavors/detail?is_public=None => generated 5240 bytes in 24 msecs (HTTP/1.1 200) 9 headers in 360 bytes (1 switches on core 0)
Jun 29 05:09:34.802590 np0000183420 devstack@n-api.service[99993]: DEBUG nova.api.openstack.wsgi [None req-b8fb6ff3-6ea1-40d9-a2db-b544a601126b demo demo] Calling method '>' {{(pid=99993) _process_stack /opt/stack/nova/nova/api/openstack/wsgi.py:551}}
Jun 29 05:09:34.821672 np0000183420 devstack@n-api.service[99993]: INFO nova.api.openstack.requestlog [None req-b8fb6ff3-6ea1-40d9-a2db-b544a601126b demo demo] 199.204.45.74 "GET /compute/v2.1/flavors/detail?is_public=None" status: 200 len: 5240 microversion: 2.61 time: 0.022939
Jun 29 05:09:34.821911 np0000183420 devstack@n-api.service[99993]: [pid: 99993|app: 0|req: 23/92] 199.204.45.74 () {68 vars in 1428 bytes} [Mon Jun 29 05:09:34 2026] GET /compute/v2.1/flavors/detail?is_public=None => generated 5240 bytes in 24 msecs (HTTP/1.1 200) 9 headers in 360 bytes (1 switches on core 0)
Jun 29 05:09:34.974923 np0000183420 devstack@n-api.service[99990]: DEBUG nova.api.openstack.wsgi [None req-77ca4739-0367-4be3-86a6-08742cf8230d demo demo] Calling method '>' {{(pid=99990) _process_stack /opt/stack/nova/nova/api/openstack/wsgi.py:551}}
Jun 29 05:09:34.980985 np0000183420 devstack@n-api.service[99990]: INFO nova.api.openstack.requestlog [None req-77ca4739-0367-4be3-86a6-08742cf8230d demo demo] 199.204.45.74 "GET /compute/v2.1" status: 200 len: 392 microversion: 2.1 time: 0.006469
Jun 29 05:09:34.981382 np0000183420 devstack@n-api.service[99990]: [pid: 99990|app: 0|req: 23/93] 199.204.45.74 () {62 vars in 1067 bytes} [Mon Jun 29 05:09:34 2026] GET /compute/v2.1 => generated 392 bytes in 7 msecs (HTTP/1.1 200) 9 headers in 357 bytes (1 switches on core 0)
Jun 29 05:09:35.017472 np0000183420 devstack@n-api.service[99992]: DEBUG nova.api.openstack.wsgi [None req-c3ba21c3-da1a-4158-984e-06ce9edbcaea demo demo] Calling method '>' {{(pid=99992) _process_stack /opt/stack/nova/nova/api/openstack/wsgi.py:551}}
Jun 29 05:09:35.022072 np0000183420 devstack@n-api.service[99992]: INFO nova.api.openstack.requestlog [None req-c3ba21c3-da1a-4158-984e-06ce9edbcaea demo demo] 199.204.45.74 "GET /compute/v2.1/" status: 200 len: 392 microversion: 2.1 time: 0.004913
Jun 29 05:09:35.022511 np0000183420 devstack@n-api.service[99992]: [pid: 99992|app: 0|req: 25/94] 199.204.45.74 () {62 vars in 1070 bytes} [Mon Jun 29 05:09:35 2026] GET /compute/v2.1/ => generated 392 bytes in 6 msecs (HTTP/1.1 200) 9 headers in 357 bytes (1 switches on core 0)
Jun 29 05:09:35.059976 np0000183420 devstack@n-api.service[99991]: DEBUG nova.api.openstack.wsgi [None req-0110130f-215f-441c-b5a2-a40ab295cf18 demo demo] Calling method '>' {{(pid=99991) _process_stack /opt/stack/nova/nova/api/openstack/wsgi.py:551}}
Jun 29 05:09:35.079196 np0000183420 devstack@n-api.service[99991]: INFO nova.api.openstack.requestlog [None req-0110130f-215f-441c-b5a2-a40ab295cf18 demo demo] 199.204.45.74 "GET /compute/v2.1/flavors/detail?is_public=None" status: 200 len: 5240 microversion: 2.61 time: 0.020969
Jun 29 05:09:35.079501 np0000183420 devstack@n-api.service[99991]: [pid: 99991|app: 0|req: 24/95] 199.204.45.74 () {68 vars in 1428 bytes} [Mon Jun 29 05:09:35 2026] GET /compute/v2.1/flavors/detail?is_public=None => generated 5240 bytes in 21 msecs (HTTP/1.1 200) 9 headers in 360 bytes (1 switches on core 0)
Jun 29 05:09:41.433385 np0000183420 devstack@n-api.service[99992]: DEBUG dbcounter [-] [99992] Writing DB stats nova_cell0:SELECT=4 {{(pid=99992) stat_writer /opt/stack/data/venv/lib/python3.12/site-packages/dbcounter.py:115}}
Jun 29 05:09:41.436914 np0000183420 devstack@n-api.service[99992]: DEBUG dbcounter [-] [99992] Writing DB stats nova_api:SELECT=14,nova_api:INSERT=2 {{(pid=99992) stat_writer /opt/stack/data/venv/lib/python3.12/site-packages/dbcounter.py:115}}
Jun 29 05:09:41.609665 np0000183420 devstack@n-api.service[99990]: DEBUG dbcounter [-] [99990] Writing DB stats nova_api:SELECT=2 {{(pid=99990) stat_writer /opt/stack/data/venv/lib/python3.12/site-packages/dbcounter.py:115}}
Jun 29 05:09:41.812537 np0000183420 devstack@n-api.service[99993]: DEBUG dbcounter [-] [99993] Writing DB stats nova_cell0:SELECT=4 {{(pid=99993) stat_writer /opt/stack/data/venv/lib/python3.12/site-packages/dbcounter.py:115}}
Jun 29 05:09:44.809612 np0000183420 devstack@n-api.service[99993]: DEBUG dbcounter [-] [99993] Writing DB stats nova_api:SELECT=19,nova_api:INSERT=2 {{(pid=99993) stat_writer /opt/stack/data/venv/lib/python3.12/site-packages/dbcounter.py:115}}
Jun 29 05:09:45.065200 np0000183420 devstack@n-api.service[99991]: DEBUG dbcounter [-] [99991] Writing DB stats nova_api:SELECT=8 {{(pid=99991) stat_writer /opt/stack/data/venv/lib/python3.12/site-packages/dbcounter.py:115}}
Jun 29 05:09:56.479895 np0000183420 devstack@n-api.service[99993]: DEBUG nova.api.openstack.wsgi [None req-b8fb6ff3-6ea1-40d9-a2db-b544a601126b demo demo] Calling method '>' {{(pid=99993) _process_stack /opt/stack/nova/nova/api/openstack/wsgi.py:551}}
Jun 29 05:09:56.483755 np0000183420 devstack@n-api.service[99993]: INFO nova.api.openstack.requestlog [None req-b8fb6ff3-6ea1-40d9-a2db-b544a601126b demo demo] 172.18.0.2 "GET /compute/v2.1/" status: 200 len: 392 microversion: 2.1 time: 0.004235
Jun 29 05:09:56.484021 np0000183420 devstack@n-api.service[99993]: [pid: 99993|app: 0|req: 24/96] 199.204.45.74 () {64 vars in 1266 bytes} [Mon Jun 29 05:09:56 2026] GET /compute/v2.1/ => generated 392 bytes in 5 msecs (HTTP/1.1 200) 9 headers in 357 bytes (1 switches on core 0)
Jun 29 05:09:56.494824 np0000183420 devstack@n-api.service[99990]: DEBUG nova.api.openstack.wsgi [None req-1c697dff-5bfd-40a6-a3cd-e49eddb7ae75 demo demo] Calling method '>' {{(pid=99990) _process_stack /opt/stack/nova/nova/api/openstack/wsgi.py:551}}
Jun 29 05:09:56.497485 np0000183420 devstack@n-api.service[99990]: DEBUG oslo_concurrency.lockutils [None req-1c697dff-5bfd-40a6-a3cd-e49eddb7ae75 demo demo] Acquiring lock "00000000-0000-0000-0000-000000000000" by "nova.context.set_target_cell..get_or_set_cached_cell_and_set_connections" {{(pid=99990) inner /opt/stack/data/venv/lib/python3.12/site-packages/oslo_concurrency/lockutils.py:511}}
Jun 29 05:09:56.497708 np0000183420 devstack@n-api.service[99990]: DEBUG oslo_concurrency.lockutils [None req-1c697dff-5bfd-40a6-a3cd-e49eddb7ae75 demo demo] Lock "00000000-0000-0000-0000-000000000000" acquired by "nova.context.set_target_cell..get_or_set_cached_cell_and_set_connections" :: waited 0.000s {{(pid=99990) inner /opt/stack/data/venv/lib/python3.12/site-packages/oslo_concurrency/lockutils.py:524}}
Jun 29 05:09:56.497887 np0000183420 devstack@n-api.service[99990]: DEBUG oslo_concurrency.lockutils [None req-1c697dff-5bfd-40a6-a3cd-e49eddb7ae75 demo demo] Lock "00000000-0000-0000-0000-000000000000" "released" by "nova.context.set_target_cell..get_or_set_cached_cell_and_set_connections" :: held 0.000s {{(pid=99990) inner /opt/stack/data/venv/lib/python3.12/site-packages/oslo_concurrency/lockutils.py:543}}
Jun 29 05:09:56.498954 np0000183420 devstack@n-api.service[99990]: DEBUG oslo_concurrency.lockutils [None req-1c697dff-5bfd-40a6-a3cd-e49eddb7ae75 demo demo] Acquiring lock "5241db02-2ec9-460f-9979-802bed82db22" by "nova.context.set_target_cell..get_or_set_cached_cell_and_set_connections" {{(pid=99990) inner /opt/stack/data/venv/lib/python3.12/site-packages/oslo_concurrency/lockutils.py:511}}
Jun 29 05:09:56.499209 np0000183420 devstack@n-api.service[99990]: DEBUG oslo_concurrency.lockutils [None req-1c697dff-5bfd-40a6-a3cd-e49eddb7ae75 demo demo] Lock "5241db02-2ec9-460f-9979-802bed82db22" acquired by "nova.context.set_target_cell..get_or_set_cached_cell_and_set_connections" :: waited 0.000s {{(pid=99990) inner /opt/stack/data/venv/lib/python3.12/site-packages/oslo_concurrency/lockutils.py:524}}
Jun 29 05:09:56.499408 np0000183420 devstack@n-api.service[99990]: DEBUG oslo_concurrency.lockutils [None req-1c697dff-5bfd-40a6-a3cd-e49eddb7ae75 demo demo] Lock "5241db02-2ec9-460f-9979-802bed82db22" "released" by "nova.context.set_target_cell..get_or_set_cached_cell_and_set_connections" :: held 0.000s {{(pid=99990) inner /opt/stack/data/venv/lib/python3.12/site-packages/oslo_concurrency/lockutils.py:543}}
Jun 29 05:09:56.569400 np0000183420 devstack@n-api.service[99990]: INFO nova.api.openstack.requestlog [None req-1c697dff-5bfd-40a6-a3cd-e49eddb7ae75 demo demo] 172.18.0.2 "GET /compute/v2.1/os-availability-zone" status: 200 len: 97 microversion: 2.38 time: 0.077769
Jun 29 05:09:56.570185 np0000183420 devstack@n-api.service[99990]: [pid: 99990|app: 0|req: 24/97] 199.204.45.74 () {68 vars in 1409 bytes} [Mon Jun 29 05:09:56 2026] GET /compute/v2.1/os-availability-zone => generated 97 bytes in 79 msecs (HTTP/1.1 200) 9 headers in 358 bytes (1 switches on core 0)
Jun 29 05:09:57.536730 np0000183420 devstack@n-api.service[99992]: DEBUG nova.api.openstack.wsgi [None req-c3ba21c3-da1a-4158-984e-06ce9edbcaea demo demo] Calling method '>' {{(pid=99992) _process_stack /opt/stack/nova/nova/api/openstack/wsgi.py:551}}
Jun 29 05:09:57.543247 np0000183420 devstack@n-api.service[99992]: INFO nova.api.openstack.requestlog [None req-c3ba21c3-da1a-4158-984e-06ce9edbcaea demo demo] 172.18.0.2 "GET /compute/v2.1/" status: 200 len: 392 microversion: 2.1 time: 0.007181
Jun 29 05:09:57.543535 np0000183420 devstack@n-api.service[99992]: [pid: 99992|app: 0|req: 26/98] 199.204.45.74 () {64 vars in 1266 bytes} [Mon Jun 29 05:09:57 2026] GET /compute/v2.1/ => generated 392 bytes in 8 msecs (HTTP/1.1 200) 9 headers in 357 bytes (1 switches on core 0)
Jun 29 05:09:57.555031 np0000183420 devstack@n-api.service[99991]: DEBUG nova.api.openstack.wsgi [None req-e7bd7daf-baca-40fb-8da3-c7834afa11ad demo demo] Calling method '>' {{(pid=99991) _process_stack /opt/stack/nova/nova/api/openstack/wsgi.py:551}}
Jun 29 05:09:57.557343 np0000183420 devstack@n-api.service[99991]: DEBUG oslo_concurrency.lockutils [None req-e7bd7daf-baca-40fb-8da3-c7834afa11ad demo demo] Acquiring lock "00000000-0000-0000-0000-000000000000" by "nova.context.set_target_cell..get_or_set_cached_cell_and_set_connections" {{(pid=99991) inner /opt/stack/data/venv/lib/python3.12/site-packages/oslo_concurrency/lockutils.py:511}}
Jun 29 05:09:57.557592 np0000183420 devstack@n-api.service[99991]: DEBUG oslo_concurrency.lockutils [None req-e7bd7daf-baca-40fb-8da3-c7834afa11ad demo demo] Lock "00000000-0000-0000-0000-000000000000" acquired by "nova.context.set_target_cell..get_or_set_cached_cell_and_set_connections" :: waited 0.000s {{(pid=99991) inner /opt/stack/data/venv/lib/python3.12/site-packages/oslo_concurrency/lockutils.py:524}}
Jun 29 05:09:57.557762 np0000183420 devstack@n-api.service[99991]: DEBUG oslo_concurrency.lockutils [None req-e7bd7daf-baca-40fb-8da3-c7834afa11ad demo demo] Lock "00000000-0000-0000-0000-000000000000" "released" by "nova.context.set_target_cell..get_or_set_cached_cell_and_set_connections" :: held 0.000s {{(pid=99991) inner /opt/stack/data/venv/lib/python3.12/site-packages/oslo_concurrency/lockutils.py:543}}
Jun 29 05:09:57.558801 np0000183420 devstack@n-api.service[99991]: DEBUG oslo_concurrency.lockutils [None req-e7bd7daf-baca-40fb-8da3-c7834afa11ad demo demo] Acquiring lock "5241db02-2ec9-460f-9979-802bed82db22" by "nova.context.set_target_cell..get_or_set_cached_cell_and_set_connections" {{(pid=99991) inner /opt/stack/data/venv/lib/python3.12/site-packages/oslo_concurrency/lockutils.py:511}}
Jun 29 05:09:57.558938 np0000183420 devstack@n-api.service[99991]: DEBUG oslo_concurrency.lockutils [None req-e7bd7daf-baca-40fb-8da3-c7834afa11ad demo demo] Lock "5241db02-2ec9-460f-9979-802bed82db22" acquired by "nova.context.set_target_cell..get_or_set_cached_cell_and_set_connections" :: waited 0.000s {{(pid=99991) inner /opt/stack/data/venv/lib/python3.12/site-packages/oslo_concurrency/lockutils.py:524}}
Jun 29 05:09:57.559277 np0000183420 devstack@n-api.service[99991]: DEBUG oslo_concurrency.lockutils [None req-e7bd7daf-baca-40fb-8da3-c7834afa11ad demo demo] Lock "5241db02-2ec9-460f-9979-802bed82db22" "released" by "nova.context.set_target_cell..get_or_set_cached_cell_and_set_connections" :: held 0.000s {{(pid=99991) inner /opt/stack/data/venv/lib/python3.12/site-packages/oslo_concurrency/lockutils.py:543}}
Jun 29 05:09:57.636498 np0000183420 devstack@n-api.service[99991]: INFO nova.api.openstack.requestlog [None req-e7bd7daf-baca-40fb-8da3-c7834afa11ad demo demo] 172.18.0.2 "GET /compute/v2.1/os-availability-zone" status: 200 len: 97 microversion: 2.38 time: 0.084615
Jun 29 05:09:57.636865 np0000183420 devstack@n-api.service[99991]: [pid: 99991|app: 0|req: 25/99] 199.204.45.74 () {68 vars in 1409 bytes} [Mon Jun 29 05:09:57 2026] GET /compute/v2.1/os-availability-zone => generated 97 bytes in 85 msecs (HTTP/1.1 200) 9 headers in 358 bytes (1 switches on core 0)
Jun 29 05:10:03.233738 np0000183420 devstack@n-api.service[99993]: DEBUG nova.api.openstack.wsgi [None req-b8fb6ff3-6ea1-40d9-a2db-b544a601126b demo demo] Calling method '>' {{(pid=99993) _process_stack /opt/stack/nova/nova/api/openstack/wsgi.py:551}}
Jun 29 05:10:03.238350 np0000183420 devstack@n-api.service[99993]: INFO nova.api.openstack.requestlog [None req-b8fb6ff3-6ea1-40d9-a2db-b544a601126b demo demo] 172.18.0.2 "GET /compute/v2.1/" status: 200 len: 392 microversion: 2.1 time: 0.005088
Jun 29 05:10:03.238643 np0000183420 devstack@n-api.service[99993]: [pid: 99993|app: 0|req: 25/100] 199.204.45.74 () {64 vars in 1266 bytes} [Mon Jun 29 05:10:03 2026] GET /compute/v2.1/ => generated 392 bytes in 6 msecs (HTTP/1.1 200) 9 headers in 357 bytes (1 switches on core 0)
Jun 29 05:10:03.248567 np0000183420 devstack@n-api.service[99990]: DEBUG nova.api.openstack.wsgi [None req-d91334b4-2d17-4eb6-a55f-74123615a555 demo demo] Calling method '>' {{(pid=99990) _process_stack /opt/stack/nova/nova/api/openstack/wsgi.py:551}}
Jun 29 05:10:03.277463 np0000183420 devstack@n-api.service[99990]: INFO nova.api.openstack.requestlog [None req-d91334b4-2d17-4eb6-a55f-74123615a555 demo demo] 172.18.0.2 "GET /compute/v2.1/flavors/detail" status: 200 len: 4000 microversion: 2.38 time: 0.032127
Jun 29 05:10:03.277923 np0000183420 devstack@n-api.service[99990]: [pid: 99990|app: 0|req: 25/101] 199.204.45.74 () {68 vars in 1391 bytes} [Mon Jun 29 05:10:03 2026] GET /compute/v2.1/flavors/detail => generated 4000 bytes in 33 msecs (HTTP/1.1 200) 9 headers in 360 bytes (1 switches on core 0)
Jun 29 05:10:04.066071 np0000183420 devstack@n-api.service[99992]: DEBUG nova.api.openstack.wsgi [None req-c3ba21c3-da1a-4158-984e-06ce9edbcaea demo demo] Calling method '>' {{(pid=99992) _process_stack /opt/stack/nova/nova/api/openstack/wsgi.py:551}}
Jun 29 05:10:04.070401 np0000183420 devstack@n-api.service[99992]: INFO nova.api.openstack.requestlog [None req-c3ba21c3-da1a-4158-984e-06ce9edbcaea demo demo] 172.18.0.2 "GET /compute/v2.1/" status: 200 len: 392 microversion: 2.1 time: 0.005817
Jun 29 05:10:04.070727 np0000183420 devstack@n-api.service[99992]: [pid: 99992|app: 0|req: 27/102] 199.204.45.74 () {64 vars in 1266 bytes} [Mon Jun 29 05:10:04 2026] GET /compute/v2.1/ => generated 392 bytes in 6 msecs (HTTP/1.1 200) 9 headers in 357 bytes (1 switches on core 0)
Jun 29 05:10:04.082608 np0000183420 devstack@n-api.service[99991]: DEBUG nova.api.openstack.wsgi [None req-6770bfed-6eef-4834-b6f5-d181b01cc00d demo demo] Calling method '>' {{(pid=99991) _process_stack /opt/stack/nova/nova/api/openstack/wsgi.py:551}}
Jun 29 05:10:04.086611 np0000183420 devstack@n-api.service[99991]: DEBUG nova.policy [None req-6770bfed-6eef-4834-b6f5-d181b01cc00d demo demo] Policy check for os_compute_api:servers:allow_all_filters failed with credentials {'is_admin': False, 'user_id': '2bf875b313f9402c906b2d1588351c66', 'user_domain_id': 'default', 'system_scope': None, 'domain_id': None, 'project_id': 'b24cb6ab2d25439f9ea7f158f023e751', 'project_domain_id': 'default', 'roles': ['reader', 'anotherrole', 'load-balancer_member', 'member'], 'is_admin_project': True, 'service_user_id': None, 'service_user_domain_id': None, 'service_project_id': None, 'service_project_domain_id': None, 'service_roles': []} {{(pid=99991) authorize /opt/stack/nova/nova/policy.py:192}}
Jun 29 05:10:04.087243 np0000183420 devstack@n-api.service[99991]: DEBUG nova.compute.api [None req-6770bfed-6eef-4834-b6f5-d181b01cc00d demo demo] Searching by: {'name': '^kube-9g098-jhwfp-9qgmg$', 'deleted': False, 'project_id': 'b24cb6ab2d25439f9ea7f158f023e751'} {{(pid=99991) get_all /opt/stack/nova/nova/compute/api.py:3110}}
Jun 29 05:10:04.094102 np0000183420 devstack@n-api.service[99991]: DEBUG oslo_concurrency.lockutils [None req-6770bfed-6eef-4834-b6f5-d181b01cc00d demo demo] Acquiring lock "00000000-0000-0000-0000-000000000000" by "nova.context.set_target_cell..get_or_set_cached_cell_and_set_connections" {{(pid=99991) inner /opt/stack/data/venv/lib/python3.12/site-packages/oslo_concurrency/lockutils.py:511}}
Jun 29 05:10:04.094508 np0000183420 devstack@n-api.service[99991]: DEBUG oslo_concurrency.lockutils [None req-6770bfed-6eef-4834-b6f5-d181b01cc00d demo demo] Lock "00000000-0000-0000-0000-000000000000" acquired by "nova.context.set_target_cell..get_or_set_cached_cell_and_set_connections" :: waited 0.000s {{(pid=99991) inner /opt/stack/data/venv/lib/python3.12/site-packages/oslo_concurrency/lockutils.py:524}}
Jun 29 05:10:04.094828 np0000183420 devstack@n-api.service[99991]: DEBUG oslo_concurrency.lockutils [None req-6770bfed-6eef-4834-b6f5-d181b01cc00d demo demo] Lock "00000000-0000-0000-0000-000000000000" "released" by "nova.context.set_target_cell..get_or_set_cached_cell_and_set_connections" :: held 0.000s {{(pid=99991) inner /opt/stack/data/venv/lib/python3.12/site-packages/oslo_concurrency/lockutils.py:543}}
Jun 29 05:10:04.095966 np0000183420 devstack@n-api.service[99991]: DEBUG oslo_concurrency.lockutils [None req-6770bfed-6eef-4834-b6f5-d181b01cc00d demo demo] Acquiring lock "5241db02-2ec9-460f-9979-802bed82db22" by "nova.context.set_target_cell..get_or_set_cached_cell_and_set_connections" {{(pid=99991) inner /opt/stack/data/venv/lib/python3.12/site-packages/oslo_concurrency/lockutils.py:511}}
Jun 29 05:10:04.096172 np0000183420 devstack@n-api.service[99991]: DEBUG oslo_concurrency.lockutils [None req-6770bfed-6eef-4834-b6f5-d181b01cc00d demo demo] Lock "5241db02-2ec9-460f-9979-802bed82db22" acquired by "nova.context.set_target_cell..get_or_set_cached_cell_and_set_connections" :: waited 0.000s {{(pid=99991) inner /opt/stack/data/venv/lib/python3.12/site-packages/oslo_concurrency/lockutils.py:524}}
Jun 29 05:10:04.096459 np0000183420 devstack@n-api.service[99991]: DEBUG oslo_concurrency.lockutils [None req-6770bfed-6eef-4834-b6f5-d181b01cc00d demo demo] Lock "5241db02-2ec9-460f-9979-802bed82db22" "released" by "nova.context.set_target_cell..get_or_set_cached_cell_and_set_connections" :: held 0.000s {{(pid=99991) inner /opt/stack/data/venv/lib/python3.12/site-packages/oslo_concurrency/lockutils.py:543}}
Jun 29 05:10:04.162976 np0000183420 devstack@n-api.service[99991]: DEBUG oslo_concurrency.lockutils [None req-6770bfed-6eef-4834-b6f5-d181b01cc00d demo demo] Acquiring lock "00000000-0000-0000-0000-000000000000" by "nova.context.set_target_cell..get_or_set_cached_cell_and_set_connections" {{(pid=99991) inner /opt/stack/data/venv/lib/python3.12/site-packages/oslo_concurrency/lockutils.py:511}}
Jun 29 05:10:04.163428 np0000183420 devstack@n-api.service[99991]: DEBUG oslo_concurrency.lockutils [None req-6770bfed-6eef-4834-b6f5-d181b01cc00d demo demo] Lock "00000000-0000-0000-0000-000000000000" acquired by "nova.context.set_target_cell..get_or_set_cached_cell_and_set_connections" :: waited 0.001s {{(pid=99991) inner /opt/stack/data/venv/lib/python3.12/site-packages/oslo_concurrency/lockutils.py:524}}
Jun 29 05:10:04.163840 np0000183420 devstack@n-api.service[99991]: DEBUG oslo_concurrency.lockutils [None req-6770bfed-6eef-4834-b6f5-d181b01cc00d demo demo] Lock "00000000-0000-0000-0000-000000000000" "released" by "nova.context.set_target_cell..get_or_set_cached_cell_and_set_connections" :: held 0.000s {{(pid=99991) inner /opt/stack/data/venv/lib/python3.12/site-packages/oslo_concurrency/lockutils.py:543}}
Jun 29 05:10:04.164495 np0000183420 devstack@n-api.service[99991]: DEBUG oslo_concurrency.lockutils [None req-6770bfed-6eef-4834-b6f5-d181b01cc00d demo demo] Acquiring lock "5241db02-2ec9-460f-9979-802bed82db22" by "nova.context.set_target_cell..get_or_set_cached_cell_and_set_connections" {{(pid=99991) inner /opt/stack/data/venv/lib/python3.12/site-packages/oslo_concurrency/lockutils.py:511}}
Jun 29 05:10:04.165452 np0000183420 devstack@n-api.service[99991]: DEBUG oslo_concurrency.lockutils [None req-6770bfed-6eef-4834-b6f5-d181b01cc00d demo demo] Lock "5241db02-2ec9-460f-9979-802bed82db22" acquired by "nova.context.set_target_cell..get_or_set_cached_cell_and_set_connections" :: waited 0.001s {{(pid=99991) inner /opt/stack/data/venv/lib/python3.12/site-packages/oslo_concurrency/lockutils.py:524}}
Jun 29 05:10:04.165829 np0000183420 devstack@n-api.service[99991]: DEBUG oslo_concurrency.lockutils [None req-6770bfed-6eef-4834-b6f5-d181b01cc00d demo demo] Lock "5241db02-2ec9-460f-9979-802bed82db22" "released" by "nova.context.set_target_cell..get_or_set_cached_cell_and_set_connections" :: held 0.000s {{(pid=99991) inner /opt/stack/data/venv/lib/python3.12/site-packages/oslo_concurrency/lockutils.py:543}}
Jun 29 05:10:04.167920 np0000183420 devstack@n-api.service[99991]: DEBUG nova.policy [None req-6770bfed-6eef-4834-b6f5-d181b01cc00d demo demo] Policy check for os_compute_api:os-extended-server-attributes failed with credentials {'is_admin': False, 'user_id': '2bf875b313f9402c906b2d1588351c66', 'user_domain_id': 'default', 'system_scope': None, 'domain_id': None, 'project_id': 'b24cb6ab2d25439f9ea7f158f023e751', 'project_domain_id': 'default', 'roles': ['reader', 'anotherrole', 'load-balancer_member', 'member'], 'is_admin_project': True, 'service_user_id': None, 'service_user_domain_id': None, 'service_project_id': None, 'service_project_domain_id': None, 'service_roles': []} {{(pid=99991) authorize /opt/stack/nova/nova/policy.py:192}}
Jun 29 05:10:04.171928 np0000183420 devstack@n-api.service[99991]: DEBUG nova.policy [None req-6770bfed-6eef-4834-b6f5-d181b01cc00d demo demo] Policy check for os_compute_api:servers:show:host_status failed with credentials {'is_admin': False, 'user_id': '2bf875b313f9402c906b2d1588351c66', 'user_domain_id': 'default', 'system_scope': None, 'domain_id': None, 'project_id': 'b24cb6ab2d25439f9ea7f158f023e751', 'project_domain_id': 'default', 'roles': ['reader', 'anotherrole', 'load-balancer_member', 'member'], 'is_admin_project': True, 'service_user_id': None, 'service_user_domain_id': None, 'service_project_id': None, 'service_project_domain_id': None, 'service_roles': []} {{(pid=99991) authorize /opt/stack/nova/nova/policy.py:192}}
Jun 29 05:10:04.172608 np0000183420 devstack@n-api.service[99991]: DEBUG nova.policy [None req-6770bfed-6eef-4834-b6f5-d181b01cc00d demo demo] Policy check for os_compute_api:servers:show:host_status:unknown-only failed with credentials {'is_admin': False, 'user_id': '2bf875b313f9402c906b2d1588351c66', 'user_domain_id': 'default', 'system_scope': None, 'domain_id': None, 'project_id': 'b24cb6ab2d25439f9ea7f158f023e751', 'project_domain_id': 'default', 'roles': ['reader', 'anotherrole', 'load-balancer_member', 'member'], 'is_admin_project': True, 'service_user_id': None, 'service_user_domain_id': None, 'service_project_id': None, 'service_project_domain_id': None, 'service_roles': []} {{(pid=99991) authorize /opt/stack/nova/nova/policy.py:192}}
Jun 29 05:10:04.174310 np0000183420 devstack@n-api.service[99991]: INFO nova.api.openstack.requestlog [None req-6770bfed-6eef-4834-b6f5-d181b01cc00d demo demo] 172.18.0.2 "GET /compute/v2.1/servers/detail?name=%5Ekube-9g098-jhwfp-9qgmg%24" status: 200 len: 15 microversion: 2.38 time: 0.096957
Jun 29 05:10:04.174582 np0000183420 devstack@n-api.service[99991]: [pid: 99991|app: 0|req: 26/103] 199.204.45.74 () {68 vars in 1458 bytes} [Mon Jun 29 05:10:04 2026] GET /compute/v2.1/servers/detail?name=%5Ekube-9g098-jhwfp-9qgmg%24 => generated 15 bytes in 97 msecs (HTTP/1.1 200) 9 headers in 358 bytes (1 switches on core 0)
Jun 29 05:10:04.186164 np0000183420 devstack@n-api.service[99993]: DEBUG nova.api.openstack.wsgi [None req-b8fb6ff3-6ea1-40d9-a2db-b544a601126b demo demo] Calling method '>' {{(pid=99993) _process_stack /opt/stack/nova/nova/api/openstack/wsgi.py:551}}
Jun 29 05:10:04.193390 np0000183420 devstack@n-api.service[99993]: INFO nova.api.openstack.requestlog [None req-b8fb6ff3-6ea1-40d9-a2db-b544a601126b demo demo] 172.18.0.2 "GET /compute/v2.1/" status: 200 len: 392 microversion: 2.1 time: 0.007529
Jun 29 05:10:04.193883 np0000183420 devstack@n-api.service[99993]: [pid: 99993|app: 0|req: 26/104] 199.204.45.74 () {64 vars in 1266 bytes} [Mon Jun 29 05:10:04 2026] GET /compute/v2.1/ => generated 392 bytes in 9 msecs (HTTP/1.1 200) 9 headers in 357 bytes (1 switches on core 0)
