Jun 29 05:05:13.886904 np0000183420 systemd[1]: Starting devstack@n-api-meta.service - Devstack devstack@n-api-meta.service...
Jun 29 05:05:13.893807 np0000183420 devstack@n-api-meta.service[108373]: [uWSGI] getting INI configuration from /etc/nova/nova-metadata-uwsgi.ini
Jun 29 05:05:13.899390 np0000183420 devstack@n-api-meta.service[108373]: *** Starting uWSGI 2.0.24-debian (64bit) on [Mon Jun 29 05:05:13 2026] ***
Jun 29 05:05:13.899390 np0000183420 devstack@n-api-meta.service[108373]: compiled with version: 13.2.0 on 17 April 2024 16:23:48
Jun 29 05:05:13.899390 np0000183420 devstack@n-api-meta.service[108373]: os: Linux-6.8.0-124-generic #124-Ubuntu SMP PREEMPT_DYNAMIC Tue May 26 13:00:45 UTC 2026
Jun 29 05:05:13.899390 np0000183420 devstack@n-api-meta.service[108373]: nodename: np0000183420
Jun 29 05:05:13.899390 np0000183420 devstack@n-api-meta.service[108373]: machine: x86_64
Jun 29 05:05:13.899390 np0000183420 devstack@n-api-meta.service[108373]: clock source: unix
Jun 29 05:05:13.899390 np0000183420 devstack@n-api-meta.service[108373]: pcre jit disabled
Jun 29 05:05:13.899390 np0000183420 devstack@n-api-meta.service[108373]: detected number of CPU cores: 16
Jun 29 05:05:13.899390 np0000183420 devstack@n-api-meta.service[108373]: current working directory: /
Jun 29 05:05:13.899390 np0000183420 devstack@n-api-meta.service[108373]: detected binary path: /usr/bin/uwsgi-core
Jun 29 05:05:13.899390 np0000183420 devstack@n-api-meta.service[108373]: your processes number limit is 256917
Jun 29 05:05:13.899390 np0000183420 devstack@n-api-meta.service[108373]: your memory page size is 4096 bytes
Jun 29 05:05:13.899390 np0000183420 devstack@n-api-meta.service[108373]: detected max file descriptor number: 2048
Jun 29 05:05:13.899390 np0000183420 devstack@n-api-meta.service[108373]: lock engine: pthread robust mutexes
Jun 29 05:05:13.899390 np0000183420 devstack@n-api-meta.service[108373]: thunder lock: enabled
Jun 29 05:05:13.899390 np0000183420 devstack@n-api-meta.service[108373]: uWSGI http bound on 0.0.0.0:8775 fd 5
Jun 29 05:05:13.899390 np0000183420 devstack@n-api-meta.service[108373]: uwsgi socket 0 bound to TCP address 127.0.0.1:33653 (port auto-assigned) fd 4
Jun 29 05:05:13.899390 np0000183420 devstack@n-api-meta.service[108373]: Python version: 3.12.3 (main, Mar 23 2026, 19:04:32) [GCC 13.3.0]
Jun 29 05:05:13.899390 np0000183420 devstack@n-api-meta.service[108373]: PEP 405 virtualenv detected: /opt/stack/data/venv
Jun 29 05:05:13.899390 np0000183420 devstack@n-api-meta.service[108373]: Set PythonHome to /opt/stack/data/venv
Jun 29 05:05:13.933885 np0000183420 devstack@n-api-meta.service[108373]: Python main interpreter initialized at 0x711a746a3668
Jun 29 05:05:13.933885 np0000183420 devstack@n-api-meta.service[108373]: python threads support enabled
Jun 29 05:05:13.933885 np0000183420 devstack@n-api-meta.service[108373]: your server socket listen backlog is limited to 100 connections
Jun 29 05:05:13.933885 np0000183420 devstack@n-api-meta.service[108373]: your mercy for graceful operations on workers is 80 seconds
Jun 29 05:05:13.934412 np0000183420 devstack@n-api-meta.service[108373]: mapped 671795 bytes (656 KB) for 4 cores
Jun 29 05:05:13.934562 np0000183420 devstack@n-api-meta.service[108373]: *** Operational MODE: preforking ***
Jun 29 05:05:13.934716 np0000183420 devstack@n-api-meta.service[108373]: *** uWSGI is running in multiple interpreter mode ***
Jun 29 05:05:13.934716 np0000183420 devstack@n-api-meta.service[108373]: spawned uWSGI master process (pid: 108373)
Jun 29 05:05:13.934871 np0000183420 systemd[1]: Started devstack@n-api-meta.service - Devstack devstack@n-api-meta.service.
Jun 29 05:05:13.935382 np0000183420 devstack@n-api-meta.service[108373]: spawned uWSGI worker 1 (pid: 108374, cores: 1)
Jun 29 05:05:13.935916 np0000183420 devstack@n-api-meta.service[108373]: spawned uWSGI worker 2 (pid: 108375, cores: 1)
Jun 29 05:05:13.936372 np0000183420 devstack@n-api-meta.service[108373]: spawned uWSGI worker 3 (pid: 108376, cores: 1)
Jun 29 05:05:13.936871 np0000183420 devstack@n-api-meta.service[108373]: spawned uWSGI worker 4 (pid: 108377, cores: 1)
Jun 29 05:05:13.937346 np0000183420 devstack@n-api-meta.service[108373]: spawned uWSGI http 1 (pid: 108378)
Jun 29 05:05:13.937346 np0000183420 devstack@n-api-meta.service[108373]: running "unix_signal:15 gracefully_kill_them_all" (master-start)...
Jun 29 05:05:15.570261 np0000183420 devstack@n-api-meta.service[108376]: INFO dbcounter [None req-aaf1604f-8920-4d05-8375-3d6caf010f5d None None] Registered counter for database nova_api
Jun 29 05:05:15.611657 np0000183420 devstack@n-api-meta.service[108374]: INFO dbcounter [None req-7b20f938-e5d5-4d41-9611-92747386845e None None] Registered counter for database nova_api
Jun 29 05:05:15.615119 np0000183420 devstack@n-api-meta.service[108376]: DEBUG oslo_db.sqlalchemy.engines [None req-aaf1604f-8920-4d05-8375-3d6caf010f5d None None] MySQL server mode set to STRICT_TRANS_TABLES,STRICT_ALL_TABLES,NO_ZERO_IN_DATE,NO_ZERO_DATE,ERROR_FOR_DIVISION_BY_ZERO,TRADITIONAL,NO_ENGINE_SUBSTITUTION {{(pid=108376) _check_effective_sql_mode /opt/stack/data/venv/lib/python3.12/site-packages/oslo_db/sqlalchemy/engines.py:325}}
Jun 29 05:05:15.619299 np0000183420 devstack@n-api-meta.service[108377]: INFO dbcounter [None req-a50bfe96-97fc-4244-a136-adda7384f58f None None] Registered counter for database nova_api
Jun 29 05:05:15.649241 np0000183420 devstack@n-api-meta.service[108376]: DEBUG dbcounter [-] [108376] Writer thread running {{(pid=108376) stat_writer /opt/stack/data/venv/lib/python3.12/site-packages/dbcounter.py:102}}
Jun 29 05:05:15.649515 np0000183420 devstack@n-api-meta.service[108375]: INFO dbcounter [None req-051f989c-b998-4f65-97c7-c6866309cb74 None None] Registered counter for database nova_api
Jun 29 05:05:15.651457 np0000183420 devstack@n-api-meta.service[108376]: DEBUG nova.context [None req-aaf1604f-8920-4d05-8375-3d6caf010f5d None None] Found 2 cells: 00000000-0000-0000-0000-000000000000(cell0),5241db02-2ec9-460f-9979-802bed82db22(cell1) {{(pid=108376) load_cells /opt/stack/nova/nova/context.py:509}}
Jun 29 05:05:15.651678 np0000183420 devstack@n-api-meta.service[108376]: INFO nova.utils [None req-aaf1604f-8920-4d05-8375-3d6caf010f5d None None] The cell worker thread pool MainProcess.cell_worker is initialized
Jun 29 05:05:15.653408 np0000183420 devstack@n-api-meta.service[108376]: DEBUG oslo_concurrency.lockutils [None req-aaf1604f-8920-4d05-8375-3d6caf010f5d None None] Acquiring lock "00000000-0000-0000-0000-000000000000" by "nova.context.set_target_cell..get_or_set_cached_cell_and_set_connections" {{(pid=108376) inner /opt/stack/data/venv/lib/python3.12/site-packages/oslo_concurrency/lockutils.py:511}}
Jun 29 05:05:15.653573 np0000183420 devstack@n-api-meta.service[108376]: DEBUG oslo_concurrency.lockutils [None req-aaf1604f-8920-4d05-8375-3d6caf010f5d None None] Lock "00000000-0000-0000-0000-000000000000" acquired by "nova.context.set_target_cell..get_or_set_cached_cell_and_set_connections" :: waited 0.000s {{(pid=108376) inner /opt/stack/data/venv/lib/python3.12/site-packages/oslo_concurrency/lockutils.py:524}}
Jun 29 05:05:15.653927 np0000183420 devstack@n-api-meta.service[108376]: DEBUG oslo_concurrency.lockutils [None req-aaf1604f-8920-4d05-8375-3d6caf010f5d None None] Lock "00000000-0000-0000-0000-000000000000" "released" by "nova.context.set_target_cell..get_or_set_cached_cell_and_set_connections" :: held 0.000s {{(pid=108376) inner /opt/stack/data/venv/lib/python3.12/site-packages/oslo_concurrency/lockutils.py:543}}
Jun 29 05:05:15.654734 np0000183420 devstack@n-api-meta.service[108376]: DEBUG oslo_concurrency.lockutils [None req-aaf1604f-8920-4d05-8375-3d6caf010f5d None None] Acquiring lock "5241db02-2ec9-460f-9979-802bed82db22" by "nova.context.set_target_cell..get_or_set_cached_cell_and_set_connections" {{(pid=108376) inner /opt/stack/data/venv/lib/python3.12/site-packages/oslo_concurrency/lockutils.py:511}}
Jun 29 05:05:15.654874 np0000183420 devstack@n-api-meta.service[108376]: DEBUG oslo_concurrency.lockutils [None req-aaf1604f-8920-4d05-8375-3d6caf010f5d None None] Lock "5241db02-2ec9-460f-9979-802bed82db22" acquired by "nova.context.set_target_cell..get_or_set_cached_cell_and_set_connections" :: waited 0.000s {{(pid=108376) inner /opt/stack/data/venv/lib/python3.12/site-packages/oslo_concurrency/lockutils.py:524}}
Jun 29 05:05:15.655754 np0000183420 devstack@n-api-meta.service[108376]: DEBUG oslo_concurrency.lockutils [None req-aaf1604f-8920-4d05-8375-3d6caf010f5d None None] Lock "5241db02-2ec9-460f-9979-802bed82db22" "released" by "nova.context.set_target_cell..get_or_set_cached_cell_and_set_connections" :: held 0.001s {{(pid=108376) inner /opt/stack/data/venv/lib/python3.12/site-packages/oslo_concurrency/lockutils.py:543}}
Jun 29 05:05:15.658929 np0000183420 devstack@n-api-meta.service[108376]: INFO dbcounter [None req-aaf1604f-8920-4d05-8375-3d6caf010f5d None None] Registered counter for database nova_cell0
Jun 29 05:05:15.660900 np0000183420 devstack@n-api-meta.service[108374]: DEBUG oslo_db.sqlalchemy.engines [None req-7b20f938-e5d5-4d41-9611-92747386845e None None] MySQL server mode set to STRICT_TRANS_TABLES,STRICT_ALL_TABLES,NO_ZERO_IN_DATE,NO_ZERO_DATE,ERROR_FOR_DIVISION_BY_ZERO,TRADITIONAL,NO_ENGINE_SUBSTITUTION {{(pid=108374) _check_effective_sql_mode /opt/stack/data/venv/lib/python3.12/site-packages/oslo_db/sqlalchemy/engines.py:325}}
Jun 29 05:05:15.665949 np0000183420 devstack@n-api-meta.service[108376]: INFO dbcounter [None req-aaf1604f-8920-4d05-8375-3d6caf010f5d None None] Registered counter for database nova_cell1
Jun 29 05:05:15.667619 np0000183420 devstack@n-api-meta.service[108377]: DEBUG oslo_db.sqlalchemy.engines [None req-a50bfe96-97fc-4244-a136-adda7384f58f None None] MySQL server mode set to STRICT_TRANS_TABLES,STRICT_ALL_TABLES,NO_ZERO_IN_DATE,NO_ZERO_DATE,ERROR_FOR_DIVISION_BY_ZERO,TRADITIONAL,NO_ENGINE_SUBSTITUTION {{(pid=108377) _check_effective_sql_mode /opt/stack/data/venv/lib/python3.12/site-packages/oslo_db/sqlalchemy/engines.py:325}}
Jun 29 05:05:15.694191 np0000183420 devstack@n-api-meta.service[108374]: DEBUG dbcounter [-] [108374] Writer thread running {{(pid=108374) stat_writer /opt/stack/data/venv/lib/python3.12/site-packages/dbcounter.py:102}}
Jun 29 05:05:15.695132 np0000183420 devstack@n-api-meta.service[108375]: DEBUG oslo_db.sqlalchemy.engines [None req-051f989c-b998-4f65-97c7-c6866309cb74 None None] MySQL server mode set to STRICT_TRANS_TABLES,STRICT_ALL_TABLES,NO_ZERO_IN_DATE,NO_ZERO_DATE,ERROR_FOR_DIVISION_BY_ZERO,TRADITIONAL,NO_ENGINE_SUBSTITUTION {{(pid=108375) _check_effective_sql_mode /opt/stack/data/venv/lib/python3.12/site-packages/oslo_db/sqlalchemy/engines.py:325}}
Jun 29 05:05:15.696953 np0000183420 devstack@n-api-meta.service[108374]: DEBUG nova.context [None req-7b20f938-e5d5-4d41-9611-92747386845e None None] Found 2 cells: 00000000-0000-0000-0000-000000000000(cell0),5241db02-2ec9-460f-9979-802bed82db22(cell1) {{(pid=108374) load_cells /opt/stack/nova/nova/context.py:509}}
Jun 29 05:05:15.697324 np0000183420 devstack@n-api-meta.service[108374]: INFO nova.utils [None req-7b20f938-e5d5-4d41-9611-92747386845e None None] The cell worker thread pool MainProcess.cell_worker is initialized
Jun 29 05:05:15.700206 np0000183420 devstack@n-api-meta.service[108374]: DEBUG oslo_concurrency.lockutils [None req-7b20f938-e5d5-4d41-9611-92747386845e None None] Acquiring lock "00000000-0000-0000-0000-000000000000" by "nova.context.set_target_cell..get_or_set_cached_cell_and_set_connections" {{(pid=108374) inner /opt/stack/data/venv/lib/python3.12/site-packages/oslo_concurrency/lockutils.py:511}}
Jun 29 05:05:15.700455 np0000183420 devstack@n-api-meta.service[108374]: DEBUG oslo_concurrency.lockutils [None req-7b20f938-e5d5-4d41-9611-92747386845e None None] Lock "00000000-0000-0000-0000-000000000000" acquired by "nova.context.set_target_cell..get_or_set_cached_cell_and_set_connections" :: waited 0.000s {{(pid=108374) inner /opt/stack/data/venv/lib/python3.12/site-packages/oslo_concurrency/lockutils.py:524}}
Jun 29 05:05:15.700991 np0000183420 devstack@n-api-meta.service[108374]: DEBUG oslo_concurrency.lockutils [None req-7b20f938-e5d5-4d41-9611-92747386845e None None] Lock "00000000-0000-0000-0000-000000000000" "released" by "nova.context.set_target_cell..get_or_set_cached_cell_and_set_connections" :: held 0.001s {{(pid=108374) inner /opt/stack/data/venv/lib/python3.12/site-packages/oslo_concurrency/lockutils.py:543}}
Jun 29 05:05:15.701832 np0000183420 devstack@n-api-meta.service[108374]: DEBUG oslo_concurrency.lockutils [None req-7b20f938-e5d5-4d41-9611-92747386845e None None] Acquiring lock "5241db02-2ec9-460f-9979-802bed82db22" by "nova.context.set_target_cell..get_or_set_cached_cell_and_set_connections" {{(pid=108374) inner /opt/stack/data/venv/lib/python3.12/site-packages/oslo_concurrency/lockutils.py:511}}
Jun 29 05:05:15.702029 np0000183420 devstack@n-api-meta.service[108374]: DEBUG oslo_concurrency.lockutils [None req-7b20f938-e5d5-4d41-9611-92747386845e None None] Lock "5241db02-2ec9-460f-9979-802bed82db22" acquired by "nova.context.set_target_cell..get_or_set_cached_cell_and_set_connections" :: waited 0.000s {{(pid=108374) inner /opt/stack/data/venv/lib/python3.12/site-packages/oslo_concurrency/lockutils.py:524}}
Jun 29 05:05:15.702776 np0000183420 devstack@n-api-meta.service[108377]: DEBUG dbcounter [-] [108377] Writer thread running {{(pid=108377) stat_writer /opt/stack/data/venv/lib/python3.12/site-packages/dbcounter.py:102}}
Jun 29 05:05:15.703203 np0000183420 devstack@n-api-meta.service[108374]: DEBUG oslo_concurrency.lockutils [None req-7b20f938-e5d5-4d41-9611-92747386845e None None] Lock "5241db02-2ec9-460f-9979-802bed82db22" "released" by "nova.context.set_target_cell..get_or_set_cached_cell_and_set_connections" :: held 0.001s {{(pid=108374) inner /opt/stack/data/venv/lib/python3.12/site-packages/oslo_concurrency/lockutils.py:543}}
Jun 29 05:05:15.705827 np0000183420 devstack@n-api-meta.service[108377]: DEBUG nova.context [None req-a50bfe96-97fc-4244-a136-adda7384f58f None None] Found 2 cells: 00000000-0000-0000-0000-000000000000(cell0),5241db02-2ec9-460f-9979-802bed82db22(cell1) {{(pid=108377) load_cells /opt/stack/nova/nova/context.py:509}}
Jun 29 05:05:15.706060 np0000183420 devstack@n-api-meta.service[108377]: INFO nova.utils [None req-a50bfe96-97fc-4244-a136-adda7384f58f None None] The cell worker thread pool MainProcess.cell_worker is initialized
Jun 29 05:05:15.706310 np0000183420 devstack@n-api-meta.service[108374]: INFO dbcounter [None req-7b20f938-e5d5-4d41-9611-92747386845e None None] Registered counter for database nova_cell0
Jun 29 05:05:15.707800 np0000183420 devstack@n-api-meta.service[108377]: DEBUG oslo_concurrency.lockutils [None req-a50bfe96-97fc-4244-a136-adda7384f58f None None] Acquiring lock "00000000-0000-0000-0000-000000000000" by "nova.context.set_target_cell..get_or_set_cached_cell_and_set_connections" {{(pid=108377) inner /opt/stack/data/venv/lib/python3.12/site-packages/oslo_concurrency/lockutils.py:511}}
Jun 29 05:05:15.708017 np0000183420 devstack@n-api-meta.service[108377]: DEBUG oslo_concurrency.lockutils [None req-a50bfe96-97fc-4244-a136-adda7384f58f None None] Lock "00000000-0000-0000-0000-000000000000" acquired by "nova.context.set_target_cell..get_or_set_cached_cell_and_set_connections" :: waited 0.000s {{(pid=108377) inner /opt/stack/data/venv/lib/python3.12/site-packages/oslo_concurrency/lockutils.py:524}}
Jun 29 05:05:15.708398 np0000183420 devstack@n-api-meta.service[108377]: DEBUG oslo_concurrency.lockutils [None req-a50bfe96-97fc-4244-a136-adda7384f58f None None] Lock "00000000-0000-0000-0000-000000000000" "released" by "nova.context.set_target_cell..get_or_set_cached_cell_and_set_connections" :: held 0.000s {{(pid=108377) inner /opt/stack/data/venv/lib/python3.12/site-packages/oslo_concurrency/lockutils.py:543}}
Jun 29 05:05:15.709051 np0000183420 devstack@n-api-meta.service[108377]: DEBUG oslo_concurrency.lockutils [None req-a50bfe96-97fc-4244-a136-adda7384f58f None None] Acquiring lock "5241db02-2ec9-460f-9979-802bed82db22" by "nova.context.set_target_cell..get_or_set_cached_cell_and_set_connections" {{(pid=108377) inner /opt/stack/data/venv/lib/python3.12/site-packages/oslo_concurrency/lockutils.py:511}}
Jun 29 05:05:15.709201 np0000183420 devstack@n-api-meta.service[108377]: DEBUG oslo_concurrency.lockutils [None req-a50bfe96-97fc-4244-a136-adda7384f58f None None] Lock "5241db02-2ec9-460f-9979-802bed82db22" acquired by "nova.context.set_target_cell..get_or_set_cached_cell_and_set_connections" :: waited 0.000s {{(pid=108377) inner /opt/stack/data/venv/lib/python3.12/site-packages/oslo_concurrency/lockutils.py:524}}
Jun 29 05:05:15.710108 np0000183420 devstack@n-api-meta.service[108377]: DEBUG oslo_concurrency.lockutils [None req-a50bfe96-97fc-4244-a136-adda7384f58f None None] Lock "5241db02-2ec9-460f-9979-802bed82db22" "released" by "nova.context.set_target_cell..get_or_set_cached_cell_and_set_connections" :: held 0.001s {{(pid=108377) inner /opt/stack/data/venv/lib/python3.12/site-packages/oslo_concurrency/lockutils.py:543}}
Jun 29 05:05:15.713385 np0000183420 devstack@n-api-meta.service[108374]: INFO dbcounter [None req-7b20f938-e5d5-4d41-9611-92747386845e None None] Registered counter for database nova_cell1
Jun 29 05:05:15.713466 np0000183420 devstack@n-api-meta.service[108377]: INFO dbcounter [None req-a50bfe96-97fc-4244-a136-adda7384f58f None None] Registered counter for database nova_cell0
Jun 29 05:05:15.718174 np0000183420 devstack@n-api-meta.service[108377]: INFO dbcounter [None req-a50bfe96-97fc-4244-a136-adda7384f58f None None] Registered counter for database nova_cell1
Jun 29 05:05:15.726700 np0000183420 devstack@n-api-meta.service[108376]: DEBUG oslo_db.sqlalchemy.engines [None req-aaf1604f-8920-4d05-8375-3d6caf010f5d None None] MySQL server mode set to STRICT_TRANS_TABLES,STRICT_ALL_TABLES,NO_ZERO_IN_DATE,NO_ZERO_DATE,ERROR_FOR_DIVISION_BY_ZERO,TRADITIONAL,NO_ENGINE_SUBSTITUTION {{(pid=108376) _check_effective_sql_mode /opt/stack/data/venv/lib/python3.12/site-packages/oslo_db/sqlalchemy/engines.py:325}}
Jun 29 05:05:15.728871 np0000183420 devstack@n-api-meta.service[108375]: DEBUG dbcounter [-] [108375] Writer thread running {{(pid=108375) stat_writer /opt/stack/data/venv/lib/python3.12/site-packages/dbcounter.py:102}}
Jun 29 05:05:15.731209 np0000183420 devstack@n-api-meta.service[108375]: DEBUG nova.context [None req-051f989c-b998-4f65-97c7-c6866309cb74 None None] Found 2 cells: 00000000-0000-0000-0000-000000000000(cell0),5241db02-2ec9-460f-9979-802bed82db22(cell1) {{(pid=108375) load_cells /opt/stack/nova/nova/context.py:509}}
Jun 29 05:05:15.731431 np0000183420 devstack@n-api-meta.service[108375]: INFO nova.utils [None req-051f989c-b998-4f65-97c7-c6866309cb74 None None] The cell worker thread pool MainProcess.cell_worker is initialized
Jun 29 05:05:15.731792 np0000183420 devstack@n-api-meta.service[108376]: DEBUG oslo_db.sqlalchemy.engines [None req-aaf1604f-8920-4d05-8375-3d6caf010f5d None None] MySQL server mode set to STRICT_TRANS_TABLES,STRICT_ALL_TABLES,NO_ZERO_IN_DATE,NO_ZERO_DATE,ERROR_FOR_DIVISION_BY_ZERO,TRADITIONAL,NO_ENGINE_SUBSTITUTION {{(pid=108376) _check_effective_sql_mode /opt/stack/data/venv/lib/python3.12/site-packages/oslo_db/sqlalchemy/engines.py:325}}
Jun 29 05:05:15.733246 np0000183420 devstack@n-api-meta.service[108375]: DEBUG oslo_concurrency.lockutils [None req-051f989c-b998-4f65-97c7-c6866309cb74 None None] Acquiring lock "00000000-0000-0000-0000-000000000000" by "nova.context.set_target_cell..get_or_set_cached_cell_and_set_connections" {{(pid=108375) inner /opt/stack/data/venv/lib/python3.12/site-packages/oslo_concurrency/lockutils.py:511}}
Jun 29 05:05:15.733422 np0000183420 devstack@n-api-meta.service[108375]: DEBUG oslo_concurrency.lockutils [None req-051f989c-b998-4f65-97c7-c6866309cb74 None None] Lock "00000000-0000-0000-0000-000000000000" acquired by "nova.context.set_target_cell..get_or_set_cached_cell_and_set_connections" :: waited 0.000s {{(pid=108375) inner /opt/stack/data/venv/lib/python3.12/site-packages/oslo_concurrency/lockutils.py:524}}
Jun 29 05:05:15.733791 np0000183420 devstack@n-api-meta.service[108375]: DEBUG oslo_concurrency.lockutils [None req-051f989c-b998-4f65-97c7-c6866309cb74 None None] Lock "00000000-0000-0000-0000-000000000000" "released" by "nova.context.set_target_cell..get_or_set_cached_cell_and_set_connections" :: held 0.000s {{(pid=108375) inner /opt/stack/data/venv/lib/python3.12/site-packages/oslo_concurrency/lockutils.py:543}}
Jun 29 05:05:15.734427 np0000183420 devstack@n-api-meta.service[108375]: DEBUG oslo_concurrency.lockutils [None req-051f989c-b998-4f65-97c7-c6866309cb74 None None] Acquiring lock "5241db02-2ec9-460f-9979-802bed82db22" by "nova.context.set_target_cell..get_or_set_cached_cell_and_set_connections" {{(pid=108375) inner /opt/stack/data/venv/lib/python3.12/site-packages/oslo_concurrency/lockutils.py:511}}
Jun 29 05:05:15.734572 np0000183420 devstack@n-api-meta.service[108375]: DEBUG oslo_concurrency.lockutils [None req-051f989c-b998-4f65-97c7-c6866309cb74 None None] Lock "5241db02-2ec9-460f-9979-802bed82db22" acquired by "nova.context.set_target_cell..get_or_set_cached_cell_and_set_connections" :: waited 0.000s {{(pid=108375) inner /opt/stack/data/venv/lib/python3.12/site-packages/oslo_concurrency/lockutils.py:524}}
Jun 29 05:05:15.735398 np0000183420 devstack@n-api-meta.service[108375]: DEBUG oslo_concurrency.lockutils [None req-051f989c-b998-4f65-97c7-c6866309cb74 None None] Lock "5241db02-2ec9-460f-9979-802bed82db22" "released" by "nova.context.set_target_cell..get_or_set_cached_cell_and_set_connections" :: held 0.001s {{(pid=108375) inner /opt/stack/data/venv/lib/python3.12/site-packages/oslo_concurrency/lockutils.py:543}}
Jun 29 05:05:15.739499 np0000183420 devstack@n-api-meta.service[108375]: INFO dbcounter [None req-051f989c-b998-4f65-97c7-c6866309cb74 None None] Registered counter for database nova_cell0
Jun 29 05:05:15.745611 np0000183420 devstack@n-api-meta.service[108375]: INFO dbcounter [None req-051f989c-b998-4f65-97c7-c6866309cb74 None None] Registered counter for database nova_cell1
Jun 29 05:05:15.772650 np0000183420 devstack@n-api-meta.service[108374]: DEBUG oslo_db.sqlalchemy.engines [None req-7b20f938-e5d5-4d41-9611-92747386845e None None] MySQL server mode set to STRICT_TRANS_TABLES,STRICT_ALL_TABLES,NO_ZERO_IN_DATE,NO_ZERO_DATE,ERROR_FOR_DIVISION_BY_ZERO,TRADITIONAL,NO_ENGINE_SUBSTITUTION {{(pid=108374) _check_effective_sql_mode /opt/stack/data/venv/lib/python3.12/site-packages/oslo_db/sqlalchemy/engines.py:325}}
Jun 29 05:05:15.777084 np0000183420 devstack@n-api-meta.service[108374]: DEBUG oslo_db.sqlalchemy.engines [None req-7b20f938-e5d5-4d41-9611-92747386845e None None] MySQL server mode set to STRICT_TRANS_TABLES,STRICT_ALL_TABLES,NO_ZERO_IN_DATE,NO_ZERO_DATE,ERROR_FOR_DIVISION_BY_ZERO,TRADITIONAL,NO_ENGINE_SUBSTITUTION {{(pid=108374) _check_effective_sql_mode /opt/stack/data/venv/lib/python3.12/site-packages/oslo_db/sqlalchemy/engines.py:325}}
Jun 29 05:05:15.780483 np0000183420 devstack@n-api-meta.service[108377]: DEBUG oslo_db.sqlalchemy.engines [None req-a50bfe96-97fc-4244-a136-adda7384f58f None None] MySQL server mode set to STRICT_TRANS_TABLES,STRICT_ALL_TABLES,NO_ZERO_IN_DATE,NO_ZERO_DATE,ERROR_FOR_DIVISION_BY_ZERO,TRADITIONAL,NO_ENGINE_SUBSTITUTION {{(pid=108377) _check_effective_sql_mode /opt/stack/data/venv/lib/python3.12/site-packages/oslo_db/sqlalchemy/engines.py:325}}
Jun 29 05:05:15.784687 np0000183420 devstack@n-api-meta.service[108377]: DEBUG oslo_db.sqlalchemy.engines [None req-a50bfe96-97fc-4244-a136-adda7384f58f None None] MySQL server mode set to STRICT_TRANS_TABLES,STRICT_ALL_TABLES,NO_ZERO_IN_DATE,NO_ZERO_DATE,ERROR_FOR_DIVISION_BY_ZERO,TRADITIONAL,NO_ENGINE_SUBSTITUTION {{(pid=108377) _check_effective_sql_mode /opt/stack/data/venv/lib/python3.12/site-packages/oslo_db/sqlalchemy/engines.py:325}}
Jun 29 05:05:15.821456 np0000183420 devstack@n-api-meta.service[108375]: DEBUG oslo_db.sqlalchemy.engines [None req-051f989c-b998-4f65-97c7-c6866309cb74 None None] MySQL server mode set to STRICT_TRANS_TABLES,STRICT_ALL_TABLES,NO_ZERO_IN_DATE,NO_ZERO_DATE,ERROR_FOR_DIVISION_BY_ZERO,TRADITIONAL,NO_ENGINE_SUBSTITUTION {{(pid=108375) _check_effective_sql_mode /opt/stack/data/venv/lib/python3.12/site-packages/oslo_db/sqlalchemy/engines.py:325}}
Jun 29 05:05:15.824339 np0000183420 devstack@n-api-meta.service[108376]: DEBUG dbcounter [-] [108376] Writer thread running {{(pid=108376) stat_writer /opt/stack/data/venv/lib/python3.12/site-packages/dbcounter.py:102}}
Jun 29 05:05:15.826136 np0000183420 devstack@n-api-meta.service[108375]: DEBUG oslo_db.sqlalchemy.engines [None req-051f989c-b998-4f65-97c7-c6866309cb74 None None] MySQL server mode set to STRICT_TRANS_TABLES,STRICT_ALL_TABLES,NO_ZERO_IN_DATE,NO_ZERO_DATE,ERROR_FOR_DIVISION_BY_ZERO,TRADITIONAL,NO_ENGINE_SUBSTITUTION {{(pid=108375) _check_effective_sql_mode /opt/stack/data/venv/lib/python3.12/site-packages/oslo_db/sqlalchemy/engines.py:325}}
Jun 29 05:05:15.831843 np0000183420 devstack@n-api-meta.service[108376]: DEBUG dbcounter [-] [108376] Writer thread running {{(pid=108376) stat_writer /opt/stack/data/venv/lib/python3.12/site-packages/dbcounter.py:102}}
Jun 29 05:05:15.837015 np0000183420 devstack@n-api-meta.service[108376]: INFO dbcounter [None req-aaf1604f-8920-4d05-8375-3d6caf010f5d None None] Registered counter for database nova_cell0
Jun 29 05:05:15.873700 np0000183420 devstack@n-api-meta.service[108374]: DEBUG dbcounter [-] [108374] Writer thread running {{(pid=108374) stat_writer /opt/stack/data/venv/lib/python3.12/site-packages/dbcounter.py:102}}
Jun 29 05:05:15.874480 np0000183420 devstack@n-api-meta.service[108374]: DEBUG dbcounter [-] [108374] Writer thread running {{(pid=108374) stat_writer /opt/stack/data/venv/lib/python3.12/site-packages/dbcounter.py:102}}
Jun 29 05:05:15.879133 np0000183420 devstack@n-api-meta.service[108374]: INFO dbcounter [None req-7b20f938-e5d5-4d41-9611-92747386845e None None] Registered counter for database nova_cell0
Jun 29 05:05:15.883380 np0000183420 devstack@n-api-meta.service[108376]: DEBUG oslo_db.sqlalchemy.engines [None req-aaf1604f-8920-4d05-8375-3d6caf010f5d None None] MySQL server mode set to STRICT_TRANS_TABLES,STRICT_ALL_TABLES,NO_ZERO_IN_DATE,NO_ZERO_DATE,ERROR_FOR_DIVISION_BY_ZERO,TRADITIONAL,NO_ENGINE_SUBSTITUTION {{(pid=108376) _check_effective_sql_mode /opt/stack/data/venv/lib/python3.12/site-packages/oslo_db/sqlalchemy/engines.py:325}}
Jun 29 05:05:15.891437 np0000183420 devstack@n-api-meta.service[108376]: DEBUG dbcounter [-] [108376] Writer thread running {{(pid=108376) stat_writer /opt/stack/data/venv/lib/python3.12/site-packages/dbcounter.py:102}}
Jun 29 05:05:15.899174 np0000183420 devstack@n-api-meta.service[108377]: DEBUG dbcounter [-] [108377] Writer thread running {{(pid=108377) stat_writer /opt/stack/data/venv/lib/python3.12/site-packages/dbcounter.py:102}}
Jun 29 05:05:15.899761 np0000183420 devstack@n-api-meta.service[108377]: DEBUG dbcounter [-] [108377] Writer thread running {{(pid=108377) stat_writer /opt/stack/data/venv/lib/python3.12/site-packages/dbcounter.py:102}}
Jun 29 05:05:15.904540 np0000183420 devstack@n-api-meta.service[108377]: INFO dbcounter [None req-a50bfe96-97fc-4244-a136-adda7384f58f None None] Registered counter for database nova_cell0
Jun 29 05:05:15.931383 np0000183420 devstack@n-api-meta.service[108374]: DEBUG oslo_db.sqlalchemy.engines [None req-7b20f938-e5d5-4d41-9611-92747386845e None None] MySQL server mode set to STRICT_TRANS_TABLES,STRICT_ALL_TABLES,NO_ZERO_IN_DATE,NO_ZERO_DATE,ERROR_FOR_DIVISION_BY_ZERO,TRADITIONAL,NO_ENGINE_SUBSTITUTION {{(pid=108374) _check_effective_sql_mode /opt/stack/data/venv/lib/python3.12/site-packages/oslo_db/sqlalchemy/engines.py:325}}
Jun 29 05:05:15.935857 np0000183420 devstack@n-api-meta.service[108376]: WARNING nova.api.metadata.handler [None req-aaf1604f-8920-4d05-8375-3d6caf010f5d None None] metadata_proxy_shared_secret is not configured, the metadata information returned by the proxy cannot be trusted
Jun 29 05:05:15.936482 np0000183420 devstack@n-api-meta.service[108375]: DEBUG dbcounter [-] [108375] Writer thread running {{(pid=108375) stat_writer /opt/stack/data/venv/lib/python3.12/site-packages/dbcounter.py:102}}
Jun 29 05:05:15.938166 np0000183420 devstack@n-api-meta.service[108376]: DEBUG nova.api.openstack.wsgi_app [None req-aaf1604f-8920-4d05-8375-3d6caf010f5d None None] ******************************************************************************** {{(pid=108376) log_opt_values /opt/stack/data/venv/lib/python3.12/site-packages/oslo_config/cfg.py:3226}}
Jun 29 05:05:15.938281 np0000183420 devstack@n-api-meta.service[108376]: DEBUG nova.api.openstack.wsgi_app [None req-aaf1604f-8920-4d05-8375-3d6caf010f5d None None] Configuration options gathered from: {{(pid=108376) log_opt_values /opt/stack/data/venv/lib/python3.12/site-packages/oslo_config/cfg.py:3227}}
Jun 29 05:05:15.938403 np0000183420 devstack@n-api-meta.service[108376]: DEBUG nova.api.openstack.wsgi_app [None req-aaf1604f-8920-4d05-8375-3d6caf010f5d None None] command line args: [] {{(pid=108376) log_opt_values /opt/stack/data/venv/lib/python3.12/site-packages/oslo_config/cfg.py:3228}}
Jun 29 05:05:15.938481 np0000183420 devstack@n-api-meta.service[108374]: DEBUG dbcounter [-] [108374] Writer thread running {{(pid=108374) stat_writer /opt/stack/data/venv/lib/python3.12/site-packages/dbcounter.py:102}}
Jun 29 05:05:15.939108 np0000183420 devstack@n-api-meta.service[108376]: DEBUG nova.api.openstack.wsgi_app [None req-aaf1604f-8920-4d05-8375-3d6caf010f5d None None] config files: ['/etc/nova/api-paste.ini', '/etc/nova/nova.conf'] {{(pid=108376) log_opt_values /opt/stack/data/venv/lib/python3.12/site-packages/oslo_config/cfg.py:3229}}
Jun 29 05:05:15.939108 np0000183420 devstack@n-api-meta.service[108376]: DEBUG nova.api.openstack.wsgi_app [None req-aaf1604f-8920-4d05-8375-3d6caf010f5d None None] ================================================================================ {{(pid=108376) log_opt_values /opt/stack/data/venv/lib/python3.12/site-packages/oslo_config/cfg.py:3234}}
Jun 29 05:05:15.939108 np0000183420 devstack@n-api-meta.service[108376]: DEBUG nova.api.openstack.wsgi_app [None req-aaf1604f-8920-4d05-8375-3d6caf010f5d None None] allow_resize_to_same_host = True {{(pid=108376) log_opt_values /opt/stack/data/venv/lib/python3.12/site-packages/oslo_config/cfg.py:3242}}
Jun 29 05:05:15.939108 np0000183420 devstack@n-api-meta.service[108376]: DEBUG nova.api.openstack.wsgi_app [None req-aaf1604f-8920-4d05-8375-3d6caf010f5d None None] arq_binding_timeout = 300 {{(pid=108376) log_opt_values /opt/stack/data/venv/lib/python3.12/site-packages/oslo_config/cfg.py:3242}}
Jun 29 05:05:15.939108 np0000183420 devstack@n-api-meta.service[108376]: DEBUG nova.api.openstack.wsgi_app [None req-aaf1604f-8920-4d05-8375-3d6caf010f5d None None] block_device_allocate_retries = 60 {{(pid=108376) log_opt_values /opt/stack/data/venv/lib/python3.12/site-packages/oslo_config/cfg.py:3242}}
Jun 29 05:05:15.939505 np0000183420 devstack@n-api-meta.service[108376]: DEBUG nova.api.openstack.wsgi_app [None req-aaf1604f-8920-4d05-8375-3d6caf010f5d None None] block_device_allocate_retries_interval = 3 {{(pid=108376) log_opt_values /opt/stack/data/venv/lib/python3.12/site-packages/oslo_config/cfg.py:3242}}
Jun 29 05:05:15.939505 np0000183420 devstack@n-api-meta.service[108376]: DEBUG nova.api.openstack.wsgi_app [None req-aaf1604f-8920-4d05-8375-3d6caf010f5d None None] cell_worker_thread_pool_size = 5 {{(pid=108376) log_opt_values /opt/stack/data/venv/lib/python3.12/site-packages/oslo_config/cfg.py:3242}}
Jun 29 05:05:15.939505 np0000183420 devstack@n-api-meta.service[108376]: DEBUG nova.api.openstack.wsgi_app [None req-aaf1604f-8920-4d05-8375-3d6caf010f5d None None] cert = self.pem {{(pid=108376) log_opt_values /opt/stack/data/venv/lib/python3.12/site-packages/oslo_config/cfg.py:3242}}
Jun 29 05:05:15.939658 np0000183420 devstack@n-api-meta.service[108376]: DEBUG nova.api.openstack.wsgi_app [None req-aaf1604f-8920-4d05-8375-3d6caf010f5d None None] compute_driver = libvirt.LibvirtDriver {{(pid=108376) log_opt_values /opt/stack/data/venv/lib/python3.12/site-packages/oslo_config/cfg.py:3242}}
Jun 29 05:05:15.940055 np0000183420 devstack@n-api-meta.service[108376]: DEBUG nova.api.openstack.wsgi_app [None req-aaf1604f-8920-4d05-8375-3d6caf010f5d None None] compute_monitors = [] {{(pid=108376) log_opt_values /opt/stack/data/venv/lib/python3.12/site-packages/oslo_config/cfg.py:3242}}
Jun 29 05:05:15.940155 np0000183420 devstack@n-api-meta.service[108376]: DEBUG nova.api.openstack.wsgi_app [None req-aaf1604f-8920-4d05-8375-3d6caf010f5d None None] config_dir = [] {{(pid=108376) log_opt_values /opt/stack/data/venv/lib/python3.12/site-packages/oslo_config/cfg.py:3242}}
Jun 29 05:05:15.940279 np0000183420 devstack@n-api-meta.service[108376]: DEBUG nova.api.openstack.wsgi_app [None req-aaf1604f-8920-4d05-8375-3d6caf010f5d None None] config_drive_format = iso9660 {{(pid=108376) log_opt_values /opt/stack/data/venv/lib/python3.12/site-packages/oslo_config/cfg.py:3242}}
Jun 29 05:05:15.940408 np0000183420 devstack@n-api-meta.service[108376]: DEBUG nova.api.openstack.wsgi_app [None req-aaf1604f-8920-4d05-8375-3d6caf010f5d None None] config_file = ['/etc/nova/api-paste.ini', '/etc/nova/nova.conf'] {{(pid=108376) log_opt_values /opt/stack/data/venv/lib/python3.12/site-packages/oslo_config/cfg.py:3242}}
Jun 29 05:05:15.940540 np0000183420 devstack@n-api-meta.service[108376]: DEBUG nova.api.openstack.wsgi_app [None req-aaf1604f-8920-4d05-8375-3d6caf010f5d None None] config_source = [] {{(pid=108376) log_opt_values /opt/stack/data/venv/lib/python3.12/site-packages/oslo_config/cfg.py:3242}}
Jun 29 05:05:15.940677 np0000183420 devstack@n-api-meta.service[108376]: DEBUG nova.api.openstack.wsgi_app [None req-aaf1604f-8920-4d05-8375-3d6caf010f5d None None] console_host = np0000183420 {{(pid=108376) log_opt_values /opt/stack/data/venv/lib/python3.12/site-packages/oslo_config/cfg.py:3242}}
Jun 29 05:05:15.940809 np0000183420 devstack@n-api-meta.service[108376]: DEBUG nova.api.openstack.wsgi_app [None req-aaf1604f-8920-4d05-8375-3d6caf010f5d None None] control_exchange = nova {{(pid=108376) log_opt_values /opt/stack/data/venv/lib/python3.12/site-packages/oslo_config/cfg.py:3242}}
Jun 29 05:05:15.940936 np0000183420 devstack@n-api-meta.service[108376]: DEBUG nova.api.openstack.wsgi_app [None req-aaf1604f-8920-4d05-8375-3d6caf010f5d None None] cpu_allocation_ratio = None {{(pid=108376) log_opt_values /opt/stack/data/venv/lib/python3.12/site-packages/oslo_config/cfg.py:3242}}
Jun 29 05:05:15.941054 np0000183420 devstack@n-api-meta.service[108376]: DEBUG nova.api.openstack.wsgi_app [None req-aaf1604f-8920-4d05-8375-3d6caf010f5d None None] daemon = False {{(pid=108376) log_opt_values /opt/stack/data/venv/lib/python3.12/site-packages/oslo_config/cfg.py:3242}}
Jun 29 05:05:15.941193 np0000183420 devstack@n-api-meta.service[108376]: DEBUG nova.api.openstack.wsgi_app [None req-aaf1604f-8920-4d05-8375-3d6caf010f5d None None] debug = True {{(pid=108376) log_opt_values /opt/stack/data/venv/lib/python3.12/site-packages/oslo_config/cfg.py:3242}}
Jun 29 05:05:15.941318 np0000183420 devstack@n-api-meta.service[108376]: DEBUG nova.api.openstack.wsgi_app [None req-aaf1604f-8920-4d05-8375-3d6caf010f5d None None] default_access_ip_network_name = None {{(pid=108376) log_opt_values /opt/stack/data/venv/lib/python3.12/site-packages/oslo_config/cfg.py:3242}}
Jun 29 05:05:15.941475 np0000183420 devstack@n-api-meta.service[108376]: DEBUG nova.api.openstack.wsgi_app [None req-aaf1604f-8920-4d05-8375-3d6caf010f5d None None] default_availability_zone = nova {{(pid=108376) log_opt_values /opt/stack/data/venv/lib/python3.12/site-packages/oslo_config/cfg.py:3242}}
Jun 29 05:05:15.941609 np0000183420 devstack@n-api-meta.service[108376]: DEBUG nova.api.openstack.wsgi_app [None req-aaf1604f-8920-4d05-8375-3d6caf010f5d None None] default_ephemeral_format = ext4 {{(pid=108376) log_opt_values /opt/stack/data/venv/lib/python3.12/site-packages/oslo_config/cfg.py:3242}}
Jun 29 05:05:15.941738 np0000183420 devstack@n-api-meta.service[108376]: DEBUG nova.api.openstack.wsgi_app [None req-aaf1604f-8920-4d05-8375-3d6caf010f5d None None] default_green_pool_size = 1000 {{(pid=108376) log_opt_values /opt/stack/data/venv/lib/python3.12/site-packages/oslo_config/cfg.py:3242}}
Jun 29 05:05:15.941988 np0000183420 devstack@n-api-meta.service[108376]: DEBUG nova.api.openstack.wsgi_app [None req-aaf1604f-8920-4d05-8375-3d6caf010f5d None None] default_log_levels = ['amqp=WARN', 'boto=WARN', 'sqlalchemy=WARN', 'suds=INFO', 'oslo.messaging=INFO', 'oslo_messaging=INFO', 'iso8601=WARN', 'requests.packages.urllib3.connectionpool=WARN', 'urllib3.connectionpool=WARN', 'websocket=WARN', 'requests.packages.urllib3.util.retry=WARN', 'urllib3.util.retry=WARN', 'keystonemiddleware=WARN', 'routes.middleware=WARN', 'stevedore=WARN', 'taskflow=WARN', 'keystoneauth=WARN', 'oslo.cache=INFO', 'oslo_policy=INFO', 'dogpile.core.dogpile=INFO', 'glanceclient=WARN', 'oslo.privsep.daemon=INFO'] {{(pid=108376) log_opt_values /opt/stack/data/venv/lib/python3.12/site-packages/oslo_config/cfg.py:3242}}
Jun 29 05:05:15.942193 np0000183420 devstack@n-api-meta.service[108376]: DEBUG nova.api.openstack.wsgi_app [None req-aaf1604f-8920-4d05-8375-3d6caf010f5d None None] default_schedule_zone = None {{(pid=108376) log_opt_values /opt/stack/data/venv/lib/python3.12/site-packages/oslo_config/cfg.py:3242}}
Jun 29 05:05:15.942193 np0000183420 devstack@n-api-meta.service[108376]: DEBUG nova.api.openstack.wsgi_app [None req-aaf1604f-8920-4d05-8375-3d6caf010f5d None None] default_thread_pool_size = 10 {{(pid=108376) log_opt_values /opt/stack/data/venv/lib/python3.12/site-packages/oslo_config/cfg.py:3242}}
Jun 29 05:05:15.942325 np0000183420 devstack@n-api-meta.service[108376]: DEBUG nova.api.openstack.wsgi_app [None req-aaf1604f-8920-4d05-8375-3d6caf010f5d None None] disk_allocation_ratio = None {{(pid=108376) log_opt_values /opt/stack/data/venv/lib/python3.12/site-packages/oslo_config/cfg.py:3242}}
Jun 29 05:05:15.942467 np0000183420 devstack@n-api-meta.service[108376]: DEBUG nova.api.openstack.wsgi_app [None req-aaf1604f-8920-4d05-8375-3d6caf010f5d None None] enable_new_services = True {{(pid=108376) log_opt_values /opt/stack/data/venv/lib/python3.12/site-packages/oslo_config/cfg.py:3242}}
Jun 29 05:05:15.942604 np0000183420 devstack@n-api-meta.service[108376]: DEBUG nova.api.openstack.wsgi_app [None req-aaf1604f-8920-4d05-8375-3d6caf010f5d None None] flat_injected = False {{(pid=108376) log_opt_values /opt/stack/data/venv/lib/python3.12/site-packages/oslo_config/cfg.py:3242}}
Jun 29 05:05:15.942808 np0000183420 devstack@n-api-meta.service[108376]: DEBUG nova.api.openstack.wsgi_app [None req-aaf1604f-8920-4d05-8375-3d6caf010f5d None None] force_config_drive = False {{(pid=108376) log_opt_values /opt/stack/data/venv/lib/python3.12/site-packages/oslo_config/cfg.py:3242}}
Jun 29 05:05:15.942867 np0000183420 devstack@n-api-meta.service[108376]: DEBUG nova.api.openstack.wsgi_app [None req-aaf1604f-8920-4d05-8375-3d6caf010f5d None None] force_raw_images = True {{(pid=108376) log_opt_values /opt/stack/data/venv/lib/python3.12/site-packages/oslo_config/cfg.py:3242}}
Jun 29 05:05:15.942987 np0000183420 devstack@n-api-meta.service[108376]: DEBUG nova.api.openstack.wsgi_app [None req-aaf1604f-8920-4d05-8375-3d6caf010f5d None None] graceful_shutdown_timeout = 5 {{(pid=108376) log_opt_values /opt/stack/data/venv/lib/python3.12/site-packages/oslo_config/cfg.py:3242}}
Jun 29 05:05:15.943115 np0000183420 devstack@n-api-meta.service[108376]: DEBUG nova.api.openstack.wsgi_app [None req-aaf1604f-8920-4d05-8375-3d6caf010f5d None None] heal_instance_info_cache_interval = -1 {{(pid=108376) log_opt_values /opt/stack/data/venv/lib/python3.12/site-packages/oslo_config/cfg.py:3242}}
Jun 29 05:05:15.943291 np0000183420 devstack@n-api-meta.service[108376]: DEBUG nova.api.openstack.wsgi_app [None req-aaf1604f-8920-4d05-8375-3d6caf010f5d None None] host = np0000183420 {{(pid=108376) log_opt_values /opt/stack/data/venv/lib/python3.12/site-packages/oslo_config/cfg.py:3242}}
Jun 29 05:05:15.943445 np0000183420 devstack@n-api-meta.service[108376]: DEBUG nova.api.openstack.wsgi_app [None req-aaf1604f-8920-4d05-8375-3d6caf010f5d None None] initial_cpu_allocation_ratio = 4.0 {{(pid=108376) log_opt_values /opt/stack/data/venv/lib/python3.12/site-packages/oslo_config/cfg.py:3242}}
Jun 29 05:05:15.943595 np0000183420 devstack@n-api-meta.service[108376]: DEBUG nova.api.openstack.wsgi_app [None req-aaf1604f-8920-4d05-8375-3d6caf010f5d None None] initial_disk_allocation_ratio = 1.0 {{(pid=108376) log_opt_values /opt/stack/data/venv/lib/python3.12/site-packages/oslo_config/cfg.py:3242}}
Jun 29 05:05:15.943729 np0000183420 devstack@n-api-meta.service[108376]: DEBUG nova.api.openstack.wsgi_app [None req-aaf1604f-8920-4d05-8375-3d6caf010f5d None None] initial_ram_allocation_ratio = 1.0 {{(pid=108376) log_opt_values /opt/stack/data/venv/lib/python3.12/site-packages/oslo_config/cfg.py:3242}}
Jun 29 05:05:15.943943 np0000183420 devstack@n-api-meta.service[108376]: DEBUG nova.api.openstack.wsgi_app [None req-aaf1604f-8920-4d05-8375-3d6caf010f5d None None] injected_network_template = /opt/stack/nova/nova/virt/interfaces.template {{(pid=108376) log_opt_values /opt/stack/data/venv/lib/python3.12/site-packages/oslo_config/cfg.py:3242}}
Jun 29 05:05:15.944141 np0000183420 devstack@n-api-meta.service[108376]: DEBUG nova.api.openstack.wsgi_app [None req-aaf1604f-8920-4d05-8375-3d6caf010f5d None None] instance_build_timeout = 0 {{(pid=108376) log_opt_values /opt/stack/data/venv/lib/python3.12/site-packages/oslo_config/cfg.py:3242}}
Jun 29 05:05:15.944205 np0000183420 devstack@n-api-meta.service[108376]: DEBUG nova.api.openstack.wsgi_app [None req-aaf1604f-8920-4d05-8375-3d6caf010f5d None None] instance_delete_interval = 300 {{(pid=108376) log_opt_values /opt/stack/data/venv/lib/python3.12/site-packages/oslo_config/cfg.py:3242}}
Jun 29 05:05:15.944336 np0000183420 devstack@n-api-meta.service[108376]: DEBUG nova.api.openstack.wsgi_app [None req-aaf1604f-8920-4d05-8375-3d6caf010f5d None None] instance_format = [instance: %(uuid)s] {{(pid=108376) log_opt_values /opt/stack/data/venv/lib/python3.12/site-packages/oslo_config/cfg.py:3242}}
Jun 29 05:05:15.944398 np0000183420 devstack@n-api-meta.service[108375]: DEBUG dbcounter [-] [108375] Writer thread running {{(pid=108375) stat_writer /opt/stack/data/venv/lib/python3.12/site-packages/dbcounter.py:102}}
Jun 29 05:05:15.944561 np0000183420 devstack@n-api-meta.service[108376]: DEBUG nova.api.openstack.wsgi_app [None req-aaf1604f-8920-4d05-8375-3d6caf010f5d None None] instance_name_template = instance-%08x {{(pid=108376) log_opt_values /opt/stack/data/venv/lib/python3.12/site-packages/oslo_config/cfg.py:3242}}
Jun 29 05:05:15.944635 np0000183420 devstack@n-api-meta.service[108376]: DEBUG nova.api.openstack.wsgi_app [None req-aaf1604f-8920-4d05-8375-3d6caf010f5d None None] instance_usage_audit = False {{(pid=108376) log_opt_values /opt/stack/data/venv/lib/python3.12/site-packages/oslo_config/cfg.py:3242}}
Jun 29 05:05:15.944767 np0000183420 devstack@n-api-meta.service[108376]: DEBUG nova.api.openstack.wsgi_app [None req-aaf1604f-8920-4d05-8375-3d6caf010f5d None None] instance_usage_audit_period = month {{(pid=108376) log_opt_values /opt/stack/data/venv/lib/python3.12/site-packages/oslo_config/cfg.py:3242}}
Jun 29 05:05:15.944907 np0000183420 devstack@n-api-meta.service[108376]: DEBUG nova.api.openstack.wsgi_app [None req-aaf1604f-8920-4d05-8375-3d6caf010f5d None None] instance_uuid_format = [instance: %(uuid)s] {{(pid=108376) log_opt_values /opt/stack/data/venv/lib/python3.12/site-packages/oslo_config/cfg.py:3242}}
Jun 29 05:05:15.945406 np0000183420 devstack@n-api-meta.service[108376]: DEBUG nova.api.openstack.wsgi_app [None req-aaf1604f-8920-4d05-8375-3d6caf010f5d None None] instances_path = /opt/stack/data/nova/instances {{(pid=108376) log_opt_values /opt/stack/data/venv/lib/python3.12/site-packages/oslo_config/cfg.py:3242}}
Jun 29 05:05:15.945406 np0000183420 devstack@n-api-meta.service[108376]: DEBUG nova.api.openstack.wsgi_app [None req-aaf1604f-8920-4d05-8375-3d6caf010f5d None None] internal_service_availability_zone = internal {{(pid=108376) log_opt_values /opt/stack/data/venv/lib/python3.12/site-packages/oslo_config/cfg.py:3242}}
Jun 29 05:05:15.945406 np0000183420 devstack@n-api-meta.service[108376]: DEBUG nova.api.openstack.wsgi_app [None req-aaf1604f-8920-4d05-8375-3d6caf010f5d None None] key = None {{(pid=108376) log_opt_values /opt/stack/data/venv/lib/python3.12/site-packages/oslo_config/cfg.py:3242}}
Jun 29 05:05:15.945406 np0000183420 devstack@n-api-meta.service[108376]: DEBUG nova.api.openstack.wsgi_app [None req-aaf1604f-8920-4d05-8375-3d6caf010f5d None None] live_migration_retry_count = 30 {{(pid=108376) log_opt_values /opt/stack/data/venv/lib/python3.12/site-packages/oslo_config/cfg.py:3242}}
Jun 29 05:05:15.945545 np0000183420 devstack@n-api-meta.service[108376]: DEBUG nova.api.openstack.wsgi_app [None req-aaf1604f-8920-4d05-8375-3d6caf010f5d None None] log_color = False {{(pid=108376) log_opt_values /opt/stack/data/venv/lib/python3.12/site-packages/oslo_config/cfg.py:3242}}
Jun 29 05:05:15.945674 np0000183420 devstack@n-api-meta.service[108376]: DEBUG nova.api.openstack.wsgi_app [None req-aaf1604f-8920-4d05-8375-3d6caf010f5d None None] log_config_append = None {{(pid=108376) log_opt_values /opt/stack/data/venv/lib/python3.12/site-packages/oslo_config/cfg.py:3242}}
Jun 29 05:05:15.945807 np0000183420 devstack@n-api-meta.service[108376]: DEBUG nova.api.openstack.wsgi_app [None req-aaf1604f-8920-4d05-8375-3d6caf010f5d None None] log_date_format = %Y-%m-%d %H:%M:%S {{(pid=108376) log_opt_values /opt/stack/data/venv/lib/python3.12/site-packages/oslo_config/cfg.py:3242}}
Jun 29 05:05:15.945942 np0000183420 devstack@n-api-meta.service[108376]: DEBUG nova.api.openstack.wsgi_app [None req-aaf1604f-8920-4d05-8375-3d6caf010f5d None None] log_dir = None {{(pid=108376) log_opt_values /opt/stack/data/venv/lib/python3.12/site-packages/oslo_config/cfg.py:3242}}
Jun 29 05:05:15.946068 np0000183420 devstack@n-api-meta.service[108376]: DEBUG nova.api.openstack.wsgi_app [None req-aaf1604f-8920-4d05-8375-3d6caf010f5d None None] log_file = None {{(pid=108376) log_opt_values /opt/stack/data/venv/lib/python3.12/site-packages/oslo_config/cfg.py:3242}}
Jun 29 05:05:15.946169 np0000183420 devstack@n-api-meta.service[108376]: DEBUG nova.api.openstack.wsgi_app [None req-aaf1604f-8920-4d05-8375-3d6caf010f5d None None] log_options = True {{(pid=108376) log_opt_values /opt/stack/data/venv/lib/python3.12/site-packages/oslo_config/cfg.py:3242}}
Jun 29 05:05:15.946304 np0000183420 devstack@n-api-meta.service[108376]: DEBUG nova.api.openstack.wsgi_app [None req-aaf1604f-8920-4d05-8375-3d6caf010f5d None None] log_rotate_interval = 1 {{(pid=108376) log_opt_values /opt/stack/data/venv/lib/python3.12/site-packages/oslo_config/cfg.py:3242}}
Jun 29 05:05:15.946461 np0000183420 devstack@n-api-meta.service[108376]: DEBUG nova.api.openstack.wsgi_app [None req-aaf1604f-8920-4d05-8375-3d6caf010f5d None None] log_rotate_interval_type = days {{(pid=108376) log_opt_values /opt/stack/data/venv/lib/python3.12/site-packages/oslo_config/cfg.py:3242}}
Jun 29 05:05:15.946632 np0000183420 devstack@n-api-meta.service[108376]: DEBUG nova.api.openstack.wsgi_app [None req-aaf1604f-8920-4d05-8375-3d6caf010f5d None None] log_rotation_type = none {{(pid=108376) log_opt_values /opt/stack/data/venv/lib/python3.12/site-packages/oslo_config/cfg.py:3242}}
Jun 29 05:05:15.946741 np0000183420 devstack@n-api-meta.service[108376]: DEBUG nova.api.openstack.wsgi_app [None req-aaf1604f-8920-4d05-8375-3d6caf010f5d None None] logging_context_format_string = %(color)s%(levelname)s %(name)s [%(global_request_id)s %(request_id)s %(project_name)s %(user_name)s%(color)s] %(instance)s%(color)s%(message)s {{(pid=108376) log_opt_values /opt/stack/data/venv/lib/python3.12/site-packages/oslo_config/cfg.py:3242}}
Jun 29 05:05:15.946841 np0000183420 devstack@n-api-meta.service[108376]: DEBUG nova.api.openstack.wsgi_app [None req-aaf1604f-8920-4d05-8375-3d6caf010f5d None None] logging_debug_format_suffix = {{(pid=%(process)d) %(funcName)s %(pathname)s:%(lineno)d}} {{(pid=108376) log_opt_values /opt/stack/data/venv/lib/python3.12/site-packages/oslo_config/cfg.py:3242}}
Jun 29 05:05:15.946977 np0000183420 devstack@n-api-meta.service[108376]: DEBUG nova.api.openstack.wsgi_app [None req-aaf1604f-8920-4d05-8375-3d6caf010f5d None None] logging_default_format_string = %(color)s%(levelname)s %(name)s [-%(color)s] %(instance)s%(color)s%(message)s {{(pid=108376) log_opt_values /opt/stack/data/venv/lib/python3.12/site-packages/oslo_config/cfg.py:3242}}
Jun 29 05:05:15.947116 np0000183420 devstack@n-api-meta.service[108376]: DEBUG nova.api.openstack.wsgi_app [None req-aaf1604f-8920-4d05-8375-3d6caf010f5d None None] logging_exception_prefix = ERROR %(name)s %(instance)s {{(pid=108376) log_opt_values /opt/stack/data/venv/lib/python3.12/site-packages/oslo_config/cfg.py:3242}}
Jun 29 05:05:15.947235 np0000183420 devstack@n-api-meta.service[108376]: DEBUG nova.api.openstack.wsgi_app [None req-aaf1604f-8920-4d05-8375-3d6caf010f5d None None] logging_user_identity_format = %(user)s %(project)s %(domain)s %(system_scope)s %(user_domain)s %(project_domain)s {{(pid=108376) log_opt_values /opt/stack/data/venv/lib/python3.12/site-packages/oslo_config/cfg.py:3242}}
