2026-06-15 20:17:48.596 7 INFO placement.requestlog [req-ef4b30cf-69fc-4dc0-b3bc-77f0e08ef8b3 req-f409c993-bdcf-47af-bb36-d8bb94badfd2 6f7bde025f1a478cad84c3547a5b5a66 04d056b16d244824b637045d713059ed - - 0c5e71a710ee4d4d9b14d4562644cb4e 0c5e71a710ee4d4d9b14d4562644cb4e] 199.19.213.159 "GET /resource_providers/a0ec1d65-0a4e-4ddd-a49e-326dced34f4c/allocations" status: 200 len: 253 microversion: 1.0 [pid: 7|app: 0|req: 559/1105] 199.19.213.159 () {32 vars in 856 bytes} [Mon Jun 15 20:17:48 2026] GET /resource_providers/a0ec1d65-0a4e-4ddd-a49e-326dced34f4c/allocations => generated 253 bytes in 139 msecs (HTTP/1.1 200) 6 headers in 224 bytes (1 switches on core 0)
2026-06-15 20:17:48.626 8 INFO placement.requestlog [req-ef4b30cf-69fc-4dc0-b3bc-77f0e08ef8b3 req-fa7cc5b0-bcd2-4635-b6c0-2302005a54ea 6f7bde025f1a478cad84c3547a5b5a66 04d056b16d244824b637045d713059ed - - 0c5e71a710ee4d4d9b14d4562644cb4e 0c5e71a710ee4d4d9b14d4562644cb4e] 199.19.213.159 "GET /resource_providers?in_tree=a0ec1d65-0a4e-4ddd-a49e-326dced34f4c" status: 200 len: 798 microversion: 1.14 [pid: 8|app: 0|req: 547/1106] 199.19.213.159 () {34 vars in 891 bytes} [Mon Jun 15 20:17:48 2026] GET /resource_providers?in_tree=a0ec1d65-0a4e-4ddd-a49e-326dced34f4c => generated 798 bytes in 21 msecs (HTTP/1.1 200) 6 headers in 225 bytes (1 switches on core 0)
2026-06-15 20:17:48.643 7 INFO placement.requestlog [req-ef4b30cf-69fc-4dc0-b3bc-77f0e08ef8b3 req-865143f1-5a8b-408f-90c7-4a3d7ca0681d 6f7bde025f1a478cad84c3547a5b5a66 04d056b16d244824b637045d713059ed - - 0c5e71a710ee4d4d9b14d4562644cb4e 0c5e71a710ee4d4d9b14d4562644cb4e] 199.19.213.159 "GET /resource_providers/a0ec1d65-0a4e-4ddd-a49e-326dced34f4c/inventories" status: 200 len: 401 microversion: 1.0 [pid: 7|app: 0|req: 560/1107] 199.19.213.159 () {32 vars in 856 bytes} [Mon Jun 15 20:17:48 2026] GET /resource_providers/a0ec1d65-0a4e-4ddd-a49e-326dced34f4c/inventories => generated 401 bytes in 12 msecs (HTTP/1.1 200) 6 headers in 224 bytes (1 switches on core 0)
2026-06-15 20:17:48.662 8 INFO placement.requestlog [req-ef4b30cf-69fc-4dc0-b3bc-77f0e08ef8b3 req-6ce989eb-312d-4603-9815-41f7668d9d6b 6f7bde025f1a478cad84c3547a5b5a66 04d056b16d244824b637045d713059ed - - 0c5e71a710ee4d4d9b14d4562644cb4e 0c5e71a710ee4d4d9b14d4562644cb4e] 199.19.213.159 "GET /resource_providers/a0ec1d65-0a4e-4ddd-a49e-326dced34f4c/aggregates" status: 200 len: 54 microversion: 1.19 [pid: 8|app: 0|req: 548/1108] 199.19.213.159 () {34 vars in 898 bytes} [Mon Jun 15 20:17:48 2026] GET /resource_providers/a0ec1d65-0a4e-4ddd-a49e-326dced34f4c/aggregates => generated 54 bytes in 12 msecs (HTTP/1.1 200) 8 headers in 295 bytes (1 switches on core 0)
2026-06-15 20:17:48.696 7 INFO placement.requestlog [req-ef4b30cf-69fc-4dc0-b3bc-77f0e08ef8b3 req-57fd20ac-1e34-4bc0-873b-253c25189db9 6f7bde025f1a478cad84c3547a5b5a66 04d056b16d244824b637045d713059ed - - 0c5e71a710ee4d4d9b14d4562644cb4e 0c5e71a710ee4d4d9b14d4562644cb4e] 199.19.213.159 "GET /resource_providers/a0ec1d65-0a4e-4ddd-a49e-326dced34f4c/traits" status: 200 len: 1920 microversion: 1.6 [pid: 7|app: 0|req: 561/1109] 199.19.213.159 () {34 vars in 889 bytes} [Mon Jun 15 20:17:48 2026] GET /resource_providers/a0ec1d65-0a4e-4ddd-a49e-326dced34f4c/traits => generated 1920 bytes in 28 msecs (HTTP/1.1 200) 6 headers in 225 bytes (1 switches on core 0)
2026-06-15 20:17:48.722 8 INFO placement.requestlog [req-ef4b30cf-69fc-4dc0-b3bc-77f0e08ef8b3 req-c380a418-3c1f-4277-a55b-fb8c1aa9c6a9 6f7bde025f1a478cad84c3547a5b5a66 04d056b16d244824b637045d713059ed - - 0c5e71a710ee4d4d9b14d4562644cb4e 0c5e71a710ee4d4d9b14d4562644cb4e] 199.19.213.159 "GET /resource_providers/a0ec1d65-0a4e-4ddd-a49e-326dced34f4c/allocations" status: 200 len: 253 microversion: 1.0 [pid: 8|app: 0|req: 549/1110] 199.19.213.159 () {32 vars in 856 bytes} [Mon Jun 15 20:17:48 2026] GET /resource_providers/a0ec1d65-0a4e-4ddd-a49e-326dced34f4c/allocations => generated 253 bytes in 22 msecs (HTTP/1.1 200) 6 headers in 224 bytes (1 switches on core 0)
2026-06-15 20:17:48.738 7 INFO placement.requestlog [req-ef4b30cf-69fc-4dc0-b3bc-77f0e08ef8b3 req-a55320d3-15f1-42be-81a5-82ee1d7c1ea3 6f7bde025f1a478cad84c3547a5b5a66 04d056b16d244824b637045d713059ed - - 0c5e71a710ee4d4d9b14d4562644cb4e 0c5e71a710ee4d4d9b14d4562644cb4e] 199.19.213.159 "GET /allocations/efa960b2-b83b-4aac-9bb3-a55a525def30" status: 200 len: 258 microversion: 1.28 [pid: 7|app: 0|req: 562/1111] 199.19.213.159 () {34 vars in 862 bytes} [Mon Jun 15 20:17:48 2026] GET /allocations/efa960b2-b83b-4aac-9bb3-a55a525def30 => generated 258 bytes in 9 msecs (HTTP/1.1 200) 8 headers in 296 bytes (1 switches on core 0)
2026-06-15 20:17:48.762 8 INFO placement.requestlog [req-ef4b30cf-69fc-4dc0-b3bc-77f0e08ef8b3 req-68358053-030e-464c-a90d-768d466be0f6 6f7bde025f1a478cad84c3547a5b5a66 04d056b16d244824b637045d713059ed - - 0c5e71a710ee4d4d9b14d4562644cb4e 0c5e71a710ee4d4d9b14d4562644cb4e] 199.19.213.159 "GET /allocations/c8e0536d-1ab3-43e8-82cc-47de6c82754d" status: 200 len: 258 microversion: 1.28 [pid: 8|app: 0|req: 550/1112] 199.19.213.159 () {34 vars in 862 bytes} [Mon Jun 15 20:17:48 2026] GET /allocations/c8e0536d-1ab3-43e8-82cc-47de6c82754d => generated 258 bytes in 17 msecs (HTTP/1.1 200) 8 headers in 296 bytes (1 switches on core 0)
2026-06-15 20:17:48.849 8 INFO placement.requestlog [None req-708f0fe8-e406-449a-be5a-e3b66ffb1e96 - - - - - -] 10.0.0.188 "GET /" status: 200 len: 136 microversion: 1.0
2026-06-15 20:17:48.849 7 INFO placement.requestlog [None req-04709d18-ea59-40b6-9c4c-8871dd627f5d - - - - - -] 10.0.0.188 "GET /" status: 200 len: 136 microversion: 1.0
2026-06-15 20:17:58.126 8 INFO placement.requestlog [req-c031e18d-b295-400e-b802-4bc1783e6970 req-f7d55059-57bf-440a-ba8c-b7760b39c91a 6f7bde025f1a478cad84c3547a5b5a66 04d056b16d244824b637045d713059ed - - 0c5e71a710ee4d4d9b14d4562644cb4e 0c5e71a710ee4d4d9b14d4562644cb4e] 10.0.0.169 "GET /allocation_candidates?limit=1000&resources=MEMORY_MB%3A2048%2CVCPU%3A2&root_required=%21COMPUTE_STATUS_DISABLED" status: 200 len: 2374 microversion: 1.36 [pid: 8|app: 0|req: 552/1115] 10.0.0.169 () {34 vars in 985 bytes} [Mon Jun 15 20:17:58 2026] GET /allocation_candidates?limit=1000&resources=MEMORY_MB%3A2048%2CVCPU%3A2&root_required=%21COMPUTE_STATUS_DISABLED => generated 2374 bytes in 71 msecs (HTTP/1.1 200) 8 headers in 297 bytes (1 switches on core 0)
2026-06-15 20:17:58.156 7 INFO placement.requestlog [req-c031e18d-b295-400e-b802-4bc1783e6970 req-3369032d-b721-445a-80d7-497360b309ea 6f7bde025f1a478cad84c3547a5b5a66 04d056b16d244824b637045d713059ed - - 0c5e71a710ee4d4d9b14d4562644cb4e 0c5e71a710ee4d4d9b14d4562644cb4e] 10.0.0.169 "GET /allocations/acb2fc5d-7640-4ec5-bf72-2802bfadd343" status: 200 len: 19 microversion: 1.28 [pid: 7|app: 0|req: 564/1116] 10.0.0.169 () {34 vars in 860 bytes} [Mon Jun 15 20:17:58 2026] GET /allocations/acb2fc5d-7640-4ec5-bf72-2802bfadd343 => generated 19 bytes in 12 msecs (HTTP/1.1 200) 8 headers in 295 bytes (1 switches on core 0)
2026-06-15 20:17:58.215 8 INFO placement.requestlog [req-c031e18d-b295-400e-b802-4bc1783e6970 req-972444fe-7190-4f89-998d-10700c6b6536 6f7bde025f1a478cad84c3547a5b5a66 04d056b16d244824b637045d713059ed - - 0c5e71a710ee4d4d9b14d4562644cb4e 0c5e71a710ee4d4d9b14d4562644cb4e] 10.0.0.169 "PUT /allocations/acb2fc5d-7640-4ec5-bf72-2802bfadd343" status: 204 len: 0 microversion: 1.36 [pid: 8|app: 0|req: 553/1117] 10.0.0.169 () {38 vars in 913 bytes} [Mon Jun 15 20:17:58 2026] PUT /allocations/acb2fc5d-7640-4ec5-bf72-2802bfadd343 => generated 0 bytes in 53 msecs (HTTP/1.1 204) 5 headers in 199 bytes (1 switches on core 0)
2026-06-15 20:17:58.849 8 INFO placement.requestlog [None req-942dd764-193d-4a94-9d2e-653e08065767 - - - - - -] 10.0.0.188 "GET /" status: 200 len: 136 microversion: 1.0
2026-06-15 20:17:58.849 7 INFO placement.requestlog [None req-40ebc015-c466-4e35-9bfd-bf628654ca26 - - - - - -] 10.0.0.188 "GET /" status: 200 len: 136 microversion: 1.0
2026-06-15 20:17:59.700 8 INFO placement.requestlog [req-c031e18d-b295-400e-b802-4bc1783e6970 req-c066da2a-22e5-43ba-8946-75c5e676b4ae 6f7bde025f1a478cad84c3547a5b5a66 04d056b16d244824b637045d713059ed - - 0c5e71a710ee4d4d9b14d4562644cb4e 0c5e71a710ee4d4d9b14d4562644cb4e] 199.19.213.159 "GET /allocations/acb2fc5d-7640-4ec5-bf72-2802bfadd343" status: 200 len: 245 microversion: 1.28 [pid: 8|app: 0|req: 555/1120] 199.19.213.159 () {34 vars in 862 bytes} [Mon Jun 15 20:17:59 2026] GET /allocations/acb2fc5d-7640-4ec5-bf72-2802bfadd343 => generated 245 bytes in 14 msecs (HTTP/1.1 200) 8 headers in 296 bytes (1 switches on core 0)
2026-06-15 20:18:00.747 7 INFO placement.requestlog [req-c031e18d-b295-400e-b802-4bc1783e6970 req-8f676170-9ab8-49d5-a1d7-2828518c3d15 6f7bde025f1a478cad84c3547a5b5a66 04d056b16d244824b637045d713059ed - - 0c5e71a710ee4d4d9b14d4562644cb4e 0c5e71a710ee4d4d9b14d4562644cb4e] 199.19.213.159 "GET /resource_providers/a0ec1d65-0a4e-4ddd-a49e-326dced34f4c/allocations" status: 200 len: 340 microversion: 1.0 [pid: 7|app: 0|req: 566/1121] 199.19.213.159 () {32 vars in 856 bytes} [Mon Jun 15 20:18:00 2026] GET /resource_providers/a0ec1d65-0a4e-4ddd-a49e-326dced34f4c/allocations => generated 340 bytes in 20 msecs (HTTP/1.1 200) 6 headers in 224 bytes (1 switches on core 0)
2026-06-15 20:18:00.770 8 INFO placement.requestlog [req-c031e18d-b295-400e-b802-4bc1783e6970 req-fa3d5437-fa5c-4a77-85be-a99c6e445d71 6f7bde025f1a478cad84c3547a5b5a66 04d056b16d244824b637045d713059ed - - 0c5e71a710ee4d4d9b14d4562644cb4e 0c5e71a710ee4d4d9b14d4562644cb4e] 199.19.213.159 "GET /allocations/efa960b2-b83b-4aac-9bb3-a55a525def30" status: 200 len: 258 microversion: 1.28 [pid: 8|app: 0|req: 556/1122] 199.19.213.159 () {34 vars in 862 bytes} [Mon Jun 15 20:18:00 2026] GET /allocations/efa960b2-b83b-4aac-9bb3-a55a525def30 => generated 258 bytes in 16 msecs (HTTP/1.1 200) 8 headers in 296 bytes (1 switches on core 0)
2026-06-15 20:18:00.798 7 INFO placement.requestlog [req-c031e18d-b295-400e-b802-4bc1783e6970 req-c3c5fc2c-4b27-4f73-8029-0b8360e61e40 6f7bde025f1a478cad84c3547a5b5a66 04d056b16d244824b637045d713059ed - - 0c5e71a710ee4d4d9b14d4562644cb4e 0c5e71a710ee4d4d9b14d4562644cb4e] 199.19.213.159 "GET /allocations/acb2fc5d-7640-4ec5-bf72-2802bfadd343" status: 200 len: 245 microversion: 1.28 [pid: 7|app: 0|req: 567/1123] 199.19.213.159 () {34 vars in 862 bytes} [Mon Jun 15 20:18:00 2026] GET /allocations/acb2fc5d-7640-4ec5-bf72-2802bfadd343 => generated 245 bytes in 16 msecs (HTTP/1.1 200) 8 headers in 296 bytes (1 switches on core 0)
2026-06-15 20:18:00.813 8 INFO placement.requestlog [req-c031e18d-b295-400e-b802-4bc1783e6970 req-48cd147d-46d4-44f9-86c8-35b4bd650545 6f7bde025f1a478cad84c3547a5b5a66 04d056b16d244824b637045d713059ed - - 0c5e71a710ee4d4d9b14d4562644cb4e 0c5e71a710ee4d4d9b14d4562644cb4e] 199.19.213.159 "GET /allocations/c8e0536d-1ab3-43e8-82cc-47de6c82754d" status: 200 len: 258 microversion: 1.28 [pid: 8|app: 0|req: 557/1124] 199.19.213.159 () {34 vars in 862 bytes} [Mon Jun 15 20:18:00 2026] GET /allocations/c8e0536d-1ab3-43e8-82cc-47de6c82754d => generated 258 bytes in 11 msecs (HTTP/1.1 200) 8 headers in 296 bytes (1 switches on core 0)
2026-06-15 20:18:08.850 7 INFO placement.requestlog [None req-f4d0c12e-0758-4870-92ee-5a3756b657e6 - - - - - -] 10.0.0.188 "GET /" status: 200 len: 136 microversion: 1.0
2026-06-15 20:18:08.850 8 INFO placement.requestlog [None req-d18fb9e5-93b7-4764-bfc1-d0c4dbf4337a - - - - - -] 10.0.0.188 "GET /" status: 200 len: 136 microversion: 1.0
2026-06-15 20:18:18.850 7 INFO placement.requestlog [None req-767eea82-8c0f-48dc-8538-e666aa9b6674 - - - - - -] 10.0.0.188 "GET /" status: 200 len: 136 microversion: 1.0
2026-06-15 20:18:18.850 8 INFO placement.requestlog [None req-b88c32f5-ed48-4008-9f83-f2f3ee066a78 - - - - - -] 10.0.0.188 "GET /" status: 200 len: 136 microversion: 1.0
2026-06-15 20:18:28.849 8 INFO placement.requestlog [None req-75ee2b9b-9887-4ce7-b107-1a8d210399d4 - - - - - -] 10.0.0.188 "GET /" status: 200 len: 136 microversion: 1.0
2026-06-15 20:18:28.849 7 INFO placement.requestlog [None req-956d1d4d-2980-4211-904f-fbd2e876d138 - - - - - -] 10.0.0.188 "GET /" status: 200 len: 136 microversion: 1.0
2026-06-15 20:18:38.849 8 INFO placement.requestlog [None req-adfe91d8-663c-496b-9c18-4394608b7e9d - - - - - -] 10.0.0.188 "GET /" status: 200 len: 136 microversion: 1.0
2026-06-15 20:18:38.850 7 INFO placement.requestlog [None req-9eaa3f79-2786-446d-8c2d-757c0f13d2d7 - - - - - -] 10.0.0.188 "GET /" status: 200 len: 136 microversion: 1.0
2026-06-15 20:18:48.477 8 INFO placement.requestlog [req-1ea00a15-fc02-4239-8ec1-17e1fc88ea56 req-84d3448e-a9ee-4f6c-9b6d-98195051652b 6f7bde025f1a478cad84c3547a5b5a66 04d056b16d244824b637045d713059ed - - 0c5e71a710ee4d4d9b14d4562644cb4e 0c5e71a710ee4d4d9b14d4562644cb4e] 199.19.213.159 "GET /resource_providers/a0ec1d65-0a4e-4ddd-a49e-326dced34f4c/allocations" status: 200 len: 340 microversion: 1.0 [pid: 8|app: 0|req: 562/1133] 199.19.213.159 () {32 vars in 856 bytes} [Mon Jun 15 20:18:48 2026] GET /resource_providers/a0ec1d65-0a4e-4ddd-a49e-326dced34f4c/allocations => generated 340 bytes in 18 msecs (HTTP/1.1 200) 6 headers in 224 bytes (1 switches on core 0)
2026-06-15 20:18:48.499 7 INFO placement.requestlog [req-1ea00a15-fc02-4239-8ec1-17e1fc88ea56 req-f96a45aa-5a74-48f7-836d-39db87c784ac 6f7bde025f1a478cad84c3547a5b5a66 04d056b16d244824b637045d713059ed - - 0c5e71a710ee4d4d9b14d4562644cb4e 0c5e71a710ee4d4d9b14d4562644cb4e] 199.19.213.159 "GET /resource_providers/a0ec1d65-0a4e-4ddd-a49e-326dced34f4c/allocations" status: 200 len: 340 microversion: 1.0 [pid: 7|app: 0|req: 572/1134] 199.19.213.159 () {32 vars in 856 bytes} [Mon Jun 15 20:18:48 2026] GET /resource_providers/a0ec1d65-0a4e-4ddd-a49e-326dced34f4c/allocations => generated 340 bytes in 15 msecs (HTTP/1.1 200) 6 headers in 224 bytes (1 switches on core 0)
2026-06-15 20:18:48.518 8 INFO placement.requestlog [req-1ea00a15-fc02-4239-8ec1-17e1fc88ea56 req-d1d1390c-7a5f-49e1-b6af-990034b3242b 6f7bde025f1a478cad84c3547a5b5a66 04d056b16d244824b637045d713059ed - - 0c5e71a710ee4d4d9b14d4562644cb4e 0c5e71a710ee4d4d9b14d4562644cb4e] 199.19.213.159 "GET /allocations/efa960b2-b83b-4aac-9bb3-a55a525def30" status: 200 len: 258 microversion: 1.28 [pid: 8|app: 0|req: 563/1135] 199.19.213.159 () {34 vars in 862 bytes} [Mon Jun 15 20:18:48 2026] GET /allocations/efa960b2-b83b-4aac-9bb3-a55a525def30 => generated 258 bytes in 12 msecs (HTTP/1.1 200) 8 headers in 296 bytes (1 switches on core 0)
2026-06-15 20:18:48.539 7 INFO placement.requestlog [req-1ea00a15-fc02-4239-8ec1-17e1fc88ea56 req-a2246274-bc2f-44d5-859c-71c60202845c 6f7bde025f1a478cad84c3547a5b5a66 04d056b16d244824b637045d713059ed - - 0c5e71a710ee4d4d9b14d4562644cb4e 0c5e71a710ee4d4d9b14d4562644cb4e] 199.19.213.159 "GET /allocations/acb2fc5d-7640-4ec5-bf72-2802bfadd343" status: 200 len: 245 microversion: 1.28 [pid: 7|app: 0|req: 573/1136] 199.19.213.159 () {34 vars in 862 bytes} [Mon Jun 15 20:18:48 2026] GET /allocations/acb2fc5d-7640-4ec5-bf72-2802bfadd343 => generated 245 bytes in 11 msecs (HTTP/1.1 200) 8 headers in 296 bytes (1 switches on core 0)
2026-06-15 20:18:48.562 8 INFO placement.requestlog [req-1ea00a15-fc02-4239-8ec1-17e1fc88ea56 req-6d495efb-bf7d-4ef5-9fcb-43835f79560b 6f7bde025f1a478cad84c3547a5b5a66 04d056b16d244824b637045d713059ed - - 0c5e71a710ee4d4d9b14d4562644cb4e 0c5e71a710ee4d4d9b14d4562644cb4e] 199.19.213.159 "GET /allocations/c8e0536d-1ab3-43e8-82cc-47de6c82754d" status: 200 len: 258 microversion: 1.28 [pid: 8|app: 0|req: 564/1137] 199.19.213.159 () {34 vars in 862 bytes} [Mon Jun 15 20:18:48 2026] GET /allocations/c8e0536d-1ab3-43e8-82cc-47de6c82754d => generated 258 bytes in 16 msecs (HTTP/1.1 200) 8 headers in 296 bytes (1 switches on core 0)
2026-06-15 20:18:48.849 7 INFO placement.requestlog [None req-cac803bc-7699-42ce-8681-cc333da70216 - - - - - -] 10.0.0.188 "GET /" status: 200 len: 136 microversion: 1.0
2026-06-15 20:18:48.850 8 INFO placement.requestlog [None req-b021027d-dcca-4f50-beab-b4b63284b7d1 - - - - - -] 10.0.0.188 "GET /" status: 200 len: 136 microversion: 1.0
2026-06-15 20:18:58.849 7 INFO placement.requestlog [None req-04cfc418-c076-457c-9593-f1e6b9738980 - - - - - -] 10.0.0.188 "GET /" status: 200 len: 136 microversion: 1.0
2026-06-15 20:18:58.849 8 INFO placement.requestlog [None req-e9fcbdbf-24f9-40b7-8e7c-b7cdd3606d02 - - - - - -] 10.0.0.188 "GET /" status: 200 len: 136 microversion: 1.0
2026-06-15 20:19:08.849 7 INFO placement.requestlog [None req-38f8c5dc-5913-4d69-b74b-57e47209398b - - - - - -] 10.0.0.188 "GET /" status: 200 len: 136 microversion: 1.0
2026-06-15 20:19:08.849 8 INFO placement.requestlog [None req-ffa7f4b0-776c-4106-9d73-991de6ea7885 - - - - - -] 10.0.0.188 "GET /" status: 200 len: 136 microversion: 1.0
2026-06-15 20:19:18.849 8 INFO placement.requestlog [None req-fc477555-3b06-4543-ba66-5a96b377cd83 - - - - - -] 10.0.0.188 "GET /" status: 200 len: 136 microversion: 1.0
2026-06-15 20:19:18.850 7 INFO placement.requestlog [None req-a0bf04fe-d361-4d3f-af8e-f8cfe5b26a2a - - - - - -] 10.0.0.188 "GET /" status: 200 len: 136 microversion: 1.0
2026-06-15 20:19:28.849 7 INFO placement.requestlog [None req-c702f370-28e8-4a96-a52a-e5c93ffd46c4 - - - - - -] 10.0.0.188 "GET /" status: 200 len: 136 microversion: 1.0
2026-06-15 20:19:28.849 8 INFO placement.requestlog [None req-7a918d24-5d27-4690-b8d7-e5ae94bc8102 - - - - - -] 10.0.0.188 "GET /" status: 200 len: 136 microversion: 1.0
2026-06-15 20:19:38.849 7 INFO placement.requestlog [None req-ace40086-c86a-48ae-8a09-8b77eb801356 - - - - - -] 10.0.0.188 "GET /" status: 200 len: 136 microversion: 1.0
2026-06-15 20:19:38.849 8 INFO placement.requestlog [None req-e13f7e5c-63ae-438f-bb6b-a04990b05936 - - - - - -] 10.0.0.188 "GET /" status: 200 len: 136 microversion: 1.0
2026-06-15 20:19:48.849 8 INFO placement.requestlog [None req-09a56292-b212-4dc6-94ae-d800844ee57b - - - - - -] 10.0.0.188 "GET /" status: 200 len: 136 microversion: 1.0
2026-06-15 20:19:48.851 7 INFO placement.requestlog [None req-3856fc14-e04e-4ddb-aad9-201b0ca9d8ab - - - - - -] 10.0.0.188 "GET /" status: 200 len: 136 microversion: 1.0
2026-06-15 20:19:50.050 8 INFO placement.requestlog [req-77529019-b0e4-44d5-b5b6-0e97436022e4 req-2fb9df1a-4cc2-491d-8a9c-9f044446e0c5 6f7bde025f1a478cad84c3547a5b5a66 04d056b16d244824b637045d713059ed - - 0c5e71a710ee4d4d9b14d4562644cb4e 0c5e71a710ee4d4d9b14d4562644cb4e] 199.19.213.159 "GET /resource_providers/a0ec1d65-0a4e-4ddd-a49e-326dced34f4c/allocations" status: 200 len: 340 microversion: 1.0 [pid: 8|app: 0|req: 572/1152] 199.19.213.159 () {32 vars in 856 bytes} [Mon Jun 15 20:19:50 2026] GET /resource_providers/a0ec1d65-0a4e-4ddd-a49e-326dced34f4c/allocations => generated 340 bytes in 19 msecs (HTTP/1.1 200) 6 headers in 224 bytes (1 switches on core 0)
2026-06-15 20:19:50.077 7 INFO placement.requestlog [req-77529019-b0e4-44d5-b5b6-0e97436022e4 req-1eee31f2-c0f3-4a3b-a848-c85a0080bea1 6f7bde025f1a478cad84c3547a5b5a66 04d056b16d244824b637045d713059ed - - 0c5e71a710ee4d4d9b14d4562644cb4e 0c5e71a710ee4d4d9b14d4562644cb4e] 199.19.213.159 "GET /resource_providers/a0ec1d65-0a4e-4ddd-a49e-326dced34f4c/allocations" status: 200 len: 340 microversion: 1.0 [pid: 7|app: 0|req: 581/1153] 199.19.213.159 () {32 vars in 856 bytes} [Mon Jun 15 20:19:50 2026] GET /resource_providers/a0ec1d65-0a4e-4ddd-a49e-326dced34f4c/allocations => generated 340 bytes in 21 msecs (HTTP/1.1 200) 6 headers in 224 bytes (1 switches on core 0)
2026-06-15 20:19:50.097 8 INFO placement.requestlog [req-77529019-b0e4-44d5-b5b6-0e97436022e4 req-b6208d8e-21c6-4fc2-9c88-7da5eebee38d 6f7bde025f1a478cad84c3547a5b5a66 04d056b16d244824b637045d713059ed - - 0c5e71a710ee4d4d9b14d4562644cb4e 0c5e71a710ee4d4d9b14d4562644cb4e] 199.19.213.159 "GET /allocations/efa960b2-b83b-4aac-9bb3-a55a525def30" status: 200 len: 258 microversion: 1.28 [pid: 8|app: 0|req: 573/1154] 199.19.213.159 () {34 vars in 862 bytes} [Mon Jun 15 20:19:50 2026] GET /allocations/efa960b2-b83b-4aac-9bb3-a55a525def30 => generated 258 bytes in 13 msecs (HTTP/1.1 200) 8 headers in 296 bytes (1 switches on core 0)
2026-06-15 20:19:50.112 7 INFO placement.requestlog [req-77529019-b0e4-44d5-b5b6-0e97436022e4 req-3d55c33e-5ff2-4f3c-8c8a-5d44d9f5a476 6f7bde025f1a478cad84c3547a5b5a66 04d056b16d244824b637045d713059ed - - 0c5e71a710ee4d4d9b14d4562644cb4e 0c5e71a710ee4d4d9b14d4562644cb4e] 199.19.213.159 "GET /allocations/acb2fc5d-7640-4ec5-bf72-2802bfadd343" status: 200 len: 245 microversion: 1.28 [pid: 7|app: 0|req: 582/1155] 199.19.213.159 () {34 vars in 862 bytes} [Mon Jun 15 20:19:50 2026] GET /allocations/acb2fc5d-7640-4ec5-bf72-2802bfadd343 => generated 245 bytes in 11 msecs (HTTP/1.1 200) 8 headers in 296 bytes (1 switches on core 0)
2026-06-15 20:19:50.131 8 INFO placement.requestlog [req-77529019-b0e4-44d5-b5b6-0e97436022e4 req-b2734243-2a26-4c37-8b81-98f5195580f6 6f7bde025f1a478cad84c3547a5b5a66 04d056b16d244824b637045d713059ed - - 0c5e71a710ee4d4d9b14d4562644cb4e 0c5e71a710ee4d4d9b14d4562644cb4e] 199.19.213.159 "GET /allocations/c8e0536d-1ab3-43e8-82cc-47de6c82754d" status: 200 len: 258 microversion: 1.28 [pid: 8|app: 0|req: 574/1156] 199.19.213.159 () {34 vars in 862 bytes} [Mon Jun 15 20:19:50 2026] GET /allocations/c8e0536d-1ab3-43e8-82cc-47de6c82754d => generated 258 bytes in 12 msecs (HTTP/1.1 200) 8 headers in 296 bytes (1 switches on core 0)
2026-06-15 20:19:58.850 8 INFO placement.requestlog [None req-e47c1b58-ce33-4848-9a67-4ce1b78b3ef4 - - - - - -] 10.0.0.188 "GET /" status: 200 len: 136 microversion: 1.0
2026-06-15 20:19:58.850 7 INFO placement.requestlog [None req-ceb24d71-b2d4-407f-83c4-a0bbd74084ce - - - - - -] 10.0.0.188 "GET /" status: 200 len: 136 microversion: 1.0
2026-06-15 20:20:08.850 7 INFO placement.requestlog [None req-b1b30024-492e-458f-890b-888350c71982 - - - - - -] 10.0.0.188 "GET /" status: 200 len: 136 microversion: 1.0
2026-06-15 20:20:08.850 8 INFO placement.requestlog [None req-83b0afa0-17c5-4dee-8fad-4bd143181f9d - - - - - -] 10.0.0.188 "GET /" status: 200 len: 136 microversion: 1.0
2026-06-15 20:20:18.849 8 INFO placement.requestlog [None req-09c79b09-82fa-48ae-acd9-a46ccdf716cc - - - - - -] 10.0.0.188 "GET /" status: 200 len: 136 microversion: 1.0
2026-06-15 20:20:18.849 7 INFO placement.requestlog [None req-808b96ff-96f8-402e-aae3-a4edc18b0fad - - - - - -] 10.0.0.188 "GET /" status: 200 len: 136 microversion: 1.0
2026-06-15 20:20:28.849 8 INFO placement.requestlog [None req-b3a34bd3-2291-4023-80cb-cbc84a0b4aa3 - - - - - -] 10.0.0.188 "GET /" status: 200 len: 136 microversion: 1.0
2026-06-15 20:20:28.849 7 INFO placement.requestlog [None req-524b0810-e270-4a24-bec0-f493187549f1 - - - - - -] 10.0.0.188 "GET /" status: 200 len: 136 microversion: 1.0
2026-06-15 20:20:38.849 8 INFO placement.requestlog [None req-99e9843d-dc5e-47a5-96ab-36f71f8eb4b0 - - - - - -] 10.0.0.188 "GET /" status: 200 len: 136 microversion: 1.0
2026-06-15 20:20:38.850 7 INFO placement.requestlog [None req-a64c4f5b-71f6-4fe5-a4d6-7d3c16ade913 - - - - - -] 10.0.0.188 "GET /" status: 200 len: 136 microversion: 1.0
2026-06-15 20:20:42.889 8 INFO placement.requestlog [req-feacb85f-1828-4f0a-9650-e378bc6bf4b9 req-d768a480-6431-44a6-9bb9-036a046d2609 6f7bde025f1a478cad84c3547a5b5a66 04d056b16d244824b637045d713059ed - - 0c5e71a710ee4d4d9b14d4562644cb4e 0c5e71a710ee4d4d9b14d4562644cb4e] 199.19.213.159 "GET /resource_providers/a0ec1d65-0a4e-4ddd-a49e-326dced34f4c/allocations" status: 200 len: 340 microversion: 1.0 [pid: 8|app: 0|req: 580/1167] 199.19.213.159 () {32 vars in 856 bytes} [Mon Jun 15 20:20:42 2026] GET /resource_providers/a0ec1d65-0a4e-4ddd-a49e-326dced34f4c/allocations => generated 340 bytes in 18 msecs (HTTP/1.1 200) 6 headers in 224 bytes (1 switches on core 0)
2026-06-15 20:20:42.908 7 INFO placement.requestlog [req-feacb85f-1828-4f0a-9650-e378bc6bf4b9 req-88dda78c-f189-4f50-87c9-ff766785667d 6f7bde025f1a478cad84c3547a5b5a66 04d056b16d244824b637045d713059ed - - 0c5e71a710ee4d4d9b14d4562644cb4e 0c5e71a710ee4d4d9b14d4562644cb4e] 199.19.213.159 "GET /allocations/efa960b2-b83b-4aac-9bb3-a55a525def30" status: 200 len: 258 microversion: 1.28 [pid: 7|app: 0|req: 588/1168] 199.19.213.159 () {34 vars in 862 bytes} [Mon Jun 15 20:20:42 2026] GET /allocations/efa960b2-b83b-4aac-9bb3-a55a525def30 => generated 258 bytes in 12 msecs (HTTP/1.1 200) 8 headers in 296 bytes (1 switches on core 0)
2026-06-15 20:20:42.925 8 INFO placement.requestlog [req-feacb85f-1828-4f0a-9650-e378bc6bf4b9 req-958149de-d348-4d9b-a27e-e6846d845331 6f7bde025f1a478cad84c3547a5b5a66 04d056b16d244824b637045d713059ed - - 0c5e71a710ee4d4d9b14d4562644cb4e 0c5e71a710ee4d4d9b14d4562644cb4e] 199.19.213.159 "GET /allocations/acb2fc5d-7640-4ec5-bf72-2802bfadd343" status: 200 len: 245 microversion: 1.28 [pid: 8|app: 0|req: 581/1169] 199.19.213.159 () {34 vars in 862 bytes} [Mon Jun 15 20:20:42 2026] GET /allocations/acb2fc5d-7640-4ec5-bf72-2802bfadd343 => generated 245 bytes in 12 msecs (HTTP/1.1 200) 8 headers in 296 bytes (1 switches on core 0)
2026-06-15 20:20:42.945 7 INFO placement.requestlog [req-feacb85f-1828-4f0a-9650-e378bc6bf4b9 req-ad76f384-d0fc-4bf9-a2b8-84ca3036152a 6f7bde025f1a478cad84c3547a5b5a66 04d056b16d244824b637045d713059ed - - 0c5e71a710ee4d4d9b14d4562644cb4e 0c5e71a710ee4d4d9b14d4562644cb4e] 199.19.213.159 "GET /allocations/c8e0536d-1ab3-43e8-82cc-47de6c82754d" status: 200 len: 258 microversion: 1.28 [pid: 7|app: 0|req: 589/1170] 199.19.213.159 () {34 vars in 862 bytes} [Mon Jun 15 20:20:42 2026] GET /allocations/c8e0536d-1ab3-43e8-82cc-47de6c82754d => generated 258 bytes in 14 msecs (HTTP/1.1 200) 8 headers in 296 bytes (1 switches on core 0)
2026-06-15 20:20:43.990 8 INFO placement.requestlog [req-feacb85f-1828-4f0a-9650-e378bc6bf4b9 req-668f9832-ecd4-4093-a381-c6ac1c62f852 6f7bde025f1a478cad84c3547a5b5a66 04d056b16d244824b637045d713059ed - - 0c5e71a710ee4d4d9b14d4562644cb4e 0c5e71a710ee4d4d9b14d4562644cb4e] 199.19.213.159 "DELETE /allocations/acb2fc5d-7640-4ec5-bf72-2802bfadd343" status: 204 len: 0 microversion: 1.0 [pid: 8|app: 0|req: 582/1171] 199.19.213.159 () {34 vars in 840 bytes} [Mon Jun 15 20:20:43 2026] DELETE /allocations/acb2fc5d-7640-4ec5-bf72-2802bfadd343 => generated 0 bytes in 20 msecs (HTTP/1.1 204) 5 headers in 198 bytes (1 switches on core 0)
2026-06-15 20:20:46.612 7 INFO placement.requestlog [req-93f851c8-feaf-4e43-9d50-57ef833a096d req-005d64fc-385d-42e4-b07f-4bbcfc7f6e1f 6f7bde025f1a478cad84c3547a5b5a66 04d056b16d244824b637045d713059ed - - 0c5e71a710ee4d4d9b14d4562644cb4e 0c5e71a710ee4d4d9b14d4562644cb4e] 199.19.213.159 "GET /resource_providers/a0ec1d65-0a4e-4ddd-a49e-326dced34f4c/allocations" status: 200 len: 253 microversion: 1.0 [pid: 7|app: 0|req: 590/1172] 199.19.213.159 () {32 vars in 856 bytes} [Mon Jun 15 20:20:46 2026] GET /resource_providers/a0ec1d65-0a4e-4ddd-a49e-326dced34f4c/allocations => generated 253 bytes in 16 msecs (HTTP/1.1 200) 6 headers in 224 bytes (1 switches on core 0)
2026-06-15 20:20:46.631 8 INFO placement.requestlog [req-93f851c8-feaf-4e43-9d50-57ef833a096d req-29fbc20d-7e72-450f-818a-6440b2597107 6f7bde025f1a478cad84c3547a5b5a66 04d056b16d244824b637045d713059ed - - 0c5e71a710ee4d4d9b14d4562644cb4e 0c5e71a710ee4d4d9b14d4562644cb4e] 199.19.213.159 "GET /allocations/efa960b2-b83b-4aac-9bb3-a55a525def30" status: 200 len: 258 microversion: 1.28 [pid: 8|app: 0|req: 583/1173] 199.19.213.159 () {34 vars in 862 bytes} [Mon Jun 15 20:20:46 2026] GET /allocations/efa960b2-b83b-4aac-9bb3-a55a525def30 => generated 258 bytes in 13 msecs (HTTP/1.1 200) 8 headers in 296 bytes (1 switches on core 0)
2026-06-15 20:20:46.649 7 INFO placement.requestlog [req-93f851c8-feaf-4e43-9d50-57ef833a096d req-293ffb6f-4fcd-4be5-8a9d-63f28ad1e9a0 6f7bde025f1a478cad84c3547a5b5a66 04d056b16d244824b637045d713059ed - - 0c5e71a710ee4d4d9b14d4562644cb4e 0c5e71a710ee4d4d9b14d4562644cb4e] 199.19.213.159 "GET /allocations/c8e0536d-1ab3-43e8-82cc-47de6c82754d" status: 200 len: 258 microversion: 1.28 [pid: 7|app: 0|req: 591/1174] 199.19.213.159 () {34 vars in 862 bytes} [Mon Jun 15 20:20:46 2026] GET /allocations/c8e0536d-1ab3-43e8-82cc-47de6c82754d => generated 258 bytes in 11 msecs (HTTP/1.1 200) 8 headers in 296 bytes (1 switches on core 0)
2026-06-15 20:20:47.700 8 INFO placement.requestlog [req-93f851c8-feaf-4e43-9d50-57ef833a096d req-21231e12-2406-4a77-b473-54f1445adb1c 6f7bde025f1a478cad84c3547a5b5a66 04d056b16d244824b637045d713059ed - - 0c5e71a710ee4d4d9b14d4562644cb4e 0c5e71a710ee4d4d9b14d4562644cb4e] 199.19.213.159 "DELETE /allocations/efa960b2-b83b-4aac-9bb3-a55a525def30" status: 204 len: 0 microversion: 1.0 [pid: 8|app: 0|req: 584/1175] 199.19.213.159 () {34 vars in 840 bytes} [Mon Jun 15 20:20:47 2026] DELETE /allocations/efa960b2-b83b-4aac-9bb3-a55a525def30 => generated 0 bytes in 28 msecs (HTTP/1.1 204) 5 headers in 198 bytes (1 switches on core 0)
2026-06-15 20:20:48.849 8 INFO placement.requestlog [None req-5f0ba3a1-bba7-4ce0-9eae-98f0ea8dfe80 - - - - - -] 10.0.0.188 "GET /" status: 200 len: 136 microversion: 1.0
2026-06-15 20:20:48.851 7 INFO placement.requestlog [None req-ba8cec69-5397-42c9-9c4f-d45491839aa8 - - - - - -] 10.0.0.188 "GET /" status: 200 len: 136 microversion: 1.0
2026-06-15 20:20:51.965 8 INFO placement.requestlog [req-a22f0d52-51a3-4e9d-9e60-c93e9461e0e7 req-399072a4-ff9f-4df7-89ba-1096d7262438 6f7bde025f1a478cad84c3547a5b5a66 04d056b16d244824b637045d713059ed - - 0c5e71a710ee4d4d9b14d4562644cb4e 0c5e71a710ee4d4d9b14d4562644cb4e] 199.19.213.159 "GET /resource_providers/a0ec1d65-0a4e-4ddd-a49e-326dced34f4c/allocations" status: 200 len: 153 microversion: 1.0 [pid: 8|app: 0|req: 586/1178] 199.19.213.159 () {32 vars in 856 bytes} [Mon Jun 15 20:20:51 2026] GET /resource_providers/a0ec1d65-0a4e-4ddd-a49e-326dced34f4c/allocations => generated 153 bytes in 17 msecs (HTTP/1.1 200) 6 headers in 224 bytes (1 switches on core 0)
2026-06-15 20:20:51.990 7 INFO placement.requestlog [req-a22f0d52-51a3-4e9d-9e60-c93e9461e0e7 req-368f54e4-459d-4695-99c4-910c9884df76 6f7bde025f1a478cad84c3547a5b5a66 04d056b16d244824b637045d713059ed - - 0c5e71a710ee4d4d9b14d4562644cb4e 0c5e71a710ee4d4d9b14d4562644cb4e] 199.19.213.159 "GET /resource_providers/a0ec1d65-0a4e-4ddd-a49e-326dced34f4c/allocations" status: 200 len: 153 microversion: 1.0 [pid: 7|app: 0|req: 593/1179] 199.19.213.159 () {32 vars in 856 bytes} [Mon Jun 15 20:20:51 2026] GET /resource_providers/a0ec1d65-0a4e-4ddd-a49e-326dced34f4c/allocations => generated 153 bytes in 18 msecs (HTTP/1.1 200) 6 headers in 224 bytes (1 switches on core 0)
2026-06-15 20:20:52.009 8 INFO placement.requestlog [req-a22f0d52-51a3-4e9d-9e60-c93e9461e0e7 req-cae54e80-d4b2-48b8-b394-dcbee9e315fa 6f7bde025f1a478cad84c3547a5b5a66 04d056b16d244824b637045d713059ed - - 0c5e71a710ee4d4d9b14d4562644cb4e 0c5e71a710ee4d4d9b14d4562644cb4e] 199.19.213.159 "GET /allocations/c8e0536d-1ab3-43e8-82cc-47de6c82754d" status: 200 len: 258 microversion: 1.28 [pid: 8|app: 0|req: 587/1180] 199.19.213.159 () {34 vars in 862 bytes} [Mon Jun 15 20:20:51 2026] GET /allocations/c8e0536d-1ab3-43e8-82cc-47de6c82754d => generated 258 bytes in 12 msecs (HTTP/1.1 200) 8 headers in 296 bytes (1 switches on core 0)
2026-06-15 20:20:57.435 7 INFO placement.requestlog [req-3db022aa-29f4-44b9-a710-e5ad2ee0ffcc req-8c145b17-6c05-4a04-aebe-afb196263817 6f7bde025f1a478cad84c3547a5b5a66 04d056b16d244824b637045d713059ed - - 0c5e71a710ee4d4d9b14d4562644cb4e 0c5e71a710ee4d4d9b14d4562644cb4e] 199.19.213.159 "GET /resource_providers/a0ec1d65-0a4e-4ddd-a49e-326dced34f4c/allocations" status: 200 len: 153 microversion: 1.0 [pid: 7|app: 0|req: 594/1181] 199.19.213.159 () {32 vars in 856 bytes} [Mon Jun 15 20:20:57 2026] GET /resource_providers/a0ec1d65-0a4e-4ddd-a49e-326dced34f4c/allocations => generated 153 bytes in 74 msecs (HTTP/1.1 200) 6 headers in 224 bytes (1 switches on core 0)
2026-06-15 20:20:57.452 8 INFO placement.requestlog [req-3db022aa-29f4-44b9-a710-e5ad2ee0ffcc req-917bf0c9-e406-4d2b-bb51-69d703157012 6f7bde025f1a478cad84c3547a5b5a66 04d056b16d244824b637045d713059ed - - 0c5e71a710ee4d4d9b14d4562644cb4e 0c5e71a710ee4d4d9b14d4562644cb4e] 199.19.213.159 "GET /allocations/c8e0536d-1ab3-43e8-82cc-47de6c82754d" status: 200 len: 258 microversion: 1.28 [pid: 8|app: 0|req: 588/1182] 199.19.213.159 () {34 vars in 862 bytes} [Mon Jun 15 20:20:57 2026] GET /allocations/c8e0536d-1ab3-43e8-82cc-47de6c82754d => generated 258 bytes in 13 msecs (HTTP/1.1 200) 8 headers in 296 bytes (1 switches on core 0)
2026-06-15 20:20:58.494 7 INFO placement.requestlog [req-3db022aa-29f4-44b9-a710-e5ad2ee0ffcc req-b184300a-51e1-4698-9261-f3e5c4ca5f50 6f7bde025f1a478cad84c3547a5b5a66 04d056b16d244824b637045d713059ed - - 0c5e71a710ee4d4d9b14d4562644cb4e 0c5e71a710ee4d4d9b14d4562644cb4e] 199.19.213.159 "DELETE /allocations/c8e0536d-1ab3-43e8-82cc-47de6c82754d" status: 204 len: 0 microversion: 1.0 [pid: 7|app: 0|req: 595/1183] 199.19.213.159 () {34 vars in 840 bytes} [Mon Jun 15 20:20:58 2026] DELETE /allocations/c8e0536d-1ab3-43e8-82cc-47de6c82754d => generated 0 bytes in 21 msecs (HTTP/1.1 204) 5 headers in 198 bytes (1 switches on core 0)
2026-06-15 20:20:58.849 8 INFO placement.requestlog [None req-e100158c-efe3-4ef9-be44-0e0e07f6970a - - - - - -] 10.0.0.188 "GET /" status: 200 len: 136 microversion: 1.0
2026-06-15 20:20:58.849 7 INFO placement.requestlog [None req-fa891457-a3b7-439f-a8d5-38f74dbd1077 - - - - - -] 10.0.0.188 "GET /" status: 200 len: 136 microversion: 1.0
2026-06-15 20:21:08.849 8 INFO placement.requestlog [None req-ce4bc28a-f4ec-4efe-9b25-42187484c5df - - - - - -] 10.0.0.188 "GET /" status: 200 len: 136 microversion: 1.0
2026-06-15 20:21:08.850 7 INFO placement.requestlog [None req-63c2a788-c427-4287-aa0e-c5dacc7cd033 - - - - - -] 10.0.0.188 "GET /" status: 200 len: 136 microversion: 1.0
2026-06-15 20:21:09.709 7 INFO placement.requestlog [None req-35e891bc-e45c-4bf4-8e9f-565e7dde0620 93fd75e7c16c433dac6ed82ee324d3ad 04d056b16d244824b637045d713059ed - - 0c5e71a710ee4d4d9b14d4562644cb4e 0c5e71a710ee4d4d9b14d4562644cb4e] 10.0.0.11 "GET /resource_providers/6557b978-36e5-480f-ad67-d6f7c4d49a7f/aggregates" status: 404 len: 235 microversion: 1.1 [pid: 7|app: 0|req: 598/1188] 10.0.0.11 () {32 vars in 823 bytes} [Mon Jun 15 20:21:09 2026] GET /resource_providers/6557b978-36e5-480f-ad67-d6f7c4d49a7f/aggregates => generated 235 bytes in 59 msecs (HTTP/1.1 404) 5 headers in 202 bytes (1 switches on core 0)
2026-06-15 20:21:09.715 8 INFO placement.requestlog [None req-3aabf58c-5465-47d6-8e63-0c56b4b7fe2a 93fd75e7c16c433dac6ed82ee324d3ad 04d056b16d244824b637045d713059ed - - 0c5e71a710ee4d4d9b14d4562644cb4e 0c5e71a710ee4d4d9b14d4562644cb4e] 10.0.0.11 "GET /resource_providers/6557b978-36e5-480f-ad67-d6f7c4d49a7f/aggregates" status: 404 len: 235 microversion: 1.1 [pid: 8|app: 0|req: 591/1189] 10.0.0.11 () {32 vars in 823 bytes} [Mon Jun 15 20:21:09 2026] GET /resource_providers/6557b978-36e5-480f-ad67-d6f7c4d49a7f/aggregates => generated 235 bytes in 65 msecs (HTTP/1.1 404) 5 headers in 202 bytes (1 switches on core 0)
2026-06-15 20:21:09.729 7 INFO placement.requestlog [None req-683bdb9a-e501-4b70-8d5f-dead0102aa69 93fd75e7c16c433dac6ed82ee324d3ad 04d056b16d244824b637045d713059ed - - 0c5e71a710ee4d4d9b14d4562644cb4e 0c5e71a710ee4d4d9b14d4562644cb4e] 10.0.0.11 "DELETE /resource_providers/6557b978-36e5-480f-ad67-d6f7c4d49a7f" status: 404 len: 246 microversion: 1.1 [pid: 7|app: 0|req: 599/1190] 10.0.0.11 () {34 vars in 823 bytes} [Mon Jun 15 20:21:09 2026] DELETE /resource_providers/6557b978-36e5-480f-ad67-d6f7c4d49a7f => generated 246 bytes in 8 msecs (HTTP/1.1 404) 6 headers in 231 bytes (1 switches on core 0)
2026-06-15 20:21:09.731 8 INFO placement.requestlog [None req-711a4361-cd5c-462b-ad03-3c1f6c8d3fcf 93fd75e7c16c433dac6ed82ee324d3ad 04d056b16d244824b637045d713059ed - - 0c5e71a710ee4d4d9b14d4562644cb4e 0c5e71a710ee4d4d9b14d4562644cb4e] 10.0.0.11 "DELETE /resource_providers/6557b978-36e5-480f-ad67-d6f7c4d49a7f" status: 404 len: 246 microversion: 1.1 [pid: 8|app: 0|req: 592/1191] 10.0.0.11 () {34 vars in 823 bytes} [Mon Jun 15 20:21:09 2026] DELETE /resource_providers/6557b978-36e5-480f-ad67-d6f7c4d49a7f => generated 246 bytes in 10 msecs (HTTP/1.1 404) 6 headers in 231 bytes (1 switches on core 0)
2026-06-15 20:21:10.385 8 INFO placement.requestlog [None req-128fbbd1-855e-4697-93b0-2e87d1f2d433 93fd75e7c16c433dac6ed82ee324d3ad 04d056b16d244824b637045d713059ed - - 0c5e71a710ee4d4d9b14d4562644cb4e 0c5e71a710ee4d4d9b14d4562644cb4e] 10.0.0.11 "GET /resource_providers/df89db4a-2bc0-40c4-95fe-c9a3f0dcdd8d/aggregates" status: 404 len: 235 microversion: 1.1 [pid: 8|app: 0|req: 593/1192] 10.0.0.11 () {32 vars in 823 bytes} [Mon Jun 15 20:21:10 2026] GET /resource_providers/df89db4a-2bc0-40c4-95fe-c9a3f0dcdd8d/aggregates => generated 235 bytes in 51 msecs (HTTP/1.1 404) 5 headers in 202 bytes (1 switches on core 0)
2026-06-15 20:21:10.387 7 INFO placement.requestlog [None req-001fe962-a7d9-43f3-bb6b-6d82d305f172 93fd75e7c16c433dac6ed82ee324d3ad 04d056b16d244824b637045d713059ed - - 0c5e71a710ee4d4d9b14d4562644cb4e 0c5e71a710ee4d4d9b14d4562644cb4e] 10.0.0.11 "GET /resource_providers/df89db4a-2bc0-40c4-95fe-c9a3f0dcdd8d/aggregates" status: 404 len: 235 microversion: 1.1 [pid: 7|app: 0|req: 600/1193] 10.0.0.11 () {32 vars in 823 bytes} [Mon Jun 15 20:21:10 2026] GET /resource_providers/df89db4a-2bc0-40c4-95fe-c9a3f0dcdd8d/aggregates => generated 235 bytes in 53 msecs (HTTP/1.1 404) 5 headers in 202 bytes (1 switches on core 0)
2026-06-15 20:21:10.400 7 INFO placement.requestlog [None req-ffe60f43-d4b2-48f9-90d7-4484a5c06991 93fd75e7c16c433dac6ed82ee324d3ad 04d056b16d244824b637045d713059ed - - 0c5e71a710ee4d4d9b14d4562644cb4e 0c5e71a710ee4d4d9b14d4562644cb4e] 10.0.0.11 "DELETE /resource_providers/df89db4a-2bc0-40c4-95fe-c9a3f0dcdd8d" status: 404 len: 246 microversion: 1.1 [pid: 7|app: 0|req: 601/1194] 10.0.0.11 () {34 vars in 823 bytes} [Mon Jun 15 20:21:10 2026] DELETE /resource_providers/df89db4a-2bc0-40c4-95fe-c9a3f0dcdd8d => generated 246 bytes in 10 msecs (HTTP/1.1 404) 6 headers in 231 bytes (1 switches on core 0)
2026-06-15 20:21:10.404 8 INFO placement.requestlog [None req-6fb41e3c-ff81-40e9-85c5-1a73b8e66d3b 93fd75e7c16c433dac6ed82ee324d3ad 04d056b16d244824b637045d713059ed - - 0c5e71a710ee4d4d9b14d4562644cb4e 0c5e71a710ee4d4d9b14d4562644cb4e] 10.0.0.11 "DELETE /resource_providers/df89db4a-2bc0-40c4-95fe-c9a3f0dcdd8d" status: 404 len: 246 microversion: 1.1 [pid: 8|app: 0|req: 594/1195] 10.0.0.11 () {34 vars in 823 bytes} [Mon Jun 15 20:21:10 2026] DELETE /resource_providers/df89db4a-2bc0-40c4-95fe-c9a3f0dcdd8d => generated 246 bytes in 13 msecs (HTTP/1.1 404) 6 headers in 231 bytes (1 switches on core 0)
2026-06-15 20:21:12.418 7 INFO placement.requestlog [None req-c5584e5f-61e0-41ed-95d9-ef2c8532acea 93fd75e7c16c433dac6ed82ee324d3ad 04d056b16d244824b637045d713059ed - - 0c5e71a710ee4d4d9b14d4562644cb4e 0c5e71a710ee4d4d9b14d4562644cb4e] 10.0.0.11 "GET /resource_providers/cc7888f3-09d0-4e92-bd9f-f6d1dd31d185/aggregates" status: 404 len: 235 microversion: 1.1 [pid: 7|app: 0|req: 602/1196] 10.0.0.11 () {32 vars in 823 bytes} [Mon Jun 15 20:21:12 2026] GET /resource_providers/cc7888f3-09d0-4e92-bd9f-f6d1dd31d185/aggregates => generated 235 bytes in 10 msecs (HTTP/1.1 404) 5 headers in 202 bytes (1 switches on core 0)
2026-06-15 20:21:12.421 8 INFO placement.requestlog [None req-126e0c22-4cec-4ef7-96e6-d5db6df44737 93fd75e7c16c433dac6ed82ee324d3ad 04d056b16d244824b637045d713059ed - - 0c5e71a710ee4d4d9b14d4562644cb4e 0c5e71a710ee4d4d9b14d4562644cb4e] 10.0.0.11 "GET /resource_providers/cc7888f3-09d0-4e92-bd9f-f6d1dd31d185/aggregates" status: 404 len: 235 microversion: 1.1 [pid: 8|app: 0|req: 595/1197] 10.0.0.11 () {32 vars in 823 bytes} [Mon Jun 15 20:21:12 2026] GET /resource_providers/cc7888f3-09d0-4e92-bd9f-f6d1dd31d185/aggregates => generated 235 bytes in 10 msecs (HTTP/1.1 404) 5 headers in 202 bytes (1 switches on core 0)
2026-06-15 20:21:12.427 7 INFO placement.requestlog [None req-e4e35af2-dfc7-4c44-951f-9b0119a8b6c7 93fd75e7c16c433dac6ed82ee324d3ad 04d056b16d244824b637045d713059ed - - 0c5e71a710ee4d4d9b14d4562644cb4e 0c5e71a710ee4d4d9b14d4562644cb4e] 10.0.0.11 "DELETE /resource_providers/cc7888f3-09d0-4e92-bd9f-f6d1dd31d185" status: 404 len: 246 microversion: 1.1 [pid: 7|app: 0|req: 603/1198] 10.0.0.11 () {34 vars in 823 bytes} [Mon Jun 15 20:21:12 2026] DELETE /resource_providers/cc7888f3-09d0-4e92-bd9f-f6d1dd31d185 => generated 246 bytes in 5 msecs (HTTP/1.1 404) 6 headers in 231 bytes (1 switches on core 0)
2026-06-15 20:21:12.432 8 INFO placement.requestlog [None req-759ca471-5e81-4a9b-888b-250e27bd7205 93fd75e7c16c433dac6ed82ee324d3ad 04d056b16d244824b637045d713059ed - - 0c5e71a710ee4d4d9b14d4562644cb4e 0c5e71a710ee4d4d9b14d4562644cb4e] 10.0.0.11 "DELETE /resource_providers/cc7888f3-09d0-4e92-bd9f-f6d1dd31d185" status: 404 len: 246 microversion: 1.1 [pid: 8|app: 0|req: 596/1199] 10.0.0.11 () {34 vars in 823 bytes} [Mon Jun 15 20:21:12 2026] DELETE /resource_providers/cc7888f3-09d0-4e92-bd9f-f6d1dd31d185 => generated 246 bytes in 6 msecs (HTTP/1.1 404) 6 headers in 231 bytes (1 switches on core 0)
2026-06-15 20:21:18.850 7 INFO placement.requestlog [None req-da21bed1-6525-4412-9252-e0991453d9a7 - - - - - -] 10.0.0.188 "GET /" status: 200 len: 136 microversion: 1.0
2026-06-15 20:21:18.850 8 INFO placement.requestlog [None req-62903645-879c-4081-81c9-feaeed11891b - - - - - -] 10.0.0.188 "GET /" status: 200 len: 136 microversion: 1.0
2026-06-15 20:21:28.850 8 INFO placement.requestlog [None req-fc9fcd1d-61ea-4a57-8b1d-67527fd7be46 - - - - - -] 10.0.0.188 "GET /" status: 200 len: 136 microversion: 1.0
2026-06-15 20:21:28.850 7 INFO placement.requestlog [None req-a6c4fc6f-47f2-4c27-84bf-067355a072e3 - - - - - -] 10.0.0.188 "GET /" status: 200 len: 136 microversion: 1.0
2026-06-15 20:21:38.849 8 INFO placement.requestlog [None req-b6531da4-06e3-4c18-9025-0b874eefb329 - - - - - -] 10.0.0.188 "GET /" status: 200 len: 136 microversion: 1.0
2026-06-15 20:21:38.849 7 INFO placement.requestlog [None req-be0d3e86-0764-4064-bf5a-2be0d44235be - - - - - -] 10.0.0.188 "GET /" status: 200 len: 136 microversion: 1.0
2026-06-15 20:21:48.848 7 INFO placement.requestlog [None req-a42b99da-f829-44ca-acf8-d2ae1638006c - - - - - -] 10.0.0.188 "GET /" status: 200 len: 136 microversion: 1.0
2026-06-15 20:21:48.848 8 INFO placement.requestlog [None req-e2ef4db8-4a23-4760-a29d-cd922f9c346e - - - - - -] 10.0.0.188 "GET /" status: 200 len: 136 microversion: 1.0
2026-06-15 20:21:52.006 7 INFO placement.requestlog [req-0ec1063c-eb9b-429a-92c7-e23ec98a3bc0 req-a661e66f-bf3c-4ef5-9708-d340ff9bf4db 6f7bde025f1a478cad84c3547a5b5a66 04d056b16d244824b637045d713059ed - - 0c5e71a710ee4d4d9b14d4562644cb4e 0c5e71a710ee4d4d9b14d4562644cb4e] 199.19.213.159 "GET /resource_providers/a0ec1d65-0a4e-4ddd-a49e-326dced34f4c/allocations" status: 200 len: 55 microversion: 1.0 [pid: 7|app: 0|req: 608/1208] 199.19.213.159 () {32 vars in 856 bytes} [Mon Jun 15 20:21:51 2026] GET /resource_providers/a0ec1d65-0a4e-4ddd-a49e-326dced34f4c/allocations => generated 55 bytes in 21 msecs (HTTP/1.1 200) 6 headers in 223 bytes (1 switches on core 0)
2026-06-15 20:21:52.022 8 INFO placement.requestlog [req-0ec1063c-eb9b-429a-92c7-e23ec98a3bc0 req-38483bfd-2a07-4fb7-b26f-c42886ac0981 6f7bde025f1a478cad84c3547a5b5a66 04d056b16d244824b637045d713059ed - - 0c5e71a710ee4d4d9b14d4562644cb4e 0c5e71a710ee4d4d9b14d4562644cb4e] 199.19.213.159 "GET /resource_providers/a0ec1d65-0a4e-4ddd-a49e-326dced34f4c/allocations" status: 200 len: 55 microversion: 1.0 [pid: 8|app: 0|req: 601/1209] 199.19.213.159 () {32 vars in 856 bytes} [Mon Jun 15 20:21:52 2026] GET /resource_providers/a0ec1d65-0a4e-4ddd-a49e-326dced34f4c/allocations => generated 55 bytes in 11 msecs (HTTP/1.1 200) 6 headers in 223 bytes (1 switches on core 0)
2026-06-15 20:21:58.849 7 INFO placement.requestlog [None req-322e2442-8db2-4d47-85f1-d5cd2656f074 - - - - - -] 10.0.0.188 "GET /" status: 200 len: 136 microversion: 1.0
2026-06-15 20:21:58.849 8 INFO placement.requestlog [None req-95de68a3-1c46-4a0a-bd3c-5ad8883f64ca - - - - - -] 10.0.0.188 "GET /" status: 200 len: 136 microversion: 1.0
2026-06-15 20:22:08.848 8 INFO placement.requestlog [None req-aa7e4c61-58db-409d-be4f-198df878ca01 - - - - - -] 10.0.0.188 "GET /" status: 200 len: 136 microversion: 1.0
2026-06-15 20:22:08.850 7 INFO placement.requestlog [None req-6f07defb-63ac-4da8-be12-d53f95711c68 - - - - - -] 10.0.0.188 "GET /" status: 200 len: 136 microversion: 1.0
2026-06-15 20:22:18.850 8 INFO placement.requestlog [None req-b4c1138e-a674-4588-a84a-cd5dca6ddc19 - - - - - -] 10.0.0.188 "GET /" status: 200 len: 136 microversion: 1.0
2026-06-15 20:22:18.850 7 INFO placement.requestlog [None req-33835178-bbac-43ec-af80-adc91dc39360 - - - - - -] 10.0.0.188 "GET /" status: 200 len: 136 microversion: 1.0
2026-06-15 20:22:28.848 8 INFO placement.requestlog [None req-e54e17e4-a7b1-4bd7-a484-05dc58d8300d - - - - - -] 10.0.0.188 "GET /" status: 200 len: 136 microversion: 1.0
2026-06-15 20:22:28.849 7 INFO placement.requestlog [None req-9461452e-cee2-4b04-a55a-2567db110fe5 - - - - - -] 10.0.0.188 "GET /" status: 200 len: 136 microversion: 1.0
2026-06-15 20:22:38.848 8 INFO placement.requestlog [None req-fa6ad190-3584-4e05-b0d0-7db88c52a99d - - - - - -] 10.0.0.188 "GET /" status: 200 len: 136 microversion: 1.0
2026-06-15 20:22:38.849 7 INFO placement.requestlog [None req-2b719001-5ebf-467a-8f84-311f55e83f49 - - - - - -] 10.0.0.188 "GET /" status: 200 len: 136 microversion: 1.0
2026-06-15 20:22:48.849 8 INFO placement.requestlog [None req-29b1c7c4-7a43-4bff-809e-0f133077ad28 - - - - - -] 10.0.0.188 "GET /" status: 200 len: 136 microversion: 1.0
2026-06-15 20:22:48.849 7 INFO placement.requestlog [None req-bb860311-a455-46e5-a438-c4441e6fb00a - - - - - -] 10.0.0.188 "GET /" status: 200 len: 136 microversion: 1.0
2026-06-15 20:22:52.886 7 INFO placement.requestlog [req-49ffdaa3-296d-4e00-a218-3c0eaebfbbce req-51fcc341-a205-48c7-82ec-03a6bad194b0 6f7bde025f1a478cad84c3547a5b5a66 04d056b16d244824b637045d713059ed - - 0c5e71a710ee4d4d9b14d4562644cb4e 0c5e71a710ee4d4d9b14d4562644cb4e] 199.19.213.159 "GET /resource_providers/a0ec1d65-0a4e-4ddd-a49e-326dced34f4c/allocations" status: 200 len: 55 microversion: 1.0 [pid: 7|app: 0|req: 615/1222] 199.19.213.159 () {32 vars in 856 bytes} [Mon Jun 15 20:22:52 2026] GET /resource_providers/a0ec1d65-0a4e-4ddd-a49e-326dced34f4c/allocations => generated 55 bytes in 108 msecs (HTTP/1.1 200) 6 headers in 223 bytes (1 switches on core 0)
2026-06-15 20:22:52.907 8 INFO placement.requestlog [req-49ffdaa3-296d-4e00-a218-3c0eaebfbbce req-f3866b27-f923-4e34-81b7-aa0956762325 6f7bde025f1a478cad84c3547a5b5a66 04d056b16d244824b637045d713059ed - - 0c5e71a710ee4d4d9b14d4562644cb4e 0c5e71a710ee4d4d9b14d4562644cb4e] 199.19.213.159 "GET /resource_providers?in_tree=a0ec1d65-0a4e-4ddd-a49e-326dced34f4c" status: 200 len: 798 microversion: 1.14 [pid: 8|app: 0|req: 608/1223] 199.19.213.159 () {34 vars in 891 bytes} [Mon Jun 15 20:22:52 2026] GET /resource_providers?in_tree=a0ec1d65-0a4e-4ddd-a49e-326dced34f4c => generated 798 bytes in 16 msecs (HTTP/1.1 200) 6 headers in 225 bytes (1 switches on core 0)
2026-06-15 20:22:52.938 7 INFO placement.requestlog [req-49ffdaa3-296d-4e00-a218-3c0eaebfbbce req-6afc1301-23c6-4764-9d31-0bb07ef3c80c 6f7bde025f1a478cad84c3547a5b5a66 04d056b16d244824b637045d713059ed - - 0c5e71a710ee4d4d9b14d4562644cb4e 0c5e71a710ee4d4d9b14d4562644cb4e] 199.19.213.159 "GET /resource_providers/a0ec1d65-0a4e-4ddd-a49e-326dced34f4c/inventories" status: 200 len: 401 microversion: 1.0 [pid: 7|app: 0|req: 616/1224] 199.19.213.159 () {32 vars in 856 bytes} [Mon Jun 15 20:22:52 2026] GET /resource_providers/a0ec1d65-0a4e-4ddd-a49e-326dced34f4c/inventories => generated 401 bytes in 23 msecs (HTTP/1.1 200) 6 headers in 224 bytes (1 switches on core 0)
2026-06-15 20:22:52.954 8 INFO placement.requestlog [req-49ffdaa3-296d-4e00-a218-3c0eaebfbbce req-11b7f912-aecb-4f41-816d-b64453c6b21a 6f7bde025f1a478cad84c3547a5b5a66 04d056b16d244824b637045d713059ed - - 0c5e71a710ee4d4d9b14d4562644cb4e 0c5e71a710ee4d4d9b14d4562644cb4e] 199.19.213.159 "GET /resource_providers/a0ec1d65-0a4e-4ddd-a49e-326dced34f4c/aggregates" status: 200 len: 54 microversion: 1.19 [pid: 8|app: 0|req: 609/1225] 199.19.213.159 () {34 vars in 898 bytes} [Mon Jun 15 20:22:52 2026] GET /resource_providers/a0ec1d65-0a4e-4ddd-a49e-326dced34f4c/aggregates => generated 54 bytes in 11 msecs (HTTP/1.1 200) 8 headers in 295 bytes (1 switches on core 0)
2026-06-15 20:22:52.979 7 INFO placement.requestlog [req-49ffdaa3-296d-4e00-a218-3c0eaebfbbce req-08fc7db7-77bd-4834-9ef9-8fda94c48741 6f7bde025f1a478cad84c3547a5b5a66 04d056b16d244824b637045d713059ed - - 0c5e71a710ee4d4d9b14d4562644cb4e 0c5e71a710ee4d4d9b14d4562644cb4e] 199.19.213.159 "GET /resource_providers/a0ec1d65-0a4e-4ddd-a49e-326dced34f4c/traits" status: 200 len: 1920 microversion: 1.6 [pid: 7|app: 0|req: 617/1226] 199.19.213.159 () {34 vars in 889 bytes} [Mon Jun 15 20:22:52 2026] GET /resource_providers/a0ec1d65-0a4e-4ddd-a49e-326dced34f4c/traits => generated 1920 bytes in 19 msecs (HTTP/1.1 200) 6 headers in 225 bytes (1 switches on core 0)
2026-06-15 20:22:52.993 8 INFO placement.requestlog [req-49ffdaa3-296d-4e00-a218-3c0eaebfbbce req-5e8fa832-73db-4a4c-bedb-e15569ff9d8b 6f7bde025f1a478cad84c3547a5b5a66 04d056b16d244824b637045d713059ed - - 0c5e71a710ee4d4d9b14d4562644cb4e 0c5e71a710ee4d4d9b14d4562644cb4e] 199.19.213.159 "GET /resource_providers/a0ec1d65-0a4e-4ddd-a49e-326dced34f4c/allocations" status: 200 len: 55 microversion: 1.0 [pid: 8|app: 0|req: 610/1227] 199.19.213.159 () {32 vars in 856 bytes} [Mon Jun 15 20:22:52 2026] GET /resource_providers/a0ec1d65-0a4e-4ddd-a49e-326dced34f4c/allocations => generated 55 bytes in 10 msecs (HTTP/1.1 200) 6 headers in 223 bytes (1 switches on core 0)
2026-06-15 20:22:58.849 7 INFO placement.requestlog [None req-c628b700-4ef1-4bf3-9904-03aafb307cf1 - - - - - -] 10.0.0.188 "GET /" status: 200 len: 136 microversion: 1.0
