2026-06-15 20:13:47.956 8 INFO placement.requestlog [None req-ff8be9c6-6435-4db5-b244-53a25b0c4094 93fd75e7c16c433dac6ed82ee324d3ad 04d056b16d244824b637045d713059ed - - 0c5e71a710ee4d4d9b14d4562644cb4e 0c5e71a710ee4d4d9b14d4562644cb4e] 10.0.0.11 "DELETE /resource_providers/a5aba195-00b2-4f29-928a-87ad751f65de" status: 404 len: 246 microversion: 1.1 [pid: 8|app: 0|req: 372/750] 10.0.0.11 () {34 vars in 823 bytes} [Mon Jun 15 20:13:47 2026] DELETE /resource_providers/a5aba195-00b2-4f29-928a-87ad751f65de => generated 246 bytes in 7 msecs (HTTP/1.1 404) 6 headers in 231 bytes (1 switches on core 0)
2026-06-15 20:13:47.960 7 INFO placement.requestlog [None req-fd7910b1-771d-446f-9549-7804b625d66f 93fd75e7c16c433dac6ed82ee324d3ad 04d056b16d244824b637045d713059ed - - 0c5e71a710ee4d4d9b14d4562644cb4e 0c5e71a710ee4d4d9b14d4562644cb4e] 10.0.0.11 "DELETE /resource_providers/a5aba195-00b2-4f29-928a-87ad751f65de" status: 404 len: 246 microversion: 1.1 [pid: 7|app: 0|req: 379/751] 10.0.0.11 () {34 vars in 823 bytes} [Mon Jun 15 20:13:47 2026] DELETE /resource_providers/a5aba195-00b2-4f29-928a-87ad751f65de => generated 246 bytes in 11 msecs (HTTP/1.1 404) 6 headers in 231 bytes (1 switches on core 0)
2026-06-15 20:13:48.849 8 INFO placement.requestlog [None req-e6a38944-eaf5-4e51-904f-94aa453235e1 - - - - - -] 10.0.0.188 "GET /" status: 200 len: 136 microversion: 1.0
2026-06-15 20:13:48.849 7 INFO placement.requestlog [None req-12d1fb06-a36f-416d-b206-3eca04f8d52f - - - - - -] 10.0.0.188 "GET /" status: 200 len: 136 microversion: 1.0
2026-06-15 20:13:49.113 8 INFO placement.requestlog [req-be53fe28-94ff-430e-b14c-c1cff0c1f6d9 req-653ee4d5-4bbf-4b05-96d0-d34c6e6fa8d0 6f7bde025f1a478cad84c3547a5b5a66 04d056b16d244824b637045d713059ed - - 0c5e71a710ee4d4d9b14d4562644cb4e 0c5e71a710ee4d4d9b14d4562644cb4e] 10.0.0.169 "GET /allocation_candidates?limit=1000&resources=MEMORY_MB%3A512%2CVCPU%3A1&root_required=%21COMPUTE_STATUS_DISABLED" status: 200 len: 2370 microversion: 1.36 [pid: 8|app: 0|req: 374/754] 10.0.0.169 () {34 vars in 983 bytes} [Mon Jun 15 20:13:49 2026] GET /allocation_candidates?limit=1000&resources=MEMORY_MB%3A512%2CVCPU%3A1&root_required=%21COMPUTE_STATUS_DISABLED => generated 2370 bytes in 68 msecs (HTTP/1.1 200) 8 headers in 297 bytes (1 switches on core 0)
2026-06-15 20:13:49.152 7 INFO placement.requestlog [req-be53fe28-94ff-430e-b14c-c1cff0c1f6d9 req-4e5d640b-08c3-45d7-8aa4-7437df80c96f 6f7bde025f1a478cad84c3547a5b5a66 04d056b16d244824b637045d713059ed - - 0c5e71a710ee4d4d9b14d4562644cb4e 0c5e71a710ee4d4d9b14d4562644cb4e] 10.0.0.169 "GET /allocations/14fb70b0-3b3f-4680-a44b-3a13fe218217" status: 200 len: 19 microversion: 1.28 [pid: 7|app: 0|req: 381/755] 10.0.0.169 () {34 vars in 860 bytes} [Mon Jun 15 20:13:49 2026] GET /allocations/14fb70b0-3b3f-4680-a44b-3a13fe218217 => generated 19 bytes in 14 msecs (HTTP/1.1 200) 8 headers in 295 bytes (1 switches on core 0)
2026-06-15 20:13:49.227 8 INFO placement.requestlog [req-be53fe28-94ff-430e-b14c-c1cff0c1f6d9 req-185d7057-4d1e-45dc-a63b-573f6eaae1b2 6f7bde025f1a478cad84c3547a5b5a66 04d056b16d244824b637045d713059ed - - 0c5e71a710ee4d4d9b14d4562644cb4e 0c5e71a710ee4d4d9b14d4562644cb4e] 10.0.0.169 "PUT /allocations/14fb70b0-3b3f-4680-a44b-3a13fe218217" status: 204 len: 0 microversion: 1.36 [pid: 8|app: 0|req: 375/756] 10.0.0.169 () {38 vars in 913 bytes} [Mon Jun 15 20:13:49 2026] PUT /allocations/14fb70b0-3b3f-4680-a44b-3a13fe218217 => generated 0 bytes in 68 msecs (HTTP/1.1 204) 5 headers in 199 bytes (1 switches on core 0)
2026-06-15 20:13:49.971 7 INFO placement.requestlog [None req-e933a5e7-80b1-47e6-897c-da7590175319 93fd75e7c16c433dac6ed82ee324d3ad 04d056b16d244824b637045d713059ed - - 0c5e71a710ee4d4d9b14d4562644cb4e 0c5e71a710ee4d4d9b14d4562644cb4e] 10.0.0.11 "GET /resource_providers/8edbe0ec-e84d-4b16-90c9-ef489087bed1/aggregates" status: 404 len: 235 microversion: 1.1 [pid: 7|app: 0|req: 382/757] 10.0.0.11 () {32 vars in 823 bytes} [Mon Jun 15 20:13:49 2026] GET /resource_providers/8edbe0ec-e84d-4b16-90c9-ef489087bed1/aggregates => generated 235 bytes in 9 msecs (HTTP/1.1 404) 5 headers in 202 bytes (1 switches on core 0)
2026-06-15 20:13:49.977 8 INFO placement.requestlog [None req-d57e6dfe-3dca-40dc-ba13-9f930dc08784 93fd75e7c16c433dac6ed82ee324d3ad 04d056b16d244824b637045d713059ed - - 0c5e71a710ee4d4d9b14d4562644cb4e 0c5e71a710ee4d4d9b14d4562644cb4e] 10.0.0.11 "GET /resource_providers/8edbe0ec-e84d-4b16-90c9-ef489087bed1/aggregates" status: 404 len: 235 microversion: 1.1 [pid: 8|app: 0|req: 376/758] 10.0.0.11 () {32 vars in 823 bytes} [Mon Jun 15 20:13:49 2026] GET /resource_providers/8edbe0ec-e84d-4b16-90c9-ef489087bed1/aggregates => generated 235 bytes in 12 msecs (HTTP/1.1 404) 5 headers in 202 bytes (1 switches on core 0)
2026-06-15 20:13:49.981 7 INFO placement.requestlog [None req-1ee0d973-c1cf-469c-b003-05fcf8d1a740 93fd75e7c16c433dac6ed82ee324d3ad 04d056b16d244824b637045d713059ed - - 0c5e71a710ee4d4d9b14d4562644cb4e 0c5e71a710ee4d4d9b14d4562644cb4e] 10.0.0.11 "DELETE /resource_providers/8edbe0ec-e84d-4b16-90c9-ef489087bed1" status: 404 len: 246 microversion: 1.1 [pid: 7|app: 0|req: 383/759] 10.0.0.11 () {34 vars in 823 bytes} [Mon Jun 15 20:13:49 2026] DELETE /resource_providers/8edbe0ec-e84d-4b16-90c9-ef489087bed1 => generated 246 bytes in 6 msecs (HTTP/1.1 404) 6 headers in 231 bytes (1 switches on core 0)
2026-06-15 20:13:49.998 8 INFO placement.requestlog [None req-9f65a654-a805-4a56-bd98-ba96b026304e 93fd75e7c16c433dac6ed82ee324d3ad 04d056b16d244824b637045d713059ed - - 0c5e71a710ee4d4d9b14d4562644cb4e 0c5e71a710ee4d4d9b14d4562644cb4e] 10.0.0.11 "DELETE /resource_providers/8edbe0ec-e84d-4b16-90c9-ef489087bed1" status: 404 len: 246 microversion: 1.1 [pid: 8|app: 0|req: 377/760] 10.0.0.11 () {34 vars in 823 bytes} [Mon Jun 15 20:13:49 2026] DELETE /resource_providers/8edbe0ec-e84d-4b16-90c9-ef489087bed1 => generated 246 bytes in 16 msecs (HTTP/1.1 404) 6 headers in 231 bytes (1 switches on core 0)
2026-06-15 20:13:50.695 7 INFO placement.requestlog [req-be53fe28-94ff-430e-b14c-c1cff0c1f6d9 req-430ca443-9732-4451-8abc-52a36a4f6317 6f7bde025f1a478cad84c3547a5b5a66 04d056b16d244824b637045d713059ed - - 0c5e71a710ee4d4d9b14d4562644cb4e 0c5e71a710ee4d4d9b14d4562644cb4e] 199.19.213.159 "GET /allocations/14fb70b0-3b3f-4680-a44b-3a13fe218217" status: 200 len: 243 microversion: 1.28 [pid: 7|app: 0|req: 384/761] 199.19.213.159 () {34 vars in 862 bytes} [Mon Jun 15 20:13:50 2026] GET /allocations/14fb70b0-3b3f-4680-a44b-3a13fe218217 => generated 243 bytes in 16 msecs (HTTP/1.1 200) 8 headers in 296 bytes (1 switches on core 0)
2026-06-15 20:13:51.735 8 INFO placement.requestlog [req-be53fe28-94ff-430e-b14c-c1cff0c1f6d9 req-6f143ebe-858e-4880-9de0-528e3a7a3658 6f7bde025f1a478cad84c3547a5b5a66 04d056b16d244824b637045d713059ed - - 0c5e71a710ee4d4d9b14d4562644cb4e 0c5e71a710ee4d4d9b14d4562644cb4e] 199.19.213.159 "GET /resource_providers/a0ec1d65-0a4e-4ddd-a49e-326dced34f4c/allocations" status: 200 len: 138 microversion: 1.0 [pid: 8|app: 0|req: 378/762] 199.19.213.159 () {32 vars in 856 bytes} [Mon Jun 15 20:13:51 2026] GET /resource_providers/a0ec1d65-0a4e-4ddd-a49e-326dced34f4c/allocations => generated 138 bytes in 17 msecs (HTTP/1.1 200) 6 headers in 224 bytes (1 switches on core 0)
2026-06-15 20:13:51.755 7 INFO placement.requestlog [req-be53fe28-94ff-430e-b14c-c1cff0c1f6d9 req-2baa5a8d-51ad-4d10-93c6-d99d0ff24b50 6f7bde025f1a478cad84c3547a5b5a66 04d056b16d244824b637045d713059ed - - 0c5e71a710ee4d4d9b14d4562644cb4e 0c5e71a710ee4d4d9b14d4562644cb4e] 199.19.213.159 "GET /allocations/14fb70b0-3b3f-4680-a44b-3a13fe218217" status: 200 len: 243 microversion: 1.28 [pid: 7|app: 0|req: 385/763] 199.19.213.159 () {34 vars in 862 bytes} [Mon Jun 15 20:13:51 2026] GET /allocations/14fb70b0-3b3f-4680-a44b-3a13fe218217 => generated 243 bytes in 13 msecs (HTTP/1.1 200) 8 headers in 296 bytes (1 switches on core 0)
2026-06-15 20:13:57.000 7 INFO placement.requestlog [None req-51caf11c-5e96-4451-a93c-01ced390ac70 93fd75e7c16c433dac6ed82ee324d3ad 04d056b16d244824b637045d713059ed - - 0c5e71a710ee4d4d9b14d4562644cb4e 0c5e71a710ee4d4d9b14d4562644cb4e] 10.0.0.11 "GET /resource_providers/ef9d3a18-0544-4c71-9d72-da8a27faed10/aggregates" status: 404 len: 235 microversion: 1.1 [pid: 7|app: 0|req: 386/764] 10.0.0.11 () {32 vars in 823 bytes} [Mon Jun 15 20:13:56 2026] GET /resource_providers/ef9d3a18-0544-4c71-9d72-da8a27faed10/aggregates => generated 235 bytes in 12 msecs (HTTP/1.1 404) 5 headers in 202 bytes (1 switches on core 0)
2026-06-15 20:13:57.009 8 INFO placement.requestlog [None req-711d0626-3b25-44bb-a52c-5f44f683cea0 93fd75e7c16c433dac6ed82ee324d3ad 04d056b16d244824b637045d713059ed - - 0c5e71a710ee4d4d9b14d4562644cb4e 0c5e71a710ee4d4d9b14d4562644cb4e] 10.0.0.11 "GET /resource_providers/ef9d3a18-0544-4c71-9d72-da8a27faed10/aggregates" status: 404 len: 235 microversion: 1.1 [pid: 8|app: 0|req: 379/765] 10.0.0.11 () {32 vars in 823 bytes} [Mon Jun 15 20:13:56 2026] GET /resource_providers/ef9d3a18-0544-4c71-9d72-da8a27faed10/aggregates => generated 235 bytes in 22 msecs (HTTP/1.1 404) 5 headers in 202 bytes (1 switches on core 0)
2026-06-15 20:13:57.023 7 INFO placement.requestlog [None req-e86a9db7-bb8a-446a-a20e-f4e0fb7e4e74 93fd75e7c16c433dac6ed82ee324d3ad 04d056b16d244824b637045d713059ed - - 0c5e71a710ee4d4d9b14d4562644cb4e 0c5e71a710ee4d4d9b14d4562644cb4e] 10.0.0.11 "DELETE /resource_providers/ef9d3a18-0544-4c71-9d72-da8a27faed10" status: 404 len: 246 microversion: 1.1 [pid: 7|app: 0|req: 387/766] 10.0.0.11 () {34 vars in 823 bytes} [Mon Jun 15 20:13:57 2026] DELETE /resource_providers/ef9d3a18-0544-4c71-9d72-da8a27faed10 => generated 246 bytes in 15 msecs (HTTP/1.1 404) 6 headers in 231 bytes (1 switches on core 0)
2026-06-15 20:13:57.026 8 INFO placement.requestlog [None req-e0c6858e-e47d-4769-b51f-a3944dceaf28 93fd75e7c16c433dac6ed82ee324d3ad 04d056b16d244824b637045d713059ed - - 0c5e71a710ee4d4d9b14d4562644cb4e 0c5e71a710ee4d4d9b14d4562644cb4e] 10.0.0.11 "DELETE /resource_providers/ef9d3a18-0544-4c71-9d72-da8a27faed10" status: 404 len: 246 microversion: 1.1 [pid: 8|app: 0|req: 380/767] 10.0.0.11 () {34 vars in 823 bytes} [Mon Jun 15 20:13:57 2026] DELETE /resource_providers/ef9d3a18-0544-4c71-9d72-da8a27faed10 => generated 246 bytes in 11 msecs (HTTP/1.1 404) 6 headers in 231 bytes (1 switches on core 0)
2026-06-15 20:13:58.068 7 INFO placement.requestlog [req-0f8b935f-7a31-47cf-90f9-47d20af537a4 req-d9ffbc29-8069-446f-b85a-8a1a734b45cf 6f7bde025f1a478cad84c3547a5b5a66 04d056b16d244824b637045d713059ed - - 0c5e71a710ee4d4d9b14d4562644cb4e 0c5e71a710ee4d4d9b14d4562644cb4e] 10.0.0.169 "GET /allocation_candidates?limit=1000&resources=DISK_GB%3A1%2CMEMORY_MB%3A512%2CVCPU%3A1&root_required=%21COMPUTE_STATUS_DISABLED" status: 200 len: 2386 microversion: 1.36 [pid: 7|app: 0|req: 388/768] 10.0.0.169 () {34 vars in 1011 bytes} [Mon Jun 15 20:13:58 2026] GET /allocation_candidates?limit=1000&resources=DISK_GB%3A1%2CMEMORY_MB%3A512%2CVCPU%3A1&root_required=%21COMPUTE_STATUS_DISABLED => generated 2386 bytes in 41 msecs (HTTP/1.1 200) 8 headers in 297 bytes (1 switches on core 0)
2026-06-15 20:13:58.096 8 INFO placement.requestlog [req-0f8b935f-7a31-47cf-90f9-47d20af537a4 req-38de774d-7d27-492b-8cd3-aeffd0b17b26 6f7bde025f1a478cad84c3547a5b5a66 04d056b16d244824b637045d713059ed - - 0c5e71a710ee4d4d9b14d4562644cb4e 0c5e71a710ee4d4d9b14d4562644cb4e] 10.0.0.169 "GET /allocations/77fcdeb1-154a-4cfd-b39c-3dce6a3539cf" status: 200 len: 19 microversion: 1.28 [pid: 8|app: 0|req: 381/769] 10.0.0.169 () {34 vars in 860 bytes} [Mon Jun 15 20:13:58 2026] GET /allocations/77fcdeb1-154a-4cfd-b39c-3dce6a3539cf => generated 19 bytes in 12 msecs (HTTP/1.1 200) 8 headers in 295 bytes (1 switches on core 0)
2026-06-15 20:13:58.158 7 INFO placement.requestlog [req-0f8b935f-7a31-47cf-90f9-47d20af537a4 req-4d7356d3-d41f-42c3-bbe5-c48585fbc7da 6f7bde025f1a478cad84c3547a5b5a66 04d056b16d244824b637045d713059ed - - 0c5e71a710ee4d4d9b14d4562644cb4e 0c5e71a710ee4d4d9b14d4562644cb4e] 10.0.0.169 "PUT /allocations/77fcdeb1-154a-4cfd-b39c-3dce6a3539cf" status: 204 len: 0 microversion: 1.36 [pid: 7|app: 0|req: 389/770] 10.0.0.169 () {38 vars in 913 bytes} [Mon Jun 15 20:13:58 2026] PUT /allocations/77fcdeb1-154a-4cfd-b39c-3dce6a3539cf => generated 0 bytes in 57 msecs (HTTP/1.1 204) 5 headers in 199 bytes (1 switches on core 0)
2026-06-15 20:13:58.849 8 INFO placement.requestlog [None req-98f7ec4a-2564-4c72-9a40-90dbd37cf8c7 - - - - - -] 10.0.0.188 "GET /" status: 200 len: 136 microversion: 1.0
2026-06-15 20:13:58.849 7 INFO placement.requestlog [None req-1285b1ba-c44b-4894-9bb6-8d1941d2ae13 - - - - - -] 10.0.0.188 "GET /" status: 200 len: 136 microversion: 1.0
2026-06-15 20:13:59.040 7 INFO placement.requestlog [None req-bfd05f26-4a00-4f6d-9c40-84ba872e275a 93fd75e7c16c433dac6ed82ee324d3ad 04d056b16d244824b637045d713059ed - - 0c5e71a710ee4d4d9b14d4562644cb4e 0c5e71a710ee4d4d9b14d4562644cb4e] 10.0.0.11 "GET /resource_providers/246e59cf-afa1-466d-a9d1-6122624ce158/aggregates" status: 404 len: 235 microversion: 1.1 [pid: 7|app: 0|req: 391/773] 10.0.0.11 () {32 vars in 823 bytes} [Mon Jun 15 20:13:59 2026] GET /resource_providers/246e59cf-afa1-466d-a9d1-6122624ce158/aggregates => generated 235 bytes in 8 msecs (HTTP/1.1 404) 5 headers in 202 bytes (1 switches on core 0)
2026-06-15 20:13:59.044 8 INFO placement.requestlog [None req-5949ace6-a05b-4b42-b242-b9f108943dda 93fd75e7c16c433dac6ed82ee324d3ad 04d056b16d244824b637045d713059ed - - 0c5e71a710ee4d4d9b14d4562644cb4e 0c5e71a710ee4d4d9b14d4562644cb4e] 10.0.0.11 "GET /resource_providers/246e59cf-afa1-466d-a9d1-6122624ce158/aggregates" status: 404 len: 235 microversion: 1.1 [pid: 8|app: 0|req: 383/774] 10.0.0.11 () {32 vars in 823 bytes} [Mon Jun 15 20:13:59 2026] GET /resource_providers/246e59cf-afa1-466d-a9d1-6122624ce158/aggregates => generated 235 bytes in 9 msecs (HTTP/1.1 404) 5 headers in 202 bytes (1 switches on core 0)
2026-06-15 20:13:59.051 7 INFO placement.requestlog [None req-927cc2ef-0bbc-4d3c-875b-1e6c5b69ede8 93fd75e7c16c433dac6ed82ee324d3ad 04d056b16d244824b637045d713059ed - - 0c5e71a710ee4d4d9b14d4562644cb4e 0c5e71a710ee4d4d9b14d4562644cb4e] 10.0.0.11 "DELETE /resource_providers/246e59cf-afa1-466d-a9d1-6122624ce158" status: 404 len: 246 microversion: 1.1 [pid: 7|app: 0|req: 392/775] 10.0.0.11 () {34 vars in 823 bytes} [Mon Jun 15 20:13:59 2026] DELETE /resource_providers/246e59cf-afa1-466d-a9d1-6122624ce158 => generated 246 bytes in 6 msecs (HTTP/1.1 404) 6 headers in 231 bytes (1 switches on core 0)
2026-06-15 20:13:59.059 8 INFO placement.requestlog [None req-a67ca068-8846-4e7d-8d29-ce97c73462eb 93fd75e7c16c433dac6ed82ee324d3ad 04d056b16d244824b637045d713059ed - - 0c5e71a710ee4d4d9b14d4562644cb4e 0c5e71a710ee4d4d9b14d4562644cb4e] 10.0.0.11 "DELETE /resource_providers/246e59cf-afa1-466d-a9d1-6122624ce158" status: 404 len: 246 microversion: 1.1 [pid: 8|app: 0|req: 384/776] 10.0.0.11 () {34 vars in 823 bytes} [Mon Jun 15 20:13:59 2026] DELETE /resource_providers/246e59cf-afa1-466d-a9d1-6122624ce158 => generated 246 bytes in 12 msecs (HTTP/1.1 404) 6 headers in 231 bytes (1 switches on core 0)
2026-06-15 20:13:59.669 7 INFO placement.requestlog [req-0f8b935f-7a31-47cf-90f9-47d20af537a4 req-a0e6686e-edab-4601-8b9d-94f8d602b56d 6f7bde025f1a478cad84c3547a5b5a66 04d056b16d244824b637045d713059ed - - 0c5e71a710ee4d4d9b14d4562644cb4e 0c5e71a710ee4d4d9b14d4562644cb4e] 199.19.213.159 "GET /allocations/77fcdeb1-154a-4cfd-b39c-3dce6a3539cf" status: 200 len: 257 microversion: 1.28 [pid: 7|app: 0|req: 393/777] 199.19.213.159 () {34 vars in 862 bytes} [Mon Jun 15 20:13:59 2026] GET /allocations/77fcdeb1-154a-4cfd-b39c-3dce6a3539cf => generated 257 bytes in 16 msecs (HTTP/1.1 200) 8 headers in 296 bytes (1 switches on core 0)
2026-06-15 20:14:00.710 8 INFO placement.requestlog [req-0f8b935f-7a31-47cf-90f9-47d20af537a4 req-a316e3f1-f61b-4445-b6c9-ceab21cb5ae5 6f7bde025f1a478cad84c3547a5b5a66 04d056b16d244824b637045d713059ed - - 0c5e71a710ee4d4d9b14d4562644cb4e 0c5e71a710ee4d4d9b14d4562644cb4e] 199.19.213.159 "GET /resource_providers/a0ec1d65-0a4e-4ddd-a49e-326dced34f4c/allocations" status: 200 len: 238 microversion: 1.0 [pid: 8|app: 0|req: 385/778] 199.19.213.159 () {32 vars in 856 bytes} [Mon Jun 15 20:14:00 2026] GET /resource_providers/a0ec1d65-0a4e-4ddd-a49e-326dced34f4c/allocations => generated 238 bytes in 22 msecs (HTTP/1.1 200) 6 headers in 224 bytes (1 switches on core 0)
2026-06-15 20:14:00.739 7 INFO placement.requestlog [req-0f8b935f-7a31-47cf-90f9-47d20af537a4 req-b731f827-9e62-43df-a307-0d4fefe6d47f 6f7bde025f1a478cad84c3547a5b5a66 04d056b16d244824b637045d713059ed - - 0c5e71a710ee4d4d9b14d4562644cb4e 0c5e71a710ee4d4d9b14d4562644cb4e] 199.19.213.159 "GET /allocations/14fb70b0-3b3f-4680-a44b-3a13fe218217" status: 200 len: 243 microversion: 1.28 [pid: 7|app: 0|req: 394/779] 199.19.213.159 () {34 vars in 862 bytes} [Mon Jun 15 20:14:00 2026] GET /allocations/14fb70b0-3b3f-4680-a44b-3a13fe218217 => generated 243 bytes in 25 msecs (HTTP/1.1 200) 8 headers in 296 bytes (1 switches on core 0)
2026-06-15 20:14:00.758 8 INFO placement.requestlog [req-0f8b935f-7a31-47cf-90f9-47d20af537a4 req-d4e3870c-04dc-416b-a082-c20be08866f8 6f7bde025f1a478cad84c3547a5b5a66 04d056b16d244824b637045d713059ed - - 0c5e71a710ee4d4d9b14d4562644cb4e 0c5e71a710ee4d4d9b14d4562644cb4e] 199.19.213.159 "GET /allocations/77fcdeb1-154a-4cfd-b39c-3dce6a3539cf" status: 200 len: 257 microversion: 1.28 [pid: 8|app: 0|req: 386/780] 199.19.213.159 () {34 vars in 862 bytes} [Mon Jun 15 20:14:00 2026] GET /allocations/77fcdeb1-154a-4cfd-b39c-3dce6a3539cf => generated 257 bytes in 13 msecs (HTTP/1.1 200) 8 headers in 296 bytes (1 switches on core 0)
2026-06-15 20:14:01.992 7 INFO placement.requestlog [None req-34d787d5-367d-41f3-83ab-c71d3b65539d 93fd75e7c16c433dac6ed82ee324d3ad 04d056b16d244824b637045d713059ed - - 0c5e71a710ee4d4d9b14d4562644cb4e 0c5e71a710ee4d4d9b14d4562644cb4e] 10.0.0.11 "GET /resource_providers/05139f01-0e22-4b87-8822-f1ec6596089c/aggregates" status: 404 len: 235 microversion: 1.1 [pid: 7|app: 0|req: 395/781] 10.0.0.11 () {32 vars in 823 bytes} [Mon Jun 15 20:14:01 2026] GET /resource_providers/05139f01-0e22-4b87-8822-f1ec6596089c/aggregates => generated 235 bytes in 19 msecs (HTTP/1.1 404) 5 headers in 202 bytes (1 switches on core 0)
2026-06-15 20:14:01.993 8 INFO placement.requestlog [None req-bd8d9af6-1653-479d-acc9-4442b94b0a5f 93fd75e7c16c433dac6ed82ee324d3ad 04d056b16d244824b637045d713059ed - - 0c5e71a710ee4d4d9b14d4562644cb4e 0c5e71a710ee4d4d9b14d4562644cb4e] 10.0.0.11 "GET /resource_providers/05139f01-0e22-4b87-8822-f1ec6596089c/aggregates" status: 404 len: 235 microversion: 1.1 [pid: 8|app: 0|req: 387/782] 10.0.0.11 () {32 vars in 823 bytes} [Mon Jun 15 20:14:01 2026] GET /resource_providers/05139f01-0e22-4b87-8822-f1ec6596089c/aggregates => generated 235 bytes in 19 msecs (HTTP/1.1 404) 5 headers in 202 bytes (1 switches on core 0)
2026-06-15 20:14:02.007 8 INFO placement.requestlog [None req-0113078c-db2d-4c1e-aced-ec73dae7f57e 93fd75e7c16c433dac6ed82ee324d3ad 04d056b16d244824b637045d713059ed - - 0c5e71a710ee4d4d9b14d4562644cb4e 0c5e71a710ee4d4d9b14d4562644cb4e] 10.0.0.11 "DELETE /resource_providers/05139f01-0e22-4b87-8822-f1ec6596089c" status: 404 len: 246 microversion: 1.1 [pid: 8|app: 0|req: 388/783] 10.0.0.11 () {34 vars in 823 bytes} [Mon Jun 15 20:14:02 2026] DELETE /resource_providers/05139f01-0e22-4b87-8822-f1ec6596089c => generated 246 bytes in 6 msecs (HTTP/1.1 404) 6 headers in 231 bytes (1 switches on core 0)
2026-06-15 20:14:02.010 7 INFO placement.requestlog [None req-3defb618-74fc-43d4-a8df-a87c692a953c 93fd75e7c16c433dac6ed82ee324d3ad 04d056b16d244824b637045d713059ed - - 0c5e71a710ee4d4d9b14d4562644cb4e 0c5e71a710ee4d4d9b14d4562644cb4e] 10.0.0.11 "DELETE /resource_providers/05139f01-0e22-4b87-8822-f1ec6596089c" status: 404 len: 246 microversion: 1.1 [pid: 7|app: 0|req: 396/784] 10.0.0.11 () {34 vars in 823 bytes} [Mon Jun 15 20:14:02 2026] DELETE /resource_providers/05139f01-0e22-4b87-8822-f1ec6596089c => generated 246 bytes in 9 msecs (HTTP/1.1 404) 6 headers in 231 bytes (1 switches on core 0)
2026-06-15 20:14:06.550 7 INFO placement.requestlog [None req-fca0d952-4f50-428d-a519-8b1a19690521 93fd75e7c16c433dac6ed82ee324d3ad 04d056b16d244824b637045d713059ed - - 0c5e71a710ee4d4d9b14d4562644cb4e 0c5e71a710ee4d4d9b14d4562644cb4e] 10.0.0.11 "GET /resource_providers/2ac534ae-334e-4f0e-96d4-d083d27f2734/aggregates" status: 404 len: 235 microversion: 1.1 [pid: 7|app: 0|req: 397/785] 10.0.0.11 () {32 vars in 823 bytes} [Mon Jun 15 20:14:06 2026] GET /resource_providers/2ac534ae-334e-4f0e-96d4-d083d27f2734/aggregates => generated 235 bytes in 8 msecs (HTTP/1.1 404) 5 headers in 202 bytes (1 switches on core 0)
2026-06-15 20:14:06.553 8 INFO placement.requestlog [None req-65653690-0893-44c9-88a0-7df2fc8f65b6 93fd75e7c16c433dac6ed82ee324d3ad 04d056b16d244824b637045d713059ed - - 0c5e71a710ee4d4d9b14d4562644cb4e 0c5e71a710ee4d4d9b14d4562644cb4e] 10.0.0.11 "GET /resource_providers/2ac534ae-334e-4f0e-96d4-d083d27f2734/aggregates" status: 404 len: 235 microversion: 1.1 [pid: 8|app: 0|req: 389/786] 10.0.0.11 () {32 vars in 823 bytes} [Mon Jun 15 20:14:06 2026] GET /resource_providers/2ac534ae-334e-4f0e-96d4-d083d27f2734/aggregates => generated 235 bytes in 12 msecs (HTTP/1.1 404) 5 headers in 202 bytes (1 switches on core 0)
2026-06-15 20:14:06.563 7 INFO placement.requestlog [None req-a9f61402-12a0-4b17-a17c-498af4bfaba8 93fd75e7c16c433dac6ed82ee324d3ad 04d056b16d244824b637045d713059ed - - 0c5e71a710ee4d4d9b14d4562644cb4e 0c5e71a710ee4d4d9b14d4562644cb4e] 10.0.0.11 "DELETE /resource_providers/2ac534ae-334e-4f0e-96d4-d083d27f2734" status: 404 len: 246 microversion: 1.1 [pid: 7|app: 0|req: 398/787] 10.0.0.11 () {34 vars in 823 bytes} [Mon Jun 15 20:14:06 2026] DELETE /resource_providers/2ac534ae-334e-4f0e-96d4-d083d27f2734 => generated 246 bytes in 8 msecs (HTTP/1.1 404) 6 headers in 231 bytes (1 switches on core 0)
2026-06-15 20:14:06.572 8 INFO placement.requestlog [None req-2c7ad2a7-0d29-45bf-9527-3569faa7d8f3 93fd75e7c16c433dac6ed82ee324d3ad 04d056b16d244824b637045d713059ed - - 0c5e71a710ee4d4d9b14d4562644cb4e 0c5e71a710ee4d4d9b14d4562644cb4e] 10.0.0.11 "DELETE /resource_providers/2ac534ae-334e-4f0e-96d4-d083d27f2734" status: 404 len: 246 microversion: 1.1 [pid: 8|app: 0|req: 390/788] 10.0.0.11 () {34 vars in 823 bytes} [Mon Jun 15 20:14:06 2026] DELETE /resource_providers/2ac534ae-334e-4f0e-96d4-d083d27f2734 => generated 246 bytes in 13 msecs (HTTP/1.1 404) 6 headers in 231 bytes (1 switches on core 0)
2026-06-15 20:14:08.849 8 INFO placement.requestlog [None req-8e3154d6-b6af-40e4-843f-af191d54ae8d - - - - - -] 10.0.0.188 "GET /" status: 200 len: 136 microversion: 1.0
2026-06-15 20:14:08.849 7 INFO placement.requestlog [None req-e68a490a-d2b6-4456-8f34-0ba3a3cbd391 - - - - - -] 10.0.0.188 "GET /" status: 200 len: 136 microversion: 1.0
2026-06-15 20:14:10.102 8 INFO placement.requestlog [req-6355698b-1be3-45a6-b7bf-38487c845c32 req-13d943b6-78e1-4d6e-af14-f27405204aba 6f7bde025f1a478cad84c3547a5b5a66 04d056b16d244824b637045d713059ed - - 0c5e71a710ee4d4d9b14d4562644cb4e 0c5e71a710ee4d4d9b14d4562644cb4e] 199.19.213.159 "GET /resource_providers/a0ec1d65-0a4e-4ddd-a49e-326dced34f4c/allocations" status: 200 len: 238 microversion: 1.0 [pid: 8|app: 0|req: 392/791] 199.19.213.159 () {32 vars in 856 bytes} [Mon Jun 15 20:14:10 2026] GET /resource_providers/a0ec1d65-0a4e-4ddd-a49e-326dced34f4c/allocations => generated 238 bytes in 16 msecs (HTTP/1.1 200) 6 headers in 224 bytes (1 switches on core 0)
2026-06-15 20:14:10.119 7 INFO placement.requestlog [req-6355698b-1be3-45a6-b7bf-38487c845c32 req-bc710651-8e1c-4b92-bece-1a31af79fe47 6f7bde025f1a478cad84c3547a5b5a66 04d056b16d244824b637045d713059ed - - 0c5e71a710ee4d4d9b14d4562644cb4e 0c5e71a710ee4d4d9b14d4562644cb4e] 199.19.213.159 "GET /allocations/14fb70b0-3b3f-4680-a44b-3a13fe218217" status: 200 len: 243 microversion: 1.28 [pid: 7|app: 0|req: 400/792] 199.19.213.159 () {34 vars in 862 bytes} [Mon Jun 15 20:14:10 2026] GET /allocations/14fb70b0-3b3f-4680-a44b-3a13fe218217 => generated 243 bytes in 11 msecs (HTTP/1.1 200) 8 headers in 296 bytes (1 switches on core 0)
2026-06-15 20:14:10.134 8 INFO placement.requestlog [req-6355698b-1be3-45a6-b7bf-38487c845c32 req-f2beb757-7c10-47dd-93e0-2e77ed95fc01 6f7bde025f1a478cad84c3547a5b5a66 04d056b16d244824b637045d713059ed - - 0c5e71a710ee4d4d9b14d4562644cb4e 0c5e71a710ee4d4d9b14d4562644cb4e] 199.19.213.159 "GET /allocations/77fcdeb1-154a-4cfd-b39c-3dce6a3539cf" status: 200 len: 257 microversion: 1.28 [pid: 8|app: 0|req: 393/793] 199.19.213.159 () {34 vars in 862 bytes} [Mon Jun 15 20:14:10 2026] GET /allocations/77fcdeb1-154a-4cfd-b39c-3dce6a3539cf => generated 257 bytes in 10 msecs (HTTP/1.1 200) 8 headers in 296 bytes (1 switches on core 0)
2026-06-15 20:14:11.220 7 INFO placement.requestlog [req-6355698b-1be3-45a6-b7bf-38487c845c32 req-629a6a70-8e66-4c5f-ac84-36bd45d781fe 6f7bde025f1a478cad84c3547a5b5a66 04d056b16d244824b637045d713059ed - - 0c5e71a710ee4d4d9b14d4562644cb4e 0c5e71a710ee4d4d9b14d4562644cb4e] 199.19.213.159 "DELETE /allocations/14fb70b0-3b3f-4680-a44b-3a13fe218217" status: 204 len: 0 microversion: 1.0 [pid: 7|app: 0|req: 401/794] 199.19.213.159 () {34 vars in 840 bytes} [Mon Jun 15 20:14:11 2026] DELETE /allocations/14fb70b0-3b3f-4680-a44b-3a13fe218217 => generated 0 bytes in 40 msecs (HTTP/1.1 204) 5 headers in 198 bytes (1 switches on core 0)
2026-06-15 20:14:14.092 8 INFO placement.requestlog [req-96665c1a-b315-4f4d-8f92-e5dbefc6b495 req-6a13582e-0e41-4f44-9b02-0f59f04d6cd4 6f7bde025f1a478cad84c3547a5b5a66 04d056b16d244824b637045d713059ed - - 0c5e71a710ee4d4d9b14d4562644cb4e 0c5e71a710ee4d4d9b14d4562644cb4e] 10.0.0.169 "GET /allocation_candidates?limit=1000&resources=DISK_GB%3A1%2CMEMORY_MB%3A512%2CVCPU%3A1&root_required=%21COMPUTE_STATUS_DISABLED" status: 200 len: 2386 microversion: 1.36 [pid: 8|app: 0|req: 394/795] 10.0.0.169 () {34 vars in 1011 bytes} [Mon Jun 15 20:14:14 2026] GET /allocation_candidates?limit=1000&resources=DISK_GB%3A1%2CMEMORY_MB%3A512%2CVCPU%3A1&root_required=%21COMPUTE_STATUS_DISABLED => generated 2386 bytes in 49 msecs (HTTP/1.1 200) 8 headers in 297 bytes (1 switches on core 0)
2026-06-15 20:14:14.131 7 INFO placement.requestlog [req-96665c1a-b315-4f4d-8f92-e5dbefc6b495 req-0e18dea2-dbaa-44c5-b24a-b54b7d155199 6f7bde025f1a478cad84c3547a5b5a66 04d056b16d244824b637045d713059ed - - 0c5e71a710ee4d4d9b14d4562644cb4e 0c5e71a710ee4d4d9b14d4562644cb4e] 10.0.0.169 "GET /allocations/18772821-6835-4d1f-890f-fc3775e9c9fc" status: 200 len: 19 microversion: 1.28 [pid: 7|app: 0|req: 402/796] 10.0.0.169 () {34 vars in 860 bytes} [Mon Jun 15 20:14:14 2026] GET /allocations/18772821-6835-4d1f-890f-fc3775e9c9fc => generated 19 bytes in 23 msecs (HTTP/1.1 200) 8 headers in 295 bytes (1 switches on core 0)
2026-06-15 20:14:14.192 8 INFO placement.requestlog [req-96665c1a-b315-4f4d-8f92-e5dbefc6b495 req-0201619e-e6b0-4e9d-a8d9-db5d6c3a7c5a 6f7bde025f1a478cad84c3547a5b5a66 04d056b16d244824b637045d713059ed - - 0c5e71a710ee4d4d9b14d4562644cb4e 0c5e71a710ee4d4d9b14d4562644cb4e] 10.0.0.169 "PUT /allocations/18772821-6835-4d1f-890f-fc3775e9c9fc" status: 204 len: 0 microversion: 1.36 [pid: 8|app: 0|req: 395/797] 10.0.0.169 () {38 vars in 913 bytes} [Mon Jun 15 20:14:14 2026] PUT /allocations/18772821-6835-4d1f-890f-fc3775e9c9fc => generated 0 bytes in 54 msecs (HTTP/1.1 204) 5 headers in 199 bytes (1 switches on core 0)
2026-06-15 20:14:15.327 7 INFO placement.requestlog [None req-df621fa4-c39f-4e65-b024-82a77a60f665 93fd75e7c16c433dac6ed82ee324d3ad 04d056b16d244824b637045d713059ed - - 0c5e71a710ee4d4d9b14d4562644cb4e 0c5e71a710ee4d4d9b14d4562644cb4e] 10.0.0.11 "GET /resource_providers/707a5eca-ee4c-45f4-8e91-7c1e053b18f5/aggregates" status: 404 len: 235 microversion: 1.1 [pid: 7|app: 0|req: 403/798] 10.0.0.11 () {32 vars in 823 bytes} [Mon Jun 15 20:14:15 2026] GET /resource_providers/707a5eca-ee4c-45f4-8e91-7c1e053b18f5/aggregates => generated 235 bytes in 12 msecs (HTTP/1.1 404) 5 headers in 202 bytes (1 switches on core 0)
2026-06-15 20:14:15.327 8 INFO placement.requestlog [None req-18691829-a514-4032-bcfa-eaf560240867 93fd75e7c16c433dac6ed82ee324d3ad 04d056b16d244824b637045d713059ed - - 0c5e71a710ee4d4d9b14d4562644cb4e 0c5e71a710ee4d4d9b14d4562644cb4e] 10.0.0.11 "GET /resource_providers/707a5eca-ee4c-45f4-8e91-7c1e053b18f5/aggregates" status: 404 len: 235 microversion: 1.1 [pid: 8|app: 0|req: 396/799] 10.0.0.11 () {32 vars in 823 bytes} [Mon Jun 15 20:14:15 2026] GET /resource_providers/707a5eca-ee4c-45f4-8e91-7c1e053b18f5/aggregates => generated 235 bytes in 12 msecs (HTTP/1.1 404) 5 headers in 202 bytes (1 switches on core 0)
2026-06-15 20:14:15.343 7 INFO placement.requestlog [None req-546e93d4-1d5d-4a3f-93e4-241dcf6d363c 93fd75e7c16c433dac6ed82ee324d3ad 04d056b16d244824b637045d713059ed - - 0c5e71a710ee4d4d9b14d4562644cb4e 0c5e71a710ee4d4d9b14d4562644cb4e] 10.0.0.11 "DELETE /resource_providers/707a5eca-ee4c-45f4-8e91-7c1e053b18f5" status: 404 len: 246 microversion: 1.1 [pid: 7|app: 0|req: 404/800] 10.0.0.11 () {34 vars in 823 bytes} [Mon Jun 15 20:14:15 2026] DELETE /resource_providers/707a5eca-ee4c-45f4-8e91-7c1e053b18f5 => generated 246 bytes in 9 msecs (HTTP/1.1 404) 6 headers in 231 bytes (1 switches on core 0)
2026-06-15 20:14:15.357 8 INFO placement.requestlog [None req-505cacae-1090-4a95-9c3f-6b26ed5db153 93fd75e7c16c433dac6ed82ee324d3ad 04d056b16d244824b637045d713059ed - - 0c5e71a710ee4d4d9b14d4562644cb4e 0c5e71a710ee4d4d9b14d4562644cb4e] 10.0.0.11 "DELETE /resource_providers/707a5eca-ee4c-45f4-8e91-7c1e053b18f5" status: 404 len: 246 microversion: 1.1 [pid: 8|app: 0|req: 397/801] 10.0.0.11 () {34 vars in 823 bytes} [Mon Jun 15 20:14:15 2026] DELETE /resource_providers/707a5eca-ee4c-45f4-8e91-7c1e053b18f5 => generated 246 bytes in 18 msecs (HTTP/1.1 404) 6 headers in 231 bytes (1 switches on core 0)
2026-06-15 20:14:15.775 7 INFO placement.requestlog [req-96665c1a-b315-4f4d-8f92-e5dbefc6b495 req-1a9d9dfa-c1ca-4fee-9434-21ef67e73ec2 6f7bde025f1a478cad84c3547a5b5a66 04d056b16d244824b637045d713059ed - - 0c5e71a710ee4d4d9b14d4562644cb4e 0c5e71a710ee4d4d9b14d4562644cb4e] 199.19.213.159 "GET /allocations/18772821-6835-4d1f-890f-fc3775e9c9fc" status: 200 len: 257 microversion: 1.28 [pid: 7|app: 0|req: 405/802] 199.19.213.159 () {34 vars in 862 bytes} [Mon Jun 15 20:14:15 2026] GET /allocations/18772821-6835-4d1f-890f-fc3775e9c9fc => generated 257 bytes in 15 msecs (HTTP/1.1 200) 8 headers in 296 bytes (1 switches on core 0)
2026-06-15 20:14:16.813 8 INFO placement.requestlog [req-96665c1a-b315-4f4d-8f92-e5dbefc6b495 req-5651b7b0-e139-4c58-a36e-db1183fa7dd3 6f7bde025f1a478cad84c3547a5b5a66 04d056b16d244824b637045d713059ed - - 0c5e71a710ee4d4d9b14d4562644cb4e 0c5e71a710ee4d4d9b14d4562644cb4e] 199.19.213.159 "GET /resource_providers/a0ec1d65-0a4e-4ddd-a49e-326dced34f4c/allocations" status: 200 len: 252 microversion: 1.0 [pid: 8|app: 0|req: 398/803] 199.19.213.159 () {32 vars in 856 bytes} [Mon Jun 15 20:14:16 2026] GET /resource_providers/a0ec1d65-0a4e-4ddd-a49e-326dced34f4c/allocations => generated 252 bytes in 17 msecs (HTTP/1.1 200) 6 headers in 224 bytes (1 switches on core 0)
2026-06-15 20:14:16.829 7 INFO placement.requestlog [req-96665c1a-b315-4f4d-8f92-e5dbefc6b495 req-6b423843-99ea-4b49-952a-cf5efe7f6726 6f7bde025f1a478cad84c3547a5b5a66 04d056b16d244824b637045d713059ed - - 0c5e71a710ee4d4d9b14d4562644cb4e 0c5e71a710ee4d4d9b14d4562644cb4e] 199.19.213.159 "GET /allocations/18772821-6835-4d1f-890f-fc3775e9c9fc" status: 200 len: 257 microversion: 1.28 [pid: 7|app: 0|req: 406/804] 199.19.213.159 () {34 vars in 862 bytes} [Mon Jun 15 20:14:16 2026] GET /allocations/18772821-6835-4d1f-890f-fc3775e9c9fc => generated 257 bytes in 11 msecs (HTTP/1.1 200) 8 headers in 296 bytes (1 switches on core 0)
2026-06-15 20:14:16.846 8 INFO placement.requestlog [req-96665c1a-b315-4f4d-8f92-e5dbefc6b495 req-69a61721-5b1e-4013-9d43-950c91f3325e 6f7bde025f1a478cad84c3547a5b5a66 04d056b16d244824b637045d713059ed - - 0c5e71a710ee4d4d9b14d4562644cb4e 0c5e71a710ee4d4d9b14d4562644cb4e] 199.19.213.159 "GET /allocations/77fcdeb1-154a-4cfd-b39c-3dce6a3539cf" status: 200 len: 257 microversion: 1.28 [pid: 8|app: 0|req: 399/805] 199.19.213.159 () {34 vars in 862 bytes} [Mon Jun 15 20:14:16 2026] GET /allocations/77fcdeb1-154a-4cfd-b39c-3dce6a3539cf => generated 257 bytes in 13 msecs (HTTP/1.1 200) 8 headers in 296 bytes (1 switches on core 0)
2026-06-15 20:14:17.896 7 INFO placement.requestlog [req-32dfb42d-a8cd-41a1-b486-363686cb8966 req-741db6a1-4815-4495-ac2a-087196f613e3 6f7bde025f1a478cad84c3547a5b5a66 04d056b16d244824b637045d713059ed - - 0c5e71a710ee4d4d9b14d4562644cb4e 0c5e71a710ee4d4d9b14d4562644cb4e] 199.19.213.159 "GET /resource_providers/a0ec1d65-0a4e-4ddd-a49e-326dced34f4c/allocations" status: 200 len: 252 microversion: 1.0 [pid: 7|app: 0|req: 407/806] 199.19.213.159 () {32 vars in 856 bytes} [Mon Jun 15 20:14:17 2026] GET /resource_providers/a0ec1d65-0a4e-4ddd-a49e-326dced34f4c/allocations => generated 252 bytes in 15 msecs (HTTP/1.1 200) 6 headers in 224 bytes (1 switches on core 0)
2026-06-15 20:14:17.912 8 INFO placement.requestlog [req-32dfb42d-a8cd-41a1-b486-363686cb8966 req-f9027848-3cb5-40a2-a8f4-d7c58d1f1162 6f7bde025f1a478cad84c3547a5b5a66 04d056b16d244824b637045d713059ed - - 0c5e71a710ee4d4d9b14d4562644cb4e 0c5e71a710ee4d4d9b14d4562644cb4e] 199.19.213.159 "GET /allocations/18772821-6835-4d1f-890f-fc3775e9c9fc" status: 200 len: 257 microversion: 1.28 [pid: 8|app: 0|req: 400/807] 199.19.213.159 () {34 vars in 862 bytes} [Mon Jun 15 20:14:17 2026] GET /allocations/18772821-6835-4d1f-890f-fc3775e9c9fc => generated 257 bytes in 11 msecs (HTTP/1.1 200) 8 headers in 296 bytes (1 switches on core 0)
2026-06-15 20:14:17.934 7 INFO placement.requestlog [req-32dfb42d-a8cd-41a1-b486-363686cb8966 req-608a3433-2d17-4dd0-82a2-3886cf1abbdc 6f7bde025f1a478cad84c3547a5b5a66 04d056b16d244824b637045d713059ed - - 0c5e71a710ee4d4d9b14d4562644cb4e 0c5e71a710ee4d4d9b14d4562644cb4e] 199.19.213.159 "GET /allocations/77fcdeb1-154a-4cfd-b39c-3dce6a3539cf" status: 200 len: 257 microversion: 1.28 [pid: 7|app: 0|req: 408/808] 199.19.213.159 () {34 vars in 862 bytes} [Mon Jun 15 20:14:17 2026] GET /allocations/77fcdeb1-154a-4cfd-b39c-3dce6a3539cf => generated 257 bytes in 15 msecs (HTTP/1.1 200) 8 headers in 296 bytes (1 switches on core 0)
2026-06-15 20:14:18.850 8 INFO placement.requestlog [None req-983fd9a0-735b-4e34-8ed1-1ba89b36cfa0 - - - - - -] 10.0.0.188 "GET /" status: 200 len: 136 microversion: 1.0
2026-06-15 20:14:18.851 7 INFO placement.requestlog [None req-52f17b0a-d792-4ad6-a729-60974b2b9e2f - - - - - -] 10.0.0.188 "GET /" status: 200 len: 136 microversion: 1.0
2026-06-15 20:14:18.983 8 INFO placement.requestlog [req-32dfb42d-a8cd-41a1-b486-363686cb8966 req-72972da8-4c1d-4930-b754-79649c3782cd 6f7bde025f1a478cad84c3547a5b5a66 04d056b16d244824b637045d713059ed - - 0c5e71a710ee4d4d9b14d4562644cb4e 0c5e71a710ee4d4d9b14d4562644cb4e] 199.19.213.159 "DELETE /allocations/77fcdeb1-154a-4cfd-b39c-3dce6a3539cf" status: 204 len: 0 microversion: 1.0 [pid: 8|app: 0|req: 402/811] 199.19.213.159 () {34 vars in 840 bytes} [Mon Jun 15 20:14:18 2026] DELETE /allocations/77fcdeb1-154a-4cfd-b39c-3dce6a3539cf => generated 0 bytes in 25 msecs (HTTP/1.1 204) 5 headers in 198 bytes (1 switches on core 0)
2026-06-15 20:14:23.505 7 INFO placement.requestlog [None req-99c83306-7c36-480f-b017-77101fc4ed88 93fd75e7c16c433dac6ed82ee324d3ad 04d056b16d244824b637045d713059ed - - 0c5e71a710ee4d4d9b14d4562644cb4e 0c5e71a710ee4d4d9b14d4562644cb4e] 10.0.0.11 "GET /resource_providers/43c2871b-10d4-40c8-859e-76b30e4bef5d/aggregates" status: 404 len: 235 microversion: 1.1 [pid: 7|app: 0|req: 410/812] 10.0.0.11 () {32 vars in 823 bytes} [Mon Jun 15 20:14:23 2026] GET /resource_providers/43c2871b-10d4-40c8-859e-76b30e4bef5d/aggregates => generated 235 bytes in 11 msecs (HTTP/1.1 404) 5 headers in 202 bytes (1 switches on core 0)
2026-06-15 20:14:23.506 8 INFO placement.requestlog [None req-a18a1b60-1569-4b8e-af85-3a8ccf6a4eab 93fd75e7c16c433dac6ed82ee324d3ad 04d056b16d244824b637045d713059ed - - 0c5e71a710ee4d4d9b14d4562644cb4e 0c5e71a710ee4d4d9b14d4562644cb4e] 10.0.0.11 "GET /resource_providers/43c2871b-10d4-40c8-859e-76b30e4bef5d/aggregates" status: 404 len: 235 microversion: 1.1 [pid: 8|app: 0|req: 403/813] 10.0.0.11 () {32 vars in 823 bytes} [Mon Jun 15 20:14:23 2026] GET /resource_providers/43c2871b-10d4-40c8-859e-76b30e4bef5d/aggregates => generated 235 bytes in 11 msecs (HTTP/1.1 404) 5 headers in 202 bytes (1 switches on core 0)
2026-06-15 20:14:23.522 7 INFO placement.requestlog [None req-3b012352-ba52-49e3-9aea-214e3b0841f5 93fd75e7c16c433dac6ed82ee324d3ad 04d056b16d244824b637045d713059ed - - 0c5e71a710ee4d4d9b14d4562644cb4e 0c5e71a710ee4d4d9b14d4562644cb4e] 10.0.0.11 "DELETE /resource_providers/43c2871b-10d4-40c8-859e-76b30e4bef5d" status: 404 len: 246 microversion: 1.1 [pid: 7|app: 0|req: 411/814] 10.0.0.11 () {34 vars in 823 bytes} [Mon Jun 15 20:14:23 2026] DELETE /resource_providers/43c2871b-10d4-40c8-859e-76b30e4bef5d => generated 246 bytes in 9 msecs (HTTP/1.1 404) 6 headers in 231 bytes (1 switches on core 0)
2026-06-15 20:14:23.524 8 INFO placement.requestlog [None req-972fd531-48e0-4889-9900-3548f9a1cf81 93fd75e7c16c433dac6ed82ee324d3ad 04d056b16d244824b637045d713059ed - - 0c5e71a710ee4d4d9b14d4562644cb4e 0c5e71a710ee4d4d9b14d4562644cb4e] 10.0.0.11 "DELETE /resource_providers/43c2871b-10d4-40c8-859e-76b30e4bef5d" status: 404 len: 246 microversion: 1.1 [pid: 8|app: 0|req: 404/815] 10.0.0.11 () {34 vars in 823 bytes} [Mon Jun 15 20:14:23 2026] DELETE /resource_providers/43c2871b-10d4-40c8-859e-76b30e4bef5d => generated 246 bytes in 10 msecs (HTTP/1.1 404) 6 headers in 231 bytes (1 switches on core 0)
2026-06-15 20:14:25.265 7 INFO placement.requestlog [req-7386aa60-a20f-4930-9eb0-b8ad12f597e1 req-a0c8c70c-a654-4359-8564-28620d0912e7 6f7bde025f1a478cad84c3547a5b5a66 04d056b16d244824b637045d713059ed - - 0c5e71a710ee4d4d9b14d4562644cb4e 0c5e71a710ee4d4d9b14d4562644cb4e] 10.0.0.169 "GET /allocation_candidates?limit=1000&resources=DISK_GB%3A1%2CMEMORY_MB%3A512%2CVCPU%3A1&root_required=%21COMPUTE_STATUS_DISABLED" status: 200 len: 2386 microversion: 1.36 [pid: 7|app: 0|req: 412/816] 10.0.0.169 () {34 vars in 1011 bytes} [Mon Jun 15 20:14:25 2026] GET /allocation_candidates?limit=1000&resources=DISK_GB%3A1%2CMEMORY_MB%3A512%2CVCPU%3A1&root_required=%21COMPUTE_STATUS_DISABLED => generated 2386 bytes in 51 msecs (HTTP/1.1 200) 8 headers in 297 bytes (1 switches on core 0)
2026-06-15 20:14:25.288 8 INFO placement.requestlog [req-7386aa60-a20f-4930-9eb0-b8ad12f597e1 req-79ba7783-71e2-40c6-a5dd-6f3567a5b4cd 6f7bde025f1a478cad84c3547a5b5a66 04d056b16d244824b637045d713059ed - - 0c5e71a710ee4d4d9b14d4562644cb4e 0c5e71a710ee4d4d9b14d4562644cb4e] 10.0.0.169 "GET /allocations/43652171-f090-4154-9765-8071366e2ccf" status: 200 len: 19 microversion: 1.28 [pid: 8|app: 0|req: 405/817] 10.0.0.169 () {34 vars in 860 bytes} [Mon Jun 15 20:14:25 2026] GET /allocations/43652171-f090-4154-9765-8071366e2ccf => generated 19 bytes in 10 msecs (HTTP/1.1 200) 8 headers in 295 bytes (1 switches on core 0)
2026-06-15 20:14:25.351 7 INFO placement.requestlog [req-7386aa60-a20f-4930-9eb0-b8ad12f597e1 req-eef5052f-dcda-4ea0-a3a0-fe38892ebc63 6f7bde025f1a478cad84c3547a5b5a66 04d056b16d244824b637045d713059ed - - 0c5e71a710ee4d4d9b14d4562644cb4e 0c5e71a710ee4d4d9b14d4562644cb4e] 10.0.0.169 "PUT /allocations/43652171-f090-4154-9765-8071366e2ccf" status: 204 len: 0 microversion: 1.36 [pid: 7|app: 0|req: 413/818] 10.0.0.169 () {38 vars in 913 bytes} [Mon Jun 15 20:14:25 2026] PUT /allocations/43652171-f090-4154-9765-8071366e2ccf => generated 0 bytes in 60 msecs (HTTP/1.1 204) 5 headers in 199 bytes (1 switches on core 0)
2026-06-15 20:14:26.870 8 INFO placement.requestlog [req-7386aa60-a20f-4930-9eb0-b8ad12f597e1 req-028656d6-66eb-4046-b783-77932826e0e7 6f7bde025f1a478cad84c3547a5b5a66 04d056b16d244824b637045d713059ed - - 0c5e71a710ee4d4d9b14d4562644cb4e 0c5e71a710ee4d4d9b14d4562644cb4e] 199.19.213.159 "GET /allocations/43652171-f090-4154-9765-8071366e2ccf" status: 200 len: 258 microversion: 1.28 [pid: 8|app: 0|req: 406/819] 199.19.213.159 () {34 vars in 862 bytes} [Mon Jun 15 20:14:26 2026] GET /allocations/43652171-f090-4154-9765-8071366e2ccf => generated 258 bytes in 13 msecs (HTTP/1.1 200) 8 headers in 296 bytes (1 switches on core 0)
2026-06-15 20:14:27.904 7 INFO placement.requestlog [req-7386aa60-a20f-4930-9eb0-b8ad12f597e1 req-0cbfe271-923f-43aa-aae4-ff2106f04bd9 6f7bde025f1a478cad84c3547a5b5a66 04d056b16d244824b637045d713059ed - - 0c5e71a710ee4d4d9b14d4562644cb4e 0c5e71a710ee4d4d9b14d4562644cb4e] 199.19.213.159 "GET /resource_providers/a0ec1d65-0a4e-4ddd-a49e-326dced34f4c/allocations" status: 200 len: 253 microversion: 1.0 [pid: 7|app: 0|req: 414/820] 199.19.213.159 () {32 vars in 856 bytes} [Mon Jun 15 20:14:27 2026] GET /resource_providers/a0ec1d65-0a4e-4ddd-a49e-326dced34f4c/allocations => generated 253 bytes in 15 msecs (HTTP/1.1 200) 6 headers in 224 bytes (1 switches on core 0)
2026-06-15 20:14:27.926 8 INFO placement.requestlog [req-7386aa60-a20f-4930-9eb0-b8ad12f597e1 req-6b8f212b-edfc-4a62-b1f3-f4beae055fa5 6f7bde025f1a478cad84c3547a5b5a66 04d056b16d244824b637045d713059ed - - 0c5e71a710ee4d4d9b14d4562644cb4e 0c5e71a710ee4d4d9b14d4562644cb4e] 199.19.213.159 "GET /allocations/18772821-6835-4d1f-890f-fc3775e9c9fc" status: 200 len: 258 microversion: 1.28 [pid: 8|app: 0|req: 407/821] 199.19.213.159 () {34 vars in 862 bytes} [Mon Jun 15 20:14:27 2026] GET /allocations/18772821-6835-4d1f-890f-fc3775e9c9fc => generated 258 bytes in 15 msecs (HTTP/1.1 200) 8 headers in 296 bytes (1 switches on core 0)
2026-06-15 20:14:27.944 7 INFO placement.requestlog [req-7386aa60-a20f-4930-9eb0-b8ad12f597e1 req-5b4785d5-1ff5-441f-ace3-b5370a655f52 6f7bde025f1a478cad84c3547a5b5a66 04d056b16d244824b637045d713059ed - - 0c5e71a710ee4d4d9b14d4562644cb4e 0c5e71a710ee4d4d9b14d4562644cb4e] 199.19.213.159 "GET /allocations/43652171-f090-4154-9765-8071366e2ccf" status: 200 len: 258 microversion: 1.28 [pid: 7|app: 0|req: 415/822] 199.19.213.159 () {34 vars in 862 bytes} [Mon Jun 15 20:14:27 2026] GET /allocations/43652171-f090-4154-9765-8071366e2ccf => generated 258 bytes in 11 msecs (HTTP/1.1 200) 8 headers in 296 bytes (1 switches on core 0)
2026-06-15 20:14:28.849 7 INFO placement.requestlog [None req-025ca52c-3b31-4ea2-84fc-382bc54afec0 - - - - - -] 10.0.0.188 "GET /" status: 200 len: 136 microversion: 1.0
2026-06-15 20:14:28.850 8 INFO placement.requestlog [None req-5566c92f-ac0d-4638-974d-066f64a930a1 - - - - - -] 10.0.0.188 "GET /" status: 200 len: 136 microversion: 1.0
2026-06-15 20:14:38.848 7 INFO placement.requestlog [None req-38cb3d0e-59de-4bde-951b-19378358c569 - - - - - -] 10.0.0.188 "GET /" status: 200 len: 136 microversion: 1.0
2026-06-15 20:14:38.849 8 INFO placement.requestlog [None req-126bc621-c82b-4d0b-9ba0-b6c5ad55fb13 - - - - - -] 10.0.0.188 "GET /" status: 200 len: 136 microversion: 1.0
2026-06-15 20:14:39.390 7 INFO placement.requestlog [None req-46ea1ef2-b60a-4192-8d00-e7698a1cb56c 93fd75e7c16c433dac6ed82ee324d3ad 04d056b16d244824b637045d713059ed - - 0c5e71a710ee4d4d9b14d4562644cb4e 0c5e71a710ee4d4d9b14d4562644cb4e] 10.0.0.11 "GET /resource_providers/335ffd66-dca0-401a-9af9-cfa324e6e177/aggregates" status: 404 len: 235 microversion: 1.1 [pid: 7|app: 0|req: 418/827] 10.0.0.11 () {32 vars in 823 bytes} [Mon Jun 15 20:14:39 2026] GET /resource_providers/335ffd66-dca0-401a-9af9-cfa324e6e177/aggregates => generated 235 bytes in 11 msecs (HTTP/1.1 404) 5 headers in 202 bytes (1 switches on core 0)
2026-06-15 20:14:39.391 8 INFO placement.requestlog [None req-21655be1-571c-4884-b205-7ab2cb03c1b2 93fd75e7c16c433dac6ed82ee324d3ad 04d056b16d244824b637045d713059ed - - 0c5e71a710ee4d4d9b14d4562644cb4e 0c5e71a710ee4d4d9b14d4562644cb4e] 10.0.0.11 "GET /resource_providers/335ffd66-dca0-401a-9af9-cfa324e6e177/aggregates" status: 404 len: 235 microversion: 1.1 [pid: 8|app: 0|req: 410/828] 10.0.0.11 () {32 vars in 823 bytes} [Mon Jun 15 20:14:39 2026] GET /resource_providers/335ffd66-dca0-401a-9af9-cfa324e6e177/aggregates => generated 235 bytes in 11 msecs (HTTP/1.1 404) 5 headers in 202 bytes (1 switches on core 0)
2026-06-15 20:14:39.407 7 INFO placement.requestlog [None req-a4010589-63a4-4539-9484-3b47848707dc 93fd75e7c16c433dac6ed82ee324d3ad 04d056b16d244824b637045d713059ed - - 0c5e71a710ee4d4d9b14d4562644cb4e 0c5e71a710ee4d4d9b14d4562644cb4e] 10.0.0.11 "DELETE /resource_providers/335ffd66-dca0-401a-9af9-cfa324e6e177" status: 404 len: 246 microversion: 1.1 [pid: 7|app: 0|req: 419/829] 10.0.0.11 () {34 vars in 823 bytes} [Mon Jun 15 20:14:39 2026] DELETE /resource_providers/335ffd66-dca0-401a-9af9-cfa324e6e177 => generated 246 bytes in 7 msecs (HTTP/1.1 404) 6 headers in 231 bytes (1 switches on core 0)
2026-06-15 20:14:39.413 8 INFO placement.requestlog [None req-8c27de7d-526a-4d33-a561-2ee9da37180c 93fd75e7c16c433dac6ed82ee324d3ad 04d056b16d244824b637045d713059ed - - 0c5e71a710ee4d4d9b14d4562644cb4e 0c5e71a710ee4d4d9b14d4562644cb4e] 10.0.0.11 "DELETE /resource_providers/335ffd66-dca0-401a-9af9-cfa324e6e177" status: 404 len: 246 microversion: 1.1 [pid: 8|app: 0|req: 411/830] 10.0.0.11 () {34 vars in 823 bytes} [Mon Jun 15 20:14:39 2026] DELETE /resource_providers/335ffd66-dca0-401a-9af9-cfa324e6e177 => generated 246 bytes in 10 msecs (HTTP/1.1 404) 6 headers in 231 bytes (1 switches on core 0)
2026-06-15 20:14:39.619 7 INFO placement.requestlog [req-9dbe6727-3e94-46ef-9158-73765b60d677 req-b5cbf338-8bf9-42ed-b058-839fe11a5262 6f7bde025f1a478cad84c3547a5b5a66 04d056b16d244824b637045d713059ed - - 0c5e71a710ee4d4d9b14d4562644cb4e 0c5e71a710ee4d4d9b14d4562644cb4e] 10.0.0.169 "GET /allocation_candidates?limit=1000&resources=DISK_GB%3A1%2CMEMORY_MB%3A512%2CVCPU%3A1&root_required=%21COMPUTE_STATUS_DISABLED" status: 200 len: 2387 microversion: 1.36 [pid: 7|app: 0|req: 420/831] 10.0.0.169 () {34 vars in 1011 bytes} [Mon Jun 15 20:14:39 2026] GET /allocation_candidates?limit=1000&resources=DISK_GB%3A1%2CMEMORY_MB%3A512%2CVCPU%3A1&root_required=%21COMPUTE_STATUS_DISABLED => generated 2387 bytes in 39 msecs (HTTP/1.1 200) 8 headers in 297 bytes (1 switches on core 0)
2026-06-15 20:14:39.644 8 INFO placement.requestlog [req-9dbe6727-3e94-46ef-9158-73765b60d677 req-2704c0c2-61a6-4bd6-b914-c72767c690d9 6f7bde025f1a478cad84c3547a5b5a66 04d056b16d244824b637045d713059ed - - 0c5e71a710ee4d4d9b14d4562644cb4e 0c5e71a710ee4d4d9b14d4562644cb4e] 10.0.0.169 "GET /allocations/f56b55de-839e-42a4-b734-0b0c29cb668d" status: 200 len: 19 microversion: 1.28 [pid: 8|app: 0|req: 412/832] 10.0.0.169 () {34 vars in 860 bytes} [Mon Jun 15 20:14:39 2026] GET /allocations/f56b55de-839e-42a4-b734-0b0c29cb668d => generated 19 bytes in 9 msecs (HTTP/1.1 200) 8 headers in 295 bytes (1 switches on core 0)
2026-06-15 20:14:39.764 7 INFO placement.requestlog [req-9dbe6727-3e94-46ef-9158-73765b60d677 req-19af1c1b-a69b-428b-b48f-90a0a5829dfa 6f7bde025f1a478cad84c3547a5b5a66 04d056b16d244824b637045d713059ed - - 0c5e71a710ee4d4d9b14d4562644cb4e 0c5e71a710ee4d4d9b14d4562644cb4e] 10.0.0.169 "PUT /allocations/f56b55de-839e-42a4-b734-0b0c29cb668d" status: 204 len: 0 microversion: 1.36 [pid: 7|app: 0|req: 421/833] 10.0.0.169 () {38 vars in 913 bytes} [Mon Jun 15 20:14:39 2026] PUT /allocations/f56b55de-839e-42a4-b734-0b0c29cb668d => generated 0 bytes in 115 msecs (HTTP/1.1 204) 5 headers in 199 bytes (1 switches on core 0)
2026-06-15 20:14:41.099 7 INFO placement.requestlog [None req-edd8ea79-4efd-4be5-ae90-413f15fe7d03 93fd75e7c16c433dac6ed82ee324d3ad 04d056b16d244824b637045d713059ed - - 0c5e71a710ee4d4d9b14d4562644cb4e 0c5e71a710ee4d4d9b14d4562644cb4e] 10.0.0.11 "GET /resource_providers/9401e637-3e78-43dd-bd62-76c14a4683a6/aggregates" status: 404 len: 235 microversion: 1.1 [pid: 7|app: 0|req: 422/834] 10.0.0.11 () {32 vars in 823 bytes} [Mon Jun 15 20:14:41 2026] GET /resource_providers/9401e637-3e78-43dd-bd62-76c14a4683a6/aggregates => generated 235 bytes in 10 msecs (HTTP/1.1 404) 5 headers in 202 bytes (1 switches on core 0)
2026-06-15 20:14:41.103 8 INFO placement.requestlog [None req-da74e18d-b562-4073-825f-a23e2abcc355 93fd75e7c16c433dac6ed82ee324d3ad 04d056b16d244824b637045d713059ed - - 0c5e71a710ee4d4d9b14d4562644cb4e 0c5e71a710ee4d4d9b14d4562644cb4e] 10.0.0.11 "GET /resource_providers/9401e637-3e78-43dd-bd62-76c14a4683a6/aggregates" status: 404 len: 235 microversion: 1.1 [pid: 8|app: 0|req: 413/835] 10.0.0.11 () {32 vars in 823 bytes} [Mon Jun 15 20:14:41 2026] GET /resource_providers/9401e637-3e78-43dd-bd62-76c14a4683a6/aggregates => generated 235 bytes in 14 msecs (HTTP/1.1 404) 5 headers in 202 bytes (1 switches on core 0)
2026-06-15 20:14:41.111 7 INFO placement.requestlog [None req-09125773-b296-4647-866b-79a2670bcbce 93fd75e7c16c433dac6ed82ee324d3ad 04d056b16d244824b637045d713059ed - - 0c5e71a710ee4d4d9b14d4562644cb4e 0c5e71a710ee4d4d9b14d4562644cb4e] 10.0.0.11 "DELETE /resource_providers/9401e637-3e78-43dd-bd62-76c14a4683a6" status: 404 len: 246 microversion: 1.1 [pid: 7|app: 0|req: 423/836] 10.0.0.11 () {34 vars in 823 bytes} [Mon Jun 15 20:14:41 2026] DELETE /resource_providers/9401e637-3e78-43dd-bd62-76c14a4683a6 => generated 246 bytes in 8 msecs (HTTP/1.1 404) 6 headers in 231 bytes (1 switches on core 0)
2026-06-15 20:14:41.114 8 INFO placement.requestlog [None req-bf60d3b1-563d-4fc3-9c4c-a88a0c235b1c 93fd75e7c16c433dac6ed82ee324d3ad 04d056b16d244824b637045d713059ed - - 0c5e71a710ee4d4d9b14d4562644cb4e 0c5e71a710ee4d4d9b14d4562644cb4e] 10.0.0.11 "DELETE /resource_providers/9401e637-3e78-43dd-bd62-76c14a4683a6" status: 404 len: 246 microversion: 1.1 [pid: 8|app: 0|req: 414/837] 10.0.0.11 () {34 vars in 823 bytes} [Mon Jun 15 20:14:41 2026] DELETE /resource_providers/9401e637-3e78-43dd-bd62-76c14a4683a6 => generated 246 bytes in 6 msecs (HTTP/1.1 404) 6 headers in 231 bytes (1 switches on core 0)
