2026-06-15 20:12:35.939 10 INFO neutron.db.ovn_revision_numbers_db [req-f83b3814-b393-4cd4-be41-2fef1d0d0f37 req-83cded85-933d-49b2-b450-026cb66e80e3 d04b32ca3716427b9b96e4fed1691742 818eb5bed933475d8568c009d532c2d9 - - default default] Successfully bumped revision number for resource 5fc94b27-89db-4097-b80a-1d7c1e228919 (type: security_group_rules) to 0
2026-06-15 20:12:35.951 10 INFO neutron.db.ovn_revision_numbers_db [req-f83b3814-b393-4cd4-be41-2fef1d0d0f37 req-83cded85-933d-49b2-b450-026cb66e80e3 d04b32ca3716427b9b96e4fed1691742 818eb5bed933475d8568c009d532c2d9 - - default default] Successfully bumped revision number for resource 8354f2cf-07fd-4515-a721-de37f689a439 (type: security_group_rules) to 0
2026-06-15 20:12:35.980 10 INFO neutron.api.wsgi [req-f83b3814-b393-4cd4-be41-2fef1d0d0f37 req-83cded85-933d-49b2-b450-026cb66e80e3 d04b32ca3716427b9b96e4fed1691742 818eb5bed933475d8568c009d532c2d9 - - default default] 10.0.0.66 "POST /v2.0/security-groups HTTP/1.1" status: 201 len: 1887 time: 0.1542940
2026-06-15 20:12:36.010 10 WARNING neutron_lib.context [req-cceae81d-911c-4278-a098-44adccf51f63 req-e99a0d5a-fe95-4a32-9840-a1adf7267f8a d04b32ca3716427b9b96e4fed1691742 818eb5bed933475d8568c009d532c2d9 - - default default] Method 'is_advsvc' is deprecated since 2023.2 release (neutron-lib 3.8.0) and will be removed once support for the old RBAC API policies will be removed from Neutron. Please use method 'is_service_role' instead.
2026-06-15 20:12:36.085 10 INFO neutron.api.wsgi [req-931758e4-3a25-4a3f-a1c2-6fb4a4ae8675 req-cea5ff31-a776-464a-8d80-7380b6987d41 ba305ddbff724eb395b5d72847d7c344 3d0af6da6e16465ebbede1cee49bb7b3 - - default default] 10.0.0.66 "GET /v2.0/ports?device_id=e19e74e6-bcb7-41b7-9424-b3cd8910b26a HTTP/1.1" status: 200 len: 1168 time: 0.0377312
2026-06-15 20:12:36.134 10 INFO neutron.db.ovn_revision_numbers_db [req-cceae81d-911c-4278-a098-44adccf51f63 req-e99a0d5a-fe95-4a32-9840-a1adf7267f8a d04b32ca3716427b9b96e4fed1691742 818eb5bed933475d8568c009d532c2d9 - - default default] Successfully bumped revision number for resource 7bde3a3c-8c29-465f-be5f-a5e49b35f43a (type: security_groups) to 1
2026-06-15 20:12:36.137 10 INFO neutron.api.wsgi [req-931758e4-3a25-4a3f-a1c2-6fb4a4ae8675 req-ce98954f-ff76-448c-9604-4d25b6810e58 ba305ddbff724eb395b5d72847d7c344 3d0af6da6e16465ebbede1cee49bb7b3 - - default default] 10.0.0.66 "GET /v2.0/security-groups?id=454d2830-83d2-4eab-be70-e04935470446&fields=id&fields=name HTTP/1.1" status: 200 len: 286 time: 0.0458519
2026-06-15 20:12:36.148 10 INFO neutron.db.ovn_revision_numbers_db [req-cceae81d-911c-4278-a098-44adccf51f63 req-e99a0d5a-fe95-4a32-9840-a1adf7267f8a d04b32ca3716427b9b96e4fed1691742 818eb5bed933475d8568c009d532c2d9 - - default default] Successfully bumped revision number for resource 04fc0242-f97a-48cf-827c-a2af20852ae5 (type: security_group_rules) to 0
2026-06-15 20:12:36.163 10 INFO neutron.db.ovn_revision_numbers_db [req-cceae81d-911c-4278-a098-44adccf51f63 req-e99a0d5a-fe95-4a32-9840-a1adf7267f8a d04b32ca3716427b9b96e4fed1691742 818eb5bed933475d8568c009d532c2d9 - - default default] Successfully bumped revision number for resource c48d3fb7-318e-48bf-a103-7ce5890f71a6 (type: security_group_rules) to 0
2026-06-15 20:12:36.204 10 INFO neutron.api.wsgi [req-cceae81d-911c-4278-a098-44adccf51f63 req-e99a0d5a-fe95-4a32-9840-a1adf7267f8a d04b32ca3716427b9b96e4fed1691742 818eb5bed933475d8568c009d532c2d9 - - default default] 10.0.0.66 "POST /v2.0/security-groups HTTP/1.1" status: 201 len: 1886 time: 0.1977284
2026-06-15 20:12:36.240 10 INFO neutron.api.wsgi [req-4c08262d-a00a-4d4e-b735-923a27426a99 req-4d512b0f-e841-4df7-8e0f-091c44ecce3f e3dd6e2824194962b00f28d58e71b898 aa97461b6390425592408ec0c133593d - - default default] 10.0.0.66 "GET /v2.0/ports?device_id=82bcb4db-1911-4f77-a333-fea0bae1d805 HTTP/1.1" status: 200 len: 1168 time: 0.0640023
2026-06-15 20:12:36.271 10 INFO neutron.api.wsgi [req-69a1b85b-363f-428b-8bcf-51ba5b056f0d req-bf3ffed9-8715-487d-b18d-2d9046769dfb 1b42623d3f37430fa5e29ce93bee17da c07e0eb3b77a427fa60fdb3035d47059 - - default default] 10.0.0.66 "GET /v2.0/ports?device_id=8f9610f9-f913-40b9-8dae-730023f9e468 HTTP/1.1" status: 200 len: 1168 time: 0.0299699
2026-06-15 20:12:36.282 10 INFO neutron.api.wsgi [req-4c08262d-a00a-4d4e-b735-923a27426a99 req-73d11930-24cd-4968-9c78-83a98672f553 e3dd6e2824194962b00f28d58e71b898 aa97461b6390425592408ec0c133593d - - default default] 10.0.0.66 "GET /v2.0/security-groups?id=28c7fe4d-bf37-4a5e-a53f-25d3c313f683&fields=id&fields=name HTTP/1.1" status: 200 len: 313 time: 0.0342376
2026-06-15 20:12:36.307 10 INFO neutron.api.wsgi [req-69a1b85b-363f-428b-8bcf-51ba5b056f0d req-e42c3865-3aa3-45ac-8860-63481accb068 1b42623d3f37430fa5e29ce93bee17da c07e0eb3b77a427fa60fdb3035d47059 - - default default] 10.0.0.66 "GET /v2.0/security-groups?id=265dc5c0-8e7e-40ca-90fc-a861b595d3bf&fields=id&fields=name HTTP/1.1" status: 200 len: 313 time: 0.0300283
2026-06-15 20:12:36.325 10 WARNING neutron_lib.context [req-f8b0964b-1794-4ff8-8d70-7e65747129a7 req-062cb6ad-09dd-4e94-b711-5ba73a11caba d04b32ca3716427b9b96e4fed1691742 818eb5bed933475d8568c009d532c2d9 - - default default] Method 'is_advsvc' is deprecated since 2023.2 release (neutron-lib 3.8.0) and will be removed once support for the old RBAC API policies will be removed from Neutron. Please use method 'is_service_role' instead.
2026-06-15 20:12:36.455 10 INFO neutron.db.ovn_revision_numbers_db [req-f8b0964b-1794-4ff8-8d70-7e65747129a7 req-062cb6ad-09dd-4e94-b711-5ba73a11caba d04b32ca3716427b9b96e4fed1691742 818eb5bed933475d8568c009d532c2d9 - - default default] Successfully bumped revision number for resource 3d76f5c3-2384-4a50-915f-1406e973b21d (type: security_groups) to 1
2026-06-15 20:12:36.476 10 INFO neutron.db.ovn_revision_numbers_db [req-f8b0964b-1794-4ff8-8d70-7e65747129a7 req-062cb6ad-09dd-4e94-b711-5ba73a11caba d04b32ca3716427b9b96e4fed1691742 818eb5bed933475d8568c009d532c2d9 - - default default] Successfully bumped revision number for resource 9d27db8d-0085-43a8-989c-d90d8ebe197e (type: security_group_rules) to 0
2026-06-15 20:12:36.489 10 INFO neutron.db.ovn_revision_numbers_db [req-f8b0964b-1794-4ff8-8d70-7e65747129a7 req-062cb6ad-09dd-4e94-b711-5ba73a11caba d04b32ca3716427b9b96e4fed1691742 818eb5bed933475d8568c009d532c2d9 - - default default] Successfully bumped revision number for resource e2807a43-1ad5-424c-aaf7-5e6059e2b4ee (type: security_group_rules) to 0
2026-06-15 20:12:36.519 10 INFO neutron.api.wsgi [req-f8b0964b-1794-4ff8-8d70-7e65747129a7 req-062cb6ad-09dd-4e94-b711-5ba73a11caba d04b32ca3716427b9b96e4fed1691742 818eb5bed933475d8568c009d532c2d9 - - default default] 10.0.0.66 "POST /v2.0/security-groups HTTP/1.1" status: 201 len: 1887 time: 0.2009282
2026-06-15 20:12:36.591 10 INFO neutron.api.wsgi [req-04f10df0-24c3-474b-b678-67c8a7ed244f req-ef283986-c865-409f-96ff-ab3170f1b1bc d04b32ca3716427b9b96e4fed1691742 818eb5bed933475d8568c009d532c2d9 - - default default] 10.0.0.66 "GET /v2.0/security-groups?tenant_id=818eb5bed933475d8568c009d532c2d9 HTTP/1.1" status: 200 len: 8110 time: 0.0468106
2026-06-15 20:12:36.624 10 INFO neutron.api.wsgi [req-3ada5c69-6083-461a-83eb-ca7da9732603 req-411a00d2-1170-4865-a47e-444a55d8a9c5 93fd75e7c16c433dac6ed82ee324d3ad 04d056b16d244824b637045d713059ed - - 0c5e71a710ee4d4d9b14d4562644cb4e 0c5e71a710ee4d4d9b14d4562644cb4e] 199.19.213.159 "GET /v2.0/ports?tenant_id=3d0af6da6e16465ebbede1cee49bb7b3&device_id=e19e74e6-bcb7-41b7-9424-b3cd8910b26a HTTP/1.1" status: 200 len: 1407 time: 0.0437131
2026-06-15 20:12:36.626 10 INFO neutron.api.wsgi [req-04f10df0-24c3-474b-b678-67c8a7ed244f req-77b48d36-5db9-49df-98e6-1e2910cfd063 d04b32ca3716427b9b96e4fed1691742 818eb5bed933475d8568c009d532c2d9 - - default default] 10.0.0.66 "GET /v2.0/security-groups/433a823c-61e1-4c60-b10f-1898e9818422 HTTP/1.1" status: 200 len: 3122 time: 0.0310264
2026-06-15 20:12:36.670 10 INFO neutron.api.wsgi [req-04f10df0-24c3-474b-b678-67c8a7ed244f req-95ae3a5c-76e7-4f27-b343-d41a161375d0 d04b32ca3716427b9b96e4fed1691742 818eb5bed933475d8568c009d532c2d9 - - default default] 10.0.0.66 "GET /v2.0/security-groups/433a823c-61e1-4c60-b10f-1898e9818422 HTTP/1.1" status: 200 len: 3122 time: 0.0317967
2026-06-15 20:12:36.688 10 INFO neutron.api.wsgi [req-3ada5c69-6083-461a-83eb-ca7da9732603 req-138c840c-6177-4a2e-a82e-a36e7a717435 93fd75e7c16c433dac6ed82ee324d3ad 04d056b16d244824b637045d713059ed - - 0c5e71a710ee4d4d9b14d4562644cb4e 0c5e71a710ee4d4d9b14d4562644cb4e] 199.19.213.159 "GET /v2.0/networks?id=457dafca-3ee9-402d-b4ec-220e16f1312c HTTP/1.1" status: 200 len: 975 time: 0.0596492
2026-06-15 20:12:36.719 10 INFO neutron.api.wsgi [req-3ada5c69-6083-461a-83eb-ca7da9732603 req-57754393-f203-40c0-88ee-9b4639cee681 93fd75e7c16c433dac6ed82ee324d3ad 04d056b16d244824b637045d713059ed - - 0c5e71a710ee4d4d9b14d4562644cb4e 0c5e71a710ee4d4d9b14d4562644cb4e] 199.19.213.159 "GET /v2.0/floatingips?fixed_ip_address=10.100.0.8&port_id=5d326694-10b4-4cc9-97a3-1907dd1d4ca5 HTTP/1.1" status: 200 len: 217 time: 0.0212736
2026-06-15 20:12:36.739 10 INFO neutron.api.wsgi [req-93588e56-29cf-4896-9682-7810b0da9ba5 req-0275b4bc-e01a-42a9-ba20-54c2a3fb1a2d d04b32ca3716427b9b96e4fed1691742 818eb5bed933475d8568c009d532c2d9 - - default default] 10.0.0.66 "GET /v2.0/security-groups/01d6eaa1-fb9f-47ab-baf2-710d9912d8de HTTP/1.1" status: 200 len: 1882 time: 0.0478249
2026-06-15 20:12:36.764 10 INFO neutron.api.wsgi [req-3ada5c69-6083-461a-83eb-ca7da9732603 req-833bbbe9-ad35-45f9-8fdd-828f898bab39 93fd75e7c16c433dac6ed82ee324d3ad 04d056b16d244824b637045d713059ed - - 0c5e71a710ee4d4d9b14d4562644cb4e 0c5e71a710ee4d4d9b14d4562644cb4e] 199.19.213.159 "GET /v2.0/subnets?id=8dd22e94-f357-4672-91e7-ca3b22a70859 HTTP/1.1" status: 200 len: 894 time: 0.0418749
2026-06-15 20:12:36.788 10 INFO neutron.api.wsgi [req-3ada5c69-6083-461a-83eb-ca7da9732603 req-89a86084-c333-4d57-8537-d9872d83bbdd 93fd75e7c16c433dac6ed82ee324d3ad 04d056b16d244824b637045d713059ed - - 0c5e71a710ee4d4d9b14d4562644cb4e 0c5e71a710ee4d4d9b14d4562644cb4e] 199.19.213.159 "GET /v2.0/ports?network_id=457dafca-3ee9-402d-b4ec-220e16f1312c&device_owner=network%3Adhcp HTTP/1.1" status: 200 len: 210 time: 0.0204842
2026-06-15 20:12:36.849 10 INFO neutron.api.wsgi [req-3ada5c69-6083-461a-83eb-ca7da9732603 req-a6ba9bc7-81da-4a1c-ba24-af98d2158a39 93fd75e7c16c433dac6ed82ee324d3ad 04d056b16d244824b637045d713059ed - - 0c5e71a710ee4d4d9b14d4562644cb4e 0c5e71a710ee4d4d9b14d4562644cb4e] 199.19.213.159 "GET /v2.0/networks/457dafca-3ee9-402d-b4ec-220e16f1312c?fields=segments HTTP/1.1" status: 200 len: 212 time: 0.0570586
2026-06-15 20:12:36.893 10 INFO neutron.api.wsgi [req-93588e56-29cf-4896-9682-7810b0da9ba5 req-9f7ad1d3-90b0-4fe7-b6a1-4437b2e5d537 d04b32ca3716427b9b96e4fed1691742 818eb5bed933475d8568c009d532c2d9 - - default default] 10.0.0.66 "DELETE /v2.0/security-groups/01d6eaa1-fb9f-47ab-baf2-710d9912d8de HTTP/1.1" status: 204 len: 173 time: 0.1478200
2026-06-15 20:12:36.898 10 INFO neutron.api.wsgi [req-3ada5c69-6083-461a-83eb-ca7da9732603 req-ffa60cbf-23cb-43d2-a4c8-c7cc262db577 93fd75e7c16c433dac6ed82ee324d3ad 04d056b16d244824b637045d713059ed - - 0c5e71a710ee4d4d9b14d4562644cb4e 0c5e71a710ee4d4d9b14d4562644cb4e] 199.19.213.159 "GET /v2.0/networks/457dafca-3ee9-402d-b4ec-220e16f1312c?fields=provider%3Aphysical_network&fields=provider%3Anetwork_type HTTP/1.1" status: 200 len: 277 time: 0.0430250
2026-06-15 20:12:36.925 10 INFO neutron.api.v2.resource [req-9dcd9021-b0ed-4823-98aa-861d869a3067 req-4846d223-afd3-4ccb-ad82-cfab7913ca64 d04b32ca3716427b9b96e4fed1691742 818eb5bed933475d8568c009d532c2d9 - - default default] show failed (client error): The resource could not be found.
2026-06-15 20:12:36.926 10 INFO neutron.api.wsgi [req-9dcd9021-b0ed-4823-98aa-861d869a3067 req-4846d223-afd3-4ccb-ad82-cfab7913ca64 d04b32ca3716427b9b96e4fed1691742 818eb5bed933475d8568c009d532c2d9 - - default default] 10.0.0.66 "GET /v2.0/security-groups/01d6eaa1-fb9f-47ab-baf2-710d9912d8de HTTP/1.1" status: 404 len: 352 time: 0.0116303
2026-06-15 20:12:36.972 10 INFO neutron.api.wsgi [req-863caf83-b34c-44c7-aeaa-31ab4ec06163 req-e87915de-3277-46a7-b4b6-15e5c2c5da2a d04b32ca3716427b9b96e4fed1691742 818eb5bed933475d8568c009d532c2d9 - - default default] 10.0.0.66 "GET /v2.0/security-groups/7bde3a3c-8c29-465f-be5f-a5e49b35f43a HTTP/1.1" status: 200 len: 1881 time: 0.0275195
2026-06-15 20:12:37.071 10 INFO neutron.api.wsgi [req-863caf83-b34c-44c7-aeaa-31ab4ec06163 req-4ffe5669-13ba-47fc-a2de-ccb05f820449 d04b32ca3716427b9b96e4fed1691742 818eb5bed933475d8568c009d532c2d9 - - default default] 10.0.0.66 "DELETE /v2.0/security-groups/7bde3a3c-8c29-465f-be5f-a5e49b35f43a HTTP/1.1" status: 204 len: 173 time: 0.0925591
2026-06-15 20:12:37.101 10 INFO neutron.api.v2.resource [req-cb0228d5-bdb4-4a6c-a338-3af9bcb8a877 req-504ef4fc-276a-4f1a-a136-5f32926023bc d04b32ca3716427b9b96e4fed1691742 818eb5bed933475d8568c009d532c2d9 - - default default] show failed (client error): The resource could not be found.
2026-06-15 20:12:37.102 10 INFO neutron.api.wsgi [req-cb0228d5-bdb4-4a6c-a338-3af9bcb8a877 req-504ef4fc-276a-4f1a-a136-5f32926023bc d04b32ca3716427b9b96e4fed1691742 818eb5bed933475d8568c009d532c2d9 - - default default] 10.0.0.66 "GET /v2.0/security-groups/7bde3a3c-8c29-465f-be5f-a5e49b35f43a HTTP/1.1" status: 404 len: 352 time: 0.0122132
2026-06-15 20:12:37.142 10 INFO neutron.api.wsgi [req-12aab4c4-db28-4cdb-aced-b2f5c7b58095 req-addbc83c-e28b-4e7c-aeea-ae0579e9869d d04b32ca3716427b9b96e4fed1691742 818eb5bed933475d8568c009d532c2d9 - - default default] 10.0.0.66 "GET /v2.0/security-groups/3d76f5c3-2384-4a50-915f-1406e973b21d HTTP/1.1" status: 200 len: 1882 time: 0.0236135
2026-06-15 20:12:37.219 10 INFO neutron.api.wsgi [req-9a8d9f48-0e33-425a-928d-c9a4f634fb74 req-6ead15f1-7ef9-44b5-8fa1-cfa24e169a74 ba305ddbff724eb395b5d72847d7c344 3d0af6da6e16465ebbede1cee49bb7b3 - - default default] 10.0.0.66 "GET /v2.0/ports?device_id=e19e74e6-bcb7-41b7-9424-b3cd8910b26a HTTP/1.1" status: 200 len: 1168 time: 0.0310967
2026-06-15 20:12:37.259 10 INFO neutron.api.wsgi [req-12aab4c4-db28-4cdb-aced-b2f5c7b58095 req-41f4988a-006e-4c02-893f-ca176c6d61e5 d04b32ca3716427b9b96e4fed1691742 818eb5bed933475d8568c009d532c2d9 - - default default] 10.0.0.66 "DELETE /v2.0/security-groups/3d76f5c3-2384-4a50-915f-1406e973b21d HTTP/1.1" status: 204 len: 173 time: 0.1111519
2026-06-15 20:12:37.263 10 INFO neutron.api.wsgi [req-9a8d9f48-0e33-425a-928d-c9a4f634fb74 req-a800009d-ca92-4df2-b317-83d3aad572d0 ba305ddbff724eb395b5d72847d7c344 3d0af6da6e16465ebbede1cee49bb7b3 - - default default] 10.0.0.66 "GET /v2.0/security-groups?id=454d2830-83d2-4eab-be70-e04935470446&fields=id&fields=name HTTP/1.1" status: 200 len: 286 time: 0.0392444
2026-06-15 20:12:37.286 10 INFO neutron.api.v2.resource [req-20b50b3e-9279-4a5a-930d-627b96506c89 req-3853061d-9206-4e02-a1ad-0d39b8e4110b d04b32ca3716427b9b96e4fed1691742 818eb5bed933475d8568c009d532c2d9 - - default default] show failed (client error): The resource could not be found.
2026-06-15 20:12:37.287 10 INFO neutron.api.wsgi [req-20b50b3e-9279-4a5a-930d-627b96506c89 req-3853061d-9206-4e02-a1ad-0d39b8e4110b d04b32ca3716427b9b96e4fed1691742 818eb5bed933475d8568c009d532c2d9 - - default default] 10.0.0.66 "GET /v2.0/security-groups/3d76f5c3-2384-4a50-915f-1406e973b21d HTTP/1.1" status: 404 len: 352 time: 0.0110576
2026-06-15 20:12:37.337 10 INFO neutron.api.wsgi [req-7415133c-5b0e-49e4-bcb7-a4539fdd3236 req-771151ce-51f4-4f92-bce8-168e0758238d d04b32ca3716427b9b96e4fed1691742 818eb5bed933475d8568c009d532c2d9 - - default default] 10.0.0.66 "GET /v2.0/security-groups?tenant_id=818eb5bed933475d8568c009d532c2d9 HTTP/1.1" status: 200 len: 3125 time: 0.0315418
2026-06-15 20:12:37.383 10 INFO neutron.api.wsgi [req-7415133c-5b0e-49e4-bcb7-a4539fdd3236 req-e611af99-a3d6-438e-b1d7-c5f0aea6afc7 d04b32ca3716427b9b96e4fed1691742 818eb5bed933475d8568c009d532c2d9 - - default default] 10.0.0.66 "GET /v2.0/security-groups/433a823c-61e1-4c60-b10f-1898e9818422 HTTP/1.1" status: 200 len: 3122 time: 0.0322833
2026-06-15 20:12:37.396 10 INFO neutron.api.wsgi [req-e9d81def-74f3-493a-af99-0a7c591a081c req-ef949264-d434-4bc1-84ed-45e2e5422ef8 e3dd6e2824194962b00f28d58e71b898 aa97461b6390425592408ec0c133593d - - default default] 10.0.0.66 "GET /v2.0/ports?device_id=82bcb4db-1911-4f77-a333-fea0bae1d805 HTTP/1.1" status: 200 len: 1168 time: 0.0388775
2026-06-15 20:12:37.423 10 INFO neutron.api.wsgi [req-7415133c-5b0e-49e4-bcb7-a4539fdd3236 req-d705e971-19bf-4d63-8067-120d190f2cc5 d04b32ca3716427b9b96e4fed1691742 818eb5bed933475d8568c009d532c2d9 - - default default] 10.0.0.66 "GET /v2.0/security-groups/433a823c-61e1-4c60-b10f-1898e9818422 HTTP/1.1" status: 200 len: 3122 time: 0.0361247
2026-06-15 20:12:37.432 10 INFO neutron.api.wsgi [req-e9d81def-74f3-493a-af99-0a7c591a081c req-1bb48015-adf5-4653-8522-73e47169aef7 e3dd6e2824194962b00f28d58e71b898 aa97461b6390425592408ec0c133593d - - default default] 10.0.0.66 "GET /v2.0/security-groups?id=28c7fe4d-bf37-4a5e-a53f-25d3c313f683&fields=id&fields=name HTTP/1.1" status: 200 len: 313 time: 0.0299861
2026-06-15 20:12:37.463 10 INFO neutron.api.v2.resource [req-b0f799a5-fd4a-48d0-8b5d-4870359ba256 req-88b7b882-d767-4639-a191-5e871361e9c3 d04b32ca3716427b9b96e4fed1691742 818eb5bed933475d8568c009d532c2d9 - - default default] show failed (client error): The resource could not be found.
2026-06-15 20:12:37.464 10 INFO neutron.api.wsgi [req-b0f799a5-fd4a-48d0-8b5d-4870359ba256 req-88b7b882-d767-4639-a191-5e871361e9c3 d04b32ca3716427b9b96e4fed1691742 818eb5bed933475d8568c009d532c2d9 - - default default] 10.0.0.66 "GET /v2.0/security-groups/3d76f5c3-2384-4a50-915f-1406e973b21d HTTP/1.1" status: 404 len: 352 time: 0.0157297
2026-06-15 20:12:37.495 10 INFO neutron.api.v2.resource [req-c8f70276-c2e7-451c-a9d6-044b3fa36d55 req-a28b750e-ce93-4097-9c31-835f43a057f6 d04b32ca3716427b9b96e4fed1691742 818eb5bed933475d8568c009d532c2d9 - - default default] show failed (client error): The resource could not be found.
2026-06-15 20:12:37.496 10 INFO neutron.api.wsgi [req-c8f70276-c2e7-451c-a9d6-044b3fa36d55 req-a28b750e-ce93-4097-9c31-835f43a057f6 d04b32ca3716427b9b96e4fed1691742 818eb5bed933475d8568c009d532c2d9 - - default default] 10.0.0.66 "GET /v2.0/security-groups/7bde3a3c-8c29-465f-be5f-a5e49b35f43a HTTP/1.1" status: 404 len: 352 time: 0.0123525
2026-06-15 20:12:37.524 10 INFO neutron.api.wsgi [req-d8d1f993-f9a8-4f36-bb3d-4ab0696776a1 req-55586910-c222-4c37-a63f-8ef665cc5620 1b42623d3f37430fa5e29ce93bee17da c07e0eb3b77a427fa60fdb3035d47059 - - default default] 10.0.0.66 "GET /v2.0/ports?device_id=8f9610f9-f913-40b9-8dae-730023f9e468 HTTP/1.1" status: 200 len: 1168 time: 0.0687356
2026-06-15 20:12:37.525 10 INFO neutron.api.v2.resource [req-eef1eb6d-c02b-437a-a382-a219d5076032 req-404cde79-bcc1-419c-9ebd-2d18f8321c26 d04b32ca3716427b9b96e4fed1691742 818eb5bed933475d8568c009d532c2d9 - - default default] show failed (client error): The resource could not be found.
2026-06-15 20:12:37.525 10 INFO neutron.api.wsgi [req-eef1eb6d-c02b-437a-a382-a219d5076032 req-404cde79-bcc1-419c-9ebd-2d18f8321c26 d04b32ca3716427b9b96e4fed1691742 818eb5bed933475d8568c009d532c2d9 - - default default] 10.0.0.66 "GET /v2.0/security-groups/01d6eaa1-fb9f-47ab-baf2-710d9912d8de HTTP/1.1" status: 404 len: 352 time: 0.0122495
2026-06-15 20:12:37.563 10 INFO neutron.api.wsgi [req-d8d1f993-f9a8-4f36-bb3d-4ab0696776a1 req-906d1e7b-1e64-4fd5-9daa-7649b60cbc55 1b42623d3f37430fa5e29ce93bee17da c07e0eb3b77a427fa60fdb3035d47059 - - default default] 10.0.0.66 "GET /v2.0/security-groups?id=265dc5c0-8e7e-40ca-90fc-a861b595d3bf&fields=id&fields=name HTTP/1.1" status: 200 len: 313 time: 0.0324352
2026-06-15 20:12:37.773 9 INFO neutron.plugins.ml2.drivers.ovn.mech_driver.mech_driver [None req-646a68f0-6d51-45b5-9c73-b781045b4547 - - - - - -] OVN reports status up for port: 9a28d25f-e478-4a67-ae02-09f203aecf43
2026-06-15 20:12:37.790 9 INFO neutron.plugins.ml2.plugin [None req-646a68f0-6d51-45b5-9c73-b781045b4547 - - - - - -] Attempt 1 to provision port 9a28d25f-e478-4a67-ae02-09f203aecf43
2026-06-15 20:12:38.080 9 INFO neutron.db.ovn_revision_numbers_db [None req-646a68f0-6d51-45b5-9c73-b781045b4547 - - - - - -] Successfully bumped revision number for resource 9a28d25f-e478-4a67-ae02-09f203aecf43 (type: ports) to 5
2026-06-15 20:12:38.152 9 INFO neutron.plugins.ml2.drivers.ovn.mech_driver.mech_driver [None req-6a0427e7-fa40-4ddb-8973-f163003af93c - - - - - -] OVN reports status up for port: 3c0ef13a-23fd-4436-812e-aa3d0fb176c4
2026-06-15 20:12:38.162 9 INFO neutron.plugins.ml2.plugin [None req-6a0427e7-fa40-4ddb-8973-f163003af93c - - - - - -] Attempt 1 to provision port 3c0ef13a-23fd-4436-812e-aa3d0fb176c4
2026-06-15 20:12:38.371 10 INFO neutron.api.wsgi [req-58c56433-2b0e-4fff-b95f-8797e342e8ac req-aaa58577-0887-4390-b250-7466c3973d4a ba305ddbff724eb395b5d72847d7c344 3d0af6da6e16465ebbede1cee49bb7b3 - - default default] 10.0.0.66 "GET /v2.0/ports?device_id=e19e74e6-bcb7-41b7-9424-b3cd8910b26a HTTP/1.1" status: 200 len: 1168 time: 0.0406644
2026-06-15 20:12:38.379 9 INFO neutron.notifiers.nova [-] Nova event matching ['req-c690c4bd-55d0-42bc-be14-b160d9359d8b'] response: {'server_uuid': '82bcb4db-1911-4f77-a333-fea0bae1d805', 'name': 'network-vif-plugged', 'status': 'completed', 'tag': '9a28d25f-e478-4a67-ae02-09f203aecf43', 'code': 200}
2026-06-15 20:12:38.419 10 INFO neutron.api.wsgi [req-58c56433-2b0e-4fff-b95f-8797e342e8ac req-efaeb6e2-bdeb-4f26-9f7e-53421b1c39fb ba305ddbff724eb395b5d72847d7c344 3d0af6da6e16465ebbede1cee49bb7b3 - - default default] 10.0.0.66 "GET /v2.0/security-groups?id=454d2830-83d2-4eab-be70-e04935470446&fields=id&fields=name HTTP/1.1" status: 200 len: 286 time: 0.0425165
2026-06-15 20:12:38.549 10 INFO neutron.api.wsgi [req-b8bdefed-9c8b-4165-845f-4e0545aa56cc req-181b2062-a5f2-4c4c-b513-a28bca0c4d84 e3dd6e2824194962b00f28d58e71b898 aa97461b6390425592408ec0c133593d - - default default] 10.0.0.66 "GET /v2.0/ports?device_id=82bcb4db-1911-4f77-a333-fea0bae1d805 HTTP/1.1" status: 200 len: 1170 time: 0.0382261
2026-06-15 20:12:38.598 9 INFO neutron.db.ovn_revision_numbers_db [None req-6a0427e7-fa40-4ddb-8973-f163003af93c - - - - - -] Successfully bumped revision number for resource 3c0ef13a-23fd-4436-812e-aa3d0fb176c4 (type: ports) to 5
2026-06-15 20:12:38.613 10 INFO neutron.api.wsgi [req-b8bdefed-9c8b-4165-845f-4e0545aa56cc req-50ef34bd-3169-43c8-843f-d6af5faf5111 e3dd6e2824194962b00f28d58e71b898 aa97461b6390425592408ec0c133593d - - default default] 10.0.0.66 "GET /v2.0/security-groups?id=28c7fe4d-bf37-4a5e-a53f-25d3c313f683&fields=id&fields=name HTTP/1.1" status: 200 len: 313 time: 0.0471699
2026-06-15 20:12:38.655 10 INFO neutron.api.wsgi [req-cab4647b-39dc-453c-9c42-3cd02626f2e4 req-2f3e9b24-8995-4644-bdfe-2189b2af1171 1b42623d3f37430fa5e29ce93bee17da c07e0eb3b77a427fa60fdb3035d47059 - - default default] 10.0.0.66 "GET /v2.0/ports?device_id=8f9610f9-f913-40b9-8dae-730023f9e468 HTTP/1.1" status: 200 len: 1170 time: 0.0366483
2026-06-15 20:12:38.702 10 INFO neutron.api.wsgi [req-cab4647b-39dc-453c-9c42-3cd02626f2e4 req-fc269f4f-5ca7-4cd9-b689-6f1cb0187322 1b42623d3f37430fa5e29ce93bee17da c07e0eb3b77a427fa60fdb3035d47059 - - default default] 10.0.0.66 "GET /v2.0/security-groups?id=265dc5c0-8e7e-40ca-90fc-a861b595d3bf&fields=id&fields=name HTTP/1.1" status: 200 len: 313 time: 0.0413697
2026-06-15 20:12:39.044 9 INFO neutron.api.wsgi [None req-fa7be295-58f3-429e-987f-dfc399218ec4 1a7bfbcc99f147ebb9941d3786225d3a 3f58fa161a4143a18370d34b7ba0f89a - - default default] 10.0.0.129 "PUT /v2.0/routers/b82fb354-d515-49db-89b6-ad8c15587c81/remove_router_interface HTTP/1.1" status: 200 len: 503 time: 1.5084991
2026-06-15 20:12:39.308 10 WARNING neutron.plugins.ml2.drivers.ovn.mech_driver.ovsdb.ovn_client [None req-9d9e71db-77fb-4c53-a908-cecbeb53f4b0 - - - - - -] No port found with ID 78a49119-f9d9-4a88-bd55-3e6812e352b2: RuntimeError: No port found with ID 78a49119-f9d9-4a88-bd55-3e6812e352b2
2026-06-15 20:12:39.315 10 INFO neutron.plugins.ml2.drivers.ovn.mech_driver.mech_driver [None req-9d9e71db-77fb-4c53-a908-cecbeb53f4b0 - - - - - -] OVN reports status up for port: 5d326694-10b4-4cc9-97a3-1907dd1d4ca5
2026-06-15 20:12:39.326 10 INFO neutron.plugins.ml2.plugin [None req-9d9e71db-77fb-4c53-a908-cecbeb53f4b0 - - - - - -] Attempt 1 to provision port 5d326694-10b4-4cc9-97a3-1907dd1d4ca5
2026-06-15 20:12:39.425 10 INFO neutron.notifiers.nova [-] Nova event matching ['req-639eb68a-1821-4300-9ec8-370cde72cf61'] response: {'server_uuid': 'e19e74e6-bcb7-41b7-9424-b3cd8910b26a', 'name': 'network-vif-plugged', 'status': 'completed', 'tag': '5d326694-10b4-4cc9-97a3-1907dd1d4ca5', 'code': 200}
2026-06-15 20:12:39.591 10 INFO neutron.api.wsgi [req-97c33051-2e1b-4ea8-a518-b45d8aae9b90 req-3455ea9c-db32-4f78-9279-4600de44b2a1 ba305ddbff724eb395b5d72847d7c344 3d0af6da6e16465ebbede1cee49bb7b3 - - default default] 10.0.0.66 "GET /v2.0/ports?device_id=e19e74e6-bcb7-41b7-9424-b3cd8910b26a HTTP/1.1" status: 200 len: 1170 time: 0.1047781
2026-06-15 20:12:39.623 10 INFO neutron.db.ovn_revision_numbers_db [None req-9d9e71db-77fb-4c53-a908-cecbeb53f4b0 - - - - - -] Successfully bumped revision number for resource 5d326694-10b4-4cc9-97a3-1907dd1d4ca5 (type: ports) to 5
2026-06-15 20:12:39.657 10 INFO neutron.api.wsgi [req-97c33051-2e1b-4ea8-a518-b45d8aae9b90 req-7c91495b-7286-493c-b8ba-364682867b8d ba305ddbff724eb395b5d72847d7c344 3d0af6da6e16465ebbede1cee49bb7b3 - - default default] 10.0.0.66 "GET /v2.0/security-groups?id=454d2830-83d2-4eab-be70-e04935470446&fields=id&fields=name HTTP/1.1" status: 200 len: 286 time: 0.0596321 /var/lib/openstack/lib/python3.12/site-packages/pycadf/identifier.py:71: UserWarning: Invalid uuid: neutron. To ensure interoperability, identifiers should be a valid uuid. warnings.warn(('Invalid uuid: %s. To ensure interoperability, '
2026-06-15 20:12:39.730 10 INFO neutron.api.wsgi [req-aa0fb74d-cd05-45be-be86-f740b11b801a req-8edbc351-f01f-43af-9a10-e51333ef8eb3 e3dd6e2824194962b00f28d58e71b898 aa97461b6390425592408ec0c133593d - - default default] 10.0.0.66 "GET /v2.0/ports?device_id=82bcb4db-1911-4f77-a333-fea0bae1d805 HTTP/1.1" status: 200 len: 1170 time: 0.0496042
2026-06-15 20:12:39.806 10 INFO neutron.api.wsgi [req-aa0fb74d-cd05-45be-be86-f740b11b801a req-dd8b7228-f16b-4aee-9a0e-a9322d20564b e3dd6e2824194962b00f28d58e71b898 aa97461b6390425592408ec0c133593d - - default default] 10.0.0.66 "GET /v2.0/security-groups?id=28c7fe4d-bf37-4a5e-a53f-25d3c313f683&fields=id&fields=name HTTP/1.1" status: 200 len: 313 time: 0.0663819
2026-06-15 20:12:39.815 10 INFO neutron.api.wsgi [req-cb297ed5-bb07-42d5-8c4d-569a7522085f req-1beb27be-e616-4ab8-9f64-540314321224 1b42623d3f37430fa5e29ce93bee17da c07e0eb3b77a427fa60fdb3035d47059 - - default default] 10.0.0.66 "GET /v2.0/ports?device_id=8f9610f9-f913-40b9-8dae-730023f9e468 HTTP/1.1" status: 200 len: 1170 time: 0.0464318
2026-06-15 20:12:39.843 10 INFO neutron.api.wsgi [None req-e1287ffd-c326-471f-90a2-66a93aa212da 1a7bfbcc99f147ebb9941d3786225d3a 3f58fa161a4143a18370d34b7ba0f89a - - default default] 10.0.0.129 "DELETE /v2.0/routers/b82fb354-d515-49db-89b6-ad8c15587c81 HTTP/1.1" status: 204 len: 168 time: 0.7912455 /var/lib/openstack/lib/python3.12/site-packages/pycadf/identifier.py:71: UserWarning: Invalid uuid: neutron. To ensure interoperability, identifiers should be a valid uuid. warnings.warn(('Invalid uuid: %s. To ensure interoperability, '
2026-06-15 20:12:39.871 10 INFO neutron.api.wsgi [req-cb297ed5-bb07-42d5-8c4d-569a7522085f req-2c87ee14-5078-4ba6-8a65-8fc2d054a7ad 1b42623d3f37430fa5e29ce93bee17da c07e0eb3b77a427fa60fdb3035d47059 - - default default] 10.0.0.66 "GET /v2.0/security-groups?id=265dc5c0-8e7e-40ca-90fc-a861b595d3bf&fields=id&fields=name HTTP/1.1" status: 200 len: 313 time: 0.0514596
2026-06-15 20:12:39.922 10 INFO neutron.api.wsgi [req-15f06fbe-89d8-481b-9858-a3a8d2e4e555 req-1e8a0057-0023-4aba-82d4-edc17d23f583 e3dd6e2824194962b00f28d58e71b898 aa97461b6390425592408ec0c133593d - - default default] 10.0.0.66 "GET /v2.0/ports?device_id=82bcb4db-1911-4f77-a333-fea0bae1d805 HTTP/1.1" status: 200 len: 1170 time: 0.0357857
2026-06-15 20:12:40.006 9 INFO neutron.api.wsgi [None req-7700f42c-9487-4926-8dcf-04cd0715532f 1a7bfbcc99f147ebb9941d3786225d3a 3f58fa161a4143a18370d34b7ba0f89a - - default default] 10.0.0.129 "DELETE /v2.0/subnets/72ffd292-2864-43e3-a70f-3a81771a1223 HTTP/1.1" status: 204 len: 168 time: 0.1577921
2026-06-15 20:12:40.428 9 INFO neutron.notifiers.nova [-] Nova event matching ['req-e08ca560-0e1b-4213-8260-22f6b6b06efb'] response: {'server_uuid': '82bcb4db-1911-4f77-a333-fea0bae1d805', 'name': 'network-vif-plugged', 'status': 'completed', 'tag': '9a28d25f-e478-4a67-ae02-09f203aecf43', 'code': 200}
2026-06-15 20:12:40.429 9 INFO neutron.notifiers.nova [-] Nova event matching ['req-e08ca560-0e1b-4213-8260-22f6b6b06efb'] response: {'server_uuid': '8f9610f9-f913-40b9-8dae-730023f9e468', 'name': 'network-vif-plugged', 'status': 'completed', 'tag': '3c0ef13a-23fd-4436-812e-aa3d0fb176c4', 'code': 200}
2026-06-15 20:12:40.429 9 INFO neutron.notifiers.nova [-] Nova event matching ['req-e08ca560-0e1b-4213-8260-22f6b6b06efb'] response: {'server_uuid': '8f9610f9-f913-40b9-8dae-730023f9e468', 'name': 'network-vif-plugged', 'status': 'completed', 'tag': '3c0ef13a-23fd-4436-812e-aa3d0fb176c4', 'code': 200}
2026-06-15 20:12:40.634 10 INFO neutron.services.segments.plugin [-] Segment 112600a6-74a0-495b-995e-c151cbfd16be resource provider aggregate not found
2026-06-15 20:12:40.641 10 INFO neutron.services.segments.plugin [-] Segment 112600a6-74a0-495b-995e-c151cbfd16be resource provider aggregate not found
2026-06-15 20:12:40.659 10 INFO neutron.services.segments.plugin [-] Segment 112600a6-74a0-495b-995e-c151cbfd16be resource provider not found; error: Placement Client Error (4xx): {"errors": [{"status": 404, "title": "Not Found", "detail": "The resource could not be found.\n\n No resource provider with uuid 112600a6-74a0-495b-995e-c151cbfd16be found for delete ", "request_id": "req-51175066-c0cf-4d9f-8488-95cbf65cae9c"}]}
2026-06-15 20:12:40.662 10 INFO neutron.services.segments.plugin [-] Segment 112600a6-74a0-495b-995e-c151cbfd16be resource provider not found; error: Placement Client Error (4xx): {"errors": [{"status": 404, "title": "Not Found", "detail": "The resource could not be found.\n\n No resource provider with uuid 112600a6-74a0-495b-995e-c151cbfd16be found for delete ", "request_id": "req-65a9c468-b68f-4e12-a018-213db39678fb"}]}
2026-06-15 20:12:40.681 10 INFO neutron.api.wsgi [None req-16a616a4-2a7b-4094-a36c-38083141545b 1a7bfbcc99f147ebb9941d3786225d3a 3f58fa161a4143a18370d34b7ba0f89a - - default default] 10.0.0.129 "DELETE /v2.0/networks/a2843cb8-ae90-416d-894f-52ebda5bfbd1 HTTP/1.1" status: 204 len: 168 time: 0.6694837 /var/lib/openstack/lib/python3.12/site-packages/pycadf/identifier.py:71: UserWarning: Invalid uuid: neutron. To ensure interoperability, identifiers should be a valid uuid. warnings.warn(('Invalid uuid: %s. To ensure interoperability, '
2026-06-15 20:12:40.809 10 INFO neutron.api.wsgi [req-4469edf3-c4d5-48df-840a-a484e7af4a07 req-883d611f-a7ac-4a34-95ea-4c44dd38ecb4 ba305ddbff724eb395b5d72847d7c344 3d0af6da6e16465ebbede1cee49bb7b3 - - default default] 10.0.0.66 "GET /v2.0/ports?device_id=e19e74e6-bcb7-41b7-9424-b3cd8910b26a HTTP/1.1" status: 200 len: 1170 time: 0.0684500
2026-06-15 20:12:40.824 10 INFO neutron.db.ovn_revision_numbers_db [None req-e6c544a6-9742-4cc4-aec3-15d4b8485eba e3dd6e2824194962b00f28d58e71b898 aa97461b6390425592408ec0c133593d - - default default] Successfully bumped revision number for resource 7fbd0232-0159-4ae4-ad0a-b3b17c14ad01 (type: floatingips) to 1
2026-06-15 20:12:40.854 9 INFO neutron.api.wsgi [None req-0a93e9b0-5933-4b5d-983d-49ebdbb9af90 1a7bfbcc99f147ebb9941d3786225d3a 3f58fa161a4143a18370d34b7ba0f89a - - default default] 10.0.0.129 "GET /v2.0/security-groups?tenant_id=818eb5bed933475d8568c009d532c2d9&name=default HTTP/1.1" status: 200 len: 3120 time: 0.0415261
2026-06-15 20:12:40.870 10 INFO neutron.api.wsgi [req-4469edf3-c4d5-48df-840a-a484e7af4a07 req-d0ddcdb7-d508-4574-bbd6-49c39d134b07 ba305ddbff724eb395b5d72847d7c344 3d0af6da6e16465ebbede1cee49bb7b3 - - default default] 10.0.0.66 "GET /v2.0/security-groups?id=454d2830-83d2-4eab-be70-e04935470446&fields=id&fields=name HTTP/1.1" status: 200 len: 286 time: 0.0561376
2026-06-15 20:12:40.943 10 INFO neutron.db.ovn_revision_numbers_db [None req-e6c544a6-9742-4cc4-aec3-15d4b8485eba e3dd6e2824194962b00f28d58e71b898 aa97461b6390425592408ec0c133593d - - default default] Successfully bumped revision number for resource 7fbd0232-0159-4ae4-ad0a-b3b17c14ad01 (type: floatingips) to 2
2026-06-15 20:12:40.943 10 INFO neutron.db.l3_db [None req-e6c544a6-9742-4cc4-aec3-15d4b8485eba e3dd6e2824194962b00f28d58e71b898 aa97461b6390425592408ec0c133593d - - default default] Floating IP 7fbd0232-0159-4ae4-ad0a-b3b17c14ad01 associated. External IP: 10.96.250.202, port: 9a28d25f-e478-4a67-ae02-09f203aecf43.
2026-06-15 20:12:40.981 10 INFO neutron.api.wsgi [req-5aaeed90-4062-4f8c-91a1-fea1916ff593 req-4ec2dab1-f0c8-4408-bf77-87a3d9112fcf 1b42623d3f37430fa5e29ce93bee17da c07e0eb3b77a427fa60fdb3035d47059 - - default default] 10.0.0.66 "GET /v2.0/ports?device_id=8f9610f9-f913-40b9-8dae-730023f9e468 HTTP/1.1" status: 200 len: 1170 time: 0.0542789
2026-06-15 20:12:40.989 10 INFO neutron.api.wsgi [None req-e6c544a6-9742-4cc4-aec3-15d4b8485eba e3dd6e2824194962b00f28d58e71b898 aa97461b6390425592408ec0c133593d - - default default] 10.0.0.129 "PUT /v2.0/floatingips/7fbd0232-0159-4ae4-ad0a-b3b17c14ad01 HTTP/1.1" status: 200 len: 1049 time: 1.0560219
2026-06-15 20:12:41.022 10 INFO neutron.api.wsgi [req-5aaeed90-4062-4f8c-91a1-fea1916ff593 req-f51ff8f7-97df-4790-be21-2f6e527f405d 1b42623d3f37430fa5e29ce93bee17da c07e0eb3b77a427fa60fdb3035d47059 - - default default] 10.0.0.66 "GET /v2.0/security-groups?id=265dc5c0-8e7e-40ca-90fc-a861b595d3bf&fields=id&fields=name HTTP/1.1" status: 200 len: 313 time: 0.0359004
2026-06-15 20:12:41.119 10 INFO neutron.api.wsgi [req-f480268a-c83e-4c7f-ae50-704373aeb2b8 req-c422b16c-ed40-47fd-b63d-a0c2fd44b2c0 e3dd6e2824194962b00f28d58e71b898 aa97461b6390425592408ec0c133593d - - default default] 10.0.0.66 "GET /v2.0/ports?device_id=82bcb4db-1911-4f77-a333-fea0bae1d805 HTTP/1.1" status: 200 len: 1170 time: 0.0620351
2026-06-15 20:12:41.124 9 INFO neutron.api.wsgi [None req-72d43c63-5499-4b0c-97c7-91cadc47707c 1a7bfbcc99f147ebb9941d3786225d3a 3f58fa161a4143a18370d34b7ba0f89a - - default default] 10.0.0.129 "DELETE /v2.0/security-groups/433a823c-61e1-4c60-b10f-1898e9818422 HTTP/1.1" status: 204 len: 168 time: 0.2621641
2026-06-15 20:12:41.158 10 INFO neutron.api.wsgi [req-f480268a-c83e-4c7f-ae50-704373aeb2b8 req-5a42cbce-de97-47dd-ab4c-903c0b8a771a e3dd6e2824194962b00f28d58e71b898 aa97461b6390425592408ec0c133593d - - default default] 10.0.0.66 "GET /v2.0/security-groups?id=28c7fe4d-bf37-4a5e-a53f-25d3c313f683&fields=id&fields=name HTTP/1.1" status: 200 len: 313 time: 0.0336733
2026-06-15 20:12:41.253 10 INFO neutron.api.wsgi [req-456a9c58-463f-40ce-a850-06ab3fbbf9ae req-394f62d8-072f-4cc6-b8b8-37c13dd0dc84 ba305ddbff724eb395b5d72847d7c344 3d0af6da6e16465ebbede1cee49bb7b3 - - default default] 10.0.0.66 "GET /v2.0/ports?device_id=e19e74e6-bcb7-41b7-9424-b3cd8910b26a HTTP/1.1" status: 200 len: 1170 time: 0.0481408
2026-06-15 20:12:41.284 10 INFO neutron.api.wsgi [req-456a9c58-463f-40ce-a850-06ab3fbbf9ae req-b984a635-02e7-4790-81ae-23e9ea0ad8ab ba305ddbff724eb395b5d72847d7c344 3d0af6da6e16465ebbede1cee49bb7b3 - - default default] 10.0.0.66 "GET /v2.0/security-groups?id=454d2830-83d2-4eab-be70-e04935470446&fields=id&fields=name HTTP/1.1" status: 200 len: 286 time: 0.0277998
2026-06-15 20:12:41.475 10 INFO neutron.notifiers.nova [-] Nova event matching ['req-5145452a-6463-4711-9940-50923c17b489'] response: {'server_uuid': 'e19e74e6-bcb7-41b7-9424-b3cd8910b26a', 'name': 'network-vif-plugged', 'status': 'completed', 'tag': '5d326694-10b4-4cc9-97a3-1907dd1d4ca5', 'code': 200}
2026-06-15 20:12:41.475 10 INFO neutron.notifiers.nova [-] Nova event matching ['req-5145452a-6463-4711-9940-50923c17b489'] response: {'name': 'network-changed', 'server_uuid': '82bcb4db-1911-4f77-a333-fea0bae1d805', 'tag': '9a28d25f-e478-4a67-ae02-09f203aecf43', 'status': 'completed', 'code': 200}
2026-06-15 20:12:41.556 10 INFO neutron.api.wsgi [req-e001e9ed-7204-48d7-b1cf-bcded64fd981 req-922b1704-7ac5-40ee-bddf-4a36bacfeb4b e3dd6e2824194962b00f28d58e71b898 aa97461b6390425592408ec0c133593d - - default default] 10.0.0.66 "GET /v2.0/ports?device_id=82bcb4db-1911-4f77-a333-fea0bae1d805 HTTP/1.1" status: 200 len: 1170 time: 0.0709560
2026-06-15 20:12:41.589 10 INFO neutron.api.wsgi [req-e001e9ed-7204-48d7-b1cf-bcded64fd981 req-8e44186b-b591-4ae5-add4-7176fd71cfde e3dd6e2824194962b00f28d58e71b898 aa97461b6390425592408ec0c133593d - - default default] 10.0.0.66 "GET /v2.0/security-groups?id=28c7fe4d-bf37-4a5e-a53f-25d3c313f683&fields=id&fields=name HTTP/1.1" status: 200 len: 313 time: 0.0255487
2026-06-15 20:12:41.741 10 INFO neutron.plugins.ml2.drivers.ovn.mech_driver.mech_driver [None req-be05e4cc-416d-4681-9495-bc73309c55c0 - - - - - -] OVN reports status down for port: 5d326694-10b4-4cc9-97a3-1907dd1d4ca5
2026-06-15 20:12:42.021 9 INFO neutron.plugins.ml2.drivers.ovn.mech_driver.mech_driver [None req-38fdae06-5901-4f29-934e-ea42162e80f4 - - - - - -] OVN reports status down for port: 9a28d25f-e478-4a67-ae02-09f203aecf43
2026-06-15 20:12:42.028 10 INFO neutron.db.ovn_revision_numbers_db [None req-be05e4cc-416d-4681-9495-bc73309c55c0 - - - - - -] Successfully bumped revision number for resource 5d326694-10b4-4cc9-97a3-1907dd1d4ca5 (type: ports) to 6
2026-06-15 20:12:42.041 10 INFO neutron.api.wsgi [req-d86d308d-b6ba-4076-ba8e-5bf805677d82 req-d8b47c99-6f6e-473d-a903-3757924f3b59 93fd75e7c16c433dac6ed82ee324d3ad 04d056b16d244824b637045d713059ed - - 0c5e71a710ee4d4d9b14d4562644cb4e 0c5e71a710ee4d4d9b14d4562644cb4e] 199.19.213.159 "GET /v2.0/ports?tenant_id=aa97461b6390425592408ec0c133593d&device_id=82bcb4db-1911-4f77-a333-fea0bae1d805 HTTP/1.1" status: 200 len: 1409 time: 0.0455437
2026-06-15 20:12:42.099 10 INFO neutron.api.wsgi [req-d86d308d-b6ba-4076-ba8e-5bf805677d82 req-14ebd44a-12e9-48bd-b45d-3905c5f082e1 93fd75e7c16c433dac6ed82ee324d3ad 04d056b16d244824b637045d713059ed - - 0c5e71a710ee4d4d9b14d4562644cb4e 0c5e71a710ee4d4d9b14d4562644cb4e] 199.19.213.159 "GET /v2.0/networks?id=e2e638b3-cb76-4e96-8b1e-027ab392e17c HTTP/1.1" status: 200 len: 968 time: 0.0539029 /var/lib/openstack/lib/python3.12/site-packages/pycadf/identifier.py:71: UserWarning: Invalid uuid: neutron. To ensure interoperability, identifiers should be a valid uuid. warnings.warn(('Invalid uuid: %s. To ensure interoperability, '
2026-06-15 20:12:42.136 10 INFO neutron.api.wsgi [req-7c338f00-c47b-473b-8679-75cadb4381a1 req-e54ae58a-ac2e-4bba-824f-e195ee4db87e 1b42623d3f37430fa5e29ce93bee17da c07e0eb3b77a427fa60fdb3035d47059 - - default default] 10.0.0.66 "GET /v2.0/ports?device_id=8f9610f9-f913-40b9-8dae-730023f9e468 HTTP/1.1" status: 200 len: 1170 time: 0.0485477
2026-06-15 20:12:42.161 10 INFO neutron.api.wsgi [req-d86d308d-b6ba-4076-ba8e-5bf805677d82 req-9dbcf365-1a11-40b3-bdd4-8c01711c0417 93fd75e7c16c433dac6ed82ee324d3ad 04d056b16d244824b637045d713059ed - - 0c5e71a710ee4d4d9b14d4562644cb4e 0c5e71a710ee4d4d9b14d4562644cb4e] 199.19.213.159 "GET /v2.0/floatingips?fixed_ip_address=10.100.0.7&port_id=9a28d25f-e478-4a67-ae02-09f203aecf43 HTTP/1.1" status: 200 len: 1057 time: 0.0574622
2026-06-15 20:12:42.203 10 INFO neutron.api.wsgi [req-7c338f00-c47b-473b-8679-75cadb4381a1 req-e8d10fd2-cedc-4df0-9ce4-d545f235400e 1b42623d3f37430fa5e29ce93bee17da c07e0eb3b77a427fa60fdb3035d47059 - - default default] 10.0.0.66 "GET /v2.0/security-groups?id=265dc5c0-8e7e-40ca-90fc-a861b595d3bf&fields=id&fields=name HTTP/1.1" status: 200 len: 313 time: 0.0592318
2026-06-15 20:12:42.211 10 INFO neutron.api.wsgi [req-d86d308d-b6ba-4076-ba8e-5bf805677d82 req-4b30bb58-ab62-43eb-811e-2f18a72a6367 93fd75e7c16c433dac6ed82ee324d3ad 04d056b16d244824b637045d713059ed - - 0c5e71a710ee4d4d9b14d4562644cb4e 0c5e71a710ee4d4d9b14d4562644cb4e] 199.19.213.159 "GET /v2.0/subnets?id=a1a987a3-093e-4594-a945-e43263563a3d HTTP/1.1" status: 200 len: 887 time: 0.0448782
2026-06-15 20:12:42.241 10 INFO neutron.api.wsgi [req-d86d308d-b6ba-4076-ba8e-5bf805677d82 req-188d496c-db8c-4dcf-8061-9f859168ea8a 93fd75e7c16c433dac6ed82ee324d3ad 04d056b16d244824b637045d713059ed - - 0c5e71a710ee4d4d9b14d4562644cb4e 0c5e71a710ee4d4d9b14d4562644cb4e] 199.19.213.159 "GET /v2.0/ports?network_id=e2e638b3-cb76-4e96-8b1e-027ab392e17c&device_owner=network%3Adhcp HTTP/1.1" status: 200 len: 210 time: 0.0253594
2026-06-15 20:12:42.270 9 INFO neutron.db.ovn_revision_numbers_db [None req-38fdae06-5901-4f29-934e-ea42162e80f4 - - - - - -] Successfully bumped revision number for resource 9a28d25f-e478-4a67-ae02-09f203aecf43 (type: ports) to 6
2026-06-15 20:12:42.291 10 INFO neutron.api.wsgi [req-d86d308d-b6ba-4076-ba8e-5bf805677d82 req-477e7454-ce6a-4a86-9215-c41ccf25e236 93fd75e7c16c433dac6ed82ee324d3ad 04d056b16d244824b637045d713059ed - - 0c5e71a710ee4d4d9b14d4562644cb4e 0c5e71a710ee4d4d9b14d4562644cb4e] 199.19.213.159 "GET /v2.0/networks/e2e638b3-cb76-4e96-8b1e-027ab392e17c?fields=segments HTTP/1.1" status: 200 len: 212 time: 0.0426645
2026-06-15 20:12:42.300 10 INFO neutron.api.wsgi [req-c2508440-80ca-4ba5-8123-da187d608e5d req-361347ec-7cf4-4116-951f-1ff298722fe6 1b42623d3f37430fa5e29ce93bee17da c07e0eb3b77a427fa60fdb3035d47059 - - default default] 10.0.0.66 "GET /v2.0/ports?device_id=8f9610f9-f913-40b9-8dae-730023f9e468 HTTP/1.1" status: 200 len: 1170 time: 0.0287926 /var/lib/openstack/lib/python3.12/site-packages/pycadf/identifier.py:71: UserWarning: Invalid uuid: neutron. To ensure interoperability, identifiers should be a valid uuid. warnings.warn(('Invalid uuid: %s. To ensure interoperability, '
2026-06-15 20:12:42.345 10 INFO neutron.api.wsgi [req-d86d308d-b6ba-4076-ba8e-5bf805677d82 req-bd22bb6b-07ea-4d84-b9e0-32df51bbc80a 93fd75e7c16c433dac6ed82ee324d3ad 04d056b16d244824b637045d713059ed - - 0c5e71a710ee4d4d9b14d4562644cb4e 0c5e71a710ee4d4d9b14d4562644cb4e] 199.19.213.159 "GET /v2.0/networks/e2e638b3-cb76-4e96-8b1e-027ab392e17c?fields=provider%3Aphysical_network&fields=provider%3Anetwork_type HTTP/1.1" status: 200 len: 277 time: 0.0441642
2026-06-15 20:12:42.379 10 INFO neutron.api.wsgi [req-51fb443b-1633-4fff-86f1-b16b7e50434d req-fd410e8f-cef8-423d-8863-51f1bc4d2a04 ba305ddbff724eb395b5d72847d7c344 3d0af6da6e16465ebbede1cee49bb7b3 - - default default] 10.0.0.66 "GET /v2.0/ports?device_id=e19e74e6-bcb7-41b7-9424-b3cd8910b26a HTTP/1.1" status: 200 len: 1168 time: 0.0343306
2026-06-15 20:12:42.418 10 INFO neutron.api.wsgi [req-51fb443b-1633-4fff-86f1-b16b7e50434d req-a83dcab2-b4e6-4b62-8bc1-b39e240e654d ba305ddbff724eb395b5d72847d7c344 3d0af6da6e16465ebbede1cee49bb7b3 - - default default] 10.0.0.66 "GET /v2.0/security-groups?id=454d2830-83d2-4eab-be70-e04935470446&fields=id&fields=name HTTP/1.1" status: 200 len: 286 time: 0.0299814
2026-06-15 20:12:42.463 9 INFO neutron.notifiers.nova [-] Nova event matching ['req-49701481-40fa-496c-a3a2-47763b61bf2f'] response: {'server_uuid': '82bcb4db-1911-4f77-a333-fea0bae1d805', 'name': 'network-vif-unplugged', 'status': 'completed', 'tag': '9a28d25f-e478-4a67-ae02-09f203aecf43', 'code': 200}
2026-06-15 20:12:42.463 9 INFO neutron.notifiers.nova [-] Nova event matching ['req-49701481-40fa-496c-a3a2-47763b61bf2f'] response: {'server_uuid': '82bcb4db-1911-4f77-a333-fea0bae1d805', 'name': 'network-vif-unplugged', 'status': 'completed', 'tag': '9a28d25f-e478-4a67-ae02-09f203aecf43', 'code': 200}
2026-06-15 20:12:42.705 10 INFO neutron.api.wsgi [req-98dd500d-fb98-406c-ba6e-809ee209b423 req-f9022583-d632-4b98-8be3-20d5a46ca2aa e3dd6e2824194962b00f28d58e71b898 aa97461b6390425592408ec0c133593d - - default default] 10.0.0.66 "GET /v2.0/ports?device_id=82bcb4db-1911-4f77-a333-fea0bae1d805 HTTP/1.1" status: 200 len: 1168 time: 0.0462794
2026-06-15 20:12:42.746 10 INFO neutron.api.wsgi [req-98dd500d-fb98-406c-ba6e-809ee209b423 req-019e8181-1e81-4de6-bbdd-13debaaa0915 e3dd6e2824194962b00f28d58e71b898 aa97461b6390425592408ec0c133593d - - default default] 10.0.0.66 "GET /v2.0/security-groups?id=28c7fe4d-bf37-4a5e-a53f-25d3c313f683&fields=id&fields=name HTTP/1.1" status: 200 len: 313 time: 0.0330429
2026-06-15 20:12:42.919 9 INFO neutron.db.ovn_revision_numbers_db [None req-499306b1-c75f-42cb-ab9d-248f0b1c13fc 1b42623d3f37430fa5e29ce93bee17da c07e0eb3b77a427fa60fdb3035d47059 - - default default] Successfully bumped revision number for resource 002cb91b-0ee9-4f88-9a2c-4c114ae9210d (type: floatingips) to 1 /var/lib/openstack/lib/python3.12/site-packages/pycadf/identifier.py:71: UserWarning: Invalid uuid: neutron. To ensure interoperability, identifiers should be a valid uuid. warnings.warn(('Invalid uuid: %s. To ensure interoperability, '
2026-06-15 20:12:43.011 10 INFO neutron.api.wsgi [req-f6741c39-88be-470a-a53e-143a18825d77 req-a8f21435-1484-4051-831d-8a77b47b1190 ba305ddbff724eb395b5d72847d7c344 3d0af6da6e16465ebbede1cee49bb7b3 - - default default] 199.19.213.159 "GET /v2.0/ports?device_id=e19e74e6-bcb7-41b7-9424-b3cd8910b26a HTTP/1.1" status: 200 len: 1168 time: 0.0409799
2026-06-15 20:12:43.185 9 INFO neutron.db.ovn_revision_numbers_db [None req-499306b1-c75f-42cb-ab9d-248f0b1c13fc 1b42623d3f37430fa5e29ce93bee17da c07e0eb3b77a427fa60fdb3035d47059 - - default default] Successfully bumped revision number for resource 002cb91b-0ee9-4f88-9a2c-4c114ae9210d (type: floatingips) to 2
2026-06-15 20:12:43.185 9 INFO neutron.db.l3_db [None req-499306b1-c75f-42cb-ab9d-248f0b1c13fc 1b42623d3f37430fa5e29ce93bee17da c07e0eb3b77a427fa60fdb3035d47059 - - default default] Floating IP 002cb91b-0ee9-4f88-9a2c-4c114ae9210d associated. External IP: 10.96.250.204, port: 3c0ef13a-23fd-4436-812e-aa3d0fb176c4.
2026-06-15 20:12:43.216 9 INFO neutron.api.wsgi [None req-499306b1-c75f-42cb-ab9d-248f0b1c13fc 1b42623d3f37430fa5e29ce93bee17da c07e0eb3b77a427fa60fdb3035d47059 - - default default] 10.0.0.129 "PUT /v2.0/floatingips/002cb91b-0ee9-4f88-9a2c-4c114ae9210d HTTP/1.1" status: 200 len: 1049 time: 0.9017448
2026-06-15 20:12:43.264 10 INFO neutron.api.wsgi [req-bf765162-2ce9-464c-9b27-6a089bd96e31 req-b5920eaf-c02a-4c28-80d9-a986cf107fd7 e3dd6e2824194962b00f28d58e71b898 aa97461b6390425592408ec0c133593d - - default default] 199.19.213.159 "GET /v2.0/ports?device_id=82bcb4db-1911-4f77-a333-fea0bae1d805 HTTP/1.1" status: 200 len: 1168 time: 0.0370703
2026-06-15 20:12:43.310 10 INFO neutron.api.wsgi [req-f6741c39-88be-470a-a53e-143a18825d77 req-aba15e24-f937-4cd1-9df7-18ed1487cbec ba305ddbff724eb395b5d72847d7c344 3d0af6da6e16465ebbede1cee49bb7b3 - - default default] 199.19.213.159 "DELETE /v2.0/ports/5d326694-10b4-4cc9-97a3-1907dd1d4ca5 HTTP/1.1" status: 204 len: 173 time: 0.2962859
2026-06-15 20:12:43.431 9 INFO neutron.db.ovn_revision_numbers_db [None req-3a676718-f19c-4b1e-a408-acdf2acd67bf 1a7bfbcc99f147ebb9941d3786225d3a 3f58fa161a4143a18370d34b7ba0f89a - - default default] Successfully bumped revision number for resource c1bfbdbc-7465-400f-9c12-dc6f13632d78 (type: security_groups) to 1
2026-06-15 20:12:43.448 9 INFO neutron.db.ovn_revision_numbers_db [None req-3a676718-f19c-4b1e-a408-acdf2acd67bf 1a7bfbcc99f147ebb9941d3786225d3a 3f58fa161a4143a18370d34b7ba0f89a - - default default] Successfully bumped revision number for resource b00137aa-17c9-4cdc-93d5-ca6ec75a0aa6 (type: security_group_rules) to 0
2026-06-15 20:12:43.469 9 INFO neutron.db.ovn_revision_numbers_db [None req-3a676718-f19c-4b1e-a408-acdf2acd67bf 1a7bfbcc99f147ebb9941d3786225d3a 3f58fa161a4143a18370d34b7ba0f89a - - default default] Successfully bumped revision number for resource c2ea5a5c-7a45-437d-9992-73972ecb715d (type: security_group_rules) to 0
2026-06-15 20:12:43.481 9 INFO neutron.db.ovn_revision_numbers_db [None req-3a676718-f19c-4b1e-a408-acdf2acd67bf 1a7bfbcc99f147ebb9941d3786225d3a 3f58fa161a4143a18370d34b7ba0f89a - - default default] Successfully bumped revision number for resource f0bac2d1-181d-4137-bb5b-e00ccb766a51 (type: security_group_rules) to 0
2026-06-15 20:12:43.493 9 INFO neutron.db.ovn_revision_numbers_db [None req-3a676718-f19c-4b1e-a408-acdf2acd67bf 1a7bfbcc99f147ebb9941d3786225d3a 3f58fa161a4143a18370d34b7ba0f89a - - default default] Successfully bumped revision number for resource f739bb16-ba83-42d1-93da-84f56435af67 (type: security_group_rules) to 0
2026-06-15 20:12:43.512 10 INFO neutron.api.wsgi [req-06b0f7be-9e81-4924-bc69-6c2302861cbf req-9a52b19b-5c13-4808-9c3f-35864e136e49 ba305ddbff724eb395b5d72847d7c344 3d0af6da6e16465ebbede1cee49bb7b3 - - default default] 10.0.0.66 "GET /v2.0/ports?device_id=e19e74e6-bcb7-41b7-9424-b3cd8910b26a HTTP/1.1" status: 200 len: 210 time: 0.0178432
2026-06-15 20:12:43.518 10 INFO neutron.notifiers.nova [-] Nova event matching ['req-410dd3e6-fa9f-4538-84de-9fde5bed1cd6'] response: {'server_uuid': 'e19e74e6-bcb7-41b7-9424-b3cd8910b26a', 'name': 'network-vif-unplugged', 'status': 'completed', 'tag': '5d326694-10b4-4cc9-97a3-1907dd1d4ca5', 'code': 200}
2026-06-15 20:12:43.518 10 INFO neutron.notifiers.nova [-] Nova event matching ['req-410dd3e6-fa9f-4538-84de-9fde5bed1cd6'] response: {'server_uuid': 'e19e74e6-bcb7-41b7-9424-b3cd8910b26a', 'name': 'network-vif-unplugged', 'status': 'completed', 'tag': '5d326694-10b4-4cc9-97a3-1907dd1d4ca5', 'code': 200}
2026-06-15 20:12:43.518 10 INFO neutron.notifiers.nova [-] Nova event matching ['req-410dd3e6-fa9f-4538-84de-9fde5bed1cd6'] response: {'server_uuid': 'e19e74e6-bcb7-41b7-9424-b3cd8910b26a', 'name': 'network-vif-deleted', 'tag': '5d326694-10b4-4cc9-97a3-1907dd1d4ca5', 'status': 'completed', 'code': 200}
