2026-06-15 20:15:26.630 9 INFO neutron.api.wsgi [None req-74183fa8-628e-4035-bb44-14f8ead48b77 a49129f370624d3185af0adee95c3a65 402e0cc406ca4baf9872a921c8510a4f - - default default] 10.0.0.129 "DELETE /v2.0/networks/539d5b4f-8ac0-4c74-b60c-e6077f6cb91f HTTP/1.1" status: 404 len: 339 time: 0.0147431
2026-06-15 20:15:26.653 9 INFO neutron.api.wsgi [None req-a0b60999-d7c4-4f87-8b8f-53d4238e3aff 3204e5d63be84a04ba6936860de367d3 b9fdc98d586747c798650f4c13058aaa - - default default] 10.0.0.129 "GET /v2.0/networks/157c2cb0-4863-451a-a334-01c3ef19a6ff/tags HTTP/1.1" status: 200 len: 218 time: 0.0217569
2026-06-15 20:15:26.712 9 INFO neutron.api.wsgi [None req-34964880-fc8a-4e2f-9f08-7ac3393e4ebc 3204e5d63be84a04ba6936860de367d3 b9fdc98d586747c798650f4c13058aaa - - default default] 10.0.0.129 "PUT /v2.0/networks/157c2cb0-4863-451a-a334-01c3ef19a6ff/tags/green HTTP/1.1" status: 201 len: 201 time: 0.0547631
2026-06-15 20:15:26.745 9 INFO neutron.api.wsgi [None req-ffc4c976-7667-40f0-9561-4c4274277594 3204e5d63be84a04ba6936860de367d3 b9fdc98d586747c798650f4c13058aaa - - default default] 10.0.0.129 "GET /v2.0/networks/157c2cb0-4863-451a-a334-01c3ef19a6ff/tags HTTP/1.1" status: 200 len: 227 time: 0.0285418
2026-06-15 20:15:26.788 10 INFO neutron.api.wsgi [None req-46e75f12-0fac-4a91-8e46-2317cde6154d a49129f370624d3185af0adee95c3a65 402e0cc406ca4baf9872a921c8510a4f - - default default] 10.0.0.129 "DELETE /v2.0/subnets/486f72f2-ed1f-4e57-a199-b5fc7dd4971b HTTP/1.1" status: 204 len: 168 time: 0.1547306
2026-06-15 20:15:26.790 9 INFO neutron.api.wsgi [None req-948ad3e9-bad0-46d9-996f-7a6e691516bd 3204e5d63be84a04ba6936860de367d3 b9fdc98d586747c798650f4c13058aaa - - default default] 10.0.0.129 "PUT /v2.0/networks/157c2cb0-4863-451a-a334-01c3ef19a6ff/tags/red HTTP/1.1" status: 201 len: 201 time: 0.0384924
2026-06-15 20:15:26.827 10 INFO neutron.api.wsgi [None req-1d7cdd3a-44d4-4b3e-9efb-beb1a1451fb4 3204e5d63be84a04ba6936860de367d3 b9fdc98d586747c798650f4c13058aaa - - default default] 10.0.0.129 "GET /v2.0/networks/157c2cb0-4863-451a-a334-01c3ef19a6ff/tags HTTP/1.1" status: 200 len: 227 time: 0.0331891
2026-06-15 20:15:26.876 10 INFO neutron.api.wsgi [None req-fa365fd7-e1f0-45aa-98d6-d02cac6b8c43 3204e5d63be84a04ba6936860de367d3 b9fdc98d586747c798650f4c13058aaa - - default default] 10.0.0.129 "PUT /v2.0/networks/157c2cb0-4863-451a-a334-01c3ef19a6ff/tags/black.or.white HTTP/1.1" status: 201 len: 201 time: 0.0447471
2026-06-15 20:15:26.912 10 INFO neutron.api.wsgi [None req-634c7a84-8687-443f-9b4e-351e6f662e15 3204e5d63be84a04ba6936860de367d3 b9fdc98d586747c798650f4c13058aaa - - default default] 10.0.0.129 "GET /v2.0/networks/157c2cb0-4863-451a-a334-01c3ef19a6ff/tags HTTP/1.1" status: 200 len: 245 time: 0.0301223
2026-06-15 20:15:26.964 10 INFO neutron.api.wsgi [None req-3e1ff0fe-13d3-4903-b233-7bf140aa9284 3204e5d63be84a04ba6936860de367d3 b9fdc98d586747c798650f4c13058aaa - - default default] 10.0.0.129 "PUT /v2.0/networks/157c2cb0-4863-451a-a334-01c3ef19a6ff/tags HTTP/1.1" status: 200 len: 230 time: 0.0477629
2026-06-15 20:15:27.002 10 INFO neutron.api.wsgi [None req-c88538d3-956a-41fe-93ee-05211b747e6b 3204e5d63be84a04ba6936860de367d3 b9fdc98d586747c798650f4c13058aaa - - default default] 10.0.0.129 "GET /v2.0/networks/157c2cb0-4863-451a-a334-01c3ef19a6ff/tags HTTP/1.1" status: 200 len: 230 time: 0.0311153
2026-06-15 20:15:27.046 10 INFO neutron.api.wsgi [None req-3ea37161-6570-4b97-8a24-6173f48175b5 3204e5d63be84a04ba6936860de367d3 b9fdc98d586747c798650f4c13058aaa - - default default] 10.0.0.129 "GET /v2.0/networks/157c2cb0-4863-451a-a334-01c3ef19a6ff/tags/red HTTP/1.1" status: 204 len: 168 time: 0.0354750
2026-06-15 20:15:27.084 9 INFO neutron.services.segments.plugin [-] Segment 8a1b276d-b2c7-4737-b6b4-f1acbca9dafd resource provider aggregate not found
2026-06-15 20:15:27.090 9 INFO neutron.services.segments.plugin [-] Segment 8a1b276d-b2c7-4737-b6b4-f1acbca9dafd resource provider aggregate not found
2026-06-15 20:15:27.093 9 INFO neutron.api.v2.resource [None req-cff8bcad-c339-4219-8d63-91bbc3c0e20d 3204e5d63be84a04ba6936860de367d3 b9fdc98d586747c798650f4c13058aaa - - default default] show failed (client error): The resource could not be found.
2026-06-15 20:15:27.094 9 INFO neutron.api.wsgi [None req-cff8bcad-c339-4219-8d63-91bbc3c0e20d 3204e5d63be84a04ba6936860de367d3 b9fdc98d586747c798650f4c13058aaa - - default default] 10.0.0.129 "GET /v2.0/networks/157c2cb0-4863-451a-a334-01c3ef19a6ff/tags/green HTTP/1.1" status: 404 len: 299 time: 0.0430746
2026-06-15 20:15:27.095 9 INFO neutron.services.segments.plugin [-] Segment 8a1b276d-b2c7-4737-b6b4-f1acbca9dafd resource provider not found; error: Placement Client Error (4xx): {"errors": [{"status": 404, "title": "Not Found", "detail": "The resource could not be found.\n\n No resource provider with uuid 8a1b276d-b2c7-4737-b6b4-f1acbca9dafd found for delete ", "request_id": "req-747cda3c-ed35-459f-8bae-c55b3a510153"}]}
2026-06-15 20:15:27.105 9 INFO neutron.services.segments.plugin [-] Segment 8a1b276d-b2c7-4737-b6b4-f1acbca9dafd resource provider not found; error: Placement Client Error (4xx): {"errors": [{"status": 404, "title": "Not Found", "detail": "The resource could not be found.\n\n No resource provider with uuid 8a1b276d-b2c7-4737-b6b4-f1acbca9dafd found for delete ", "request_id": "req-3aa3ade0-7131-49e6-9cdf-d4f4c04d8574"}]}
2026-06-15 20:15:27.122 9 INFO neutron.api.wsgi [None req-ee02497d-9c7f-44d3-9054-9e4c60b9a0bc a49129f370624d3185af0adee95c3a65 402e0cc406ca4baf9872a921c8510a4f - - default default] 10.0.0.129 "DELETE /v2.0/networks/ffaddae5-b7d3-454c-a509-f4ed770e6f5b HTTP/1.1" status: 204 len: 168 time: 0.3287435
2026-06-15 20:15:27.136 9 INFO neutron.api.wsgi [None req-ebe983bc-f272-4241-84b7-476f656cd134 3204e5d63be84a04ba6936860de367d3 b9fdc98d586747c798650f4c13058aaa - - default default] 10.0.0.129 "DELETE /v2.0/networks/157c2cb0-4863-451a-a334-01c3ef19a6ff/tags/red HTTP/1.1" status: 204 len: 168 time: 0.0376437
2026-06-15 20:15:27.165 9 INFO neutron.api.wsgi [None req-8b75aae7-2058-492b-9e7d-de606ff34291 3204e5d63be84a04ba6936860de367d3 b9fdc98d586747c798650f4c13058aaa - - default default] 10.0.0.129 "GET /v2.0/networks/157c2cb0-4863-451a-a334-01c3ef19a6ff/tags HTTP/1.1" status: 200 len: 223 time: 0.0248008
2026-06-15 20:15:27.196 9 INFO neutron.api.v2.resource [None req-45186c7d-823d-43ad-b2f8-738390e33196 3204e5d63be84a04ba6936860de367d3 b9fdc98d586747c798650f4c13058aaa - - default default] delete failed (client error): The resource could not be found.
2026-06-15 20:15:27.198 9 INFO neutron.api.wsgi [None req-45186c7d-823d-43ad-b2f8-738390e33196 3204e5d63be84a04ba6936860de367d3 b9fdc98d586747c798650f4c13058aaa - - default default] 10.0.0.129 "DELETE /v2.0/networks/157c2cb0-4863-451a-a334-01c3ef19a6ff/tags/green HTTP/1.1" status: 404 len: 299 time: 0.0285966
2026-06-15 20:15:27.237 9 INFO neutron.api.wsgi [None req-8d92e2de-658f-4cc8-b777-c90c7d5608c1 3204e5d63be84a04ba6936860de367d3 b9fdc98d586747c798650f4c13058aaa - - default default] 10.0.0.129 "DELETE /v2.0/networks/157c2cb0-4863-451a-a334-01c3ef19a6ff/tags HTTP/1.1" status: 204 len: 168 time: 0.0352359
2026-06-15 20:15:27.265 10 INFO neutron.api.wsgi [None req-111e2927-0a99-4ed2-b4e0-8ff44dd77da9 3204e5d63be84a04ba6936860de367d3 b9fdc98d586747c798650f4c13058aaa - - default default] 10.0.0.129 "GET /v2.0/networks/157c2cb0-4863-451a-a334-01c3ef19a6ff/tags HTTP/1.1" status: 200 len: 205 time: 0.0235109
2026-06-15 20:15:27.570 10 INFO neutron.api.wsgi [None req-07479f5d-1046-49ac-8043-a8c607c0c3d6 3204e5d63be84a04ba6936860de367d3 b9fdc98d586747c798650f4c13058aaa - - default default] 10.0.0.129 "DELETE /v2.0/networks/157c2cb0-4863-451a-a334-01c3ef19a6ff HTTP/1.1" status: 204 len: 168 time: 0.2998402
2026-06-15 20:15:27.717 10 INFO neutron.api.wsgi [None req-0666f65d-1546-4efe-92a7-146f4d0042ca 1a7bfbcc99f147ebb9941d3786225d3a 3f58fa161a4143a18370d34b7ba0f89a - - default default] 10.0.0.129 "GET /v2.0/security-groups?tenant_id=402e0cc406ca4baf9872a921c8510a4f&name=default HTTP/1.1" status: 200 len: 3120 time: 0.1663268
2026-06-15 20:15:27.909 10 INFO neutron.api.wsgi [None req-fe8a4c8a-c6de-48d5-8ea0-6c30138a4854 1a7bfbcc99f147ebb9941d3786225d3a 3f58fa161a4143a18370d34b7ba0f89a - - default default] 10.0.0.129 "DELETE /v2.0/security-groups/edad9f9e-12b8-4a74-be61-8cd42ac04985 HTTP/1.1" status: 204 len: 168 time: 0.1864958
2026-06-15 20:15:28.243 10 INFO neutron.services.segments.plugin [-] Segment ec0c6fad-4468-499d-90b3-6c31669d6b17 resource provider aggregate not found
2026-06-15 20:15:28.247 10 INFO neutron.services.segments.plugin [-] Segment ec0c6fad-4468-499d-90b3-6c31669d6b17 resource provider aggregate not found
2026-06-15 20:15:28.257 10 INFO neutron.services.segments.plugin [-] Segment ec0c6fad-4468-499d-90b3-6c31669d6b17 resource provider not found; error: Placement Client Error (4xx): {"errors": [{"status": 404, "title": "Not Found", "detail": "The resource could not be found.\n\n No resource provider with uuid ec0c6fad-4468-499d-90b3-6c31669d6b17 found for delete ", "request_id": "req-9f8f611f-599a-4141-bdd7-a207aa8d10e2"}]}
2026-06-15 20:15:28.259 10 INFO neutron.services.segments.plugin [-] Segment ec0c6fad-4468-499d-90b3-6c31669d6b17 resource provider not found; error: Placement Client Error (4xx): {"errors": [{"status": 404, "title": "Not Found", "detail": "The resource could not be found.\n\n No resource provider with uuid ec0c6fad-4468-499d-90b3-6c31669d6b17 found for delete ", "request_id": "req-1369878f-6d90-4f9f-b70b-59a049e07118"}]}
2026-06-15 20:15:28.297 10 WARNING neutron_lib.context [None req-9b43f51a-7581-4cd9-840c-e3e56e1386cc 941a8dbc04bb496bbc6cf38456034c7a 4de2b60e8e894e55aad1b4b2f05df08a - - default default] Method 'is_advsvc' is deprecated since 2023.2 release (neutron-lib 3.8.0) and will be removed once support for the old RBAC API policies will be removed from Neutron. Please use method 'is_service_role' instead.
2026-06-15 20:15:28.362 10 INFO neutron.api.wsgi [None req-1106bb08-c4ee-4423-b70d-f3f34e457285 1a7bfbcc99f147ebb9941d3786225d3a 3f58fa161a4143a18370d34b7ba0f89a - - default default] 10.0.0.129 "GET /v2.0/security-groups?tenant_id=b9fdc98d586747c798650f4c13058aaa&name=default HTTP/1.1" status: 200 len: 3120 time: 0.1455216
2026-06-15 20:15:28.410 10 INFO neutron.db.ovn_revision_numbers_db [None req-9b43f51a-7581-4cd9-840c-e3e56e1386cc 941a8dbc04bb496bbc6cf38456034c7a 4de2b60e8e894e55aad1b4b2f05df08a - - default default] Successfully bumped revision number for resource 2087f7ec-dd40-4ebc-8133-1abd8a6b1484 (type: routers) to 1
2026-06-15 20:15:28.425 10 INFO neutron.api.wsgi [None req-9b43f51a-7581-4cd9-840c-e3e56e1386cc 941a8dbc04bb496bbc6cf38456034c7a 4de2b60e8e894e55aad1b4b2f05df08a - - default default] 10.0.0.129 "POST /v2.0/routers HTTP/1.1" status: 201 len: 769 time: 0.2354014
2026-06-15 20:15:28.438 9 WARNING neutron_lib.context [None req-0bbbaf7b-fa2b-48df-9b1d-f293bf7c4ce7 941a8dbc04bb496bbc6cf38456034c7a 4de2b60e8e894e55aad1b4b2f05df08a - - default default] Method 'is_advsvc' is deprecated since 2023.2 release (neutron-lib 3.8.0) and will be removed once support for the old RBAC API policies will be removed from Neutron. Please use method 'is_service_role' instead.
2026-06-15 20:15:28.529 9 INFO neutron.db.ovn_revision_numbers_db [None req-0bbbaf7b-fa2b-48df-9b1d-f293bf7c4ce7 941a8dbc04bb496bbc6cf38456034c7a 4de2b60e8e894e55aad1b4b2f05df08a - - default default] Successfully bumped revision number for resource 988c1ea1-219f-458c-a27d-7ee46828b1cf (type: routers) to 1
2026-06-15 20:15:28.548 9 INFO neutron.api.wsgi [None req-0bbbaf7b-fa2b-48df-9b1d-f293bf7c4ce7 941a8dbc04bb496bbc6cf38456034c7a 4de2b60e8e894e55aad1b4b2f05df08a - - default default] 10.0.0.129 "POST /v2.0/routers HTTP/1.1" status: 201 len: 769 time: 0.1171684
2026-06-15 20:15:28.557 9 WARNING neutron_lib.context [None req-5523271a-fdd5-4025-9851-cb341dd4cb03 941a8dbc04bb496bbc6cf38456034c7a 4de2b60e8e894e55aad1b4b2f05df08a - - default default] Method 'is_advsvc' is deprecated since 2023.2 release (neutron-lib 3.8.0) and will be removed once support for the old RBAC API policies will be removed from Neutron. Please use method 'is_service_role' instead.
2026-06-15 20:15:28.578 10 INFO neutron.api.wsgi [None req-478823fc-546d-4668-b610-c4c709600e04 1a7bfbcc99f147ebb9941d3786225d3a 3f58fa161a4143a18370d34b7ba0f89a - - default default] 10.0.0.129 "DELETE /v2.0/security-groups/70e20d1c-c271-43c8-b8c2-05efb84ab49a HTTP/1.1" status: 204 len: 168 time: 0.2107813
2026-06-15 20:15:28.658 9 INFO neutron.db.ovn_revision_numbers_db [None req-5523271a-fdd5-4025-9851-cb341dd4cb03 941a8dbc04bb496bbc6cf38456034c7a 4de2b60e8e894e55aad1b4b2f05df08a - - default default] Successfully bumped revision number for resource d8c8b398-e9e9-40dc-841a-a2be52d62805 (type: routers) to 1
2026-06-15 20:15:28.680 9 INFO neutron.api.wsgi [None req-5523271a-fdd5-4025-9851-cb341dd4cb03 941a8dbc04bb496bbc6cf38456034c7a 4de2b60e8e894e55aad1b4b2f05df08a - - default default] 10.0.0.129 "POST /v2.0/routers HTTP/1.1" status: 201 len: 769 time: 0.1272161
2026-06-15 20:15:28.693 9 WARNING neutron_lib.context [None req-13098af5-8dff-43a7-b669-00000a5a4ece 941a8dbc04bb496bbc6cf38456034c7a 4de2b60e8e894e55aad1b4b2f05df08a - - default default] Method 'is_advsvc' is deprecated since 2023.2 release (neutron-lib 3.8.0) and will be removed once support for the old RBAC API policies will be removed from Neutron. Please use method 'is_service_role' instead.
2026-06-15 20:15:28.812 9 INFO neutron.db.ovn_revision_numbers_db [None req-13098af5-8dff-43a7-b669-00000a5a4ece 941a8dbc04bb496bbc6cf38456034c7a 4de2b60e8e894e55aad1b4b2f05df08a - - default default] Successfully bumped revision number for resource 66219a63-5b00-4252-9c73-7392a2df3b99 (type: routers) to 1
2026-06-15 20:15:28.825 9 INFO neutron.api.wsgi [None req-13098af5-8dff-43a7-b669-00000a5a4ece 941a8dbc04bb496bbc6cf38456034c7a 4de2b60e8e894e55aad1b4b2f05df08a - - default default] 10.0.0.129 "POST /v2.0/routers HTTP/1.1" status: 201 len: 769 time: 0.1368427
2026-06-15 20:15:28.827 10 INFO neutron.db.ovn_revision_numbers_db [None req-39972cde-5483-447e-8415-2eeb7bebcb4f 1a7bfbcc99f147ebb9941d3786225d3a 3f58fa161a4143a18370d34b7ba0f89a - - default default] Successfully bumped revision number for resource e4e92fa1-cdbe-480f-9aa3-767d326fee69 (type: security_groups) to 1
2026-06-15 20:15:28.838 9 WARNING neutron_lib.context [None req-900e0693-09d9-4325-b4af-bbecd1689ba8 941a8dbc04bb496bbc6cf38456034c7a 4de2b60e8e894e55aad1b4b2f05df08a - - default default] Method 'is_advsvc' is deprecated since 2023.2 release (neutron-lib 3.8.0) and will be removed once support for the old RBAC API policies will be removed from Neutron. Please use method 'is_service_role' instead.
2026-06-15 20:15:28.839 10 INFO neutron.db.ovn_revision_numbers_db [None req-39972cde-5483-447e-8415-2eeb7bebcb4f 1a7bfbcc99f147ebb9941d3786225d3a 3f58fa161a4143a18370d34b7ba0f89a - - default default] Successfully bumped revision number for resource 507d7418-cf50-4d9e-b0b8-d913e680cbab (type: security_group_rules) to 0
2026-06-15 20:15:28.857 10 INFO neutron.db.ovn_revision_numbers_db [None req-39972cde-5483-447e-8415-2eeb7bebcb4f 1a7bfbcc99f147ebb9941d3786225d3a 3f58fa161a4143a18370d34b7ba0f89a - - default default] Successfully bumped revision number for resource 5dfade6e-383e-464e-a384-ed8c5342add2 (type: security_group_rules) to 0
2026-06-15 20:15:28.870 10 INFO neutron.db.ovn_revision_numbers_db [None req-39972cde-5483-447e-8415-2eeb7bebcb4f 1a7bfbcc99f147ebb9941d3786225d3a 3f58fa161a4143a18370d34b7ba0f89a - - default default] Successfully bumped revision number for resource aa0ebb70-0a5d-46da-a2cf-c03cee152c26 (type: security_group_rules) to 0
2026-06-15 20:15:28.880 10 INFO neutron.db.ovn_revision_numbers_db [None req-39972cde-5483-447e-8415-2eeb7bebcb4f 1a7bfbcc99f147ebb9941d3786225d3a 3f58fa161a4143a18370d34b7ba0f89a - - default default] Successfully bumped revision number for resource ab569a66-5e4d-4595-81b5-75c6428e1f6f (type: security_group_rules) to 0
2026-06-15 20:15:28.914 10 INFO neutron.api.wsgi [None req-39972cde-5483-447e-8415-2eeb7bebcb4f 1a7bfbcc99f147ebb9941d3786225d3a 3f58fa161a4143a18370d34b7ba0f89a - - default default] 10.0.0.129 "GET /v2.0/security-groups?tenant_id=5e998cf82cd54d6cb62ca23f5142bd4c&name=default HTTP/1.1" status: 200 len: 3120 time: 0.2248242
2026-06-15 20:15:28.930 9 INFO neutron.db.ovn_revision_numbers_db [None req-900e0693-09d9-4325-b4af-bbecd1689ba8 941a8dbc04bb496bbc6cf38456034c7a 4de2b60e8e894e55aad1b4b2f05df08a - - default default] Successfully bumped revision number for resource 151d384f-d3e6-4034-b5cc-c759cddeda9c (type: routers) to 1
2026-06-15 20:15:28.945 9 INFO neutron.api.wsgi [None req-900e0693-09d9-4325-b4af-bbecd1689ba8 941a8dbc04bb496bbc6cf38456034c7a 4de2b60e8e894e55aad1b4b2f05df08a - - default default] 10.0.0.129 "POST /v2.0/routers HTTP/1.1" status: 201 len: 769 time: 0.1116164
2026-06-15 20:15:28.993 9 INFO neutron.api.wsgi [None req-bb9bc2ba-4e05-4e66-a1f1-6c283cab09e7 941a8dbc04bb496bbc6cf38456034c7a 4de2b60e8e894e55aad1b4b2f05df08a - - default default] 10.0.0.129 "PUT /v2.0/routers/2087f7ec-dd40-4ebc-8133-1abd8a6b1484/tags HTTP/1.1" status: 200 len: 210 time: 0.0431771
2026-06-15 20:15:29.044 9 INFO neutron.api.wsgi [None req-15c6651b-5dc3-4aca-8f6d-900763e3824d 941a8dbc04bb496bbc6cf38456034c7a 4de2b60e8e894e55aad1b4b2f05df08a - - default default] 10.0.0.129 "PUT /v2.0/routers/988c1ea1-219f-458c-a27d-7ee46828b1cf/tags HTTP/1.1" status: 200 len: 218 time: 0.0465434
2026-06-15 20:15:29.106 9 INFO neutron.api.wsgi [None req-2d3a2d74-23ac-47f1-8a09-32ca0233866e 941a8dbc04bb496bbc6cf38456034c7a 4de2b60e8e894e55aad1b4b2f05df08a - - default default] 10.0.0.129 "PUT /v2.0/routers/d8c8b398-e9e9-40dc-841a-a2be52d62805/tags HTTP/1.1" status: 200 len: 227 time: 0.0570848
2026-06-15 20:15:29.160 10 INFO neutron.api.wsgi [None req-02185f02-dbd0-4bd8-8e77-2468fac1c319 1a7bfbcc99f147ebb9941d3786225d3a 3f58fa161a4143a18370d34b7ba0f89a - - default default] 10.0.0.129 "DELETE /v2.0/security-groups/e4e92fa1-cdbe-480f-9aa3-767d326fee69 HTTP/1.1" status: 204 len: 168 time: 0.2398691
2026-06-15 20:15:29.166 10 INFO neutron.api.wsgi [None req-3332fbdb-e9da-481c-a07a-4805311d7ea4 941a8dbc04bb496bbc6cf38456034c7a 4de2b60e8e894e55aad1b4b2f05df08a - - default default] 10.0.0.129 "PUT /v2.0/routers/66219a63-5b00-4252-9c73-7392a2df3b99/tags HTTP/1.1" status: 200 len: 212 time: 0.0560236
2026-06-15 20:15:29.224 10 INFO neutron.api.wsgi [None req-19f14ae0-cffd-4de6-a65b-97ad64484211 941a8dbc04bb496bbc6cf38456034c7a 4de2b60e8e894e55aad1b4b2f05df08a - - default default] 10.0.0.129 "GET /v2.0/routers?tags=red HTTP/1.1" status: 200 len: 1946 time: 0.0523753
2026-06-15 20:15:29.283 10 INFO neutron.api.wsgi [None req-243489e4-94b5-4f60-a460-207a733edcd3 941a8dbc04bb496bbc6cf38456034c7a 4de2b60e8e894e55aad1b4b2f05df08a - - default default] 10.0.0.129 "GET /v2.0/routers?tags=red%2Cblue HTTP/1.1" status: 200 len: 1375 time: 0.0535753
2026-06-15 20:15:29.336 10 INFO neutron.api.wsgi [None req-702c69bc-4125-4b33-a10b-95dad9adc874 941a8dbc04bb496bbc6cf38456034c7a 4de2b60e8e894e55aad1b4b2f05df08a - - default default] 10.0.0.129 "GET /v2.0/routers?tags-any=blue HTTP/1.1" status: 200 len: 1375 time: 0.0484340
2026-06-15 20:15:29.379 10 INFO neutron.api.wsgi [None req-c21fd800-d854-482f-8752-895b739f3f3f 941a8dbc04bb496bbc6cf38456034c7a 4de2b60e8e894e55aad1b4b2f05df08a - - default default] 10.0.0.129 "GET /v2.0/routers?tags-any=red%2Cblue HTTP/1.1" status: 200 len: 1946 time: 0.0396183
2026-06-15 20:15:29.433 10 INFO neutron.api.wsgi [None req-8d3dd398-2723-48d4-996b-c5d58effdc90 941a8dbc04bb496bbc6cf38456034c7a 4de2b60e8e894e55aad1b4b2f05df08a - - default default] 10.0.0.129 "GET /v2.0/routers?not-tags=red HTTP/1.1" status: 200 len: 1347 time: 0.0488939
2026-06-15 20:15:29.488 10 INFO neutron.api.wsgi [None req-d5bdb0f1-ea1b-4d43-b98c-c95e399f68dd 941a8dbc04bb496bbc6cf38456034c7a 4de2b60e8e894e55aad1b4b2f05df08a - - default default] 10.0.0.129 "GET /v2.0/routers?not-tags=red%2Cblue HTTP/1.1" status: 200 len: 1918 time: 0.0493767
2026-06-15 20:15:29.537 10 INFO neutron.api.wsgi [None req-cdb6954f-4c65-4d31-a17f-9d05a71840db 941a8dbc04bb496bbc6cf38456034c7a 4de2b60e8e894e55aad1b4b2f05df08a - - default default] 10.0.0.129 "GET /v2.0/routers?not-tags-any=blue HTTP/1.1" status: 200 len: 1918 time: 0.0447035
2026-06-15 20:15:29.574 10 INFO neutron.api.wsgi [None req-673473e7-af52-4206-bb23-ac348fddb18d 941a8dbc04bb496bbc6cf38456034c7a 4de2b60e8e894e55aad1b4b2f05df08a - - default default] 10.0.0.129 "GET /v2.0/routers?not-tags-any=red%2Cblue HTTP/1.1" status: 200 len: 1347 time: 0.0321772
2026-06-15 20:15:29.644 10 INFO neutron.api.wsgi [None req-bdd0d0fc-1726-4ad3-8d07-6d200614ba19 941a8dbc04bb496bbc6cf38456034c7a 4de2b60e8e894e55aad1b4b2f05df08a - - default default] 10.0.0.129 "GET /v2.0/routers/2087f7ec-dd40-4ebc-8133-1abd8a6b1484 HTTP/1.1" status: 200 len: 775 time: 0.0647736
2026-06-15 20:15:29.900 9 WARNING neutron_lib.context [None req-dd6c77a9-0904-4001-887b-3e39085249b7 7dd57d3e5a0f4e2bb85c50c0d54972d3 3a3fc5df4a384b7d906cdeb89e899baf - - default default] Method 'is_advsvc' is deprecated since 2023.2 release (neutron-lib 3.8.0) and will be removed once support for the old RBAC API policies will be removed from Neutron. Please use method 'is_service_role' instead.
2026-06-15 20:15:29.934 10 INFO neutron.db.ovn_revision_numbers_db [None req-463ce624-ae02-494a-8a3b-a1d926269516 941a8dbc04bb496bbc6cf38456034c7a 4de2b60e8e894e55aad1b4b2f05df08a - - default default] Successfully bumped revision number for resource 2087f7ec-dd40-4ebc-8133-1abd8a6b1484 (type: routers) to 2
2026-06-15 20:15:29.940 10 INFO neutron.api.wsgi [None req-463ce624-ae02-494a-8a3b-a1d926269516 941a8dbc04bb496bbc6cf38456034c7a 4de2b60e8e894e55aad1b4b2f05df08a - - default default] 10.0.0.129 "PUT /v2.0/routers/2087f7ec-dd40-4ebc-8133-1abd8a6b1484 HTTP/1.1" status: 200 len: 775 time: 0.2909703
2026-06-15 20:15:29.963 10 INFO neutron.api.wsgi [None req-7fd22002-59f8-4e11-9fe9-3144590339f2 941a8dbc04bb496bbc6cf38456034c7a 4de2b60e8e894e55aad1b4b2f05df08a - - default default] 10.0.0.129 "GET /v2.0/ports?device_id=2087f7ec-dd40-4ebc-8133-1abd8a6b1484 HTTP/1.1" status: 200 len: 205 time: 0.0186908
2026-06-15 20:15:30.001 10 WARNING neutron_lib.context [None req-7abbe050-b014-4277-9282-3f020acaae38 402f47c9d6094afc83807c4b92767047 a2493d54e66b4df5ab8dbf17434596e7 - - default default] Method 'is_advsvc' is deprecated since 2023.2 release (neutron-lib 3.8.0) and will be removed once support for the old RBAC API policies will be removed from Neutron. Please use method 'is_service_role' instead.
2026-06-15 20:15:30.071 9 INFO neutron.db.ovn_revision_numbers_db [None req-dd6c77a9-0904-4001-887b-3e39085249b7 7dd57d3e5a0f4e2bb85c50c0d54972d3 3a3fc5df4a384b7d906cdeb89e899baf - - default default] Successfully bumped revision number for resource 2776046c-bef0-4ee7-a388-390d3b440862 (type: security_groups) to 1
2026-06-15 20:15:30.096 9 INFO neutron.db.ovn_revision_numbers_db [None req-dd6c77a9-0904-4001-887b-3e39085249b7 7dd57d3e5a0f4e2bb85c50c0d54972d3 3a3fc5df4a384b7d906cdeb89e899baf - - default default] Successfully bumped revision number for resource 2ade7879-565b-42a1-b0fa-c1ee297e9b24 (type: security_group_rules) to 0
2026-06-15 20:15:30.113 9 INFO neutron.db.ovn_revision_numbers_db [None req-dd6c77a9-0904-4001-887b-3e39085249b7 7dd57d3e5a0f4e2bb85c50c0d54972d3 3a3fc5df4a384b7d906cdeb89e899baf - - default default] Successfully bumped revision number for resource 3010c778-c00b-4714-9621-d5efc377545e (type: security_group_rules) to 0
2026-06-15 20:15:30.124 9 INFO neutron.db.ovn_revision_numbers_db [None req-dd6c77a9-0904-4001-887b-3e39085249b7 7dd57d3e5a0f4e2bb85c50c0d54972d3 3a3fc5df4a384b7d906cdeb89e899baf - - default default] Successfully bumped revision number for resource bbac629f-6d18-4175-a2ba-9900c36987a8 (type: security_group_rules) to 0
2026-06-15 20:15:30.136 9 INFO neutron.api.wsgi [None req-c2371c11-c299-4bc9-aa13-f8ee43c2233b 941a8dbc04bb496bbc6cf38456034c7a 4de2b60e8e894e55aad1b4b2f05df08a - - default default] 10.0.0.129 "DELETE /v2.0/routers/2087f7ec-dd40-4ebc-8133-1abd8a6b1484 HTTP/1.1" status: 204 len: 168 time: 0.1680362
2026-06-15 20:15:30.145 9 INFO neutron.db.ovn_revision_numbers_db [None req-dd6c77a9-0904-4001-887b-3e39085249b7 7dd57d3e5a0f4e2bb85c50c0d54972d3 3a3fc5df4a384b7d906cdeb89e899baf - - default default] Successfully bumped revision number for resource d365b256-201a-442b-9877-ef2f3d1914b1 (type: security_group_rules) to 0
2026-06-15 20:15:30.177 9 INFO neutron.api.wsgi [None req-814c5d4e-95cf-4490-aa81-89c172e57d04 941a8dbc04bb496bbc6cf38456034c7a 4de2b60e8e894e55aad1b4b2f05df08a - - default default] 10.0.0.129 "GET /v2.0/routers/988c1ea1-219f-458c-a27d-7ee46828b1cf HTTP/1.1" status: 200 len: 783 time: 0.0370407
2026-06-15 20:15:30.230 9 INFO neutron.db.segments_db [None req-dd6c77a9-0904-4001-887b-3e39085249b7 7dd57d3e5a0f4e2bb85c50c0d54972d3 3a3fc5df4a384b7d906cdeb89e899baf - - default default] Added segment 9851c674-2c24-4496-ad15-cabb4d70e107 of type geneve for network 9fd50131-e158-4a38-83a2-5173f66833d0
2026-06-15 20:15:30.234 10 WARNING neutron.scheduler.dhcp_agent_scheduler [None req-7abbe050-b014-4277-9282-3f020acaae38 402f47c9d6094afc83807c4b92767047 a2493d54e66b4df5ab8dbf17434596e7 - - default default] No more DHCP agents
2026-06-15 20:15:30.235 10 WARNING neutron.api.rpc.agentnotifiers.dhcp_rpc_agent_api [None req-7abbe050-b014-4277-9282-3f020acaae38 402f47c9d6094afc83807c4b92767047 a2493d54e66b4df5ab8dbf17434596e7 - - default default] Unable to schedule network dbcb6816-2d1c-4dec-8158-9762bf8ff873: no agents available; will retry on subsequent port and subnet creation events.
2026-06-15 20:15:30.356 9 INFO neutron.db.ovn_revision_numbers_db [None req-dd6c77a9-0904-4001-887b-3e39085249b7 7dd57d3e5a0f4e2bb85c50c0d54972d3 3a3fc5df4a384b7d906cdeb89e899baf - - default default] Successfully bumped revision number for resource 9fd50131-e158-4a38-83a2-5173f66833d0 (type: networks) to 1
2026-06-15 20:15:30.479 10 INFO neutron.db.ovn_revision_numbers_db [None req-6d3484ba-5eb1-455e-8637-09ac9675faee 941a8dbc04bb496bbc6cf38456034c7a 4de2b60e8e894e55aad1b4b2f05df08a - - default default] Successfully bumped revision number for resource 988c1ea1-219f-458c-a27d-7ee46828b1cf (type: routers) to 2
2026-06-15 20:15:30.483 10 INFO neutron.api.wsgi [None req-6d3484ba-5eb1-455e-8637-09ac9675faee 941a8dbc04bb496bbc6cf38456034c7a 4de2b60e8e894e55aad1b4b2f05df08a - - default default] 10.0.0.129 "PUT /v2.0/routers/988c1ea1-219f-458c-a27d-7ee46828b1cf HTTP/1.1" status: 200 len: 783 time: 0.3025093
2026-06-15 20:15:30.504 10 INFO neutron.api.wsgi [None req-3de0bf3d-d2f7-47f2-9323-30afd82a8cde 941a8dbc04bb496bbc6cf38456034c7a 4de2b60e8e894e55aad1b4b2f05df08a - - default default] 10.0.0.129 "GET /v2.0/ports?device_id=988c1ea1-219f-458c-a27d-7ee46828b1cf HTTP/1.1" status: 200 len: 205 time: 0.0164182
2026-06-15 20:15:30.517 9 WARNING neutron.scheduler.dhcp_agent_scheduler [None req-dd6c77a9-0904-4001-887b-3e39085249b7 7dd57d3e5a0f4e2bb85c50c0d54972d3 3a3fc5df4a384b7d906cdeb89e899baf - - default default] No more DHCP agents
2026-06-15 20:15:30.525 9 WARNING neutron.api.rpc.agentnotifiers.dhcp_rpc_agent_api [None req-dd6c77a9-0904-4001-887b-3e39085249b7 7dd57d3e5a0f4e2bb85c50c0d54972d3 3a3fc5df4a384b7d906cdeb89e899baf - - default default] Unable to schedule network 9fd50131-e158-4a38-83a2-5173f66833d0: no agents available; will retry on subsequent port and subnet creation events.
2026-06-15 20:15:30.610 10 INFO neutron.api.wsgi [None req-7abbe050-b014-4277-9282-3f020acaae38 402f47c9d6094afc83807c4b92767047 a2493d54e66b4df5ab8dbf17434596e7 - - default default] 10.0.0.129 "POST /v2.0/floatingips HTTP/1.1" status: 201 len: 751 time: 0.6441584
2026-06-15 20:15:30.612 9 INFO neutron.db.ovn_revision_numbers_db [None req-dd6c77a9-0904-4001-887b-3e39085249b7 7dd57d3e5a0f4e2bb85c50c0d54972d3 3a3fc5df4a384b7d906cdeb89e899baf - - default default] Successfully bumped revision number for resource fe52a99c-6ff4-43e9-abca-caa6171a57b0 (type: ports) to 1
2026-06-15 20:15:30.617 10 WARNING neutron_lib.context [None req-82b1fba0-c8a0-4914-b5cc-4c80618ca43d 402f47c9d6094afc83807c4b92767047 a2493d54e66b4df5ab8dbf17434596e7 - - default default] Method 'is_advsvc' is deprecated since 2023.2 release (neutron-lib 3.8.0) and will be removed once support for the old RBAC API policies will be removed from Neutron. Please use method 'is_service_role' instead.
2026-06-15 20:15:30.640 9 INFO neutron.api.wsgi [None req-dd6c77a9-0904-4001-887b-3e39085249b7 7dd57d3e5a0f4e2bb85c50c0d54972d3 3a3fc5df4a384b7d906cdeb89e899baf - - default default] 10.0.0.129 "POST /v2.0/networks HTTP/1.1" status: 201 len: 832 time: 0.8276806
2026-06-15 20:15:30.652 10 WARNING neutron_lib.context [None req-eb27e663-081f-4ae4-ae4b-b478932fce19 7dd57d3e5a0f4e2bb85c50c0d54972d3 3a3fc5df4a384b7d906cdeb89e899baf - - default default] Method 'is_advsvc' is deprecated since 2023.2 release (neutron-lib 3.8.0) and will be removed once support for the old RBAC API policies will be removed from Neutron. Please use method 'is_service_role' instead.
2026-06-15 20:15:30.678 9 INFO neutron.api.wsgi [None req-b5dd89fe-db0f-4104-b600-1132b60c2ee6 941a8dbc04bb496bbc6cf38456034c7a 4de2b60e8e894e55aad1b4b2f05df08a - - default default] 10.0.0.129 "DELETE /v2.0/routers/988c1ea1-219f-458c-a27d-7ee46828b1cf HTTP/1.1" status: 204 len: 168 time: 0.1693754
2026-06-15 20:15:30.722 9 INFO neutron.api.wsgi [None req-e2497cbe-0ae7-4853-bd2f-03adb2b1ea8e 941a8dbc04bb496bbc6cf38456034c7a 4de2b60e8e894e55aad1b4b2f05df08a - - default default] 10.0.0.129 "GET /v2.0/routers/d8c8b398-e9e9-40dc-841a-a2be52d62805 HTTP/1.1" status: 200 len: 792 time: 0.0375543
2026-06-15 20:15:30.766 10 INFO neutron.db.segments_db [None req-eb27e663-081f-4ae4-ae4b-b478932fce19 7dd57d3e5a0f4e2bb85c50c0d54972d3 3a3fc5df4a384b7d906cdeb89e899baf - - default default] Added segment 602a0729-7cc2-44a7-aa74-31a04e25223d of type geneve for network 3877bdfc-4204-450b-a469-b41b50205293
2026-06-15 20:15:30.887 10 WARNING neutron.scheduler.dhcp_agent_scheduler [None req-82b1fba0-c8a0-4914-b5cc-4c80618ca43d 402f47c9d6094afc83807c4b92767047 a2493d54e66b4df5ab8dbf17434596e7 - - default default] No more DHCP agents
2026-06-15 20:15:30.889 10 WARNING neutron.api.rpc.agentnotifiers.dhcp_rpc_agent_api [None req-82b1fba0-c8a0-4914-b5cc-4c80618ca43d 402f47c9d6094afc83807c4b92767047 a2493d54e66b4df5ab8dbf17434596e7 - - default default] Unable to schedule network dbcb6816-2d1c-4dec-8158-9762bf8ff873: no agents available; will retry on subsequent port and subnet creation events.
2026-06-15 20:15:30.893 10 INFO neutron.db.ovn_revision_numbers_db [None req-eb27e663-081f-4ae4-ae4b-b478932fce19 7dd57d3e5a0f4e2bb85c50c0d54972d3 3a3fc5df4a384b7d906cdeb89e899baf - - default default] Successfully bumped revision number for resource 3877bdfc-4204-450b-a469-b41b50205293 (type: networks) to 1
2026-06-15 20:15:31.027 9 INFO neutron.db.ovn_revision_numbers_db [None req-4bbd2692-24d6-4c7a-9869-0fdd0ed5f8c4 941a8dbc04bb496bbc6cf38456034c7a 4de2b60e8e894e55aad1b4b2f05df08a - - default default] Successfully bumped revision number for resource d8c8b398-e9e9-40dc-841a-a2be52d62805 (type: routers) to 2
2026-06-15 20:15:31.036 9 INFO neutron.api.wsgi [None req-4bbd2692-24d6-4c7a-9869-0fdd0ed5f8c4 941a8dbc04bb496bbc6cf38456034c7a 4de2b60e8e894e55aad1b4b2f05df08a - - default default] 10.0.0.129 "PUT /v2.0/routers/d8c8b398-e9e9-40dc-841a-a2be52d62805 HTTP/1.1" status: 200 len: 792 time: 0.3037274
2026-06-15 20:15:31.067 9 INFO neutron.api.wsgi [None req-31887df3-e7da-439e-a199-3e7a9f1519cc 941a8dbc04bb496bbc6cf38456034c7a 4de2b60e8e894e55aad1b4b2f05df08a - - default default] 10.0.0.129 "GET /v2.0/ports?device_id=d8c8b398-e9e9-40dc-841a-a2be52d62805 HTTP/1.1" status: 200 len: 205 time: 0.0197966
2026-06-15 20:15:31.084 10 WARNING neutron.scheduler.dhcp_agent_scheduler [None req-eb27e663-081f-4ae4-ae4b-b478932fce19 7dd57d3e5a0f4e2bb85c50c0d54972d3 3a3fc5df4a384b7d906cdeb89e899baf - - default default] No more DHCP agents
2026-06-15 20:15:31.085 10 WARNING neutron.api.rpc.agentnotifiers.dhcp_rpc_agent_api [None req-eb27e663-081f-4ae4-ae4b-b478932fce19 7dd57d3e5a0f4e2bb85c50c0d54972d3 3a3fc5df4a384b7d906cdeb89e899baf - - default default] Unable to schedule network 3877bdfc-4204-450b-a469-b41b50205293: no agents available; will retry on subsequent port and subnet creation events.
2026-06-15 20:15:31.155 10 INFO neutron.db.ovn_revision_numbers_db [None req-eb27e663-081f-4ae4-ae4b-b478932fce19 7dd57d3e5a0f4e2bb85c50c0d54972d3 3a3fc5df4a384b7d906cdeb89e899baf - - default default] Successfully bumped revision number for resource 597f9c0a-60c1-4928-adb1-7026f3330797 (type: ports) to 1
2026-06-15 20:15:31.181 10 INFO neutron.api.wsgi [None req-eb27e663-081f-4ae4-ae4b-b478932fce19 7dd57d3e5a0f4e2bb85c50c0d54972d3 3a3fc5df4a384b7d906cdeb89e899baf - - default default] 10.0.0.129 "POST /v2.0/networks HTTP/1.1" status: 201 len: 833 time: 0.5338125
2026-06-15 20:15:31.188 10 WARNING neutron_lib.context [None req-c3494787-206e-4b12-803c-58675f2d7c54 7dd57d3e5a0f4e2bb85c50c0d54972d3 3a3fc5df4a384b7d906cdeb89e899baf - - default default] Method 'is_advsvc' is deprecated since 2023.2 release (neutron-lib 3.8.0) and will be removed once support for the old RBAC API policies will be removed from Neutron. Please use method 'is_service_role' instead.
2026-06-15 20:15:31.205 10 INFO neutron.api.wsgi [None req-82b1fba0-c8a0-4914-b5cc-4c80618ca43d 402f47c9d6094afc83807c4b92767047 a2493d54e66b4df5ab8dbf17434596e7 - - default default] 10.0.0.129 "POST /v2.0/floatingips HTTP/1.1" status: 201 len: 751 time: 0.5905750
2026-06-15 20:15:31.214 9 WARNING neutron_lib.context [None req-d7e58020-83db-4aed-b19c-27f43a16be21 402f47c9d6094afc83807c4b92767047 a2493d54e66b4df5ab8dbf17434596e7 - - default default] Method 'is_advsvc' is deprecated since 2023.2 release (neutron-lib 3.8.0) and will be removed once support for the old RBAC API policies will be removed from Neutron. Please use method 'is_service_role' instead.
2026-06-15 20:15:31.225 9 INFO neutron.api.wsgi [None req-889110bf-9ebb-4421-8cb4-cbbba2c9ace8 941a8dbc04bb496bbc6cf38456034c7a 4de2b60e8e894e55aad1b4b2f05df08a - - default default] 10.0.0.129 "DELETE /v2.0/routers/d8c8b398-e9e9-40dc-841a-a2be52d62805 HTTP/1.1" status: 204 len: 168 time: 0.1539371
2026-06-15 20:15:31.267 10 INFO neutron.api.wsgi [None req-7e90deb2-8aad-41dc-a8dd-9a4236fd075c 941a8dbc04bb496bbc6cf38456034c7a 4de2b60e8e894e55aad1b4b2f05df08a - - default default] 10.0.0.129 "GET /v2.0/routers/66219a63-5b00-4252-9c73-7392a2df3b99 HTTP/1.1" status: 200 len: 777 time: 0.0350871
2026-06-15 20:15:31.418 9 WARNING neutron.scheduler.dhcp_agent_scheduler [None req-d7e58020-83db-4aed-b19c-27f43a16be21 402f47c9d6094afc83807c4b92767047 a2493d54e66b4df5ab8dbf17434596e7 - - default default] No more DHCP agents
2026-06-15 20:15:31.419 9 WARNING neutron.api.rpc.agentnotifiers.dhcp_rpc_agent_api [None req-d7e58020-83db-4aed-b19c-27f43a16be21 402f47c9d6094afc83807c4b92767047 a2493d54e66b4df5ab8dbf17434596e7 - - default default] Unable to schedule network dbcb6816-2d1c-4dec-8158-9762bf8ff873: no agents available; will retry on subsequent port and subnet creation events.
2026-06-15 20:15:31.463 10 WARNING neutron.scheduler.dhcp_agent_scheduler [None req-c3494787-206e-4b12-803c-58675f2d7c54 7dd57d3e5a0f4e2bb85c50c0d54972d3 3a3fc5df4a384b7d906cdeb89e899baf - - default default] No more DHCP agents
2026-06-15 20:15:31.464 10 WARNING neutron.api.rpc.agentnotifiers.dhcp_rpc_agent_api [None req-c3494787-206e-4b12-803c-58675f2d7c54 7dd57d3e5a0f4e2bb85c50c0d54972d3 3a3fc5df4a384b7d906cdeb89e899baf - - default default] Unable to schedule network 9fd50131-e158-4a38-83a2-5173f66833d0: no agents available; will retry on subsequent port and subnet creation events.
2026-06-15 20:15:31.518 10 INFO neutron.db.ovn_revision_numbers_db [None req-c3494787-206e-4b12-803c-58675f2d7c54 7dd57d3e5a0f4e2bb85c50c0d54972d3 3a3fc5df4a384b7d906cdeb89e899baf - - default default] Successfully bumped revision number for resource 10d333f7-b4d3-4e96-8636-1bf6616f75af (type: subnets) to 0
2026-06-15 20:15:31.543 10 INFO neutron.api.wsgi [None req-c3494787-206e-4b12-803c-58675f2d7c54 7dd57d3e5a0f4e2bb85c50c0d54972d3 3a3fc5df4a384b7d906cdeb89e899baf - - default default] 10.0.0.129 "POST /v2.0/subnets HTTP/1.1" status: 201 len: 845 time: 0.3577082
2026-06-15 20:15:31.548 10 INFO neutron.db.ovn_revision_numbers_db [None req-b4fbd0c7-25b4-447e-8057-dbda06761d26 941a8dbc04bb496bbc6cf38456034c7a 4de2b60e8e894e55aad1b4b2f05df08a - - default default] Successfully bumped revision number for resource 66219a63-5b00-4252-9c73-7392a2df3b99 (type: routers) to 2
2026-06-15 20:15:31.554 10 WARNING neutron_lib.context [None req-7fe54e61-7abf-4fa1-8330-1fb36884acd6 7dd57d3e5a0f4e2bb85c50c0d54972d3 3a3fc5df4a384b7d906cdeb89e899baf - - default default] Method 'is_advsvc' is deprecated since 2023.2 release (neutron-lib 3.8.0) and will be removed once support for the old RBAC API policies will be removed from Neutron. Please use method 'is_service_role' instead.
2026-06-15 20:15:31.559 10 INFO neutron.api.wsgi [None req-b4fbd0c7-25b4-447e-8057-dbda06761d26 941a8dbc04bb496bbc6cf38456034c7a 4de2b60e8e894e55aad1b4b2f05df08a - - default default] 10.0.0.129 "PUT /v2.0/routers/66219a63-5b00-4252-9c73-7392a2df3b99 HTTP/1.1" status: 200 len: 777 time: 0.2895195
2026-06-15 20:15:31.578 10 INFO neutron.api.wsgi [None req-9ed4a596-4344-441d-acbe-8e00b98b8233 941a8dbc04bb496bbc6cf38456034c7a 4de2b60e8e894e55aad1b4b2f05df08a - - default default] 10.0.0.129 "GET /v2.0/ports?device_id=66219a63-5b00-4252-9c73-7392a2df3b99 HTTP/1.1" status: 200 len: 205 time: 0.0140483
2026-06-15 20:15:31.655 9 INFO neutron.api.wsgi [None req-d7e58020-83db-4aed-b19c-27f43a16be21 402f47c9d6094afc83807c4b92767047 a2493d54e66b4df5ab8dbf17434596e7 - - default default] 10.0.0.129 "POST /v2.0/floatingips HTTP/1.1" status: 201 len: 751 time: 0.4457705
2026-06-15 20:15:31.666 9 WARNING neutron_lib.context [None req-aeb76455-c797-4570-84a4-e80f8ffb28fc 402f47c9d6094afc83807c4b92767047 a2493d54e66b4df5ab8dbf17434596e7 - - default default] Method 'is_advsvc' is deprecated since 2023.2 release (neutron-lib 3.8.0) and will be removed once support for the old RBAC API policies will be removed from Neutron. Please use method 'is_service_role' instead.
2026-06-15 20:15:31.778 10 INFO neutron.api.wsgi [None req-56c3b65a-45e6-40ef-996d-aeb680db4aaf 941a8dbc04bb496bbc6cf38456034c7a 4de2b60e8e894e55aad1b4b2f05df08a - - default default] 10.0.0.129 "DELETE /v2.0/routers/66219a63-5b00-4252-9c73-7392a2df3b99 HTTP/1.1" status: 204 len: 168 time: 0.1952696
2026-06-15 20:15:31.818 10 INFO neutron.api.wsgi [None req-79a13444-9313-4c87-83b2-3f39756de26b 941a8dbc04bb496bbc6cf38456034c7a 4de2b60e8e894e55aad1b4b2f05df08a - - default default] 10.0.0.129 "GET /v2.0/routers/151d384f-d3e6-4034-b5cc-c759cddeda9c HTTP/1.1" status: 200 len: 770 time: 0.0348794
2026-06-15 20:15:31.873 10 WARNING neutron.scheduler.dhcp_agent_scheduler [None req-7fe54e61-7abf-4fa1-8330-1fb36884acd6 7dd57d3e5a0f4e2bb85c50c0d54972d3 3a3fc5df4a384b7d906cdeb89e899baf - - default default] No more DHCP agents
2026-06-15 20:15:31.875 10 WARNING neutron.api.rpc.agentnotifiers.dhcp_rpc_agent_api [None req-7fe54e61-7abf-4fa1-8330-1fb36884acd6 7dd57d3e5a0f4e2bb85c50c0d54972d3 3a3fc5df4a384b7d906cdeb89e899baf - - default default] Unable to schedule network 3877bdfc-4204-450b-a469-b41b50205293: no agents available; will retry on subsequent port and subnet creation events.
2026-06-15 20:15:31.894 9 WARNING neutron.scheduler.dhcp_agent_scheduler [None req-aeb76455-c797-4570-84a4-e80f8ffb28fc 402f47c9d6094afc83807c4b92767047 a2493d54e66b4df5ab8dbf17434596e7 - - default default] No more DHCP agents
2026-06-15 20:15:31.896 9 WARNING neutron.api.rpc.agentnotifiers.dhcp_rpc_agent_api [None req-aeb76455-c797-4570-84a4-e80f8ffb28fc 402f47c9d6094afc83807c4b92767047 a2493d54e66b4df5ab8dbf17434596e7 - - default default] Unable to schedule network dbcb6816-2d1c-4dec-8158-9762bf8ff873: no agents available; will retry on subsequent port and subnet creation events.
2026-06-15 20:15:32.135 10 INFO neutron.db.ovn_revision_numbers_db [None req-7fe54e61-7abf-4fa1-8330-1fb36884acd6 7dd57d3e5a0f4e2bb85c50c0d54972d3 3a3fc5df4a384b7d906cdeb89e899baf - - default default] Successfully bumped revision number for resource 538fedd2-7de4-4bdf-ac0c-d1557500e818 (type: subnets) to 0
2026-06-15 20:15:32.144 9 INFO neutron.api.wsgi [None req-aeb76455-c797-4570-84a4-e80f8ffb28fc 402f47c9d6094afc83807c4b92767047 a2493d54e66b4df5ab8dbf17434596e7 - - default default] 10.0.0.129 "POST /v2.0/floatingips HTTP/1.1" status: 201 len: 751 time: 0.4839325
2026-06-15 20:15:32.153 9 WARNING neutron_lib.context [None req-f2913503-a5ae-40fe-a1c6-28fcfa099465 402f47c9d6094afc83807c4b92767047 a2493d54e66b4df5ab8dbf17434596e7 - - default default] Method 'is_advsvc' is deprecated since 2023.2 release (neutron-lib 3.8.0) and will be removed once support for the old RBAC API policies will be removed from Neutron. Please use method 'is_service_role' instead.
2026-06-15 20:15:32.155 10 INFO neutron.api.wsgi [None req-7fe54e61-7abf-4fa1-8330-1fb36884acd6 7dd57d3e5a0f4e2bb85c50c0d54972d3 3a3fc5df4a384b7d906cdeb89e899baf - - default default] 10.0.0.129 "POST /v2.0/subnets HTTP/1.1" status: 201 len: 854 time: 0.6048338
2026-06-15 20:15:32.164 9 WARNING neutron_lib.context [None req-df1c881e-8e00-407a-aa10-43bef05985db 7dd57d3e5a0f4e2bb85c50c0d54972d3 3a3fc5df4a384b7d906cdeb89e899baf - - default default] Method 'is_advsvc' is deprecated since 2023.2 release (neutron-lib 3.8.0) and will be removed once support for the old RBAC API policies will be removed from Neutron. Please use method 'is_service_role' instead.
2026-06-15 20:15:32.270 9 INFO neutron.db.ovn_revision_numbers_db [None req-df1c881e-8e00-407a-aa10-43bef05985db 7dd57d3e5a0f4e2bb85c50c0d54972d3 3a3fc5df4a384b7d906cdeb89e899baf - - default default] Successfully bumped revision number for resource da303177-2b44-4f7f-b302-96746373a099 (type: routers) to 1
2026-06-15 20:15:32.286 10 INFO neutron.api.wsgi [None req-f0e938de-0fcb-4ce3-8e5c-6a4d05199d88 941a8dbc04bb496bbc6cf38456034c7a 4de2b60e8e894e55aad1b4b2f05df08a - - default default] 10.0.0.129 "PUT /v2.0/routers/151d384f-d3e6-4034-b5cc-c759cddeda9c HTTP/1.1" status: 200 len: 770 time: 0.4632521
2026-06-15 20:15:32.287 9 INFO neutron.api.wsgi [None req-df1c881e-8e00-407a-aa10-43bef05985db 7dd57d3e5a0f4e2bb85c50c0d54972d3 3a3fc5df4a384b7d906cdeb89e899baf - - default default] 10.0.0.129 "POST /v2.0/routers HTTP/1.1" status: 201 len: 805 time: 0.1279173
2026-06-15 20:15:32.305 10 INFO neutron.api.wsgi [None req-2ccc3c48-3679-4cf1-a693-97e07ceb78d9 941a8dbc04bb496bbc6cf38456034c7a 4de2b60e8e894e55aad1b4b2f05df08a - - default default] 10.0.0.129 "GET /v2.0/ports?device_id=151d384f-d3e6-4034-b5cc-c759cddeda9c HTTP/1.1" status: 200 len: 205 time: 0.0149200
2026-06-15 20:15:32.312 9 WARNING neutron_lib.context [None req-d084a83e-ecf8-4684-82f1-f21c4c862a39 b797d644d776403a9d61c9d1fe532bec 3fc08dd7df6543bd92b628ebee5cba8d - - default default] Method 'is_advsvc' is deprecated since 2023.2 release (neutron-lib 3.8.0) and will be removed once support for the old RBAC API policies will be removed from Neutron. Please use method 'is_service_role' instead.
2026-06-15 20:15:32.463 10 INFO neutron.api.wsgi [None req-e18d2d3b-30d9-48f8-a68d-fe3bb64b3904 941a8dbc04bb496bbc6cf38456034c7a 4de2b60e8e894e55aad1b4b2f05df08a - - default default] 10.0.0.129 "DELETE /v2.0/routers/151d384f-d3e6-4034-b5cc-c759cddeda9c HTTP/1.1" status: 204 len: 168 time: 0.1528909
2026-06-15 20:15:32.487 9 WARNING neutron.scheduler.dhcp_agent_scheduler [None req-f2913503-a5ae-40fe-a1c6-28fcfa099465 402f47c9d6094afc83807c4b92767047 a2493d54e66b4df5ab8dbf17434596e7 - - default default] No more DHCP agents
2026-06-15 20:15:32.489 9 WARNING neutron.api.rpc.agentnotifiers.dhcp_rpc_agent_api [None req-f2913503-a5ae-40fe-a1c6-28fcfa099465 402f47c9d6094afc83807c4b92767047 a2493d54e66b4df5ab8dbf17434596e7 - - default default] Unable to schedule network dbcb6816-2d1c-4dec-8158-9762bf8ff873: no agents available; will retry on subsequent port and subnet creation events.
2026-06-15 20:15:32.523 9 INFO neutron.db.ovn_revision_numbers_db [None req-d084a83e-ecf8-4684-82f1-f21c4c862a39 b797d644d776403a9d61c9d1fe532bec 3fc08dd7df6543bd92b628ebee5cba8d - - default default] Successfully bumped revision number for resource 5f4b34a3-354c-41d8-8c90-a424dade3f67 (type: security_groups) to 1
2026-06-15 20:15:32.542 9 INFO neutron.db.ovn_revision_numbers_db [None req-d084a83e-ecf8-4684-82f1-f21c4c862a39 b797d644d776403a9d61c9d1fe532bec 3fc08dd7df6543bd92b628ebee5cba8d - - default default] Successfully bumped revision number for resource 1c8f2423-f5e9-4742-b0d2-20c82a4d34f2 (type: security_group_rules) to 0
2026-06-15 20:15:32.562 9 INFO neutron.db.ovn_revision_numbers_db [None req-d084a83e-ecf8-4684-82f1-f21c4c862a39 b797d644d776403a9d61c9d1fe532bec 3fc08dd7df6543bd92b628ebee5cba8d - - default default] Successfully bumped revision number for resource 39c55adb-3ff7-4c06-958e-3ddf3809d5b8 (type: security_group_rules) to 0
2026-06-15 20:15:32.582 9 INFO neutron.db.ovn_revision_numbers_db [None req-d084a83e-ecf8-4684-82f1-f21c4c862a39 b797d644d776403a9d61c9d1fe532bec 3fc08dd7df6543bd92b628ebee5cba8d - - default default] Successfully bumped revision number for resource 795fe8e6-a1db-491f-a7e5-728de458ce10 (type: security_group_rules) to 0
2026-06-15 20:15:32.599 9 INFO neutron.db.ovn_revision_numbers_db [None req-d084a83e-ecf8-4684-82f1-f21c4c862a39 b797d644d776403a9d61c9d1fe532bec 3fc08dd7df6543bd92b628ebee5cba8d - - default default] Successfully bumped revision number for resource b9b52041-a56f-4407-92e0-3a3de33b08e1 (type: security_group_rules) to 0
2026-06-15 20:15:32.722 9 INFO neutron.db.segments_db [None req-d084a83e-ecf8-4684-82f1-f21c4c862a39 b797d644d776403a9d61c9d1fe532bec 3fc08dd7df6543bd92b628ebee5cba8d - - default default] Added segment c3d893e2-c41c-4541-a54a-889b779afa17 of type geneve for network b56233e5-29b7-4446-b67f-b931d19bea06
2026-06-15 20:15:32.777 9 WARNING neutron.scheduler.dhcp_agent_scheduler [None req-c7881a51-5714-4c57-b0eb-d0c8f1f41410 7dd57d3e5a0f4e2bb85c50c0d54972d3 3a3fc5df4a384b7d906cdeb89e899baf - - default default] No more DHCP agents
2026-06-15 20:15:32.780 9 WARNING neutron.api.rpc.agentnotifiers.dhcp_rpc_agent_api [None req-c7881a51-5714-4c57-b0eb-d0c8f1f41410 7dd57d3e5a0f4e2bb85c50c0d54972d3 3a3fc5df4a384b7d906cdeb89e899baf - - default default] Unable to schedule network 9fd50131-e158-4a38-83a2-5173f66833d0: no agents available; will retry on subsequent port and subnet creation events.
2026-06-15 20:15:33.113 9 INFO neutron.db.ovn_revision_numbers_db [None req-d084a83e-ecf8-4684-82f1-f21c4c862a39 b797d644d776403a9d61c9d1fe532bec 3fc08dd7df6543bd92b628ebee5cba8d - - default default] Successfully bumped revision number for resource b56233e5-29b7-4446-b67f-b931d19bea06 (type: networks) to 1
2026-06-15 20:15:33.127 9 INFO neutron.db.ovn_revision_numbers_db [None req-c7881a51-5714-4c57-b0eb-d0c8f1f41410 7dd57d3e5a0f4e2bb85c50c0d54972d3 3a3fc5df4a384b7d906cdeb89e899baf - - default default] Successfully bumped revision number for resource 3dc8a521-df5a-42ae-8b92-52e00d0fb66a (type: ports) to 1
2026-06-15 20:15:33.156 9 INFO neutron.api.wsgi [None req-f2913503-a5ae-40fe-a1c6-28fcfa099465 402f47c9d6094afc83807c4b92767047 a2493d54e66b4df5ab8dbf17434596e7 - - default default] 10.0.0.129 "POST /v2.0/floatingips HTTP/1.1" status: 201 len: 751 time: 1.0065174
2026-06-15 20:15:33.197 10 INFO neutron.api.wsgi [None req-ab59c965-f47e-4ba9-91a0-dc9c61654750 402f47c9d6094afc83807c4b92767047 a2493d54e66b4df5ab8dbf17434596e7 - - default default] 10.0.0.129 "PUT /v2.0/floatingips/fece0a8d-b5d4-4bdb-9f3e-89cec2440fa2/tags HTTP/1.1" status: 200 len: 210 time: 0.0337508
2026-06-15 20:15:33.222 9 INFO neutron.api.wsgi [-] 10.0.0.188 "GET / HTTP/1.1" status: 200 len: 246 time: 0.0014298
2026-06-15 20:15:33.224 10 INFO neutron.api.wsgi [-] 10.0.0.188 "GET / HTTP/1.1" status: 200 len: 246 time: 0.0028658
2026-06-15 20:15:33.269 10 INFO neutron.api.wsgi [None req-7b30f8c4-51b3-44ee-a281-8950d37fae29 402f47c9d6094afc83807c4b92767047 a2493d54e66b4df5ab8dbf17434596e7 - - default default] 10.0.0.129 "PUT /v2.0/floatingips/d2cec146-7cd4-4b27-9fc0-b174c60b4572/tags HTTP/1.1" status: 200 len: 218 time: 0.0435581
2026-06-15 20:15:33.314 9 WARNING neutron.scheduler.dhcp_agent_scheduler [None req-d084a83e-ecf8-4684-82f1-f21c4c862a39 b797d644d776403a9d61c9d1fe532bec 3fc08dd7df6543bd92b628ebee5cba8d - - default default] No more DHCP agents
2026-06-15 20:15:33.316 9 WARNING neutron.api.rpc.agentnotifiers.dhcp_rpc_agent_api [None req-d084a83e-ecf8-4684-82f1-f21c4c862a39 b797d644d776403a9d61c9d1fe532bec 3fc08dd7df6543bd92b628ebee5cba8d - - default default] Unable to schedule network b56233e5-29b7-4446-b67f-b931d19bea06: no agents available; will retry on subsequent port and subnet creation events.
2026-06-15 20:15:33.322 10 INFO neutron.api.wsgi [None req-1523223f-a1ab-4448-8bc9-d89268626b71 402f47c9d6094afc83807c4b92767047 a2493d54e66b4df5ab8dbf17434596e7 - - default default] 10.0.0.129 "PUT /v2.0/floatingips/6b77a38e-c211-4c40-a740-fdd2a2d17ef2/tags HTTP/1.1" status: 200 len: 227 time: 0.0491908
2026-06-15 20:15:33.410 9 INFO neutron.api.wsgi [None req-316a2110-d926-4ceb-9af6-e08298e28026 402f47c9d6094afc83807c4b92767047 a2493d54e66b4df5ab8dbf17434596e7 - - default default] 10.0.0.129 "PUT /v2.0/floatingips/803fe3d8-80a7-47cf-81e9-0d52703b30a5/tags HTTP/1.1" status: 200 len: 212 time: 0.0755427
