2026-06-15 20:15:12.020 10 INFO neutron.notifiers.nova [-] Nova event matching ['req-6247ef75-7a1b-4b90-bc31-ba7d9561e4c2'] response: {'server_uuid': 'b79254db-af0e-4eda-a4e2-91c4f7c84b43', 'name': 'network-vif-deleted', 'tag': '785587d8-c7b2-41e7-9910-af0ded74b3ff', 'status': 'completed', 'code': 200}
2026-06-15 20:15:12.023 9 INFO neutron.services.segments.plugin [-] Segment 6e38b1c0-39f3-493f-9927-490aee2640ad resource provider aggregate not found
2026-06-15 20:15:12.030 9 INFO neutron.services.segments.plugin [-] Segment 6e38b1c0-39f3-493f-9927-490aee2640ad resource provider not found; error: Placement Client Error (4xx): {"errors": [{"status": 404, "title": "Not Found", "detail": "The resource could not be found.\n\n No resource provider with uuid 6e38b1c0-39f3-493f-9927-490aee2640ad found for delete ", "request_id": "req-60529fe3-f8a4-4f37-899d-9a1246cad0de"}]}
2026-06-15 20:15:12.036 9 INFO neutron.services.segments.plugin [-] Segment 6e38b1c0-39f3-493f-9927-490aee2640ad resource provider not found; error: Placement Client Error (4xx): {"errors": [{"status": 404, "title": "Not Found", "detail": "The resource could not be found.\n\n No resource provider with uuid 6e38b1c0-39f3-493f-9927-490aee2640ad found for delete ", "request_id": "req-bd0d9c55-bd5f-4b98-831b-e065c31410e9"}]}
2026-06-15 20:15:12.046 10 INFO neutron.api.wsgi [None req-07a65424-1145-4387-8676-a87f39f53a32 1a7bfbcc99f147ebb9941d3786225d3a 3f58fa161a4143a18370d34b7ba0f89a - - default default] 10.0.0.129 "GET /v2.0/security-groups?tenant_id=735aaac769414f75ab5999160a8fd1a2&name=default HTTP/1.1" status: 200 len: 3120 time: 0.3532829
2026-06-15 20:15:12.047 9 INFO neutron.api.wsgi [None req-d95b06e0-0ee1-4857-b51e-38c66958ec51 c986d6e9da9f40939c2344b5fd8efed1 c8ae400da2f348f09d23d469d1b0f3bb - - default default] 10.0.0.129 "DELETE /v2.0/networks/6ab5adf4-15dc-45a5-91ad-2ed71353409c HTTP/1.1" status: 204 len: 168 time: 0.3607571 /var/lib/openstack/lib/python3.12/site-packages/pycadf/identifier.py:71: UserWarning: Invalid uuid: neutron. To ensure interoperability, identifiers should be a valid uuid. warnings.warn(('Invalid uuid: %s. To ensure interoperability, '
2026-06-15 20:15:12.138 10 INFO neutron.api.wsgi [req-eb191c80-19e7-4a72-ae7d-43383d836fe8 req-22f0f811-4f8f-4c35-94fe-2ad755bd2dab 942487f5261f4ba996abd2b43250beff 3e6a69f0a750474e96c60d0268000ab9 - - default default] 10.0.0.66 "GET /v2.0/ports?device_id=b79254db-af0e-4eda-a4e2-91c4f7c84b43 HTTP/1.1" status: 200 len: 210 time: 0.0169098
2026-06-15 20:15:12.217 10 INFO neutron.plugins.ml2.drivers.ovn.mech_driver.mech_driver [None req-cd79d8ee-0713-4776-970f-9f8691faef02 - - - - - -] OVN reports status down for port: 91bb1886-2a42-4375-817d-308053ef98cf
2026-06-15 20:15:12.270 10 INFO neutron.api.wsgi [None req-814b7e33-5175-4252-9781-266bcdd05b98 1a7bfbcc99f147ebb9941d3786225d3a 3f58fa161a4143a18370d34b7ba0f89a - - default default] 10.0.0.129 "DELETE /v2.0/security-groups/0e3fbc2c-a15a-4631-8f9f-2baa6a55be38 HTTP/1.1" status: 204 len: 168 time: 0.2202911
2026-06-15 20:15:12.373 9 INFO neutron.api.wsgi [None req-1269b9d1-ca08-4b0a-9203-2adf2e621a71 c986d6e9da9f40939c2344b5fd8efed1 c8ae400da2f348f09d23d469d1b0f3bb - - default default] 10.0.0.129 "DELETE /v2.0/networks/f812bb5d-b7e5-49a2-9cd1-a3b052c9b0e9 HTTP/1.1" status: 204 len: 168 time: 0.3223734
2026-06-15 20:15:12.471 10 INFO neutron.db.ovn_revision_numbers_db [None req-cd79d8ee-0713-4776-970f-9f8691faef02 - - - - - -] Successfully bumped revision number for resource 91bb1886-2a42-4375-817d-308053ef98cf (type: ports) to 6
2026-06-15 20:15:12.492 9 INFO neutron.notifiers.nova [-] Nova event matching ['req-2909bcf4-afbe-4a2c-bdf9-6a1c760beba9'] response: {'server_uuid': 'b79254db-af0e-4eda-a4e2-91c4f7c84b43', 'name': 'network-vif-unplugged', 'status': 'completed', 'tag': '785587d8-c7b2-41e7-9910-af0ded74b3ff', 'code': 200}
2026-06-15 20:15:12.672 9 INFO neutron.api.wsgi [None req-15131b35-9963-4301-8228-7269d5cad596 c986d6e9da9f40939c2344b5fd8efed1 c8ae400da2f348f09d23d469d1b0f3bb - - default default] 10.0.0.129 "DELETE /v2.0/networks/565c69e5-63a7-429f-83c4-00705b2010cf HTTP/1.1" status: 204 len: 168 time: 0.2941182 /var/lib/openstack/lib/python3.12/site-packages/pycadf/identifier.py:71: UserWarning: Invalid uuid: neutron. To ensure interoperability, identifiers should be a valid uuid. warnings.warn(('Invalid uuid: %s. To ensure interoperability, '
2026-06-15 20:15:12.862 10 INFO neutron.api.wsgi [req-1fa83b6f-b78c-49bb-9af0-a6268974dda2 req-37a04739-4ca4-40a2-ae8b-9fe8ed017c20 8b2be51bdd224a23a5b16a504ca85391 a5fc87afeb804beba88d0b3172c93f54 - - default default] 10.0.0.66 "GET /v2.0/ports?device_id=f56b55de-839e-42a4-b734-0b0c29cb668d HTTP/1.1" status: 200 len: 1208 time: 0.0333498
2026-06-15 20:15:12.904 10 INFO neutron.api.wsgi [req-1fa83b6f-b78c-49bb-9af0-a6268974dda2 req-10cd850a-fe04-4ace-ab43-a511e6130197 8b2be51bdd224a23a5b16a504ca85391 a5fc87afeb804beba88d0b3172c93f54 - - default default] 10.0.0.66 "GET /v2.0/security-groups?id=2d9ceb67-0d4f-40fd-92f1-4c465c588c52&id=efc6b02b-8746-4010-be4c-9119e528233a&fields=id&fields=name HTTP/1.1" status: 200 len: 405 time: 0.0362039
2026-06-15 20:15:13.224 10 INFO neutron.api.wsgi [req-dd4de912-d1de-431a-a6a1-dd4c370bfd47 req-585645b5-867f-469c-80d2-1c993921fafd 942487f5261f4ba996abd2b43250beff 3e6a69f0a750474e96c60d0268000ab9 - - default default] 10.0.0.66 "GET /v2.0/ports?device_id=b79254db-af0e-4eda-a4e2-91c4f7c84b43 HTTP/1.1" status: 200 len: 210 time: 0.0175867
2026-06-15 20:15:13.312 10 INFO neutron.services.segments.plugin [-] Segment 9788497c-4006-4a7d-ab1f-d153c7099609 resource provider aggregate not found
2026-06-15 20:15:13.320 10 INFO neutron.services.segments.plugin [-] Segment 9788497c-4006-4a7d-ab1f-d153c7099609 resource provider aggregate not found
2026-06-15 20:15:13.330 10 INFO neutron.services.segments.plugin [-] Segment 9788497c-4006-4a7d-ab1f-d153c7099609 resource provider not found; error: Placement Client Error (4xx): {"errors": [{"status": 404, "title": "Not Found", "detail": "The resource could not be found.\n\n No resource provider with uuid 9788497c-4006-4a7d-ab1f-d153c7099609 found for delete ", "request_id": "req-0c46b7bc-a717-4f73-b45a-f34ffa083632"}]}
2026-06-15 20:15:13.336 10 INFO neutron.services.segments.plugin [-] Segment 9788497c-4006-4a7d-ab1f-d153c7099609 resource provider not found; error: Placement Client Error (4xx): {"errors": [{"status": 404, "title": "Not Found", "detail": "The resource could not be found.\n\n No resource provider with uuid 9788497c-4006-4a7d-ab1f-d153c7099609 found for delete ", "request_id": "req-4f17995f-2261-4020-bfdd-c701ae6c2153"}]}
2026-06-15 20:15:13.458 10 INFO neutron.api.wsgi [req-76a8a226-add3-402d-a34e-d4019ba5d0fc req-dca2e10d-8014-4bd0-aef0-87939927ab2f 8b2be51bdd224a23a5b16a504ca85391 a5fc87afeb804beba88d0b3172c93f54 - - default default] 199.19.213.159 "GET /v2.0/ports?device_id=f56b55de-839e-42a4-b734-0b0c29cb668d HTTP/1.1" status: 200 len: 1208 time: 0.0360620
2026-06-15 20:15:13.733 9 INFO neutron.db.ovn_revision_numbers_db [None req-bfec9a7d-9e1a-4da5-8a89-167ddb0146c3 1a7bfbcc99f147ebb9941d3786225d3a 3f58fa161a4143a18370d34b7ba0f89a - - default default] Successfully bumped revision number for resource 84df2ffb-eefd-47aa-9e1d-b9bf7d0dbe10 (type: security_groups) to 1
2026-06-15 20:15:13.747 9 INFO neutron.db.ovn_revision_numbers_db [None req-bfec9a7d-9e1a-4da5-8a89-167ddb0146c3 1a7bfbcc99f147ebb9941d3786225d3a 3f58fa161a4143a18370d34b7ba0f89a - - default default] Successfully bumped revision number for resource 09a2e025-9713-485b-9e81-cce0e21c98b3 (type: security_group_rules) to 0
2026-06-15 20:15:13.760 9 INFO neutron.db.ovn_revision_numbers_db [None req-bfec9a7d-9e1a-4da5-8a89-167ddb0146c3 1a7bfbcc99f147ebb9941d3786225d3a 3f58fa161a4143a18370d34b7ba0f89a - - default default] Successfully bumped revision number for resource 443f5ddb-6b86-4cb2-ba69-0e492ecb9348 (type: security_group_rules) to 0
2026-06-15 20:15:13.773 9 INFO neutron.db.ovn_revision_numbers_db [None req-bfec9a7d-9e1a-4da5-8a89-167ddb0146c3 1a7bfbcc99f147ebb9941d3786225d3a 3f58fa161a4143a18370d34b7ba0f89a - - default default] Successfully bumped revision number for resource 52dee217-0270-4a08-a3ca-ac007b6557ba (type: security_group_rules) to 0
2026-06-15 20:15:13.802 9 INFO neutron.db.ovn_revision_numbers_db [None req-bfec9a7d-9e1a-4da5-8a89-167ddb0146c3 1a7bfbcc99f147ebb9941d3786225d3a 3f58fa161a4143a18370d34b7ba0f89a - - default default] Successfully bumped revision number for resource a8e52db0-62cd-4834-b5a4-c3e4fd6cd24e (type: security_group_rules) to 0
2026-06-15 20:15:13.812 10 INFO neutron.db.l3_db [req-76a8a226-add3-402d-a34e-d4019ba5d0fc req-c2c89a38-19af-4b59-99cb-b6942bb57333 8b2be51bdd224a23a5b16a504ca85391 a5fc87afeb804beba88d0b3172c93f54 - - default default] Floating IP ed2e5e61-36cf-41c5-8ff7-bf25e78b16be disassociated. External IP: 10.96.250.206, port: 91bb1886-2a42-4375-817d-308053ef98cf.
2026-06-15 20:15:13.854 9 INFO neutron.api.wsgi [None req-bfec9a7d-9e1a-4da5-8a89-167ddb0146c3 1a7bfbcc99f147ebb9941d3786225d3a 3f58fa161a4143a18370d34b7ba0f89a - - default default] 10.0.0.129 "GET /v2.0/security-groups?tenant_id=8a0594d3f4e24b5ba51e28b8db2d038a&name=default HTTP/1.1" status: 200 len: 3120 time: 0.4018440
2026-06-15 20:15:13.918 10 INFO neutron.api.wsgi [req-76a8a226-add3-402d-a34e-d4019ba5d0fc req-c2c89a38-19af-4b59-99cb-b6942bb57333 8b2be51bdd224a23a5b16a504ca85391 a5fc87afeb804beba88d0b3172c93f54 - - default default] 199.19.213.159 "DELETE /v2.0/ports/91bb1886-2a42-4375-817d-308053ef98cf HTTP/1.1" status: 204 len: 173 time: 0.4550750
2026-06-15 20:15:14.063 9 INFO neutron.services.segments.plugin [-] Segment dee0e56b-4c9c-4be8-97ac-69dd05a3fd69 resource provider aggregate not found
2026-06-15 20:15:14.067 9 INFO neutron.services.segments.plugin [-] Segment dee0e56b-4c9c-4be8-97ac-69dd05a3fd69 resource provider aggregate not found
2026-06-15 20:15:14.069 10 INFO neutron.notifiers.nova [-] Nova event matching ['req-6c864965-68b8-4558-a303-e465e466daae'] response: {'server_uuid': 'f56b55de-839e-42a4-b734-0b0c29cb668d', 'name': 'network-vif-unplugged', 'status': 'completed', 'tag': '91bb1886-2a42-4375-817d-308053ef98cf', 'code': 200}
2026-06-15 20:15:14.070 10 INFO neutron.notifiers.nova [-] Nova event matching ['req-6c864965-68b8-4558-a303-e465e466daae'] response: {'server_uuid': 'f56b55de-839e-42a4-b734-0b0c29cb668d', 'name': 'network-vif-unplugged', 'status': 'completed', 'tag': '91bb1886-2a42-4375-817d-308053ef98cf', 'code': 200}
2026-06-15 20:15:14.070 10 INFO neutron.notifiers.nova [-] Nova event matching ['req-6c864965-68b8-4558-a303-e465e466daae'] response: {'server_uuid': 'f56b55de-839e-42a4-b734-0b0c29cb668d', 'name': 'network-vif-deleted', 'tag': '91bb1886-2a42-4375-817d-308053ef98cf', 'status': 'completed', 'code': 200}
2026-06-15 20:15:14.074 9 INFO neutron.services.segments.plugin [-] Segment dee0e56b-4c9c-4be8-97ac-69dd05a3fd69 resource provider not found; error: Placement Client Error (4xx): {"errors": [{"status": 404, "title": "Not Found", "detail": "The resource could not be found.\n\n No resource provider with uuid dee0e56b-4c9c-4be8-97ac-69dd05a3fd69 found for delete ", "request_id": "req-aa514726-5531-4f88-b44f-92db86c5a936"}]}
2026-06-15 20:15:14.086 9 INFO neutron.services.segments.plugin [-] Segment dee0e56b-4c9c-4be8-97ac-69dd05a3fd69 resource provider not found; error: Placement Client Error (4xx): {"errors": [{"status": 404, "title": "Not Found", "detail": "The resource could not be found.\n\n No resource provider with uuid dee0e56b-4c9c-4be8-97ac-69dd05a3fd69 found for delete ", "request_id": "req-d9626de6-ddd0-4f15-9648-0d196831d253"}]}
2026-06-15 20:15:14.090 9 INFO neutron.services.segments.plugin [-] Segment 02bf85c4-b8a1-405e-b841-9151efecff53 resource provider aggregate not found
2026-06-15 20:15:14.104 9 INFO neutron.services.segments.plugin [-] Segment 02bf85c4-b8a1-405e-b841-9151efecff53 resource provider aggregate not found
2026-06-15 20:15:14.108 9 INFO neutron.services.segments.plugin [-] Segment 02bf85c4-b8a1-405e-b841-9151efecff53 resource provider not found; error: Placement Client Error (4xx): {"errors": [{"status": 404, "title": "Not Found", "detail": "The resource could not be found.\n\n No resource provider with uuid 02bf85c4-b8a1-405e-b841-9151efecff53 found for delete ", "request_id": "req-ecebe8c5-81d1-4cb2-9249-d251b4cf1efc"}]} /var/lib/openstack/lib/python3.12/site-packages/pycadf/identifier.py:71: UserWarning: Invalid uuid: neutron. To ensure interoperability, identifiers should be a valid uuid. warnings.warn(('Invalid uuid: %s. To ensure interoperability, '
2026-06-15 20:15:14.117 9 INFO neutron.services.segments.plugin [-] Segment 02bf85c4-b8a1-405e-b841-9151efecff53 resource provider not found; error: Placement Client Error (4xx): {"errors": [{"status": 404, "title": "Not Found", "detail": "The resource could not be found.\n\n No resource provider with uuid 02bf85c4-b8a1-405e-b841-9151efecff53 found for delete ", "request_id": "req-0512d4a6-67cc-477d-b80a-8c00cb1822b2"}]}
2026-06-15 20:15:14.131 10 INFO neutron.api.wsgi [req-1c24dc57-0de2-4d54-b0f8-9062debb3659 req-2ff601db-13bf-46e3-a2f3-fea1ef21654a 8b2be51bdd224a23a5b16a504ca85391 a5fc87afeb804beba88d0b3172c93f54 - - default default] 10.0.0.66 "GET /v2.0/ports?device_id=f56b55de-839e-42a4-b734-0b0c29cb668d HTTP/1.1" status: 200 len: 210 time: 0.0205629
2026-06-15 20:15:14.137 9 INFO neutron.api.wsgi [None req-ddcf81e4-69c1-43a1-aaa0-44b5c170d30d 1a7bfbcc99f147ebb9941d3786225d3a 3f58fa161a4143a18370d34b7ba0f89a - - default default] 10.0.0.129 "DELETE /v2.0/security-groups/84df2ffb-eefd-47aa-9e1d-b9bf7d0dbe10 HTTP/1.1" status: 204 len: 168 time: 0.2572327
2026-06-15 20:15:14.311 10 INFO neutron.api.wsgi [req-ecfec7a9-308a-41f6-ae9e-eb2bd4602fe1 req-8d462a82-e564-487b-935f-fca5db254ee2 942487f5261f4ba996abd2b43250beff 3e6a69f0a750474e96c60d0268000ab9 - - default default] 10.0.0.66 "GET /v2.0/ports?device_id=b79254db-af0e-4eda-a4e2-91c4f7c84b43 HTTP/1.1" status: 200 len: 210 time: 0.0202341
2026-06-15 20:15:14.428 9 INFO neutron.db.ovn_revision_numbers_db [None req-4dac022e-f9cb-4383-9418-17cda7b3e46a 1a7bfbcc99f147ebb9941d3786225d3a 3f58fa161a4143a18370d34b7ba0f89a - - default default] Successfully bumped revision number for resource bc9615b2-897f-45e7-83a9-fc3b29e2e352 (type: security_groups) to 1
2026-06-15 20:15:14.444 9 INFO neutron.db.ovn_revision_numbers_db [None req-4dac022e-f9cb-4383-9418-17cda7b3e46a 1a7bfbcc99f147ebb9941d3786225d3a 3f58fa161a4143a18370d34b7ba0f89a - - default default] Successfully bumped revision number for resource 8a90681f-4891-4db9-9de3-b80661b5de2b (type: security_group_rules) to 0
2026-06-15 20:15:14.457 9 INFO neutron.db.ovn_revision_numbers_db [None req-4dac022e-f9cb-4383-9418-17cda7b3e46a 1a7bfbcc99f147ebb9941d3786225d3a 3f58fa161a4143a18370d34b7ba0f89a - - default default] Successfully bumped revision number for resource 96537777-9445-48b8-a95d-fc75bed1e45c (type: security_group_rules) to 0
2026-06-15 20:15:14.479 9 INFO neutron.db.ovn_revision_numbers_db [None req-4dac022e-f9cb-4383-9418-17cda7b3e46a 1a7bfbcc99f147ebb9941d3786225d3a 3f58fa161a4143a18370d34b7ba0f89a - - default default] Successfully bumped revision number for resource d974bcc5-6b60-4a46-93e2-01666d60f114 (type: security_group_rules) to 0
2026-06-15 20:15:14.492 9 INFO neutron.db.ovn_revision_numbers_db [None req-4dac022e-f9cb-4383-9418-17cda7b3e46a 1a7bfbcc99f147ebb9941d3786225d3a 3f58fa161a4143a18370d34b7ba0f89a - - default default] Successfully bumped revision number for resource fc98aa93-fa21-4245-a07c-b63f8583daa6 (type: security_group_rules) to 0
2026-06-15 20:15:14.529 9 INFO neutron.api.wsgi [None req-4dac022e-f9cb-4383-9418-17cda7b3e46a 1a7bfbcc99f147ebb9941d3786225d3a 3f58fa161a4143a18370d34b7ba0f89a - - default default] 10.0.0.129 "GET /v2.0/security-groups?tenant_id=5f7ac073c2854004a1e08e44905ef293&name=default HTTP/1.1" status: 200 len: 3120 time: 0.2514515
2026-06-15 20:15:14.767 9 INFO neutron.api.wsgi [None req-4baea5ca-b979-4421-a4ad-4548271f3d9c 1a7bfbcc99f147ebb9941d3786225d3a 3f58fa161a4143a18370d34b7ba0f89a - - default default] 10.0.0.129 "DELETE /v2.0/security-groups/bc9615b2-897f-45e7-83a9-fc3b29e2e352 HTTP/1.1" status: 204 len: 168 time: 0.2320945
2026-06-15 20:15:14.982 9 INFO neutron.api.wsgi [None req-71e1db0e-cf8a-49cf-8fbc-9f9dfc80d230 1a7bfbcc99f147ebb9941d3786225d3a 3f58fa161a4143a18370d34b7ba0f89a - - default default] 10.0.0.129 "GET /v2.0/security-groups?tenant_id=c8ae400da2f348f09d23d469d1b0f3bb&name=default HTTP/1.1" status: 200 len: 3120 time: 0.0450869
2026-06-15 20:15:15.225 9 INFO neutron.api.wsgi [None req-34d5dce1-12f1-4c0a-b2c9-1161277159f7 1a7bfbcc99f147ebb9941d3786225d3a 3f58fa161a4143a18370d34b7ba0f89a - - default default] 10.0.0.129 "DELETE /v2.0/security-groups/32f9bdab-4aab-4616-b6d7-74c07415105c HTTP/1.1" status: 204 len: 168 time: 0.2377293
2026-06-15 20:15:15.242 10 INFO neutron.api.wsgi [req-aac98bd3-6703-422a-b327-eb0e2f6fee22 req-0adee7b0-eb3d-42e2-9b7f-1c81b1d6e9ab 8b2be51bdd224a23a5b16a504ca85391 a5fc87afeb804beba88d0b3172c93f54 - - default default] 10.0.0.66 "GET /v2.0/ports?device_id=f56b55de-839e-42a4-b734-0b0c29cb668d HTTP/1.1" status: 200 len: 210 time: 0.0213122
2026-06-15 20:15:15.555 9 INFO neutron.api.wsgi [None req-2d7f5b59-f66d-4cb0-a539-0bfa268cae1c 942487f5261f4ba996abd2b43250beff 3e6a69f0a750474e96c60d0268000ab9 - - default default] 10.0.0.129 "DELETE /v2.0/security-groups/7113f9f9-afe7-4411-82b0-aff5688f292f HTTP/1.1" status: 204 len: 168 time: 0.1938512
2026-06-15 20:15:15.905 10 INFO neutron.api.wsgi [None req-b6d0fc90-3739-452d-96f5-be992f084738 942487f5261f4ba996abd2b43250beff 3e6a69f0a750474e96c60d0268000ab9 - - default default] 10.0.0.129 "DELETE /v2.0/floatingips/620338d3-d7b3-49b4-bd1f-8674fa61a771 HTTP/1.1" status: 204 len: 168 time: 0.3168833
2026-06-15 20:15:16.111 10 INFO neutron.api.wsgi [req-026d818d-19ef-42bb-bc64-10dbab1ed5c8 req-790ce475-4b57-4e54-832b-a4413dfc000c 942487f5261f4ba996abd2b43250beff 3e6a69f0a750474e96c60d0268000ab9 - - default default] 10.0.0.66 "GET /v2.0/ports?device_id=18772821-6835-4d1f-890f-fc3775e9c9fc HTTP/1.1" status: 200 len: 1170 time: 0.0689647
2026-06-15 20:15:16.154 10 INFO neutron.api.wsgi [req-026d818d-19ef-42bb-bc64-10dbab1ed5c8 req-31862b4f-e1d0-4702-a66a-c84f76332f85 942487f5261f4ba996abd2b43250beff 3e6a69f0a750474e96c60d0268000ab9 - - default default] 10.0.0.66 "GET /v2.0/security-groups?id=371ad803-20a0-401b-8401-fb1f101531b4&fields=id&fields=name HTTP/1.1" status: 200 len: 313 time: 0.0357614
2026-06-15 20:15:16.317 10 INFO neutron.api.wsgi [req-65aaa68d-c8e4-4351-bea2-5a5dcc771b45 req-d560513f-f698-47b4-9869-5c96d1791f31 8b2be51bdd224a23a5b16a504ca85391 a5fc87afeb804beba88d0b3172c93f54 - - default default] 10.0.0.66 "GET /v2.0/ports?device_id=f56b55de-839e-42a4-b734-0b0c29cb668d HTTP/1.1" status: 200 len: 210 time: 0.0171268
2026-06-15 20:15:16.604 9 INFO neutron.plugins.ml2.drivers.ovn.mech_driver.mech_driver [None req-7f99a634-dfca-47eb-93a9-a2aa3eb78c02 - - - - - -] OVN reports status down for port: c8d898f8-e1a7-478b-a48b-3891451b20a5
2026-06-15 20:15:16.733 9 INFO neutron.notifiers.nova [-] Nova event matching ['req-a245e10c-0dd9-4c35-8242-4d46caf9eda8'] response: {'server_uuid': '18772821-6835-4d1f-890f-fc3775e9c9fc', 'name': 'network-vif-unplugged', 'status': 'completed', 'tag': 'c8d898f8-e1a7-478b-a48b-3891451b20a5', 'code': 200}
2026-06-15 20:15:16.858 9 INFO neutron.db.ovn_revision_numbers_db [None req-7f99a634-dfca-47eb-93a9-a2aa3eb78c02 - - - - - -] Successfully bumped revision number for resource c8d898f8-e1a7-478b-a48b-3891451b20a5 (type: ports) to 6
2026-06-15 20:15:16.930 10 INFO neutron.db.ovn_revision_numbers_db [None req-53dc392a-ede7-47f8-9935-92a88cd62f7e 1a7bfbcc99f147ebb9941d3786225d3a 3f58fa161a4143a18370d34b7ba0f89a - - default default] Successfully bumped revision number for resource 4da49a75-d25d-4417-ad62-259b9491adc1 (type: security_groups) to 1
2026-06-15 20:15:16.943 10 INFO neutron.db.ovn_revision_numbers_db [None req-53dc392a-ede7-47f8-9935-92a88cd62f7e 1a7bfbcc99f147ebb9941d3786225d3a 3f58fa161a4143a18370d34b7ba0f89a - - default default] Successfully bumped revision number for resource 0f345813-df2d-4c92-8169-600a60628d9d (type: security_group_rules) to 0
2026-06-15 20:15:16.955 10 INFO neutron.db.ovn_revision_numbers_db [None req-53dc392a-ede7-47f8-9935-92a88cd62f7e 1a7bfbcc99f147ebb9941d3786225d3a 3f58fa161a4143a18370d34b7ba0f89a - - default default] Successfully bumped revision number for resource 690b3348-2592-40bd-93b0-9e0080a9965b (type: security_group_rules) to 0
2026-06-15 20:15:16.966 10 INFO neutron.db.ovn_revision_numbers_db [None req-53dc392a-ede7-47f8-9935-92a88cd62f7e 1a7bfbcc99f147ebb9941d3786225d3a 3f58fa161a4143a18370d34b7ba0f89a - - default default] Successfully bumped revision number for resource 76a51af7-f0fa-4cfe-8f03-ffc799b85ee3 (type: security_group_rules) to 0
2026-06-15 20:15:16.981 10 INFO neutron.db.ovn_revision_numbers_db [None req-53dc392a-ede7-47f8-9935-92a88cd62f7e 1a7bfbcc99f147ebb9941d3786225d3a 3f58fa161a4143a18370d34b7ba0f89a - - default default] Successfully bumped revision number for resource d8494ca7-9f58-4f27-96ad-e2718313e1c0 (type: security_group_rules) to 0
2026-06-15 20:15:17.016 10 INFO neutron.api.wsgi [None req-53dc392a-ede7-47f8-9935-92a88cd62f7e 1a7bfbcc99f147ebb9941d3786225d3a 3f58fa161a4143a18370d34b7ba0f89a - - default default] 10.0.0.129 "GET /v2.0/security-groups?tenant_id=77400b67bb0c4eda9acb8ad3483c4101&name=default HTTP/1.1" status: 200 len: 3120 time: 0.4246392
2026-06-15 20:15:17.223 10 INFO neutron.api.wsgi [None req-5c9a764b-bb32-44dd-934d-3f4606c961e9 1a7bfbcc99f147ebb9941d3786225d3a 3f58fa161a4143a18370d34b7ba0f89a - - default default] 10.0.0.129 "DELETE /v2.0/security-groups/4da49a75-d25d-4417-ad62-259b9491adc1 HTTP/1.1" status: 204 len: 168 time: 0.1998174
2026-06-15 20:15:17.261 10 INFO neutron.api.wsgi [req-4b61ffa1-266a-48e1-ac9e-a938b77c9721 req-a6be266e-b373-465e-97e4-f62807237350 942487f5261f4ba996abd2b43250beff 3e6a69f0a750474e96c60d0268000ab9 - - default default] 10.0.0.66 "GET /v2.0/ports?device_id=18772821-6835-4d1f-890f-fc3775e9c9fc HTTP/1.1" status: 200 len: 1168 time: 0.0363817
2026-06-15 20:15:17.294 10 INFO neutron.api.wsgi [req-4b61ffa1-266a-48e1-ac9e-a938b77c9721 req-b7703723-3e97-427f-a391-4cb9f0770067 942487f5261f4ba996abd2b43250beff 3e6a69f0a750474e96c60d0268000ab9 - - default default] 10.0.0.66 "GET /v2.0/security-groups?id=371ad803-20a0-401b-8401-fb1f101531b4&fields=id&fields=name HTTP/1.1" status: 200 len: 313 time: 0.0275571 /var/lib/openstack/lib/python3.12/site-packages/pycadf/identifier.py:71: UserWarning: Invalid uuid: neutron. To ensure interoperability, identifiers should be a valid uuid. warnings.warn(('Invalid uuid: %s. To ensure interoperability, '
2026-06-15 20:15:17.582 9 INFO neutron.api.wsgi [None req-d5ab5834-6de5-48ee-8aad-a6c18a802959 8b2be51bdd224a23a5b16a504ca85391 a5fc87afeb804beba88d0b3172c93f54 - - default default] 10.0.0.129 "DELETE /v2.0/security-groups/2d9ceb67-0d4f-40fd-92f1-4c465c588c52 HTTP/1.1" status: 204 len: 168 time: 0.1350923
2026-06-15 20:15:17.593 9 INFO neutron.api.v2.resource [None req-f61b1a31-92b3-4ec9-b681-442678eb7904 8b2be51bdd224a23a5b16a504ca85391 a5fc87afeb804beba88d0b3172c93f54 - - default default] show failed (client error): The resource could not be found.
2026-06-15 20:15:17.594 9 INFO neutron.api.wsgi [None req-f61b1a31-92b3-4ec9-b681-442678eb7904 8b2be51bdd224a23a5b16a504ca85391 a5fc87afeb804beba88d0b3172c93f54 - - default default] 10.0.0.129 "GET /v2.0/security-groups/2d9ceb67-0d4f-40fd-92f1-4c465c588c52 HTTP/1.1" status: 404 len: 347 time: 0.0080836
2026-06-15 20:15:17.830 10 INFO neutron.api.wsgi [req-18fbaf03-83fd-4609-9c68-d59d10a65acb req-3102a80c-8376-459c-bf9b-e71dc5ab1b15 942487f5261f4ba996abd2b43250beff 3e6a69f0a750474e96c60d0268000ab9 - - default default] 199.19.213.159 "GET /v2.0/ports?device_id=18772821-6835-4d1f-890f-fc3775e9c9fc HTTP/1.1" status: 200 len: 1168 time: 0.0317945
2026-06-15 20:15:17.859 9 INFO neutron.api.wsgi [None req-94cf3f9d-7603-4f52-8196-9301b1e64baa 8b2be51bdd224a23a5b16a504ca85391 a5fc87afeb804beba88d0b3172c93f54 - - default default] 10.0.0.129 "DELETE /v2.0/floatingips/ed2e5e61-36cf-41c5-8ff7-bf25e78b16be HTTP/1.1" status: 204 len: 168 time: 0.2614827
2026-06-15 20:15:18.002 9 INFO neutron.api.wsgi [None req-70e0fcc8-13f2-4018-ada5-42291326e2f8 8b2be51bdd224a23a5b16a504ca85391 a5fc87afeb804beba88d0b3172c93f54 - - default default] 10.0.0.129 "DELETE /v2.0/security-groups/efc6b02b-8746-4010-be4c-9119e528233a HTTP/1.1" status: 204 len: 168 time: 0.1370282
2026-06-15 20:15:18.098 10 INFO neutron.api.wsgi [req-18fbaf03-83fd-4609-9c68-d59d10a65acb req-5bec9421-3c79-409a-a061-26df918558eb 942487f5261f4ba996abd2b43250beff 3e6a69f0a750474e96c60d0268000ab9 - - default default] 199.19.213.159 "DELETE /v2.0/ports/c8d898f8-e1a7-478b-a48b-3891451b20a5 HTTP/1.1" status: 204 len: 173 time: 0.2635705
2026-06-15 20:15:18.123 10 INFO neutron.notifiers.nova [-] Nova event matching ['req-8887bb2d-06db-4501-8bea-3148645ca460'] response: {'server_uuid': '18772821-6835-4d1f-890f-fc3775e9c9fc', 'name': 'network-vif-deleted', 'tag': 'c8d898f8-e1a7-478b-a48b-3891451b20a5', 'status': 'completed', 'code': 200}
2026-06-15 20:15:18.221 9 INFO neutron.api.wsgi [-] 10.0.0.188 "GET / HTTP/1.1" status: 200 len: 246 time: 0.0014584
2026-06-15 20:15:18.224 10 INFO neutron.api.wsgi [-] 10.0.0.188 "GET / HTTP/1.1" status: 200 len: 246 time: 0.0031159
2026-06-15 20:15:18.371 10 INFO neutron.api.wsgi [req-05ce2e99-73fb-4634-80da-eab3aba4fdf9 req-ebdaf139-2a1d-4b7e-a273-5d93ce61c9f6 942487f5261f4ba996abd2b43250beff 3e6a69f0a750474e96c60d0268000ab9 - - default default] 10.0.0.66 "GET /v2.0/ports?device_id=18772821-6835-4d1f-890f-fc3775e9c9fc HTTP/1.1" status: 200 len: 210 time: 0.0184517
2026-06-15 20:15:18.591 9 WARNING neutron_lib.context [None req-014015ba-aaee-4b53-9aff-ff41ec824997 a2cef6b90278413a8e022a19fea3be38 ba03d691f1134f03b36b55a78d378078 - - default default] Method 'is_advsvc' is deprecated since 2023.2 release (neutron-lib 3.8.0) and will be removed once support for the old RBAC API policies will be removed from Neutron. Please use method 'is_service_role' instead.
2026-06-15 20:15:18.768 9 INFO neutron.notifiers.nova [-] Nova event matching ['req-3a47ef5f-838f-4d1e-b759-6d6a5d8a2736'] response: {'server_uuid': '18772821-6835-4d1f-890f-fc3775e9c9fc', 'name': 'network-vif-unplugged', 'status': 'completed', 'tag': 'c8d898f8-e1a7-478b-a48b-3891451b20a5', 'code': 200}
2026-06-15 20:15:18.875 9 INFO neutron.api.wsgi [None req-a394b10b-84d3-4245-a99a-d1131b651b0e f015a901c51d44cbb8f9b41e631e9e81 feaf1d98322245d9af69a178b5f0b756 - - default default] 10.0.0.129 "GET /v2.0/extensions HTTP/1.1" status: 200 len: 19293 time: 0.0315256
2026-06-15 20:15:18.885 9 WARNING neutron.scheduler.dhcp_agent_scheduler [None req-014015ba-aaee-4b53-9aff-ff41ec824997 a2cef6b90278413a8e022a19fea3be38 ba03d691f1134f03b36b55a78d378078 - - default default] No more DHCP agents
2026-06-15 20:15:18.887 10 INFO neutron.api.wsgi [None req-64b99a60-5b77-40f7-8d1a-3c708d8cc778 f015a901c51d44cbb8f9b41e631e9e81 feaf1d98322245d9af69a178b5f0b756 - - default default] 10.0.0.129 "GET /v2.0/extensions/address-group HTTP/1.1" status: 200 len: 353 time: 0.0064940
2026-06-15 20:15:18.887 9 WARNING neutron.api.rpc.agentnotifiers.dhcp_rpc_agent_api [None req-014015ba-aaee-4b53-9aff-ff41ec824997 a2cef6b90278413a8e022a19fea3be38 ba03d691f1134f03b36b55a78d378078 - - default default] Unable to schedule network dbcb6816-2d1c-4dec-8158-9762bf8ff873: no agents available; will retry on subsequent port and subnet creation events.
2026-06-15 20:15:18.897 9 INFO neutron.api.wsgi [None req-a096cf53-71b4-4ef8-b9d6-07a35093fb75 f015a901c51d44cbb8f9b41e631e9e81 feaf1d98322245d9af69a178b5f0b756 - - default default] 10.0.0.129 "GET /v2.0/extensions/address-scope HTTP/1.1" status: 200 len: 357 time: 0.0064104
2026-06-15 20:15:18.906 9 INFO neutron.api.wsgi [None req-cf23733d-d791-4707-a68e-395417e96f7e f015a901c51d44cbb8f9b41e631e9e81 feaf1d98322245d9af69a178b5f0b756 - - default default] 10.0.0.129 "GET /v2.0/extensions/agent HTTP/1.1" status: 200 len: 347 time: 0.0036595
2026-06-15 20:15:18.916 10 INFO neutron.api.wsgi [None req-690ed3a3-3558-45b8-8c52-d157e6ac5c3a f015a901c51d44cbb8f9b41e631e9e81 feaf1d98322245d9af69a178b5f0b756 - - default default] 10.0.0.129 "GET /v2.0/extensions/allowed-address-pairs HTTP/1.1" status: 200 len: 378 time: 0.0060093
2026-06-15 20:15:18.924 10 INFO neutron.api.wsgi [None req-21ac80d4-79e6-429b-9b82-c26e5b38a046 f015a901c51d44cbb8f9b41e631e9e81 feaf1d98322245d9af69a178b5f0b756 - - default default] 10.0.0.129 "GET /v2.0/extensions/auto-allocated-topology HTTP/1.1" status: 200 len: 394 time: 0.0028079
2026-06-15 20:15:18.935 10 INFO neutron.api.wsgi [None req-2709833d-98b3-4a2d-a4fe-db068e69a3f2 f015a901c51d44cbb8f9b41e631e9e81 feaf1d98322245d9af69a178b5f0b756 - - default default] 10.0.0.129 "GET /v2.0/extensions/availability_zone HTTP/1.1" status: 200 len: 372 time: 0.0064976
2026-06-15 20:15:18.942 10 INFO neutron.api.wsgi [None req-de167bfb-d2d9-42f4-b9cf-47b3658a30eb f015a901c51d44cbb8f9b41e631e9e81 feaf1d98322245d9af69a178b5f0b756 - - default default] 10.0.0.129 "GET /v2.0/extensions/default-subnetpools HTTP/1.1" status: 200 len: 405 time: 0.0038378
2026-06-15 20:15:18.950 10 INFO neutron.api.wsgi [None req-306de0d8-c60a-4b14-a594-f90093976dd8 f015a901c51d44cbb8f9b41e631e9e81 feaf1d98322245d9af69a178b5f0b756 - - default default] 10.0.0.129 "GET /v2.0/extensions/dhcp_agent_scheduler HTTP/1.1" status: 200 len: 381 time: 0.0037885
2026-06-15 20:15:18.956 10 INFO neutron.api.wsgi [None req-c70cac73-8126-4b9d-8d5a-752e0f8e266a f015a901c51d44cbb8f9b41e631e9e81 feaf1d98322245d9af69a178b5f0b756 - - default default] 10.0.0.129 "GET /v2.0/extensions/dns-integration HTTP/1.1" status: 200 len: 366 time: 0.0037973
2026-06-15 20:15:18.965 10 INFO neutron.api.wsgi [None req-0477dc41-24d3-413f-a9d1-16e5fbe850da f015a901c51d44cbb8f9b41e631e9e81 feaf1d98322245d9af69a178b5f0b756 - - default default] 10.0.0.129 "GET /v2.0/extensions/dns-domain-ports HTTP/1.1" status: 200 len: 399 time: 0.0059056
2026-06-15 20:15:18.973 10 INFO neutron.api.wsgi [None req-993852a4-5da4-42bd-b150-46daf4f8ad41 f015a901c51d44cbb8f9b41e631e9e81 feaf1d98322245d9af69a178b5f0b756 - - default default] 10.0.0.129 "GET /v2.0/extensions/dns-integration-domain-keywords HTTP/1.1" status: 200 len: 477 time: 0.0037227
2026-06-15 20:15:18.981 10 INFO neutron.api.wsgi [None req-43be0d4a-bde5-44e7-9271-c37fd97bd9d1 f015a901c51d44cbb8f9b41e631e9e81 feaf1d98322245d9af69a178b5f0b756 - - default default] 10.0.0.129 "GET /v2.0/extensions/empty-string-filtering HTTP/1.1" status: 200 len: 413 time: 0.0046771
2026-06-15 20:15:18.988 10 INFO neutron.api.wsgi [None req-a7ae0e42-40d3-4fa9-a344-5bf6ed310292 f015a901c51d44cbb8f9b41e631e9e81 feaf1d98322245d9af69a178b5f0b756 - - default default] 10.0.0.129 "GET /v2.0/extensions/external-net HTTP/1.1" status: 200 len: 394 time: 0.0036790
2026-06-15 20:15:18.995 10 INFO neutron.api.wsgi [None req-10d7511a-54e1-4f96-87cf-c223622070ea f015a901c51d44cbb8f9b41e631e9e81 feaf1d98322245d9af69a178b5f0b756 - - default default] 10.0.0.129 "GET /v2.0/extensions/extra_dhcp_opt HTTP/1.1" status: 200 len: 498 time: 0.0039766
2026-06-15 20:15:19.004 10 INFO neutron.api.wsgi [None req-dcec750a-dc66-40d3-a586-173bcba43254 f015a901c51d44cbb8f9b41e631e9e81 feaf1d98322245d9af69a178b5f0b756 - - default default] 10.0.0.129 "GET /v2.0/extensions/extraroute HTTP/1.1" status: 200 len: 375 time: 0.0037582
2026-06-15 20:15:19.011 10 INFO neutron.api.wsgi [None req-3632c3bd-d569-46bb-b210-1d16578936a5 f015a901c51d44cbb8f9b41e631e9e81 feaf1d98322245d9af69a178b5f0b756 - - default default] 10.0.0.129 "GET /v2.0/extensions/floating-ip-port-forwarding-detail HTTP/1.1" status: 200 len: 465 time: 0.0038710
2026-06-15 20:15:19.018 10 INFO neutron.api.wsgi [None req-9819e9fe-93d1-4dd9-aa1f-e98965fd23e9 f015a901c51d44cbb8f9b41e631e9e81 feaf1d98322245d9af69a178b5f0b756 - - default default] 10.0.0.129 "GET /v2.0/extensions/fip-port-details HTTP/1.1" status: 200 len: 406 time: 0.0036178
2026-06-15 20:15:19.025 10 INFO neutron.api.wsgi [None req-cc0dbfaf-9872-4948-a685-c36f55a606f0 f015a901c51d44cbb8f9b41e631e9e81 feaf1d98322245d9af69a178b5f0b756 - - default default] 10.0.0.129 "GET /v2.0/extensions/flavors HTTP/1.1" status: 200 len: 387 time: 0.0039115
2026-06-15 20:15:19.032 9 INFO neutron.api.wsgi [None req-a6f0fcb0-dce3-43dd-8d65-752706370d7a f015a901c51d44cbb8f9b41e631e9e81 feaf1d98322245d9af69a178b5f0b756 - - default default] 10.0.0.129 "GET /v2.0/extensions/floatingip-pools HTTP/1.1" status: 200 len: 382 time: 0.0043988
2026-06-15 20:15:19.039 10 INFO neutron.api.wsgi [None req-3f55504e-34ea-4b20-8089-4e309014593e f015a901c51d44cbb8f9b41e631e9e81 feaf1d98322245d9af69a178b5f0b756 - - default default] 10.0.0.129 "GET /v2.0/extensions/ip_allocation HTTP/1.1" status: 200 len: 356 time: 0.0042751
2026-06-15 20:15:19.047 10 INFO neutron.api.wsgi [None req-aee93d3d-11aa-40f2-899f-295af5ccf18a f015a901c51d44cbb8f9b41e631e9e81 feaf1d98322245d9af69a178b5f0b756 - - default default] 10.0.0.129 "GET /v2.0/extensions/l2_adjacency HTTP/1.1" status: 200 len: 372 time: 0.0049036
2026-06-15 20:15:19.054 10 INFO neutron.api.wsgi [None req-6d83f07e-ec76-4f5b-ae15-ef8e99a129f5 f015a901c51d44cbb8f9b41e631e9e81 feaf1d98322245d9af69a178b5f0b756 - - default default] 10.0.0.129 "GET /v2.0/extensions/router HTTP/1.1" status: 200 len: 450 time: 0.0036829
2026-06-15 20:15:19.060 10 INFO neutron.api.wsgi [None req-3a7517d2-74ed-4ded-8082-7acb09bca677 f015a901c51d44cbb8f9b41e631e9e81 feaf1d98322245d9af69a178b5f0b756 - - default default] 10.0.0.129 "GET /v2.0/extensions/enable-default-route-bfd HTTP/1.1" status: 200 len: 406 time: 0.0041065
2026-06-15 20:15:19.067 10 INFO neutron.api.wsgi [None req-27c37dd6-eacb-40eb-8885-c157044b16a7 f015a901c51d44cbb8f9b41e631e9e81 feaf1d98322245d9af69a178b5f0b756 - - default default] 10.0.0.129 "GET /v2.0/extensions/enable-default-route-ecmp HTTP/1.1" status: 200 len: 409 time: 0.0037620
2026-06-15 20:15:19.073 10 INFO neutron.api.wsgi [None req-0751f3e0-6a48-46c4-9f1a-3b0c5333e42d f015a901c51d44cbb8f9b41e631e9e81 feaf1d98322245d9af69a178b5f0b756 - - default default] 10.0.0.129 "GET /v2.0/extensions/ext-gw-mode HTTP/1.1" status: 200 len: 462 time: 0.0037272
2026-06-15 20:15:19.080 10 INFO neutron.api.wsgi [None req-892ec258-3fe1-4926-a605-d26bbfa37179 f015a901c51d44cbb8f9b41e631e9e81 feaf1d98322245d9af69a178b5f0b756 - - default default] 10.0.0.129 "GET /v2.0/extensions/l3-ha HTTP/1.1" status: 200 len: 360 time: 0.0036013
2026-06-15 20:15:19.087 10 INFO neutron.api.wsgi [None req-d758f2d6-b784-4860-b0ef-e74a0b25a59e f015a901c51d44cbb8f9b41e631e9e81 feaf1d98322245d9af69a178b5f0b756 - - default default] 10.0.0.129 "GET /v2.0/extensions/external-gateway-multihoming HTTP/1.1" status: 200 len: 421 time: 0.0039918
2026-06-15 20:15:19.094 10 INFO neutron.api.wsgi [None req-d3c71e18-5936-47ab-9280-e6c9090b5db6 f015a901c51d44cbb8f9b41e631e9e81 feaf1d98322245d9af69a178b5f0b756 - - default default] 10.0.0.129 "GET /v2.0/extensions/l3-flavors HTTP/1.1" status: 200 len: 366 time: 0.0034902
2026-06-15 20:15:19.101 10 INFO neutron.api.wsgi [None req-afd1b43c-0367-4acb-a7e6-0b461b63651c f015a901c51d44cbb8f9b41e631e9e81 feaf1d98322245d9af69a178b5f0b756 - - default default] 10.0.0.129 "GET /v2.0/extensions/logging HTTP/1.1" status: 200 len: 407 time: 0.0034783
2026-06-15 20:15:19.108 10 INFO neutron.api.wsgi [None req-6f151894-f4c1-4c1e-b8b4-8f069cfac322 f015a901c51d44cbb8f9b41e631e9e81 feaf1d98322245d9af69a178b5f0b756 - - default default] 10.0.0.129 "GET /v2.0/extensions/multi-provider HTTP/1.1" status: 200 len: 406 time: 0.0035677
2026-06-15 20:15:19.116 10 INFO neutron.api.wsgi [None req-ddf23e0b-a93a-4e77-be27-1acc9c320247 f015a901c51d44cbb8f9b41e631e9e81 feaf1d98322245d9af69a178b5f0b756 - - default default] 10.0.0.129 "GET /v2.0/extensions/net-mtu HTTP/1.1" status: 200 len: 370 time: 0.0041084
2026-06-15 20:15:19.125 10 INFO neutron.api.wsgi [None req-c1326ce3-9598-4ade-a93f-d729b1bf941e f015a901c51d44cbb8f9b41e631e9e81 feaf1d98322245d9af69a178b5f0b756 - - default default] 10.0.0.129 "GET /v2.0/extensions/net-mtu-writable HTTP/1.1" status: 200 len: 401 time: 0.0039446
2026-06-15 20:15:19.131 10 INFO neutron.api.wsgi [None req-2f91fd54-e284-4a93-bb00-819636dc9926 f015a901c51d44cbb8f9b41e631e9e81 feaf1d98322245d9af69a178b5f0b756 - - default default] 10.0.0.129 "GET /v2.0/extensions/network_availability_zone HTTP/1.1" status: 200 len: 394 time: 0.0034933
2026-06-15 20:15:19.138 10 INFO neutron.api.wsgi [None req-7eb8fa02-3d2a-4b4c-85f3-8750e2cd254c f015a901c51d44cbb8f9b41e631e9e81 feaf1d98322245d9af69a178b5f0b756 - - default default] 10.0.0.129 "GET /v2.0/extensions/network-ip-availability HTTP/1.1" status: 200 len: 410 time: 0.0033693
2026-06-15 20:15:19.144 10 INFO neutron.api.wsgi [None req-dbff3f63-ed37-4046-ada2-6b026c6dd916 f015a901c51d44cbb8f9b41e631e9e81 feaf1d98322245d9af69a178b5f0b756 - - default default] 10.0.0.129 "GET /v2.0/extensions/pagination HTTP/1.1" status: 200 len: 386 time: 0.0038960
2026-06-15 20:15:19.152 10 INFO neutron.api.wsgi [None req-3021ae81-7a22-4e36-9d5c-1f15dde06ee0 f015a901c51d44cbb8f9b41e631e9e81 feaf1d98322245d9af69a178b5f0b756 - - default default] 10.0.0.129 "GET /v2.0/extensions/port-device-profile HTTP/1.1" status: 200 len: 383 time: 0.0038738
2026-06-15 20:15:19.155 9 INFO neutron.api.wsgi [None req-baa9b7e8-fbf2-4822-8614-50e41489a73e 1a7bfbcc99f147ebb9941d3786225d3a 3f58fa161a4143a18370d34b7ba0f89a - - default default] 10.0.0.129 "PUT /v2.0/routers/ef0e6c38-9aaa-4a7c-9212-dad8b4866f2d/remove_router_interface HTTP/1.1" status: 200 len: 503 time: 1.1034925
2026-06-15 20:15:19.161 10 INFO neutron.api.wsgi [None req-6a3bd89b-26dc-47b2-ba4f-58116c42bf93 f015a901c51d44cbb8f9b41e631e9e81 feaf1d98322245d9af69a178b5f0b756 - - default default] 10.0.0.129 "GET /v2.0/extensions/port-mac-address-regenerate HTTP/1.1" status: 200 len: 403 time: 0.0041766 /var/lib/openstack/lib/python3.12/site-packages/pycadf/identifier.py:71: UserWarning: Invalid uuid: neutron. To ensure interoperability, identifiers should be a valid uuid. warnings.warn(('Invalid uuid: %s. To ensure interoperability, '
2026-06-15 20:15:19.168 10 INFO neutron.api.wsgi [None req-88ae0a14-a368-44cc-bcd4-cbc7473038e8 f015a901c51d44cbb8f9b41e631e9e81 feaf1d98322245d9af69a178b5f0b756 - - default default] 10.0.0.129 "GET /v2.0/extensions/port-numa-affinity-policy HTTP/1.1" status: 200 len: 392 time: 0.0037639
2026-06-15 20:15:19.175 10 INFO neutron.api.wsgi [None req-8e25783a-8682-4c27-a766-de2be92b2c57 f015a901c51d44cbb8f9b41e631e9e81 feaf1d98322245d9af69a178b5f0b756 - - default default] 10.0.0.129 "GET /v2.0/extensions/port-numa-affinity-policy-socket HTTP/1.1" status: 200 len: 434 time: 0.0041809
2026-06-15 20:15:19.182 10 INFO neutron.api.wsgi [None req-b90f19db-3ed4-442b-a824-39c2f42a94bb f015a901c51d44cbb8f9b41e631e9e81 feaf1d98322245d9af69a178b5f0b756 - - default default] 10.0.0.129 "GET /v2.0/extensions/port-resource-request HTTP/1.1" status: 200 len: 379 time: 0.0039229
2026-06-15 20:15:19.190 10 INFO neutron.api.wsgi [None req-1969f303-2c2c-4bae-a57a-27d0cc356555 f015a901c51d44cbb8f9b41e631e9e81 feaf1d98322245d9af69a178b5f0b756 - - default default] 10.0.0.129 "GET /v2.0/extensions/port-resource-request-groups HTTP/1.1" status: 200 len: 465 time: 0.0039494
2026-06-15 20:15:19.200 10 INFO neutron.api.wsgi [None req-83950f24-23cb-48a4-8969-e02a02a1b939 f015a901c51d44cbb8f9b41e631e9e81 feaf1d98322245d9af69a178b5f0b756 - - default default] 10.0.0.129 "GET /v2.0/extensions/binding HTTP/1.1" status: 200 len: 387 time: 0.0063801
2026-06-15 20:15:19.207 10 INFO neutron.api.wsgi [None req-3db3e14b-8e03-4cf8-ada2-1291386e633c f015a901c51d44cbb8f9b41e631e9e81 feaf1d98322245d9af69a178b5f0b756 - - default default] 10.0.0.129 "GET /v2.0/extensions/binding-extended HTTP/1.1" status: 200 len: 406 time: 0.0034759
2026-06-15 20:15:19.214 10 INFO neutron.api.wsgi [None req-ce118510-d6be-4a2b-abdf-80f8e3c6961f f015a901c51d44cbb8f9b41e631e9e81 feaf1d98322245d9af69a178b5f0b756 - - default default] 10.0.0.129 "GET /v2.0/extensions/port-security HTTP/1.1" status: 200 len: 354 time: 0.0038116
2026-06-15 20:15:19.221 10 INFO neutron.api.wsgi [None req-188ecc00-b899-4b9c-9463-ede28c850bdf f015a901c51d44cbb8f9b41e631e9e81 feaf1d98322245d9af69a178b5f0b756 - - default default] 10.0.0.129 "GET /v2.0/extensions/project-id HTTP/1.1" status: 200 len: 398 time: 0.0039010
2026-06-15 20:15:19.228 10 INFO neutron.api.wsgi [None req-f2328f64-e58a-4eea-90dd-35be56aefd52 f015a901c51d44cbb8f9b41e631e9e81 feaf1d98322245d9af69a178b5f0b756 - - default default] 10.0.0.129 "GET /v2.0/extensions/provider HTTP/1.1" status: 200 len: 385 time: 0.0038066
2026-06-15 20:15:19.236 9 INFO neutron.api.wsgi [None req-46f6cd96-50e6-4d0d-bea5-9ba7e995556e f015a901c51d44cbb8f9b41e631e9e81 feaf1d98322245d9af69a178b5f0b756 - - default default] 10.0.0.129 "GET /v2.0/extensions/qos HTTP/1.1" status: 200 len: 360 time: 0.0042567
2026-06-15 20:15:19.244 10 INFO neutron.api.wsgi [None req-5bd4c9f8-9966-4c7a-b940-842fb928a287 f015a901c51d44cbb8f9b41e631e9e81 feaf1d98322245d9af69a178b5f0b756 - - default default] 10.0.0.129 "GET /v2.0/extensions/qos-bw-limit-direction HTTP/1.1" status: 200 len: 452 time: 0.0049345
2026-06-15 20:15:19.252 10 INFO neutron.api.wsgi [None req-e8653b6b-a2d6-4525-9c34-e96a7f7b9d19 f015a901c51d44cbb8f9b41e631e9e81 feaf1d98322245d9af69a178b5f0b756 - - default default] 10.0.0.129 "GET /v2.0/extensions/qos-bw-minimum-ingress HTTP/1.1" status: 200 len: 445 time: 0.0050778
2026-06-15 20:15:19.260 9 INFO neutron.api.wsgi [None req-014015ba-aaee-4b53-9aff-ff41ec824997 a2cef6b90278413a8e022a19fea3be38 ba03d691f1134f03b36b55a78d378078 - - default default] 10.0.0.129 "POST /v2.0/floatingips HTTP/1.1" status: 201 len: 751 time: 0.8625078
2026-06-15 20:15:19.260 10 INFO neutron.api.wsgi [None req-3d207129-72f0-469f-bca6-c7389699d96f f015a901c51d44cbb8f9b41e631e9e81 feaf1d98322245d9af69a178b5f0b756 - - default default] 10.0.0.129 "GET /v2.0/extensions/qos-default HTTP/1.1" status: 200 len: 377 time: 0.0040572
2026-06-15 20:15:19.271 9 INFO neutron.api.wsgi [None req-e929c75a-85c4-4d12-b1f6-ef9035f0d052 f015a901c51d44cbb8f9b41e631e9e81 feaf1d98322245d9af69a178b5f0b756 - - default default] 10.0.0.129 "GET /v2.0/extensions/qos-fip HTTP/1.1" status: 200 len: 372 time: 0.0035872
2026-06-15 20:15:19.280 9 INFO neutron.api.wsgi [None req-40bfcd7f-1f02-4b58-8437-b52aee901484 f015a901c51d44cbb8f9b41e631e9e81 feaf1d98322245d9af69a178b5f0b756 - - default default] 10.0.0.129 "GET /v2.0/extensions/qos-gateway-ip HTTP/1.1" status: 200 len: 391 time: 0.0055175
2026-06-15 20:15:19.287 9 INFO neutron.api.wsgi [None req-f7f421cd-4bfe-4cb3-9b05-78e8f210de5b f015a901c51d44cbb8f9b41e631e9e81 feaf1d98322245d9af69a178b5f0b756 - - default default] 10.0.0.129 "GET /v2.0/extensions/qos-port-network-policy HTTP/1.1" status: 200 len: 403 time: 0.0029206
2026-06-15 20:15:19.297 9 INFO neutron.api.wsgi [None req-8b348796-216d-4a4a-a4d6-d8dec37df820 f015a901c51d44cbb8f9b41e631e9e81 feaf1d98322245d9af69a178b5f0b756 - - default default] 10.0.0.129 "GET /v2.0/extensions/qos-pps-minimum HTTP/1.1" status: 200 len: 397 time: 0.0028875
2026-06-15 20:15:19.310 10 INFO neutron.api.wsgi [None req-228e780c-4fb9-4b78-b243-c8264f9c46a5 f015a901c51d44cbb8f9b41e631e9e81 feaf1d98322245d9af69a178b5f0b756 - - default default] 10.0.0.129 "GET /v2.0/extensions/qos-pps-minimum-rule-alias HTTP/1.1" status: 200 len: 471 time: 0.0091825
2026-06-15 20:15:19.318 10 INFO neutron.api.wsgi [None req-8a16d2dc-8e9e-4196-8853-bbbf9db8db30 f015a901c51d44cbb8f9b41e631e9e81 feaf1d98322245d9af69a178b5f0b756 - - default default] 10.0.0.129 "GET /v2.0/extensions/qos-pps HTTP/1.1" status: 200 len: 389 time: 0.0036750
2026-06-15 20:15:19.324 10 INFO neutron.api.wsgi [None req-74b3f264-e162-4b39-a907-55f9ffaffb22 f015a901c51d44cbb8f9b41e631e9e81 feaf1d98322245d9af69a178b5f0b756 - - default default] 10.0.0.129 "GET /v2.0/extensions/qos-rule-type-details HTTP/1.1" status: 200 len: 423 time: 0.0031247
2026-06-15 20:15:19.326 10 INFO neutron.api.wsgi [None req-d5cdb188-44b5-4b6c-b7b0-e1fa7050cb4e a2cef6b90278413a8e022a19fea3be38 ba03d691f1134f03b36b55a78d378078 - - default default] 10.0.0.129 "PUT /v2.0/floatingips/fcfb6f10-1b74-44a6-a0e1-b784b8673133/tags HTTP/1.1" status: 200 len: 218 time: 0.0598617
2026-06-15 20:15:19.330 10 INFO neutron.api.wsgi [None req-87f60e3d-d99d-45ca-981d-eca25137eeb3 f015a901c51d44cbb8f9b41e631e9e81 feaf1d98322245d9af69a178b5f0b756 - - default default] 10.0.0.129 "GET /v2.0/extensions/qos-rule-type-filter HTTP/1.1" status: 200 len: 567 time: 0.0027957
2026-06-15 20:15:19.338 10 INFO neutron.api.wsgi [None req-e42dc891-7e15-481f-87f3-b74371f1ebfd f015a901c51d44cbb8f9b41e631e9e81 feaf1d98322245d9af69a178b5f0b756 - - default default] 10.0.0.129 "GET /v2.0/extensions/qos-rules-alias HTTP/1.1" status: 200 len: 448 time: 0.0032964
2026-06-15 20:15:19.346 9 INFO neutron.api.wsgi [None req-3d9e60b9-1d3c-42c1-87c6-6bc51c2858e7 f015a901c51d44cbb8f9b41e631e9e81 feaf1d98322245d9af69a178b5f0b756 - - default default] 10.0.0.129 "GET /v2.0/extensions/quota-check-limit HTTP/1.1" status: 200 len: 420 time: 0.0056932
2026-06-15 20:15:19.351 10 INFO neutron.api.wsgi [None req-939efcda-e174-48e4-a753-6c7b9bb17730 a2cef6b90278413a8e022a19fea3be38 ba03d691f1134f03b36b55a78d378078 - - default default] 10.0.0.129 "GET /v2.0/floatingips/fcfb6f10-1b74-44a6-a0e1-b784b8673133/tags HTTP/1.1" status: 200 len: 218 time: 0.0193286
2026-06-15 20:15:19.354 9 INFO neutron.api.wsgi [None req-ba17ac30-f887-4916-97cc-0239128f01d0 f015a901c51d44cbb8f9b41e631e9e81 feaf1d98322245d9af69a178b5f0b756 - - default default] 10.0.0.129 "GET /v2.0/extensions/quotas HTTP/1.1" status: 200 len: 386 time: 0.0034697
2026-06-15 20:15:19.362 9 INFO neutron.api.wsgi [None req-a3be6d8d-99e9-4238-89bd-6db3ac549f34 f015a901c51d44cbb8f9b41e631e9e81 feaf1d98322245d9af69a178b5f0b756 - - default default] 10.0.0.129 "GET /v2.0/extensions/quota_details HTTP/1.1" status: 200 len: 407 time: 0.0047295
2026-06-15 20:15:19.372 10 INFO neutron.api.wsgi [None req-a291bdf5-f653-4dbf-b310-da9f9d334495 f015a901c51d44cbb8f9b41e631e9e81 feaf1d98322245d9af69a178b5f0b756 - - default default] 10.0.0.129 "GET /v2.0/extensions/rbac-policies HTTP/1.1" status: 200 len: 417 time: 0.0080979
2026-06-15 20:15:19.379 10 INFO neutron.api.wsgi [None req-33a7b7d3-f49f-49b8-8c28-54525a0ed29a f015a901c51d44cbb8f9b41e631e9e81 feaf1d98322245d9af69a178b5f0b756 - - default default] 10.0.0.129 "GET /v2.0/extensions/rbac-address-scope HTTP/1.1" status: 200 len: 384 time: 0.0028219
2026-06-15 20:15:19.387 10 INFO neutron.api.wsgi [None req-817932c2-4c27-4bb9-adf9-c1b74d59e2c1 f015a901c51d44cbb8f9b41e631e9e81 feaf1d98322245d9af69a178b5f0b756 - - default default] 10.0.0.129 "GET /v2.0/extensions/rbac-security-groups HTTP/1.1" status: 200 len: 404 time: 0.0045319
2026-06-15 20:15:19.395 9 INFO neutron.api.wsgi [None req-ba39ed0a-926f-4635-9c3f-d34c3bddf97e f015a901c51d44cbb8f9b41e631e9e81 feaf1d98322245d9af69a178b5f0b756 - - default default] 10.0.0.129 "GET /v2.0/extensions/revision-if-match HTTP/1.1" status: 200 len: 441 time: 0.0041449
2026-06-15 20:15:19.396 10 INFO neutron.api.wsgi [None req-a151717c-430e-4ddd-8962-946dd65a206f a2cef6b90278413a8e022a19fea3be38 ba03d691f1134f03b36b55a78d378078 - - default default] 10.0.0.129 "PUT /v2.0/floatingips/fcfb6f10-1b74-44a6-a0e1-b784b8673133/tags/green HTTP/1.1" status: 201 len: 201 time: 0.0408151
2026-06-15 20:15:19.403 10 INFO neutron.api.wsgi [None req-d26cbaaf-566b-459b-b0ae-c4e9387fc99c f015a901c51d44cbb8f9b41e631e9e81 feaf1d98322245d9af69a178b5f0b756 - - default default] 10.0.0.129 "GET /v2.0/extensions/standard-attr-revisions HTTP/1.1" status: 200 len: 423 time: 0.0038881
2026-06-15 20:15:19.410 10 INFO neutron.api.wsgi [None req-f6c0d47c-54af-4305-b860-dc45eded5bde f015a901c51d44cbb8f9b41e631e9e81 feaf1d98322245d9af69a178b5f0b756 - - default default] 10.0.0.129 "GET /v2.0/extensions/router_availability_zone HTTP/1.1" status: 200 len: 391 time: 0.0038650
2026-06-15 20:15:19.420 10 INFO neutron.api.wsgi [None req-43f31e28-9452-42ab-bf15-18923932e306 f015a901c51d44cbb8f9b41e631e9e81 feaf1d98322245d9af69a178b5f0b756 - - default default] 10.0.0.129 "GET /v2.0/extensions/security-groups-default-rules HTTP/1.1" status: 200 len: 456 time: 0.0073004
2026-06-15 20:15:19.427 10 INFO neutron.api.wsgi [None req-b48d041b-807c-4ea8-bca1-1b758600130d f015a901c51d44cbb8f9b41e631e9e81 feaf1d98322245d9af69a178b5f0b756 - - default default] 10.0.0.129 "GET /v2.0/extensions/security-groups-normalized-cidr HTTP/1.1" status: 200 len: 445 time: 0.0037634
2026-06-15 20:15:19.436 10 INFO neutron.api.wsgi [None req-f174155e-3795-4365-8959-5b598f10e3a0 f015a901c51d44cbb8f9b41e631e9e81 feaf1d98322245d9af69a178b5f0b756 - - default default] 10.0.0.129 "GET /v2.0/extensions/security-groups-remote-address-group HTTP/1.1" status: 200 len: 448 time: 0.0040638
2026-06-15 20:15:19.448 10 INFO neutron.api.wsgi [None req-a5ddcf27-f053-4831-9f35-a79d19a709b0 f015a901c51d44cbb8f9b41e631e9e81 feaf1d98322245d9af69a178b5f0b756 - - default default] 10.0.0.129 "GET /v2.0/extensions/security-groups-rules-belongs-to-default-sg HTTP/1.1" status: 200 len: 508 time: 0.0047085
2026-06-15 20:15:19.456 10 INFO neutron.api.wsgi [None req-0c3b31d8-44ff-405b-9505-f70d85a56e12 f015a901c51d44cbb8f9b41e631e9e81 feaf1d98322245d9af69a178b5f0b756 - - default default] 10.0.0.129 "GET /v2.0/extensions/security-groups-shared-filtering HTTP/1.1" status: 200 len: 435 time: 0.0030541
