2026-06-15 20:13:08.675 10 INFO neutron.api.wsgi [None req-5be9aea1-18ae-4dca-8d99-e69b2d82f8fb 801a359906014d678d6f6dd377b84e17 be4550a14a3343b698d01e377cd789d9 - - default default] 10.0.0.129 "POST /v2.0/ports HTTP/1.1" status: 201 len: 1154 time: 0.4712412 /var/lib/openstack/lib/python3.12/site-packages/pycadf/identifier.py:71: UserWarning: Invalid uuid: neutron. To ensure interoperability, identifiers should be a valid uuid. warnings.warn(('Invalid uuid: %s. To ensure interoperability, '
2026-06-15 20:13:08.688 10 WARNING neutron_lib.context [None req-1a206265-eb15-4bc3-9f22-b8613c007fd8 801a359906014d678d6f6dd377b84e17 be4550a14a3343b698d01e377cd789d9 - - default default] Method 'is_advsvc' is deprecated since 2023.2 release (neutron-lib 3.8.0) and will be removed once support for the old RBAC API policies will be removed from Neutron. Please use method 'is_service_role' instead.
2026-06-15 20:13:08.935 10 WARNING neutron.scheduler.dhcp_agent_scheduler [None req-1a206265-eb15-4bc3-9f22-b8613c007fd8 801a359906014d678d6f6dd377b84e17 be4550a14a3343b698d01e377cd789d9 - - default default] No more DHCP agents
2026-06-15 20:13:08.937 10 WARNING neutron.api.rpc.agentnotifiers.dhcp_rpc_agent_api [None req-1a206265-eb15-4bc3-9f22-b8613c007fd8 801a359906014d678d6f6dd377b84e17 be4550a14a3343b698d01e377cd789d9 - - default default] Unable to schedule network dbcb6816-2d1c-4dec-8158-9762bf8ff873: no agents available; will retry on subsequent port and subnet creation events.
2026-06-15 20:13:09.626 10 INFO neutron.db.ovn_revision_numbers_db [None req-1a206265-eb15-4bc3-9f22-b8613c007fd8 801a359906014d678d6f6dd377b84e17 be4550a14a3343b698d01e377cd789d9 - - default default] Successfully bumped revision number for resource 2f003444-9ce1-43cf-94a2-3f32d00797bc (type: floatingips) to -1
2026-06-15 20:13:09.754 10 INFO neutron.db.ovn_revision_numbers_db [None req-1a206265-eb15-4bc3-9f22-b8613c007fd8 801a359906014d678d6f6dd377b84e17 be4550a14a3343b698d01e377cd789d9 - - default default] Successfully bumped revision number for resource 2f003444-9ce1-43cf-94a2-3f32d00797bc (type: floatingips) to 1
2026-06-15 20:13:09.755 10 INFO neutron.db.l3_db [None req-1a206265-eb15-4bc3-9f22-b8613c007fd8 801a359906014d678d6f6dd377b84e17 be4550a14a3343b698d01e377cd789d9 - - default default] Floating IP 2f003444-9ce1-43cf-94a2-3f32d00797bc associated. External IP: 10.96.250.211, port: a8069834-df7b-4b99-b22f-5e2353ef35aa.
2026-06-15 20:13:09.799 10 INFO neutron.api.wsgi [None req-1a206265-eb15-4bc3-9f22-b8613c007fd8 801a359906014d678d6f6dd377b84e17 be4550a14a3343b698d01e377cd789d9 - - default default] 10.0.0.129 "POST /v2.0/floatingips HTTP/1.1" status: 201 len: 1041 time: 1.1155477 /var/lib/openstack/lib/python3.12/site-packages/pycadf/identifier.py:71: UserWarning: Invalid uuid: neutron. To ensure interoperability, identifiers should be a valid uuid. warnings.warn(('Invalid uuid: %s. To ensure interoperability, '
2026-06-15 20:13:09.967 10 INFO neutron.db.ovn_revision_numbers_db [None req-6a9f68a4-48de-4032-b061-82acf2f3d3dd 801a359906014d678d6f6dd377b84e17 be4550a14a3343b698d01e377cd789d9 - - default default] Successfully bumped revision number for resource 2f003444-9ce1-43cf-94a2-3f32d00797bc (type: floatingips) to 2
2026-06-15 20:13:10.011 10 INFO neutron.db.l3_db [None req-6a9f68a4-48de-4032-b061-82acf2f3d3dd 801a359906014d678d6f6dd377b84e17 be4550a14a3343b698d01e377cd789d9 - - default default] Floating IP 2f003444-9ce1-43cf-94a2-3f32d00797bc disassociated. External IP: 10.96.250.211, port: a8069834-df7b-4b99-b22f-5e2353ef35aa.
2026-06-15 20:13:10.036 10 INFO neutron.api.wsgi [None req-6a9f68a4-48de-4032-b061-82acf2f3d3dd 801a359906014d678d6f6dd377b84e17 be4550a14a3343b698d01e377cd789d9 - - default default] 10.0.0.129 "PUT /v2.0/floatingips/2f003444-9ce1-43cf-94a2-3f32d00797bc HTTP/1.1" status: 200 len: 748 time: 0.2321074 /var/lib/openstack/lib/python3.12/site-packages/pycadf/identifier.py:71: UserWarning: Invalid uuid: neutron. To ensure interoperability, identifiers should be a valid uuid. warnings.warn(('Invalid uuid: %s. To ensure interoperability, '
2026-06-15 20:13:10.339 10 INFO neutron.api.wsgi [None req-4fcbbfae-381d-4232-bc5a-63b09051e0ea 801a359906014d678d6f6dd377b84e17 be4550a14a3343b698d01e377cd789d9 - - default default] 10.0.0.129 "DELETE /v2.0/floatingips/2f003444-9ce1-43cf-94a2-3f32d00797bc HTTP/1.1" status: 204 len: 168 time: 0.2912805
2026-06-15 20:13:10.351 10 WARNING neutron_lib.context [None req-9dc3c3d9-3b1a-41cc-81d8-62eb4a032f6d 801a359906014d678d6f6dd377b84e17 be4550a14a3343b698d01e377cd789d9 - - default default] Method 'is_advsvc' is deprecated since 2023.2 release (neutron-lib 3.8.0) and will be removed once support for the old RBAC API policies will be removed from Neutron. Please use method 'is_service_role' instead.
2026-06-15 20:13:10.622 10 WARNING neutron.scheduler.dhcp_agent_scheduler [None req-9dc3c3d9-3b1a-41cc-81d8-62eb4a032f6d 801a359906014d678d6f6dd377b84e17 be4550a14a3343b698d01e377cd789d9 - - default default] No more DHCP agents
2026-06-15 20:13:10.624 10 WARNING neutron.api.rpc.agentnotifiers.dhcp_rpc_agent_api [None req-9dc3c3d9-3b1a-41cc-81d8-62eb4a032f6d 801a359906014d678d6f6dd377b84e17 be4550a14a3343b698d01e377cd789d9 - - default default] Unable to schedule network dbcb6816-2d1c-4dec-8158-9762bf8ff873: no agents available; will retry on subsequent port and subnet creation events.
2026-06-15 20:13:10.680 10 INFO neutron.db.ovn_revision_numbers_db [None req-d99157d3-beae-4148-9a4b-d0802822be3d 1a7bfbcc99f147ebb9941d3786225d3a 3f58fa161a4143a18370d34b7ba0f89a - - default default] Successfully bumped revision number for resource 926b33e7-5978-431d-8efb-69786e4e7fb8 (type: security_groups) to 1
2026-06-15 20:13:10.717 10 INFO neutron.db.ovn_revision_numbers_db [None req-d99157d3-beae-4148-9a4b-d0802822be3d 1a7bfbcc99f147ebb9941d3786225d3a 3f58fa161a4143a18370d34b7ba0f89a - - default default] Successfully bumped revision number for resource 4a03ac10-e144-4fdd-9288-40917b94ff81 (type: security_group_rules) to 0
2026-06-15 20:13:10.731 10 INFO neutron.db.ovn_revision_numbers_db [None req-d99157d3-beae-4148-9a4b-d0802822be3d 1a7bfbcc99f147ebb9941d3786225d3a 3f58fa161a4143a18370d34b7ba0f89a - - default default] Successfully bumped revision number for resource 592ee81c-5a32-46b6-bb17-c303d8345aa9 (type: security_group_rules) to 0
2026-06-15 20:13:10.749 10 INFO neutron.db.ovn_revision_numbers_db [None req-d99157d3-beae-4148-9a4b-d0802822be3d 1a7bfbcc99f147ebb9941d3786225d3a 3f58fa161a4143a18370d34b7ba0f89a - - default default] Successfully bumped revision number for resource 74657021-5fa6-4918-b5db-05b87f6a2734 (type: security_group_rules) to 0
2026-06-15 20:13:10.765 10 INFO neutron.db.ovn_revision_numbers_db [None req-d99157d3-beae-4148-9a4b-d0802822be3d 1a7bfbcc99f147ebb9941d3786225d3a 3f58fa161a4143a18370d34b7ba0f89a - - default default] Successfully bumped revision number for resource fc044109-ac5b-4efa-b4e9-0087c028c720 (type: security_group_rules) to 0
2026-06-15 20:13:10.831 10 INFO neutron.api.wsgi [None req-d99157d3-beae-4148-9a4b-d0802822be3d 1a7bfbcc99f147ebb9941d3786225d3a 3f58fa161a4143a18370d34b7ba0f89a - - default default] 10.0.0.129 "GET /v2.0/security-groups?tenant_id=b2db19e32ebe460b9aa4775b20e30c63&name=default HTTP/1.1" status: 200 len: 3120 time: 0.4592724
2026-06-15 20:13:11.082 10 INFO neutron.api.wsgi [None req-da7c70c0-a22b-4c74-bfb4-b436cf0eb8e6 1a7bfbcc99f147ebb9941d3786225d3a 3f58fa161a4143a18370d34b7ba0f89a - - default default] 10.0.0.129 "DELETE /v2.0/security-groups/926b33e7-5978-431d-8efb-69786e4e7fb8 HTTP/1.1" status: 204 len: 168 time: 0.2442746 /var/lib/openstack/lib/python3.12/site-packages/pycadf/identifier.py:71: UserWarning: Invalid uuid: neutron. To ensure interoperability, identifiers should be a valid uuid. warnings.warn(('Invalid uuid: %s. To ensure interoperability, '
2026-06-15 20:13:11.311 9 WARNING neutron.plugins.ml2.drivers.ovn.mech_driver.ovsdb.ovn_client [None req-6b2bdd06-3315-4d2b-b86c-c3aa0c1e9348 - - - - - -] No hosting information found for port 71492197-0ee5-4539-a0bf-168235443d80: RuntimeError: No hosting information found for port 71492197-0ee5-4539-a0bf-168235443d80
2026-06-15 20:13:11.312 9 INFO neutron.plugins.ml2.drivers.ovn.mech_driver.mech_driver [None req-6b2bdd06-3315-4d2b-b86c-c3aa0c1e9348 - - - - - -] OVN reports status up for port: 2cc16e56-dc10-4f50-a95b-0b26127f67f6
2026-06-15 20:13:11.317 9 INFO neutron.db.ovn_revision_numbers_db [None req-9cf0bdb5-e32b-438c-92e4-cb651dba4527 1a7bfbcc99f147ebb9941d3786225d3a 3f58fa161a4143a18370d34b7ba0f89a - - default default] Successfully bumped revision number for resource 501c0dbc-3cc9-4ca2-a020-2141b01fc7ba (type: security_groups) to 1
2026-06-15 20:13:11.329 9 INFO neutron.db.ovn_revision_numbers_db [None req-9cf0bdb5-e32b-438c-92e4-cb651dba4527 1a7bfbcc99f147ebb9941d3786225d3a 3f58fa161a4143a18370d34b7ba0f89a - - default default] Successfully bumped revision number for resource 279e58f5-b274-4977-bcea-82c85a0089df (type: security_group_rules) to 0
2026-06-15 20:13:11.333 9 INFO neutron.plugins.ml2.plugin [None req-6b2bdd06-3315-4d2b-b86c-c3aa0c1e9348 - - - - - -] Attempt 1 to provision port 2cc16e56-dc10-4f50-a95b-0b26127f67f6
2026-06-15 20:13:11.347 9 INFO neutron.db.ovn_revision_numbers_db [None req-9cf0bdb5-e32b-438c-92e4-cb651dba4527 1a7bfbcc99f147ebb9941d3786225d3a 3f58fa161a4143a18370d34b7ba0f89a - - default default] Successfully bumped revision number for resource 61a0acd6-82eb-4382-b34d-5794f9cb47b3 (type: security_group_rules) to 0
2026-06-15 20:13:11.362 9 INFO neutron.db.ovn_revision_numbers_db [None req-9cf0bdb5-e32b-438c-92e4-cb651dba4527 1a7bfbcc99f147ebb9941d3786225d3a 3f58fa161a4143a18370d34b7ba0f89a - - default default] Successfully bumped revision number for resource 7602f6ed-08f7-434d-a879-21a23cef7db4 (type: security_group_rules) to 0
2026-06-15 20:13:11.377 9 INFO neutron.db.ovn_revision_numbers_db [None req-9cf0bdb5-e32b-438c-92e4-cb651dba4527 1a7bfbcc99f147ebb9941d3786225d3a 3f58fa161a4143a18370d34b7ba0f89a - - default default] Successfully bumped revision number for resource e676bdfb-7231-49e1-ae6e-4486d706c2ba (type: security_group_rules) to 0
2026-06-15 20:13:11.413 9 INFO neutron.api.wsgi [None req-9cf0bdb5-e32b-438c-92e4-cb651dba4527 1a7bfbcc99f147ebb9941d3786225d3a 3f58fa161a4143a18370d34b7ba0f89a - - default default] 10.0.0.129 "GET /v2.0/security-groups?tenant_id=6b310649a380426180ac96b91e172fd5&name=default HTTP/1.1" status: 200 len: 3120 time: 0.2123871
2026-06-15 20:13:11.606 10 INFO neutron.db.ovn_revision_numbers_db [None req-9dc3c3d9-3b1a-41cc-81d8-62eb4a032f6d 801a359906014d678d6f6dd377b84e17 be4550a14a3343b698d01e377cd789d9 - - default default] Successfully bumped revision number for resource f5184ab7-0b28-4d40-9315-37bbb8981911 (type: floatingips) to -1
2026-06-15 20:13:11.660 9 INFO neutron.api.wsgi [None req-9fef2902-d0cf-4751-b2c4-9c86323ecdc8 1a7bfbcc99f147ebb9941d3786225d3a 3f58fa161a4143a18370d34b7ba0f89a - - default default] 10.0.0.129 "DELETE /v2.0/security-groups/501c0dbc-3cc9-4ca2-a020-2141b01fc7ba HTTP/1.1" status: 204 len: 168 time: 0.2407334
2026-06-15 20:13:11.721 10 INFO neutron.db.ovn_revision_numbers_db [None req-9dc3c3d9-3b1a-41cc-81d8-62eb4a032f6d 801a359906014d678d6f6dd377b84e17 be4550a14a3343b698d01e377cd789d9 - - default default] Successfully bumped revision number for resource f5184ab7-0b28-4d40-9315-37bbb8981911 (type: floatingips) to 1
2026-06-15 20:13:11.722 10 INFO neutron.db.l3_db [None req-9dc3c3d9-3b1a-41cc-81d8-62eb4a032f6d 801a359906014d678d6f6dd377b84e17 be4550a14a3343b698d01e377cd789d9 - - default default] Floating IP f5184ab7-0b28-4d40-9315-37bbb8981911 associated. External IP: 10.96.250.215, port: 6d70cb2d-4ae5-486c-acda-06a6c8386a84.
2026-06-15 20:13:11.749 9 INFO neutron.db.ovn_revision_numbers_db [None req-6b2bdd06-3315-4d2b-b86c-c3aa0c1e9348 - - - - - -] Successfully bumped revision number for resource 2cc16e56-dc10-4f50-a95b-0b26127f67f6 (type: ports) to 2
2026-06-15 20:13:11.765 10 INFO neutron.api.wsgi [None req-9dc3c3d9-3b1a-41cc-81d8-62eb4a032f6d 801a359906014d678d6f6dd377b84e17 be4550a14a3343b698d01e377cd789d9 - - default default] 10.0.0.129 "POST /v2.0/floatingips HTTP/1.1" status: 201 len: 1041 time: 1.4183211
2026-06-15 20:13:11.807 10 INFO neutron.api.wsgi [None req-954a4b64-420a-4712-89a6-129d3c138295 801a359906014d678d6f6dd377b84e17 be4550a14a3343b698d01e377cd789d9 - - default default] 10.0.0.129 "GET /v2.0/floatingips/f5184ab7-0b28-4d40-9315-37bbb8981911 HTTP/1.1" status: 200 len: 1038 time: 0.0379667
2026-06-15 20:13:11.887 9 INFO neutron.api.wsgi [None req-ea722416-495d-46e2-83a4-2b3e8595df0e 801a359906014d678d6f6dd377b84e17 be4550a14a3343b698d01e377cd789d9 - - default default] 10.0.0.129 "GET /v2.0/floatingips HTTP/1.1" status: 200 len: 1041 time: 0.0758855
2026-06-15 20:13:12.380 9 INFO neutron.db.ovn_revision_numbers_db [None req-5497cc9e-25f8-43af-b833-f382a2f77533 801a359906014d678d6f6dd377b84e17 be4550a14a3343b698d01e377cd789d9 - - default default] Successfully bumped revision number for resource f5184ab7-0b28-4d40-9315-37bbb8981911 (type: floatingips) to 2
2026-06-15 20:13:12.477 9 INFO neutron.db.ovn_revision_numbers_db [None req-5497cc9e-25f8-43af-b833-f382a2f77533 801a359906014d678d6f6dd377b84e17 be4550a14a3343b698d01e377cd789d9 - - default default] Successfully bumped revision number for resource f5184ab7-0b28-4d40-9315-37bbb8981911 (type: floatingips) to 2
2026-06-15 20:13:12.478 9 INFO neutron.db.l3_db [None req-5497cc9e-25f8-43af-b833-f382a2f77533 801a359906014d678d6f6dd377b84e17 be4550a14a3343b698d01e377cd789d9 - - default default] Floating IP f5184ab7-0b28-4d40-9315-37bbb8981911 associated. External IP: 10.96.250.215, port: 6d70cb2d-4ae5-486c-acda-06a6c8386a84.
2026-06-15 20:13:12.534 9 INFO neutron.api.wsgi [None req-5497cc9e-25f8-43af-b833-f382a2f77533 801a359906014d678d6f6dd377b84e17 be4550a14a3343b698d01e377cd789d9 - - default default] 10.0.0.129 "PUT /v2.0/floatingips/f5184ab7-0b28-4d40-9315-37bbb8981911 HTTP/1.1" status: 200 len: 1038 time: 0.6420109
2026-06-15 20:13:12.675 9 INFO neutron.db.ovn_revision_numbers_db [None req-360c79c0-7c7f-42eb-b0dc-b260f96fe47a 801a359906014d678d6f6dd377b84e17 be4550a14a3343b698d01e377cd789d9 - - default default] Successfully bumped revision number for resource f5184ab7-0b28-4d40-9315-37bbb8981911 (type: floatingips) to 3
2026-06-15 20:13:12.721 9 INFO neutron.db.l3_db [None req-360c79c0-7c7f-42eb-b0dc-b260f96fe47a 801a359906014d678d6f6dd377b84e17 be4550a14a3343b698d01e377cd789d9 - - default default] Floating IP f5184ab7-0b28-4d40-9315-37bbb8981911 disassociated. External IP: 10.96.250.215, port: a8069834-df7b-4b99-b22f-5e2353ef35aa.
2026-06-15 20:13:12.750 9 INFO neutron.api.wsgi [None req-360c79c0-7c7f-42eb-b0dc-b260f96fe47a 801a359906014d678d6f6dd377b84e17 be4550a14a3343b698d01e377cd789d9 - - default default] 10.0.0.129 "PUT /v2.0/floatingips/f5184ab7-0b28-4d40-9315-37bbb8981911 HTTP/1.1" status: 200 len: 748 time: 0.2108147 /var/lib/openstack/lib/python3.12/site-packages/pycadf/identifier.py:71: UserWarning: Invalid uuid: neutron. To ensure interoperability, identifiers should be a valid uuid. warnings.warn(('Invalid uuid: %s. To ensure interoperability, '
2026-06-15 20:13:13.045 10 INFO neutron.api.wsgi [None req-0e3dcbd8-ef96-4101-ae8d-3104b7e92d9b 801a359906014d678d6f6dd377b84e17 be4550a14a3343b698d01e377cd789d9 - - default default] 10.0.0.129 "DELETE /v2.0/floatingips/f5184ab7-0b28-4d40-9315-37bbb8981911 HTTP/1.1" status: 204 len: 168 time: 0.2790112
2026-06-15 20:13:13.062 10 INFO neutron.api.v2.resource [None req-023d4f1e-0c93-410f-92cf-450fdeae03de 801a359906014d678d6f6dd377b84e17 be4550a14a3343b698d01e377cd789d9 - - default default] delete failed (client error): The resource could not be found.
2026-06-15 20:13:13.063 10 INFO neutron.api.wsgi [None req-023d4f1e-0c93-410f-92cf-450fdeae03de 801a359906014d678d6f6dd377b84e17 be4550a14a3343b698d01e377cd789d9 - - default default] 10.0.0.129 "DELETE /v2.0/floatingips/f5184ab7-0b28-4d40-9315-37bbb8981911 HTTP/1.1" status: 404 len: 345 time: 0.0147367
2026-06-15 20:13:13.372 10 INFO neutron.api.wsgi [None req-ce9d3967-b686-49bb-8613-8d93f8e1b679 801a359906014d678d6f6dd377b84e17 be4550a14a3343b698d01e377cd789d9 - - default default] 10.0.0.129 "DELETE /v2.0/ports/a8069834-df7b-4b99-b22f-5e2353ef35aa HTTP/1.1" status: 204 len: 168 time: 0.3049302
2026-06-15 20:13:13.672 10 INFO neutron.api.wsgi [None req-b37acfb1-2de7-41a7-8ee8-00ab7e0e7c98 801a359906014d678d6f6dd377b84e17 be4550a14a3343b698d01e377cd789d9 - - default default] 10.0.0.129 "DELETE /v2.0/ports/6d70cb2d-4ae5-486c-acda-06a6c8386a84 HTTP/1.1" status: 204 len: 168 time: 0.2960322
2026-06-15 20:13:13.781 9 INFO neutron.api.wsgi [None req-1fb18599-462d-4a86-9b3e-3114919982d1 801a359906014d678d6f6dd377b84e17 be4550a14a3343b698d01e377cd789d9 - - default default] 10.0.0.129 "GET /v2.0/ports?device_id=581cd880-7f30-4047-a8d0-8c539fee7673 HTTP/1.1" status: 200 len: 1140 time: 0.1024983
2026-06-15 20:13:14.488 10 INFO neutron.api.wsgi [req-c40077cd-9f10-46fd-b66a-9b2a0b84c2a6 req-aaa7e133-b5f9-483e-909b-131ad11007dd 93fd75e7c16c433dac6ed82ee324d3ad 04d056b16d244824b637045d713059ed - - 0c5e71a710ee4d4d9b14d4562644cb4e 0c5e71a710ee4d4d9b14d4562644cb4e] 10.0.0.10 "GET /v2.0/ports?device_id=01aaf7ab-e1de-40cf-9f81-00ad2bcd61fb HTTP/1.1" status: 200 len: 1413 time: 0.3153050
2026-06-15 20:13:14.526 10 INFO neutron.api.wsgi [req-c40077cd-9f10-46fd-b66a-9b2a0b84c2a6 req-c014793a-2a28-4966-bb39-7722d58fefdb 93fd75e7c16c433dac6ed82ee324d3ad 04d056b16d244824b637045d713059ed - - 0c5e71a710ee4d4d9b14d4562644cb4e 0c5e71a710ee4d4d9b14d4562644cb4e] 10.0.0.10 "GET /v2.0/security-groups?id=045a3505-e142-4718-bc23-c0a1135c8328&fields=id&fields=name HTTP/1.1" status: 200 len: 313 time: 0.0336387
2026-06-15 20:13:14.872 9 INFO neutron.api.wsgi [None req-532532ce-dc93-4365-9944-cb7eb9192387 801a359906014d678d6f6dd377b84e17 be4550a14a3343b698d01e377cd789d9 - - default default] 10.0.0.129 "PUT /v2.0/routers/581cd880-7f30-4047-a8d0-8c539fee7673/remove_router_interface HTTP/1.1" status: 200 len: 503 time: 1.0838575
2026-06-15 20:13:15.543 10 INFO neutron.api.wsgi [None req-8affa4d9-9b1d-4e70-aff5-1cdad9447827 801a359906014d678d6f6dd377b84e17 be4550a14a3343b698d01e377cd789d9 - - default default] 10.0.0.129 "DELETE /v2.0/routers/581cd880-7f30-4047-a8d0-8c539fee7673 HTTP/1.1" status: 204 len: 168 time: 0.6647141
2026-06-15 20:13:15.746 10 INFO neutron.api.wsgi [None req-6e22a3f7-758a-46e5-9c85-95a6a702a323 801a359906014d678d6f6dd377b84e17 be4550a14a3343b698d01e377cd789d9 - - default default] 10.0.0.129 "DELETE /v2.0/subnets/b18538b1-423a-495e-81a3-da01c0dddf71 HTTP/1.1" status: 204 len: 168 time: 0.1919441 /var/lib/openstack/lib/python3.12/site-packages/pycadf/identifier.py:71: UserWarning: Invalid uuid: neutron. To ensure interoperability, identifiers should be a valid uuid. warnings.warn(('Invalid uuid: %s. To ensure interoperability, '
2026-06-15 20:13:15.769 10 INFO neutron.db.ovn_revision_numbers_db [None req-4e1b97cc-0882-4e5b-a849-872034585597 1a7bfbcc99f147ebb9941d3786225d3a 3f58fa161a4143a18370d34b7ba0f89a - - default default] Successfully bumped revision number for resource de3a3b1a-b48f-444b-9ab7-312e98a2298e (type: security_groups) to 1
2026-06-15 20:13:15.785 10 INFO neutron.db.ovn_revision_numbers_db [None req-4e1b97cc-0882-4e5b-a849-872034585597 1a7bfbcc99f147ebb9941d3786225d3a 3f58fa161a4143a18370d34b7ba0f89a - - default default] Successfully bumped revision number for resource 497ab04c-c829-49b6-9bb3-abd1ce0d5db9 (type: security_group_rules) to 0
2026-06-15 20:13:15.799 10 INFO neutron.db.ovn_revision_numbers_db [None req-4e1b97cc-0882-4e5b-a849-872034585597 1a7bfbcc99f147ebb9941d3786225d3a 3f58fa161a4143a18370d34b7ba0f89a - - default default] Successfully bumped revision number for resource 60714812-3f28-4a05-b670-00f361f6173a (type: security_group_rules) to 0
2026-06-15 20:13:15.816 10 INFO neutron.db.ovn_revision_numbers_db [None req-4e1b97cc-0882-4e5b-a849-872034585597 1a7bfbcc99f147ebb9941d3786225d3a 3f58fa161a4143a18370d34b7ba0f89a - - default default] Successfully bumped revision number for resource b25cf509-8cca-441f-825a-937ad6e735b2 (type: security_group_rules) to 0
2026-06-15 20:13:15.831 10 INFO neutron.db.ovn_revision_numbers_db [None req-4e1b97cc-0882-4e5b-a849-872034585597 1a7bfbcc99f147ebb9941d3786225d3a 3f58fa161a4143a18370d34b7ba0f89a - - default default] Successfully bumped revision number for resource fa350d92-8442-4ee8-92ed-2dfb0fe3ef7f (type: security_group_rules) to 0
2026-06-15 20:13:15.869 10 INFO neutron.api.wsgi [None req-4e1b97cc-0882-4e5b-a849-872034585597 1a7bfbcc99f147ebb9941d3786225d3a 3f58fa161a4143a18370d34b7ba0f89a - - default default] 10.0.0.129 "GET /v2.0/security-groups?tenant_id=36a02f17286e46ba98aaa1c5c4af5fa8&name=default HTTP/1.1" status: 200 len: 3120 time: 0.3696079
2026-06-15 20:13:16.058 9 INFO neutron.services.segments.plugin [-] Segment fe820d48-112c-411e-aa0b-4c3200a7c76a resource provider aggregate not found
2026-06-15 20:13:16.066 9 INFO neutron.services.segments.plugin [-] Segment fe820d48-112c-411e-aa0b-4c3200a7c76a resource provider aggregate not found
2026-06-15 20:13:16.068 10 INFO neutron.api.wsgi [None req-ab0479b1-3542-4f05-8314-9455ce1c62bb 1a7bfbcc99f147ebb9941d3786225d3a 3f58fa161a4143a18370d34b7ba0f89a - - default default] 10.0.0.129 "DELETE /v2.0/security-groups/de3a3b1a-b48f-444b-9ab7-312e98a2298e HTTP/1.1" status: 204 len: 168 time: 0.1920514
2026-06-15 20:13:16.075 9 INFO neutron.services.segments.plugin [-] Segment fe820d48-112c-411e-aa0b-4c3200a7c76a resource provider not found; error: Placement Client Error (4xx): {"errors": [{"status": 404, "title": "Not Found", "detail": "The resource could not be found.\n\n No resource provider with uuid fe820d48-112c-411e-aa0b-4c3200a7c76a found for delete ", "request_id": "req-29b1696c-77d8-4ef6-b8c4-c39b12638946"}]}
2026-06-15 20:13:16.077 9 INFO neutron.services.segments.plugin [-] Segment fe820d48-112c-411e-aa0b-4c3200a7c76a resource provider not found; error: Placement Client Error (4xx): {"errors": [{"status": 404, "title": "Not Found", "detail": "The resource could not be found.\n\n No resource provider with uuid fe820d48-112c-411e-aa0b-4c3200a7c76a found for delete ", "request_id": "req-95f63203-2024-4e91-bf48-046019267485"}]}
2026-06-15 20:13:16.100 9 INFO neutron.api.wsgi [None req-015c9aa1-31a1-4350-a086-fb32a2a97d44 801a359906014d678d6f6dd377b84e17 be4550a14a3343b698d01e377cd789d9 - - default default] 10.0.0.129 "DELETE /v2.0/networks/91677814-a6c1-4bc7-ba5b-63f553317204 HTTP/1.1" status: 204 len: 168 time: 0.3499854
2026-06-15 20:13:16.302 9 INFO neutron.db.ovn_revision_numbers_db [None req-c9522a65-6fcd-4a6e-acd0-aa07fe212e97 1a7bfbcc99f147ebb9941d3786225d3a 3f58fa161a4143a18370d34b7ba0f89a - - default default] Successfully bumped revision number for resource a9ef5775-f2d7-4fca-a69a-c57d32b1aa66 (type: security_groups) to 1
2026-06-15 20:13:16.318 9 INFO neutron.db.ovn_revision_numbers_db [None req-c9522a65-6fcd-4a6e-acd0-aa07fe212e97 1a7bfbcc99f147ebb9941d3786225d3a 3f58fa161a4143a18370d34b7ba0f89a - - default default] Successfully bumped revision number for resource 10c18f8a-ada6-4b23-820e-6edc54c3b892 (type: security_group_rules) to 0
2026-06-15 20:13:16.330 9 INFO neutron.db.ovn_revision_numbers_db [None req-c9522a65-6fcd-4a6e-acd0-aa07fe212e97 1a7bfbcc99f147ebb9941d3786225d3a 3f58fa161a4143a18370d34b7ba0f89a - - default default] Successfully bumped revision number for resource 3643168f-5c15-4775-9719-f054b4311c88 (type: security_group_rules) to 0
2026-06-15 20:13:16.341 9 INFO neutron.db.ovn_revision_numbers_db [None req-c9522a65-6fcd-4a6e-acd0-aa07fe212e97 1a7bfbcc99f147ebb9941d3786225d3a 3f58fa161a4143a18370d34b7ba0f89a - - default default] Successfully bumped revision number for resource 66811ca9-37d5-497e-b94a-bd0af0ff278c (type: security_group_rules) to 0
2026-06-15 20:13:16.352 9 INFO neutron.db.ovn_revision_numbers_db [None req-c9522a65-6fcd-4a6e-acd0-aa07fe212e97 1a7bfbcc99f147ebb9941d3786225d3a 3f58fa161a4143a18370d34b7ba0f89a - - default default] Successfully bumped revision number for resource 73f24754-3823-4236-89c3-b81005cf420c (type: security_group_rules) to 0
2026-06-15 20:13:16.381 9 INFO neutron.api.wsgi [None req-c9522a65-6fcd-4a6e-acd0-aa07fe212e97 1a7bfbcc99f147ebb9941d3786225d3a 3f58fa161a4143a18370d34b7ba0f89a - - default default] 10.0.0.129 "GET /v2.0/security-groups?tenant_id=403aa51d1fec4e008a3efb69618a3907&name=default HTTP/1.1" status: 200 len: 3120 time: 0.2107806
2026-06-15 20:13:16.579 9 INFO neutron.api.wsgi [None req-595951e6-9f00-475e-b511-764e02415923 1a7bfbcc99f147ebb9941d3786225d3a 3f58fa161a4143a18370d34b7ba0f89a - - default default] 10.0.0.129 "DELETE /v2.0/security-groups/a9ef5775-f2d7-4fca-a69a-c57d32b1aa66 HTTP/1.1" status: 204 len: 168 time: 0.1921933
2026-06-15 20:13:16.685 9 INFO neutron.api.wsgi [None req-cbad5734-9754-4e00-9a1b-e482a123744e 1a7bfbcc99f147ebb9941d3786225d3a 3f58fa161a4143a18370d34b7ba0f89a - - default default] 10.0.0.129 "GET /v2.0/security-groups?tenant_id=be4550a14a3343b698d01e377cd789d9&name=default HTTP/1.1" status: 200 len: 3120 time: 0.1344030
2026-06-15 20:13:16.913 9 INFO neutron.api.wsgi [None req-938992d1-22bb-4240-98b2-79bd7c8cc50c 1a7bfbcc99f147ebb9941d3786225d3a 3f58fa161a4143a18370d34b7ba0f89a - - default default] 10.0.0.129 "DELETE /v2.0/security-groups/365e5aef-e8ab-40cc-bf56-988e99406fb9 HTTP/1.1" status: 204 len: 168 time: 0.2226665
2026-06-15 20:13:17.256 9 WARNING neutron.plugins.ml2.drivers.ovn.mech_driver.ovsdb.ovn_client [None req-838cc37f-f5d3-4b58-98bc-0801c4fbccc2 - - - - - -] No port found with ID 2cc16e56-dc10-4f50-a95b-0b26127f67f6: RuntimeError: No port found with ID 2cc16e56-dc10-4f50-a95b-0b26127f67f6
2026-06-15 20:13:18.223 10 INFO neutron.api.wsgi [-] 10.0.0.188 "GET / HTTP/1.1" status: 200 len: 246 time: 0.0025845
2026-06-15 20:13:18.225 9 INFO neutron.api.wsgi [-] 10.0.0.188 "GET / HTTP/1.1" status: 200 len: 246 time: 0.0037336 /var/lib/openstack/lib/python3.12/site-packages/pycadf/identifier.py:71: UserWarning: Invalid uuid: neutron. To ensure interoperability, identifiers should be a valid uuid. warnings.warn(('Invalid uuid: %s. To ensure interoperability, '
2026-06-15 20:13:18.758 9 WARNING neutron_lib.context [None req-b76b72d0-7cd8-4df2-89d6-d2e4df617439 93b35a65fee34a9f91be0418d59e9b2b bb89c1988363413babe1fb6aee054348 - - default default] Method 'is_advsvc' is deprecated since 2023.2 release (neutron-lib 3.8.0) and will be removed once support for the old RBAC API policies will be removed from Neutron. Please use method 'is_service_role' instead.
2026-06-15 20:13:18.758 9 WARNING neutron_lib.context [None req-b76b72d0-7cd8-4df2-89d6-d2e4df617439 93b35a65fee34a9f91be0418d59e9b2b bb89c1988363413babe1fb6aee054348 - - default default] Method 'is_advsvc' is deprecated since 2023.2 release (neutron-lib 3.8.0) and will be removed once support for the old RBAC API policies will be removed from Neutron. Please use method 'is_service_role' instead.
2026-06-15 20:13:18.906 9 INFO neutron.db.ovn_revision_numbers_db [None req-b76b72d0-7cd8-4df2-89d6-d2e4df617439 93b35a65fee34a9f91be0418d59e9b2b bb89c1988363413babe1fb6aee054348 - - default default] Successfully bumped revision number for resource e2fe6233-9823-454f-beca-cfa66b337063 (type: security_groups) to 1
2026-06-15 20:13:18.919 9 INFO neutron.db.ovn_revision_numbers_db [None req-b76b72d0-7cd8-4df2-89d6-d2e4df617439 93b35a65fee34a9f91be0418d59e9b2b bb89c1988363413babe1fb6aee054348 - - default default] Successfully bumped revision number for resource 103c67f5-0183-47e3-8f9e-117b10a4ce09 (type: security_group_rules) to 0
2026-06-15 20:13:18.929 10 INFO neutron.api.wsgi [req-a010de06-b9e3-4073-9199-a1a55c79291b req-ade0eb07-d7f3-4855-8e6d-23e4ad447df0 93fd75e7c16c433dac6ed82ee324d3ad 04d056b16d244824b637045d713059ed - - 0c5e71a710ee4d4d9b14d4562644cb4e 0c5e71a710ee4d4d9b14d4562644cb4e] 10.0.0.10 "GET /v2.0/ports?device_id=8f9610f9-f913-40b9-8dae-730023f9e468 HTTP/1.1" status: 200 len: 1409 time: 0.0380533
2026-06-15 20:13:18.932 9 INFO neutron.db.ovn_revision_numbers_db [None req-b76b72d0-7cd8-4df2-89d6-d2e4df617439 93b35a65fee34a9f91be0418d59e9b2b bb89c1988363413babe1fb6aee054348 - - default default] Successfully bumped revision number for resource 3a2ed3b6-07d8-4734-90ea-26385e998d86 (type: security_group_rules) to 0
2026-06-15 20:13:18.951 9 INFO neutron.db.ovn_revision_numbers_db [None req-b76b72d0-7cd8-4df2-89d6-d2e4df617439 93b35a65fee34a9f91be0418d59e9b2b bb89c1988363413babe1fb6aee054348 - - default default] Successfully bumped revision number for resource 6eeeb80e-51ba-43a9-9586-12bf6e74ae54 (type: security_group_rules) to 0
2026-06-15 20:13:18.961 10 INFO neutron.api.wsgi [req-a010de06-b9e3-4073-9199-a1a55c79291b req-6bec0d48-e064-4f8e-9cf7-3ae5f4662c35 93fd75e7c16c433dac6ed82ee324d3ad 04d056b16d244824b637045d713059ed - - 0c5e71a710ee4d4d9b14d4562644cb4e 0c5e71a710ee4d4d9b14d4562644cb4e] 10.0.0.10 "GET /v2.0/security-groups?id=265dc5c0-8e7e-40ca-90fc-a861b595d3bf&fields=id&fields=name HTTP/1.1" status: 200 len: 313 time: 0.0234058
2026-06-15 20:13:18.966 9 INFO neutron.db.ovn_revision_numbers_db [None req-b76b72d0-7cd8-4df2-89d6-d2e4df617439 93b35a65fee34a9f91be0418d59e9b2b bb89c1988363413babe1fb6aee054348 - - default default] Successfully bumped revision number for resource c18e0089-0827-42c8-b499-d563c924a36e (type: security_group_rules) to 0
2026-06-15 20:13:19.065 9 INFO neutron.db.segments_db [None req-b76b72d0-7cd8-4df2-89d6-d2e4df617439 93b35a65fee34a9f91be0418d59e9b2b bb89c1988363413babe1fb6aee054348 - - default default] Added segment e2c26330-02eb-43e9-a3eb-7cda01ebcffa of type geneve for network 31f007d1-fc56-4332-980a-ba6fa793df67
2026-06-15 20:13:19.104 9 INFO neutron.db.ovn_revision_numbers_db [None req-21552d4d-72bb-4fcd-8689-3396a77b71ca 1a7bfbcc99f147ebb9941d3786225d3a 3f58fa161a4143a18370d34b7ba0f89a - - default default] Successfully bumped revision number for resource 81522ea0-b24f-4c68-b805-ab11b4fb0790 (type: security_groups) to 1
2026-06-15 20:13:19.123 9 INFO neutron.db.ovn_revision_numbers_db [None req-21552d4d-72bb-4fcd-8689-3396a77b71ca 1a7bfbcc99f147ebb9941d3786225d3a 3f58fa161a4143a18370d34b7ba0f89a - - default default] Successfully bumped revision number for resource 2e43dc0d-56f9-4ffb-8716-375633ba04ba (type: security_group_rules) to 0
2026-06-15 20:13:19.135 9 INFO neutron.db.ovn_revision_numbers_db [None req-21552d4d-72bb-4fcd-8689-3396a77b71ca 1a7bfbcc99f147ebb9941d3786225d3a 3f58fa161a4143a18370d34b7ba0f89a - - default default] Successfully bumped revision number for resource 33edbbcf-4e36-4021-b760-8338c206d3d8 (type: security_group_rules) to 0
2026-06-15 20:13:19.146 9 INFO neutron.db.ovn_revision_numbers_db [None req-21552d4d-72bb-4fcd-8689-3396a77b71ca 1a7bfbcc99f147ebb9941d3786225d3a 3f58fa161a4143a18370d34b7ba0f89a - - default default] Successfully bumped revision number for resource 67409159-1d0e-48ed-8660-d9fe1e66cccc (type: security_group_rules) to 0
2026-06-15 20:13:19.158 9 INFO neutron.db.ovn_revision_numbers_db [None req-21552d4d-72bb-4fcd-8689-3396a77b71ca 1a7bfbcc99f147ebb9941d3786225d3a 3f58fa161a4143a18370d34b7ba0f89a - - default default] Successfully bumped revision number for resource a30094d9-9983-494d-bdcc-253886badea1 (type: security_group_rules) to 0
2026-06-15 20:13:19.170 9 INFO neutron.db.segments_db [None req-b76b72d0-7cd8-4df2-89d6-d2e4df617439 93b35a65fee34a9f91be0418d59e9b2b bb89c1988363413babe1fb6aee054348 - - default default] Added segment 4f5969ab-7de5-4bd6-83e6-b53c6438a28e of type geneve for network 51e92e95-30d0-4ae6-bb51-8a65554c02e0
2026-06-15 20:13:19.183 10 INFO neutron.api.wsgi [req-65e9992c-e666-4f48-a8d7-e23a0d3862a7 req-5f39db2f-1f94-4463-a494-3b47ca8f5841 1e990faa8a294058a3d1d66f6df755df 2e10d0c49ce9484e94244661b098ccc3 - - default default] 10.0.0.66 "GET /v2.0/ports?device_id=01aaf7ab-e1de-40cf-9f81-00ad2bcd61fb HTTP/1.1" status: 200 len: 1174 time: 0.0707803
2026-06-15 20:13:19.219 9 INFO neutron.api.wsgi [None req-21552d4d-72bb-4fcd-8689-3396a77b71ca 1a7bfbcc99f147ebb9941d3786225d3a 3f58fa161a4143a18370d34b7ba0f89a - - default default] 10.0.0.129 "GET /v2.0/security-groups?tenant_id=ff53c4f82efa4f2d91e6823c76cf9ff8&name=default HTTP/1.1" status: 200 len: 3120 time: 0.2791171
2026-06-15 20:13:19.273 10 INFO neutron.api.wsgi [req-1c35a48c-ef4e-4903-8ca5-aceaa8cab65a req-869988aa-a827-41d0-b028-99cd59e3656e 1e990faa8a294058a3d1d66f6df755df 2e10d0c49ce9484e94244661b098ccc3 - - default default] 10.0.0.66 "GET /v2.0/ports/f04d9756-e7ee-42dc-80ee-7232f1aefd4f HTTP/1.1" status: 200 len: 1171 time: 0.0335250
2026-06-15 20:13:19.338 9 INFO neutron.db.ovn_revision_numbers_db [None req-b76b72d0-7cd8-4df2-89d6-d2e4df617439 93b35a65fee34a9f91be0418d59e9b2b bb89c1988363413babe1fb6aee054348 - - default default] Successfully bumped revision number for resource 31f007d1-fc56-4332-980a-ba6fa793df67 (type: networks) to 1
2026-06-15 20:13:19.506 9 INFO neutron.api.wsgi [None req-aa9b729e-5137-4f5e-b370-002b7c67a918 1a7bfbcc99f147ebb9941d3786225d3a 3f58fa161a4143a18370d34b7ba0f89a - - default default] 10.0.0.129 "DELETE /v2.0/security-groups/81522ea0-b24f-4c68-b805-ab11b4fb0790 HTTP/1.1" status: 204 len: 168 time: 0.2798913
2026-06-15 20:13:19.533 9 WARNING neutron.scheduler.dhcp_agent_scheduler [None req-b76b72d0-7cd8-4df2-89d6-d2e4df617439 93b35a65fee34a9f91be0418d59e9b2b bb89c1988363413babe1fb6aee054348 - - default default] No more DHCP agents
2026-06-15 20:13:19.534 9 WARNING neutron.api.rpc.agentnotifiers.dhcp_rpc_agent_api [None req-b76b72d0-7cd8-4df2-89d6-d2e4df617439 93b35a65fee34a9f91be0418d59e9b2b bb89c1988363413babe1fb6aee054348 - - default default] Unable to schedule network 31f007d1-fc56-4332-980a-ba6fa793df67: no agents available; will retry on subsequent port and subnet creation events.
2026-06-15 20:13:19.601 9 INFO neutron.db.ovn_revision_numbers_db [None req-b76b72d0-7cd8-4df2-89d6-d2e4df617439 93b35a65fee34a9f91be0418d59e9b2b bb89c1988363413babe1fb6aee054348 - - default default] Successfully bumped revision number for resource e8e5f3ba-4729-4102-9916-5403cdf5ffd1 (type: ports) to 1
2026-06-15 20:13:19.675 9 INFO neutron.db.ovn_revision_numbers_db [None req-b76b72d0-7cd8-4df2-89d6-d2e4df617439 93b35a65fee34a9f91be0418d59e9b2b bb89c1988363413babe1fb6aee054348 - - default default] Successfully bumped revision number for resource 51e92e95-30d0-4ae6-bb51-8a65554c02e0 (type: networks) to 1
2026-06-15 20:13:19.850 9 WARNING neutron.scheduler.dhcp_agent_scheduler [None req-b76b72d0-7cd8-4df2-89d6-d2e4df617439 93b35a65fee34a9f91be0418d59e9b2b bb89c1988363413babe1fb6aee054348 - - default default] No more DHCP agents
2026-06-15 20:13:19.852 9 WARNING neutron.api.rpc.agentnotifiers.dhcp_rpc_agent_api [None req-b76b72d0-7cd8-4df2-89d6-d2e4df617439 93b35a65fee34a9f91be0418d59e9b2b bb89c1988363413babe1fb6aee054348 - - default default] Unable to schedule network 51e92e95-30d0-4ae6-bb51-8a65554c02e0: no agents available; will retry on subsequent port and subnet creation events.
2026-06-15 20:13:19.902 9 INFO neutron.db.ovn_revision_numbers_db [None req-b76b72d0-7cd8-4df2-89d6-d2e4df617439 93b35a65fee34a9f91be0418d59e9b2b bb89c1988363413babe1fb6aee054348 - - default default] Successfully bumped revision number for resource aa6df33c-da2f-4343-b748-b22f170c422b (type: ports) to 1
2026-06-15 20:13:19.905 10 INFO neutron.api.wsgi [req-a4bb5336-b4d8-4fe8-9739-b44ce3fbc095 req-d587f580-cd60-40be-a884-b900ab4fe242 1e990faa8a294058a3d1d66f6df755df 2e10d0c49ce9484e94244661b098ccc3 - - default default] 199.19.213.159 "GET /v2.0/subnets?network_id=a2251aa9-2423-4307-8cda-b424000d51de HTTP/1.1" status: 200 len: 883 time: 0.0372796
2026-06-15 20:13:19.926 9 INFO neutron.api.wsgi [None req-b76b72d0-7cd8-4df2-89d6-d2e4df617439 93b35a65fee34a9f91be0418d59e9b2b bb89c1988363413babe1fb6aee054348 - - default default] 10.0.0.129 "POST /v2.0/networks HTTP/1.1" status: 201 len: 1446 time: 1.3204007
2026-06-15 20:13:19.962 10 INFO neutron.api.wsgi [req-a4bb5336-b4d8-4fe8-9739-b44ce3fbc095 req-1d0d83b8-9590-4027-b56b-60a9281fd8de 1e990faa8a294058a3d1d66f6df755df 2e10d0c49ce9484e94244661b098ccc3 - - default default] 199.19.213.159 "GET /v2.0/ports?device_id=01aaf7ab-e1de-40cf-9f81-00ad2bcd61fb&device_owner=compute%3Anova&network_id=a2251aa9-2423-4307-8cda-b424000d51de HTTP/1.1" status: 200 len: 1174 time: 0.0517125
2026-06-15 20:13:19.998 9 INFO neutron.api.wsgi [None req-302ae760-3191-45b4-9125-c05666f8a305 93b35a65fee34a9f91be0418d59e9b2b bb89c1988363413babe1fb6aee054348 - - default default] 10.0.0.129 "GET /v2.0/networks HTTP/1.1" status: 200 len: 2052 time: 0.0664659
2026-06-15 20:13:20.296 10 INFO neutron.services.segments.plugin [-] Segment e2c26330-02eb-43e9-a3eb-7cda01ebcffa resource provider aggregate not found
2026-06-15 20:13:20.299 10 INFO neutron.services.segments.plugin [-] Segment e2c26330-02eb-43e9-a3eb-7cda01ebcffa resource provider aggregate not found
2026-06-15 20:13:20.318 10 INFO neutron.services.segments.plugin [-] Segment e2c26330-02eb-43e9-a3eb-7cda01ebcffa resource provider not found; error: Placement Client Error (4xx): {"errors": [{"status": 404, "title": "Not Found", "detail": "The resource could not be found.\n\n No resource provider with uuid e2c26330-02eb-43e9-a3eb-7cda01ebcffa found for delete ", "request_id": "req-87db4d46-7d78-421e-becb-0fc893a3d063"}]}
2026-06-15 20:13:20.318 10 INFO neutron.services.segments.plugin [-] Segment e2c26330-02eb-43e9-a3eb-7cda01ebcffa resource provider not found; error: Placement Client Error (4xx): {"errors": [{"status": 404, "title": "Not Found", "detail": "The resource could not be found.\n\n No resource provider with uuid e2c26330-02eb-43e9-a3eb-7cda01ebcffa found for delete ", "request_id": "req-17284b39-6a80-48a1-b3a5-b1f1a6279ede"}]}
2026-06-15 20:13:20.342 10 INFO neutron.api.wsgi [None req-fff9d773-44a5-4440-bbdd-2e544eddee52 93b35a65fee34a9f91be0418d59e9b2b bb89c1988363413babe1fb6aee054348 - - default default] 10.0.0.129 "DELETE /v2.0/networks/31f007d1-fc56-4332-980a-ba6fa793df67 HTTP/1.1" status: 204 len: 168 time: 0.3392489
2026-06-15 20:13:20.616 10 INFO neutron.db.ovn_revision_numbers_db [req-a4bb5336-b4d8-4fe8-9739-b44ce3fbc095 req-dd869884-1cca-41d2-944b-c8850e480898 1e990faa8a294058a3d1d66f6df755df 2e10d0c49ce9484e94244661b098ccc3 - - default default] Successfully bumped revision number for resource f04d9756-e7ee-42dc-80ee-7232f1aefd4f (type: ports) to 6
2026-06-15 20:13:20.627 10 INFO neutron.api.wsgi [req-a4bb5336-b4d8-4fe8-9739-b44ce3fbc095 req-dd869884-1cca-41d2-944b-c8850e480898 1e990faa8a294058a3d1d66f6df755df 2e10d0c49ce9484e94244661b098ccc3 - - default default] 199.19.213.159 "PUT /v2.0/ports/f04d9756-e7ee-42dc-80ee-7232f1aefd4f HTTP/1.1" status: 200 len: 1353 time: 0.6596913
2026-06-15 20:13:20.669 10 INFO neutron.notifiers.nova [-] Nova event matching ['req-e463042b-ffb4-4f11-9d90-93dfcb85ffb3'] response: {'name': 'network-changed', 'server_uuid': '01aaf7ab-e1de-40cf-9f81-00ad2bcd61fb', 'tag': 'f04d9756-e7ee-42dc-80ee-7232f1aefd4f', 'status': 'completed', 'code': 200}
2026-06-15 20:13:20.694 10 INFO neutron.api.wsgi [None req-0b943def-9525-4744-93a5-c957a8052bbd 93b35a65fee34a9f91be0418d59e9b2b bb89c1988363413babe1fb6aee054348 - - default default] 10.0.0.129 "DELETE /v2.0/networks/51e92e95-30d0-4ae6-bb51-8a65554c02e0 HTTP/1.1" status: 204 len: 168 time: 0.3447459
2026-06-15 20:13:20.749 9 INFO neutron.api.wsgi [None req-02a1ee3a-2b7a-4719-8b43-7cf42da96c95 93b35a65fee34a9f91be0418d59e9b2b bb89c1988363413babe1fb6aee054348 - - default default] 10.0.0.129 "GET /v2.0/networks HTTP/1.1" status: 200 len: 845 time: 0.0506082
2026-06-15 20:13:20.761 9 WARNING neutron_lib.context [None req-53cf595e-7e7f-41cc-9d03-bb66c720b434 93b35a65fee34a9f91be0418d59e9b2b bb89c1988363413babe1fb6aee054348 - - default default] Method 'is_advsvc' is deprecated since 2023.2 release (neutron-lib 3.8.0) and will be removed once support for the old RBAC API policies will be removed from Neutron. Please use method 'is_service_role' instead.
2026-06-15 20:13:20.850 9 INFO neutron.db.segments_db [None req-53cf595e-7e7f-41cc-9d03-bb66c720b434 93b35a65fee34a9f91be0418d59e9b2b bb89c1988363413babe1fb6aee054348 - - default default] Added segment 02c59d13-7dc9-429a-94d9-3f928cb93b1e of type geneve for network 87494a37-9a48-4afc-bd50-35033f1d7da8
2026-06-15 20:13:20.993 9 INFO neutron.db.ovn_revision_numbers_db [None req-53cf595e-7e7f-41cc-9d03-bb66c720b434 93b35a65fee34a9f91be0418d59e9b2b bb89c1988363413babe1fb6aee054348 - - default default] Successfully bumped revision number for resource 87494a37-9a48-4afc-bd50-35033f1d7da8 (type: networks) to 1 /var/lib/openstack/lib/python3.12/site-packages/pycadf/identifier.py:71: UserWarning: Invalid uuid: neutron. To ensure interoperability, identifiers should be a valid uuid. warnings.warn(('Invalid uuid: %s. To ensure interoperability, '
2026-06-15 20:13:21.160 9 WARNING neutron.scheduler.dhcp_agent_scheduler [None req-53cf595e-7e7f-41cc-9d03-bb66c720b434 93b35a65fee34a9f91be0418d59e9b2b bb89c1988363413babe1fb6aee054348 - - default default] No more DHCP agents
2026-06-15 20:13:21.161 9 WARNING neutron.api.rpc.agentnotifiers.dhcp_rpc_agent_api [None req-53cf595e-7e7f-41cc-9d03-bb66c720b434 93b35a65fee34a9f91be0418d59e9b2b bb89c1988363413babe1fb6aee054348 - - default default] Unable to schedule network 87494a37-9a48-4afc-bd50-35033f1d7da8: no agents available; will retry on subsequent port and subnet creation events.
2026-06-15 20:13:21.179 10 INFO neutron.api.wsgi [req-a4bb5336-b4d8-4fe8-9739-b44ce3fbc095 req-f8736238-352c-4ba8-a30d-3a37117da9bf 93fd75e7c16c433dac6ed82ee324d3ad 04d056b16d244824b637045d713059ed - - 0c5e71a710ee4d4d9b14d4562644cb4e 0c5e71a710ee4d4d9b14d4562644cb4e] 199.19.213.159 "GET /v2.0/ports?tenant_id=2e10d0c49ce9484e94244661b098ccc3&device_id=01aaf7ab-e1de-40cf-9f81-00ad2bcd61fb HTTP/1.1" status: 200 len: 1594 time: 0.0404687
2026-06-15 20:13:21.216 9 INFO neutron.db.ovn_revision_numbers_db [None req-53cf595e-7e7f-41cc-9d03-bb66c720b434 93b35a65fee34a9f91be0418d59e9b2b bb89c1988363413babe1fb6aee054348 - - default default] Successfully bumped revision number for resource a7668916-e79b-403e-87f7-87974c465c9e (type: ports) to 1
2026-06-15 20:13:21.235 10 INFO neutron.api.wsgi [req-a4bb5336-b4d8-4fe8-9739-b44ce3fbc095 req-01491731-6b93-4b14-9f05-d508d16898d0 93fd75e7c16c433dac6ed82ee324d3ad 04d056b16d244824b637045d713059ed - - 0c5e71a710ee4d4d9b14d4562644cb4e 0c5e71a710ee4d4d9b14d4562644cb4e] 199.19.213.159 "GET /v2.0/networks?id=a2251aa9-2423-4307-8cda-b424000d51de HTTP/1.1" status: 200 len: 982 time: 0.0523462
2026-06-15 20:13:21.236 9 INFO neutron.api.wsgi [None req-53cf595e-7e7f-41cc-9d03-bb66c720b434 93b35a65fee34a9f91be0418d59e9b2b bb89c1988363413babe1fb6aee054348 - - default default] 10.0.0.129 "POST /v2.0/networks HTTP/1.1" status: 201 len: 848 time: 0.4799268
2026-06-15 20:13:21.245 9 WARNING neutron_lib.context [None req-8b961e97-8ec2-473e-8811-c5f9f3024bdf 93b35a65fee34a9f91be0418d59e9b2b bb89c1988363413babe1fb6aee054348 - - default default] Method 'is_advsvc' is deprecated since 2023.2 release (neutron-lib 3.8.0) and will be removed once support for the old RBAC API policies will be removed from Neutron. Please use method 'is_service_role' instead.
2026-06-15 20:13:21.278 10 INFO neutron.api.wsgi [req-a4bb5336-b4d8-4fe8-9739-b44ce3fbc095 req-b907d9d8-d994-4a0c-8b42-37f4fcbf3bc2 93fd75e7c16c433dac6ed82ee324d3ad 04d056b16d244824b637045d713059ed - - 0c5e71a710ee4d4d9b14d4562644cb4e 0c5e71a710ee4d4d9b14d4562644cb4e] 199.19.213.159 "GET /v2.0/floatingips?fixed_ip_address=10.100.0.12&port_id=f04d9756-e7ee-42dc-80ee-7232f1aefd4f HTTP/1.1" status: 200 len: 1060 time: 0.0351601
2026-06-15 20:13:21.298 10 INFO neutron.api.wsgi [req-a4bb5336-b4d8-4fe8-9739-b44ce3fbc095 req-93bc3a1e-076d-4c6f-a413-5216f71a1bb9 93fd75e7c16c433dac6ed82ee324d3ad 04d056b16d244824b637045d713059ed - - 0c5e71a710ee4d4d9b14d4562644cb4e 0c5e71a710ee4d4d9b14d4562644cb4e] 199.19.213.159 "GET /v2.0/floatingips?fixed_ip_address=10.100.0.13&port_id=f04d9756-e7ee-42dc-80ee-7232f1aefd4f HTTP/1.1" status: 200 len: 217 time: 0.0147624
2026-06-15 20:13:21.314 10 WARNING neutron_lib.context [None req-06c3d64f-4581-4923-a29d-b775cedd7a0e 7d97d21c48914304affe63b08c9c28f1 2d587055744f4f8698964a57bb2543df - - default default] Method 'is_advsvc' is deprecated since 2023.2 release (neutron-lib 3.8.0) and will be removed once support for the old RBAC API policies will be removed from Neutron. Please use method 'is_service_role' instead.
2026-06-15 20:13:21.314 10 WARNING neutron_lib.context [None req-06c3d64f-4581-4923-a29d-b775cedd7a0e 7d97d21c48914304affe63b08c9c28f1 2d587055744f4f8698964a57bb2543df - - default default] Method 'is_advsvc' is deprecated since 2023.2 release (neutron-lib 3.8.0) and will be removed once support for the old RBAC API policies will be removed from Neutron. Please use method 'is_service_role' instead.
2026-06-15 20:13:21.329 9 INFO neutron.db.segments_db [None req-8b961e97-8ec2-473e-8811-c5f9f3024bdf 93b35a65fee34a9f91be0418d59e9b2b bb89c1988363413babe1fb6aee054348 - - default default] Added segment f5a6227e-1db0-41f9-9e5d-10d5cecc8d2a of type geneve for network e72fddef-1628-488c-9c6a-7b94fffab114
2026-06-15 20:13:21.333 10 INFO neutron.api.wsgi [req-a4bb5336-b4d8-4fe8-9739-b44ce3fbc095 req-26a8e598-5c90-4542-8f5c-822b455cd1ab 93fd75e7c16c433dac6ed82ee324d3ad 04d056b16d244824b637045d713059ed - - 0c5e71a710ee4d4d9b14d4562644cb4e 0c5e71a710ee4d4d9b14d4562644cb4e] 199.19.213.159 "GET /v2.0/subnets?id=da3648f5-c7bf-4f66-8d7d-590f150b321f HTTP/1.1" status: 200 len: 901 time: 0.0296862
2026-06-15 20:13:21.355 10 INFO neutron.api.wsgi [req-a4bb5336-b4d8-4fe8-9739-b44ce3fbc095 req-6336c53c-19ce-434b-9431-4010f67569df 93fd75e7c16c433dac6ed82ee324d3ad 04d056b16d244824b637045d713059ed - - 0c5e71a710ee4d4d9b14d4562644cb4e 0c5e71a710ee4d4d9b14d4562644cb4e] 199.19.213.159 "GET /v2.0/ports?network_id=a2251aa9-2423-4307-8cda-b424000d51de&device_owner=network%3Adhcp HTTP/1.1" status: 200 len: 210 time: 0.0156193
2026-06-15 20:13:21.409 10 INFO neutron.api.wsgi [req-a4bb5336-b4d8-4fe8-9739-b44ce3fbc095 req-b6c7a3e5-3e71-48e8-8e21-973b0ad1c041 93fd75e7c16c433dac6ed82ee324d3ad 04d056b16d244824b637045d713059ed - - 0c5e71a710ee4d4d9b14d4562644cb4e 0c5e71a710ee4d4d9b14d4562644cb4e] 199.19.213.159 "GET /v2.0/networks/a2251aa9-2423-4307-8cda-b424000d51de?fields=segments HTTP/1.1" status: 200 len: 212 time: 0.0466182
2026-06-15 20:13:21.438 9 INFO neutron.db.ovn_revision_numbers_db [None req-8b961e97-8ec2-473e-8811-c5f9f3024bdf 93b35a65fee34a9f91be0418d59e9b2b bb89c1988363413babe1fb6aee054348 - - default default] Successfully bumped revision number for resource e72fddef-1628-488c-9c6a-7b94fffab114 (type: networks) to 1
2026-06-15 20:13:21.468 10 INFO neutron.api.wsgi [req-a4bb5336-b4d8-4fe8-9739-b44ce3fbc095 req-b2c92fb4-2cee-4372-8784-19c404a4d657 93fd75e7c16c433dac6ed82ee324d3ad 04d056b16d244824b637045d713059ed - - 0c5e71a710ee4d4d9b14d4562644cb4e 0c5e71a710ee4d4d9b14d4562644cb4e] 199.19.213.159 "GET /v2.0/networks/a2251aa9-2423-4307-8cda-b424000d51de?fields=provider%3Aphysical_network&fields=provider%3Anetwork_type HTTP/1.1" status: 200 len: 277 time: 0.0537736
2026-06-15 20:13:21.474 10 INFO neutron.db.ovn_revision_numbers_db [None req-06c3d64f-4581-4923-a29d-b775cedd7a0e 7d97d21c48914304affe63b08c9c28f1 2d587055744f4f8698964a57bb2543df - - default default] Successfully bumped revision number for resource 6018be65-33f6-44b2-978e-0fb25862ebb7 (type: security_groups) to 1
2026-06-15 20:13:21.482 10 INFO neutron.db.ovn_revision_numbers_db [None req-06c3d64f-4581-4923-a29d-b775cedd7a0e 7d97d21c48914304affe63b08c9c28f1 2d587055744f4f8698964a57bb2543df - - default default] Successfully bumped revision number for resource 33d12d34-0fd5-4454-81d8-74a45c7ab03b (type: security_group_rules) to 0
2026-06-15 20:13:21.493 10 INFO neutron.db.ovn_revision_numbers_db [None req-06c3d64f-4581-4923-a29d-b775cedd7a0e 7d97d21c48914304affe63b08c9c28f1 2d587055744f4f8698964a57bb2543df - - default default] Successfully bumped revision number for resource 599400e2-b560-438f-b9eb-08cefebe91a7 (type: security_group_rules) to 0
2026-06-15 20:13:21.503 10 INFO neutron.db.ovn_revision_numbers_db [None req-06c3d64f-4581-4923-a29d-b775cedd7a0e 7d97d21c48914304affe63b08c9c28f1 2d587055744f4f8698964a57bb2543df - - default default] Successfully bumped revision number for resource 8564748e-eb14-48ec-b7fd-6e38adc4511d (type: security_group_rules) to 0
2026-06-15 20:13:21.513 10 INFO neutron.db.ovn_revision_numbers_db [None req-06c3d64f-4581-4923-a29d-b775cedd7a0e 7d97d21c48914304affe63b08c9c28f1 2d587055744f4f8698964a57bb2543df - - default default] Successfully bumped revision number for resource 8b2330df-e4cb-4050-bd9a-8b38b3a75341 (type: security_group_rules) to 0
2026-06-15 20:13:21.580 10 INFO neutron.db.segments_db [None req-06c3d64f-4581-4923-a29d-b775cedd7a0e 7d97d21c48914304affe63b08c9c28f1 2d587055744f4f8698964a57bb2543df - - default default] Added segment abedebbf-cec0-4e25-8823-531bee3add02 of type geneve for network 6963f3a9-8d4e-46ac-9c6d-839d13061772
2026-06-15 20:13:21.589 9 WARNING neutron.scheduler.dhcp_agent_scheduler [None req-8b961e97-8ec2-473e-8811-c5f9f3024bdf 93b35a65fee34a9f91be0418d59e9b2b bb89c1988363413babe1fb6aee054348 - - default default] No more DHCP agents
2026-06-15 20:13:21.590 9 WARNING neutron.api.rpc.agentnotifiers.dhcp_rpc_agent_api [None req-8b961e97-8ec2-473e-8811-c5f9f3024bdf 93b35a65fee34a9f91be0418d59e9b2b bb89c1988363413babe1fb6aee054348 - - default default] Unable to schedule network e72fddef-1628-488c-9c6a-7b94fffab114: no agents available; will retry on subsequent port and subnet creation events.
