2026-06-15 20:15:41.170 9 WARNING neutron_lib.context [None req-4abbec21-4dda-481a-a7a8-aa2bc04e1a90 45c519b4da3f4c29b86cbe62fe7a58f7 af44237ea6f84098a4a34797374b1710 - - default default] Method 'is_advsvc' is deprecated since 2023.2 release (neutron-lib 3.8.0) and will be removed once support for the old RBAC API policies will be removed from Neutron. Please use method 'is_service_role' instead.
2026-06-15 20:15:41.200 10 INFO neutron.db.ovn_revision_numbers_db [None req-c1447c42-ff1a-415c-bc67-8f7ed844d1c4 4d3b9bd99ea24fbbafeeb98e85924d10 51d8ab0906984b47b597e511c42a0bf7 - - default default] Successfully bumped revision number for resource bf617822-5627-444c-8c6a-868e9573e074 (type: networks) to 1
2026-06-15 20:15:41.245 9 INFO neutron.db.segments_db [None req-4abbec21-4dda-481a-a7a8-aa2bc04e1a90 45c519b4da3f4c29b86cbe62fe7a58f7 af44237ea6f84098a4a34797374b1710 - - default default] Added segment 55cda303-6299-4747-810b-1c0e7430c81d of type geneve for network 18fe450f-f34e-43ee-a500-983dd7e14310
2026-06-15 20:15:41.349 10 WARNING neutron.scheduler.dhcp_agent_scheduler [None req-c1447c42-ff1a-415c-bc67-8f7ed844d1c4 4d3b9bd99ea24fbbafeeb98e85924d10 51d8ab0906984b47b597e511c42a0bf7 - - default default] No more DHCP agents
2026-06-15 20:15:41.351 10 WARNING neutron.api.rpc.agentnotifiers.dhcp_rpc_agent_api [None req-c1447c42-ff1a-415c-bc67-8f7ed844d1c4 4d3b9bd99ea24fbbafeeb98e85924d10 51d8ab0906984b47b597e511c42a0bf7 - - default default] Unable to schedule network bf617822-5627-444c-8c6a-868e9573e074: no agents available; will retry on subsequent port and subnet creation events.
2026-06-15 20:15:41.359 9 INFO neutron.db.ovn_revision_numbers_db [None req-4abbec21-4dda-481a-a7a8-aa2bc04e1a90 45c519b4da3f4c29b86cbe62fe7a58f7 af44237ea6f84098a4a34797374b1710 - - default default] Successfully bumped revision number for resource 18fe450f-f34e-43ee-a500-983dd7e14310 (type: networks) to 1
2026-06-15 20:15:41.411 10 INFO neutron.db.ovn_revision_numbers_db [None req-c1447c42-ff1a-415c-bc67-8f7ed844d1c4 4d3b9bd99ea24fbbafeeb98e85924d10 51d8ab0906984b47b597e511c42a0bf7 - - default default] Successfully bumped revision number for resource c132244b-8fbd-46ef-9c99-744b7619cfc0 (type: ports) to 1
2026-06-15 20:15:41.436 10 INFO neutron.api.wsgi [None req-c1447c42-ff1a-415c-bc67-8f7ed844d1c4 4d3b9bd99ea24fbbafeeb98e85924d10 51d8ab0906984b47b597e511c42a0bf7 - - default default] 10.0.0.129 "POST /v2.0/networks HTTP/1.1" status: 201 len: 826 time: 0.8640330
2026-06-15 20:15:41.445 10 WARNING neutron_lib.context [None req-61504b3a-4877-4a86-aecf-92de1c19b636 4d3b9bd99ea24fbbafeeb98e85924d10 51d8ab0906984b47b597e511c42a0bf7 - - default default] Method 'is_advsvc' is deprecated since 2023.2 release (neutron-lib 3.8.0) and will be removed once support for the old RBAC API policies will be removed from Neutron. Please use method 'is_service_role' instead.
2026-06-15 20:15:41.540 9 WARNING neutron.scheduler.dhcp_agent_scheduler [None req-4abbec21-4dda-481a-a7a8-aa2bc04e1a90 45c519b4da3f4c29b86cbe62fe7a58f7 af44237ea6f84098a4a34797374b1710 - - default default] No more DHCP agents
2026-06-15 20:15:41.542 9 WARNING neutron.api.rpc.agentnotifiers.dhcp_rpc_agent_api [None req-4abbec21-4dda-481a-a7a8-aa2bc04e1a90 45c519b4da3f4c29b86cbe62fe7a58f7 af44237ea6f84098a4a34797374b1710 - - default default] Unable to schedule network 18fe450f-f34e-43ee-a500-983dd7e14310: no agents available; will retry on subsequent port and subnet creation events.
2026-06-15 20:15:41.585 9 INFO neutron.api.wsgi [None req-e755486e-9224-40e8-bcec-74beb3054946 7dd57d3e5a0f4e2bb85c50c0d54972d3 3a3fc5df4a384b7d906cdeb89e899baf - - default default] 10.0.0.129 "PUT /v2.0/routers/da303177-2b44-4f7f-b302-96746373a099/remove_router_interface HTTP/1.1" status: 200 len: 503 time: 0.6324999 /var/lib/openstack/lib/python3.12/site-packages/pycadf/identifier.py:71: UserWarning: Invalid uuid: neutron. To ensure interoperability, identifiers should be a valid uuid. warnings.warn(('Invalid uuid: %s. To ensure interoperability, '
2026-06-15 20:15:41.610 9 INFO neutron.api.wsgi [None req-5c2d6a12-93e2-473a-87b2-f4077413e42a 7dd57d3e5a0f4e2bb85c50c0d54972d3 3a3fc5df4a384b7d906cdeb89e899baf - - default default] 10.0.0.129 "GET /v2.0/ports?device_id=da303177-2b44-4f7f-b302-96746373a099 HTTP/1.1" status: 200 len: 205 time: 0.0184891
2026-06-15 20:15:41.612 10 WARNING neutron.scheduler.dhcp_agent_scheduler [None req-61504b3a-4877-4a86-aecf-92de1c19b636 4d3b9bd99ea24fbbafeeb98e85924d10 51d8ab0906984b47b597e511c42a0bf7 - - default default] No more DHCP agents
2026-06-15 20:15:41.613 10 WARNING neutron.api.rpc.agentnotifiers.dhcp_rpc_agent_api [None req-61504b3a-4877-4a86-aecf-92de1c19b636 4d3b9bd99ea24fbbafeeb98e85924d10 51d8ab0906984b47b597e511c42a0bf7 - - default default] Unable to schedule network bf617822-5627-444c-8c6a-868e9573e074: no agents available; will retry on subsequent port and subnet creation events.
2026-06-15 20:15:41.648 9 INFO neutron.db.ovn_revision_numbers_db [None req-4abbec21-4dda-481a-a7a8-aa2bc04e1a90 45c519b4da3f4c29b86cbe62fe7a58f7 af44237ea6f84098a4a34797374b1710 - - default default] Successfully bumped revision number for resource d5df8464-c53d-4c6b-bf66-33ebe2f9259f (type: ports) to 1
2026-06-15 20:15:41.690 9 INFO neutron.api.wsgi [None req-4abbec21-4dda-481a-a7a8-aa2bc04e1a90 45c519b4da3f4c29b86cbe62fe7a58f7 af44237ea6f84098a4a34797374b1710 - - default default] 10.0.0.129 "POST /v2.0/networks HTTP/1.1" status: 201 len: 830 time: 0.5247238
2026-06-15 20:15:41.705 9 WARNING neutron_lib.context [None req-72d9eb0e-69f3-4ba1-8370-9f9a3c9929b8 45c519b4da3f4c29b86cbe62fe7a58f7 af44237ea6f84098a4a34797374b1710 - - default default] Method 'is_advsvc' is deprecated since 2023.2 release (neutron-lib 3.8.0) and will be removed once support for the old RBAC API policies will be removed from Neutron. Please use method 'is_service_role' instead.
2026-06-15 20:15:41.818 9 INFO neutron.api.wsgi [None req-58e90595-1e3e-4c69-b766-36a50373306e 7dd57d3e5a0f4e2bb85c50c0d54972d3 3a3fc5df4a384b7d906cdeb89e899baf - - default default] 10.0.0.129 "DELETE /v2.0/routers/da303177-2b44-4f7f-b302-96746373a099 HTTP/1.1" status: 204 len: 168 time: 0.2006412
2026-06-15 20:15:41.952 10 INFO neutron.api.wsgi [None req-782642fa-efce-4339-86b6-c68ea334cf82 7dd57d3e5a0f4e2bb85c50c0d54972d3 3a3fc5df4a384b7d906cdeb89e899baf - - default default] 10.0.0.129 "DELETE /v2.0/subnets/538fedd2-7de4-4bdf-ac0c-d1557500e818 HTTP/1.1" status: 204 len: 168 time: 0.1292109
2026-06-15 20:15:41.966 9 WARNING neutron.scheduler.dhcp_agent_scheduler [None req-72d9eb0e-69f3-4ba1-8370-9f9a3c9929b8 45c519b4da3f4c29b86cbe62fe7a58f7 af44237ea6f84098a4a34797374b1710 - - default default] No more DHCP agents
2026-06-15 20:15:41.968 9 WARNING neutron.api.rpc.agentnotifiers.dhcp_rpc_agent_api [None req-72d9eb0e-69f3-4ba1-8370-9f9a3c9929b8 45c519b4da3f4c29b86cbe62fe7a58f7 af44237ea6f84098a4a34797374b1710 - - default default] Unable to schedule network 18fe450f-f34e-43ee-a500-983dd7e14310: no agents available; will retry on subsequent port and subnet creation events.
2026-06-15 20:15:42.027 9 INFO neutron.db.ovn_revision_numbers_db [None req-72d9eb0e-69f3-4ba1-8370-9f9a3c9929b8 45c519b4da3f4c29b86cbe62fe7a58f7 af44237ea6f84098a4a34797374b1710 - - default default] Successfully bumped revision number for resource 8b9af8b1-23aa-4531-9ee1-5ecd30aa7870 (type: ports) to 1
2026-06-15 20:15:42.054 9 INFO neutron.api.wsgi [None req-72d9eb0e-69f3-4ba1-8370-9f9a3c9929b8 45c519b4da3f4c29b86cbe62fe7a58f7 af44237ea6f84098a4a34797374b1710 - - default default] 10.0.0.129 "POST /v2.0/ports HTTP/1.1" status: 201 len: 942 time: 0.3539636 /var/lib/openstack/lib/python3.12/site-packages/pycadf/identifier.py:71: UserWarning: Invalid uuid: neutron. To ensure interoperability, identifiers should be a valid uuid. warnings.warn(('Invalid uuid: %s. To ensure interoperability, '
2026-06-15 20:15:42.062 10 INFO neutron.db.ovn_revision_numbers_db [None req-42289f8a-23f7-4ae1-84bb-300395b2e587 - - - - - -] Successfully bumped revision number for resource c132244b-8fbd-46ef-9c99-744b7619cfc0 (type: ports) to 2
2026-06-15 20:15:42.062 9 WARNING neutron_lib.context [None req-7d6491f0-6cfe-4ef0-8745-d0be96ac12d0 45c519b4da3f4c29b86cbe62fe7a58f7 af44237ea6f84098a4a34797374b1710 - - default default] Method 'is_advsvc' is deprecated since 2023.2 release (neutron-lib 3.8.0) and will be removed once support for the old RBAC API policies will be removed from Neutron. Please use method 'is_service_role' instead.
2026-06-15 20:15:42.093 10 INFO neutron.api.wsgi [None req-d189c3cc-35cb-468c-8c95-ebd9a5a71fe1 7dd57d3e5a0f4e2bb85c50c0d54972d3 3a3fc5df4a384b7d906cdeb89e899baf - - default default] 10.0.0.129 "DELETE /v2.0/subnets/10d333f7-b4d3-4e96-8636-1bf6616f75af HTTP/1.1" status: 204 len: 168 time: 0.1357925
2026-06-15 20:15:42.097 10 INFO neutron.db.ovn_revision_numbers_db [None req-42289f8a-23f7-4ae1-84bb-300395b2e587 - - - - - -] Successfully bumped revision number for resource 097c3d0a-3fb2-4d16-97a9-fdc37fa05bba (type: subnets) to 0
2026-06-15 20:15:42.118 10 INFO neutron.api.wsgi [None req-61504b3a-4877-4a86-aecf-92de1c19b636 4d3b9bd99ea24fbbafeeb98e85924d10 51d8ab0906984b47b597e511c42a0bf7 - - default default] 10.0.0.129 "POST /v2.0/subnets HTTP/1.1" status: 201 len: 825 time: 0.6785364
2026-06-15 20:15:42.129 10 WARNING neutron_lib.context [None req-0a996df0-554e-490c-9adc-ecca49f38f55 4d3b9bd99ea24fbbafeeb98e85924d10 51d8ab0906984b47b597e511c42a0bf7 - - default default] Method 'is_advsvc' is deprecated since 2023.2 release (neutron-lib 3.8.0) and will be removed once support for the old RBAC API policies will be removed from Neutron. Please use method 'is_service_role' instead.
2026-06-15 20:15:42.235 9 INFO neutron.api.wsgi [None req-7d6491f0-6cfe-4ef0-8745-d0be96ac12d0 45c519b4da3f4c29b86cbe62fe7a58f7 af44237ea6f84098a4a34797374b1710 - - default default] 10.0.0.129 "POST /v2.0/trunks HTTP/1.1" status: 201 len: 608 time: 0.1765990
2026-06-15 20:15:42.246 9 WARNING neutron_lib.context [None req-0113afe1-fa22-46cf-8d43-e95f73145102 45c519b4da3f4c29b86cbe62fe7a58f7 af44237ea6f84098a4a34797374b1710 - - default default] Method 'is_advsvc' is deprecated since 2023.2 release (neutron-lib 3.8.0) and will be removed once support for the old RBAC API policies will be removed from Neutron. Please use method 'is_service_role' instead.
2026-06-15 20:15:42.298 9 WARNING neutron_lib.context [None req-4a331037-79a1-4e3d-9f4a-db21ca0a8927 15983bcc7f1941169dcf4a535479c923 699d569832d04bc5802fe210b2891e13 - - default default] Method 'is_advsvc' is deprecated since 2023.2 release (neutron-lib 3.8.0) and will be removed once support for the old RBAC API policies will be removed from Neutron. Please use method 'is_service_role' instead.
2026-06-15 20:15:42.330 9 INFO neutron.db.segments_db [None req-0113afe1-fa22-46cf-8d43-e95f73145102 45c519b4da3f4c29b86cbe62fe7a58f7 af44237ea6f84098a4a34797374b1710 - - default default] Added segment c0e3d2ba-3055-4bb2-bb77-46fbe8ec5361 of type geneve for network 950adc5e-e0eb-4d55-a16e-d0cebcd26ab4
2026-06-15 20:15:42.445 9 INFO neutron.db.ovn_revision_numbers_db [None req-4a331037-79a1-4e3d-9f4a-db21ca0a8927 15983bcc7f1941169dcf4a535479c923 699d569832d04bc5802fe210b2891e13 - - default default] Successfully bumped revision number for resource fc291292-0f2f-431c-80b0-a798fa749896 (type: security_groups) to 1
2026-06-15 20:15:42.457 9 INFO neutron.db.ovn_revision_numbers_db [None req-0113afe1-fa22-46cf-8d43-e95f73145102 45c519b4da3f4c29b86cbe62fe7a58f7 af44237ea6f84098a4a34797374b1710 - - default default] Successfully bumped revision number for resource 950adc5e-e0eb-4d55-a16e-d0cebcd26ab4 (type: networks) to 1
2026-06-15 20:15:42.465 10 INFO neutron.services.segments.plugin [-] Segment 602a0729-7cc2-44a7-aa74-31a04e25223d resource provider aggregate not found
2026-06-15 20:15:42.467 10 INFO neutron.services.segments.plugin [-] Segment 602a0729-7cc2-44a7-aa74-31a04e25223d resource provider aggregate not found
2026-06-15 20:15:42.469 9 INFO neutron.db.ovn_revision_numbers_db [None req-4a331037-79a1-4e3d-9f4a-db21ca0a8927 15983bcc7f1941169dcf4a535479c923 699d569832d04bc5802fe210b2891e13 - - default default] Successfully bumped revision number for resource 155bc7b2-c298-43bd-8402-937f67c79267 (type: security_group_rules) to 0
2026-06-15 20:15:42.478 10 INFO neutron.services.segments.plugin [-] Segment 602a0729-7cc2-44a7-aa74-31a04e25223d resource provider not found; error: Placement Client Error (4xx): {"errors": [{"status": 404, "title": "Not Found", "detail": "The resource could not be found.\n\n No resource provider with uuid 602a0729-7cc2-44a7-aa74-31a04e25223d found for delete ", "request_id": "req-044c6d9d-9c74-474c-a3c2-064a5145ec40"}]}
2026-06-15 20:15:42.485 9 INFO neutron.db.ovn_revision_numbers_db [None req-4a331037-79a1-4e3d-9f4a-db21ca0a8927 15983bcc7f1941169dcf4a535479c923 699d569832d04bc5802fe210b2891e13 - - default default] Successfully bumped revision number for resource 47b09c27-1aae-4a69-bca0-5c4687bf5e5b (type: security_group_rules) to 0
2026-06-15 20:15:42.488 10 INFO neutron.services.segments.plugin [-] Segment 602a0729-7cc2-44a7-aa74-31a04e25223d resource provider not found; error: Placement Client Error (4xx): {"errors": [{"status": 404, "title": "Not Found", "detail": "The resource could not be found.\n\n No resource provider with uuid 602a0729-7cc2-44a7-aa74-31a04e25223d found for delete ", "request_id": "req-06d6032c-3068-425a-99cd-a1f3feee4e48"}]}
2026-06-15 20:15:42.501 9 INFO neutron.db.ovn_revision_numbers_db [None req-4a331037-79a1-4e3d-9f4a-db21ca0a8927 15983bcc7f1941169dcf4a535479c923 699d569832d04bc5802fe210b2891e13 - - default default] Successfully bumped revision number for resource 63ff15db-4531-4ba1-80da-7def67150a06 (type: security_group_rules) to 0
2026-06-15 20:15:42.506 10 INFO neutron.api.wsgi [None req-99d65898-2617-4d22-8fb7-1092a20f6457 7dd57d3e5a0f4e2bb85c50c0d54972d3 3a3fc5df4a384b7d906cdeb89e899baf - - default default] 10.0.0.129 "DELETE /v2.0/networks/3877bdfc-4204-450b-a469-b41b50205293 HTTP/1.1" status: 204 len: 168 time: 0.4058645
2026-06-15 20:15:42.515 9 INFO neutron.db.ovn_revision_numbers_db [None req-4a331037-79a1-4e3d-9f4a-db21ca0a8927 15983bcc7f1941169dcf4a535479c923 699d569832d04bc5802fe210b2891e13 - - default default] Successfully bumped revision number for resource a4f50953-15cb-4606-a91b-9f2be948b5bc (type: security_group_rules) to 0
2026-06-15 20:15:42.551 10 WARNING neutron.scheduler.dhcp_agent_scheduler [None req-0a996df0-554e-490c-9adc-ecca49f38f55 4d3b9bd99ea24fbbafeeb98e85924d10 51d8ab0906984b47b597e511c42a0bf7 - - default default] No more DHCP agents
2026-06-15 20:15:42.552 10 WARNING neutron.api.rpc.agentnotifiers.dhcp_rpc_agent_api [None req-0a996df0-554e-490c-9adc-ecca49f38f55 4d3b9bd99ea24fbbafeeb98e85924d10 51d8ab0906984b47b597e511c42a0bf7 - - default default] Unable to schedule network dbcb6816-2d1c-4dec-8158-9762bf8ff873: no agents available; will retry on subsequent port and subnet creation events.
2026-06-15 20:15:42.586 9 INFO neutron.db.segments_db [None req-4a331037-79a1-4e3d-9f4a-db21ca0a8927 15983bcc7f1941169dcf4a535479c923 699d569832d04bc5802fe210b2891e13 - - default default] Added segment ed044962-19ff-45a1-be80-59bf627e127d of type geneve for network 1ac973e8-ed23-4b1d-b708-4c2ff9c5f734
2026-06-15 20:15:42.614 9 WARNING neutron.scheduler.dhcp_agent_scheduler [None req-0113afe1-fa22-46cf-8d43-e95f73145102 45c519b4da3f4c29b86cbe62fe7a58f7 af44237ea6f84098a4a34797374b1710 - - default default] No more DHCP agents
2026-06-15 20:15:42.617 9 WARNING neutron.api.rpc.agentnotifiers.dhcp_rpc_agent_api [None req-0113afe1-fa22-46cf-8d43-e95f73145102 45c519b4da3f4c29b86cbe62fe7a58f7 af44237ea6f84098a4a34797374b1710 - - default default] Unable to schedule network 950adc5e-e0eb-4d55-a16e-d0cebcd26ab4: no agents available; will retry on subsequent port and subnet creation events.
2026-06-15 20:15:42.683 9 INFO neutron.db.ovn_revision_numbers_db [None req-0113afe1-fa22-46cf-8d43-e95f73145102 45c519b4da3f4c29b86cbe62fe7a58f7 af44237ea6f84098a4a34797374b1710 - - default default] Successfully bumped revision number for resource 4f418f91-fb47-4811-b920-a892c90d039b (type: ports) to 1
2026-06-15 20:15:42.691 10 INFO neutron.db.ovn_revision_numbers_db [None req-0a996df0-554e-490c-9adc-ecca49f38f55 4d3b9bd99ea24fbbafeeb98e85924d10 51d8ab0906984b47b597e511c42a0bf7 - - default default] Successfully bumped revision number for resource 22c81f8c-1cd3-4a79-af95-5a4ab647f9d9 (type: ports) to 1
2026-06-15 20:15:42.704 9 INFO neutron.api.wsgi [None req-0113afe1-fa22-46cf-8d43-e95f73145102 45c519b4da3f4c29b86cbe62fe7a58f7 af44237ea6f84098a4a34797374b1710 - - default default] 10.0.0.129 "POST /v2.0/networks HTTP/1.1" status: 201 len: 831 time: 0.4621236
2026-06-15 20:15:42.704 9 INFO neutron.db.ovn_revision_numbers_db [None req-4a331037-79a1-4e3d-9f4a-db21ca0a8927 15983bcc7f1941169dcf4a535479c923 699d569832d04bc5802fe210b2891e13 - - default default] Successfully bumped revision number for resource 1ac973e8-ed23-4b1d-b708-4c2ff9c5f734 (type: networks) to 1
2026-06-15 20:15:42.722 10 WARNING neutron_lib.context [None req-c64b2385-8ba4-4e8d-b925-17608d95e595 45c519b4da3f4c29b86cbe62fe7a58f7 af44237ea6f84098a4a34797374b1710 - - default default] Method 'is_advsvc' is deprecated since 2023.2 release (neutron-lib 3.8.0) and will be removed once support for the old RBAC API policies will be removed from Neutron. Please use method 'is_service_role' instead.
2026-06-15 20:15:42.860 9 WARNING neutron.scheduler.dhcp_agent_scheduler [None req-4a331037-79a1-4e3d-9f4a-db21ca0a8927 15983bcc7f1941169dcf4a535479c923 699d569832d04bc5802fe210b2891e13 - - default default] No more DHCP agents
2026-06-15 20:15:42.861 9 WARNING neutron.api.rpc.agentnotifiers.dhcp_rpc_agent_api [None req-4a331037-79a1-4e3d-9f4a-db21ca0a8927 15983bcc7f1941169dcf4a535479c923 699d569832d04bc5802fe210b2891e13 - - default default] Unable to schedule network 1ac973e8-ed23-4b1d-b708-4c2ff9c5f734: no agents available; will retry on subsequent port and subnet creation events.
2026-06-15 20:15:42.932 9 INFO neutron.db.ovn_revision_numbers_db [None req-4a331037-79a1-4e3d-9f4a-db21ca0a8927 15983bcc7f1941169dcf4a535479c923 699d569832d04bc5802fe210b2891e13 - - default default] Successfully bumped revision number for resource acc9616c-37cd-4fb8-9815-dcf9884da89f (type: ports) to 1
2026-06-15 20:15:42.955 9 INFO neutron.api.wsgi [None req-4a331037-79a1-4e3d-9f4a-db21ca0a8927 15983bcc7f1941169dcf4a535479c923 699d569832d04bc5802fe210b2891e13 - - default default] 10.0.0.129 "POST /v2.0/networks HTTP/1.1" status: 201 len: 831 time: 0.7877147
2026-06-15 20:15:42.964 9 WARNING neutron_lib.context [None req-501e8adb-4d99-4744-a5d8-0ac8a361d53b 15983bcc7f1941169dcf4a535479c923 699d569832d04bc5802fe210b2891e13 - - default default] Method 'is_advsvc' is deprecated since 2023.2 release (neutron-lib 3.8.0) and will be removed once support for the old RBAC API policies will be removed from Neutron. Please use method 'is_service_role' instead.
2026-06-15 20:15:43.181 9 WARNING neutron.scheduler.dhcp_agent_scheduler [None req-501e8adb-4d99-4744-a5d8-0ac8a361d53b 15983bcc7f1941169dcf4a535479c923 699d569832d04bc5802fe210b2891e13 - - default default] No more DHCP agents
2026-06-15 20:15:43.182 9 WARNING neutron.api.rpc.agentnotifiers.dhcp_rpc_agent_api [None req-501e8adb-4d99-4744-a5d8-0ac8a361d53b 15983bcc7f1941169dcf4a535479c923 699d569832d04bc5802fe210b2891e13 - - default default] Unable to schedule network 1ac973e8-ed23-4b1d-b708-4c2ff9c5f734: no agents available; will retry on subsequent port and subnet creation events.
2026-06-15 20:15:43.212 10 INFO neutron.api.wsgi [None req-eb3b0372-2417-4aa1-8cc9-0af651a22ba0 7dd57d3e5a0f4e2bb85c50c0d54972d3 3a3fc5df4a384b7d906cdeb89e899baf - - default default] 10.0.0.129 "DELETE /v2.0/networks/9fd50131-e158-4a38-83a2-5173f66833d0 HTTP/1.1" status: 204 len: 168 time: 0.7007041 /var/lib/openstack/lib/python3.12/site-packages/pycadf/identifier.py:71: UserWarning: Invalid uuid: neutron. To ensure interoperability, identifiers should be a valid uuid. warnings.warn(('Invalid uuid: %s. To ensure interoperability, '
2026-06-15 20:15:43.224 9 WARNING neutron_lib.context [None req-4544ddd2-7d43-488e-9ccc-4bd95fa3c019 7dd57d3e5a0f4e2bb85c50c0d54972d3 3a3fc5df4a384b7d906cdeb89e899baf - - default default] Method 'is_advsvc' is deprecated since 2023.2 release (neutron-lib 3.8.0) and will be removed once support for the old RBAC API policies will be removed from Neutron. Please use method 'is_service_role' instead.
2026-06-15 20:15:43.251 9 INFO neutron.db.ovn_revision_numbers_db [None req-501e8adb-4d99-4744-a5d8-0ac8a361d53b 15983bcc7f1941169dcf4a535479c923 699d569832d04bc5802fe210b2891e13 - - default default] Successfully bumped revision number for resource 19b90f53-8cf4-4aa8-81aa-76a5b07bc89f (type: ports) to 1
2026-06-15 20:15:43.272 9 INFO neutron.api.wsgi [None req-501e8adb-4d99-4744-a5d8-0ac8a361d53b 15983bcc7f1941169dcf4a535479c923 699d569832d04bc5802fe210b2891e13 - - default default] 10.0.0.129 "POST /v2.0/ports HTTP/1.1" status: 201 len: 942 time: 0.3127511
2026-06-15 20:15:43.281 9 WARNING neutron_lib.context [None req-39009d84-36bc-47b5-9f0d-31e17bd7a9c3 15983bcc7f1941169dcf4a535479c923 699d569832d04bc5802fe210b2891e13 - - default default] Method 'is_advsvc' is deprecated since 2023.2 release (neutron-lib 3.8.0) and will be removed once support for the old RBAC API policies will be removed from Neutron. Please use method 'is_service_role' instead.
2026-06-15 20:15:43.302 10 WARNING neutron.scheduler.dhcp_agent_scheduler [None req-c64b2385-8ba4-4e8d-b925-17608d95e595 45c519b4da3f4c29b86cbe62fe7a58f7 af44237ea6f84098a4a34797374b1710 - - default default] No more DHCP agents
2026-06-15 20:15:43.306 10 WARNING neutron.api.rpc.agentnotifiers.dhcp_rpc_agent_api [None req-c64b2385-8ba4-4e8d-b925-17608d95e595 45c519b4da3f4c29b86cbe62fe7a58f7 af44237ea6f84098a4a34797374b1710 - - default default] Unable to schedule network 950adc5e-e0eb-4d55-a16e-d0cebcd26ab4: no agents available; will retry on subsequent port and subnet creation events.
2026-06-15 20:15:43.310 9 INFO neutron.db.segments_db [None req-4544ddd2-7d43-488e-9ccc-4bd95fa3c019 7dd57d3e5a0f4e2bb85c50c0d54972d3 3a3fc5df4a384b7d906cdeb89e899baf - - default default] Added segment 599d690d-449e-448a-8fd0-f8ef400aacd7 of type geneve for network a03657b5-ca29-4086-b916-ab60c9a691ae
2026-06-15 20:15:43.381 10 INFO neutron.db.ovn_revision_numbers_db [None req-c64b2385-8ba4-4e8d-b925-17608d95e595 45c519b4da3f4c29b86cbe62fe7a58f7 af44237ea6f84098a4a34797374b1710 - - default default] Successfully bumped revision number for resource 6223b686-2bfd-4bd0-aa76-7475c0aa5427 (type: ports) to 1
2026-06-15 20:15:43.387 9 INFO neutron.db.segments_db [None req-39009d84-36bc-47b5-9f0d-31e17bd7a9c3 15983bcc7f1941169dcf4a535479c923 699d569832d04bc5802fe210b2891e13 - - default default] Added segment 33b851ec-2cd9-4a9d-9ef0-7b31f5d639fc of type geneve for network c3522b24-3722-4ab0-8c64-45d3328331a5
2026-06-15 20:15:43.404 10 INFO neutron.api.wsgi [None req-c64b2385-8ba4-4e8d-b925-17608d95e595 45c519b4da3f4c29b86cbe62fe7a58f7 af44237ea6f84098a4a34797374b1710 - - default default] 10.0.0.129 "POST /v2.0/ports HTTP/1.1" status: 201 len: 942 time: 0.6860652 /var/lib/openstack/lib/python3.12/site-packages/pycadf/identifier.py:71: UserWarning: Invalid uuid: neutron. To ensure interoperability, identifiers should be a valid uuid. warnings.warn(('Invalid uuid: %s. To ensure interoperability, '
2026-06-15 20:15:43.412 10 WARNING neutron_lib.context [None req-89ac3a7f-6350-46e5-a449-627d6e804666 45c519b4da3f4c29b86cbe62fe7a58f7 af44237ea6f84098a4a34797374b1710 - - default default] Method 'is_advsvc' is deprecated since 2023.2 release (neutron-lib 3.8.0) and will be removed once support for the old RBAC API policies will be removed from Neutron. Please use method 'is_service_role' instead.
2026-06-15 20:15:43.625 10 INFO neutron.api.wsgi [None req-89ac3a7f-6350-46e5-a449-627d6e804666 45c519b4da3f4c29b86cbe62fe7a58f7 af44237ea6f84098a4a34797374b1710 - - default default] 10.0.0.129 "POST /v2.0/trunks HTTP/1.1" status: 201 len: 608 time: 0.2152512
2026-06-15 20:15:43.630 10 INFO neutron.plugins.ml2.drivers.ovn.mech_driver.ovsdb.commands [None req-ab74cb68-5b61-4ad4-9c14-3b4f91ab4986 - - - - - -] Schedule LRP lrp-22c81f8c-1cd3-4a79-af95-5a4ab647f9d9 on gateway c169de98-b3f8-4df1-9992-1253cfbe3fd8 with priority 1
2026-06-15 20:15:43.635 10 WARNING neutron_lib.context [None req-07e2e44d-9c73-459b-938c-9c78791666f1 45c519b4da3f4c29b86cbe62fe7a58f7 af44237ea6f84098a4a34797374b1710 - - default default] Method 'is_advsvc' is deprecated since 2023.2 release (neutron-lib 3.8.0) and will be removed once support for the old RBAC API policies will be removed from Neutron. Please use method 'is_service_role' instead.
2026-06-15 20:15:43.642 10 INFO neutron.plugins.ml2.drivers.ovn.mech_driver.mech_driver [None req-e7d92af9-5236-48eb-890e-29af0aa8ad9d - - - - - -] OVN reports status up for port: 22c81f8c-1cd3-4a79-af95-5a4ab647f9d9
2026-06-15 20:15:43.657 10 INFO neutron.plugins.ml2.plugin [None req-e7d92af9-5236-48eb-890e-29af0aa8ad9d - - - - - -] Attempt 1 to provision port 22c81f8c-1cd3-4a79-af95-5a4ab647f9d9
2026-06-15 20:15:43.680 9 INFO neutron.db.ovn_revision_numbers_db [None req-4544ddd2-7d43-488e-9ccc-4bd95fa3c019 7dd57d3e5a0f4e2bb85c50c0d54972d3 3a3fc5df4a384b7d906cdeb89e899baf - - default default] Successfully bumped revision number for resource a03657b5-ca29-4086-b916-ab60c9a691ae (type: networks) to 1
2026-06-15 20:15:43.687 10 INFO neutron.db.ovn_revision_numbers_db [None req-0a996df0-554e-490c-9adc-ecca49f38f55 4d3b9bd99ea24fbbafeeb98e85924d10 51d8ab0906984b47b597e511c42a0bf7 - - default default] Successfully bumped revision number for resource 22c81f8c-1cd3-4a79-af95-5a4ab647f9d9 (type: router_ports) to 1
2026-06-15 20:15:43.755 10 INFO neutron.db.ovn_revision_numbers_db [None req-0a996df0-554e-490c-9adc-ecca49f38f55 4d3b9bd99ea24fbbafeeb98e85924d10 51d8ab0906984b47b597e511c42a0bf7 - - default default] Successfully bumped revision number for resource cc57df91-736a-4f92-816a-13fff46f7544 (type: routers) to 2
2026-06-15 20:15:43.771 9 INFO neutron.db.ovn_revision_numbers_db [None req-39009d84-36bc-47b5-9f0d-31e17bd7a9c3 15983bcc7f1941169dcf4a535479c923 699d569832d04bc5802fe210b2891e13 - - default default] Successfully bumped revision number for resource c3522b24-3722-4ab0-8c64-45d3328331a5 (type: networks) to 1
2026-06-15 20:15:43.771 10 INFO neutron.api.wsgi [None req-0a996df0-554e-490c-9adc-ecca49f38f55 4d3b9bd99ea24fbbafeeb98e85924d10 51d8ab0906984b47b597e511c42a0bf7 - - default default] 10.0.0.129 "POST /v2.0/routers HTTP/1.1" status: 201 len: 1134 time: 1.6482649
2026-06-15 20:15:43.779 10 INFO neutron.db.segments_db [None req-07e2e44d-9c73-459b-938c-9c78791666f1 45c519b4da3f4c29b86cbe62fe7a58f7 af44237ea6f84098a4a34797374b1710 - - default default] Added segment 7c5ec417-54f6-4ae5-8380-95c42d93a334 of type geneve for network 1c7e021f-9a74-4c3e-b561-2c67bb3206cc
2026-06-15 20:15:43.903 10 INFO neutron.db.ovn_revision_numbers_db [None req-07e2e44d-9c73-459b-938c-9c78791666f1 45c519b4da3f4c29b86cbe62fe7a58f7 af44237ea6f84098a4a34797374b1710 - - default default] Successfully bumped revision number for resource 1c7e021f-9a74-4c3e-b561-2c67bb3206cc (type: networks) to 1
2026-06-15 20:15:43.932 9 WARNING neutron.scheduler.dhcp_agent_scheduler [None req-4544ddd2-7d43-488e-9ccc-4bd95fa3c019 7dd57d3e5a0f4e2bb85c50c0d54972d3 3a3fc5df4a384b7d906cdeb89e899baf - - default default] No more DHCP agents
2026-06-15 20:15:43.934 9 WARNING neutron.api.rpc.agentnotifiers.dhcp_rpc_agent_api [None req-4544ddd2-7d43-488e-9ccc-4bd95fa3c019 7dd57d3e5a0f4e2bb85c50c0d54972d3 3a3fc5df4a384b7d906cdeb89e899baf - - default default] Unable to schedule network a03657b5-ca29-4086-b916-ab60c9a691ae: no agents available; will retry on subsequent port and subnet creation events.
2026-06-15 20:15:44.025 9 INFO neutron.db.ovn_revision_numbers_db [None req-4544ddd2-7d43-488e-9ccc-4bd95fa3c019 7dd57d3e5a0f4e2bb85c50c0d54972d3 3a3fc5df4a384b7d906cdeb89e899baf - - default default] Successfully bumped revision number for resource 60d84c83-ffa9-424c-84ff-f35a3ff615cd (type: ports) to 1
2026-06-15 20:15:44.041 9 WARNING neutron.scheduler.dhcp_agent_scheduler [None req-39009d84-36bc-47b5-9f0d-31e17bd7a9c3 15983bcc7f1941169dcf4a535479c923 699d569832d04bc5802fe210b2891e13 - - default default] No more DHCP agents
2026-06-15 20:15:44.044 9 WARNING neutron.api.rpc.agentnotifiers.dhcp_rpc_agent_api [None req-39009d84-36bc-47b5-9f0d-31e17bd7a9c3 15983bcc7f1941169dcf4a535479c923 699d569832d04bc5802fe210b2891e13 - - default default] Unable to schedule network c3522b24-3722-4ab0-8c64-45d3328331a5: no agents available; will retry on subsequent port and subnet creation events.
2026-06-15 20:15:44.050 9 INFO neutron.api.wsgi [None req-4544ddd2-7d43-488e-9ccc-4bd95fa3c019 7dd57d3e5a0f4e2bb85c50c0d54972d3 3a3fc5df4a384b7d906cdeb89e899baf - - default default] 10.0.0.129 "POST /v2.0/networks HTTP/1.1" status: 201 len: 832 time: 0.8319225
2026-06-15 20:15:44.061 10 WARNING neutron_lib.context [None req-060d11dc-96e0-48fa-897a-13f313f9c953 7dd57d3e5a0f4e2bb85c50c0d54972d3 3a3fc5df4a384b7d906cdeb89e899baf - - default default] Method 'is_advsvc' is deprecated since 2023.2 release (neutron-lib 3.8.0) and will be removed once support for the old RBAC API policies will be removed from Neutron. Please use method 'is_service_role' instead.
2026-06-15 20:15:44.090 10 WARNING neutron.scheduler.dhcp_agent_scheduler [None req-07e2e44d-9c73-459b-938c-9c78791666f1 45c519b4da3f4c29b86cbe62fe7a58f7 af44237ea6f84098a4a34797374b1710 - - default default] No more DHCP agents
2026-06-15 20:15:44.092 10 WARNING neutron.api.rpc.agentnotifiers.dhcp_rpc_agent_api [None req-07e2e44d-9c73-459b-938c-9c78791666f1 45c519b4da3f4c29b86cbe62fe7a58f7 af44237ea6f84098a4a34797374b1710 - - default default] Unable to schedule network 1c7e021f-9a74-4c3e-b561-2c67bb3206cc: no agents available; will retry on subsequent port and subnet creation events.
2026-06-15 20:15:44.122 9 INFO neutron.db.ovn_revision_numbers_db [None req-39009d84-36bc-47b5-9f0d-31e17bd7a9c3 15983bcc7f1941169dcf4a535479c923 699d569832d04bc5802fe210b2891e13 - - default default] Successfully bumped revision number for resource 26f087c6-6539-4bf3-960d-93928b71d588 (type: ports) to 1
2026-06-15 20:15:44.181 9 INFO neutron.api.wsgi [None req-39009d84-36bc-47b5-9f0d-31e17bd7a9c3 15983bcc7f1941169dcf4a535479c923 699d569832d04bc5802fe210b2891e13 - - default default] 10.0.0.129 "POST /v2.0/networks HTTP/1.1" status: 201 len: 831 time: 0.9032514
2026-06-15 20:15:44.188 10 WARNING neutron_lib.context [None req-7f3afe1d-b918-42a8-9a3f-ecafdf8e249c 15983bcc7f1941169dcf4a535479c923 699d569832d04bc5802fe210b2891e13 - - default default] Method 'is_advsvc' is deprecated since 2023.2 release (neutron-lib 3.8.0) and will be removed once support for the old RBAC API policies will be removed from Neutron. Please use method 'is_service_role' instead.
2026-06-15 20:15:44.191 10 INFO neutron.db.ovn_revision_numbers_db [None req-07e2e44d-9c73-459b-938c-9c78791666f1 45c519b4da3f4c29b86cbe62fe7a58f7 af44237ea6f84098a4a34797374b1710 - - default default] Successfully bumped revision number for resource ea45c3b8-3453-4916-83d1-47ccd7d94d2a (type: ports) to 1
2026-06-15 20:15:44.220 10 INFO neutron.api.wsgi [None req-07e2e44d-9c73-459b-938c-9c78791666f1 45c519b4da3f4c29b86cbe62fe7a58f7 af44237ea6f84098a4a34797374b1710 - - default default] 10.0.0.129 "POST /v2.0/networks HTTP/1.1" status: 201 len: 830 time: 0.5887859
2026-06-15 20:15:44.230 10 WARNING neutron_lib.context [None req-4b8ba7a8-eefe-447c-a400-7d36c470b0a5 45c519b4da3f4c29b86cbe62fe7a58f7 af44237ea6f84098a4a34797374b1710 - - default default] Method 'is_advsvc' is deprecated since 2023.2 release (neutron-lib 3.8.0) and will be removed once support for the old RBAC API policies will be removed from Neutron. Please use method 'is_service_role' instead.
2026-06-15 20:15:44.332 10 WARNING neutron.scheduler.dhcp_agent_scheduler [None req-060d11dc-96e0-48fa-897a-13f313f9c953 7dd57d3e5a0f4e2bb85c50c0d54972d3 3a3fc5df4a384b7d906cdeb89e899baf - - default default] No more DHCP agents
2026-06-15 20:15:44.338 10 WARNING neutron.api.rpc.agentnotifiers.dhcp_rpc_agent_api [None req-060d11dc-96e0-48fa-897a-13f313f9c953 7dd57d3e5a0f4e2bb85c50c0d54972d3 3a3fc5df4a384b7d906cdeb89e899baf - - default default] Unable to schedule network a03657b5-ca29-4086-b916-ab60c9a691ae: no agents available; will retry on subsequent port and subnet creation events.
2026-06-15 20:15:44.390 9 WARNING neutron.scheduler.dhcp_agent_scheduler [None req-ed09e69c-3827-4192-9f74-d0048e16cb52 4d3b9bd99ea24fbbafeeb98e85924d10 51d8ab0906984b47b597e511c42a0bf7 - - default default] No more DHCP agents
2026-06-15 20:15:44.391 9 WARNING neutron.api.rpc.agentnotifiers.dhcp_rpc_agent_api [None req-ed09e69c-3827-4192-9f74-d0048e16cb52 4d3b9bd99ea24fbbafeeb98e85924d10 51d8ab0906984b47b597e511c42a0bf7 - - default default] Unable to schedule network bf617822-5627-444c-8c6a-868e9573e074: no agents available; will retry on subsequent port and subnet creation events.
2026-06-15 20:15:44.398 10 INFO neutron.db.ovn_revision_numbers_db [None req-060d11dc-96e0-48fa-897a-13f313f9c953 7dd57d3e5a0f4e2bb85c50c0d54972d3 3a3fc5df4a384b7d906cdeb89e899baf - - default default] Successfully bumped revision number for resource d38c96a3-a5c1-4077-9b9a-3c048e00dc31 (type: subnets) to 0
2026-06-15 20:15:44.420 10 INFO neutron.api.wsgi [None req-060d11dc-96e0-48fa-897a-13f313f9c953 7dd57d3e5a0f4e2bb85c50c0d54972d3 3a3fc5df4a384b7d906cdeb89e899baf - - default default] 10.0.0.129 "POST /v2.0/subnets HTTP/1.1" status: 201 len: 845 time: 0.3640704
2026-06-15 20:15:44.429 9 WARNING neutron_lib.context [None req-29dca905-e5b2-42f0-ad2c-5a921d7a5a67 7dd57d3e5a0f4e2bb85c50c0d54972d3 3a3fc5df4a384b7d906cdeb89e899baf - - default default] Method 'is_advsvc' is deprecated since 2023.2 release (neutron-lib 3.8.0) and will be removed once support for the old RBAC API policies will be removed from Neutron. Please use method 'is_service_role' instead.
2026-06-15 20:15:44.503 10 INFO neutron.services.segments.plugin [-] Segment 9851c674-2c24-4496-ad15-cabb4d70e107 resource provider aggregate not found
2026-06-15 20:15:44.506 10 INFO neutron.services.segments.plugin [-] Segment 9851c674-2c24-4496-ad15-cabb4d70e107 resource provider aggregate not found
2026-06-15 20:15:44.518 10 INFO neutron.services.segments.plugin [-] Segment 9851c674-2c24-4496-ad15-cabb4d70e107 resource provider not found; error: Placement Client Error (4xx): {"errors": [{"status": 404, "title": "Not Found", "detail": "The resource could not be found.\n\n No resource provider with uuid 9851c674-2c24-4496-ad15-cabb4d70e107 found for delete ", "request_id": "req-606270c5-8874-4055-b6a6-d9fc63b3aa94"}]}
2026-06-15 20:15:44.524 10 INFO neutron.services.segments.plugin [-] Segment 9851c674-2c24-4496-ad15-cabb4d70e107 resource provider not found; error: Placement Client Error (4xx): {"errors": [{"status": 404, "title": "Not Found", "detail": "The resource could not be found.\n\n No resource provider with uuid 9851c674-2c24-4496-ad15-cabb4d70e107 found for delete ", "request_id": "req-46e0b88f-36bb-4dca-8d43-93f0a9ce6cf9"}]}
2026-06-15 20:15:44.528 10 WARNING neutron.scheduler.dhcp_agent_scheduler [None req-7f3afe1d-b918-42a8-9a3f-ecafdf8e249c 15983bcc7f1941169dcf4a535479c923 699d569832d04bc5802fe210b2891e13 - - default default] No more DHCP agents
2026-06-15 20:15:44.530 10 WARNING neutron.api.rpc.agentnotifiers.dhcp_rpc_agent_api [None req-7f3afe1d-b918-42a8-9a3f-ecafdf8e249c 15983bcc7f1941169dcf4a535479c923 699d569832d04bc5802fe210b2891e13 - - default default] Unable to schedule network c3522b24-3722-4ab0-8c64-45d3328331a5: no agents available; will retry on subsequent port and subnet creation events.
2026-06-15 20:15:44.565 10 WARNING neutron.scheduler.dhcp_agent_scheduler [None req-4b8ba7a8-eefe-447c-a400-7d36c470b0a5 45c519b4da3f4c29b86cbe62fe7a58f7 af44237ea6f84098a4a34797374b1710 - - default default] No more DHCP agents
2026-06-15 20:15:44.566 10 WARNING neutron.api.rpc.agentnotifiers.dhcp_rpc_agent_api [None req-4b8ba7a8-eefe-447c-a400-7d36c470b0a5 45c519b4da3f4c29b86cbe62fe7a58f7 af44237ea6f84098a4a34797374b1710 - - default default] Unable to schedule network 1c7e021f-9a74-4c3e-b561-2c67bb3206cc: no agents available; will retry on subsequent port and subnet creation events.
2026-06-15 20:15:44.585 9 INFO neutron.db.ovn_revision_numbers_db [None req-29dca905-e5b2-42f0-ad2c-5a921d7a5a67 7dd57d3e5a0f4e2bb85c50c0d54972d3 3a3fc5df4a384b7d906cdeb89e899baf - - default default] Successfully bumped revision number for resource a3e58210-2ad4-4d16-b25a-92cd3d7aa9f6 (type: routers) to 1
2026-06-15 20:15:44.594 9 INFO neutron.db.ovn_revision_numbers_db [None req-ed09e69c-3827-4192-9f74-d0048e16cb52 4d3b9bd99ea24fbbafeeb98e85924d10 51d8ab0906984b47b597e511c42a0bf7 - - default default] Successfully bumped revision number for resource 9ff84fa4-3edf-4ee8-8524-3194ed98bc0b (type: ports) to 1
2026-06-15 20:15:44.599 9 INFO neutron.api.wsgi [None req-29dca905-e5b2-42f0-ad2c-5a921d7a5a67 7dd57d3e5a0f4e2bb85c50c0d54972d3 3a3fc5df4a384b7d906cdeb89e899baf - - default default] 10.0.0.129 "POST /v2.0/routers HTTP/1.1" status: 201 len: 805 time: 0.1746912
2026-06-15 20:15:44.603 10 INFO neutron.db.ovn_revision_numbers_db [None req-7f3afe1d-b918-42a8-9a3f-ecafdf8e249c 15983bcc7f1941169dcf4a535479c923 699d569832d04bc5802fe210b2891e13 - - default default] Successfully bumped revision number for resource eb74e713-d448-4b8d-9ce8-2c67824013d1 (type: ports) to 1
2026-06-15 20:15:44.625 9 WARNING neutron_lib.context [None req-43b2e26d-dfa4-428b-af4e-ba640bbb7597 7dd57d3e5a0f4e2bb85c50c0d54972d3 3a3fc5df4a384b7d906cdeb89e899baf - - default default] Method 'is_advsvc' is deprecated since 2023.2 release (neutron-lib 3.8.0) and will be removed once support for the old RBAC API policies will be removed from Neutron. Please use method 'is_service_role' instead.
2026-06-15 20:15:44.638 10 INFO neutron.api.wsgi [None req-7f3afe1d-b918-42a8-9a3f-ecafdf8e249c 15983bcc7f1941169dcf4a535479c923 699d569832d04bc5802fe210b2891e13 - - default default] 10.0.0.129 "POST /v2.0/ports HTTP/1.1" status: 201 len: 942 time: 0.4537673 /var/lib/openstack/lib/python3.12/site-packages/pycadf/identifier.py:71: UserWarning: Invalid uuid: neutron. To ensure interoperability, identifiers should be a valid uuid. warnings.warn(('Invalid uuid: %s. To ensure interoperability, '
2026-06-15 20:15:44.647 10 WARNING neutron_lib.context [None req-e6418566-2311-4f13-adad-e1a7c65f0d67 15983bcc7f1941169dcf4a535479c923 699d569832d04bc5802fe210b2891e13 - - default default] Method 'is_advsvc' is deprecated since 2023.2 release (neutron-lib 3.8.0) and will be removed once support for the old RBAC API policies will be removed from Neutron. Please use method 'is_service_role' instead.
2026-06-15 20:15:44.657 10 INFO neutron.db.ovn_revision_numbers_db [None req-4b8ba7a8-eefe-447c-a400-7d36c470b0a5 45c519b4da3f4c29b86cbe62fe7a58f7 af44237ea6f84098a4a34797374b1710 - - default default] Successfully bumped revision number for resource e77cef35-285f-465f-8a35-0c0ce0c82bf8 (type: ports) to 1
2026-06-15 20:15:44.703 10 INFO neutron.api.wsgi [None req-4b8ba7a8-eefe-447c-a400-7d36c470b0a5 45c519b4da3f4c29b86cbe62fe7a58f7 af44237ea6f84098a4a34797374b1710 - - default default] 10.0.0.129 "POST /v2.0/ports HTTP/1.1" status: 201 len: 942 time: 0.4783185
2026-06-15 20:15:44.713 10 WARNING neutron_lib.context [None req-229bc1c2-64fc-4287-a344-207c9db7083f 45c519b4da3f4c29b86cbe62fe7a58f7 af44237ea6f84098a4a34797374b1710 - - default default] Method 'is_advsvc' is deprecated since 2023.2 release (neutron-lib 3.8.0) and will be removed once support for the old RBAC API policies will be removed from Neutron. Please use method 'is_service_role' instead.
2026-06-15 20:15:44.766 10 INFO neutron.db.segments_db [None req-e6418566-2311-4f13-adad-e1a7c65f0d67 15983bcc7f1941169dcf4a535479c923 699d569832d04bc5802fe210b2891e13 - - default default] Added segment cd39cdee-c1ab-409e-8bef-13f5f95ff0f8 of type geneve for network 91ef6775-1a50-4a50-9607-c1a955b386ab
2026-06-15 20:15:44.906 10 INFO neutron.api.wsgi [None req-229bc1c2-64fc-4287-a344-207c9db7083f 45c519b4da3f4c29b86cbe62fe7a58f7 af44237ea6f84098a4a34797374b1710 - - default default] 10.0.0.129 "POST /v2.0/trunks HTTP/1.1" status: 201 len: 608 time: 0.1950965
2026-06-15 20:15:44.916 10 WARNING neutron_lib.context [None req-febfc8f4-d21f-4773-8afe-2e1ee7349567 45c519b4da3f4c29b86cbe62fe7a58f7 af44237ea6f84098a4a34797374b1710 - - default default] Method 'is_advsvc' is deprecated since 2023.2 release (neutron-lib 3.8.0) and will be removed once support for the old RBAC API policies will be removed from Neutron. Please use method 'is_service_role' instead.
2026-06-15 20:15:44.923 10 INFO neutron.db.ovn_revision_numbers_db [None req-e6418566-2311-4f13-adad-e1a7c65f0d67 15983bcc7f1941169dcf4a535479c923 699d569832d04bc5802fe210b2891e13 - - default default] Successfully bumped revision number for resource 91ef6775-1a50-4a50-9607-c1a955b386ab (type: networks) to 1
2026-06-15 20:15:45.001 10 INFO neutron.db.segments_db [None req-febfc8f4-d21f-4773-8afe-2e1ee7349567 45c519b4da3f4c29b86cbe62fe7a58f7 af44237ea6f84098a4a34797374b1710 - - default default] Added segment cdf5ff36-a7c0-44ec-990a-a5987b34b6db of type geneve for network 5cae15dd-b939-4e15-b63c-774f94408d30
2026-06-15 20:15:45.029 9 WARNING neutron.scheduler.dhcp_agent_scheduler [None req-43b2e26d-dfa4-428b-af4e-ba640bbb7597 7dd57d3e5a0f4e2bb85c50c0d54972d3 3a3fc5df4a384b7d906cdeb89e899baf - - default default] No more DHCP agents
2026-06-15 20:15:45.031 9 WARNING neutron.api.rpc.agentnotifiers.dhcp_rpc_agent_api [None req-43b2e26d-dfa4-428b-af4e-ba640bbb7597 7dd57d3e5a0f4e2bb85c50c0d54972d3 3a3fc5df4a384b7d906cdeb89e899baf - - default default] Unable to schedule network a03657b5-ca29-4086-b916-ab60c9a691ae: no agents available; will retry on subsequent port and subnet creation events.
2026-06-15 20:15:45.133 10 WARNING neutron.scheduler.dhcp_agent_scheduler [None req-e6418566-2311-4f13-adad-e1a7c65f0d67 15983bcc7f1941169dcf4a535479c923 699d569832d04bc5802fe210b2891e13 - - default default] No more DHCP agents
2026-06-15 20:15:45.135 10 WARNING neutron.api.rpc.agentnotifiers.dhcp_rpc_agent_api [None req-e6418566-2311-4f13-adad-e1a7c65f0d67 15983bcc7f1941169dcf4a535479c923 699d569832d04bc5802fe210b2891e13 - - default default] Unable to schedule network 91ef6775-1a50-4a50-9607-c1a955b386ab: no agents available; will retry on subsequent port and subnet creation events.
2026-06-15 20:15:45.146 9 INFO neutron.db.ovn_revision_numbers_db [None req-43b2e26d-dfa4-428b-af4e-ba640bbb7597 7dd57d3e5a0f4e2bb85c50c0d54972d3 3a3fc5df4a384b7d906cdeb89e899baf - - default default] Successfully bumped revision number for resource 595ac810-00dc-4e12-9d97-a6fbd21b8a16 (type: ports) to 1
2026-06-15 20:15:45.152 10 INFO neutron.db.ovn_revision_numbers_db [None req-febfc8f4-d21f-4773-8afe-2e1ee7349567 45c519b4da3f4c29b86cbe62fe7a58f7 af44237ea6f84098a4a34797374b1710 - - default default] Successfully bumped revision number for resource 5cae15dd-b939-4e15-b63c-774f94408d30 (type: networks) to 1
2026-06-15 20:15:45.167 9 INFO neutron.api.wsgi [None req-43b2e26d-dfa4-428b-af4e-ba640bbb7597 7dd57d3e5a0f4e2bb85c50c0d54972d3 3a3fc5df4a384b7d906cdeb89e899baf - - default default] 10.0.0.129 "POST /v2.0/ports HTTP/1.1" status: 201 len: 1159 time: 0.5616236 /var/lib/openstack/lib/python3.12/site-packages/pycadf/identifier.py:71: UserWarning: Invalid uuid: neutron. To ensure interoperability, identifiers should be a valid uuid. warnings.warn(('Invalid uuid: %s. To ensure interoperability, '
2026-06-15 20:15:45.214 10 INFO neutron.db.ovn_revision_numbers_db [None req-e6418566-2311-4f13-adad-e1a7c65f0d67 15983bcc7f1941169dcf4a535479c923 699d569832d04bc5802fe210b2891e13 - - default default] Successfully bumped revision number for resource ee93fa73-ce5d-43df-add2-9e0e19b78153 (type: ports) to 1
2026-06-15 20:15:45.242 10 INFO neutron.api.wsgi [None req-e6418566-2311-4f13-adad-e1a7c65f0d67 15983bcc7f1941169dcf4a535479c923 699d569832d04bc5802fe210b2891e13 - - default default] 10.0.0.129 "POST /v2.0/networks HTTP/1.1" status: 201 len: 831 time: 0.5997829
2026-06-15 20:15:45.252 9 WARNING neutron_lib.context [None req-8cf396b6-cee2-44d3-ba71-b2aa02b1114c 15983bcc7f1941169dcf4a535479c923 699d569832d04bc5802fe210b2891e13 - - default default] Method 'is_advsvc' is deprecated since 2023.2 release (neutron-lib 3.8.0) and will be removed once support for the old RBAC API policies will be removed from Neutron. Please use method 'is_service_role' instead.
2026-06-15 20:15:45.312 10 WARNING neutron.scheduler.dhcp_agent_scheduler [None req-febfc8f4-d21f-4773-8afe-2e1ee7349567 45c519b4da3f4c29b86cbe62fe7a58f7 af44237ea6f84098a4a34797374b1710 - - default default] No more DHCP agents
2026-06-15 20:15:45.313 10 WARNING neutron.api.rpc.agentnotifiers.dhcp_rpc_agent_api [None req-febfc8f4-d21f-4773-8afe-2e1ee7349567 45c519b4da3f4c29b86cbe62fe7a58f7 af44237ea6f84098a4a34797374b1710 - - default default] Unable to schedule network 5cae15dd-b939-4e15-b63c-774f94408d30: no agents available; will retry on subsequent port and subnet creation events.
2026-06-15 20:15:45.365 10 INFO neutron.db.ovn_revision_numbers_db [None req-febfc8f4-d21f-4773-8afe-2e1ee7349567 45c519b4da3f4c29b86cbe62fe7a58f7 af44237ea6f84098a4a34797374b1710 - - default default] Successfully bumped revision number for resource af7c0939-216c-4e38-aa48-1568d1d2e1c5 (type: ports) to 1
2026-06-15 20:15:45.388 10 INFO neutron.api.wsgi [None req-febfc8f4-d21f-4773-8afe-2e1ee7349567 45c519b4da3f4c29b86cbe62fe7a58f7 af44237ea6f84098a4a34797374b1710 - - default default] 10.0.0.129 "POST /v2.0/networks HTTP/1.1" status: 201 len: 830 time: 0.4785247
2026-06-15 20:15:45.395 10 WARNING neutron_lib.context [None req-920d278d-edd7-4d5f-9f94-46f2d88fe2dd 45c519b4da3f4c29b86cbe62fe7a58f7 af44237ea6f84098a4a34797374b1710 - - default default] Method 'is_advsvc' is deprecated since 2023.2 release (neutron-lib 3.8.0) and will be removed once support for the old RBAC API policies will be removed from Neutron. Please use method 'is_service_role' instead.
2026-06-15 20:15:45.464 9 INFO neutron.db.ovn_revision_numbers_db [None req-ed09e69c-3827-4192-9f74-d0048e16cb52 4d3b9bd99ea24fbbafeeb98e85924d10 51d8ab0906984b47b597e511c42a0bf7 - - default default] Successfully bumped revision number for resource 9ff84fa4-3edf-4ee8-8524-3194ed98bc0b (type: ports) to 1
2026-06-15 20:15:45.576 9 WARNING neutron.scheduler.dhcp_agent_scheduler [None req-ed09e69c-3827-4192-9f74-d0048e16cb52 4d3b9bd99ea24fbbafeeb98e85924d10 51d8ab0906984b47b597e511c42a0bf7 - - default default] No more DHCP agents
2026-06-15 20:15:45.587 9 WARNING neutron.api.rpc.agentnotifiers.dhcp_rpc_agent_api [None req-ed09e69c-3827-4192-9f74-d0048e16cb52 4d3b9bd99ea24fbbafeeb98e85924d10 51d8ab0906984b47b597e511c42a0bf7 - - default default] Unable to schedule network bf617822-5627-444c-8c6a-868e9573e074: no agents available; will retry on subsequent port and subnet creation events.
2026-06-15 20:15:45.621 10 WARNING neutron.scheduler.dhcp_agent_scheduler [None req-920d278d-edd7-4d5f-9f94-46f2d88fe2dd 45c519b4da3f4c29b86cbe62fe7a58f7 af44237ea6f84098a4a34797374b1710 - - default default] No more DHCP agents
2026-06-15 20:15:45.622 10 WARNING neutron.api.rpc.agentnotifiers.dhcp_rpc_agent_api [None req-920d278d-edd7-4d5f-9f94-46f2d88fe2dd 45c519b4da3f4c29b86cbe62fe7a58f7 af44237ea6f84098a4a34797374b1710 - - default default] Unable to schedule network 5cae15dd-b939-4e15-b63c-774f94408d30: no agents available; will retry on subsequent port and subnet creation events.
2026-06-15 20:15:45.641 9 WARNING neutron.scheduler.dhcp_agent_scheduler [None req-8cf396b6-cee2-44d3-ba71-b2aa02b1114c 15983bcc7f1941169dcf4a535479c923 699d569832d04bc5802fe210b2891e13 - - default default] No more DHCP agents
2026-06-15 20:15:45.644 9 WARNING neutron.api.rpc.agentnotifiers.dhcp_rpc_agent_api [None req-8cf396b6-cee2-44d3-ba71-b2aa02b1114c 15983bcc7f1941169dcf4a535479c923 699d569832d04bc5802fe210b2891e13 - - default default] Unable to schedule network 91ef6775-1a50-4a50-9607-c1a955b386ab: no agents available; will retry on subsequent port and subnet creation events.
2026-06-15 20:15:45.696 10 INFO neutron.db.ovn_revision_numbers_db [None req-920d278d-edd7-4d5f-9f94-46f2d88fe2dd 45c519b4da3f4c29b86cbe62fe7a58f7 af44237ea6f84098a4a34797374b1710 - - default default] Successfully bumped revision number for resource e91b4dc1-53bd-46c0-9d4b-e4ed15dda2f2 (type: ports) to 1
2026-06-15 20:15:45.703 9 WARNING neutron.plugins.ml2.drivers.ovn.mech_driver.ovsdb.ovn_client [None req-b3a0d527-44c0-4a3a-a2b4-fed531b46976 - - - - - -] No port found with ID 96f9f0df-7938-48c6-be1b-eee831c5d91d: RuntimeError: No port found with ID 96f9f0df-7938-48c6-be1b-eee831c5d91d
2026-06-15 20:15:45.723 10 INFO neutron.api.wsgi [None req-920d278d-edd7-4d5f-9f94-46f2d88fe2dd 45c519b4da3f4c29b86cbe62fe7a58f7 af44237ea6f84098a4a34797374b1710 - - default default] 10.0.0.129 "POST /v2.0/ports HTTP/1.1" status: 201 len: 942 time: 0.3312435 /var/lib/openstack/lib/python3.12/site-packages/pycadf/identifier.py:71: UserWarning: Invalid uuid: neutron. To ensure interoperability, identifiers should be a valid uuid. warnings.warn(('Invalid uuid: %s. To ensure interoperability, '
2026-06-15 20:15:45.733 10 WARNING neutron_lib.context [None req-09d20e17-1a73-4720-b6be-f961aea8ccb4 45c519b4da3f4c29b86cbe62fe7a58f7 af44237ea6f84098a4a34797374b1710 - - default default] Method 'is_advsvc' is deprecated since 2023.2 release (neutron-lib 3.8.0) and will be removed once support for the old RBAC API policies will be removed from Neutron. Please use method 'is_service_role' instead.
