2026-06-15 20:16:04.713 9 INFO neutron.api.wsgi [None req-c31824b4-67f9-4a94-92e9-a9e19959e504 1a7bfbcc99f147ebb9941d3786225d3a 3f58fa161a4143a18370d34b7ba0f89a - - default default] 10.0.0.129 "DELETE /v2.0/security-groups/d333f563-4dba-4f94-9a5a-1f9347e6525b HTTP/1.1" status: 204 len: 168 time: 0.1947103
2026-06-15 20:16:04.746 10 INFO neutron.db.ovn_revision_numbers_db [None req-4d1b7d5c-dbb2-4e1a-8f6e-5bc27b6f0ff0 bd2ed2b99a8f4020a15938ce2e180049 a4619256169b42de809409286dae87ea - - default default] Successfully bumped revision number for resource 1e1a2ec0-fefb-4c1f-939c-fa46b5e23a17 (type: routers) to 7
2026-06-15 20:16:04.751 10 INFO neutron.api.wsgi [None req-4d1b7d5c-dbb2-4e1a-8f6e-5bc27b6f0ff0 bd2ed2b99a8f4020a15938ce2e180049 a4619256169b42de809409286dae87ea - - default default] 10.0.0.129 "PUT /v2.0/routers/1e1a2ec0-fefb-4c1f-939c-fa46b5e23a17 HTTP/1.1" status: 200 len: 770 time: 0.3253596
2026-06-15 20:16:04.776 10 INFO neutron.api.wsgi [None req-c49caa6e-93e0-4b2c-aabd-29c1c3b3e537 bd2ed2b99a8f4020a15938ce2e180049 a4619256169b42de809409286dae87ea - - default default] 10.0.0.129 "GET /v2.0/ports?device_id=1e1a2ec0-fefb-4c1f-939c-fa46b5e23a17 HTTP/1.1" status: 200 len: 205 time: 0.0215881
2026-06-15 20:16:04.969 9 INFO neutron.api.wsgi [None req-cae5ab3e-20e8-40e2-8f47-2503aa05afb0 bd2ed2b99a8f4020a15938ce2e180049 a4619256169b42de809409286dae87ea - - default default] 10.0.0.129 "DELETE /v2.0/routers/1e1a2ec0-fefb-4c1f-939c-fa46b5e23a17 HTTP/1.1" status: 204 len: 168 time: 0.1890278
2026-06-15 20:16:06.018 9 INFO neutron.db.ovn_revision_numbers_db [None req-307e7d5a-de5c-4b6a-af69-77cd4911e335 1a7bfbcc99f147ebb9941d3786225d3a 3f58fa161a4143a18370d34b7ba0f89a - - default default] Successfully bumped revision number for resource 7f9fc235-413e-482a-9df7-3b140ce312c1 (type: security_groups) to 1
2026-06-15 20:16:06.028 9 INFO neutron.db.ovn_revision_numbers_db [None req-307e7d5a-de5c-4b6a-af69-77cd4911e335 1a7bfbcc99f147ebb9941d3786225d3a 3f58fa161a4143a18370d34b7ba0f89a - - default default] Successfully bumped revision number for resource 1d263f5f-bcd8-40c2-ac6f-e3567e88a6e8 (type: security_group_rules) to 0
2026-06-15 20:16:06.040 9 INFO neutron.db.ovn_revision_numbers_db [None req-307e7d5a-de5c-4b6a-af69-77cd4911e335 1a7bfbcc99f147ebb9941d3786225d3a 3f58fa161a4143a18370d34b7ba0f89a - - default default] Successfully bumped revision number for resource 927a772f-755f-4b45-8668-a089480434af (type: security_group_rules) to 0
2026-06-15 20:16:06.052 9 INFO neutron.db.ovn_revision_numbers_db [None req-307e7d5a-de5c-4b6a-af69-77cd4911e335 1a7bfbcc99f147ebb9941d3786225d3a 3f58fa161a4143a18370d34b7ba0f89a - - default default] Successfully bumped revision number for resource 9fd98339-e392-46f5-8bcf-3a0ef3de1865 (type: security_group_rules) to 0
2026-06-15 20:16:06.067 9 INFO neutron.db.ovn_revision_numbers_db [None req-307e7d5a-de5c-4b6a-af69-77cd4911e335 1a7bfbcc99f147ebb9941d3786225d3a 3f58fa161a4143a18370d34b7ba0f89a - - default default] Successfully bumped revision number for resource e9bd06a5-4f0f-4bca-bc0b-13347b8b4dd9 (type: security_group_rules) to 0
2026-06-15 20:16:06.105 9 INFO neutron.api.wsgi [None req-307e7d5a-de5c-4b6a-af69-77cd4911e335 1a7bfbcc99f147ebb9941d3786225d3a 3f58fa161a4143a18370d34b7ba0f89a - - default default] 10.0.0.129 "GET /v2.0/security-groups?tenant_id=b7b3755341604ba2b36175ec442184d0&name=default HTTP/1.1" status: 200 len: 3124 time: 0.4140556
2026-06-15 20:16:06.229 10 INFO neutron.services.segments.plugin [-] Segment bbf42ec8-850a-42db-adc8-a39947a4a628 resource provider aggregate not found
2026-06-15 20:16:06.235 10 INFO neutron.services.segments.plugin [-] Segment bbf42ec8-850a-42db-adc8-a39947a4a628 resource provider aggregate not found
2026-06-15 20:16:06.254 10 INFO neutron.services.segments.plugin [-] Segment bbf42ec8-850a-42db-adc8-a39947a4a628 resource provider not found; error: Placement Client Error (4xx): {"errors": [{"status": 404, "title": "Not Found", "detail": "The resource could not be found.\n\n No resource provider with uuid bbf42ec8-850a-42db-adc8-a39947a4a628 found for delete ", "request_id": "req-a34a90f9-e5cd-414c-b5b0-3d243e8def34"}]}
2026-06-15 20:16:06.264 10 INFO neutron.services.segments.plugin [-] Segment bbf42ec8-850a-42db-adc8-a39947a4a628 resource provider not found; error: Placement Client Error (4xx): {"errors": [{"status": 404, "title": "Not Found", "detail": "The resource could not be found.\n\n No resource provider with uuid bbf42ec8-850a-42db-adc8-a39947a4a628 found for delete ", "request_id": "req-258a4e1a-d6b8-492c-b00b-f60f76bf9e97"}]}
2026-06-15 20:16:06.292 10 INFO neutron.api.wsgi [None req-2fec87c7-8703-4aff-ba29-2d6bc9e5ea2f b75bdc027b1c4833af1d71b4342e1477 e99e784c8724483b96a3d5e77b17bff6 - - default default] 10.0.0.129 "DELETE /v2.0/vpn/vpnservices/31a0cff1-f110-4232-9990-d7181cf50043 HTTP/1.1" status: 204 len: 168 time: 2.5720601 /var/lib/openstack/lib/python3.12/site-packages/pycadf/identifier.py:71: UserWarning: Invalid uuid: neutron. To ensure interoperability, identifiers should be a valid uuid. warnings.warn(('Invalid uuid: %s. To ensure interoperability, '
2026-06-15 20:16:06.302 10 WARNING neutron_lib.context [None req-1fc3ce86-dcf1-4f8a-8737-5186ece64782 4d3b9bd99ea24fbbafeeb98e85924d10 51d8ab0906984b47b597e511c42a0bf7 - - default default] Method 'is_advsvc' is deprecated since 2023.2 release (neutron-lib 3.8.0) and will be removed once support for the old RBAC API policies will be removed from Neutron. Please use method 'is_service_role' instead.
2026-06-15 20:16:06.371 10 INFO neutron.api.wsgi [None req-1fc3ce86-dcf1-4f8a-8737-5186ece64782 4d3b9bd99ea24fbbafeeb98e85924d10 51d8ab0906984b47b597e511c42a0bf7 - - default default] 10.0.0.129 "POST /v2.0/vpn/endpoint-groups HTTP/1.1" status: 201 len: 501 time: 0.0725193
2026-06-15 20:16:06.380 9 INFO neutron.api.wsgi [None req-dfd56cc2-a62c-4641-8fb8-4160044697dc 1a7bfbcc99f147ebb9941d3786225d3a 3f58fa161a4143a18370d34b7ba0f89a - - default default] 10.0.0.129 "DELETE /v2.0/security-groups/7f9fc235-413e-482a-9df7-3b140ce312c1 HTTP/1.1" status: 204 len: 168 time: 0.2653382
2026-06-15 20:16:06.382 10 WARNING neutron_lib.context [None req-6b7c419f-b4b1-4b7e-beed-187b9fbe3e90 4d3b9bd99ea24fbbafeeb98e85924d10 51d8ab0906984b47b597e511c42a0bf7 - - default default] Method 'is_advsvc' is deprecated since 2023.2 release (neutron-lib 3.8.0) and will be removed once support for the old RBAC API policies will be removed from Neutron. Please use method 'is_service_role' instead.
2026-06-15 20:16:06.424 10 INFO neutron.api.wsgi [None req-6b7c419f-b4b1-4b7e-beed-187b9fbe3e90 4d3b9bd99ea24fbbafeeb98e85924d10 51d8ab0906984b47b597e511c42a0bf7 - - default default] 10.0.0.129 "POST /v2.0/vpn/endpoint-groups HTTP/1.1" status: 201 len: 493 time: 0.0467484
2026-06-15 20:16:06.435 10 WARNING neutron.api.v2.base [None req-3bf82b40-9627-484b-af4b-bb5edf6ae2e4 4d3b9bd99ea24fbbafeeb98e85924d10 51d8ab0906984b47b597e511c42a0bf7 - - default default] An exception happened while processing the request body. The exception message is [Unrecognized attribute(s) 'peer_cidr'].: webob.exc.HTTPBadRequest: Unrecognized attribute(s) 'peer_cidr'
2026-06-15 20:16:06.436 10 INFO neutron.api.v2.resource [None req-3bf82b40-9627-484b-af4b-bb5edf6ae2e4 4d3b9bd99ea24fbbafeeb98e85924d10 51d8ab0906984b47b597e511c42a0bf7 - - default default] create failed (client error): Unrecognized attribute(s) 'peer_cidr'
2026-06-15 20:16:06.437 10 INFO neutron.api.wsgi [None req-3bf82b40-9627-484b-af4b-bb5edf6ae2e4 4d3b9bd99ea24fbbafeeb98e85924d10 51d8ab0906984b47b597e511c42a0bf7 - - default default] 10.0.0.129 "POST /v2.0/vpn/ipsec-site-connections HTTP/1.1" status: 400 len: 313 time: 0.0071661
2026-06-15 20:16:06.451 9 INFO neutron.api.wsgi [None req-dd09e54c-1467-4c37-a982-9d7dbc05d3ea 4d3b9bd99ea24fbbafeeb98e85924d10 51d8ab0906984b47b597e511c42a0bf7 - - default default] 10.0.0.129 "GET /v2.0/vpn/endpoint-groups HTTP/1.1" status: 200 len: 1386 time: 0.0098062
2026-06-15 20:16:06.472 9 INFO neutron.api.wsgi [None req-2954fb44-c064-4b17-b71b-71757102df24 4d3b9bd99ea24fbbafeeb98e85924d10 51d8ab0906984b47b597e511c42a0bf7 - - default default] 10.0.0.129 "DELETE /v2.0/vpn/endpoint-groups/c93f71cc-414a-4331-b1f1-1718b8c0f3ed HTTP/1.1" status: 204 len: 168 time: 0.0174749
2026-06-15 20:16:06.486 9 INFO neutron.api.wsgi [None req-7d327b83-46ca-4c0d-b785-feb887a04b5f 4d3b9bd99ea24fbbafeeb98e85924d10 51d8ab0906984b47b597e511c42a0bf7 - - default default] 10.0.0.129 "GET /v2.0/vpn/endpoint-groups HTTP/1.1" status: 200 len: 1109 time: 0.0102522
2026-06-15 20:16:06.497 9 INFO neutron.api.wsgi [None req-79abdbac-4697-45e7-892b-a62b657e36bb 4d3b9bd99ea24fbbafeeb98e85924d10 51d8ab0906984b47b597e511c42a0bf7 - - default default] 10.0.0.129 "GET /v2.0/vpn/endpoint-groups HTTP/1.1" status: 200 len: 1109 time: 0.0063977
2026-06-15 20:16:06.518 9 INFO neutron.api.wsgi [None req-31484e1c-42ce-44c3-ae03-f62ec311ce62 4d3b9bd99ea24fbbafeeb98e85924d10 51d8ab0906984b47b597e511c42a0bf7 - - default default] 10.0.0.129 "DELETE /v2.0/vpn/endpoint-groups/fe943723-65ca-4043-aa22-da5105503368 HTTP/1.1" status: 204 len: 168 time: 0.0173197
2026-06-15 20:16:06.531 9 INFO neutron.api.wsgi [None req-4ddbb71a-af7b-4787-b7af-887ac2e87349 4d3b9bd99ea24fbbafeeb98e85924d10 51d8ab0906984b47b597e511c42a0bf7 - - default default] 10.0.0.129 "GET /v2.0/vpn/endpoint-groups HTTP/1.1" status: 200 len: 825 time: 0.0094352
2026-06-15 20:16:06.540 9 WARNING neutron_lib.context [None req-a760444d-7175-41f5-b2d8-44f46aa3b94e 4d3b9bd99ea24fbbafeeb98e85924d10 51d8ab0906984b47b597e511c42a0bf7 - - default default] Method 'is_advsvc' is deprecated since 2023.2 release (neutron-lib 3.8.0) and will be removed once support for the old RBAC API policies will be removed from Neutron. Please use method 'is_service_role' instead.
2026-06-15 20:16:06.587 9 INFO neutron.api.wsgi [None req-a760444d-7175-41f5-b2d8-44f46aa3b94e 4d3b9bd99ea24fbbafeeb98e85924d10 51d8ab0906984b47b597e511c42a0bf7 - - default default] 10.0.0.129 "POST /v2.0/vpn/endpoint-groups HTTP/1.1" status: 201 len: 500 time: 0.0515420
2026-06-15 20:16:06.597 9 WARNING neutron_lib.context [None req-8b5a8dc9-0fcc-4198-af2f-21b952529aa6 4d3b9bd99ea24fbbafeeb98e85924d10 51d8ab0906984b47b597e511c42a0bf7 - - default default] Method 'is_advsvc' is deprecated since 2023.2 release (neutron-lib 3.8.0) and will be removed once support for the old RBAC API policies will be removed from Neutron. Please use method 'is_service_role' instead.
2026-06-15 20:16:06.631 9 INFO neutron.api.wsgi [None req-8b5a8dc9-0fcc-4198-af2f-21b952529aa6 4d3b9bd99ea24fbbafeeb98e85924d10 51d8ab0906984b47b597e511c42a0bf7 - - default default] 10.0.0.129 "POST /v2.0/vpn/endpoint-groups HTTP/1.1" status: 201 len: 493 time: 0.0395429
2026-06-15 20:16:06.643 10 WARNING neutron_lib.context [None req-b8693c80-2869-435b-93a4-349bea639ca1 4d3b9bd99ea24fbbafeeb98e85924d10 51d8ab0906984b47b597e511c42a0bf7 - - default default] Method 'is_advsvc' is deprecated since 2023.2 release (neutron-lib 3.8.0) and will be removed once support for the old RBAC API policies will be removed from Neutron. Please use method 'is_service_role' instead.
2026-06-15 20:16:06.688 10 INFO neutron.api.v2.resource [None req-b8693c80-2869-435b-93a4-349bea639ca1 4d3b9bd99ea24fbbafeeb98e85924d10 51d8ab0906984b47b597e511c42a0bf7 - - default default] create failed (client error): The server could not comply with the request since it is either malformed or otherwise incorrect.
2026-06-15 20:16:06.689 10 INFO neutron.api.wsgi [None req-b8693c80-2869-435b-93a4-349bea639ca1 4d3b9bd99ea24fbbafeeb98e85924d10 51d8ab0906984b47b597e511c42a0bf7 - - default default] 10.0.0.129 "POST /v2.0/vpn/ipsec-site-connections HTTP/1.1" status: 400 len: 373 time: 0.0523353
2026-06-15 20:16:06.706 10 INFO neutron.db.ovn_revision_numbers_db [None req-506ba78a-b26f-4819-8dea-eb546a1b3a2e 1a7bfbcc99f147ebb9941d3786225d3a 3f58fa161a4143a18370d34b7ba0f89a - - default default] Successfully bumped revision number for resource d07bed06-055c-4704-8d70-bc3e2fbbe8fe (type: security_groups) to 1
2026-06-15 20:16:06.709 9 INFO neutron.api.wsgi [None req-0da7298a-3faa-4547-8d03-43f1f71ba434 4d3b9bd99ea24fbbafeeb98e85924d10 51d8ab0906984b47b597e511c42a0bf7 - - default default] 10.0.0.129 "GET /v2.0/vpn/endpoint-groups HTTP/1.1" status: 200 len: 1385 time: 0.0109375
2026-06-15 20:16:06.722 10 INFO neutron.db.ovn_revision_numbers_db [None req-506ba78a-b26f-4819-8dea-eb546a1b3a2e 1a7bfbcc99f147ebb9941d3786225d3a 3f58fa161a4143a18370d34b7ba0f89a - - default default] Successfully bumped revision number for resource 12ee2ee8-670b-4f7c-b40b-09d40eefa116 (type: security_group_rules) to 0
2026-06-15 20:16:06.743 10 INFO neutron.db.ovn_revision_numbers_db [None req-506ba78a-b26f-4819-8dea-eb546a1b3a2e 1a7bfbcc99f147ebb9941d3786225d3a 3f58fa161a4143a18370d34b7ba0f89a - - default default] Successfully bumped revision number for resource 27e6c8bb-b4fe-44bb-89d4-98c003dbc51c (type: security_group_rules) to 0
2026-06-15 20:16:06.753 9 INFO neutron.api.wsgi [None req-a9ccae3a-a8ea-4cfb-9737-7b822f0539a0 4d3b9bd99ea24fbbafeeb98e85924d10 51d8ab0906984b47b597e511c42a0bf7 - - default default] 10.0.0.129 "DELETE /v2.0/vpn/endpoint-groups/574292a3-c66b-414a-8f02-01cb04e6f13a HTTP/1.1" status: 204 len: 168 time: 0.0369544
2026-06-15 20:16:06.776 10 INFO neutron.api.wsgi [None req-40081b31-0703-4de1-b442-7bb98c319753 4d3b9bd99ea24fbbafeeb98e85924d10 51d8ab0906984b47b597e511c42a0bf7 - - default default] 10.0.0.129 "GET /v2.0/vpn/endpoint-groups HTTP/1.1" status: 200 len: 1108 time: 0.0185931
2026-06-15 20:16:06.785 10 INFO neutron.db.ovn_revision_numbers_db [None req-506ba78a-b26f-4819-8dea-eb546a1b3a2e 1a7bfbcc99f147ebb9941d3786225d3a 3f58fa161a4143a18370d34b7ba0f89a - - default default] Successfully bumped revision number for resource 408391c3-3be0-4dea-b87b-7c3d75c9e494 (type: security_group_rules) to 0
2026-06-15 20:16:06.790 10 INFO neutron.api.wsgi [None req-39c8f01d-5d8a-43bc-9029-0b80a452f9c2 4d3b9bd99ea24fbbafeeb98e85924d10 51d8ab0906984b47b597e511c42a0bf7 - - default default] 10.0.0.129 "GET /v2.0/vpn/endpoint-groups HTTP/1.1" status: 200 len: 1108 time: 0.0091658
2026-06-15 20:16:06.806 10 INFO neutron.db.ovn_revision_numbers_db [None req-506ba78a-b26f-4819-8dea-eb546a1b3a2e 1a7bfbcc99f147ebb9941d3786225d3a 3f58fa161a4143a18370d34b7ba0f89a - - default default] Successfully bumped revision number for resource 42583431-4921-4527-9108-aca7c180a919 (type: security_group_rules) to 0
2026-06-15 20:16:06.833 9 INFO neutron.api.wsgi [None req-e87b3667-26c2-4d0b-bab3-931525c866de 4d3b9bd99ea24fbbafeeb98e85924d10 51d8ab0906984b47b597e511c42a0bf7 - - default default] 10.0.0.129 "DELETE /v2.0/vpn/endpoint-groups/b5c7b187-268f-403d-a3e8-37a166be8708 HTTP/1.1" status: 204 len: 168 time: 0.0353832
2026-06-15 20:16:06.849 10 INFO neutron.api.wsgi [None req-bc30907d-3780-444c-aea6-c5dd52faed17 4d3b9bd99ea24fbbafeeb98e85924d10 51d8ab0906984b47b597e511c42a0bf7 - - default default] 10.0.0.129 "GET /v2.0/vpn/endpoint-groups HTTP/1.1" status: 200 len: 825 time: 0.0121932
2026-06-15 20:16:06.862 9 WARNING neutron_lib.context [None req-202c5662-1f3e-46cd-96a1-6c0b9bc47777 4d3b9bd99ea24fbbafeeb98e85924d10 51d8ab0906984b47b597e511c42a0bf7 - - default default] Method 'is_advsvc' is deprecated since 2023.2 release (neutron-lib 3.8.0) and will be removed once support for the old RBAC API policies will be removed from Neutron. Please use method 'is_service_role' instead.
2026-06-15 20:16:06.862 10 INFO neutron.api.wsgi [None req-506ba78a-b26f-4819-8dea-eb546a1b3a2e 1a7bfbcc99f147ebb9941d3786225d3a 3f58fa161a4143a18370d34b7ba0f89a - - default default] 10.0.0.129 "GET /v2.0/security-groups?tenant_id=a4619256169b42de809409286dae87ea&name=default HTTP/1.1" status: 200 len: 3124 time: 0.2889669
2026-06-15 20:16:06.910 9 INFO neutron.api.wsgi [None req-202c5662-1f3e-46cd-96a1-6c0b9bc47777 4d3b9bd99ea24fbbafeeb98e85924d10 51d8ab0906984b47b597e511c42a0bf7 - - default default] 10.0.0.129 "POST /v2.0/vpn/endpoint-groups HTTP/1.1" status: 201 len: 500 time: 0.0553632
2026-06-15 20:16:06.919 9 WARNING neutron.api.v2.base [None req-d35015c5-a30d-4a91-985c-0e2f326bfdaf 4d3b9bd99ea24fbbafeeb98e85924d10 51d8ab0906984b47b597e511c42a0bf7 - - default default] An exception happened while processing the request body. The exception message is [Failed to parse request. Required attribute 'peer_id' not specified].: webob.exc.HTTPBadRequest: Failed to parse request. Required attribute 'peer_id' not specified
2026-06-15 20:16:06.919 9 INFO neutron.api.v2.resource [None req-d35015c5-a30d-4a91-985c-0e2f326bfdaf 4d3b9bd99ea24fbbafeeb98e85924d10 51d8ab0906984b47b597e511c42a0bf7 - - default default] create failed (client error): Failed to parse request. Required attribute 'peer_id' not specified
2026-06-15 20:16:06.921 9 INFO neutron.api.wsgi [None req-d35015c5-a30d-4a91-985c-0e2f326bfdaf 4d3b9bd99ea24fbbafeeb98e85924d10 51d8ab0906984b47b597e511c42a0bf7 - - default default] 10.0.0.129 "POST /v2.0/vpn/ipsec-site-connections HTTP/1.1" status: 400 len: 343 time: 0.0066578
2026-06-15 20:16:06.935 9 INFO neutron.api.wsgi [None req-c98b66b8-a639-4fe3-9a43-cd4f98027761 4d3b9bd99ea24fbbafeeb98e85924d10 51d8ab0906984b47b597e511c42a0bf7 - - default default] 10.0.0.129 "GET /v2.0/vpn/endpoint-groups HTTP/1.1" status: 200 len: 1108 time: 0.0115736
2026-06-15 20:16:06.973 10 INFO neutron.api.wsgi [None req-6eecc77b-7d4c-4688-95f2-ed653c794b72 4d3b9bd99ea24fbbafeeb98e85924d10 51d8ab0906984b47b597e511c42a0bf7 - - default default] 10.0.0.129 "DELETE /v2.0/vpn/endpoint-groups/403d9d58-5343-48c8-a5f3-4bdfabdb8a94 HTTP/1.1" status: 204 len: 168 time: 0.0341294
2026-06-15 20:16:06.992 9 INFO neutron.api.wsgi [None req-ead832a0-0845-4e20-9d47-41f340e27df6 4d3b9bd99ea24fbbafeeb98e85924d10 51d8ab0906984b47b597e511c42a0bf7 - - default default] 10.0.0.129 "GET /v2.0/vpn/endpoint-groups HTTP/1.1" status: 200 len: 825 time: 0.0145335
2026-06-15 20:16:07.007 9 WARNING neutron_lib.context [None req-74cd770c-104d-44d3-b412-c5fa684ec0e8 4d3b9bd99ea24fbbafeeb98e85924d10 51d8ab0906984b47b597e511c42a0bf7 - - default default] Method 'is_advsvc' is deprecated since 2023.2 release (neutron-lib 3.8.0) and will be removed once support for the old RBAC API policies will be removed from Neutron. Please use method 'is_service_role' instead.
2026-06-15 20:16:07.051 9 INFO neutron.api.wsgi [None req-74cd770c-104d-44d3-b412-c5fa684ec0e8 4d3b9bd99ea24fbbafeeb98e85924d10 51d8ab0906984b47b597e511c42a0bf7 - - default default] 10.0.0.129 "POST /v2.0/vpn/endpoint-groups HTTP/1.1" status: 201 len: 493 time: 0.0495322
2026-06-15 20:16:07.058 9 WARNING neutron.api.v2.base [None req-6b557fd6-89f4-4f00-96da-4a5966551028 4d3b9bd99ea24fbbafeeb98e85924d10 51d8ab0906984b47b597e511c42a0bf7 - - default default] An exception happened while processing the request body. The exception message is [Failed to parse request. Required attribute 'peer_id' not specified].: webob.exc.HTTPBadRequest: Failed to parse request. Required attribute 'peer_id' not specified
2026-06-15 20:16:07.059 9 INFO neutron.api.v2.resource [None req-6b557fd6-89f4-4f00-96da-4a5966551028 4d3b9bd99ea24fbbafeeb98e85924d10 51d8ab0906984b47b597e511c42a0bf7 - - default default] create failed (client error): Failed to parse request. Required attribute 'peer_id' not specified
2026-06-15 20:16:07.060 9 INFO neutron.api.wsgi [None req-6b557fd6-89f4-4f00-96da-4a5966551028 4d3b9bd99ea24fbbafeeb98e85924d10 51d8ab0906984b47b597e511c42a0bf7 - - default default] 10.0.0.129 "POST /v2.0/vpn/ipsec-site-connections HTTP/1.1" status: 400 len: 343 time: 0.0052316
2026-06-15 20:16:07.072 9 INFO neutron.api.wsgi [None req-2a842291-e5e0-4ab5-9ea8-0f3e38d7ac7c 4d3b9bd99ea24fbbafeeb98e85924d10 51d8ab0906984b47b597e511c42a0bf7 - - default default] 10.0.0.129 "GET /v2.0/vpn/endpoint-groups HTTP/1.1" status: 200 len: 1101 time: 0.0082302
2026-06-15 20:16:07.079 10 INFO neutron.api.wsgi [None req-6f1a3517-93f0-4f5d-bb50-0dc909997eb8 1a7bfbcc99f147ebb9941d3786225d3a 3f58fa161a4143a18370d34b7ba0f89a - - default default] 10.0.0.129 "DELETE /v2.0/security-groups/d07bed06-055c-4704-8d70-bc3e2fbbe8fe HTTP/1.1" status: 204 len: 168 time: 0.2135317
2026-06-15 20:16:07.096 9 INFO neutron.api.wsgi [None req-647434d0-e482-4393-bc16-8c0e95ffc38d 4d3b9bd99ea24fbbafeeb98e85924d10 51d8ab0906984b47b597e511c42a0bf7 - - default default] 10.0.0.129 "DELETE /v2.0/vpn/endpoint-groups/bece5839-9dd7-46a8-9c11-bb03c77f972b HTTP/1.1" status: 204 len: 168 time: 0.0209577
2026-06-15 20:16:07.108 9 INFO neutron.api.wsgi [None req-349b2fd8-6f80-4c99-837c-ecb88189027b 4d3b9bd99ea24fbbafeeb98e85924d10 51d8ab0906984b47b597e511c42a0bf7 - - default default] 10.0.0.129 "GET /v2.0/vpn/endpoint-groups HTTP/1.1" status: 200 len: 825 time: 0.0076482
2026-06-15 20:16:07.118 9 WARNING neutron_lib.context [None req-a9d63748-de0c-48f2-9d03-67254182fc07 4d3b9bd99ea24fbbafeeb98e85924d10 51d8ab0906984b47b597e511c42a0bf7 - - default default] Method 'is_advsvc' is deprecated since 2023.2 release (neutron-lib 3.8.0) and will be removed once support for the old RBAC API policies will be removed from Neutron. Please use method 'is_service_role' instead.
2026-06-15 20:16:07.154 9 INFO neutron.api.wsgi [None req-a9d63748-de0c-48f2-9d03-67254182fc07 4d3b9bd99ea24fbbafeeb98e85924d10 51d8ab0906984b47b597e511c42a0bf7 - - default default] 10.0.0.129 "POST /v2.0/vpn/endpoint-groups HTTP/1.1" status: 201 len: 489 time: 0.0418448
2026-06-15 20:16:07.164 9 WARNING neutron_lib.context [None req-951e8704-e006-4d6b-84da-09dff30fa6c5 4d3b9bd99ea24fbbafeeb98e85924d10 51d8ab0906984b47b597e511c42a0bf7 - - default default] Method 'is_advsvc' is deprecated since 2023.2 release (neutron-lib 3.8.0) and will be removed once support for the old RBAC API policies will be removed from Neutron. Please use method 'is_service_role' instead.
2026-06-15 20:16:07.218 9 INFO neutron.api.wsgi [None req-951e8704-e006-4d6b-84da-09dff30fa6c5 4d3b9bd99ea24fbbafeeb98e85924d10 51d8ab0906984b47b597e511c42a0bf7 - - default default] 10.0.0.129 "POST /v2.0/vpn/endpoint-groups HTTP/1.1" status: 201 len: 500 time: 0.0582776
2026-06-15 20:16:07.226 9 WARNING neutron_lib.context [None req-c1e04a24-78ac-4a49-a3ba-0bc7174aaffe 4d3b9bd99ea24fbbafeeb98e85924d10 51d8ab0906984b47b597e511c42a0bf7 - - default default] Method 'is_advsvc' is deprecated since 2023.2 release (neutron-lib 3.8.0) and will be removed once support for the old RBAC API policies will be removed from Neutron. Please use method 'is_service_role' instead.
2026-06-15 20:16:07.438 9 WARNING neutron_lib.context [None req-9ae39084-4a9f-4039-a352-a75f240fe24c 1075193b490b4174850166d0a9a8dc40 f19b4d1b687743efb301ac5ce30eb9cf - - default default] Method 'is_advsvc' is deprecated since 2023.2 release (neutron-lib 3.8.0) and will be removed once support for the old RBAC API policies will be removed from Neutron. Please use method 'is_service_role' instead.
2026-06-15 20:16:07.484 9 INFO neutron.api.wsgi [None req-9ae39084-4a9f-4039-a352-a75f240fe24c 1075193b490b4174850166d0a9a8dc40 f19b4d1b687743efb301ac5ce30eb9cf - - default default] 10.0.0.129 "POST /v2.0/subnetpools HTTP/1.1" status: 201 len: 715 time: 0.2744973
2026-06-15 20:16:07.522 10 INFO neutron.api.wsgi [None req-691c5c89-f42a-45d0-b0c1-521ed0aa616b 1075193b490b4174850166d0a9a8dc40 f19b4d1b687743efb301ac5ce30eb9cf - - default default] 10.0.0.129 "PUT /v2.0/subnetpools/89d30596-81e6-4f2c-ba40-9bd8ee38c008/tags HTTP/1.1" status: 200 len: 218 time: 0.0316510
2026-06-15 20:16:07.542 10 INFO neutron.api.wsgi [None req-20c693ba-4f10-4fa1-a27e-cb800fa60731 1075193b490b4174850166d0a9a8dc40 f19b4d1b687743efb301ac5ce30eb9cf - - default default] 10.0.0.129 "GET /v2.0/subnetpools/89d30596-81e6-4f2c-ba40-9bd8ee38c008/tags HTTP/1.1" status: 200 len: 218 time: 0.0147016
2026-06-15 20:16:07.578 10 INFO neutron.api.wsgi [None req-7b5b797b-e695-4b5e-9696-c8eadf252394 1075193b490b4174850166d0a9a8dc40 f19b4d1b687743efb301ac5ce30eb9cf - - default default] 10.0.0.129 "PUT /v2.0/subnetpools/89d30596-81e6-4f2c-ba40-9bd8ee38c008/tags/green HTTP/1.1" status: 201 len: 201 time: 0.0321066
2026-06-15 20:16:07.597 10 INFO neutron.api.wsgi [None req-12317f7d-b7c9-4e63-976c-46daa95bacc9 1075193b490b4174850166d0a9a8dc40 f19b4d1b687743efb301ac5ce30eb9cf - - default default] 10.0.0.129 "GET /v2.0/subnetpools/89d30596-81e6-4f2c-ba40-9bd8ee38c008/tags HTTP/1.1" status: 200 len: 227 time: 0.0160055
2026-06-15 20:16:07.621 10 INFO neutron.api.wsgi [None req-03664e19-3695-41b2-9df3-2bb33b7edbd0 1075193b490b4174850166d0a9a8dc40 f19b4d1b687743efb301ac5ce30eb9cf - - default default] 10.0.0.129 "PUT /v2.0/subnetpools/89d30596-81e6-4f2c-ba40-9bd8ee38c008/tags/red HTTP/1.1" status: 201 len: 201 time: 0.0200334
2026-06-15 20:16:07.643 10 INFO neutron.api.wsgi [None req-69c72b06-36dc-45b3-ba7e-1f0b9c56954d 1075193b490b4174850166d0a9a8dc40 f19b4d1b687743efb301ac5ce30eb9cf - - default default] 10.0.0.129 "GET /v2.0/subnetpools/89d30596-81e6-4f2c-ba40-9bd8ee38c008/tags HTTP/1.1" status: 200 len: 227 time: 0.0182152
2026-06-15 20:16:07.648 10 WARNING neutron.plugins.ml2.drivers.ovn.mech_driver.ovsdb.ovn_client [None req-e31f866a-8faf-4e9e-a548-2ff232f7f97a - - - - - -] No port found with ID 4cb73a4c-ef23-47fc-b844-6f480fe36c39: RuntimeError: No port found with ID 4cb73a4c-ef23-47fc-b844-6f480fe36c39
2026-06-15 20:16:07.694 9 INFO neutron.api.wsgi [None req-37ce3e4e-c20c-4737-b556-87e450b75030 1075193b490b4174850166d0a9a8dc40 f19b4d1b687743efb301ac5ce30eb9cf - - default default] 10.0.0.129 "PUT /v2.0/subnetpools/89d30596-81e6-4f2c-ba40-9bd8ee38c008/tags/black.or.white HTTP/1.1" status: 201 len: 201 time: 0.0473380
2026-06-15 20:16:07.723 10 INFO neutron.api.wsgi [None req-26b1b740-75ce-4f2b-bad6-efaae50c99f2 1075193b490b4174850166d0a9a8dc40 f19b4d1b687743efb301ac5ce30eb9cf - - default default] 10.0.0.129 "GET /v2.0/subnetpools/89d30596-81e6-4f2c-ba40-9bd8ee38c008/tags HTTP/1.1" status: 200 len: 245 time: 0.0230947
2026-06-15 20:16:07.761 10 INFO neutron.api.wsgi [None req-f0fea0c4-ac2a-43b9-a000-fe10097d1510 1075193b490b4174850166d0a9a8dc40 f19b4d1b687743efb301ac5ce30eb9cf - - default default] 10.0.0.129 "PUT /v2.0/subnetpools/89d30596-81e6-4f2c-ba40-9bd8ee38c008/tags HTTP/1.1" status: 200 len: 230 time: 0.0332086
2026-06-15 20:16:07.790 10 INFO neutron.api.wsgi [None req-670a6735-f0fa-4855-b821-4014de2c62cb 1075193b490b4174850166d0a9a8dc40 f19b4d1b687743efb301ac5ce30eb9cf - - default default] 10.0.0.129 "GET /v2.0/subnetpools/89d30596-81e6-4f2c-ba40-9bd8ee38c008/tags HTTP/1.1" status: 200 len: 230 time: 0.0259204
2026-06-15 20:16:07.816 9 INFO neutron.api.wsgi [None req-8aeb945a-586a-4fd1-bb4c-5f7a8243bf59 1075193b490b4174850166d0a9a8dc40 f19b4d1b687743efb301ac5ce30eb9cf - - default default] 10.0.0.129 "GET /v2.0/subnetpools/89d30596-81e6-4f2c-ba40-9bd8ee38c008/tags/red HTTP/1.1" status: 204 len: 168 time: 0.0218589
2026-06-15 20:16:07.852 9 INFO neutron.api.v2.resource [None req-8045c75a-d875-47c4-a95f-7a10ef2f3bdd 1075193b490b4174850166d0a9a8dc40 f19b4d1b687743efb301ac5ce30eb9cf - - default default] show failed (client error): The resource could not be found.
2026-06-15 20:16:07.853 9 INFO neutron.api.wsgi [None req-8045c75a-d875-47c4-a95f-7a10ef2f3bdd 1075193b490b4174850166d0a9a8dc40 f19b4d1b687743efb301ac5ce30eb9cf - - default default] 10.0.0.129 "GET /v2.0/subnetpools/89d30596-81e6-4f2c-ba40-9bd8ee38c008/tags/green HTTP/1.1" status: 404 len: 299 time: 0.0321567
2026-06-15 20:16:07.891 10 INFO neutron.api.wsgi [None req-5505f15e-ba2c-404c-b9b0-25fd8a0976ed 1075193b490b4174850166d0a9a8dc40 f19b4d1b687743efb301ac5ce30eb9cf - - default default] 10.0.0.129 "DELETE /v2.0/subnetpools/89d30596-81e6-4f2c-ba40-9bd8ee38c008/tags/red HTTP/1.1" status: 204 len: 168 time: 0.0333302
2026-06-15 20:16:07.891 9 INFO neutron.db.ovn_revision_numbers_db [None req-c1e04a24-78ac-4a49-a3ba-0bc7174aaffe 4d3b9bd99ea24fbbafeeb98e85924d10 51d8ab0906984b47b597e511c42a0bf7 - - default default] Successfully bumped revision number for resource cc57df91-736a-4f92-816a-13fff46f7544 (type: routers) to 6
2026-06-15 20:16:07.915 9 INFO neutron.api.wsgi [None req-316777e4-a7f1-47c2-9a0b-1cb3c69ebcca 1075193b490b4174850166d0a9a8dc40 f19b4d1b687743efb301ac5ce30eb9cf - - default default] 10.0.0.129 "GET /v2.0/subnetpools/89d30596-81e6-4f2c-ba40-9bd8ee38c008/tags HTTP/1.1" status: 200 len: 223 time: 0.0209816
2026-06-15 20:16:07.927 9 INFO neutron.api.wsgi [None req-c1e04a24-78ac-4a49-a3ba-0bc7174aaffe 4d3b9bd99ea24fbbafeeb98e85924d10 51d8ab0906984b47b597e511c42a0bf7 - - default default] 10.0.0.129 "POST /v2.0/vpn/ipsec-site-connections HTTP/1.1" status: 201 len: 1044 time: 0.7048023
2026-06-15 20:16:07.940 10 INFO neutron.api.v2.resource [None req-29d61263-b02b-4625-b4da-fe773a435ced 1075193b490b4174850166d0a9a8dc40 f19b4d1b687743efb301ac5ce30eb9cf - - default default] delete failed (client error): The resource could not be found.
2026-06-15 20:16:07.942 10 INFO neutron.api.wsgi [None req-29d61263-b02b-4625-b4da-fe773a435ced 1075193b490b4174850166d0a9a8dc40 f19b4d1b687743efb301ac5ce30eb9cf - - default default] 10.0.0.129 "DELETE /v2.0/subnetpools/89d30596-81e6-4f2c-ba40-9bd8ee38c008/tags/green HTTP/1.1" status: 404 len: 299 time: 0.0232444
2026-06-15 20:16:07.980 10 INFO neutron.api.wsgi [None req-40cdd36e-d434-4718-92ab-564dbab14e2e 1075193b490b4174850166d0a9a8dc40 f19b4d1b687743efb301ac5ce30eb9cf - - default default] 10.0.0.129 "DELETE /v2.0/subnetpools/89d30596-81e6-4f2c-ba40-9bd8ee38c008/tags HTTP/1.1" status: 204 len: 168 time: 0.0345762
2026-06-15 20:16:08.001 10 INFO neutron.api.wsgi [None req-feb404bf-c488-4d2b-a552-5d48afa4ee7a 1075193b490b4174850166d0a9a8dc40 f19b4d1b687743efb301ac5ce30eb9cf - - default default] 10.0.0.129 "GET /v2.0/subnetpools/89d30596-81e6-4f2c-ba40-9bd8ee38c008/tags HTTP/1.1" status: 200 len: 205 time: 0.0164006
2026-06-15 20:16:08.050 10 INFO neutron.api.wsgi [None req-b13de76c-4d01-49aa-ac8d-954b9a378d50 1075193b490b4174850166d0a9a8dc40 f19b4d1b687743efb301ac5ce30eb9cf - - default default] 10.0.0.129 "DELETE /v2.0/subnetpools/89d30596-81e6-4f2c-ba40-9bd8ee38c008 HTTP/1.1" status: 204 len: 168 time: 0.0433285
2026-06-15 20:16:08.639 9 INFO neutron.db.ovn_revision_numbers_db [None req-a3399d06-3a6c-408e-a22d-7874f0994eef 4d3b9bd99ea24fbbafeeb98e85924d10 51d8ab0906984b47b597e511c42a0bf7 - - default default] Successfully bumped revision number for resource cc57df91-736a-4f92-816a-13fff46f7544 (type: routers) to 7
2026-06-15 20:16:08.647 9 WARNING neutron.plugins.ml2.drivers.ovn.mech_driver.ovsdb.ovn_client [None req-a50ca39d-a45b-44b5-8888-5b85088f8ec8 - - - - - -] No hosting information found for port 38b3204e-e85f-4e99-90f9-63423c336533: RuntimeError: No hosting information found for port 38b3204e-e85f-4e99-90f9-63423c336533
2026-06-15 20:16:08.675 9 INFO neutron.api.wsgi [None req-a3399d06-3a6c-408e-a22d-7874f0994eef 4d3b9bd99ea24fbbafeeb98e85924d10 51d8ab0906984b47b597e511c42a0bf7 - - default default] 10.0.0.129 "DELETE /v2.0/vpn/ipsec-site-connections/a817b206-4dcd-4634-9ddb-d47649c8ce59 HTTP/1.1" status: 204 len: 168 time: 0.7427623
2026-06-15 20:16:08.692 9 INFO neutron.api.wsgi [None req-feafeac7-64a6-4fe0-80d9-08a0302b4706 4d3b9bd99ea24fbbafeeb98e85924d10 51d8ab0906984b47b597e511c42a0bf7 - - default default] 10.0.0.129 "GET /v2.0/vpn/ipsec-site-connections HTTP/1.1" status: 200 len: 990 time: 0.0139334
2026-06-15 20:16:08.705 9 INFO neutron.api.v2.resource [None req-9bd1f5c1-3443-46f8-9a5a-e194c40a5477 4d3b9bd99ea24fbbafeeb98e85924d10 51d8ab0906984b47b597e511c42a0bf7 - - default default] delete failed (client error): The resource could not be found.
2026-06-15 20:16:08.706 9 INFO neutron.api.wsgi [None req-9bd1f5c1-3443-46f8-9a5a-e194c40a5477 4d3b9bd99ea24fbbafeeb98e85924d10 51d8ab0906984b47b597e511c42a0bf7 - - default default] 10.0.0.129 "DELETE /v2.0/vpn/ipsec-site-connections/a817b206-4dcd-4634-9ddb-d47649c8ce59 HTTP/1.1" status: 404 len: 355 time: 0.0085759
2026-06-15 20:16:08.736 10 INFO neutron.api.wsgi [None req-5430ad6d-6949-4a5f-bcea-a92550328e6b 4d3b9bd99ea24fbbafeeb98e85924d10 51d8ab0906984b47b597e511c42a0bf7 - - default default] 10.0.0.129 "GET /v2.0/vpn/endpoint-groups HTTP/1.1" status: 200 len: 1381 time: 0.0178430
2026-06-15 20:16:08.739 9 INFO neutron.db.ovn_revision_numbers_db [None req-a50ca39d-a45b-44b5-8888-5b85088f8ec8 - - - - - -] Successfully bumped revision number for resource 38b3204e-e85f-4e99-90f9-63423c336533 (type: router_ports) to 2
2026-06-15 20:16:08.767 9 INFO neutron.api.wsgi [None req-5594480b-a078-495d-9f30-1ba8e239bec7 4d3b9bd99ea24fbbafeeb98e85924d10 51d8ab0906984b47b597e511c42a0bf7 - - default default] 10.0.0.129 "DELETE /v2.0/vpn/endpoint-groups/96c1dc87-3c92-46b1-a3dc-44250528e709 HTTP/1.1" status: 204 len: 168 time: 0.0251937
2026-06-15 20:16:08.785 9 INFO neutron.api.wsgi [None req-43b755a7-5fdd-482f-a229-2e66975cf6b9 4d3b9bd99ea24fbbafeeb98e85924d10 51d8ab0906984b47b597e511c42a0bf7 - - default default] 10.0.0.129 "GET /v2.0/vpn/endpoint-groups HTTP/1.1" status: 200 len: 1097 time: 0.0136921
2026-06-15 20:16:08.800 10 INFO neutron.api.wsgi [None req-c4e9e05c-b2c3-4a10-be0b-09aed27d7122 4d3b9bd99ea24fbbafeeb98e85924d10 51d8ab0906984b47b597e511c42a0bf7 - - default default] 10.0.0.129 "GET /v2.0/vpn/endpoint-groups HTTP/1.1" status: 200 len: 1097 time: 0.0113270
2026-06-15 20:16:08.826 9 INFO neutron.api.wsgi [None req-0794525d-1428-448d-a9a6-9486fdc1c022 4d3b9bd99ea24fbbafeeb98e85924d10 51d8ab0906984b47b597e511c42a0bf7 - - default default] 10.0.0.129 "DELETE /v2.0/vpn/endpoint-groups/941b9d32-2e53-4be4-93db-0194807815c5 HTTP/1.1" status: 204 len: 168 time: 0.0217400
2026-06-15 20:16:08.842 10 INFO neutron.api.wsgi [None req-9ac4a9b3-9507-473d-8ecd-0ee5f45a5db4 4d3b9bd99ea24fbbafeeb98e85924d10 51d8ab0906984b47b597e511c42a0bf7 - - default default] 10.0.0.129 "GET /v2.0/vpn/endpoint-groups HTTP/1.1" status: 200 len: 825 time: 0.0101943
2026-06-15 20:16:08.854 10 WARNING neutron_lib.context [None req-c292f88d-8a8b-4b77-8da9-65708248086d 4d3b9bd99ea24fbbafeeb98e85924d10 51d8ab0906984b47b597e511c42a0bf7 - - default default] Method 'is_advsvc' is deprecated since 2023.2 release (neutron-lib 3.8.0) and will be removed once support for the old RBAC API policies will be removed from Neutron. Please use method 'is_service_role' instead.
2026-06-15 20:16:08.923 9 INFO neutron.db.ovn_revision_numbers_db [None req-a88dadb3-6491-4207-8606-1ed779b02ee4 1a7bfbcc99f147ebb9941d3786225d3a 3f58fa161a4143a18370d34b7ba0f89a - - default default] Successfully bumped revision number for resource 1fc8a1c7-f769-41ee-bd63-0d3cbb25f8e4 (type: security_groups) to 1
2026-06-15 20:16:08.937 9 INFO neutron.db.ovn_revision_numbers_db [None req-a88dadb3-6491-4207-8606-1ed779b02ee4 1a7bfbcc99f147ebb9941d3786225d3a 3f58fa161a4143a18370d34b7ba0f89a - - default default] Successfully bumped revision number for resource 00a31fac-75b3-4a52-b3b2-e7408d79e923 (type: security_group_rules) to 0
2026-06-15 20:16:08.954 9 INFO neutron.db.ovn_revision_numbers_db [None req-a88dadb3-6491-4207-8606-1ed779b02ee4 1a7bfbcc99f147ebb9941d3786225d3a 3f58fa161a4143a18370d34b7ba0f89a - - default default] Successfully bumped revision number for resource 021fa755-4b48-4de9-b0d4-74e7b664ea87 (type: security_group_rules) to 0
2026-06-15 20:16:08.966 9 INFO neutron.db.ovn_revision_numbers_db [None req-a88dadb3-6491-4207-8606-1ed779b02ee4 1a7bfbcc99f147ebb9941d3786225d3a 3f58fa161a4143a18370d34b7ba0f89a - - default default] Successfully bumped revision number for resource 7bf4b7d7-cae6-42a4-8426-33ce11e9e9e8 (type: security_group_rules) to 0
2026-06-15 20:16:08.977 9 INFO neutron.db.ovn_revision_numbers_db [None req-a88dadb3-6491-4207-8606-1ed779b02ee4 1a7bfbcc99f147ebb9941d3786225d3a 3f58fa161a4143a18370d34b7ba0f89a - - default default] Successfully bumped revision number for resource e48b2624-b47a-4584-9140-6182c9776cf8 (type: security_group_rules) to 0
2026-06-15 20:16:09.023 9 INFO neutron.api.wsgi [None req-a88dadb3-6491-4207-8606-1ed779b02ee4 1a7bfbcc99f147ebb9941d3786225d3a 3f58fa161a4143a18370d34b7ba0f89a - - default default] 10.0.0.129 "GET /v2.0/security-groups?tenant_id=f19b4d1b687743efb301ac5ce30eb9cf&name=default HTTP/1.1" status: 200 len: 3124 time: 0.3605011
2026-06-15 20:16:09.257 9 INFO neutron.api.wsgi [None req-43c699b3-06f5-49c2-97d4-817a6515b060 1a7bfbcc99f147ebb9941d3786225d3a 3f58fa161a4143a18370d34b7ba0f89a - - default default] 10.0.0.129 "DELETE /v2.0/security-groups/1fc8a1c7-f769-41ee-bd63-0d3cbb25f8e4 HTTP/1.1" status: 204 len: 168 time: 0.2294407
2026-06-15 20:16:09.430 9 INFO neutron.db.ovn_revision_numbers_db [None req-cc79a515-62b0-41ce-8f86-1649f00aa610 1a7bfbcc99f147ebb9941d3786225d3a 3f58fa161a4143a18370d34b7ba0f89a - - default default] Successfully bumped revision number for resource 7df9f04b-276a-4826-853b-77a6cb3dbe83 (type: security_groups) to 1
2026-06-15 20:16:09.442 9 INFO neutron.db.ovn_revision_numbers_db [None req-cc79a515-62b0-41ce-8f86-1649f00aa610 1a7bfbcc99f147ebb9941d3786225d3a 3f58fa161a4143a18370d34b7ba0f89a - - default default] Successfully bumped revision number for resource 5f173ccb-a0ba-4d63-820a-14c0a2a50dda (type: security_group_rules) to 0
2026-06-15 20:16:09.453 9 INFO neutron.db.ovn_revision_numbers_db [None req-cc79a515-62b0-41ce-8f86-1649f00aa610 1a7bfbcc99f147ebb9941d3786225d3a 3f58fa161a4143a18370d34b7ba0f89a - - default default] Successfully bumped revision number for resource 7c18474c-094f-4bec-8085-9e01172788c4 (type: security_group_rules) to 0
2026-06-15 20:16:09.468 9 INFO neutron.db.ovn_revision_numbers_db [None req-cc79a515-62b0-41ce-8f86-1649f00aa610 1a7bfbcc99f147ebb9941d3786225d3a 3f58fa161a4143a18370d34b7ba0f89a - - default default] Successfully bumped revision number for resource d34228e1-1767-4b4b-9bf8-24054777a3df (type: security_group_rules) to 0
2026-06-15 20:16:09.480 9 INFO neutron.db.ovn_revision_numbers_db [None req-cc79a515-62b0-41ce-8f86-1649f00aa610 1a7bfbcc99f147ebb9941d3786225d3a 3f58fa161a4143a18370d34b7ba0f89a - - default default] Successfully bumped revision number for resource d404c24f-d0ef-4a99-8096-90df7d31c09e (type: security_group_rules) to 0
2026-06-15 20:16:09.486 10 INFO neutron.db.ovn_revision_numbers_db [None req-c292f88d-8a8b-4b77-8da9-65708248086d 4d3b9bd99ea24fbbafeeb98e85924d10 51d8ab0906984b47b597e511c42a0bf7 - - default default] Successfully bumped revision number for resource cc57df91-736a-4f92-816a-13fff46f7544 (type: routers) to 8
2026-06-15 20:16:09.517 9 INFO neutron.api.wsgi [None req-cc79a515-62b0-41ce-8f86-1649f00aa610 1a7bfbcc99f147ebb9941d3786225d3a 3f58fa161a4143a18370d34b7ba0f89a - - default default] 10.0.0.129 "GET /v2.0/security-groups?tenant_id=b91fab93fae14977b65fdb7a98e1b366&name=default HTTP/1.1" status: 200 len: 3124 time: 0.1864700
2026-06-15 20:16:09.518 10 INFO neutron.api.wsgi [None req-c292f88d-8a8b-4b77-8da9-65708248086d 4d3b9bd99ea24fbbafeeb98e85924d10 51d8ab0906984b47b597e511c42a0bf7 - - default default] 10.0.0.129 "POST /v2.0/vpn/ipsec-site-connections HTTP/1.1" status: 201 len: 1003 time: 0.6705270
2026-06-15 20:16:09.736 9 INFO neutron.api.wsgi [None req-b5b96db9-8aac-4c40-afac-f03e812cc864 1a7bfbcc99f147ebb9941d3786225d3a 3f58fa161a4143a18370d34b7ba0f89a - - default default] 10.0.0.129 "DELETE /v2.0/security-groups/7df9f04b-276a-4826-853b-77a6cb3dbe83 HTTP/1.1" status: 204 len: 168 time: 0.2136526
2026-06-15 20:16:10.084 10 INFO neutron.db.ovn_revision_numbers_db [None req-28707755-ea26-40ae-8103-173ee5d5d62d 4d3b9bd99ea24fbbafeeb98e85924d10 51d8ab0906984b47b597e511c42a0bf7 - - default default] Successfully bumped revision number for resource cc57df91-736a-4f92-816a-13fff46f7544 (type: routers) to 9
2026-06-15 20:16:10.106 10 INFO neutron.api.wsgi [None req-28707755-ea26-40ae-8103-173ee5d5d62d 4d3b9bd99ea24fbbafeeb98e85924d10 51d8ab0906984b47b597e511c42a0bf7 - - default default] 10.0.0.129 "DELETE /v2.0/vpn/ipsec-site-connections/0d3cbaa3-f0fa-4ea0-87ac-40a0c3a29d84 HTTP/1.1" status: 204 len: 168 time: 0.5823767
2026-06-15 20:16:10.126 10 INFO neutron.api.wsgi [None req-a4bc2296-95c3-4ec8-a950-050fea4bf8ac 4d3b9bd99ea24fbbafeeb98e85924d10 51d8ab0906984b47b597e511c42a0bf7 - - default default] 10.0.0.129 "GET /v2.0/vpn/ipsec-site-connections HTTP/1.1" status: 200 len: 990 time: 0.0156636
2026-06-15 20:16:10.140 10 INFO neutron.api.v2.resource [None req-f655dfc4-6483-47f0-ac36-33147af2408f 4d3b9bd99ea24fbbafeeb98e85924d10 51d8ab0906984b47b597e511c42a0bf7 - - default default] delete failed (client error): The resource could not be found.
2026-06-15 20:16:10.141 10 INFO neutron.api.wsgi [None req-f655dfc4-6483-47f0-ac36-33147af2408f 4d3b9bd99ea24fbbafeeb98e85924d10 51d8ab0906984b47b597e511c42a0bf7 - - default default] 10.0.0.129 "DELETE /v2.0/vpn/ipsec-site-connections/0d3cbaa3-f0fa-4ea0-87ac-40a0c3a29d84 HTTP/1.1" status: 404 len: 355 time: 0.0103166
2026-06-15 20:16:10.150 10 WARNING neutron_lib.context [None req-1a030aed-54b0-4d30-8a71-33c363810d38 4d3b9bd99ea24fbbafeeb98e85924d10 51d8ab0906984b47b597e511c42a0bf7 - - default default] Method 'is_advsvc' is deprecated since 2023.2 release (neutron-lib 3.8.0) and will be removed once support for the old RBAC API policies will be removed from Neutron. Please use method 'is_service_role' instead.
2026-06-15 20:16:10.188 10 INFO neutron.api.wsgi [None req-1a030aed-54b0-4d30-8a71-33c363810d38 4d3b9bd99ea24fbbafeeb98e85924d10 51d8ab0906984b47b597e511c42a0bf7 - - default default] 10.0.0.129 "POST /v2.0/vpn/endpoint-groups HTTP/1.1" status: 201 len: 489 time: 0.0428452
2026-06-15 20:16:10.228 10 INFO neutron.api.wsgi [None req-b1fb0474-7960-40f3-8a44-84d0ed2326c1 4d3b9bd99ea24fbbafeeb98e85924d10 51d8ab0906984b47b597e511c42a0bf7 - - default default] 10.0.0.129 "PUT /v2.0/vpn/endpoint-groups/4e193f19-c297-4f71-8e74-a26a311003f3 HTTP/1.1" status: 200 len: 484 time: 0.0356619
2026-06-15 20:16:10.247 10 INFO neutron.api.wsgi [None req-2ecec4c3-5b38-4a30-b492-ef51df780700 4d3b9bd99ea24fbbafeeb98e85924d10 51d8ab0906984b47b597e511c42a0bf7 - - default default] 10.0.0.129 "GET /v2.0/vpn/endpoint-groups/4e193f19-c297-4f71-8e74-a26a311003f3 HTTP/1.1" status: 200 len: 484 time: 0.0134203
2026-06-15 20:16:10.275 9 INFO neutron.api.wsgi [None req-9eaa4db7-5fee-49e8-b54b-8022eb49ec70 4d3b9bd99ea24fbbafeeb98e85924d10 51d8ab0906984b47b597e511c42a0bf7 - - default default] 10.0.0.129 "DELETE /v2.0/vpn/endpoint-groups/4e193f19-c297-4f71-8e74-a26a311003f3 HTTP/1.1" status: 204 len: 168 time: 0.0239990
2026-06-15 20:16:10.299 9 INFO neutron.api.wsgi [None req-5db30826-6804-46a2-abcc-439732384621 4d3b9bd99ea24fbbafeeb98e85924d10 51d8ab0906984b47b597e511c42a0bf7 - - default default] 10.0.0.129 "GET /v2.0/vpn/endpoint-groups HTTP/1.1" status: 200 len: 825 time: 0.0180905
2026-06-15 20:16:10.314 10 INFO neutron.api.wsgi [None req-dcf067f5-6481-42c2-93c0-0b693582986c 4d3b9bd99ea24fbbafeeb98e85924d10 51d8ab0906984b47b597e511c42a0bf7 - - default default] 10.0.0.129 "GET /v2.0/vpn/endpoint-groups HTTP/1.1" status: 200 len: 825 time: 0.0096867
2026-06-15 20:16:10.324 10 WARNING neutron_lib.context [None req-28905713-f236-4931-9ebb-8a665f850107 4d3b9bd99ea24fbbafeeb98e85924d10 51d8ab0906984b47b597e511c42a0bf7 - - default default] Method 'is_advsvc' is deprecated since 2023.2 release (neutron-lib 3.8.0) and will be removed once support for the old RBAC API policies will be removed from Neutron. Please use method 'is_service_role' instead.
2026-06-15 20:16:10.369 10 INFO neutron.api.wsgi [None req-28905713-f236-4931-9ebb-8a665f850107 4d3b9bd99ea24fbbafeeb98e85924d10 51d8ab0906984b47b597e511c42a0bf7 - - default default] 10.0.0.129 "POST /v2.0/vpn/ikepolicies HTTP/1.1" status: 201 len: 602 time: 0.0494869
2026-06-15 20:16:10.401 10 INFO neutron.api.wsgi [None req-14eb01b5-a066-4cbd-b11a-dd75ce05dd0d 4d3b9bd99ea24fbbafeeb98e85924d10 51d8ab0906984b47b597e511c42a0bf7 - - default default] 10.0.0.129 "PUT /v2.0/vpn/ikepolicies/f7244455-911d-4350-900f-0e9abbef6c63 HTTP/1.1" status: 200 len: 612 time: 0.0269263
2026-06-15 20:16:10.419 9 INFO neutron.api.wsgi [None req-48360533-2299-439b-b792-274e81d5003c 4d3b9bd99ea24fbbafeeb98e85924d10 51d8ab0906984b47b597e511c42a0bf7 - - default default] 10.0.0.129 "GET /v2.0/vpn/ikepolicies/f7244455-911d-4350-900f-0e9abbef6c63 HTTP/1.1" status: 200 len: 612 time: 0.0113237
2026-06-15 20:16:10.449 10 WARNING neutron_lib.context [None req-4f3f56f1-8f8b-49b3-a728-e84dfafa94ec 4d47bd55ebd046dbb2ec947e0639d765 37ba325a0fbf40d4ac2b4b76cb160e0a - - default default] Method 'is_advsvc' is deprecated since 2023.2 release (neutron-lib 3.8.0) and will be removed once support for the old RBAC API policies will be removed from Neutron. Please use method 'is_service_role' instead.
2026-06-15 20:16:10.452 9 INFO neutron.api.wsgi [None req-43419475-f3e7-4eff-aca0-6c3cab456cfa 4d3b9bd99ea24fbbafeeb98e85924d10 51d8ab0906984b47b597e511c42a0bf7 - - default default] 10.0.0.129 "DELETE /v2.0/vpn/ikepolicies/f7244455-911d-4350-900f-0e9abbef6c63 HTTP/1.1" status: 204 len: 168 time: 0.0283039
2026-06-15 20:16:10.469 9 INFO neutron.api.wsgi [None req-470738e3-176d-4bba-b4a8-b8e4ddc8b3e5 4d3b9bd99ea24fbbafeeb98e85924d10 51d8ab0906984b47b597e511c42a0bf7 - - default default] 10.0.0.129 "GET /v2.0/vpn/ikepolicies HTTP/1.1" status: 200 len: 602 time: 0.0135343
2026-06-15 20:16:10.481 9 INFO neutron.api.wsgi [None req-7cc2efab-851f-4628-b784-03d70d5cce88 4d3b9bd99ea24fbbafeeb98e85924d10 51d8ab0906984b47b597e511c42a0bf7 - - default default] 10.0.0.129 "GET /v2.0/vpn/ikepolicies HTTP/1.1" status: 200 len: 602 time: 0.0074484
2026-06-15 20:16:10.493 9 WARNING neutron_lib.context [None req-6ad5197d-1cd2-4ea9-b7e8-9f0b1bf47629 4d3b9bd99ea24fbbafeeb98e85924d10 51d8ab0906984b47b597e511c42a0bf7 - - default default] Method 'is_advsvc' is deprecated since 2023.2 release (neutron-lib 3.8.0) and will be removed once support for the old RBAC API policies will be removed from Neutron. Please use method 'is_service_role' instead.
2026-06-15 20:16:10.521 9 INFO neutron.api.wsgi [None req-6ad5197d-1cd2-4ea9-b7e8-9f0b1bf47629 4d3b9bd99ea24fbbafeeb98e85924d10 51d8ab0906984b47b597e511c42a0bf7 - - default default] 10.0.0.129 "POST /v2.0/vpn/ipsecpolicies HTTP/1.1" status: 201 len: 611 time: 0.0322273
2026-06-15 20:16:10.551 9 INFO neutron.api.wsgi [None req-691416fc-ed42-44ef-afeb-d4cb51b7f7c5 4d3b9bd99ea24fbbafeeb98e85924d10 51d8ab0906984b47b597e511c42a0bf7 - - default default] 10.0.0.129 "PUT /v2.0/vpn/ipsecpolicies/08a7af44-b00d-4b83-a59a-89987d9474a5 HTTP/1.1" status: 200 len: 624 time: 0.0251482
2026-06-15 20:16:10.573 10 INFO neutron.db.ovn_revision_numbers_db [None req-4f3f56f1-8f8b-49b3-a728-e84dfafa94ec 4d47bd55ebd046dbb2ec947e0639d765 37ba325a0fbf40d4ac2b4b76cb160e0a - - default default] Successfully bumped revision number for resource 79293f2e-a473-418b-9ea7-c0a87c283296 (type: security_groups) to 1
2026-06-15 20:16:10.580 9 INFO neutron.api.wsgi [None req-ac0db2fc-7f49-4176-9f85-19224fffc998 4d3b9bd99ea24fbbafeeb98e85924d10 51d8ab0906984b47b597e511c42a0bf7 - - default default] 10.0.0.129 "DELETE /v2.0/vpn/ipsecpolicies/08a7af44-b00d-4b83-a59a-89987d9474a5 HTTP/1.1" status: 204 len: 168 time: 0.0243607
2026-06-15 20:16:10.591 9 INFO neutron.api.v2.resource [None req-f589b2ef-8c1f-43bf-ae47-645ac6762549 4d3b9bd99ea24fbbafeeb98e85924d10 51d8ab0906984b47b597e511c42a0bf7 - - default default] delete failed (client error): The resource could not be found.
2026-06-15 20:16:10.592 9 INFO neutron.api.wsgi [None req-f589b2ef-8c1f-43bf-ae47-645ac6762549 4d3b9bd99ea24fbbafeeb98e85924d10 51d8ab0906984b47b597e511c42a0bf7 - - default default] 10.0.0.129 "DELETE /v2.0/vpn/ipsecpolicies/08a7af44-b00d-4b83-a59a-89987d9474a5 HTTP/1.1" status: 404 len: 346 time: 0.0075691
2026-06-15 20:16:10.593 10 INFO neutron.db.ovn_revision_numbers_db [None req-4f3f56f1-8f8b-49b3-a728-e84dfafa94ec 4d47bd55ebd046dbb2ec947e0639d765 37ba325a0fbf40d4ac2b4b76cb160e0a - - default default] Successfully bumped revision number for resource 1db62343-8b60-4c15-af45-1e68effd168b (type: security_group_rules) to 0
2026-06-15 20:16:10.602 9 INFO neutron.api.v2.resource [None req-0383664b-f129-47be-97b2-1ea32ed81afa 4d3b9bd99ea24fbbafeeb98e85924d10 51d8ab0906984b47b597e511c42a0bf7 - - default default] delete failed (client error): The resource could not be found.
2026-06-15 20:16:10.603 9 INFO neutron.api.wsgi [None req-0383664b-f129-47be-97b2-1ea32ed81afa 4d3b9bd99ea24fbbafeeb98e85924d10 51d8ab0906984b47b597e511c42a0bf7 - - default default] 10.0.0.129 "DELETE /v2.0/vpn/ipsecpolicies/08a7af44-b00d-4b83-a59a-89987d9474a5 HTTP/1.1" status: 404 len: 346 time: 0.0076592
2026-06-15 20:16:10.608 10 INFO neutron.db.ovn_revision_numbers_db [None req-4f3f56f1-8f8b-49b3-a728-e84dfafa94ec 4d47bd55ebd046dbb2ec947e0639d765 37ba325a0fbf40d4ac2b4b76cb160e0a - - default default] Successfully bumped revision number for resource 24020b35-9d4c-4fc8-85bb-4af7b3dd3ac4 (type: security_group_rules) to 0
2026-06-15 20:16:10.611 9 WARNING neutron_lib.context [None req-fd3731d9-e073-4e74-9538-8e183532968a 4d3b9bd99ea24fbbafeeb98e85924d10 51d8ab0906984b47b597e511c42a0bf7 - - default default] Method 'is_advsvc' is deprecated since 2023.2 release (neutron-lib 3.8.0) and will be removed once support for the old RBAC API policies will be removed from Neutron. Please use method 'is_service_role' instead.
2026-06-15 20:16:10.619 10 INFO neutron.db.ovn_revision_numbers_db [None req-4f3f56f1-8f8b-49b3-a728-e84dfafa94ec 4d47bd55ebd046dbb2ec947e0639d765 37ba325a0fbf40d4ac2b4b76cb160e0a - - default default] Successfully bumped revision number for resource 43c80f3b-2a7c-4f14-9b1b-e9bd5cc4e203 (type: security_group_rules) to 0
2026-06-15 20:16:10.632 10 INFO neutron.db.ovn_revision_numbers_db [None req-4f3f56f1-8f8b-49b3-a728-e84dfafa94ec 4d47bd55ebd046dbb2ec947e0639d765 37ba325a0fbf40d4ac2b4b76cb160e0a - - default default] Successfully bumped revision number for resource 47a8f045-2359-4a1f-9576-c496cc0e768e (type: security_group_rules) to 0
