2026-06-15 20:14:03.273 9 INFO neutron.api.wsgi [None req-3db30151-bfd2-4150-a72a-4b01b30c4909 1a7bfbcc99f147ebb9941d3786225d3a 3f58fa161a4143a18370d34b7ba0f89a - - default default] 10.0.0.129 "DELETE /v2.0/security-groups/4b1d95be-5d78-47bd-bbc8-cd11fc851f07 HTTP/1.1" status: 204 len: 168 time: 0.2884326
2026-06-15 20:14:03.399 10 INFO neutron.db.ovn_revision_numbers_db [req-0f8b935f-7a31-47cf-90f9-47d20af537a4 req-48030259-1c2f-469e-a81b-71f2429ba83a 93fd75e7c16c433dac6ed82ee324d3ad 04d056b16d244824b637045d713059ed - - 0c5e71a710ee4d4d9b14d4562644cb4e 0c5e71a710ee4d4d9b14d4562644cb4e] Successfully bumped revision number for resource e885b242-8157-4c9a-8f2a-518166f9a220 (type: ports) to 2
2026-06-15 20:14:03.473 9 INFO neutron.db.ovn_revision_numbers_db [None req-b49adeaa-677a-4842-801e-20625b80e498 - - - - - -] Successfully bumped revision number for resource 4207c561-1c6b-4435-bab6-31a2cec0eba7 (type: ports) to 2
2026-06-15 20:14:03.512 9 INFO neutron.db.ovn_revision_numbers_db [None req-b49adeaa-677a-4842-801e-20625b80e498 - - - - - -] Successfully bumped revision number for resource b210dc8f-6cd9-4705-8916-438d9a1f98a1 (type: subnets) to 0
2026-06-15 20:14:03.532 9 INFO neutron.api.wsgi [None req-00542ea1-2def-4dcb-9cb4-f9ca5fb2c888 a52a381f19ee4526ae1d7ac693f6cdeb b6b496671402456ca2473c59ad720a7c - - default default] 10.0.0.129 "POST /v2.0/subnets HTTP/1.1" status: 201 len: 825 time: 0.7814372
2026-06-15 20:14:03.545 9 WARNING neutron_lib.context [None req-7c8757cc-e976-480c-8d5f-58f69d9a2662 a52a381f19ee4526ae1d7ac693f6cdeb b6b496671402456ca2473c59ad720a7c - - default default] Method 'is_advsvc' is deprecated since 2023.2 release (neutron-lib 3.8.0) and will be removed once support for the old RBAC API policies will be removed from Neutron. Please use method 'is_service_role' instead. /var/lib/openstack/lib/python3.12/site-packages/pycadf/identifier.py:71: UserWarning: Invalid uuid: neutron. To ensure interoperability, identifiers should be a valid uuid. warnings.warn(('Invalid uuid: %s. To ensure interoperability, '
2026-06-15 20:14:03.638 9 INFO neutron.db.ovn_revision_numbers_db [None req-7c8757cc-e976-480c-8d5f-58f69d9a2662 a52a381f19ee4526ae1d7ac693f6cdeb b6b496671402456ca2473c59ad720a7c - - default default] Successfully bumped revision number for resource 82f8a706-ed78-4ee8-b547-3dac8ab960cb (type: routers) to 1
2026-06-15 20:14:03.655 9 INFO neutron.api.wsgi [None req-7c8757cc-e976-480c-8d5f-58f69d9a2662 a52a381f19ee4526ae1d7ac693f6cdeb b6b496671402456ca2473c59ad720a7c - - default default] 10.0.0.129 "POST /v2.0/routers HTTP/1.1" status: 201 len: 802 time: 0.1145389
2026-06-15 20:14:03.719 10 INFO neutron.db.ovn_revision_numbers_db [req-0f8b935f-7a31-47cf-90f9-47d20af537a4 req-48030259-1c2f-469e-a81b-71f2429ba83a 93fd75e7c16c433dac6ed82ee324d3ad 04d056b16d244824b637045d713059ed - - 0c5e71a710ee4d4d9b14d4562644cb4e 0c5e71a710ee4d4d9b14d4562644cb4e] Successfully bumped revision number for resource e885b242-8157-4c9a-8f2a-518166f9a220 (type: ports) to 4
2026-06-15 20:14:03.728 10 INFO neutron.api.wsgi [req-712c21eb-6006-47aa-8f98-5791b9198df2 req-3724cf0c-adfc-4fb1-a4d9-c4e470c0f473 db5d2a0efc30419481e6586ff47b2b00 54683d12b8cb43298954255fe808fd06 - - default default] 10.0.0.66 "GET /v2.0/ports?device_id=77fcdeb1-154a-4cfd-b39c-3dce6a3539cf HTTP/1.1" status: 200 len: 1172 time: 0.1064868
2026-06-15 20:14:03.758 10 INFO neutron.api.wsgi [req-0f8b935f-7a31-47cf-90f9-47d20af537a4 req-48030259-1c2f-469e-a81b-71f2429ba83a 93fd75e7c16c433dac6ed82ee324d3ad 04d056b16d244824b637045d713059ed - - 0c5e71a710ee4d4d9b14d4562644cb4e 0c5e71a710ee4d4d9b14d4562644cb4e] 199.19.213.159 "PUT /v2.0/ports/e885b242-8157-4c9a-8f2a-518166f9a220 HTTP/1.1" status: 200 len: 1408 time: 0.7777152
2026-06-15 20:14:03.764 10 INFO neutron.notifiers.nova [-] Nova event matching ['req-964d56f9-22b0-4053-8c91-6c7907500f30'] response: {'server_uuid': '14fb70b0-3b3f-4680-a44b-3a13fe218217', 'name': 'network-vif-plugged', 'status': 'completed', 'tag': '4c0bff0b-425e-4434-9930-f5db7f4fc5c6', 'code': 200}
2026-06-15 20:14:03.780 10 INFO neutron.api.wsgi [req-712c21eb-6006-47aa-8f98-5791b9198df2 req-ed634b26-08eb-49b5-821f-4f7a940a31b8 db5d2a0efc30419481e6586ff47b2b00 54683d12b8cb43298954255fe808fd06 - - default default] 10.0.0.66 "GET /v2.0/security-groups?id=970312dd-99ba-46cd-898c-e913082c51ce&fields=id&fields=name HTTP/1.1" status: 200 len: 286 time: 0.0433311
2026-06-15 20:14:03.989 9 WARNING neutron.plugins.ml2.drivers.ovn.mech_driver.ovsdb.ovn_client [None req-4c8ad57c-3f2d-4f4f-b204-bba366640b29 - - - - - -] No hosting information found for port dbe4eff2-68f9-40b9-8852-97546ed21e65: RuntimeError: No hosting information found for port dbe4eff2-68f9-40b9-8852-97546ed21e65
2026-06-15 20:14:04.146 10 INFO neutron.api.wsgi [req-b500361a-84dd-43b7-848e-4736a07c21a1 req-32e5a1ce-419a-4fec-b493-a2686c1e6db7 2c8f273960df4580b1c5b9d0f8ead263 43cef4e7d7c949d79bf180f28ffec6ec - - default default] 10.0.0.66 "GET /v2.0/ports?device_id=14fb70b0-3b3f-4680-a44b-3a13fe218217 HTTP/1.1" status: 200 len: 1170 time: 0.0726125
2026-06-15 20:14:04.212 10 INFO neutron.api.wsgi [req-b500361a-84dd-43b7-848e-4736a07c21a1 req-e6cf5a1e-5765-48cf-9414-b366920e94d0 2c8f273960df4580b1c5b9d0f8ead263 43cef4e7d7c949d79bf180f28ffec6ec - - default default] 10.0.0.66 "GET /v2.0/security-groups?id=c16e39c9-2a6a-49d7-8a0b-187e7d4855f6&fields=id&fields=name HTTP/1.1" status: 200 len: 313 time: 0.0617490
2026-06-15 20:14:04.293 9 INFO neutron.db.ovn_revision_numbers_db [None req-4c8ad57c-3f2d-4f4f-b204-bba366640b29 - - - - - -] Successfully bumped revision number for resource dbe4eff2-68f9-40b9-8852-97546ed21e65 (type: router_ports) to 2
2026-06-15 20:14:04.304 9 WARNING neutron.scheduler.dhcp_agent_scheduler [None req-ab3ff7e6-d677-4615-8d7d-79696b4d8f7a a52a381f19ee4526ae1d7ac693f6cdeb b6b496671402456ca2473c59ad720a7c - - default default] No more DHCP agents
2026-06-15 20:14:04.306 9 WARNING neutron.api.rpc.agentnotifiers.dhcp_rpc_agent_api [None req-ab3ff7e6-d677-4615-8d7d-79696b4d8f7a a52a381f19ee4526ae1d7ac693f6cdeb b6b496671402456ca2473c59ad720a7c - - default default] Unable to schedule network 12a43097-eb2f-4b05-be8b-258a745ec376: no agents available; will retry on subsequent port and subnet creation events.
2026-06-15 20:14:04.324 10 INFO neutron.api.wsgi [req-0d962c19-85e7-4a82-a706-040dd5bf34e9 req-c7170fe3-d783-4a56-b8e4-eaf6f4108c36 2c8f273960df4580b1c5b9d0f8ead263 43cef4e7d7c949d79bf180f28ffec6ec - - default default] 10.0.0.66 "GET /v2.0/ports?device_id=14fb70b0-3b3f-4680-a44b-3a13fe218217 HTTP/1.1" status: 200 len: 1170 time: 0.0406184
2026-06-15 20:14:04.343 9 INFO neutron.plugins.ml2.drivers.ovn.mech_driver.mech_driver [None req-4c8ad57c-3f2d-4f4f-b204-bba366640b29 - - - - - -] OVN reports status up for port: 3ecb0215-3447-4fc2-b3ec-91cc579c2bde
2026-06-15 20:14:04.447 9 INFO neutron.db.ovn_revision_numbers_db [None req-ab3ff7e6-d677-4615-8d7d-79696b4d8f7a a52a381f19ee4526ae1d7ac693f6cdeb b6b496671402456ca2473c59ad720a7c - - default default] Successfully bumped revision number for resource 70dbcdbc-2629-4e85-a001-df96b5c14638 (type: ports) to 1
2026-06-15 20:14:04.877 10 INFO neutron.api.wsgi [req-0f8b935f-7a31-47cf-90f9-47d20af537a4 req-f3dfc9fe-f320-4f67-b3e8-ae177866f650 93fd75e7c16c433dac6ed82ee324d3ad 04d056b16d244824b637045d713059ed - - 0c5e71a710ee4d4d9b14d4562644cb4e 0c5e71a710ee4d4d9b14d4562644cb4e] 199.19.213.159 "GET /v2.0/ports?tenant_id=54683d12b8cb43298954255fe808fd06&device_id=77fcdeb1-154a-4cfd-b39c-3dce6a3539cf HTTP/1.1" status: 200 len: 1411 time: 0.0880134 /var/lib/openstack/lib/python3.12/site-packages/pycadf/identifier.py:71: UserWarning: Invalid uuid: neutron. To ensure interoperability, identifiers should be a valid uuid. warnings.warn(('Invalid uuid: %s. To ensure interoperability, '
2026-06-15 20:14:04.908 10 INFO neutron.api.wsgi [req-0f8b935f-7a31-47cf-90f9-47d20af537a4 req-f6b28ed4-34a1-4b6d-84a8-4266cb73b5c2 93fd75e7c16c433dac6ed82ee324d3ad 04d056b16d244824b637045d713059ed - - 0c5e71a710ee4d4d9b14d4562644cb4e 0c5e71a710ee4d4d9b14d4562644cb4e] 199.19.213.159 "GET /v2.0/floatingips?fixed_ip_address=10.100.0.13&port_id=e885b242-8157-4c9a-8f2a-518166f9a220 HTTP/1.1" status: 200 len: 217 time: 0.0257072
2026-06-15 20:14:04.935 10 INFO neutron.plugins.ml2.drivers.ovn.mech_driver.mech_driver [None req-0e70e7d1-1d13-4f76-8c56-3ca1868cfd2d - - - - - -] OVN reports status up for port: 70dbcdbc-2629-4e85-a001-df96b5c14638
2026-06-15 20:14:04.944 10 INFO neutron.db.ovn_revision_numbers_db [None req-6a345a02-9383-4474-ade8-e8718e0d20db 2c8f273960df4580b1c5b9d0f8ead263 43cef4e7d7c949d79bf180f28ffec6ec - - default default] Successfully bumped revision number for resource 9126ac06-2785-4fdd-b075-fc69f8d7589b (type: floatingips) to 1
2026-06-15 20:14:04.945 9 INFO neutron.db.ovn_revision_numbers_db [None req-ab3ff7e6-d677-4615-8d7d-79696b4d8f7a a52a381f19ee4526ae1d7ac693f6cdeb b6b496671402456ca2473c59ad720a7c - - default default] Successfully bumped revision number for resource 70dbcdbc-2629-4e85-a001-df96b5c14638 (type: ports) to 1
2026-06-15 20:14:04.948 10 INFO neutron.plugins.ml2.plugin [None req-0e70e7d1-1d13-4f76-8c56-3ca1868cfd2d - - - - - -] Attempt 1 to provision port 70dbcdbc-2629-4e85-a001-df96b5c14638
2026-06-15 20:14:04.962 10 INFO neutron.api.wsgi [req-d66e7a3d-f56b-4280-8f23-6f3df2241213 req-c5a429a2-c33c-41e3-ab88-b4fdc856f6b8 db5d2a0efc30419481e6586ff47b2b00 54683d12b8cb43298954255fe808fd06 - - default default] 10.0.0.66 "GET /v2.0/ports?device_id=77fcdeb1-154a-4cfd-b39c-3dce6a3539cf HTTP/1.1" status: 200 len: 1172 time: 0.0820594
2026-06-15 20:14:04.968 10 INFO neutron.api.wsgi [req-0f8b935f-7a31-47cf-90f9-47d20af537a4 req-9014e898-a785-413b-8ef8-a5f3e707135f 93fd75e7c16c433dac6ed82ee324d3ad 04d056b16d244824b637045d713059ed - - 0c5e71a710ee4d4d9b14d4562644cb4e 0c5e71a710ee4d4d9b14d4562644cb4e] 199.19.213.159 "GET /v2.0/subnets?id=08899a3d-9d95-4752-ab9e-a0226e65063f HTTP/1.1" status: 200 len: 889 time: 0.0543478
2026-06-15 20:14:04.986 9 WARNING neutron.scheduler.dhcp_agent_scheduler [None req-ab3ff7e6-d677-4615-8d7d-79696b4d8f7a a52a381f19ee4526ae1d7ac693f6cdeb b6b496671402456ca2473c59ad720a7c - - default default] No more DHCP agents
2026-06-15 20:14:04.987 9 WARNING neutron.api.rpc.agentnotifiers.dhcp_rpc_agent_api [None req-ab3ff7e6-d677-4615-8d7d-79696b4d8f7a a52a381f19ee4526ae1d7ac693f6cdeb b6b496671402456ca2473c59ad720a7c - - default default] Unable to schedule network 12a43097-eb2f-4b05-be8b-258a745ec376: no agents available; will retry on subsequent port and subnet creation events.
2026-06-15 20:14:05.002 10 INFO neutron.api.wsgi [req-0f8b935f-7a31-47cf-90f9-47d20af537a4 req-30bdc731-2ad5-4182-8868-f9c1f8cfd8be 93fd75e7c16c433dac6ed82ee324d3ad 04d056b16d244824b637045d713059ed - - 0c5e71a710ee4d4d9b14d4562644cb4e 0c5e71a710ee4d4d9b14d4562644cb4e] 199.19.213.159 "GET /v2.0/ports?network_id=4dc3c639-ea36-4f2d-b568-a75d9f920dd3&device_owner=network%3Adhcp HTTP/1.1" status: 200 len: 210 time: 0.0277600
2026-06-15 20:14:05.047 10 INFO neutron.api.wsgi [req-d66e7a3d-f56b-4280-8f23-6f3df2241213 req-be445c01-e1af-4825-bd2e-2a0d54520233 db5d2a0efc30419481e6586ff47b2b00 54683d12b8cb43298954255fe808fd06 - - default default] 10.0.0.66 "GET /v2.0/security-groups?id=970312dd-99ba-46cd-898c-e913082c51ce&fields=id&fields=name HTTP/1.1" status: 200 len: 286 time: 0.0731480
2026-06-15 20:14:05.070 10 INFO neutron.api.wsgi [req-0f8b935f-7a31-47cf-90f9-47d20af537a4 req-d3cd9b7d-9635-461b-bf3b-dc564a3546c8 93fd75e7c16c433dac6ed82ee324d3ad 04d056b16d244824b637045d713059ed - - 0c5e71a710ee4d4d9b14d4562644cb4e 0c5e71a710ee4d4d9b14d4562644cb4e] 199.19.213.159 "GET /v2.0/networks/4dc3c639-ea36-4f2d-b568-a75d9f920dd3?fields=segments HTTP/1.1" status: 200 len: 212 time: 0.0595670
2026-06-15 20:14:05.131 9 INFO neutron.db.ovn_revision_numbers_db [None req-ab3ff7e6-d677-4615-8d7d-79696b4d8f7a a52a381f19ee4526ae1d7ac693f6cdeb b6b496671402456ca2473c59ad720a7c - - default default] Successfully bumped revision number for resource 70dbcdbc-2629-4e85-a001-df96b5c14638 (type: router_ports) to 1
2026-06-15 20:14:05.137 9 INFO neutron.api.wsgi [None req-ab3ff7e6-d677-4615-8d7d-79696b4d8f7a a52a381f19ee4526ae1d7ac693f6cdeb b6b496671402456ca2473c59ad720a7c - - default default] 10.0.0.129 "PUT /v2.0/routers/82f8a706-ed78-4ee8-b547-3dac8ab960cb/add_router_interface HTTP/1.1" status: 200 len: 503 time: 1.4685729
2026-06-15 20:14:05.152 10 INFO neutron.db.ovn_revision_numbers_db [None req-6a345a02-9383-4474-ade8-e8718e0d20db 2c8f273960df4580b1c5b9d0f8ead263 43cef4e7d7c949d79bf180f28ffec6ec - - default default] Successfully bumped revision number for resource 9126ac06-2785-4fdd-b075-fc69f8d7589b (type: floatingips) to 2
2026-06-15 20:14:05.153 10 INFO neutron.db.l3_db [None req-6a345a02-9383-4474-ade8-e8718e0d20db 2c8f273960df4580b1c5b9d0f8ead263 43cef4e7d7c949d79bf180f28ffec6ec - - default default] Floating IP 9126ac06-2785-4fdd-b075-fc69f8d7589b associated. External IP: 10.96.250.214, port: 4c0bff0b-425e-4434-9930-f5db7f4fc5c6.
2026-06-15 20:14:05.202 10 INFO neutron.api.wsgi [req-0f8b935f-7a31-47cf-90f9-47d20af537a4 req-8b981311-25ae-4878-9aa5-f3de5cee46e9 93fd75e7c16c433dac6ed82ee324d3ad 04d056b16d244824b637045d713059ed - - 0c5e71a710ee4d4d9b14d4562644cb4e 0c5e71a710ee4d4d9b14d4562644cb4e] 199.19.213.159 "GET /v2.0/networks/4dc3c639-ea36-4f2d-b568-a75d9f920dd3?fields=provider%3Aphysical_network&fields=provider%3Anetwork_type HTTP/1.1" status: 200 len: 277 time: 0.1273127
2026-06-15 20:14:05.214 10 INFO neutron.api.wsgi [None req-6a345a02-9383-4474-ade8-e8718e0d20db 2c8f273960df4580b1c5b9d0f8ead263 43cef4e7d7c949d79bf180f28ffec6ec - - default default] 10.0.0.129 "PUT /v2.0/floatingips/9126ac06-2785-4fdd-b075-fc69f8d7589b HTTP/1.1" status: 200 len: 1049 time: 0.8779099
2026-06-15 20:14:05.289 10 INFO neutron.api.wsgi [None req-bd157255-4049-4852-931f-62779aa5672c a52a381f19ee4526ae1d7ac693f6cdeb b6b496671402456ca2473c59ad720a7c - - default default] 10.0.0.129 "GET /v2.0/ports/70dbcdbc-2629-4e85-a001-df96b5c14638 HTTP/1.1" status: 200 len: 1135 time: 0.1463597
2026-06-15 20:14:05.294 10 INFO neutron.api.wsgi [req-418e1956-396e-49d8-a7db-c016924d0485 req-df7da569-5da6-4754-9512-42dc6fe04cac 2c8f273960df4580b1c5b9d0f8ead263 43cef4e7d7c949d79bf180f28ffec6ec - - default default] 10.0.0.66 "GET /v2.0/ports?device_id=14fb70b0-3b3f-4680-a44b-3a13fe218217 HTTP/1.1" status: 200 len: 1170 time: 0.0401068
2026-06-15 20:14:05.320 9 INFO neutron.api.wsgi [None req-234d1be5-c9e2-49c0-a7eb-dda6a5eca1d8 a52a381f19ee4526ae1d7ac693f6cdeb b6b496671402456ca2473c59ad720a7c - - default default] 10.0.0.129 "GET /v2.0/ports/70dbcdbc-2629-4e85-a001-df96b5c14638 HTTP/1.1" status: 200 len: 1137 time: 0.0251043
2026-06-15 20:14:05.334 10 INFO neutron.api.wsgi [req-418e1956-396e-49d8-a7db-c016924d0485 req-f3b08bec-8af8-4daa-a85a-0498e7d7c740 2c8f273960df4580b1c5b9d0f8ead263 43cef4e7d7c949d79bf180f28ffec6ec - - default default] 10.0.0.66 "GET /v2.0/security-groups?id=c16e39c9-2a6a-49d7-8a0b-187e7d4855f6&fields=id&fields=name HTTP/1.1" status: 200 len: 313 time: 0.0362046
2026-06-15 20:14:05.449 10 INFO neutron.db.ovn_revision_numbers_db [None req-0e70e7d1-1d13-4f76-8c56-3ca1868cfd2d - - - - - -] Successfully bumped revision number for resource 70dbcdbc-2629-4e85-a001-df96b5c14638 (type: ports) to 2
2026-06-15 20:14:05.605 10 INFO neutron.api.wsgi [req-725fbb44-ba38-45b4-add9-822741b16772 req-80ac94a5-4e76-425c-b7fe-1cc5cb722230 2c8f273960df4580b1c5b9d0f8ead263 43cef4e7d7c949d79bf180f28ffec6ec - - default default] 10.0.0.66 "GET /v2.0/ports?device_id=14fb70b0-3b3f-4680-a44b-3a13fe218217 HTTP/1.1" status: 200 len: 1170 time: 0.0320685
2026-06-15 20:14:05.644 10 INFO neutron.api.wsgi [req-725fbb44-ba38-45b4-add9-822741b16772 req-679803f3-544a-434e-ae3c-e4e9ff530b22 2c8f273960df4580b1c5b9d0f8ead263 43cef4e7d7c949d79bf180f28ffec6ec - - default default] 10.0.0.66 "GET /v2.0/security-groups?id=c16e39c9-2a6a-49d7-8a0b-187e7d4855f6&fields=id&fields=name HTTP/1.1" status: 200 len: 313 time: 0.0312459
2026-06-15 20:14:05.807 10 INFO neutron.notifiers.nova [-] Nova event matching ['req-a7774e03-fb6e-4574-bce9-1ea9bd8b9664'] response: {'name': 'network-changed', 'server_uuid': '77fcdeb1-154a-4cfd-b39c-3dce6a3539cf', 'tag': 'e885b242-8157-4c9a-8f2a-518166f9a220', 'status': 'completed', 'code': 200}
2026-06-15 20:14:05.807 10 INFO neutron.notifiers.nova [-] Nova event matching ['req-a7774e03-fb6e-4574-bce9-1ea9bd8b9664'] response: {'name': 'network-changed', 'server_uuid': '14fb70b0-3b3f-4680-a44b-3a13fe218217', 'tag': '4c0bff0b-425e-4434-9930-f5db7f4fc5c6', 'status': 'completed', 'code': 200}
2026-06-15 20:14:05.907 9 INFO neutron.api.wsgi [None req-41ce7b94-274e-4050-968b-213d2193dff6 a52a381f19ee4526ae1d7ac693f6cdeb b6b496671402456ca2473c59ad720a7c - - default default] 10.0.0.129 "PUT /v2.0/routers/82f8a706-ed78-4ee8-b547-3dac8ab960cb/remove_router_interface HTTP/1.1" status: 200 len: 503 time: 0.5800664 /var/lib/openstack/lib/python3.12/site-packages/pycadf/identifier.py:71: UserWarning: Invalid uuid: neutron. To ensure interoperability, identifiers should be a valid uuid. warnings.warn(('Invalid uuid: %s. To ensure interoperability, '
2026-06-15 20:14:05.934 9 INFO neutron.api.wsgi [None req-56e99010-e700-4459-8654-af7b5a64866b a52a381f19ee4526ae1d7ac693f6cdeb b6b496671402456ca2473c59ad720a7c - - default default] 10.0.0.129 "GET /v2.0/ports?device_id=82f8a706-ed78-4ee8-b547-3dac8ab960cb HTTP/1.1" status: 200 len: 205 time: 0.0208333
2026-06-15 20:14:06.126 10 INFO neutron.api.wsgi [None req-b7c194cc-7b45-47c2-9b9a-2604c2d6b5b0 a52a381f19ee4526ae1d7ac693f6cdeb b6b496671402456ca2473c59ad720a7c - - default default] 10.0.0.129 "DELETE /v2.0/routers/82f8a706-ed78-4ee8-b547-3dac8ab960cb HTTP/1.1" status: 204 len: 168 time: 0.1863000
2026-06-15 20:14:06.149 10 INFO neutron.api.wsgi [req-08f412f5-6d5a-4de9-8a32-d31746009510 req-fe88efbd-7f5b-458b-8e7f-c0e4747bb742 db5d2a0efc30419481e6586ff47b2b00 54683d12b8cb43298954255fe808fd06 - - default default] 10.0.0.66 "GET /v2.0/ports?device_id=77fcdeb1-154a-4cfd-b39c-3dce6a3539cf HTTP/1.1" status: 200 len: 1172 time: 0.0381932
2026-06-15 20:14:06.190 10 INFO neutron.api.wsgi [req-08f412f5-6d5a-4de9-8a32-d31746009510 req-b037a29b-9858-4d8e-a5b8-1e3298d7b5e6 db5d2a0efc30419481e6586ff47b2b00 54683d12b8cb43298954255fe808fd06 - - default default] 10.0.0.66 "GET /v2.0/security-groups?id=970312dd-99ba-46cd-898c-e913082c51ce&fields=id&fields=name HTTP/1.1" status: 200 len: 286 time: 0.0358052
2026-06-15 20:14:06.298 9 INFO neutron.api.wsgi [None req-be2c661b-76af-4af5-ab4b-9c09d2ea55f7 a52a381f19ee4526ae1d7ac693f6cdeb b6b496671402456ca2473c59ad720a7c - - default default] 10.0.0.129 "DELETE /v2.0/subnets/b210dc8f-6cd9-4705-8916-438d9a1f98a1 HTTP/1.1" status: 204 len: 168 time: 0.1674199
2026-06-15 20:14:06.355 10 INFO neutron.api.wsgi [req-ca1107a2-22e3-4226-9df0-aa8e95b24dbc req-f8b09d6e-4e4d-4441-8409-27a416c6ae28 93fd75e7c16c433dac6ed82ee324d3ad 04d056b16d244824b637045d713059ed - - 0c5e71a710ee4d4d9b14d4562644cb4e 0c5e71a710ee4d4d9b14d4562644cb4e] 199.19.213.159 "GET /v2.0/ports?tenant_id=54683d12b8cb43298954255fe808fd06&device_id=77fcdeb1-154a-4cfd-b39c-3dce6a3539cf HTTP/1.1" status: 200 len: 1411 time: 0.0392611
2026-06-15 20:14:06.376 10 WARNING neutron_lib.context [None req-081caf81-612b-4564-8106-2544535cd02c 942487f5261f4ba996abd2b43250beff 3e6a69f0a750474e96c60d0268000ab9 - - default default] Method 'is_advsvc' is deprecated since 2023.2 release (neutron-lib 3.8.0) and will be removed once support for the old RBAC API policies will be removed from Neutron. Please use method 'is_service_role' instead.
2026-06-15 20:14:06.413 10 INFO neutron.api.wsgi [req-ca1107a2-22e3-4226-9df0-aa8e95b24dbc req-2b38d82e-f2b6-4552-b9fc-a5fad67e058a 93fd75e7c16c433dac6ed82ee324d3ad 04d056b16d244824b637045d713059ed - - 0c5e71a710ee4d4d9b14d4562644cb4e 0c5e71a710ee4d4d9b14d4562644cb4e] 199.19.213.159 "GET /v2.0/networks?id=4dc3c639-ea36-4f2d-b568-a75d9f920dd3 HTTP/1.1" status: 200 len: 970 time: 0.0530474
2026-06-15 20:14:06.442 10 INFO neutron.api.wsgi [req-ca1107a2-22e3-4226-9df0-aa8e95b24dbc req-7207f634-9755-4a91-b4e7-79f21e8dec60 93fd75e7c16c433dac6ed82ee324d3ad 04d056b16d244824b637045d713059ed - - 0c5e71a710ee4d4d9b14d4562644cb4e 0c5e71a710ee4d4d9b14d4562644cb4e] 199.19.213.159 "GET /v2.0/floatingips?fixed_ip_address=10.100.0.13&port_id=e885b242-8157-4c9a-8f2a-518166f9a220 HTTP/1.1" status: 200 len: 217 time: 0.0221634
2026-06-15 20:14:06.476 10 INFO neutron.api.wsgi [req-ca1107a2-22e3-4226-9df0-aa8e95b24dbc req-7ffe4ad5-a2ed-40b1-ae53-a6557559255a 93fd75e7c16c433dac6ed82ee324d3ad 04d056b16d244824b637045d713059ed - - 0c5e71a710ee4d4d9b14d4562644cb4e 0c5e71a710ee4d4d9b14d4562644cb4e] 199.19.213.159 "GET /v2.0/subnets?id=08899a3d-9d95-4752-ab9e-a0226e65063f HTTP/1.1" status: 200 len: 889 time: 0.0288396
2026-06-15 20:14:06.497 10 INFO neutron.api.wsgi [req-ca1107a2-22e3-4226-9df0-aa8e95b24dbc req-856c2e9e-2a2a-4f19-80e8-f436ece5d1a5 93fd75e7c16c433dac6ed82ee324d3ad 04d056b16d244824b637045d713059ed - - 0c5e71a710ee4d4d9b14d4562644cb4e 0c5e71a710ee4d4d9b14d4562644cb4e] 199.19.213.159 "GET /v2.0/ports?network_id=4dc3c639-ea36-4f2d-b568-a75d9f920dd3&device_owner=network%3Adhcp HTTP/1.1" status: 200 len: 210 time: 0.0163085
2026-06-15 20:14:06.547 10 INFO neutron.db.ovn_revision_numbers_db [None req-081caf81-612b-4564-8106-2544535cd02c 942487f5261f4ba996abd2b43250beff 3e6a69f0a750474e96c60d0268000ab9 - - default default] Successfully bumped revision number for resource c8d5d0ed-e608-4655-8e8f-566a09d93e9c (type: security_groups) to 1
2026-06-15 20:14:06.550 10 INFO neutron.api.wsgi [req-ca1107a2-22e3-4226-9df0-aa8e95b24dbc req-f5bb07b4-94b8-438e-b82a-aefc058b1d9f 93fd75e7c16c433dac6ed82ee324d3ad 04d056b16d244824b637045d713059ed - - 0c5e71a710ee4d4d9b14d4562644cb4e 0c5e71a710ee4d4d9b14d4562644cb4e] 199.19.213.159 "GET /v2.0/networks/4dc3c639-ea36-4f2d-b568-a75d9f920dd3?fields=segments HTTP/1.1" status: 200 len: 212 time: 0.0480804
2026-06-15 20:14:06.552 9 INFO neutron.services.segments.plugin [-] Segment 2ac534ae-334e-4f0e-96d4-d083d27f2734 resource provider aggregate not found
2026-06-15 20:14:06.556 9 INFO neutron.services.segments.plugin [-] Segment 2ac534ae-334e-4f0e-96d4-d083d27f2734 resource provider aggregate not found
2026-06-15 20:14:06.564 9 INFO neutron.services.segments.plugin [-] Segment 2ac534ae-334e-4f0e-96d4-d083d27f2734 resource provider not found; error: Placement Client Error (4xx): {"errors": [{"status": 404, "title": "Not Found", "detail": "The resource could not be found.\n\n No resource provider with uuid 2ac534ae-334e-4f0e-96d4-d083d27f2734 found for delete ", "request_id": "req-a9f61402-12a0-4b17-a17c-498af4bfaba8"}]}
2026-06-15 20:14:06.571 10 INFO neutron.db.ovn_revision_numbers_db [None req-081caf81-612b-4564-8106-2544535cd02c 942487f5261f4ba996abd2b43250beff 3e6a69f0a750474e96c60d0268000ab9 - - default default] Successfully bumped revision number for resource 6eb30e45-a75f-4d82-90aa-f0081220821a (type: security_group_rules) to 0
2026-06-15 20:14:06.573 9 INFO neutron.services.segments.plugin [-] Segment 2ac534ae-334e-4f0e-96d4-d083d27f2734 resource provider not found; error: Placement Client Error (4xx): {"errors": [{"status": 404, "title": "Not Found", "detail": "The resource could not be found.\n\n No resource provider with uuid 2ac534ae-334e-4f0e-96d4-d083d27f2734 found for delete ", "request_id": "req-2c7ad2a7-0d29-45bf-9527-3569faa7d8f3"}]}
2026-06-15 20:14:06.585 10 INFO neutron.db.ovn_revision_numbers_db [None req-081caf81-612b-4564-8106-2544535cd02c 942487f5261f4ba996abd2b43250beff 3e6a69f0a750474e96c60d0268000ab9 - - default default] Successfully bumped revision number for resource 7254b52b-bcd1-4645-b5f4-434ccb64904b (type: security_group_rules) to 0
2026-06-15 20:14:06.588 9 INFO neutron.api.wsgi [None req-67a91a22-146c-4751-875e-19d9a0ce80fc a52a381f19ee4526ae1d7ac693f6cdeb b6b496671402456ca2473c59ad720a7c - - default default] 10.0.0.129 "DELETE /v2.0/networks/12a43097-eb2f-4b05-be8b-258a745ec376 HTTP/1.1" status: 204 len: 168 time: 0.2840209
2026-06-15 20:14:06.601 10 INFO neutron.api.wsgi [req-ca1107a2-22e3-4226-9df0-aa8e95b24dbc req-e98196a0-59c1-424c-9a8f-5fa3746d39ba 93fd75e7c16c433dac6ed82ee324d3ad 04d056b16d244824b637045d713059ed - - 0c5e71a710ee4d4d9b14d4562644cb4e 0c5e71a710ee4d4d9b14d4562644cb4e] 199.19.213.159 "GET /v2.0/networks/4dc3c639-ea36-4f2d-b568-a75d9f920dd3?fields=provider%3Aphysical_network&fields=provider%3Anetwork_type HTTP/1.1" status: 200 len: 277 time: 0.0461798
2026-06-15 20:14:06.602 10 INFO neutron.db.ovn_revision_numbers_db [None req-081caf81-612b-4564-8106-2544535cd02c 942487f5261f4ba996abd2b43250beff 3e6a69f0a750474e96c60d0268000ab9 - - default default] Successfully bumped revision number for resource 9f47d5af-e70f-47ca-9cc8-1c7e02a35e24 (type: security_group_rules) to 0
2026-06-15 20:14:06.603 9 WARNING neutron_lib.context [None req-cb5f7da6-9d79-4ec0-a53d-4f3e0b15f79a a52a381f19ee4526ae1d7ac693f6cdeb b6b496671402456ca2473c59ad720a7c - - default default] Method 'is_advsvc' is deprecated since 2023.2 release (neutron-lib 3.8.0) and will be removed once support for the old RBAC API policies will be removed from Neutron. Please use method 'is_service_role' instead.
2026-06-15 20:14:06.615 10 INFO neutron.db.ovn_revision_numbers_db [None req-081caf81-612b-4564-8106-2544535cd02c 942487f5261f4ba996abd2b43250beff 3e6a69f0a750474e96c60d0268000ab9 - - default default] Successfully bumped revision number for resource f49c81e4-9bc8-4f5d-93e8-091ec2334a4c (type: security_group_rules) to 0
2026-06-15 20:14:06.704 10 INFO neutron.db.segments_db [None req-081caf81-612b-4564-8106-2544535cd02c 942487f5261f4ba996abd2b43250beff 3e6a69f0a750474e96c60d0268000ab9 - - default default] Added segment 0cbf79f8-463c-46e5-896d-b156c5f9a775 of type geneve for network 974313d8-0e76-4191-8050-56e1d70c96e4
2026-06-15 20:14:06.812 10 INFO neutron.api.wsgi [req-c92af485-91e8-4963-9c86-4dbee29b763b req-c0f23a0b-54f0-4596-80c7-9e2b2d2a621d 2c8f273960df4580b1c5b9d0f8ead263 43cef4e7d7c949d79bf180f28ffec6ec - - default default] 10.0.0.66 "GET /v2.0/ports?device_id=14fb70b0-3b3f-4680-a44b-3a13fe218217 HTTP/1.1" status: 200 len: 1170 time: 0.0904715
2026-06-15 20:14:06.846 10 INFO neutron.db.ovn_revision_numbers_db [None req-081caf81-612b-4564-8106-2544535cd02c 942487f5261f4ba996abd2b43250beff 3e6a69f0a750474e96c60d0268000ab9 - - default default] Successfully bumped revision number for resource 974313d8-0e76-4191-8050-56e1d70c96e4 (type: networks) to 1
2026-06-15 20:14:06.860 10 INFO neutron.api.wsgi [req-c92af485-91e8-4963-9c86-4dbee29b763b req-afc4ca78-20ac-41a2-a1ea-533dd49d1c0d 2c8f273960df4580b1c5b9d0f8ead263 43cef4e7d7c949d79bf180f28ffec6ec - - default default] 10.0.0.66 "GET /v2.0/security-groups?id=c16e39c9-2a6a-49d7-8a0b-187e7d4855f6&fields=id&fields=name HTTP/1.1" status: 200 len: 313 time: 0.0419631
2026-06-15 20:14:07.006 10 WARNING neutron.scheduler.dhcp_agent_scheduler [None req-081caf81-612b-4564-8106-2544535cd02c 942487f5261f4ba996abd2b43250beff 3e6a69f0a750474e96c60d0268000ab9 - - default default] No more DHCP agents
2026-06-15 20:14:07.007 10 WARNING neutron.api.rpc.agentnotifiers.dhcp_rpc_agent_api [None req-081caf81-612b-4564-8106-2544535cd02c 942487f5261f4ba996abd2b43250beff 3e6a69f0a750474e96c60d0268000ab9 - - default default] Unable to schedule network 974313d8-0e76-4191-8050-56e1d70c96e4: no agents available; will retry on subsequent port and subnet creation events.
2026-06-15 20:14:07.027 9 WARNING neutron.scheduler.dhcp_agent_scheduler [None req-cb5f7da6-9d79-4ec0-a53d-4f3e0b15f79a a52a381f19ee4526ae1d7ac693f6cdeb b6b496671402456ca2473c59ad720a7c - - default default] No more DHCP agents
2026-06-15 20:14:07.028 9 WARNING neutron.api.rpc.agentnotifiers.dhcp_rpc_agent_api [None req-cb5f7da6-9d79-4ec0-a53d-4f3e0b15f79a a52a381f19ee4526ae1d7ac693f6cdeb b6b496671402456ca2473c59ad720a7c - - default default] Unable to schedule network dbcb6816-2d1c-4dec-8158-9762bf8ff873: no agents available; will retry on subsequent port and subnet creation events.
2026-06-15 20:14:07.055 10 INFO neutron.db.ovn_revision_numbers_db [None req-081caf81-612b-4564-8106-2544535cd02c 942487f5261f4ba996abd2b43250beff 3e6a69f0a750474e96c60d0268000ab9 - - default default] Successfully bumped revision number for resource c10446b1-9b6e-41fb-bf71-40c6f6691fd6 (type: ports) to 1
2026-06-15 20:14:07.073 10 INFO neutron.api.wsgi [None req-081caf81-612b-4564-8106-2544535cd02c 942487f5261f4ba996abd2b43250beff 3e6a69f0a750474e96c60d0268000ab9 - - default default] 10.0.0.129 "POST /v2.0/networks HTTP/1.1" status: 201 len: 831 time: 0.9016407
2026-06-15 20:14:07.085 9 WARNING neutron_lib.context [None req-6435bc4e-d4d6-4837-87d0-8382c1711f18 942487f5261f4ba996abd2b43250beff 3e6a69f0a750474e96c60d0268000ab9 - - default default] Method 'is_advsvc' is deprecated since 2023.2 release (neutron-lib 3.8.0) and will be removed once support for the old RBAC API policies will be removed from Neutron. Please use method 'is_service_role' instead.
2026-06-15 20:14:07.164 9 INFO neutron.db.ovn_revision_numbers_db [None req-cb5f7da6-9d79-4ec0-a53d-4f3e0b15f79a a52a381f19ee4526ae1d7ac693f6cdeb b6b496671402456ca2473c59ad720a7c - - default default] Successfully bumped revision number for resource f924267e-61e6-4a33-aadf-0f22ad9301a1 (type: ports) to 1
2026-06-15 20:14:07.283 10 INFO neutron.api.wsgi [req-093e170a-57b0-44c6-8b93-3b00267b9360 req-fd71cd6b-4a2c-492b-9ea3-beb983004df2 db5d2a0efc30419481e6586ff47b2b00 54683d12b8cb43298954255fe808fd06 - - default default] 10.0.0.66 "GET /v2.0/ports?device_id=77fcdeb1-154a-4cfd-b39c-3dce6a3539cf HTTP/1.1" status: 200 len: 1172 time: 0.0380821
2026-06-15 20:14:07.356 10 INFO neutron.api.wsgi [req-093e170a-57b0-44c6-8b93-3b00267b9360 req-b73959d6-fc3f-403b-b2a2-4102d207d7c8 db5d2a0efc30419481e6586ff47b2b00 54683d12b8cb43298954255fe808fd06 - - default default] 10.0.0.66 "GET /v2.0/security-groups?id=970312dd-99ba-46cd-898c-e913082c51ce&fields=id&fields=name HTTP/1.1" status: 200 len: 286 time: 0.0632029
2026-06-15 20:14:07.362 10 INFO neutron.api.wsgi [req-6355698b-1be3-45a6-b7bf-38487c845c32 req-55425e60-528f-4aef-9862-bc87b1077559 2c8f273960df4580b1c5b9d0f8ead263 43cef4e7d7c949d79bf180f28ffec6ec - - default default] 199.19.213.159 "GET /v2.0/ports?device_id=14fb70b0-3b3f-4680-a44b-3a13fe218217 HTTP/1.1" status: 200 len: 1170 time: 0.0502503
2026-06-15 20:14:07.556 9 WARNING neutron.scheduler.dhcp_agent_scheduler [None req-6435bc4e-d4d6-4837-87d0-8382c1711f18 942487f5261f4ba996abd2b43250beff 3e6a69f0a750474e96c60d0268000ab9 - - default default] No more DHCP agents
2026-06-15 20:14:07.558 9 WARNING neutron.api.rpc.agentnotifiers.dhcp_rpc_agent_api [None req-6435bc4e-d4d6-4837-87d0-8382c1711f18 942487f5261f4ba996abd2b43250beff 3e6a69f0a750474e96c60d0268000ab9 - - default default] Unable to schedule network dbcb6816-2d1c-4dec-8158-9762bf8ff873: no agents available; will retry on subsequent port and subnet creation events.
2026-06-15 20:14:07.652 10 INFO neutron.db.l3_db [req-6355698b-1be3-45a6-b7bf-38487c845c32 req-8ac354d1-e3cf-4b93-a406-a1fdec290e23 2c8f273960df4580b1c5b9d0f8ead263 43cef4e7d7c949d79bf180f28ffec6ec - - default default] Floating IP 9126ac06-2785-4fdd-b075-fc69f8d7589b disassociated. External IP: 10.96.250.214, port: 4c0bff0b-425e-4434-9930-f5db7f4fc5c6.
2026-06-15 20:14:07.659 10 INFO neutron.api.wsgi [req-ca1107a2-22e3-4226-9df0-aa8e95b24dbc req-3922c3a7-d531-4f83-b83f-378e86227d33 93fd75e7c16c433dac6ed82ee324d3ad 04d056b16d244824b637045d713059ed - - 0c5e71a710ee4d4d9b14d4562644cb4e 0c5e71a710ee4d4d9b14d4562644cb4e] 199.19.213.159 "GET /v2.0/ports?tenant_id=43cef4e7d7c949d79bf180f28ffec6ec&device_id=14fb70b0-3b3f-4680-a44b-3a13fe218217 HTTP/1.1" status: 200 len: 1409 time: 0.0445883
2026-06-15 20:14:07.713 10 INFO neutron.api.wsgi [req-ca1107a2-22e3-4226-9df0-aa8e95b24dbc req-7cb76ca9-5f48-49af-8e86-c26dbf960c2b 93fd75e7c16c433dac6ed82ee324d3ad 04d056b16d244824b637045d713059ed - - 0c5e71a710ee4d4d9b14d4562644cb4e 0c5e71a710ee4d4d9b14d4562644cb4e] 199.19.213.159 "GET /v2.0/networks?id=473f045c-5257-456f-8008-5182cd471283 HTTP/1.1" status: 200 len: 978 time: 0.0493176
2026-06-15 20:14:07.718 9 INFO neutron.db.ovn_revision_numbers_db [None req-6435bc4e-d4d6-4837-87d0-8382c1711f18 942487f5261f4ba996abd2b43250beff 3e6a69f0a750474e96c60d0268000ab9 - - default default] Successfully bumped revision number for resource aa88f7eb-4d88-4917-8d56-35f289fd78b4 (type: ports) to 1
2026-06-15 20:14:07.755 10 INFO neutron.api.wsgi [req-ca1107a2-22e3-4226-9df0-aa8e95b24dbc req-fdc36a68-2182-493a-97ac-abdf76737754 93fd75e7c16c433dac6ed82ee324d3ad 04d056b16d244824b637045d713059ed - - 0c5e71a710ee4d4d9b14d4562644cb4e 0c5e71a710ee4d4d9b14d4562644cb4e] 199.19.213.159 "GET /v2.0/floatingips?fixed_ip_address=10.100.0.3&port_id=4c0bff0b-425e-4434-9930-f5db7f4fc5c6 HTTP/1.1" status: 200 len: 1059 time: 0.0351579
2026-06-15 20:14:07.788 10 INFO neutron.api.wsgi [req-ca1107a2-22e3-4226-9df0-aa8e95b24dbc req-4f606c5e-2866-48ad-9242-72a6c8c9e07b 93fd75e7c16c433dac6ed82ee324d3ad 04d056b16d244824b637045d713059ed - - 0c5e71a710ee4d4d9b14d4562644cb4e 0c5e71a710ee4d4d9b14d4562644cb4e] 199.19.213.159 "GET /v2.0/subnets?id=e23a588b-8ee4-44e0-bd45-17553500add1 HTTP/1.1" status: 200 len: 897 time: 0.0289891
2026-06-15 20:14:07.806 10 INFO neutron.api.wsgi [req-6355698b-1be3-45a6-b7bf-38487c845c32 req-8ac354d1-e3cf-4b93-a406-a1fdec290e23 2c8f273960df4580b1c5b9d0f8ead263 43cef4e7d7c949d79bf180f28ffec6ec - - default default] 199.19.213.159 "DELETE /v2.0/ports/4c0bff0b-425e-4434-9930-f5db7f4fc5c6 HTTP/1.1" status: 204 len: 173 time: 0.4409921
2026-06-15 20:14:07.814 10 INFO neutron.api.wsgi [req-ca1107a2-22e3-4226-9df0-aa8e95b24dbc req-129f6711-b0b6-4509-a763-a180602f7ac8 93fd75e7c16c433dac6ed82ee324d3ad 04d056b16d244824b637045d713059ed - - 0c5e71a710ee4d4d9b14d4562644cb4e 0c5e71a710ee4d4d9b14d4562644cb4e] 199.19.213.159 "GET /v2.0/ports?network_id=473f045c-5257-456f-8008-5182cd471283&device_owner=network%3Adhcp HTTP/1.1" status: 200 len: 210 time: 0.0202441
2026-06-15 20:14:07.846 10 INFO neutron.notifiers.nova [-] Nova event matching ['req-96a2054d-1557-4e61-920c-2668df58aa09'] response: {'server_uuid': '14fb70b0-3b3f-4680-a44b-3a13fe218217', 'name': 'network-vif-deleted', 'tag': '4c0bff0b-425e-4434-9930-f5db7f4fc5c6', 'status': 'completed', 'code': 200}
2026-06-15 20:14:07.867 10 INFO neutron.api.wsgi [req-ca1107a2-22e3-4226-9df0-aa8e95b24dbc req-8999d923-2663-4206-a818-a9529d6c4261 93fd75e7c16c433dac6ed82ee324d3ad 04d056b16d244824b637045d713059ed - - 0c5e71a710ee4d4d9b14d4562644cb4e 0c5e71a710ee4d4d9b14d4562644cb4e] 199.19.213.159 "GET /v2.0/networks/473f045c-5257-456f-8008-5182cd471283?fields=segments HTTP/1.1" status: 200 len: 212 time: 0.0479505
2026-06-15 20:14:07.904 9 INFO neutron.plugins.ml2.drivers.ovn.mech_driver.ovsdb.commands [None req-5dcf39fe-f81e-4abe-812b-8fdf8185dfd6 - - - - - -] Schedule LRP lrp-f924267e-61e6-4a33-aadf-0f22ad9301a1 on gateway c169de98-b3f8-4df1-9992-1253cfbe3fd8 with priority 1
2026-06-15 20:14:07.914 9 INFO neutron.plugins.ml2.drivers.ovn.mech_driver.mech_driver [None req-4c8ad57c-3f2d-4f4f-b204-bba366640b29 - - - - - -] OVN reports status up for port: f924267e-61e6-4a33-aadf-0f22ad9301a1
2026-06-15 20:14:07.927 10 INFO neutron.api.wsgi [req-ca1107a2-22e3-4226-9df0-aa8e95b24dbc req-91d8b709-79a3-4feb-99e1-8ed198198493 93fd75e7c16c433dac6ed82ee324d3ad 04d056b16d244824b637045d713059ed - - 0c5e71a710ee4d4d9b14d4562644cb4e 0c5e71a710ee4d4d9b14d4562644cb4e] 199.19.213.159 "GET /v2.0/networks/473f045c-5257-456f-8008-5182cd471283?fields=provider%3Aphysical_network&fields=provider%3Anetwork_type HTTP/1.1" status: 200 len: 277 time: 0.0549097
2026-06-15 20:14:07.931 9 INFO neutron.plugins.ml2.plugin [None req-4c8ad57c-3f2d-4f4f-b204-bba366640b29 - - - - - -] Attempt 1 to provision port f924267e-61e6-4a33-aadf-0f22ad9301a1
2026-06-15 20:14:07.957 9 INFO neutron.db.ovn_revision_numbers_db [None req-cb5f7da6-9d79-4ec0-a53d-4f3e0b15f79a a52a381f19ee4526ae1d7ac693f6cdeb b6b496671402456ca2473c59ad720a7c - - default default] Successfully bumped revision number for resource f924267e-61e6-4a33-aadf-0f22ad9301a1 (type: router_ports) to 1
2026-06-15 20:14:07.968 10 INFO neutron.api.wsgi [req-4d87a71c-9991-465d-94c7-5e4d7be49cee req-44fc105e-4b73-47e2-bed8-787706937899 2c8f273960df4580b1c5b9d0f8ead263 43cef4e7d7c949d79bf180f28ffec6ec - - default default] 10.0.0.66 "GET /v2.0/ports?device_id=14fb70b0-3b3f-4680-a44b-3a13fe218217 HTTP/1.1" status: 200 len: 210 time: 0.0183015
2026-06-15 20:14:08.040 9 INFO neutron.db.ovn_revision_numbers_db [None req-cb5f7da6-9d79-4ec0-a53d-4f3e0b15f79a a52a381f19ee4526ae1d7ac693f6cdeb b6b496671402456ca2473c59ad720a7c - - default default] Successfully bumped revision number for resource 4bb010c3-eefb-4e62-bb27-0e7990a4331d (type: routers) to 2
2026-06-15 20:14:08.054 9 INFO neutron.api.wsgi [None req-cb5f7da6-9d79-4ec0-a53d-4f3e0b15f79a a52a381f19ee4526ae1d7ac693f6cdeb b6b496671402456ca2473c59ad720a7c - - default default] 10.0.0.129 "POST /v2.0/routers HTTP/1.1" status: 201 len: 1146 time: 1.4569671
2026-06-15 20:14:08.116 10 INFO neutron.api.wsgi [None req-5e641875-b0bb-43b1-91ef-46dfcaf65544 a52a381f19ee4526ae1d7ac693f6cdeb b6b496671402456ca2473c59ad720a7c - - default default] 10.0.0.129 "GET /v2.0/routers/4bb010c3-eefb-4e62-bb27-0e7990a4331d HTTP/1.1" status: 200 len: 1147 time: 0.0568249
2026-06-15 20:14:08.199 10 INFO neutron.api.wsgi [None req-d47b3200-4619-4767-84da-f129022aa6eb a52a381f19ee4526ae1d7ac693f6cdeb b6b496671402456ca2473c59ad720a7c - - default default] 10.0.0.129 "GET /v2.0/routers HTTP/1.1" status: 200 len: 1150 time: 0.0777500
2026-06-15 20:14:08.345 9 INFO neutron.plugins.ml2.drivers.ovn.mech_driver.ovsdb.commands [None req-5dcf39fe-f81e-4abe-812b-8fdf8185dfd6 - - - - - -] Schedule LRP lrp-aa88f7eb-4d88-4917-8d56-35f289fd78b4 on gateway c169de98-b3f8-4df1-9992-1253cfbe3fd8 with priority 1
2026-06-15 20:14:08.378 10 INFO neutron.plugins.ml2.drivers.ovn.mech_driver.ovsdb.ovsdb_monitor [None req-e2d772d6-a4a2-4437-8146-21051b5eda90 - - - - - -] Router c3e3cadf-dcda-477b-8614-dd6b3cdab43f is bound to host instance
2026-06-15 20:14:08.396 9 INFO neutron.db.ovn_revision_numbers_db [None req-6435bc4e-d4d6-4837-87d0-8382c1711f18 942487f5261f4ba996abd2b43250beff 3e6a69f0a750474e96c60d0268000ab9 - - default default] Successfully bumped revision number for resource aa88f7eb-4d88-4917-8d56-35f289fd78b4 (type: router_ports) to 1
2026-06-15 20:14:08.459 9 INFO neutron.db.ovn_revision_numbers_db [None req-6435bc4e-d4d6-4837-87d0-8382c1711f18 942487f5261f4ba996abd2b43250beff 3e6a69f0a750474e96c60d0268000ab9 - - default default] Successfully bumped revision number for resource c3e3cadf-dcda-477b-8614-dd6b3cdab43f (type: routers) to 2
2026-06-15 20:14:08.462 10 INFO neutron.api.wsgi [req-6733cd34-8967-4138-b8c0-b90df4fcb882 req-9d03b47e-b833-4ca1-a95a-3a41dec91dd4 db5d2a0efc30419481e6586ff47b2b00 54683d12b8cb43298954255fe808fd06 - - default default] 10.0.0.66 "GET /v2.0/ports?device_id=77fcdeb1-154a-4cfd-b39c-3dce6a3539cf HTTP/1.1" status: 200 len: 1172 time: 0.0512059
2026-06-15 20:14:08.473 9 INFO neutron.api.wsgi [None req-6435bc4e-d4d6-4837-87d0-8382c1711f18 942487f5261f4ba996abd2b43250beff 3e6a69f0a750474e96c60d0268000ab9 - - default default] 10.0.0.129 "POST /v2.0/routers HTTP/1.1" status: 201 len: 1154 time: 1.3946700
2026-06-15 20:14:08.520 10 INFO neutron.api.wsgi [req-6733cd34-8967-4138-b8c0-b90df4fcb882 req-8b2df02c-c178-4261-92a1-46c49e6b8b6a db5d2a0efc30419481e6586ff47b2b00 54683d12b8cb43298954255fe808fd06 - - default default] 10.0.0.66 "GET /v2.0/security-groups?id=970312dd-99ba-46cd-898c-e913082c51ce&fields=id&fields=name HTTP/1.1" status: 200 len: 286 time: 0.0460899
2026-06-15 20:14:08.541 9 INFO neutron.api.wsgi [None req-18492eff-98c8-40da-8c1e-b17d0acd34f3 036c33e4fbd24f95b045b6cf6a53e8eb 7aa3ad0e25974af88a37d216d83ffcc2 - - default default] 10.0.0.129 "GET /v2.0/subnets?project_id=3e6a69f0a750474e96c60d0268000ab9&cidr=10.100.0.0%2F28 HTTP/1.1" status: 200 len: 207 time: 0.0626819
2026-06-15 20:14:08.591 9 INFO neutron.api.wsgi [None req-e6f647cd-72ee-43a4-94bb-d11809e55067 036c33e4fbd24f95b045b6cf6a53e8eb 7aa3ad0e25974af88a37d216d83ffcc2 - - default default] 10.0.0.129 "GET /v2.0/networks?router%3Aexternal=True HTTP/1.1" status: 200 len: 947 time: 0.0439024
2026-06-15 20:14:08.613 9 INFO neutron.api.wsgi [None req-846cf41f-9b0a-4af5-a57c-a948e6382029 036c33e4fbd24f95b045b6cf6a53e8eb 7aa3ad0e25974af88a37d216d83ffcc2 - - default default] 10.0.0.129 "GET /v2.0/subnets?network_id=dbcb6816-2d1c-4dec-8158-9762bf8ff873&cidr=10.100.0.0%2F28 HTTP/1.1" status: 200 len: 207 time: 0.0153120
2026-06-15 20:14:08.620 9 WARNING neutron_lib.context [None req-6e46c2ed-254d-4c6c-8f71-25a485357d86 942487f5261f4ba996abd2b43250beff 3e6a69f0a750474e96c60d0268000ab9 - - default default] Method 'is_advsvc' is deprecated since 2023.2 release (neutron-lib 3.8.0) and will be removed once support for the old RBAC API policies will be removed from Neutron. Please use method 'is_service_role' instead.
2026-06-15 20:14:08.628 10 INFO neutron.db.ovn_revision_numbers_db [None req-87adc64a-57bf-449a-acc9-5072b07b3013 a52a381f19ee4526ae1d7ac693f6cdeb b6b496671402456ca2473c59ad720a7c - - default default] Successfully bumped revision number for resource 4bb010c3-eefb-4e62-bb27-0e7990a4331d (type: routers) to 3
2026-06-15 20:14:08.636 10 INFO neutron.api.wsgi [None req-87adc64a-57bf-449a-acc9-5072b07b3013 a52a381f19ee4526ae1d7ac693f6cdeb b6b496671402456ca2473c59ad720a7c - - default default] 10.0.0.129 "PUT /v2.0/routers/4bb010c3-eefb-4e62-bb27-0e7990a4331d HTTP/1.1" status: 200 len: 1154 time: 0.4335320
2026-06-15 20:14:08.699 10 INFO neutron.api.wsgi [None req-a85ed1ab-27d9-43bb-abce-c91838bae0ad a52a381f19ee4526ae1d7ac693f6cdeb b6b496671402456ca2473c59ad720a7c - - default default] 10.0.0.129 "GET /v2.0/routers/4bb010c3-eefb-4e62-bb27-0e7990a4331d HTTP/1.1" status: 200 len: 1154 time: 0.0584602
2026-06-15 20:14:08.733 9 INFO neutron.api.wsgi [None req-9bad4963-cf16-4ad7-9a99-38b946629f72 a52a381f19ee4526ae1d7ac693f6cdeb b6b496671402456ca2473c59ad720a7c - - default default] 10.0.0.129 "GET /v2.0/ports?device_id=4bb010c3-eefb-4e62-bb27-0e7990a4331d HTTP/1.1" status: 200 len: 205 time: 0.0255682
2026-06-15 20:14:08.854 10 INFO neutron.db.ovn_revision_numbers_db [None req-dcfb1b8a-0fa8-480e-84ad-c0a69fd643b9 - - - - - -] Successfully bumped revision number for resource aa88f7eb-4d88-4917-8d56-35f289fd78b4 (type: ports) to 1
2026-06-15 20:14:08.863 9 WARNING neutron.scheduler.dhcp_agent_scheduler [None req-6e46c2ed-254d-4c6c-8f71-25a485357d86 942487f5261f4ba996abd2b43250beff 3e6a69f0a750474e96c60d0268000ab9 - - default default] No more DHCP agents
2026-06-15 20:14:08.866 9 WARNING neutron.api.rpc.agentnotifiers.dhcp_rpc_agent_api [None req-6e46c2ed-254d-4c6c-8f71-25a485357d86 942487f5261f4ba996abd2b43250beff 3e6a69f0a750474e96c60d0268000ab9 - - default default] Unable to schedule network 974313d8-0e76-4191-8050-56e1d70c96e4: no agents available; will retry on subsequent port and subnet creation events.
2026-06-15 20:14:09.048 10 INFO neutron.api.wsgi [req-053d12ae-499b-4a0b-a924-9e820094293d req-eedd3409-8a48-4271-8863-b65538d78d55 2c8f273960df4580b1c5b9d0f8ead263 43cef4e7d7c949d79bf180f28ffec6ec - - default default] 10.0.0.66 "GET /v2.0/ports?device_id=14fb70b0-3b3f-4680-a44b-3a13fe218217 HTTP/1.1" status: 200 len: 210 time: 0.0184727
2026-06-15 20:14:09.142 10 INFO neutron.db.ovn_revision_numbers_db [None req-dcfb1b8a-0fa8-480e-84ad-c0a69fd643b9 - - - - - -] Successfully bumped revision number for resource aa88f7eb-4d88-4917-8d56-35f289fd78b4 (type: ports) to 4
2026-06-15 20:14:09.382 10 INFO neutron.db.ovn_revision_numbers_db [None req-dcfb1b8a-0fa8-480e-84ad-c0a69fd643b9 - - - - - -] Successfully bumped revision number for resource aa88f7eb-4d88-4917-8d56-35f289fd78b4 (type: ports) to 5
2026-06-15 20:14:09.554 9 INFO neutron.db.ovn_revision_numbers_db [None req-7947a0cb-5894-4ed4-9278-d5a70ee4b403 - - - - - -] Successfully bumped revision number for resource c10446b1-9b6e-41fb-bf71-40c6f6691fd6 (type: ports) to 2
2026-06-15 20:14:09.607 9 INFO neutron.db.ovn_revision_numbers_db [None req-7947a0cb-5894-4ed4-9278-d5a70ee4b403 - - - - - -] Successfully bumped revision number for resource 386439b7-97d7-48a0-b506-430ee331be79 (type: subnets) to 0
2026-06-15 20:14:09.628 9 INFO neutron.api.wsgi [None req-6e46c2ed-254d-4c6c-8f71-25a485357d86 942487f5261f4ba996abd2b43250beff 3e6a69f0a750474e96c60d0268000ab9 - - default default] 10.0.0.129 "POST /v2.0/subnets HTTP/1.1" status: 201 len: 854 time: 1.0112436
2026-06-15 20:14:09.653 10 INFO neutron.api.wsgi [req-48b3a9e3-23de-41e3-b9fc-39d531326b8c req-6eb47cf0-96ad-4974-a29a-dd4d5f5428a1 db5d2a0efc30419481e6586ff47b2b00 54683d12b8cb43298954255fe808fd06 - - default default] 10.0.0.66 "GET /v2.0/ports?device_id=77fcdeb1-154a-4cfd-b39c-3dce6a3539cf HTTP/1.1" status: 200 len: 1172 time: 0.0715802
2026-06-15 20:14:09.656 9 INFO neutron.api.wsgi [None req-83b4faba-143c-4d88-a92b-c25332f5e19f a52a381f19ee4526ae1d7ac693f6cdeb b6b496671402456ca2473c59ad720a7c - - default default] 10.0.0.129 "DELETE /v2.0/routers/4bb010c3-eefb-4e62-bb27-0e7990a4331d HTTP/1.1" status: 204 len: 168 time: 0.9196367
2026-06-15 20:14:09.687 9 INFO neutron.api.wsgi [None req-d2a8e44d-ddf2-48f1-84a7-e5fcb0aca2da a52a381f19ee4526ae1d7ac693f6cdeb b6b496671402456ca2473c59ad720a7c - - default default] 10.0.0.129 "GET /v2.0/ports?device_id=4bb010c3-eefb-4e62-bb27-0e7990a4331d HTTP/1.1" status: 200 len: 205 time: 0.0244954
2026-06-15 20:14:09.691 10 INFO neutron.api.wsgi [req-48b3a9e3-23de-41e3-b9fc-39d531326b8c req-054c8771-2602-4ecd-aa46-12f78c45dc41 db5d2a0efc30419481e6586ff47b2b00 54683d12b8cb43298954255fe808fd06 - - default default] 10.0.0.66 "GET /v2.0/security-groups?id=970312dd-99ba-46cd-898c-e913082c51ce&fields=id&fields=name HTTP/1.1" status: 200 len: 286 time: 0.0334592
2026-06-15 20:14:09.708 10 INFO neutron.api.v2.resource [None req-477db9b6-c517-4218-9626-3986ab43f363 a52a381f19ee4526ae1d7ac693f6cdeb b6b496671402456ca2473c59ad720a7c - - default default] delete failed (client error): The resource could not be found.
2026-06-15 20:14:09.709 10 INFO neutron.api.wsgi [None req-477db9b6-c517-4218-9626-3986ab43f363 a52a381f19ee4526ae1d7ac693f6cdeb b6b496671402456ca2473c59ad720a7c - - default default] 10.0.0.129 "DELETE /v2.0/routers/4bb010c3-eefb-4e62-bb27-0e7990a4331d HTTP/1.1" status: 404 len: 336 time: 0.0148487
2026-06-15 20:14:09.728 10 INFO neutron.api.wsgi [None req-1162cbbe-ae5c-4e20-a47f-67b705736113 a52a381f19ee4526ae1d7ac693f6cdeb b6b496671402456ca2473c59ad720a7c - - default default] 10.0.0.129 "GET /v2.0/ports?device_id=82f8a706-ed78-4ee8-b547-3dac8ab960cb HTTP/1.1" status: 200 len: 205 time: 0.0138440
2026-06-15 20:14:09.754 10 INFO neutron.api.v2.resource [None req-712b01c6-ac92-418d-85a2-8147ded82753 a52a381f19ee4526ae1d7ac693f6cdeb b6b496671402456ca2473c59ad720a7c - - default default] delete failed (client error): The resource could not be found.
2026-06-15 20:14:09.756 10 INFO neutron.api.wsgi [None req-712b01c6-ac92-418d-85a2-8147ded82753 a52a381f19ee4526ae1d7ac693f6cdeb b6b496671402456ca2473c59ad720a7c - - default default] 10.0.0.129 "DELETE /v2.0/routers/82f8a706-ed78-4ee8-b547-3dac8ab960cb HTTP/1.1" status: 404 len: 336 time: 0.0223451
2026-06-15 20:14:09.774 10 INFO neutron.pecan_wsgi.hooks.translation [None req-880b18bf-d411-4f59-acd6-50e79be9505d a52a381f19ee4526ae1d7ac693f6cdeb b6b496671402456ca2473c59ad720a7c - - default default] DELETE failed (client error): The resource could not be found.
2026-06-15 20:14:09.777 10 INFO neutron.api.wsgi [None req-880b18bf-d411-4f59-acd6-50e79be9505d a52a381f19ee4526ae1d7ac693f6cdeb b6b496671402456ca2473c59ad720a7c - - default default] 10.0.0.129 "DELETE /v2.0/subnets/b210dc8f-6cd9-4705-8916-438d9a1f98a1 HTTP/1.1" status: 404 len: 337 time: 0.0163708
2026-06-15 20:14:09.805 10 INFO neutron.api.wsgi [None req-e7b0ac7e-a335-4dc1-91d7-a9bd7b29ccde a52a381f19ee4526ae1d7ac693f6cdeb b6b496671402456ca2473c59ad720a7c - - default default] 10.0.0.129 "GET /v2.0/ports?device_id=d5570301-2feb-4398-a154-fe1700dba5cc HTTP/1.1" status: 200 len: 205 time: 0.0224061
2026-06-15 20:14:09.830 10 INFO neutron.api.v2.resource [None req-a1478541-a7bc-4090-94e8-40ac80748481 a52a381f19ee4526ae1d7ac693f6cdeb b6b496671402456ca2473c59ad720a7c - - default default] delete failed (client error): The resource could not be found.
2026-06-15 20:14:09.831 10 INFO neutron.api.wsgi [None req-a1478541-a7bc-4090-94e8-40ac80748481 a52a381f19ee4526ae1d7ac693f6cdeb b6b496671402456ca2473c59ad720a7c - - default default] 10.0.0.129 "DELETE /v2.0/routers/d5570301-2feb-4398-a154-fe1700dba5cc HTTP/1.1" status: 404 len: 336 time: 0.0222421
2026-06-15 20:14:09.848 10 INFO neutron.pecan_wsgi.hooks.translation [None req-ffffd079-1696-4518-8719-9404c0888394 a52a381f19ee4526ae1d7ac693f6cdeb b6b496671402456ca2473c59ad720a7c - - default default] DELETE failed (client error): The resource could not be found.
2026-06-15 20:14:09.851 10 INFO neutron.api.wsgi [None req-ffffd079-1696-4518-8719-9404c0888394 a52a381f19ee4526ae1d7ac693f6cdeb b6b496671402456ca2473c59ad720a7c - - default default] 10.0.0.129 "DELETE /v2.0/subnets/b3e5a91c-3cae-40b1-bf90-3a910f410631 HTTP/1.1" status: 404 len: 337 time: 0.0163398
2026-06-15 20:14:09.873 10 INFO neutron.api.wsgi [None req-8860f1cc-2d50-4c85-984f-6fd742a83c90 a52a381f19ee4526ae1d7ac693f6cdeb b6b496671402456ca2473c59ad720a7c - - default default] 10.0.0.129 "GET /v2.0/ports?device_id=12afea06-47c2-41e1-8a3d-26d3ddddc46e HTTP/1.1" status: 200 len: 205 time: 0.0160420
2026-06-15 20:14:09.892 10 INFO neutron.api.v2.resource [None req-c9ee2b85-793e-4d02-9384-0700c302f1c5 a52a381f19ee4526ae1d7ac693f6cdeb b6b496671402456ca2473c59ad720a7c - - default default] delete failed (client error): The resource could not be found.
