2026-06-15 20:14:37.666 10 INFO neutron.api.wsgi [req-81a76988-e428-4c5d-b038-470429aafe8c req-74a889b5-9a26-4e31-86d1-a0f628690b50 e91404b9bcd94fe8ad0f55e1a0fa6252 ddafaad0de2940afa184b7e673ae67b8 - - default default] 10.0.0.66 "GET /v2.0/ports?device_id=43652171-f090-4154-9765-8071366e2ccf HTTP/1.1" status: 200 len: 1172 time: 0.0382028
2026-06-15 20:14:37.711 10 INFO neutron.api.wsgi [req-81a76988-e428-4c5d-b038-470429aafe8c req-82a29820-d4d4-40b8-a242-591d7df54338 e91404b9bcd94fe8ad0f55e1a0fa6252 ddafaad0de2940afa184b7e673ae67b8 - - default default] 10.0.0.66 "GET /v2.0/security-groups?id=0511fb9e-03d2-44d6-8875-bac935179e6f&fields=id&fields=name HTTP/1.1" status: 200 len: 313 time: 0.0373673
2026-06-15 20:14:37.840 9 INFO neutron.db.ovn_revision_numbers_db [None req-f239842e-7278-4917-9a83-a13cd898e393 aaa832b93a5c42198c37d6f87830627b 77c2494a5e884bcea07c77dd69d6d0fc - - default default] Successfully bumped revision number for resource 48d3b961-a446-405f-b253-64cdcd32f4b6 (type: security_groups) to 1
2026-06-15 20:14:37.851 9 INFO neutron.db.ovn_revision_numbers_db [None req-f239842e-7278-4917-9a83-a13cd898e393 aaa832b93a5c42198c37d6f87830627b 77c2494a5e884bcea07c77dd69d6d0fc - - default default] Successfully bumped revision number for resource 2089d2a0-90e9-492a-b3a4-898165a72d94 (type: security_group_rules) to 0
2026-06-15 20:14:37.862 9 INFO neutron.db.ovn_revision_numbers_db [None req-f239842e-7278-4917-9a83-a13cd898e393 aaa832b93a5c42198c37d6f87830627b 77c2494a5e884bcea07c77dd69d6d0fc - - default default] Successfully bumped revision number for resource 4fecf17a-b1a8-40c4-9856-a7c148dbda3e (type: security_group_rules) to 0
2026-06-15 20:14:37.873 9 INFO neutron.db.ovn_revision_numbers_db [None req-f239842e-7278-4917-9a83-a13cd898e393 aaa832b93a5c42198c37d6f87830627b 77c2494a5e884bcea07c77dd69d6d0fc - - default default] Successfully bumped revision number for resource 9eaef5c3-b319-4b52-af51-c746e616557e (type: security_group_rules) to 0
2026-06-15 20:14:37.885 9 INFO neutron.db.ovn_revision_numbers_db [None req-f239842e-7278-4917-9a83-a13cd898e393 aaa832b93a5c42198c37d6f87830627b 77c2494a5e884bcea07c77dd69d6d0fc - - default default] Successfully bumped revision number for resource e55893b3-238e-4f54-b11d-d65ac8863e33 (type: security_group_rules) to 0
2026-06-15 20:14:37.953 9 INFO neutron.db.segments_db [None req-f239842e-7278-4917-9a83-a13cd898e393 aaa832b93a5c42198c37d6f87830627b 77c2494a5e884bcea07c77dd69d6d0fc - - default default] Added segment 335ffd66-dca0-401a-9af9-cfa324e6e177 of type geneve for network 38156e57-9f2d-4973-8fda-2af6519629b6
2026-06-15 20:14:38.033 10 INFO neutron.api.wsgi [req-5258dfe0-c8fd-4ade-a8b9-691ac7d698cf req-db8ca654-34e4-4c20-b962-dc121db98f62 93fd75e7c16c433dac6ed82ee324d3ad 04d056b16d244824b637045d713059ed - - 0c5e71a710ee4d4d9b14d4562644cb4e 0c5e71a710ee4d4d9b14d4562644cb4e] 199.19.213.159 "GET /v2.0/ports?device_id=18772821-6835-4d1f-890f-fc3775e9c9fc&fields=binding%3Ahost_id&fields=binding%3Avif_type HTTP/1.1" status: 200 len: 265 time: 0.0302048
2026-06-15 20:14:38.068 10 WARNING neutron_lib.context [None req-b626f4d1-0931-47e4-8b9c-f4abfdb95893 8b2be51bdd224a23a5b16a504ca85391 a5fc87afeb804beba88d0b3172c93f54 - - default default] Method 'is_advsvc' is deprecated since 2023.2 release (neutron-lib 3.8.0) and will be removed once support for the old RBAC API policies will be removed from Neutron. Please use method 'is_service_role' instead.
2026-06-15 20:14:38.073 9 INFO neutron.db.ovn_revision_numbers_db [None req-f239842e-7278-4917-9a83-a13cd898e393 aaa832b93a5c42198c37d6f87830627b 77c2494a5e884bcea07c77dd69d6d0fc - - default default] Successfully bumped revision number for resource 38156e57-9f2d-4973-8fda-2af6519629b6 (type: networks) to 1
2026-06-15 20:14:38.173 10 INFO neutron.db.ovn_revision_numbers_db [None req-b626f4d1-0931-47e4-8b9c-f4abfdb95893 8b2be51bdd224a23a5b16a504ca85391 a5fc87afeb804beba88d0b3172c93f54 - - default default] Successfully bumped revision number for resource 2d9ceb67-0d4f-40fd-92f1-4c465c588c52 (type: security_groups) to 1
2026-06-15 20:14:38.185 10 INFO neutron.db.ovn_revision_numbers_db [None req-b626f4d1-0931-47e4-8b9c-f4abfdb95893 8b2be51bdd224a23a5b16a504ca85391 a5fc87afeb804beba88d0b3172c93f54 - - default default] Successfully bumped revision number for resource 60dcdd19-6f38-463b-8f82-705a1734bc99 (type: security_group_rules) to 0
2026-06-15 20:14:38.196 10 INFO neutron.db.ovn_revision_numbers_db [None req-b626f4d1-0931-47e4-8b9c-f4abfdb95893 8b2be51bdd224a23a5b16a504ca85391 a5fc87afeb804beba88d0b3172c93f54 - - default default] Successfully bumped revision number for resource 97910631-2dca-43bd-8f44-7ed465681fc5 (type: security_group_rules) to 0
2026-06-15 20:14:38.227 10 INFO neutron.api.wsgi [None req-b626f4d1-0931-47e4-8b9c-f4abfdb95893 8b2be51bdd224a23a5b16a504ca85391 a5fc87afeb804beba88d0b3172c93f54 - - default default] 10.0.0.129 "POST /v2.0/security-groups HTTP/1.1" status: 201 len: 1860 time: 0.1636198
2026-06-15 20:14:38.231 9 WARNING neutron.scheduler.dhcp_agent_scheduler [None req-f239842e-7278-4917-9a83-a13cd898e393 aaa832b93a5c42198c37d6f87830627b 77c2494a5e884bcea07c77dd69d6d0fc - - default default] No more DHCP agents
2026-06-15 20:14:38.233 9 WARNING neutron.api.rpc.agentnotifiers.dhcp_rpc_agent_api [None req-f239842e-7278-4917-9a83-a13cd898e393 aaa832b93a5c42198c37d6f87830627b 77c2494a5e884bcea07c77dd69d6d0fc - - default default] Unable to schedule network 38156e57-9f2d-4973-8fda-2af6519629b6: no agents available; will retry on subsequent port and subnet creation events.
2026-06-15 20:14:38.238 10 WARNING neutron_lib.context [None req-8b2d40a1-2e54-405e-bd66-5defa575aa5f 8b2be51bdd224a23a5b16a504ca85391 a5fc87afeb804beba88d0b3172c93f54 - - default default] Method 'is_advsvc' is deprecated since 2023.2 release (neutron-lib 3.8.0) and will be removed once support for the old RBAC API policies will be removed from Neutron. Please use method 'is_service_role' instead.
2026-06-15 20:14:38.291 9 INFO neutron.db.ovn_revision_numbers_db [None req-f239842e-7278-4917-9a83-a13cd898e393 aaa832b93a5c42198c37d6f87830627b 77c2494a5e884bcea07c77dd69d6d0fc - - default default] Successfully bumped revision number for resource ee1f9a03-29a9-4628-a398-bd235418f3a1 (type: ports) to 1
2026-06-15 20:14:38.312 9 INFO neutron.api.wsgi [None req-f239842e-7278-4917-9a83-a13cd898e393 aaa832b93a5c42198c37d6f87830627b 77c2494a5e884bcea07c77dd69d6d0fc - - default default] 10.0.0.129 "POST /v2.0/networks HTTP/1.1" status: 201 len: 928 time: 0.7548990
2026-06-15 20:14:38.371 10 INFO neutron.db.ovn_revision_numbers_db [None req-8b2d40a1-2e54-405e-bd66-5defa575aa5f 8b2be51bdd224a23a5b16a504ca85391 a5fc87afeb804beba88d0b3172c93f54 - - default default] Successfully bumped revision number for resource 7c285ca4-fddf-43a2-b84f-f022341e0181 (type: security_group_rules) to 0
2026-06-15 20:14:38.405 10 INFO neutron.api.wsgi [None req-8b2d40a1-2e54-405e-bd66-5defa575aa5f 8b2be51bdd224a23a5b16a504ca85391 a5fc87afeb804beba88d0b3172c93f54 - - default default] 10.0.0.129 "POST /v2.0/security-group-rules HTTP/1.1" status: 201 len: 796 time: 0.1705141
2026-06-15 20:14:38.413 10 WARNING neutron_lib.context [None req-e863ce51-b601-4946-83f7-ae7ddb52612c 8b2be51bdd224a23a5b16a504ca85391 a5fc87afeb804beba88d0b3172c93f54 - - default default] Method 'is_advsvc' is deprecated since 2023.2 release (neutron-lib 3.8.0) and will be removed once support for the old RBAC API policies will be removed from Neutron. Please use method 'is_service_role' instead.
2026-06-15 20:14:38.447 9 WARNING neutron.scheduler.dhcp_agent_scheduler [None req-eb2a44be-3d82-479e-98ac-bb3f69879b80 aaa832b93a5c42198c37d6f87830627b 77c2494a5e884bcea07c77dd69d6d0fc - - default default] No more DHCP agents
2026-06-15 20:14:38.448 9 WARNING neutron.api.rpc.agentnotifiers.dhcp_rpc_agent_api [None req-eb2a44be-3d82-479e-98ac-bb3f69879b80 aaa832b93a5c42198c37d6f87830627b 77c2494a5e884bcea07c77dd69d6d0fc - - default default] Unable to schedule network 38156e57-9f2d-4973-8fda-2af6519629b6: no agents available; will retry on subsequent port and subnet creation events.
2026-06-15 20:14:38.514 10 INFO neutron.db.ovn_revision_numbers_db [None req-e863ce51-b601-4946-83f7-ae7ddb52612c 8b2be51bdd224a23a5b16a504ca85391 a5fc87afeb804beba88d0b3172c93f54 - - default default] Successfully bumped revision number for resource 64d31773-1c51-46dd-aea9-2b54e6fb1a51 (type: security_group_rules) to 0
2026-06-15 20:14:38.543 10 INFO neutron.api.wsgi [None req-e863ce51-b601-4946-83f7-ae7ddb52612c 8b2be51bdd224a23a5b16a504ca85391 a5fc87afeb804beba88d0b3172c93f54 - - default default] 10.0.0.129 "POST /v2.0/security-group-rules HTTP/1.1" status: 201 len: 801 time: 0.1339893
2026-06-15 20:14:38.552 10 WARNING neutron_lib.context [None req-b6db53d0-361a-4402-bbdc-9c39df4f3b53 8b2be51bdd224a23a5b16a504ca85391 a5fc87afeb804beba88d0b3172c93f54 - - default default] Method 'is_advsvc' is deprecated since 2023.2 release (neutron-lib 3.8.0) and will be removed once support for the old RBAC API policies will be removed from Neutron. Please use method 'is_service_role' instead.
2026-06-15 20:14:38.684 10 INFO neutron.api.wsgi [req-2860194d-fc5d-4749-8453-46f67c12f149 req-50964b63-ffd5-4d40-ad3c-e94e778aa756 93fd75e7c16c433dac6ed82ee324d3ad 04d056b16d244824b637045d713059ed - - 0c5e71a710ee4d4d9b14d4562644cb4e 0c5e71a710ee4d4d9b14d4562644cb4e] 10.0.0.10 "GET /v2.0/ports?device_id=18772821-6835-4d1f-890f-fc3775e9c9fc HTTP/1.1" status: 200 len: 1409 time: 0.0348096
2026-06-15 20:14:38.728 10 INFO neutron.api.wsgi [req-2860194d-fc5d-4749-8453-46f67c12f149 req-2761b309-3507-42d4-9876-7805ba41f798 93fd75e7c16c433dac6ed82ee324d3ad 04d056b16d244824b637045d713059ed - - 0c5e71a710ee4d4d9b14d4562644cb4e 0c5e71a710ee4d4d9b14d4562644cb4e] 10.0.0.10 "GET /v2.0/security-groups?id=371ad803-20a0-401b-8401-fb1f101531b4&fields=id&fields=name HTTP/1.1" status: 200 len: 313 time: 0.0390966
2026-06-15 20:14:38.809 10 WARNING neutron.scheduler.dhcp_agent_scheduler [None req-b6db53d0-361a-4402-bbdc-9c39df4f3b53 8b2be51bdd224a23a5b16a504ca85391 a5fc87afeb804beba88d0b3172c93f54 - - default default] No more DHCP agents
2026-06-15 20:14:38.812 10 WARNING neutron.api.rpc.agentnotifiers.dhcp_rpc_agent_api [None req-b6db53d0-361a-4402-bbdc-9c39df4f3b53 8b2be51bdd224a23a5b16a504ca85391 a5fc87afeb804beba88d0b3172c93f54 - - default default] Unable to schedule network dbcb6816-2d1c-4dec-8158-9762bf8ff873: no agents available; will retry on subsequent port and subnet creation events.
2026-06-15 20:14:38.824 10 INFO neutron.api.wsgi [req-b6677c84-927e-4e6e-b6d1-971503d65283 req-3bef807e-c8bc-4bdd-ac7b-e531994bf508 e91404b9bcd94fe8ad0f55e1a0fa6252 ddafaad0de2940afa184b7e673ae67b8 - - default default] 10.0.0.66 "GET /v2.0/ports?device_id=43652171-f090-4154-9765-8071366e2ccf HTTP/1.1" status: 200 len: 1172 time: 0.0468209
2026-06-15 20:14:38.874 10 INFO neutron.api.wsgi [req-b6677c84-927e-4e6e-b6d1-971503d65283 req-492376a8-fd63-4a65-bfe0-3fcbbb7b2b1e e91404b9bcd94fe8ad0f55e1a0fa6252 ddafaad0de2940afa184b7e673ae67b8 - - default default] 10.0.0.66 "GET /v2.0/security-groups?id=0511fb9e-03d2-44d6-8875-bac935179e6f&fields=id&fields=name HTTP/1.1" status: 200 len: 313 time: 0.0439272
2026-06-15 20:14:38.901 9 INFO neutron.db.ovn_revision_numbers_db [None req-4ec4cf2f-aedd-468b-948f-347cd1500e31 - - - - - -] Successfully bumped revision number for resource ee1f9a03-29a9-4628-a398-bd235418f3a1 (type: ports) to 2
2026-06-15 20:14:38.933 9 INFO neutron.db.ovn_revision_numbers_db [None req-4ec4cf2f-aedd-468b-948f-347cd1500e31 - - - - - -] Successfully bumped revision number for resource b54d30f5-0727-409d-8fbf-a8ddff1c5919 (type: subnets) to 0
2026-06-15 20:14:38.947 9 INFO neutron.api.wsgi [None req-eb2a44be-3d82-479e-98ac-bb3f69879b80 aaa832b93a5c42198c37d6f87830627b 77c2494a5e884bcea07c77dd69d6d0fc - - default default] 10.0.0.129 "POST /v2.0/subnets HTTP/1.1" status: 201 len: 843 time: 0.6286380
2026-06-15 20:14:38.961 9 WARNING neutron.api.v2.base [None req-ab32fb3f-bcee-4972-84d0-69b6d22d6b4e aaa832b93a5c42198c37d6f87830627b 77c2494a5e884bcea07c77dd69d6d0fc - - default default] An exception happened while processing the request body. The exception message is [Invalid input for target_tenant. Reason: 'None' is not a valid string.].: webob.exc.HTTPBadRequest: Invalid input for target_tenant. Reason: 'None' is not a valid string.
2026-06-15 20:14:38.962 9 INFO neutron.api.v2.resource [None req-ab32fb3f-bcee-4972-84d0-69b6d22d6b4e aaa832b93a5c42198c37d6f87830627b 77c2494a5e884bcea07c77dd69d6d0fc - - default default] create failed (client error): Invalid input for target_tenant. Reason: 'None' is not a valid string.
2026-06-15 20:14:38.964 9 INFO neutron.api.wsgi [None req-ab32fb3f-bcee-4972-84d0-69b6d22d6b4e aaa832b93a5c42198c37d6f87830627b 77c2494a5e884bcea07c77dd69d6d0fc - - default default] 10.0.0.129 "POST /v2.0/rbac-policies HTTP/1.1" status: 400 len: 346 time: 0.0086057
2026-06-15 20:14:39.078 10 INFO neutron.api.wsgi [req-5258dfe0-c8fd-4ade-a8b9-691ac7d698cf req-49dc7d91-30cf-4185-a5ae-2d2a6fba276a 93fd75e7c16c433dac6ed82ee324d3ad 04d056b16d244824b637045d713059ed - - 0c5e71a710ee4d4d9b14d4562644cb4e 0c5e71a710ee4d4d9b14d4562644cb4e] 199.19.213.159 "GET /v2.0/ports?tenant_id=3e6a69f0a750474e96c60d0268000ab9&device_id=18772821-6835-4d1f-890f-fc3775e9c9fc HTTP/1.1" status: 200 len: 1409 time: 0.0307567
2026-06-15 20:14:39.096 10 INFO neutron.api.wsgi [None req-b6db53d0-361a-4402-bbdc-9c39df4f3b53 8b2be51bdd224a23a5b16a504ca85391 a5fc87afeb804beba88d0b3172c93f54 - - default default] 10.0.0.129 "POST /v2.0/floatingips HTTP/1.1" status: 201 len: 751 time: 0.5477550
2026-06-15 20:14:39.204 10 INFO neutron.api.wsgi [req-9dbe6727-3e94-46ef-9158-73765b60d677 req-91b0a98c-9c64-424d-9a06-9e25190851c8 8b2be51bdd224a23a5b16a504ca85391 a5fc87afeb804beba88d0b3172c93f54 - - default default] 10.0.0.66 "GET /v2.0/security-groups?name=tempest-secgroup-smoke-1252922508&fields=id&tenant_id=a5fc87afeb804beba88d0b3172c93f54 HTTP/1.1" status: 200 len: 267 time: 0.0388575
2026-06-15 20:14:39.240 10 INFO neutron.api.wsgi [req-9dbe6727-3e94-46ef-9158-73765b60d677 req-e2694099-7503-4622-bc68-1a3b40332cbb 8b2be51bdd224a23a5b16a504ca85391 a5fc87afeb804beba88d0b3172c93f54 - - default default] 10.0.0.66 "GET /v2.0/security-groups?name=tempest-securitygroup--762302973&fields=id&tenant_id=a5fc87afeb804beba88d0b3172c93f54 HTTP/1.1" status: 200 len: 267 time: 0.0303483
2026-06-15 20:14:39.288 10 INFO neutron.api.wsgi [req-9dbe6727-3e94-46ef-9158-73765b60d677 req-a7caf0a3-7dbf-427f-8756-cbe440e97934 8b2be51bdd224a23a5b16a504ca85391 a5fc87afeb804beba88d0b3172c93f54 - - default default] 10.0.0.66 "GET /v2.0/networks?id=91e42233-2123-417b-8816-6e6fc85d7dcb HTTP/1.1" status: 200 len: 871 time: 0.0417423
2026-06-15 20:14:39.302 10 INFO neutron.api.wsgi [req-9dbe6727-3e94-46ef-9158-73765b60d677 req-4437468d-51f3-4936-9b63-73cb368fb910 8b2be51bdd224a23a5b16a504ca85391 a5fc87afeb804beba88d0b3172c93f54 - - default default] 10.0.0.66 "GET /v2.0/quotas/a5fc87afeb804beba88d0b3172c93f54 HTTP/1.1" status: 200 len: 491 time: 0.0074205
2026-06-15 20:14:39.367 10 INFO neutron.api.wsgi [req-9dbe6727-3e94-46ef-9158-73765b60d677 req-100a81db-4184-41d6-b120-5c8db212a778 8b2be51bdd224a23a5b16a504ca85391 a5fc87afeb804beba88d0b3172c93f54 - - default default] 10.0.0.66 "GET /v2.0/ports?tenant_id=a5fc87afeb804beba88d0b3172c93f54&fields=id HTTP/1.1" status: 200 len: 302 time: 0.0607307
2026-06-15 20:14:39.393 9 INFO neutron.services.segments.plugin [-] Segment 335ffd66-dca0-401a-9af9-cfa324e6e177 resource provider aggregate not found
2026-06-15 20:14:39.400 9 INFO neutron.services.segments.plugin [-] Segment 335ffd66-dca0-401a-9af9-cfa324e6e177 resource provider aggregate not found
2026-06-15 20:14:39.409 9 INFO neutron.services.segments.plugin [-] Segment 335ffd66-dca0-401a-9af9-cfa324e6e177 resource provider not found; error: Placement Client Error (4xx): {"errors": [{"status": 404, "title": "Not Found", "detail": "The resource could not be found.\n\n No resource provider with uuid 335ffd66-dca0-401a-9af9-cfa324e6e177 found for delete ", "request_id": "req-a4010589-63a4-4539-9484-3b47848707dc"}]}
2026-06-15 20:14:39.414 9 INFO neutron.services.segments.plugin [-] Segment 335ffd66-dca0-401a-9af9-cfa324e6e177 resource provider not found; error: Placement Client Error (4xx): {"errors": [{"status": 404, "title": "Not Found", "detail": "The resource could not be found.\n\n No resource provider with uuid 335ffd66-dca0-401a-9af9-cfa324e6e177 found for delete ", "request_id": "req-8c27de7d-526a-4d33-a561-2ee9da37180c"}]}
2026-06-15 20:14:39.418 9 INFO neutron.api.wsgi [None req-3a215cff-90fc-4e49-b2c2-25818b97a73e aaa832b93a5c42198c37d6f87830627b 77c2494a5e884bcea07c77dd69d6d0fc - - default default] 10.0.0.129 "DELETE /v2.0/networks/38156e57-9f2d-4973-8fda-2af6519629b6 HTTP/1.1" status: 204 len: 168 time: 0.4503937
2026-06-15 20:14:39.420 10 INFO neutron.api.wsgi [req-9dbe6727-3e94-46ef-9158-73765b60d677 req-4e5ebfae-12d3-4da0-a7d9-624d3b66721b 93fd75e7c16c433dac6ed82ee324d3ad 04d056b16d244824b637045d713059ed - - 0c5e71a710ee4d4d9b14d4562644cb4e 0c5e71a710ee4d4d9b14d4562644cb4e] 10.0.0.66 "GET /v2.0/networks/91e42233-2123-417b-8816-6e6fc85d7dcb?fields=segments HTTP/1.1" status: 200 len: 212 time: 0.0397351
2026-06-15 20:14:39.463 10 INFO neutron.api.wsgi [req-9dbe6727-3e94-46ef-9158-73765b60d677 req-b0d7b73a-f411-4db9-b775-2f3627097c05 93fd75e7c16c433dac6ed82ee324d3ad 04d056b16d244824b637045d713059ed - - 0c5e71a710ee4d4d9b14d4562644cb4e 0c5e71a710ee4d4d9b14d4562644cb4e] 10.0.0.66 "GET /v2.0/networks/91e42233-2123-417b-8816-6e6fc85d7dcb?fields=provider%3Aphysical_network&fields=provider%3Anetwork_type HTTP/1.1" status: 200 len: 277 time: 0.0368922
2026-06-15 20:14:39.499 9 INFO neutron.db.segments_db [None req-fc61382a-4bac-41e1-bac2-1bf0bf637b42 aaa832b93a5c42198c37d6f87830627b 77c2494a5e884bcea07c77dd69d6d0fc - - default default] Added segment 9401e637-3e78-43dd-bd62-76c14a4683a6 of type geneve for network c3627504-6340-4965-91cf-e5a48d62c660
2026-06-15 20:14:39.602 10 INFO neutron.api.wsgi [req-8c062139-db95-49cc-a33f-2bd73740ce06 req-96fd0b45-c1fa-4603-a435-932af55222be 8b2be51bdd224a23a5b16a504ca85391 a5fc87afeb804beba88d0b3172c93f54 - - default default] 10.0.0.66 "GET /v2.0/ports?device_id=f56b55de-839e-42a4-b734-0b0c29cb668d HTTP/1.1" status: 200 len: 210 time: 0.0253131
2026-06-15 20:14:39.603 10 WARNING neutron.plugins.ml2.drivers.ovn.mech_driver.ovsdb.ovn_client [None req-3f8e5e9e-2781-4d8b-baf1-011eafe547f9 - - - - - -] No hosting information found for port 49c7485a-5ecc-4045-8ac7-7d8f028825ec: RuntimeError: No hosting information found for port 49c7485a-5ecc-4045-8ac7-7d8f028825ec
2026-06-15 20:14:39.604 10 INFO neutron.plugins.ml2.drivers.ovn.mech_driver.mech_driver [None req-3f8e5e9e-2781-4d8b-baf1-011eafe547f9 - - - - - -] OVN reports status up for port: 56f8b897-606d-470e-9158-ede57e7d6013
2026-06-15 20:14:39.614 9 INFO neutron.db.ovn_revision_numbers_db [None req-fc61382a-4bac-41e1-bac2-1bf0bf637b42 aaa832b93a5c42198c37d6f87830627b 77c2494a5e884bcea07c77dd69d6d0fc - - default default] Successfully bumped revision number for resource c3627504-6340-4965-91cf-e5a48d62c660 (type: networks) to 1
2026-06-15 20:14:39.617 10 INFO neutron.plugins.ml2.plugin [None req-3f8e5e9e-2781-4d8b-baf1-011eafe547f9 - - - - - -] Attempt 1 to provision port 56f8b897-606d-470e-9158-ede57e7d6013
2026-06-15 20:14:39.641 10 INFO neutron.api.wsgi [req-5258dfe0-c8fd-4ade-a8b9-691ac7d698cf req-35645e17-f9a5-48c0-a6f9-60955484a816 93fd75e7c16c433dac6ed82ee324d3ad 04d056b16d244824b637045d713059ed - - 0c5e71a710ee4d4d9b14d4562644cb4e 0c5e71a710ee4d4d9b14d4562644cb4e] 199.19.213.159 "GET /v2.0/networks?id=974313d8-0e76-4191-8050-56e1d70c96e4 HTTP/1.1" status: 200 len: 958 time: 0.0506294
2026-06-15 20:14:39.714 10 INFO neutron.api.wsgi [req-5258dfe0-c8fd-4ade-a8b9-691ac7d698cf req-f8040a56-ded2-4927-a363-689acf0713a0 93fd75e7c16c433dac6ed82ee324d3ad 04d056b16d244824b637045d713059ed - - 0c5e71a710ee4d4d9b14d4562644cb4e 0c5e71a710ee4d4d9b14d4562644cb4e] 199.19.213.159 "GET /v2.0/floatingips?fixed_ip_address=10.100.0.4&port_id=c8d898f8-e1a7-478b-a48b-3891451b20a5 HTTP/1.1" status: 200 len: 1059 time: 0.0681345
2026-06-15 20:14:39.756 10 INFO neutron.api.wsgi [req-5258dfe0-c8fd-4ade-a8b9-691ac7d698cf req-666539a1-50ae-4f87-84d6-53a6539f26c8 93fd75e7c16c433dac6ed82ee324d3ad 04d056b16d244824b637045d713059ed - - 0c5e71a710ee4d4d9b14d4562644cb4e 0c5e71a710ee4d4d9b14d4562644cb4e] 199.19.213.159 "GET /v2.0/subnets?id=386439b7-97d7-48a0-b506-430ee331be79 HTTP/1.1" status: 200 len: 875 time: 0.0372229
2026-06-15 20:14:39.783 10 INFO neutron.notifiers.nova [-] Nova event matching ['req-b1c8ddfa-edd3-4fc2-a118-1a66f9ed666f'] response: {'server_uuid': '43652171-f090-4154-9765-8071366e2ccf', 'name': 'network-vif-plugged', 'status': 'completed', 'tag': '56f8b897-606d-470e-9158-ede57e7d6013', 'code': 200}
2026-06-15 20:14:39.789 10 INFO neutron.api.wsgi [req-5258dfe0-c8fd-4ade-a8b9-691ac7d698cf req-ece5430d-dd5e-4e34-92e6-5bb99aac207a 93fd75e7c16c433dac6ed82ee324d3ad 04d056b16d244824b637045d713059ed - - 0c5e71a710ee4d4d9b14d4562644cb4e 0c5e71a710ee4d4d9b14d4562644cb4e] 199.19.213.159 "GET /v2.0/ports?network_id=974313d8-0e76-4191-8050-56e1d70c96e4&device_owner=network%3Adhcp HTTP/1.1" status: 200 len: 210 time: 0.0276930
2026-06-15 20:14:39.804 9 WARNING neutron.scheduler.dhcp_agent_scheduler [None req-fc61382a-4bac-41e1-bac2-1bf0bf637b42 aaa832b93a5c42198c37d6f87830627b 77c2494a5e884bcea07c77dd69d6d0fc - - default default] No more DHCP agents
2026-06-15 20:14:39.807 9 WARNING neutron.api.rpc.agentnotifiers.dhcp_rpc_agent_api [None req-fc61382a-4bac-41e1-bac2-1bf0bf637b42 aaa832b93a5c42198c37d6f87830627b 77c2494a5e884bcea07c77dd69d6d0fc - - default default] Unable to schedule network c3627504-6340-4965-91cf-e5a48d62c660: no agents available; will retry on subsequent port and subnet creation events.
2026-06-15 20:14:39.842 10 INFO neutron.api.wsgi [req-5258dfe0-c8fd-4ade-a8b9-691ac7d698cf req-d0301d7a-898b-496a-aa27-5438e1a4f5d1 93fd75e7c16c433dac6ed82ee324d3ad 04d056b16d244824b637045d713059ed - - 0c5e71a710ee4d4d9b14d4562644cb4e 0c5e71a710ee4d4d9b14d4562644cb4e] 199.19.213.159 "GET /v2.0/networks/974313d8-0e76-4191-8050-56e1d70c96e4?fields=segments HTTP/1.1" status: 200 len: 212 time: 0.0439489
2026-06-15 20:14:39.889 9 INFO neutron.db.ovn_revision_numbers_db [None req-fc61382a-4bac-41e1-bac2-1bf0bf637b42 aaa832b93a5c42198c37d6f87830627b 77c2494a5e884bcea07c77dd69d6d0fc - - default default] Successfully bumped revision number for resource cc9955b3-3b09-4365-a415-20a3a8be85c3 (type: ports) to 1
2026-06-15 20:14:39.905 10 INFO neutron.api.wsgi [req-5258dfe0-c8fd-4ade-a8b9-691ac7d698cf req-414469cb-aa65-4e98-9038-3595bf1b12d8 93fd75e7c16c433dac6ed82ee324d3ad 04d056b16d244824b637045d713059ed - - 0c5e71a710ee4d4d9b14d4562644cb4e 0c5e71a710ee4d4d9b14d4562644cb4e] 199.19.213.159 "GET /v2.0/networks/974313d8-0e76-4191-8050-56e1d70c96e4?fields=provider%3Aphysical_network&fields=provider%3Anetwork_type HTTP/1.1" status: 200 len: 277 time: 0.0551794
2026-06-15 20:14:39.908 9 INFO neutron.api.wsgi [None req-fc61382a-4bac-41e1-bac2-1bf0bf637b42 aaa832b93a5c42198c37d6f87830627b 77c2494a5e884bcea07c77dd69d6d0fc - - default default] 10.0.0.129 "POST /v2.0/networks HTTP/1.1" status: 201 len: 928 time: 0.4819837
2026-06-15 20:14:39.926 10 INFO neutron.db.ovn_revision_numbers_db [None req-3f8e5e9e-2781-4d8b-baf1-011eafe547f9 - - - - - -] Successfully bumped revision number for resource 56f8b897-606d-470e-9158-ede57e7d6013 (type: ports) to 5
2026-06-15 20:14:39.977 10 INFO neutron.api.wsgi [req-3c0c38d6-251b-4a19-9644-15053c268326 req-567728d8-bc66-47a5-af1b-85d20d4186a4 e91404b9bcd94fe8ad0f55e1a0fa6252 ddafaad0de2940afa184b7e673ae67b8 - - default default] 10.0.0.66 "GET /v2.0/ports?device_id=43652171-f090-4154-9765-8071366e2ccf HTTP/1.1" status: 200 len: 1174 time: 0.0433340 /var/lib/openstack/lib/python3.12/site-packages/pycadf/identifier.py:71: UserWarning: Invalid uuid: neutron. To ensure interoperability, identifiers should be a valid uuid. warnings.warn(('Invalid uuid: %s. To ensure interoperability, '
2026-06-15 20:14:40.040 10 INFO neutron.api.wsgi [req-3c0c38d6-251b-4a19-9644-15053c268326 req-6e441040-2497-4698-9d34-9bbeda5487b9 e91404b9bcd94fe8ad0f55e1a0fa6252 ddafaad0de2940afa184b7e673ae67b8 - - default default] 10.0.0.66 "GET /v2.0/security-groups?id=0511fb9e-03d2-44d6-8875-bac935179e6f&fields=id&fields=name HTTP/1.1" status: 200 len: 313 time: 0.0562184
2026-06-15 20:14:40.099 10 WARNING neutron.scheduler.dhcp_agent_scheduler [None req-f10ffb82-f575-49f5-8439-703407935c32 aaa832b93a5c42198c37d6f87830627b 77c2494a5e884bcea07c77dd69d6d0fc - - default default] No more DHCP agents
2026-06-15 20:14:40.100 10 WARNING neutron.api.rpc.agentnotifiers.dhcp_rpc_agent_api [None req-f10ffb82-f575-49f5-8439-703407935c32 aaa832b93a5c42198c37d6f87830627b 77c2494a5e884bcea07c77dd69d6d0fc - - default default] Unable to schedule network c3627504-6340-4965-91cf-e5a48d62c660: no agents available; will retry on subsequent port and subnet creation events.
2026-06-15 20:14:40.103 10 INFO neutron.db.ovn_revision_numbers_db [None req-5da6ec21-726d-4dd9-8d2c-989a7f81cc1f - - - - - -] Successfully bumped revision number for resource 49c7485a-5ecc-4045-8ac7-7d8f028825ec (type: router_ports) to 2
2026-06-15 20:14:40.258 9 INFO neutron.api.wsgi [None req-757c974c-22ef-4fa0-a0a9-de5fce6ded7b 036c33e4fbd24f95b045b6cf6a53e8eb 7aa3ad0e25974af88a37d216d83ffcc2 - - default default] 10.0.0.129 "GET /v2.0/ports?project_id=3e6a69f0a750474e96c60d0268000ab9&network_id=974313d8-0e76-4191-8050-56e1d70c96e4 HTTP/1.1" status: 200 len: 3510 time: 0.0611055
2026-06-15 20:14:40.490 9 INFO neutron.api.wsgi [None req-8e06c325-3968-428b-8644-5857a6c0ae4e 036c33e4fbd24f95b045b6cf6a53e8eb 7aa3ad0e25974af88a37d216d83ffcc2 - - default default] 10.0.0.129 "GET /v2.0/subnets?network_id=dbcb6816-2d1c-4dec-8158-9762bf8ff873 HTTP/1.1" status: 200 len: 861 time: 0.0309508
2026-06-15 20:14:40.538 10 INFO neutron.db.ovn_revision_numbers_db [None req-2267ed2b-b210-4895-b3a0-9cae32581572 - - - - - -] Successfully bumped revision number for resource cc9955b3-3b09-4365-a415-20a3a8be85c3 (type: ports) to 2
2026-06-15 20:14:40.566 10 INFO neutron.db.ovn_revision_numbers_db [None req-2267ed2b-b210-4895-b3a0-9cae32581572 - - - - - -] Successfully bumped revision number for resource 28d79919-2e87-4009-9f81-c32cb6df88f9 (type: subnets) to 0
2026-06-15 20:14:40.581 10 INFO neutron.api.wsgi [None req-f10ffb82-f575-49f5-8439-703407935c32 aaa832b93a5c42198c37d6f87830627b 77c2494a5e884bcea07c77dd69d6d0fc - - default default] 10.0.0.129 "POST /v2.0/subnets HTTP/1.1" status: 201 len: 846 time: 0.6644154
2026-06-15 20:14:40.592 10 WARNING neutron.api.v2.base [None req-c685c380-43a5-4435-8562-69f0d62bc1ec aaa832b93a5c42198c37d6f87830627b 77c2494a5e884bcea07c77dd69d6d0fc - - default default] An exception happened while processing the request body. The exception message is [Invalid input for target_tenant. Reason: '1234123412341234123412341234123412341234123412341234123412341234123412341234123412341234123412341234123412341234123412341234123412341234123412341234123412341234123412341234123412341234123412341234123412341234123412341234123412341234123412341234123412341234123412341234123412341234123412341234123412341234123412341234123412341234123412341234123412341234123412341234123412341234123412341234123412341234' exceeds maximum length of 255.].: webob.exc.HTTPBadRequest: Invalid input for target_tenant. Reason: '1234123412341234123412341234123412341234123412341234123412341234123412341234123412341234123412341234123412341234123412341234123412341234123412341234123412341234123412341234123412341234123412341234123412341234123412341234123412341234123412341234123412341234123412341234123412341234123412341234123412341234123412341234123412341234123412341234123412341234123412341234123412341234123412341234123412341234' exceeds maximum length of 255.
2026-06-15 20:14:40.592 10 INFO neutron.api.v2.resource [None req-c685c380-43a5-4435-8562-69f0d62bc1ec aaa832b93a5c42198c37d6f87830627b 77c2494a5e884bcea07c77dd69d6d0fc - - default default] create failed (client error): Invalid input for target_tenant. Reason: '1234123412341234123412341234123412341234123412341234123412341234123412341234123412341234123412341234123412341234123412341234123412341234123412341234123412341234123412341234123412341234123412341234123412341234123412341234123412341234123412341234123412341234123412341234123412341234123412341234123412341234123412341234123412341234123412341234123412341234123412341234123412341234123412341234123412341234' exceeds maximum length of 255.
2026-06-15 20:14:40.594 10 INFO neutron.api.wsgi [None req-c685c380-43a5-4435-8562-69f0d62bc1ec aaa832b93a5c42198c37d6f87830627b 77c2494a5e884bcea07c77dd69d6d0fc - - default default] 10.0.0.129 "POST /v2.0/rbac-policies HTTP/1.1" status: 400 len: 750 time: 0.0061157
2026-06-15 20:14:40.691 10 INFO neutron.api.wsgi [req-9bf8f22e-6107-4d72-9c02-97a461e9bc64 req-676ae65f-3041-4cec-9e66-79d5bf4ec707 8b2be51bdd224a23a5b16a504ca85391 a5fc87afeb804beba88d0b3172c93f54 - - default default] 10.0.0.66 "GET /v2.0/ports?device_id=f56b55de-839e-42a4-b734-0b0c29cb668d HTTP/1.1" status: 200 len: 210 time: 0.0232041
2026-06-15 20:14:40.909 9 INFO neutron.db.ovn_revision_numbers_db [None req-18295d5a-98ac-4ae0-9126-607fdc885ec6 942487f5261f4ba996abd2b43250beff 3e6a69f0a750474e96c60d0268000ab9 - - default default] Successfully bumped revision number for resource 620338d3-d7b3-49b4-bd1f-8674fa61a771 (type: floatingips) to 2
2026-06-15 20:14:40.961 9 INFO neutron.db.l3_db [None req-18295d5a-98ac-4ae0-9126-607fdc885ec6 942487f5261f4ba996abd2b43250beff 3e6a69f0a750474e96c60d0268000ab9 - - default default] Floating IP 620338d3-d7b3-49b4-bd1f-8674fa61a771 disassociated. External IP: 10.96.250.209, port: c8d898f8-e1a7-478b-a48b-3891451b20a5.
2026-06-15 20:14:40.995 9 INFO neutron.api.wsgi [None req-18295d5a-98ac-4ae0-9126-607fdc885ec6 942487f5261f4ba996abd2b43250beff 3e6a69f0a750474e96c60d0268000ab9 - - default default] 10.0.0.129 "PUT /v2.0/floatingips/620338d3-d7b3-49b4-bd1f-8674fa61a771 HTTP/1.1" status: 200 len: 748 time: 0.2676291
2026-06-15 20:14:41.028 10 INFO neutron.api.wsgi [None req-f073a361-73f1-45e4-bab2-f9eff2ac53d5 942487f5261f4ba996abd2b43250beff 3e6a69f0a750474e96c60d0268000ab9 - - default default] 10.0.0.129 "GET /v2.0/floatingips/620338d3-d7b3-49b4-bd1f-8674fa61a771 HTTP/1.1" status: 200 len: 746 time: 0.0207517
2026-06-15 20:14:41.036 9 INFO neutron.notifiers.nova [-] Nova event matching ['req-feddc7b5-bc2d-4ed6-b5e1-c9ee261b8194'] response: {'name': 'network-changed', 'server_uuid': '18772821-6835-4d1f-890f-fc3775e9c9fc', 'tag': 'c8d898f8-e1a7-478b-a48b-3891451b20a5', 'status': 'completed', 'code': 200}
2026-06-15 20:14:41.100 10 INFO neutron.services.segments.plugin [-] Segment 9401e637-3e78-43dd-bd62-76c14a4683a6 resource provider aggregate not found
2026-06-15 20:14:41.104 10 INFO neutron.services.segments.plugin [-] Segment 9401e637-3e78-43dd-bd62-76c14a4683a6 resource provider aggregate not found
2026-06-15 20:14:41.112 10 INFO neutron.services.segments.plugin [-] Segment 9401e637-3e78-43dd-bd62-76c14a4683a6 resource provider not found; error: Placement Client Error (4xx): {"errors": [{"status": 404, "title": "Not Found", "detail": "The resource could not be found.\n\n No resource provider with uuid 9401e637-3e78-43dd-bd62-76c14a4683a6 found for delete ", "request_id": "req-09125773-b296-4647-866b-79a2670bcbce"}]}
2026-06-15 20:14:41.116 10 INFO neutron.services.segments.plugin [-] Segment 9401e637-3e78-43dd-bd62-76c14a4683a6 resource provider not found; error: Placement Client Error (4xx): {"errors": [{"status": 404, "title": "Not Found", "detail": "The resource could not be found.\n\n No resource provider with uuid 9401e637-3e78-43dd-bd62-76c14a4683a6 found for delete ", "request_id": "req-bf60d3b1-563d-4fc3-9c4c-a88a0c235b1c"}]}
2026-06-15 20:14:41.153 10 INFO neutron.api.wsgi [req-c19efc48-0b34-4ea5-9aba-86c7ede4dac2 req-6141aa21-2e28-4669-b844-c895b947379c e91404b9bcd94fe8ad0f55e1a0fa6252 ddafaad0de2940afa184b7e673ae67b8 - - default default] 10.0.0.66 "GET /v2.0/ports?device_id=43652171-f090-4154-9765-8071366e2ccf HTTP/1.1" status: 200 len: 1174 time: 0.0316732
2026-06-15 20:14:41.160 10 INFO neutron.api.wsgi [None req-a2686129-625f-4997-9904-35498836bd01 aaa832b93a5c42198c37d6f87830627b 77c2494a5e884bcea07c77dd69d6d0fc - - default default] 10.0.0.129 "DELETE /v2.0/networks/c3627504-6340-4965-91cf-e5a48d62c660 HTTP/1.1" status: 204 len: 168 time: 0.5630038 /var/lib/openstack/lib/python3.12/site-packages/pycadf/identifier.py:71: UserWarning: Invalid uuid: neutron. To ensure interoperability, identifiers should be a valid uuid. warnings.warn(('Invalid uuid: %s. To ensure interoperability, '
2026-06-15 20:14:41.187 10 INFO neutron.api.wsgi [req-c19efc48-0b34-4ea5-9aba-86c7ede4dac2 req-ad080f2e-fe99-4c1a-8cee-d90bb90d9977 e91404b9bcd94fe8ad0f55e1a0fa6252 ddafaad0de2940afa184b7e673ae67b8 - - default default] 10.0.0.66 "GET /v2.0/security-groups?id=0511fb9e-03d2-44d6-8875-bac935179e6f&fields=id&fields=name HTTP/1.1" status: 200 len: 313 time: 0.0265722
2026-06-15 20:14:41.265 9 INFO neutron.db.segments_db [None req-ff6c965f-0971-4a97-98bd-763255535638 aaa832b93a5c42198c37d6f87830627b 77c2494a5e884bcea07c77dd69d6d0fc - - default default] Added segment 8220d39f-0b3d-417c-a415-909b5391fa25 of type geneve for network 408a4830-1fcf-4a77-8351-0f9b41237f45
2026-06-15 20:14:41.274 10 INFO neutron.api.wsgi [req-1d38bcf4-634c-469c-99b8-372b4764d104 req-15ca31ae-4d29-4527-9d06-7b47bfd5123c e91404b9bcd94fe8ad0f55e1a0fa6252 ddafaad0de2940afa184b7e673ae67b8 - - default default] 10.0.0.66 "GET /v2.0/ports?device_id=43652171-f090-4154-9765-8071366e2ccf HTTP/1.1" status: 200 len: 1174 time: 0.0350397
2026-06-15 20:14:41.436 9 INFO neutron.db.ovn_revision_numbers_db [None req-ff6c965f-0971-4a97-98bd-763255535638 aaa832b93a5c42198c37d6f87830627b 77c2494a5e884bcea07c77dd69d6d0fc - - default default] Successfully bumped revision number for resource 408a4830-1fcf-4a77-8351-0f9b41237f45 (type: networks) to 1
2026-06-15 20:14:41.580 10 INFO neutron.api.wsgi [req-cc0935ea-d4ef-4f34-9f4c-5ba7035d0347 req-197f696f-fd2a-465d-b1c4-7e57b914a40a 93fd75e7c16c433dac6ed82ee324d3ad 04d056b16d244824b637045d713059ed - - 0c5e71a710ee4d4d9b14d4562644cb4e 0c5e71a710ee4d4d9b14d4562644cb4e] 199.19.213.159 "GET /v2.0/ports?tenant_id=3e6a69f0a750474e96c60d0268000ab9&device_id=18772821-6835-4d1f-890f-fc3775e9c9fc HTTP/1.1" status: 200 len: 1409 time: 0.0307646
2026-06-15 20:14:41.598 9 WARNING neutron.scheduler.dhcp_agent_scheduler [None req-ff6c965f-0971-4a97-98bd-763255535638 aaa832b93a5c42198c37d6f87830627b 77c2494a5e884bcea07c77dd69d6d0fc - - default default] No more DHCP agents
2026-06-15 20:14:41.599 9 WARNING neutron.api.rpc.agentnotifiers.dhcp_rpc_agent_api [None req-ff6c965f-0971-4a97-98bd-763255535638 aaa832b93a5c42198c37d6f87830627b 77c2494a5e884bcea07c77dd69d6d0fc - - default default] Unable to schedule network 408a4830-1fcf-4a77-8351-0f9b41237f45: no agents available; will retry on subsequent port and subnet creation events.
2026-06-15 20:14:41.641 10 INFO neutron.api.wsgi [req-cc0935ea-d4ef-4f34-9f4c-5ba7035d0347 req-cec53725-2703-4a40-99d5-3da96f60ec4d 93fd75e7c16c433dac6ed82ee324d3ad 04d056b16d244824b637045d713059ed - - 0c5e71a710ee4d4d9b14d4562644cb4e 0c5e71a710ee4d4d9b14d4562644cb4e] 199.19.213.159 "GET /v2.0/networks?id=974313d8-0e76-4191-8050-56e1d70c96e4 HTTP/1.1" status: 200 len: 958 time: 0.0543532
2026-06-15 20:14:41.651 9 INFO neutron.db.ovn_revision_numbers_db [None req-ff6c965f-0971-4a97-98bd-763255535638 aaa832b93a5c42198c37d6f87830627b 77c2494a5e884bcea07c77dd69d6d0fc - - default default] Successfully bumped revision number for resource e8d81f59-b420-4637-aa41-d8ad8a54f899 (type: ports) to 1
2026-06-15 20:14:41.663 10 INFO neutron.api.wsgi [req-cc0935ea-d4ef-4f34-9f4c-5ba7035d0347 req-3e7a04c2-2d05-4002-8e4b-95c48c0a44a1 93fd75e7c16c433dac6ed82ee324d3ad 04d056b16d244824b637045d713059ed - - 0c5e71a710ee4d4d9b14d4562644cb4e 0c5e71a710ee4d4d9b14d4562644cb4e] 199.19.213.159 "GET /v2.0/floatingips?fixed_ip_address=10.100.0.4&port_id=c8d898f8-e1a7-478b-a48b-3891451b20a5 HTTP/1.1" status: 200 len: 217 time: 0.0159345
2026-06-15 20:14:41.677 9 INFO neutron.api.wsgi [None req-ff6c965f-0971-4a97-98bd-763255535638 aaa832b93a5c42198c37d6f87830627b 77c2494a5e884bcea07c77dd69d6d0fc - - default default] 10.0.0.129 "POST /v2.0/networks HTTP/1.1" status: 201 len: 928 time: 0.5077333
2026-06-15 20:14:41.713 10 INFO neutron.api.wsgi [req-cc0935ea-d4ef-4f34-9f4c-5ba7035d0347 req-b84af179-e111-4342-9c4b-ce9329526609 93fd75e7c16c433dac6ed82ee324d3ad 04d056b16d244824b637045d713059ed - - 0c5e71a710ee4d4d9b14d4562644cb4e 0c5e71a710ee4d4d9b14d4562644cb4e] 199.19.213.159 "GET /v2.0/subnets?id=386439b7-97d7-48a0-b506-430ee331be79 HTTP/1.1" status: 200 len: 875 time: 0.0456154
2026-06-15 20:14:41.735 10 INFO neutron.api.wsgi [req-cc0935ea-d4ef-4f34-9f4c-5ba7035d0347 req-1350da2e-4e76-4bb2-a2c0-c234140f885f 93fd75e7c16c433dac6ed82ee324d3ad 04d056b16d244824b637045d713059ed - - 0c5e71a710ee4d4d9b14d4562644cb4e 0c5e71a710ee4d4d9b14d4562644cb4e] 199.19.213.159 "GET /v2.0/ports?network_id=974313d8-0e76-4191-8050-56e1d70c96e4&device_owner=network%3Adhcp HTTP/1.1" status: 200 len: 210 time: 0.0165956
2026-06-15 20:14:41.792 10 INFO neutron.db.ovn_revision_numbers_db [None req-78814678-1780-466a-8954-d000a44a45db e91404b9bcd94fe8ad0f55e1a0fa6252 ddafaad0de2940afa184b7e673ae67b8 - - default default] Successfully bumped revision number for resource 19761d6f-79ec-4ce2-ba59-a88b05766acc (type: floatingips) to 1
2026-06-15 20:14:41.809 10 INFO neutron.api.wsgi [req-a87b5732-4137-45a8-849d-b08659800b18 req-92f765f5-e787-42e5-b5c0-a0a33e090c05 8b2be51bdd224a23a5b16a504ca85391 a5fc87afeb804beba88d0b3172c93f54 - - default default] 10.0.0.66 "GET /v2.0/ports?device_id=f56b55de-839e-42a4-b734-0b0c29cb668d HTTP/1.1" status: 200 len: 210 time: 0.0296824
2026-06-15 20:14:41.813 10 INFO neutron.api.wsgi [req-cc0935ea-d4ef-4f34-9f4c-5ba7035d0347 req-fbaec556-1970-4313-8608-b48e65a8bc52 93fd75e7c16c433dac6ed82ee324d3ad 04d056b16d244824b637045d713059ed - - 0c5e71a710ee4d4d9b14d4562644cb4e 0c5e71a710ee4d4d9b14d4562644cb4e] 199.19.213.159 "GET /v2.0/networks/974313d8-0e76-4191-8050-56e1d70c96e4?fields=segments HTTP/1.1" status: 200 len: 212 time: 0.0672016
2026-06-15 20:14:41.822 10 INFO neutron.notifiers.nova [-] Nova event matching ['req-8c7b3698-4dc1-4b60-b6fa-3dec99742ecd'] response: {'server_uuid': '43652171-f090-4154-9765-8071366e2ccf', 'name': 'network-vif-plugged', 'status': 'completed', 'tag': '56f8b897-606d-470e-9158-ede57e7d6013', 'code': 200}
2026-06-15 20:14:41.854 9 WARNING neutron.scheduler.dhcp_agent_scheduler [None req-961cd9c3-5df3-40dd-bcdc-1c93b8698250 aaa832b93a5c42198c37d6f87830627b 77c2494a5e884bcea07c77dd69d6d0fc - - default default] No more DHCP agents
2026-06-15 20:14:41.855 9 WARNING neutron.api.rpc.agentnotifiers.dhcp_rpc_agent_api [None req-961cd9c3-5df3-40dd-bcdc-1c93b8698250 aaa832b93a5c42198c37d6f87830627b 77c2494a5e884bcea07c77dd69d6d0fc - - default default] Unable to schedule network 408a4830-1fcf-4a77-8351-0f9b41237f45: no agents available; will retry on subsequent port and subnet creation events.
2026-06-15 20:14:41.869 10 INFO neutron.api.wsgi [req-cc0935ea-d4ef-4f34-9f4c-5ba7035d0347 req-45d616b5-6106-403e-8036-85ae197c408f 93fd75e7c16c433dac6ed82ee324d3ad 04d056b16d244824b637045d713059ed - - 0c5e71a710ee4d4d9b14d4562644cb4e 0c5e71a710ee4d4d9b14d4562644cb4e] 199.19.213.159 "GET /v2.0/networks/974313d8-0e76-4191-8050-56e1d70c96e4?fields=provider%3Aphysical_network&fields=provider%3Anetwork_type HTTP/1.1" status: 200 len: 277 time: 0.0485265
2026-06-15 20:14:41.911 10 INFO neutron.db.ovn_revision_numbers_db [None req-78814678-1780-466a-8954-d000a44a45db e91404b9bcd94fe8ad0f55e1a0fa6252 ddafaad0de2940afa184b7e673ae67b8 - - default default] Successfully bumped revision number for resource 19761d6f-79ec-4ce2-ba59-a88b05766acc (type: floatingips) to 2
2026-06-15 20:14:41.911 10 INFO neutron.db.l3_db [None req-78814678-1780-466a-8954-d000a44a45db e91404b9bcd94fe8ad0f55e1a0fa6252 ddafaad0de2940afa184b7e673ae67b8 - - default default] Floating IP 19761d6f-79ec-4ce2-ba59-a88b05766acc associated. External IP: 10.96.250.215, port: 56f8b897-606d-470e-9158-ede57e7d6013.
2026-06-15 20:14:41.938 10 INFO neutron.api.wsgi [None req-78814678-1780-466a-8954-d000a44a45db e91404b9bcd94fe8ad0f55e1a0fa6252 ddafaad0de2940afa184b7e673ae67b8 - - default default] 10.0.0.129 "PUT /v2.0/floatingips/19761d6f-79ec-4ce2-ba59-a88b05766acc HTTP/1.1" status: 200 len: 1050 time: 0.6529417
2026-06-15 20:14:42.047 10 INFO neutron.api.wsgi [req-f7b24491-bdd9-4e5a-b14f-8ffe2bbc112f req-41c42ab9-5020-4acc-9af7-00e0d6723c42 e91404b9bcd94fe8ad0f55e1a0fa6252 ddafaad0de2940afa184b7e673ae67b8 - - default default] 10.0.0.66 "GET /v2.0/ports?device_id=43652171-f090-4154-9765-8071366e2ccf HTTP/1.1" status: 200 len: 1174 time: 0.0689240
2026-06-15 20:14:42.084 10 INFO neutron.api.wsgi [req-f7b24491-bdd9-4e5a-b14f-8ffe2bbc112f req-7726a75d-5e2b-428c-80ad-104e3281eafd e91404b9bcd94fe8ad0f55e1a0fa6252 ddafaad0de2940afa184b7e673ae67b8 - - default default] 10.0.0.66 "GET /v2.0/security-groups?id=0511fb9e-03d2-44d6-8875-bac935179e6f&fields=id&fields=name HTTP/1.1" status: 200 len: 313 time: 0.0310018 /var/lib/openstack/lib/python3.12/site-packages/pycadf/identifier.py:71: UserWarning: Invalid uuid: neutron. To ensure interoperability, identifiers should be a valid uuid. warnings.warn(('Invalid uuid: %s. To ensure interoperability, '
2026-06-15 20:14:42.114 9 WARNING neutron_lib.context [None req-01f279e8-0753-4326-970a-8c01d960c368 942487f5261f4ba996abd2b43250beff 3e6a69f0a750474e96c60d0268000ab9 - - default default] Method 'is_advsvc' is deprecated since 2023.2 release (neutron-lib 3.8.0) and will be removed once support for the old RBAC API policies will be removed from Neutron. Please use method 'is_service_role' instead.
2026-06-15 20:14:42.250 9 INFO neutron.db.ovn_revision_numbers_db [None req-01f279e8-0753-4326-970a-8c01d960c368 942487f5261f4ba996abd2b43250beff 3e6a69f0a750474e96c60d0268000ab9 - - default default] Successfully bumped revision number for resource 7113f9f9-afe7-4411-82b0-aff5688f292f (type: security_groups) to 1
2026-06-15 20:14:42.265 9 INFO neutron.db.ovn_revision_numbers_db [None req-01f279e8-0753-4326-970a-8c01d960c368 942487f5261f4ba996abd2b43250beff 3e6a69f0a750474e96c60d0268000ab9 - - default default] Successfully bumped revision number for resource 1f13f6b3-d640-403a-9d72-85ff49e7ad85 (type: security_group_rules) to 0
2026-06-15 20:14:42.280 9 INFO neutron.db.ovn_revision_numbers_db [None req-01f279e8-0753-4326-970a-8c01d960c368 942487f5261f4ba996abd2b43250beff 3e6a69f0a750474e96c60d0268000ab9 - - default default] Successfully bumped revision number for resource 92bda83e-86a2-4cc7-a999-c0016b0559ff (type: security_group_rules) to 0
2026-06-15 20:14:42.317 9 INFO neutron.api.wsgi [None req-01f279e8-0753-4326-970a-8c01d960c368 942487f5261f4ba996abd2b43250beff 3e6a69f0a750474e96c60d0268000ab9 - - default default] 10.0.0.129 "POST /v2.0/security-groups HTTP/1.1" status: 201 len: 1875 time: 0.2128568
2026-06-15 20:14:42.317 9 INFO neutron.db.ovn_revision_numbers_db [None req-82477563-bc0f-4c4c-9cae-8f72f5cedcbb - - - - - -] Successfully bumped revision number for resource e8d81f59-b420-4637-aa41-d8ad8a54f899 (type: ports) to 2
2026-06-15 20:14:42.325 9 WARNING neutron_lib.context [None req-9711c506-e516-45b3-9930-93949fc849a8 942487f5261f4ba996abd2b43250beff 3e6a69f0a750474e96c60d0268000ab9 - - default default] Method 'is_advsvc' is deprecated since 2023.2 release (neutron-lib 3.8.0) and will be removed once support for the old RBAC API policies will be removed from Neutron. Please use method 'is_service_role' instead.
2026-06-15 20:14:42.328 10 INFO neutron.api.wsgi [req-e0920fab-35ee-44a8-8eba-5c07d06a4ee9 req-c93d9176-ba2f-41d4-8868-2ac400333606 e91404b9bcd94fe8ad0f55e1a0fa6252 ddafaad0de2940afa184b7e673ae67b8 - - default default] 10.0.0.66 "GET /v2.0/ports?device_id=43652171-f090-4154-9765-8071366e2ccf HTTP/1.1" status: 200 len: 1174 time: 0.0344958
2026-06-15 20:14:42.351 9 INFO neutron.db.ovn_revision_numbers_db [None req-82477563-bc0f-4c4c-9cae-8f72f5cedcbb - - - - - -] Successfully bumped revision number for resource 5c00003f-d52c-4381-82c6-4e9077e3bf84 (type: subnets) to 0
2026-06-15 20:14:42.368 10 INFO neutron.api.wsgi [req-e0920fab-35ee-44a8-8eba-5c07d06a4ee9 req-3c0bad2d-0818-4192-bbcf-f8f4d6c50126 e91404b9bcd94fe8ad0f55e1a0fa6252 ddafaad0de2940afa184b7e673ae67b8 - - default default] 10.0.0.66 "GET /v2.0/security-groups?id=0511fb9e-03d2-44d6-8875-bac935179e6f&fields=id&fields=name HTTP/1.1" status: 200 len: 313 time: 0.0333948
2026-06-15 20:14:42.368 9 INFO neutron.api.wsgi [None req-961cd9c3-5df3-40dd-bcdc-1c93b8698250 aaa832b93a5c42198c37d6f87830627b 77c2494a5e884bcea07c77dd69d6d0fc - - default default] 10.0.0.129 "POST /v2.0/subnets HTTP/1.1" status: 201 len: 846 time: 0.6858764
2026-06-15 20:14:42.449 9 INFO neutron.db.ovn_revision_numbers_db [None req-9711c506-e516-45b3-9930-93949fc849a8 942487f5261f4ba996abd2b43250beff 3e6a69f0a750474e96c60d0268000ab9 - - default default] Successfully bumped revision number for resource 6dd45851-3713-43a1-86da-2f0f7e5737c3 (type: security_group_rules) to 0
2026-06-15 20:14:42.474 9 INFO neutron.api.wsgi [None req-9711c506-e516-45b3-9930-93949fc849a8 942487f5261f4ba996abd2b43250beff 3e6a69f0a750474e96c60d0268000ab9 - - default default] 10.0.0.129 "POST /v2.0/security-group-rules HTTP/1.1" status: 201 len: 796 time: 0.1528907
2026-06-15 20:14:42.483 9 WARNING neutron_lib.context [None req-56a7ab01-de04-4131-833e-a9b6dce3de67 942487f5261f4ba996abd2b43250beff 3e6a69f0a750474e96c60d0268000ab9 - - default default] Method 'is_advsvc' is deprecated since 2023.2 release (neutron-lib 3.8.0) and will be removed once support for the old RBAC API policies will be removed from Neutron. Please use method 'is_service_role' instead.
2026-06-15 20:14:42.584 9 INFO neutron.db.ovn_revision_numbers_db [None req-56a7ab01-de04-4131-833e-a9b6dce3de67 942487f5261f4ba996abd2b43250beff 3e6a69f0a750474e96c60d0268000ab9 - - default default] Successfully bumped revision number for resource 8942b789-993f-4968-8505-0b323e9a5733 (type: security_group_rules) to 0
2026-06-15 20:14:42.587 10 INFO neutron.api.wsgi [None req-7eb02446-50e0-4055-a74c-ce157ea78bd9 aaa832b93a5c42198c37d6f87830627b 77c2494a5e884bcea07c77dd69d6d0fc - - default default] 10.0.0.129 "POST /v2.0/rbac-policies HTTP/1.1" status: 201 len: 523 time: 0.2146592
2026-06-15 20:14:42.618 9 INFO neutron.api.wsgi [None req-56a7ab01-de04-4131-833e-a9b6dce3de67 942487f5261f4ba996abd2b43250beff 3e6a69f0a750474e96c60d0268000ab9 - - default default] 10.0.0.129 "POST /v2.0/security-group-rules HTTP/1.1" status: 201 len: 795 time: 0.1384532
2026-06-15 20:14:42.627 9 WARNING neutron_lib.context [None req-ab072e39-48e9-427f-929b-29232f0aab74 942487f5261f4ba996abd2b43250beff 3e6a69f0a750474e96c60d0268000ab9 - - default default] Method 'is_advsvc' is deprecated since 2023.2 release (neutron-lib 3.8.0) and will be removed once support for the old RBAC API policies will be removed from Neutron. Please use method 'is_service_role' instead.
2026-06-15 20:14:42.758 9 INFO neutron.db.ovn_revision_numbers_db [None req-ab072e39-48e9-427f-929b-29232f0aab74 942487f5261f4ba996abd2b43250beff 3e6a69f0a750474e96c60d0268000ab9 - - default default] Successfully bumped revision number for resource 4b5e1769-bf13-42dc-86c8-a4db38a6949e (type: security_group_rules) to 0
2026-06-15 20:14:42.801 9 INFO neutron.api.wsgi [None req-ab072e39-48e9-427f-929b-29232f0aab74 942487f5261f4ba996abd2b43250beff 3e6a69f0a750474e96c60d0268000ab9 - - default default] 10.0.0.129 "POST /v2.0/security-group-rules HTTP/1.1" status: 201 len: 801 time: 0.1785276
2026-06-15 20:14:42.814 9 WARNING neutron_lib.context [None req-b85ad992-788d-46df-8a66-4b2cf146c1ee 942487f5261f4ba996abd2b43250beff 3e6a69f0a750474e96c60d0268000ab9 - - default default] Method 'is_advsvc' is deprecated since 2023.2 release (neutron-lib 3.8.0) and will be removed once support for the old RBAC API policies will be removed from Neutron. Please use method 'is_service_role' instead.
2026-06-15 20:14:42.823 10 INFO neutron.plugins.ml2.drivers.ovn.mech_driver.mech_driver [None req-5da6ec21-726d-4dd9-8d2c-989a7f81cc1f - - - - - -] OVN reports status down for port: 56f8b897-606d-470e-9158-ede57e7d6013
2026-06-15 20:14:42.906 10 INFO neutron.api.wsgi [req-2d38d700-aa4b-41c1-8933-b63f9782086b req-2e24ee29-861e-44c3-88ac-50d0ee3b9d1e 8b2be51bdd224a23a5b16a504ca85391 a5fc87afeb804beba88d0b3172c93f54 - - default default] 10.0.0.66 "GET /v2.0/ports?device_id=f56b55de-839e-42a4-b734-0b0c29cb668d HTTP/1.1" status: 200 len: 210 time: 0.0128958
2026-06-15 20:14:42.931 9 INFO neutron.db.ovn_revision_numbers_db [None req-b85ad992-788d-46df-8a66-4b2cf146c1ee 942487f5261f4ba996abd2b43250beff 3e6a69f0a750474e96c60d0268000ab9 - - default default] Successfully bumped revision number for resource 4f0169d0-7fcd-40ce-acbc-c3a60085b317 (type: security_group_rules) to 0
2026-06-15 20:14:42.966 9 INFO neutron.api.wsgi [None req-b85ad992-788d-46df-8a66-4b2cf146c1ee 942487f5261f4ba996abd2b43250beff 3e6a69f0a750474e96c60d0268000ab9 - - default default] 10.0.0.129 "POST /v2.0/security-group-rules HTTP/1.1" status: 201 len: 800 time: 0.1557102
2026-06-15 20:14:42.977 9 WARNING neutron_lib.context [None req-f024fdb9-1306-41f7-b1c7-cb14eac1affc 942487f5261f4ba996abd2b43250beff 3e6a69f0a750474e96c60d0268000ab9 - - default default] Method 'is_advsvc' is deprecated since 2023.2 release (neutron-lib 3.8.0) and will be removed once support for the old RBAC API policies will be removed from Neutron. Please use method 'is_service_role' instead.
