2026-06-15 20:15:45.746 9 INFO neutron.plugins.ml2.drivers.ovn.mech_driver.mech_driver [None req-b3a0d527-44c0-4a3a-a2b4-fed531b46976 - - - - - -] OVN reports status up for port: 9ff84fa4-3edf-4ee8-8524-3194ed98bc0b
2026-06-15 20:15:45.764 9 INFO neutron.plugins.ml2.plugin [None req-b3a0d527-44c0-4a3a-a2b4-fed531b46976 - - - - - -] Attempt 1 to provision port 9ff84fa4-3edf-4ee8-8524-3194ed98bc0b
2026-06-15 20:15:45.801 9 INFO neutron.db.ovn_revision_numbers_db [None req-8cf396b6-cee2-44d3-ba71-b2aa02b1114c 15983bcc7f1941169dcf4a535479c923 699d569832d04bc5802fe210b2891e13 - - default default] Successfully bumped revision number for resource f5f327e7-a5f2-42be-b9a5-87d2d36567c8 (type: ports) to 1
2026-06-15 20:15:45.870 9 INFO neutron.api.wsgi [None req-8cf396b6-cee2-44d3-ba71-b2aa02b1114c 15983bcc7f1941169dcf4a535479c923 699d569832d04bc5802fe210b2891e13 - - default default] 10.0.0.129 "POST /v2.0/ports HTTP/1.1" status: 201 len: 942 time: 0.6222396 /var/lib/openstack/lib/python3.12/site-packages/pycadf/identifier.py:71: UserWarning: Invalid uuid: neutron. To ensure interoperability, identifiers should be a valid uuid. warnings.warn(('Invalid uuid: %s. To ensure interoperability, '
2026-06-15 20:15:45.899 9 WARNING neutron_lib.context [None req-c29d447d-0589-45f0-9bd8-e34ae173068c 15983bcc7f1941169dcf4a535479c923 699d569832d04bc5802fe210b2891e13 - - default default] Method 'is_advsvc' is deprecated since 2023.2 release (neutron-lib 3.8.0) and will be removed once support for the old RBAC API policies will be removed from Neutron. Please use method 'is_service_role' instead.
2026-06-15 20:15:45.930 9 INFO neutron.db.ovn_revision_numbers_db [None req-4a86a9d4-b67a-490c-9ac9-bcf547e39b62 7dd57d3e5a0f4e2bb85c50c0d54972d3 3a3fc5df4a384b7d906cdeb89e899baf - - default default] Successfully bumped revision number for resource 595ac810-00dc-4e12-9d97-a6fbd21b8a16 (type: ports) to 2
2026-06-15 20:15:45.952 10 INFO neutron.api.wsgi [None req-09d20e17-1a73-4720-b6be-f961aea8ccb4 45c519b4da3f4c29b86cbe62fe7a58f7 af44237ea6f84098a4a34797374b1710 - - default default] 10.0.0.129 "POST /v2.0/trunks HTTP/1.1" status: 201 len: 608 time: 0.2230434
2026-06-15 20:15:45.979 10 INFO neutron.api.wsgi [None req-c17e9489-4deb-4fce-885e-6ee9e98ffa8a 45c519b4da3f4c29b86cbe62fe7a58f7 af44237ea6f84098a4a34797374b1710 - - default default] 10.0.0.129 "PUT /v2.0/trunks/9de9b114-dbda-4701-90e4-6a85a9fcffe5/tags HTTP/1.1" status: 200 len: 210 time: 0.0234711
2026-06-15 20:15:46.011 10 INFO neutron.api.wsgi [None req-6b68a46f-5d14-4c3b-a2c8-baf8ef6bddfa 45c519b4da3f4c29b86cbe62fe7a58f7 af44237ea6f84098a4a34797374b1710 - - default default] 10.0.0.129 "PUT /v2.0/trunks/10ac2a6e-b720-40e6-9c0b-dd872530d8a4/tags HTTP/1.1" status: 200 len: 218 time: 0.0277920
2026-06-15 20:15:46.048 10 INFO neutron.api.wsgi [None req-c9d1e97e-4fb4-48ec-9575-a94be4907875 45c519b4da3f4c29b86cbe62fe7a58f7 af44237ea6f84098a4a34797374b1710 - - default default] 10.0.0.129 "PUT /v2.0/trunks/708eaa37-64bd-46cc-ba4c-ed8149317bff/tags HTTP/1.1" status: 200 len: 227 time: 0.0262814
2026-06-15 20:15:46.060 9 INFO neutron.db.segments_db [None req-c29d447d-0589-45f0-9bd8-e34ae173068c 15983bcc7f1941169dcf4a535479c923 699d569832d04bc5802fe210b2891e13 - - default default] Added segment 38c1e23f-67dc-43b6-ab72-6a1d33bd287b of type geneve for network 8b417f33-f241-460d-91a4-8e22269d9180
2026-06-15 20:15:46.096 10 INFO neutron.api.wsgi [None req-53141dba-913e-49ff-be42-26930fe88d10 45c519b4da3f4c29b86cbe62fe7a58f7 af44237ea6f84098a4a34797374b1710 - - default default] 10.0.0.129 "PUT /v2.0/trunks/f7e60e78-f298-49cc-97e4-daf7d8ae850a/tags HTTP/1.1" status: 200 len: 212 time: 0.0423594
2026-06-15 20:15:46.132 10 INFO neutron.api.wsgi [None req-dcf1871c-aef0-49e1-8988-581ec3618a46 45c519b4da3f4c29b86cbe62fe7a58f7 af44237ea6f84098a4a34797374b1710 - - default default] 10.0.0.129 "GET /v2.0/trunks?tags=red HTTP/1.1" status: 200 len: 1447 time: 0.0314646
2026-06-15 20:15:46.154 10 INFO neutron.api.wsgi [None req-ac50f5a2-0c2e-4e42-b880-ca802343adb4 45c519b4da3f4c29b86cbe62fe7a58f7 af44237ea6f84098a4a34797374b1710 - - default default] 10.0.0.129 "GET /v2.0/trunks?tags=red%2Cblue HTTP/1.1" status: 200 len: 1041 time: 0.0172362
2026-06-15 20:15:46.172 10 INFO neutron.api.wsgi [None req-8213b05b-4306-4fb8-9f05-541379dc9e78 45c519b4da3f4c29b86cbe62fe7a58f7 af44237ea6f84098a4a34797374b1710 - - default default] 10.0.0.129 "GET /v2.0/trunks?tags-any=blue HTTP/1.1" status: 200 len: 1041 time: 0.0140219
2026-06-15 20:15:46.191 10 INFO neutron.api.wsgi [None req-521aa060-5c2d-4ef3-b233-90944346a62b 45c519b4da3f4c29b86cbe62fe7a58f7 af44237ea6f84098a4a34797374b1710 - - default default] 10.0.0.129 "GET /v2.0/trunks?tags-any=red%2Cblue HTTP/1.1" status: 200 len: 1447 time: 0.0148616
2026-06-15 20:15:46.215 10 INFO neutron.api.wsgi [None req-758b941e-2cf0-442c-9278-c4981405d442 45c519b4da3f4c29b86cbe62fe7a58f7 af44237ea6f84098a4a34797374b1710 - - default default] 10.0.0.129 "GET /v2.0/trunks?not-tags=red HTTP/1.1" status: 200 len: 1013 time: 0.0146387
2026-06-15 20:15:46.232 10 INFO neutron.api.wsgi [None req-6b2e2be0-89f2-46c0-9460-55d0ece8f74e 45c519b4da3f4c29b86cbe62fe7a58f7 af44237ea6f84098a4a34797374b1710 - - default default] 10.0.0.129 "GET /v2.0/trunks?not-tags=red%2Cblue HTTP/1.1" status: 200 len: 1419 time: 0.0136449
2026-06-15 20:15:46.250 10 INFO neutron.api.wsgi [None req-b099b11d-facc-44d2-a06c-bf92fd8e4d05 45c519b4da3f4c29b86cbe62fe7a58f7 af44237ea6f84098a4a34797374b1710 - - default default] 10.0.0.129 "GET /v2.0/trunks?not-tags-any=blue HTTP/1.1" status: 200 len: 1419 time: 0.0140588
2026-06-15 20:15:46.269 10 INFO neutron.api.wsgi [None req-5ae416b0-e0ae-418f-8649-b0ba3f37729b 45c519b4da3f4c29b86cbe62fe7a58f7 af44237ea6f84098a4a34797374b1710 - - default default] 10.0.0.129 "GET /v2.0/trunks?not-tags-any=red%2Cblue HTTP/1.1" status: 200 len: 1013 time: 0.0151882
2026-06-15 20:15:46.286 10 INFO neutron.api.wsgi [None req-cdb3406c-427a-49ca-adff-4010469a003b 45c519b4da3f4c29b86cbe62fe7a58f7 af44237ea6f84098a4a34797374b1710 - - default default] 10.0.0.129 "GET /v2.0/trunks/9de9b114-dbda-4701-90e4-6a85a9fcffe5 HTTP/1.1" status: 200 len: 608 time: 0.0099535
2026-06-15 20:15:46.338 9 INFO neutron.db.ovn_revision_numbers_db [None req-ed09e69c-3827-4192-9f74-d0048e16cb52 4d3b9bd99ea24fbbafeeb98e85924d10 51d8ab0906984b47b597e511c42a0bf7 - - default default] Successfully bumped revision number for resource 9ff84fa4-3edf-4ee8-8524-3194ed98bc0b (type: router_ports) to 1
2026-06-15 20:15:46.340 9 INFO neutron.db.ovn_revision_numbers_db [None req-c29d447d-0589-45f0-9bd8-e34ae173068c 15983bcc7f1941169dcf4a535479c923 699d569832d04bc5802fe210b2891e13 - - default default] Successfully bumped revision number for resource 8b417f33-f241-460d-91a4-8e22269d9180 (type: networks) to 1
2026-06-15 20:15:46.345 9 INFO neutron.api.wsgi [None req-ed09e69c-3827-4192-9f74-d0048e16cb52 4d3b9bd99ea24fbbafeeb98e85924d10 51d8ab0906984b47b597e511c42a0bf7 - - default default] 10.0.0.129 "PUT /v2.0/routers/cc57df91-736a-4f92-816a-13fff46f7544/add_router_interface HTTP/1.1" status: 200 len: 503 time: 2.5642116
2026-06-15 20:15:46.358 10 WARNING neutron_lib.context [None req-cf7d4526-e45f-4447-a5cf-9025660d2647 4d3b9bd99ea24fbbafeeb98e85924d10 51d8ab0906984b47b597e511c42a0bf7 - - default default] Method 'is_advsvc' is deprecated since 2023.2 release (neutron-lib 3.8.0) and will be removed once support for the old RBAC API policies will be removed from Neutron. Please use method 'is_service_role' instead.
2026-06-15 20:15:46.373 10 INFO neutron.api.wsgi [None req-147a3a3e-81f6-4392-a152-49fd671669c5 45c519b4da3f4c29b86cbe62fe7a58f7 af44237ea6f84098a4a34797374b1710 - - default default] 10.0.0.129 "GET /v2.0/ports/b81e9381-5eb1-44cf-b1d7-f32c6d6a44c0 HTTP/1.1" status: 200 len: 1020 time: 0.0836143
2026-06-15 20:15:46.533 9 INFO neutron.api.wsgi [None req-104bb84a-9fca-4710-99c8-900bdb54bc71 45c519b4da3f4c29b86cbe62fe7a58f7 af44237ea6f84098a4a34797374b1710 - - default default] 10.0.0.129 "DELETE /v2.0/trunks/9de9b114-dbda-4701-90e4-6a85a9fcffe5 HTTP/1.1" status: 204 len: 168 time: 0.1521893
2026-06-15 20:15:46.607 10 INFO neutron.api.wsgi [None req-2c3ddd54-38e0-4857-a393-a4210cf65281 45c519b4da3f4c29b86cbe62fe7a58f7 af44237ea6f84098a4a34797374b1710 - - default default] 10.0.0.129 "GET /v2.0/trunks/10ac2a6e-b720-40e6-9c0b-dd872530d8a4 HTTP/1.1" status: 200 len: 616 time: 0.0685601
2026-06-15 20:15:46.645 9 WARNING neutron.scheduler.dhcp_agent_scheduler [None req-c29d447d-0589-45f0-9bd8-e34ae173068c 15983bcc7f1941169dcf4a535479c923 699d569832d04bc5802fe210b2891e13 - - default default] No more DHCP agents
2026-06-15 20:15:46.647 9 WARNING neutron.api.rpc.agentnotifiers.dhcp_rpc_agent_api [None req-c29d447d-0589-45f0-9bd8-e34ae173068c 15983bcc7f1941169dcf4a535479c923 699d569832d04bc5802fe210b2891e13 - - default default] Unable to schedule network 8b417f33-f241-460d-91a4-8e22269d9180: no agents available; will retry on subsequent port and subnet creation events.
2026-06-15 20:15:46.674 9 INFO neutron.db.ovn_revision_numbers_db [None req-b3a0d527-44c0-4a3a-a2b4-fed531b46976 - - - - - -] Successfully bumped revision number for resource 9ff84fa4-3edf-4ee8-8524-3194ed98bc0b (type: ports) to 2
2026-06-15 20:15:46.721 10 INFO neutron.api.wsgi [None req-02c20774-ef05-4e7c-b319-4b9a2996e61d 45c519b4da3f4c29b86cbe62fe7a58f7 af44237ea6f84098a4a34797374b1710 - - default default] 10.0.0.129 "GET /v2.0/ports/8b9af8b1-23aa-4531-9ee1-5ecd30aa7870 HTTP/1.1" status: 200 len: 1020 time: 0.1091533
2026-06-15 20:15:46.770 9 INFO neutron.db.ovn_revision_numbers_db [None req-c29d447d-0589-45f0-9bd8-e34ae173068c 15983bcc7f1941169dcf4a535479c923 699d569832d04bc5802fe210b2891e13 - - default default] Successfully bumped revision number for resource 6c892109-7b9e-4942-87d0-fb4378a8413c (type: ports) to 1
2026-06-15 20:15:46.808 9 INFO neutron.api.wsgi [None req-c29d447d-0589-45f0-9bd8-e34ae173068c 15983bcc7f1941169dcf4a535479c923 699d569832d04bc5802fe210b2891e13 - - default default] 10.0.0.129 "POST /v2.0/networks HTTP/1.1" status: 201 len: 831 time: 0.9291306
2026-06-15 20:15:46.809 9 INFO neutron.db.ovn_revision_numbers_db [None req-4a86a9d4-b67a-490c-9ac9-bcf547e39b62 7dd57d3e5a0f4e2bb85c50c0d54972d3 3a3fc5df4a384b7d906cdeb89e899baf - - default default] Successfully bumped revision number for resource 595ac810-00dc-4e12-9d97-a6fbd21b8a16 (type: ports) to 2
2026-06-15 20:15:46.816 10 WARNING neutron_lib.context [None req-724ff651-01de-444a-b4ec-d701a7ce44e5 15983bcc7f1941169dcf4a535479c923 699d569832d04bc5802fe210b2891e13 - - default default] Method 'is_advsvc' is deprecated since 2023.2 release (neutron-lib 3.8.0) and will be removed once support for the old RBAC API policies will be removed from Neutron. Please use method 'is_service_role' instead.
2026-06-15 20:15:46.828 10 INFO neutron.api.wsgi [None req-9ccf78ca-27a8-410b-b208-6fe0ad9543f8 45c519b4da3f4c29b86cbe62fe7a58f7 af44237ea6f84098a4a34797374b1710 - - default default] 10.0.0.129 "DELETE /v2.0/trunks/10ac2a6e-b720-40e6-9c0b-dd872530d8a4 HTTP/1.1" status: 204 len: 168 time: 0.0995784 /var/lib/openstack/lib/python3.12/site-packages/pycadf/identifier.py:71: UserWarning: Invalid uuid: neutron. To ensure interoperability, identifiers should be a valid uuid. warnings.warn(('Invalid uuid: %s. To ensure interoperability, '
2026-06-15 20:15:46.847 9 INFO neutron.api.wsgi [None req-047fa9d0-d5d9-43fb-b4ba-0830173b003f 45c519b4da3f4c29b86cbe62fe7a58f7 af44237ea6f84098a4a34797374b1710 - - default default] 10.0.0.129 "GET /v2.0/trunks/708eaa37-64bd-46cc-ba4c-ed8149317bff HTTP/1.1" status: 200 len: 625 time: 0.0153012
2026-06-15 20:15:46.867 9 WARNING neutron.scheduler.dhcp_agent_scheduler [None req-4a86a9d4-b67a-490c-9ac9-bcf547e39b62 7dd57d3e5a0f4e2bb85c50c0d54972d3 3a3fc5df4a384b7d906cdeb89e899baf - - default default] No more DHCP agents
2026-06-15 20:15:46.869 9 WARNING neutron.api.rpc.agentnotifiers.dhcp_rpc_agent_api [None req-4a86a9d4-b67a-490c-9ac9-bcf547e39b62 7dd57d3e5a0f4e2bb85c50c0d54972d3 3a3fc5df4a384b7d906cdeb89e899baf - - default default] Unable to schedule network a03657b5-ca29-4086-b916-ab60c9a691ae: no agents available; will retry on subsequent port and subnet creation events.
2026-06-15 20:15:46.972 10 INFO neutron.api.wsgi [None req-e7db78ea-525c-499d-9d1d-4f21ba03e849 45c519b4da3f4c29b86cbe62fe7a58f7 af44237ea6f84098a4a34797374b1710 - - default default] 10.0.0.129 "GET /v2.0/ports/6223b686-2bfd-4bd0-aa76-7475c0aa5427 HTTP/1.1" status: 200 len: 1020 time: 0.1207657
2026-06-15 20:15:47.009 10 WARNING neutron.scheduler.dhcp_agent_scheduler [None req-11870cd0-ea44-4ee2-b444-85116a50a681 - - - - - -] No more DHCP agents
2026-06-15 20:15:47.011 10 WARNING neutron.api.rpc.agentnotifiers.dhcp_rpc_agent_api [None req-11870cd0-ea44-4ee2-b444-85116a50a681 - - - - - -] Unable to schedule network dbcb6816-2d1c-4dec-8158-9762bf8ff873: no agents available; will retry on subsequent port and subnet creation events.
2026-06-15 20:15:47.062 9 INFO neutron.db.ovn_revision_numbers_db [None req-4a86a9d4-b67a-490c-9ac9-bcf547e39b62 7dd57d3e5a0f4e2bb85c50c0d54972d3 3a3fc5df4a384b7d906cdeb89e899baf - - default default] Successfully bumped revision number for resource 595ac810-00dc-4e12-9d97-a6fbd21b8a16 (type: router_ports) to 2
2026-06-15 20:15:47.067 9 INFO neutron.api.wsgi [None req-4a86a9d4-b67a-490c-9ac9-bcf547e39b62 7dd57d3e5a0f4e2bb85c50c0d54972d3 3a3fc5df4a384b7d906cdeb89e899baf - - default default] 10.0.0.129 "PUT /v2.0/routers/a3e58210-2ad4-4d16-b25a-92cd3d7aa9f6/add_router_interface HTTP/1.1" status: 200 len: 503 time: 1.8944607
2026-06-15 20:15:47.074 9 INFO neutron.api.wsgi [None req-369c3273-0e79-4549-8569-fa40d62222a3 45c519b4da3f4c29b86cbe62fe7a58f7 af44237ea6f84098a4a34797374b1710 - - default default] 10.0.0.129 "DELETE /v2.0/trunks/708eaa37-64bd-46cc-ba4c-ed8149317bff HTTP/1.1" status: 204 len: 168 time: 0.0956070
2026-06-15 20:15:47.096 9 INFO neutron.api.wsgi [None req-976276b6-b6b5-414b-8408-ca74b5e57981 45c519b4da3f4c29b86cbe62fe7a58f7 af44237ea6f84098a4a34797374b1710 - - default default] 10.0.0.129 "GET /v2.0/trunks/f7e60e78-f298-49cc-97e4-daf7d8ae850a HTTP/1.1" status: 200 len: 610 time: 0.0170403
2026-06-15 20:15:47.121 10 WARNING neutron.scheduler.dhcp_agent_scheduler [None req-724ff651-01de-444a-b4ec-d701a7ce44e5 15983bcc7f1941169dcf4a535479c923 699d569832d04bc5802fe210b2891e13 - - default default] No more DHCP agents
2026-06-15 20:15:47.122 10 WARNING neutron.api.rpc.agentnotifiers.dhcp_rpc_agent_api [None req-724ff651-01de-444a-b4ec-d701a7ce44e5 15983bcc7f1941169dcf4a535479c923 699d569832d04bc5802fe210b2891e13 - - default default] Unable to schedule network 8b417f33-f241-460d-91a4-8e22269d9180: no agents available; will retry on subsequent port and subnet creation events.
2026-06-15 20:15:47.151 9 INFO neutron.api.wsgi [None req-5370848f-428b-4027-818b-d7b9c88a3619 7dd57d3e5a0f4e2bb85c50c0d54972d3 3a3fc5df4a384b7d906cdeb89e899baf - - default default] 10.0.0.129 "GET /v2.0/ports/595ac810-00dc-4e12-9d97-a6fbd21b8a16 HTTP/1.1" status: 200 len: 1215 time: 0.0792131 /var/lib/openstack/lib/python3.12/site-packages/pycadf/identifier.py:71: UserWarning: Invalid uuid: neutron. To ensure interoperability, identifiers should be a valid uuid. warnings.warn(('Invalid uuid: %s. To ensure interoperability, '
2026-06-15 20:15:47.162 10 INFO neutron.db.ovn_revision_numbers_db [None req-11870cd0-ea44-4ee2-b444-85116a50a681 - - - - - -] Successfully bumped revision number for resource ab3ba057-91b6-415a-8072-eacbf3763472 (type: ports) to 1
2026-06-15 20:15:47.174 9 INFO neutron.api.wsgi [None req-ab488f3f-b181-43c6-b42b-50e235057640 45c519b4da3f4c29b86cbe62fe7a58f7 af44237ea6f84098a4a34797374b1710 - - default default] 10.0.0.129 "GET /v2.0/ports/e77cef35-285f-465f-8a35-0c0ce0c82bf8 HTTP/1.1" status: 200 len: 1020 time: 0.0733719
2026-06-15 20:15:47.238 10 INFO neutron.db.ovn_revision_numbers_db [None req-724ff651-01de-444a-b4ec-d701a7ce44e5 15983bcc7f1941169dcf4a535479c923 699d569832d04bc5802fe210b2891e13 - - default default] Successfully bumped revision number for resource ffb9b5c5-c3a3-4b81-8324-6d180587ecf4 (type: ports) to 1
2026-06-15 20:15:47.248 9 INFO neutron.api.wsgi [None req-fcd7be82-f0fb-4abf-a653-d85707ec0a19 45c519b4da3f4c29b86cbe62fe7a58f7 af44237ea6f84098a4a34797374b1710 - - default default] 10.0.0.129 "DELETE /v2.0/trunks/f7e60e78-f298-49cc-97e4-daf7d8ae850a HTTP/1.1" status: 204 len: 168 time: 0.0690928
2026-06-15 20:15:47.268 9 INFO neutron.api.wsgi [None req-133374f1-fbeb-417f-b196-b6beb18668cf 45c519b4da3f4c29b86cbe62fe7a58f7 af44237ea6f84098a4a34797374b1710 - - default default] 10.0.0.129 "GET /v2.0/trunks/a0fdb50c-b812-4ab7-a00f-7ec5fa2e583e HTTP/1.1" status: 200 len: 603 time: 0.0154779
2026-06-15 20:15:47.283 10 INFO neutron.api.wsgi [None req-724ff651-01de-444a-b4ec-d701a7ce44e5 15983bcc7f1941169dcf4a535479c923 699d569832d04bc5802fe210b2891e13 - - default default] 10.0.0.129 "POST /v2.0/ports HTTP/1.1" status: 201 len: 942 time: 0.4709396 /var/lib/openstack/lib/python3.12/site-packages/pycadf/identifier.py:71: UserWarning: Invalid uuid: neutron. To ensure interoperability, identifiers should be a valid uuid. warnings.warn(('Invalid uuid: %s. To ensure interoperability, '
2026-06-15 20:15:47.293 10 WARNING neutron_lib.context [None req-f81b7a95-cc5c-44e3-adfa-dc9965dad709 15983bcc7f1941169dcf4a535479c923 699d569832d04bc5802fe210b2891e13 - - default default] Method 'is_advsvc' is deprecated since 2023.2 release (neutron-lib 3.8.0) and will be removed once support for the old RBAC API policies will be removed from Neutron. Please use method 'is_service_role' instead.
2026-06-15 20:15:47.342 9 INFO neutron.api.wsgi [None req-9ba63652-1328-4041-a53a-5f07e814cc44 45c519b4da3f4c29b86cbe62fe7a58f7 af44237ea6f84098a4a34797374b1710 - - default default] 10.0.0.129 "GET /v2.0/ports/e91b4dc1-53bd-46c0-9d4b-e4ed15dda2f2 HTTP/1.1" status: 200 len: 1020 time: 0.0669928
2026-06-15 20:15:47.394 10 INFO neutron.db.segments_db [None req-f81b7a95-cc5c-44e3-adfa-dc9965dad709 15983bcc7f1941169dcf4a535479c923 699d569832d04bc5802fe210b2891e13 - - default default] Added segment e0ad31ea-82d3-44b1-9d2b-529f45e9e476 of type geneve for network 5590743d-6676-4223-9c61-7bbdcb17d348
2026-06-15 20:15:47.408 9 INFO neutron.api.wsgi [None req-a25c59e0-38ce-4508-b68e-22b7ac2160c5 45c519b4da3f4c29b86cbe62fe7a58f7 af44237ea6f84098a4a34797374b1710 - - default default] 10.0.0.129 "DELETE /v2.0/trunks/a0fdb50c-b812-4ab7-a00f-7ec5fa2e583e HTTP/1.1" status: 204 len: 168 time: 0.0606043
2026-06-15 20:15:47.608 9 INFO neutron.api.wsgi [None req-17188659-cbec-4af4-ae5b-337ac8931b07 45c519b4da3f4c29b86cbe62fe7a58f7 af44237ea6f84098a4a34797374b1710 - - default default] 10.0.0.129 "DELETE /v2.0/ports/b81e9381-5eb1-44cf-b1d7-f32c6d6a44c0 HTTP/1.1" status: 204 len: 168 time: 0.1952665
2026-06-15 20:15:47.814 10 INFO neutron.db.ovn_revision_numbers_db [None req-11870cd0-ea44-4ee2-b444-85116a50a681 - - - - - -] Successfully bumped revision number for resource ab3ba057-91b6-415a-8072-eacbf3763472 (type: ports) to 3
2026-06-15 20:15:47.837 9 INFO neutron.api.wsgi [None req-4a278e2a-6a5d-44ca-aaa6-e10912a9d95c 45c519b4da3f4c29b86cbe62fe7a58f7 af44237ea6f84098a4a34797374b1710 - - default default] 10.0.0.129 "DELETE /v2.0/ports/8b9af8b1-23aa-4531-9ee1-5ecd30aa7870 HTTP/1.1" status: 204 len: 168 time: 0.2240250
2026-06-15 20:15:47.857 10 INFO neutron.db.ovn_revision_numbers_db [None req-f81b7a95-cc5c-44e3-adfa-dc9965dad709 15983bcc7f1941169dcf4a535479c923 699d569832d04bc5802fe210b2891e13 - - default default] Successfully bumped revision number for resource 5590743d-6676-4223-9c61-7bbdcb17d348 (type: networks) to 1
2026-06-15 20:15:47.898 10 INFO neutron.db.segments_db [None req-11870cd0-ea44-4ee2-b444-85116a50a681 - - - - - -] Added segment e91e3cb4-2567-470a-9553-f1934f232f7d of type geneve for network aa37e743-5934-4874-8a59-68b8e0294014
2026-06-15 20:15:48.073 10 INFO neutron.db.ovn_revision_numbers_db [None req-bac7d973-07b2-433f-a727-2d6a538281f4 - - - - - -] Successfully bumped revision number for resource aa37e743-5934-4874-8a59-68b8e0294014 (type: networks) to 1
2026-06-15 20:15:48.077 9 INFO neutron.api.wsgi [None req-6904320f-8739-44e9-98d8-6586b7e1bec4 45c519b4da3f4c29b86cbe62fe7a58f7 af44237ea6f84098a4a34797374b1710 - - default default] 10.0.0.129 "DELETE /v2.0/ports/6223b686-2bfd-4bd0-aa76-7475c0aa5427 HTTP/1.1" status: 204 len: 168 time: 0.2341573
2026-06-15 20:15:48.088 10 WARNING neutron.scheduler.dhcp_agent_scheduler [None req-f81b7a95-cc5c-44e3-adfa-dc9965dad709 15983bcc7f1941169dcf4a535479c923 699d569832d04bc5802fe210b2891e13 - - default default] No more DHCP agents
2026-06-15 20:15:48.092 10 WARNING neutron.api.rpc.agentnotifiers.dhcp_rpc_agent_api [None req-f81b7a95-cc5c-44e3-adfa-dc9965dad709 15983bcc7f1941169dcf4a535479c923 699d569832d04bc5802fe210b2891e13 - - default default] Unable to schedule network 5590743d-6676-4223-9c61-7bbdcb17d348: no agents available; will retry on subsequent port and subnet creation events.
2026-06-15 20:15:48.189 10 INFO neutron.api.wsgi [None req-1bfc519b-db19-40d3-963b-5c27428a6906 7dd57d3e5a0f4e2bb85c50c0d54972d3 3a3fc5df4a384b7d906cdeb89e899baf - - default default] 10.0.0.129 "PUT /v2.0/routers/a3e58210-2ad4-4d16-b25a-92cd3d7aa9f6/remove_router_interface HTTP/1.1" status: 200 len: 503 time: 1.0317810 /var/lib/openstack/lib/python3.12/site-packages/pycadf/identifier.py:71: UserWarning: Invalid uuid: neutron. To ensure interoperability, identifiers should be a valid uuid. warnings.warn(('Invalid uuid: %s. To ensure interoperability, '
2026-06-15 20:15:48.222 9 INFO neutron.api.wsgi [-] 10.0.0.188 "GET / HTTP/1.1" status: 200 len: 246 time: 0.0013015
2026-06-15 20:15:48.223 9 INFO neutron.api.wsgi [-] 10.0.0.188 "GET / HTTP/1.1" status: 200 len: 246 time: 0.0011771
2026-06-15 20:15:48.246 10 INFO neutron.db.ovn_revision_numbers_db [None req-f81b7a95-cc5c-44e3-adfa-dc9965dad709 15983bcc7f1941169dcf4a535479c923 699d569832d04bc5802fe210b2891e13 - - default default] Successfully bumped revision number for resource 79c98215-c6c7-4699-9334-0e42fd4361ad (type: ports) to 1
2026-06-15 20:15:48.253 10 INFO neutron.api.v2.resource [None req-40dafe73-0e7f-4f73-b088-9a0c06d4a11a 7dd57d3e5a0f4e2bb85c50c0d54972d3 3a3fc5df4a384b7d906cdeb89e899baf - - default default] remove_router_interface failed (client error): The resource could not be found.
2026-06-15 20:15:48.254 10 INFO neutron.api.wsgi [None req-40dafe73-0e7f-4f73-b088-9a0c06d4a11a 7dd57d3e5a0f4e2bb85c50c0d54972d3 3a3fc5df4a384b7d906cdeb89e899baf - - default default] 10.0.0.129 "PUT /v2.0/routers/a3e58210-2ad4-4d16-b25a-92cd3d7aa9f6/remove_router_interface HTTP/1.1" status: 404 len: 398 time: 0.0606122
2026-06-15 20:15:48.274 10 INFO neutron.api.wsgi [None req-f81b7a95-cc5c-44e3-adfa-dc9965dad709 15983bcc7f1941169dcf4a535479c923 699d569832d04bc5802fe210b2891e13 - - default default] 10.0.0.129 "POST /v2.0/networks HTTP/1.1" status: 201 len: 830 time: 0.9849651
2026-06-15 20:15:48.275 9 INFO neutron.api.wsgi [None req-8ff2008f-fd11-4e63-8b0c-fb96555f175f 7dd57d3e5a0f4e2bb85c50c0d54972d3 3a3fc5df4a384b7d906cdeb89e899baf - - default default] 10.0.0.129 "GET /v2.0/ports?device_id=a3e58210-2ad4-4d16-b25a-92cd3d7aa9f6 HTTP/1.1" status: 200 len: 205 time: 0.0148354
2026-06-15 20:15:48.283 9 WARNING neutron_lib.context [None req-a9ba7d8f-f6b5-499b-a752-1e8e11dd5529 15983bcc7f1941169dcf4a535479c923 699d569832d04bc5802fe210b2891e13 - - default default] Method 'is_advsvc' is deprecated since 2023.2 release (neutron-lib 3.8.0) and will be removed once support for the old RBAC API policies will be removed from Neutron. Please use method 'is_service_role' instead.
2026-06-15 20:15:48.304 10 WARNING neutron.scheduler.dhcp_agent_scheduler [None req-bac7d973-07b2-433f-a727-2d6a538281f4 - - - - - -] No more DHCP agents
2026-06-15 20:15:48.305 10 WARNING neutron.api.rpc.agentnotifiers.dhcp_rpc_agent_api [None req-bac7d973-07b2-433f-a727-2d6a538281f4 - - - - - -] Unable to schedule network aa37e743-5934-4874-8a59-68b8e0294014: no agents available; will retry on subsequent port and subnet creation events.
2026-06-15 20:15:48.359 10 INFO neutron.db.ovn_revision_numbers_db [None req-bac7d973-07b2-433f-a727-2d6a538281f4 - - - - - -] Successfully bumped revision number for resource 0e594ef6-3925-411c-8519-53fd344ad539 (type: ports) to 1
2026-06-15 20:15:48.469 10 WARNING neutron.scheduler.dhcp_agent_scheduler [None req-bac7d973-07b2-433f-a727-2d6a538281f4 - - - - - -] No more DHCP agents
2026-06-15 20:15:48.470 10 WARNING neutron.api.rpc.agentnotifiers.dhcp_rpc_agent_api [None req-bac7d973-07b2-433f-a727-2d6a538281f4 - - - - - -] Unable to schedule network aa37e743-5934-4874-8a59-68b8e0294014: no agents available; will retry on subsequent port and subnet creation events.
2026-06-15 20:15:48.494 10 INFO neutron.db.ovn_revision_numbers_db [None req-bac7d973-07b2-433f-a727-2d6a538281f4 - - - - - -] Successfully bumped revision number for resource 5c880bb8-dbd3-4eab-9124-af728bf5c44a (type: subnets) to 0
2026-06-15 20:15:48.499 9 INFO neutron.api.wsgi [None req-21bd68ca-39c3-4fb2-ae92-4640074af7ff 45c519b4da3f4c29b86cbe62fe7a58f7 af44237ea6f84098a4a34797374b1710 - - default default] 10.0.0.129 "DELETE /v2.0/ports/e77cef35-285f-465f-8a35-0c0ce0c82bf8 HTTP/1.1" status: 204 len: 168 time: 0.4173415
2026-06-15 20:15:48.679 9 INFO neutron.api.wsgi [None req-3d2c4e64-00cd-42d7-913a-643aef044167 7dd57d3e5a0f4e2bb85c50c0d54972d3 3a3fc5df4a384b7d906cdeb89e899baf - - default default] 10.0.0.129 "DELETE /v2.0/routers/a3e58210-2ad4-4d16-b25a-92cd3d7aa9f6 HTTP/1.1" status: 204 len: 168 time: 0.3991587
2026-06-15 20:15:48.808 9 WARNING neutron.scheduler.dhcp_agent_scheduler [None req-a9ba7d8f-f6b5-499b-a752-1e8e11dd5529 15983bcc7f1941169dcf4a535479c923 699d569832d04bc5802fe210b2891e13 - - default default] No more DHCP agents
2026-06-15 20:15:48.809 9 WARNING neutron.api.rpc.agentnotifiers.dhcp_rpc_agent_api [None req-a9ba7d8f-f6b5-499b-a752-1e8e11dd5529 15983bcc7f1941169dcf4a535479c923 699d569832d04bc5802fe210b2891e13 - - default default] Unable to schedule network 5590743d-6676-4223-9c61-7bbdcb17d348: no agents available; will retry on subsequent port and subnet creation events.
2026-06-15 20:15:48.844 10 INFO neutron.api.wsgi [None req-9136c4aa-c1e9-4e27-bb36-b2b378e538d4 45c519b4da3f4c29b86cbe62fe7a58f7 af44237ea6f84098a4a34797374b1710 - - default default] 10.0.0.129 "DELETE /v2.0/ports/e91b4dc1-53bd-46c0-9d4b-e4ed15dda2f2 HTTP/1.1" status: 204 len: 168 time: 0.3372648
2026-06-15 20:15:48.880 9 INFO neutron.db.ovn_revision_numbers_db [None req-a9ba7d8f-f6b5-499b-a752-1e8e11dd5529 15983bcc7f1941169dcf4a535479c923 699d569832d04bc5802fe210b2891e13 - - default default] Successfully bumped revision number for resource edeb08a5-c30b-48c6-ae04-e2500a79177b (type: ports) to 1
2026-06-15 20:15:48.908 9 INFO neutron.api.wsgi [None req-a9ba7d8f-f6b5-499b-a752-1e8e11dd5529 15983bcc7f1941169dcf4a535479c923 699d569832d04bc5802fe210b2891e13 - - default default] 10.0.0.129 "POST /v2.0/ports HTTP/1.1" status: 201 len: 942 time: 0.6290414
2026-06-15 20:15:48.909 10 INFO neutron.api.wsgi [None req-7baa9e0e-0a89-4d0f-8335-1687d575bf9f 7dd57d3e5a0f4e2bb85c50c0d54972d3 3a3fc5df4a384b7d906cdeb89e899baf - - default default] 10.0.0.129 "DELETE /v2.0/subnets/d38c96a3-a5c1-4077-9b9a-3c048e00dc31 HTTP/1.1" status: 204 len: 168 time: 0.2211671 /var/lib/openstack/lib/python3.12/site-packages/pycadf/identifier.py:71: UserWarning: Invalid uuid: neutron. To ensure interoperability, identifiers should be a valid uuid. warnings.warn(('Invalid uuid: %s. To ensure interoperability, '
2026-06-15 20:15:48.959 9 INFO neutron.api.wsgi [None req-2359a805-9f93-43f6-9907-d2bf62c928e3 15983bcc7f1941169dcf4a535479c923 699d569832d04bc5802fe210b2891e13 - - default default] 10.0.0.129 "PUT /v2.0/ports/19b90f53-8cf4-4aa8-81aa-76a5b07bc89f/tags HTTP/1.1" status: 200 len: 210 time: 0.0472291
2026-06-15 20:15:48.981 10 WARNING neutron.scheduler.dhcp_agent_scheduler [None req-bac7d973-07b2-433f-a727-2d6a538281f4 - - - - - -] No more DHCP agents
2026-06-15 20:15:48.984 10 WARNING neutron.api.rpc.agentnotifiers.dhcp_rpc_agent_api [None req-bac7d973-07b2-433f-a727-2d6a538281f4 - - - - - -] Unable to schedule network aa37e743-5934-4874-8a59-68b8e0294014: no agents available; will retry on subsequent port and subnet creation events.
2026-06-15 20:15:49.029 10 INFO neutron.api.wsgi [None req-a9781d51-0622-461a-b1db-7173d51b6459 15983bcc7f1941169dcf4a535479c923 699d569832d04bc5802fe210b2891e13 - - default default] 10.0.0.129 "PUT /v2.0/ports/eb74e713-d448-4b8d-9ce8-2c67824013d1/tags HTTP/1.1" status: 200 len: 218 time: 0.0650065
2026-06-15 20:15:49.053 10 WARNING neutron.plugins.ml2.drivers.ovn.mech_driver.ovsdb.ovn_client [None req-e7d92af9-5236-48eb-890e-29af0aa8ad9d - - - - - -] No hosting information found for port 22c81f8c-1cd3-4a79-af95-5a4ab647f9d9: RuntimeError: No hosting information found for port 22c81f8c-1cd3-4a79-af95-5a4ab647f9d9
2026-06-15 20:15:49.053 10 INFO neutron.plugins.ml2.drivers.ovn.mech_driver.mech_driver [None req-e7d92af9-5236-48eb-890e-29af0aa8ad9d - - - - - -] OVN reports status up for port: 595ac810-00dc-4e12-9d97-a6fbd21b8a16
2026-06-15 20:15:49.091 9 INFO neutron.api.wsgi [None req-692231cc-1ae6-42ec-8d87-9ad15ff60724 15983bcc7f1941169dcf4a535479c923 699d569832d04bc5802fe210b2891e13 - - default default] 10.0.0.129 "PUT /v2.0/ports/f5f327e7-a5f2-42be-b9a5-87d2d36567c8/tags HTTP/1.1" status: 200 len: 227 time: 0.0571074
2026-06-15 20:15:49.147 10 INFO neutron.api.wsgi [None req-4f830a6c-2fbb-4c48-ba4f-821cb262f76b 15983bcc7f1941169dcf4a535479c923 699d569832d04bc5802fe210b2891e13 - - default default] 10.0.0.129 "PUT /v2.0/ports/ffb9b5c5-c3a3-4b81-8324-6d180587ecf4/tags HTTP/1.1" status: 200 len: 212 time: 0.0503640
2026-06-15 20:15:49.184 10 INFO neutron.db.ovn_revision_numbers_db [None req-bac7d973-07b2-433f-a727-2d6a538281f4 - - - - - -] Successfully bumped revision number for resource 722150dd-fc2f-44db-9c96-055883daac34 (type: ports) to 1
2026-06-15 20:15:49.236 9 INFO neutron.services.segments.plugin [-] Segment 599d690d-449e-448a-8fd0-f8ef400aacd7 resource provider aggregate not found
2026-06-15 20:15:49.243 9 INFO neutron.services.segments.plugin [-] Segment 599d690d-449e-448a-8fd0-f8ef400aacd7 resource provider aggregate not found
2026-06-15 20:15:49.257 9 INFO neutron.services.segments.plugin [-] Segment 599d690d-449e-448a-8fd0-f8ef400aacd7 resource provider not found; error: Placement Client Error (4xx): {"errors": [{"status": 404, "title": "Not Found", "detail": "The resource could not be found.\n\n No resource provider with uuid 599d690d-449e-448a-8fd0-f8ef400aacd7 found for delete ", "request_id": "req-61cd6ca2-731b-41cf-9a5a-31c50c432f3a"}]}
2026-06-15 20:15:49.260 9 INFO neutron.services.segments.plugin [-] Segment 599d690d-449e-448a-8fd0-f8ef400aacd7 resource provider not found; error: Placement Client Error (4xx): {"errors": [{"status": 404, "title": "Not Found", "detail": "The resource could not be found.\n\n No resource provider with uuid 599d690d-449e-448a-8fd0-f8ef400aacd7 found for delete ", "request_id": "req-45e939c2-81ec-429a-b37f-984b944fac9d"}]}
2026-06-15 20:15:49.274 9 INFO neutron.api.wsgi [None req-7ae7cfad-2b7c-45fd-865a-db1fd4c68e50 7dd57d3e5a0f4e2bb85c50c0d54972d3 3a3fc5df4a384b7d906cdeb89e899baf - - default default] 10.0.0.129 "DELETE /v2.0/networks/a03657b5-ca29-4086-b916-ab60c9a691ae HTTP/1.1" status: 204 len: 168 time: 0.3604696
2026-06-15 20:15:49.285 9 WARNING neutron_lib.context [None req-dbe3a5f8-c523-4231-bf72-d7734fcb1782 7dd57d3e5a0f4e2bb85c50c0d54972d3 3a3fc5df4a384b7d906cdeb89e899baf - - default default] Method 'is_advsvc' is deprecated since 2023.2 release (neutron-lib 3.8.0) and will be removed once support for the old RBAC API policies will be removed from Neutron. Please use method 'is_service_role' instead.
2026-06-15 20:15:49.303 10 INFO neutron.services.segments.plugin [-] Segment b6f0c0bc-2616-4233-b462-dc3137476b2f resource provider aggregate not found
2026-06-15 20:15:49.309 10 INFO neutron.services.segments.plugin [-] Segment b6f0c0bc-2616-4233-b462-dc3137476b2f resource provider aggregate not found
2026-06-15 20:15:49.322 10 INFO neutron.services.segments.plugin [-] Segment b6f0c0bc-2616-4233-b462-dc3137476b2f resource provider not found; error: Placement Client Error (4xx): {"errors": [{"status": 404, "title": "Not Found", "detail": "The resource could not be found.\n\n No resource provider with uuid b6f0c0bc-2616-4233-b462-dc3137476b2f found for delete ", "request_id": "req-807b678f-8b86-4b0e-9c6f-fc8fab32b7ce"}]}
2026-06-15 20:15:49.323 10 INFO neutron.services.segments.plugin [-] Segment b6f0c0bc-2616-4233-b462-dc3137476b2f resource provider not found; error: Placement Client Error (4xx): {"errors": [{"status": 404, "title": "Not Found", "detail": "The resource could not be found.\n\n No resource provider with uuid b6f0c0bc-2616-4233-b462-dc3137476b2f found for delete ", "request_id": "req-ac4818c5-db35-4b6e-8eba-b8b02f2bcfa9"}]}
2026-06-15 20:15:49.349 10 INFO neutron.api.wsgi [None req-0e1c7420-3175-4f55-b80b-4db0f74bed7a 15983bcc7f1941169dcf4a535479c923 699d569832d04bc5802fe210b2891e13 - - default default] 10.0.0.129 "GET /v2.0/ports?tags=red HTTP/1.1" status: 200 len: 2448 time: 0.1965826
2026-06-15 20:15:49.358 10 INFO neutron.api.wsgi [None req-759118fb-ff7d-4356-99dc-8acc7d923b63 45c519b4da3f4c29b86cbe62fe7a58f7 af44237ea6f84098a4a34797374b1710 - - default default] 10.0.0.129 "DELETE /v2.0/networks/7ebe2ea3-56e6-468b-afb8-852f4f1a7d23 HTTP/1.1" status: 204 len: 168 time: 0.5033603
2026-06-15 20:15:49.395 9 INFO neutron.db.segments_db [None req-dbe3a5f8-c523-4231-bf72-d7734fcb1782 7dd57d3e5a0f4e2bb85c50c0d54972d3 3a3fc5df4a384b7d906cdeb89e899baf - - default default] Added segment 3e2bc21f-d421-4a9e-bb1f-06f0db9bd21d of type geneve for network 86fdaf7b-5d4c-4582-9349-8e74939844ac
2026-06-15 20:15:49.464 9 INFO neutron.api.wsgi [None req-9c152a85-77a5-4672-b376-beb11c1d8d3b 15983bcc7f1941169dcf4a535479c923 699d569832d04bc5802fe210b2891e13 - - default default] 10.0.0.129 "GET /v2.0/ports?tags=red%2Cblue HTTP/1.1" status: 200 len: 1708 time: 0.1109526
2026-06-15 20:15:49.535 9 INFO neutron.api.wsgi [None req-666fc5c1-b217-416c-bd09-96906dc4072b 15983bcc7f1941169dcf4a535479c923 699d569832d04bc5802fe210b2891e13 - - default default] 10.0.0.129 "GET /v2.0/ports?tags-any=blue HTTP/1.1" status: 200 len: 1708 time: 0.0661612
2026-06-15 20:15:49.563 9 INFO neutron.db.ovn_revision_numbers_db [None req-dbe3a5f8-c523-4231-bf72-d7734fcb1782 7dd57d3e5a0f4e2bb85c50c0d54972d3 3a3fc5df4a384b7d906cdeb89e899baf - - default default] Successfully bumped revision number for resource 86fdaf7b-5d4c-4582-9349-8e74939844ac (type: networks) to 1
2026-06-15 20:15:49.604 9 INFO neutron.api.wsgi [None req-0c211810-1c4a-4fb4-8951-94ee9ddc5a06 15983bcc7f1941169dcf4a535479c923 699d569832d04bc5802fe210b2891e13 - - default default] 10.0.0.129 "GET /v2.0/ports?tags-any=red%2Cblue HTTP/1.1" status: 200 len: 2448 time: 0.0629556
2026-06-15 20:15:49.715 10 INFO neutron.api.wsgi [None req-c5529a17-2c38-4a8a-8a0e-15e856fbf700 45c519b4da3f4c29b86cbe62fe7a58f7 af44237ea6f84098a4a34797374b1710 - - default default] 10.0.0.129 "DELETE /v2.0/networks/18fe450f-f34e-43ee-a500-983dd7e14310 HTTP/1.1" status: 204 len: 168 time: 0.3526549
2026-06-15 20:15:49.759 9 INFO neutron.api.wsgi [None req-3ad289f1-53ef-4084-9963-a7149bcc2eb5 15983bcc7f1941169dcf4a535479c923 699d569832d04bc5802fe210b2891e13 - - default default] 10.0.0.129 "GET /v2.0/ports?not-tags=red HTTP/1.1" status: 200 len: 5463 time: 0.1490858
2026-06-15 20:15:49.797 9 WARNING neutron.scheduler.dhcp_agent_scheduler [None req-dbe3a5f8-c523-4231-bf72-d7734fcb1782 7dd57d3e5a0f4e2bb85c50c0d54972d3 3a3fc5df4a384b7d906cdeb89e899baf - - default default] No more DHCP agents
2026-06-15 20:15:49.798 9 WARNING neutron.api.rpc.agentnotifiers.dhcp_rpc_agent_api [None req-dbe3a5f8-c523-4231-bf72-d7734fcb1782 7dd57d3e5a0f4e2bb85c50c0d54972d3 3a3fc5df4a384b7d906cdeb89e899baf - - default default] Unable to schedule network 86fdaf7b-5d4c-4582-9349-8e74939844ac: no agents available; will retry on subsequent port and subnet creation events.
2026-06-15 20:15:49.823 10 INFO neutron.plugins.ml2.drivers.ovn.mech_driver.mech_driver [None req-e7d92af9-5236-48eb-890e-29af0aa8ad9d - - - - - -] OVN reports status up for port: 722150dd-fc2f-44db-9c96-055883daac34
2026-06-15 20:15:49.836 10 INFO neutron.plugins.ml2.plugin [None req-e7d92af9-5236-48eb-890e-29af0aa8ad9d - - - - - -] Attempt 1 to provision port 722150dd-fc2f-44db-9c96-055883daac34
2026-06-15 20:15:49.855 9 INFO neutron.db.ovn_revision_numbers_db [None req-dbe3a5f8-c523-4231-bf72-d7734fcb1782 7dd57d3e5a0f4e2bb85c50c0d54972d3 3a3fc5df4a384b7d906cdeb89e899baf - - default default] Successfully bumped revision number for resource 96dac4c6-cbab-4e9a-ae39-99ed2dce6589 (type: ports) to 1
2026-06-15 20:15:49.859 10 INFO neutron.db.ovn_revision_numbers_db [None req-bac7d973-07b2-433f-a727-2d6a538281f4 - - - - - -] Successfully bumped revision number for resource 722150dd-fc2f-44db-9c96-055883daac34 (type: ports) to 1
2026-06-15 20:15:49.876 9 INFO neutron.api.wsgi [None req-dbe3a5f8-c523-4231-bf72-d7734fcb1782 7dd57d3e5a0f4e2bb85c50c0d54972d3 3a3fc5df4a384b7d906cdeb89e899baf - - default default] 10.0.0.129 "POST /v2.0/networks HTTP/1.1" status: 201 len: 833 time: 0.5955524
2026-06-15 20:15:49.885 9 WARNING neutron_lib.context [None req-f1ae27cb-9cd1-499f-bbe0-707033fa9ef6 7dd57d3e5a0f4e2bb85c50c0d54972d3 3a3fc5df4a384b7d906cdeb89e899baf - - default default] Method 'is_advsvc' is deprecated since 2023.2 release (neutron-lib 3.8.0) and will be removed once support for the old RBAC API policies will be removed from Neutron. Please use method 'is_service_role' instead.
2026-06-15 20:15:49.903 10 INFO neutron.api.wsgi [None req-db53b45a-ffe6-4e7a-ad7a-9184074ffa35 15983bcc7f1941169dcf4a535479c923 699d569832d04bc5802fe210b2891e13 - - default default] 10.0.0.129 "GET /v2.0/ports?not-tags=red%2Cblue HTTP/1.1" status: 200 len: 6203 time: 0.1392751
2026-06-15 20:15:49.984 10 INFO neutron.api.wsgi [None req-e908290e-7b3d-47a1-a86e-438ea41634c0 15983bcc7f1941169dcf4a535479c923 699d569832d04bc5802fe210b2891e13 - - default default] 10.0.0.129 "GET /v2.0/ports?not-tags-any=blue HTTP/1.1" status: 200 len: 6203 time: 0.0734477
2026-06-15 20:15:49.999 10 WARNING neutron.scheduler.dhcp_agent_scheduler [None req-bac7d973-07b2-433f-a727-2d6a538281f4 - - - - - -] No more DHCP agents
2026-06-15 20:15:50.004 10 WARNING neutron.api.rpc.agentnotifiers.dhcp_rpc_agent_api [None req-bac7d973-07b2-433f-a727-2d6a538281f4 - - - - - -] Unable to schedule network aa37e743-5934-4874-8a59-68b8e0294014: no agents available; will retry on subsequent port and subnet creation events.
2026-06-15 20:15:50.050 10 INFO neutron.api.wsgi [None req-789652c0-902d-4e35-abd5-cc0616d1a9b9 15983bcc7f1941169dcf4a535479c923 699d569832d04bc5802fe210b2891e13 - - default default] 10.0.0.129 "GET /v2.0/ports?not-tags-any=red%2Cblue HTTP/1.1" status: 200 len: 5463 time: 0.0622892
2026-06-15 20:15:50.124 9 INFO neutron.api.wsgi [None req-5e19c4ac-543a-49f6-8c9e-98de810bcf70 45c519b4da3f4c29b86cbe62fe7a58f7 af44237ea6f84098a4a34797374b1710 - - default default] 10.0.0.129 "DELETE /v2.0/networks/950adc5e-e0eb-4d55-a16e-d0cebcd26ab4 HTTP/1.1" status: 204 len: 168 time: 0.4045951
2026-06-15 20:15:50.131 9 WARNING neutron.scheduler.dhcp_agent_scheduler [None req-f1ae27cb-9cd1-499f-bbe0-707033fa9ef6 7dd57d3e5a0f4e2bb85c50c0d54972d3 3a3fc5df4a384b7d906cdeb89e899baf - - default default] No more DHCP agents
2026-06-15 20:15:50.136 9 WARNING neutron.api.rpc.agentnotifiers.dhcp_rpc_agent_api [None req-f1ae27cb-9cd1-499f-bbe0-707033fa9ef6 7dd57d3e5a0f4e2bb85c50c0d54972d3 3a3fc5df4a384b7d906cdeb89e899baf - - default default] Unable to schedule network 86fdaf7b-5d4c-4582-9349-8e74939844ac: no agents available; will retry on subsequent port and subnet creation events.
2026-06-15 20:15:50.176 9 INFO neutron.db.ovn_revision_numbers_db [None req-f1ae27cb-9cd1-499f-bbe0-707033fa9ef6 7dd57d3e5a0f4e2bb85c50c0d54972d3 3a3fc5df4a384b7d906cdeb89e899baf - - default default] Successfully bumped revision number for resource cda43972-4ecd-46fa-8840-6d0ef0d4944d (type: subnets) to 0
2026-06-15 20:15:50.192 9 INFO neutron.api.wsgi [None req-f1ae27cb-9cd1-499f-bbe0-707033fa9ef6 7dd57d3e5a0f4e2bb85c50c0d54972d3 3a3fc5df4a384b7d906cdeb89e899baf - - default default] 10.0.0.129 "POST /v2.0/subnets HTTP/1.1" status: 201 len: 845 time: 0.3107581
2026-06-15 20:15:50.215 10 WARNING neutron_lib.context [None req-e4ff3455-ca19-41ce-908b-fa57463ba3c7 7dd57d3e5a0f4e2bb85c50c0d54972d3 3a3fc5df4a384b7d906cdeb89e899baf - - default default] Method 'is_advsvc' is deprecated since 2023.2 release (neutron-lib 3.8.0) and will be removed once support for the old RBAC API policies will be removed from Neutron. Please use method 'is_service_role' instead.
2026-06-15 20:15:50.328 9 INFO neutron.api.wsgi [None req-7522b88c-f502-44bc-b181-c66f774a7d8b 15983bcc7f1941169dcf4a535479c923 699d569832d04bc5802fe210b2891e13 - - default default] 10.0.0.129 "DELETE /v2.0/ports/19b90f53-8cf4-4aa8-81aa-76a5b07bc89f HTTP/1.1" status: 204 len: 168 time: 0.2687600
2026-06-15 20:15:50.353 10 INFO neutron.db.ovn_revision_numbers_db [None req-e7d92af9-5236-48eb-890e-29af0aa8ad9d - - - - - -] Successfully bumped revision number for resource 722150dd-fc2f-44db-9c96-055883daac34 (type: ports) to 2
2026-06-15 20:15:50.366 10 INFO neutron.db.ovn_revision_numbers_db [None req-e4ff3455-ca19-41ce-908b-fa57463ba3c7 7dd57d3e5a0f4e2bb85c50c0d54972d3 3a3fc5df4a384b7d906cdeb89e899baf - - default default] Successfully bumped revision number for resource b6c6c635-d075-4566-9a46-70c525c81cc6 (type: routers) to 1
2026-06-15 20:15:50.384 10 INFO neutron.api.wsgi [None req-e4ff3455-ca19-41ce-908b-fa57463ba3c7 7dd57d3e5a0f4e2bb85c50c0d54972d3 3a3fc5df4a384b7d906cdeb89e899baf - - default default] 10.0.0.129 "POST /v2.0/routers HTTP/1.1" status: 201 len: 805 time: 0.1777711
2026-06-15 20:15:50.518 9 INFO neutron.api.wsgi [None req-0ace7c0a-7ace-49ae-ad21-7735690eff78 45c519b4da3f4c29b86cbe62fe7a58f7 af44237ea6f84098a4a34797374b1710 - - default default] 10.0.0.129 "DELETE /v2.0/networks/1c7e021f-9a74-4c3e-b561-2c67bb3206cc HTTP/1.1" status: 204 len: 168 time: 0.3879402
2026-06-15 20:15:50.566 9 INFO neutron.api.wsgi [None req-e0ae6f04-acc2-447f-b974-f3fa589bc1ee 15983bcc7f1941169dcf4a535479c923 699d569832d04bc5802fe210b2891e13 - - default default] 10.0.0.129 "DELETE /v2.0/ports/eb74e713-d448-4b8d-9ce8-2c67824013d1 HTTP/1.1" status: 204 len: 168 time: 0.2265308
2026-06-15 20:15:50.637 10 INFO neutron.db.ovn_revision_numbers_db [None req-bac7d973-07b2-433f-a727-2d6a538281f4 - - - - - -] Successfully bumped revision number for resource 722150dd-fc2f-44db-9c96-055883daac34 (type: router_ports) to 1
2026-06-15 20:15:50.815 9 INFO neutron.api.wsgi [None req-974ff8af-12d8-49ad-877d-10eef02c7894 15983bcc7f1941169dcf4a535479c923 699d569832d04bc5802fe210b2891e13 - - default default] 10.0.0.129 "DELETE /v2.0/ports/f5f327e7-a5f2-42be-b9a5-87d2d36567c8 HTTP/1.1" status: 204 len: 168 time: 0.2444494
2026-06-15 20:15:50.876 10 WARNING neutron.scheduler.dhcp_agent_scheduler [None req-46ce8cf4-5c3f-433b-993d-003c431c4a7e 7dd57d3e5a0f4e2bb85c50c0d54972d3 3a3fc5df4a384b7d906cdeb89e899baf - - default default] No more DHCP agents
2026-06-15 20:15:50.882 10 WARNING neutron.api.rpc.agentnotifiers.dhcp_rpc_agent_api [None req-46ce8cf4-5c3f-433b-993d-003c431c4a7e 7dd57d3e5a0f4e2bb85c50c0d54972d3 3a3fc5df4a384b7d906cdeb89e899baf - - default default] Unable to schedule network 86fdaf7b-5d4c-4582-9349-8e74939844ac: no agents available; will retry on subsequent port and subnet creation events.
2026-06-15 20:15:50.899 9 INFO neutron.api.wsgi [None req-223229a5-74f7-4cec-8ae3-71f11e20be42 45c519b4da3f4c29b86cbe62fe7a58f7 af44237ea6f84098a4a34797374b1710 - - default default] 10.0.0.129 "DELETE /v2.0/networks/5cae15dd-b939-4e15-b63c-774f94408d30 HTTP/1.1" status: 204 len: 168 time: 0.3747416
2026-06-15 20:15:50.941 10 WARNING neutron.scheduler.dhcp_agent_scheduler [None req-bac7d973-07b2-433f-a727-2d6a538281f4 - - - - - -] No more DHCP agents
2026-06-15 20:15:50.944 10 WARNING neutron.api.rpc.agentnotifiers.dhcp_rpc_agent_api [None req-bac7d973-07b2-433f-a727-2d6a538281f4 - - - - - -] Unable to schedule network aa37e743-5934-4874-8a59-68b8e0294014: no agents available; will retry on subsequent port and subnet creation events.
2026-06-15 20:15:51.020 10 INFO neutron.db.ovn_revision_numbers_db [None req-46ce8cf4-5c3f-433b-993d-003c431c4a7e 7dd57d3e5a0f4e2bb85c50c0d54972d3 3a3fc5df4a384b7d906cdeb89e899baf - - default default] Successfully bumped revision number for resource 4cb60257-2ef0-4073-9fe6-441109b113e2 (type: ports) to 1
2026-06-15 20:15:51.149 10 INFO neutron.api.wsgi [None req-54e1b6b0-ea93-48d1-9ba4-ec86c855dccf 15983bcc7f1941169dcf4a535479c923 699d569832d04bc5802fe210b2891e13 - - default default] 10.0.0.129 "DELETE /v2.0/ports/ffb9b5c5-c3a3-4b81-8324-6d180587ecf4 HTTP/1.1" status: 204 len: 168 time: 0.3296697
2026-06-15 20:15:51.150 10 INFO neutron.db.ovn_revision_numbers_db [None req-bac7d973-07b2-433f-a727-2d6a538281f4 - - - - - -] Successfully bumped revision number for resource fe291ab9-d159-45b5-9326-1d5c184d2d0c (type: ports) to 1
2026-06-15 20:15:51.277 9 INFO neutron.services.segments.plugin [-] Segment c0e3d2ba-3055-4bb2-bb77-46fbe8ec5361 resource provider aggregate not found
2026-06-15 20:15:51.280 9 INFO neutron.services.segments.plugin [-] Segment c0e3d2ba-3055-4bb2-bb77-46fbe8ec5361 resource provider aggregate not found
2026-06-15 20:15:51.292 9 INFO neutron.services.segments.plugin [-] Segment c0e3d2ba-3055-4bb2-bb77-46fbe8ec5361 resource provider not found; error: Placement Client Error (4xx): {"errors": [{"status": 404, "title": "Not Found", "detail": "The resource could not be found.\n\n No resource provider with uuid c0e3d2ba-3055-4bb2-bb77-46fbe8ec5361 found for delete ", "request_id": "req-6e413c24-7a2d-4706-b816-4d9ccf135f92"}]}
2026-06-15 20:15:51.297 9 INFO neutron.services.segments.plugin [-] Segment c0e3d2ba-3055-4bb2-bb77-46fbe8ec5361 resource provider not found; error: Placement Client Error (4xx): {"errors": [{"status": 404, "title": "Not Found", "detail": "The resource could not be found.\n\n No resource provider with uuid c0e3d2ba-3055-4bb2-bb77-46fbe8ec5361 found for delete ", "request_id": "req-5eeb75b5-1007-4ad3-8c85-14fae01f0b4b"}]}
2026-06-15 20:15:51.303 9 INFO neutron.services.segments.plugin [-] Segment 7c5ec417-54f6-4ae5-8380-95c42d93a334 resource provider aggregate not found
2026-06-15 20:15:51.308 9 INFO neutron.services.segments.plugin [-] Segment 7c5ec417-54f6-4ae5-8380-95c42d93a334 resource provider aggregate not found
2026-06-15 20:15:51.325 9 INFO neutron.services.segments.plugin [-] Segment 7c5ec417-54f6-4ae5-8380-95c42d93a334 resource provider not found; error: Placement Client Error (4xx): {"errors": [{"status": 404, "title": "Not Found", "detail": "The resource could not be found.\n\n No resource provider with uuid 7c5ec417-54f6-4ae5-8380-95c42d93a334 found for delete ", "request_id": "req-28536062-66f8-4885-9a8e-c942d148cf4e"}]}
2026-06-15 20:15:51.329 9 INFO neutron.services.segments.plugin [-] Segment 7c5ec417-54f6-4ae5-8380-95c42d93a334 resource provider not found; error: Placement Client Error (4xx): {"errors": [{"status": 404, "title": "Not Found", "detail": "The resource could not be found.\n\n No resource provider with uuid 7c5ec417-54f6-4ae5-8380-95c42d93a334 found for delete ", "request_id": "req-33fda05f-5c8a-4f72-985a-74882152062e"}]}
2026-06-15 20:15:51.341 10 INFO neutron.services.segments.plugin [-] Segment 55cda303-6299-4747-810b-1c0e7430c81d resource provider aggregate not found
2026-06-15 20:15:51.344 10 INFO neutron.services.segments.plugin [-] Segment 55cda303-6299-4747-810b-1c0e7430c81d resource provider aggregate not found
2026-06-15 20:15:51.348 9 INFO neutron.services.segments.plugin [-] Segment cdf5ff36-a7c0-44ec-990a-a5987b34b6db resource provider aggregate not found
2026-06-15 20:15:51.355 10 INFO neutron.services.segments.plugin [-] Segment 55cda303-6299-4747-810b-1c0e7430c81d resource provider not found; error: Placement Client Error (4xx): {"errors": [{"status": 404, "title": "Not Found", "detail": "The resource could not be found.\n\n No resource provider with uuid 55cda303-6299-4747-810b-1c0e7430c81d found for delete ", "request_id": "req-55023181-509d-44c1-b3f7-c6e9f4684960"}]}
2026-06-15 20:15:51.356 9 INFO neutron.services.segments.plugin [-] Segment cdf5ff36-a7c0-44ec-990a-a5987b34b6db resource provider aggregate not found
2026-06-15 20:15:51.361 10 INFO neutron.services.segments.plugin [-] Segment 55cda303-6299-4747-810b-1c0e7430c81d resource provider not found; error: Placement Client Error (4xx): {"errors": [{"status": 404, "title": "Not Found", "detail": "The resource could not be found.\n\n No resource provider with uuid 55cda303-6299-4747-810b-1c0e7430c81d found for delete ", "request_id": "req-12ddc649-ad3e-4f49-8b3b-49f2a2bfcc3e"}]}
2026-06-15 20:15:51.366 9 INFO neutron.services.segments.plugin [-] Segment cdf5ff36-a7c0-44ec-990a-a5987b34b6db resource provider not found; error: Placement Client Error (4xx): {"errors": [{"status": 404, "title": "Not Found", "detail": "The resource could not be found.\n\n No resource provider with uuid cdf5ff36-a7c0-44ec-990a-a5987b34b6db found for delete ", "request_id": "req-ac1a949b-ece4-4273-afa9-8837cff79e35"}]}
2026-06-15 20:15:51.367 9 INFO neutron.services.segments.plugin [-] Segment cdf5ff36-a7c0-44ec-990a-a5987b34b6db resource provider not found; error: Placement Client Error (4xx): {"errors": [{"status": 404, "title": "Not Found", "detail": "The resource could not be found.\n\n No resource provider with uuid cdf5ff36-a7c0-44ec-990a-a5987b34b6db found for delete ", "request_id": "req-d0e3e8f8-3cab-4b97-bff9-7bf375bbc96d"}]}
