2026-06-15 20:14:51.931 10 INFO neutron.db.ovn_revision_numbers_db [req-f0683a23-9f6e-4f6e-bcaf-3b278ccf64f0 req-c7aa11aa-38c2-4853-b2ce-20f036cc19cc 93fd75e7c16c433dac6ed82ee324d3ad 04d056b16d244824b637045d713059ed - - 0c5e71a710ee4d4d9b14d4562644cb4e 0c5e71a710ee4d4d9b14d4562644cb4e] Successfully bumped revision number for resource 785587d8-c7b2-41e7-9910-af0ded74b3ff (type: ports) to 2
2026-06-15 20:14:51.945 9 INFO neutron.api.wsgi [None req-718e9567-2ae0-49d8-ac83-7047cf74359d 4659ffc5aee34062abe0e4529304594c bf28a4c812514206b211b47437761f41 - - default default] 10.0.0.129 "POST /v2.0/networks HTTP/1.1" status: 201 len: 831 time: 0.4489415
2026-06-15 20:14:51.954 9 WARNING neutron_lib.context [None req-afdc0c23-2001-4aa2-8943-0f57576552fe 4659ffc5aee34062abe0e4529304594c bf28a4c812514206b211b47437761f41 - - default default] Method 'is_advsvc' is deprecated since 2023.2 release (neutron-lib 3.8.0) and will be removed once support for the old RBAC API policies will be removed from Neutron. Please use method 'is_service_role' instead. /var/lib/openstack/lib/python3.12/site-packages/pycadf/identifier.py:71: UserWarning: Invalid uuid: neutron. To ensure interoperability, identifiers should be a valid uuid. warnings.warn(('Invalid uuid: %s. To ensure interoperability, '
2026-06-15 20:14:52.030 9 INFO neutron.db.segments_db [None req-afdc0c23-2001-4aa2-8943-0f57576552fe 4659ffc5aee34062abe0e4529304594c bf28a4c812514206b211b47437761f41 - - default default] Added segment a399c4ce-5eb7-442c-83c1-e46799e67550 of type geneve for network 0f77aa7f-5053-43db-a64d-1333f0e33ad1
2026-06-15 20:14:52.053 10 INFO neutron.api.wsgi [req-16c1b439-da9a-4fc9-b724-55dc68dadfa8 req-50aea54a-5551-43b2-8c3b-5870587e3742 942487f5261f4ba996abd2b43250beff 3e6a69f0a750474e96c60d0268000ab9 - - default default] 10.0.0.66 "GET /v2.0/ports?device_id=b79254db-af0e-4eda-a4e2-91c4f7c84b43 HTTP/1.1" status: 200 len: 1172 time: 0.0798104
2026-06-15 20:14:52.097 10 INFO neutron.api.wsgi [req-16c1b439-da9a-4fc9-b724-55dc68dadfa8 req-e21544fe-4f70-4918-b927-5e05773f6898 942487f5261f4ba996abd2b43250beff 3e6a69f0a750474e96c60d0268000ab9 - - default default] 10.0.0.66 "GET /v2.0/security-groups?id=7113f9f9-afe7-4411-82b0-aff5688f292f&fields=id&fields=name HTTP/1.1" status: 200 len: 313 time: 0.0354764
2026-06-15 20:14:52.144 9 INFO neutron.db.ovn_revision_numbers_db [None req-afdc0c23-2001-4aa2-8943-0f57576552fe 4659ffc5aee34062abe0e4529304594c bf28a4c812514206b211b47437761f41 - - default default] Successfully bumped revision number for resource 0f77aa7f-5053-43db-a64d-1333f0e33ad1 (type: networks) to 1
2026-06-15 20:14:52.161 10 INFO neutron.db.ovn_revision_numbers_db [req-f0683a23-9f6e-4f6e-bcaf-3b278ccf64f0 req-c7aa11aa-38c2-4853-b2ce-20f036cc19cc 93fd75e7c16c433dac6ed82ee324d3ad 04d056b16d244824b637045d713059ed - - 0c5e71a710ee4d4d9b14d4562644cb4e 0c5e71a710ee4d4d9b14d4562644cb4e] Successfully bumped revision number for resource 785587d8-c7b2-41e7-9910-af0ded74b3ff (type: ports) to 4
2026-06-15 20:14:52.178 10 INFO neutron.api.wsgi [req-f0683a23-9f6e-4f6e-bcaf-3b278ccf64f0 req-c7aa11aa-38c2-4853-b2ce-20f036cc19cc 93fd75e7c16c433dac6ed82ee324d3ad 04d056b16d244824b637045d713059ed - - 0c5e71a710ee4d4d9b14d4562644cb4e 0c5e71a710ee4d4d9b14d4562644cb4e] 199.19.213.159 "PUT /v2.0/ports/785587d8-c7b2-41e7-9910-af0ded74b3ff HTTP/1.1" status: 200 len: 1408 time: 0.6416950
2026-06-15 20:14:52.307 9 WARNING neutron.scheduler.dhcp_agent_scheduler [None req-afdc0c23-2001-4aa2-8943-0f57576552fe 4659ffc5aee34062abe0e4529304594c bf28a4c812514206b211b47437761f41 - - default default] No more DHCP agents
2026-06-15 20:14:52.308 9 WARNING neutron.api.rpc.agentnotifiers.dhcp_rpc_agent_api [None req-afdc0c23-2001-4aa2-8943-0f57576552fe 4659ffc5aee34062abe0e4529304594c bf28a4c812514206b211b47437761f41 - - default default] Unable to schedule network 0f77aa7f-5053-43db-a64d-1333f0e33ad1: no agents available; will retry on subsequent port and subnet creation events. /var/lib/openstack/lib/python3.12/site-packages/pycadf/identifier.py:71: UserWarning: Invalid uuid: neutron. To ensure interoperability, identifiers should be a valid uuid. warnings.warn(('Invalid uuid: %s. To ensure interoperability, '
2026-06-15 20:14:52.369 9 INFO neutron.db.ovn_revision_numbers_db [None req-afdc0c23-2001-4aa2-8943-0f57576552fe 4659ffc5aee34062abe0e4529304594c bf28a4c812514206b211b47437761f41 - - default default] Successfully bumped revision number for resource 8897be3f-dec9-4d41-82a2-1178ac07fbf5 (type: ports) to 1
2026-06-15 20:14:52.386 9 INFO neutron.api.wsgi [None req-afdc0c23-2001-4aa2-8943-0f57576552fe 4659ffc5aee34062abe0e4529304594c bf28a4c812514206b211b47437761f41 - - default default] 10.0.0.129 "POST /v2.0/networks HTTP/1.1" status: 201 len: 831 time: 0.4364836
2026-06-15 20:14:52.393 10 INFO neutron.api.wsgi [req-db209a19-2e94-4533-bf3a-04d11d8736fa req-e4f85234-05e6-4684-8092-772b49d5c966 8b2be51bdd224a23a5b16a504ca85391 a5fc87afeb804beba88d0b3172c93f54 - - default default] 10.0.0.66 "GET /v2.0/ports?device_id=f56b55de-839e-42a4-b734-0b0c29cb668d HTTP/1.1" status: 200 len: 1210 time: 0.0424073
2026-06-15 20:14:52.395 9 WARNING neutron_lib.context [None req-c71c1fb7-8680-47f0-b12d-790c983da017 4659ffc5aee34062abe0e4529304594c bf28a4c812514206b211b47437761f41 - - default default] Method 'is_advsvc' is deprecated since 2023.2 release (neutron-lib 3.8.0) and will be removed once support for the old RBAC API policies will be removed from Neutron. Please use method 'is_service_role' instead.
2026-06-15 20:14:52.434 10 INFO neutron.api.wsgi [req-db209a19-2e94-4533-bf3a-04d11d8736fa req-9b167cc6-d8f5-40f1-a0aa-8cb417287392 8b2be51bdd224a23a5b16a504ca85391 a5fc87afeb804beba88d0b3172c93f54 - - default default] 10.0.0.66 "GET /v2.0/security-groups?id=2d9ceb67-0d4f-40fd-92f1-4c465c588c52&id=efc6b02b-8746-4010-be4c-9119e528233a&fields=id&fields=name HTTP/1.1" status: 200 len: 405 time: 0.0366023
2026-06-15 20:14:52.473 10 INFO neutron.api.wsgi [None req-47177c26-9364-4d29-834a-633351e2c19b e91404b9bcd94fe8ad0f55e1a0fa6252 ddafaad0de2940afa184b7e673ae67b8 - - default default] 10.0.0.129 "DELETE /v2.0/security-groups/0511fb9e-03d2-44d6-8875-bac935179e6f HTTP/1.1" status: 204 len: 168 time: 0.1415753
2026-06-15 20:14:52.480 9 INFO neutron.db.segments_db [None req-c71c1fb7-8680-47f0-b12d-790c983da017 4659ffc5aee34062abe0e4529304594c bf28a4c812514206b211b47437761f41 - - default default] Added segment 01f83235-13d7-4160-91b0-c5e27b3a52ce of type geneve for network 78741c2a-55de-48f6-90d4-fc9438519d11
2026-06-15 20:14:52.484 10 INFO neutron.api.v2.resource [None req-7a30d38a-ac22-4c63-a196-a47e44f85113 e91404b9bcd94fe8ad0f55e1a0fa6252 ddafaad0de2940afa184b7e673ae67b8 - - default default] show failed (client error): The resource could not be found.
2026-06-15 20:14:52.485 10 INFO neutron.api.wsgi [None req-7a30d38a-ac22-4c63-a196-a47e44f85113 e91404b9bcd94fe8ad0f55e1a0fa6252 ddafaad0de2940afa184b7e673ae67b8 - - default default] 10.0.0.129 "GET /v2.0/security-groups/0511fb9e-03d2-44d6-8875-bac935179e6f HTTP/1.1" status: 404 len: 347 time: 0.0078707
2026-06-15 20:14:52.540 10 INFO neutron.api.wsgi [req-9589faae-78cc-43fe-8e2f-beb5024aa38a req-bfcb92ff-8a4c-4e71-8c04-4b9c1a2e2fa3 8b2be51bdd224a23a5b16a504ca85391 a5fc87afeb804beba88d0b3172c93f54 - - default default] 10.0.0.66 "GET /v2.0/ports?device_id=f56b55de-839e-42a4-b734-0b0c29cb668d HTTP/1.1" status: 200 len: 1210 time: 0.0459516
2026-06-15 20:14:52.582 9 INFO neutron.db.ovn_revision_numbers_db [None req-c71c1fb7-8680-47f0-b12d-790c983da017 4659ffc5aee34062abe0e4529304594c bf28a4c812514206b211b47437761f41 - - default default] Successfully bumped revision number for resource 78741c2a-55de-48f6-90d4-fc9438519d11 (type: networks) to 1
2026-06-15 20:14:52.744 9 WARNING neutron.scheduler.dhcp_agent_scheduler [None req-c71c1fb7-8680-47f0-b12d-790c983da017 4659ffc5aee34062abe0e4529304594c bf28a4c812514206b211b47437761f41 - - default default] No more DHCP agents
2026-06-15 20:14:52.745 9 WARNING neutron.api.rpc.agentnotifiers.dhcp_rpc_agent_api [None req-c71c1fb7-8680-47f0-b12d-790c983da017 4659ffc5aee34062abe0e4529304594c bf28a4c812514206b211b47437761f41 - - default default] Unable to schedule network 78741c2a-55de-48f6-90d4-fc9438519d11: no agents available; will retry on subsequent port and subnet creation events.
2026-06-15 20:14:52.807 9 INFO neutron.db.ovn_revision_numbers_db [None req-c71c1fb7-8680-47f0-b12d-790c983da017 4659ffc5aee34062abe0e4529304594c bf28a4c812514206b211b47437761f41 - - default default] Successfully bumped revision number for resource c64b2a92-596f-4f95-b2e3-4e726564268d (type: ports) to 1
2026-06-15 20:14:52.825 9 INFO neutron.api.wsgi [None req-c71c1fb7-8680-47f0-b12d-790c983da017 4659ffc5aee34062abe0e4529304594c bf28a4c812514206b211b47437761f41 - - default default] 10.0.0.129 "POST /v2.0/networks HTTP/1.1" status: 201 len: 831 time: 0.4334292
2026-06-15 20:14:52.834 9 WARNING neutron_lib.context [None req-6b637d22-d604-4901-9586-596fe3f72abb 4659ffc5aee34062abe0e4529304594c bf28a4c812514206b211b47437761f41 - - default default] Method 'is_advsvc' is deprecated since 2023.2 release (neutron-lib 3.8.0) and will be removed once support for the old RBAC API policies will be removed from Neutron. Please use method 'is_service_role' instead.
2026-06-15 20:14:52.835 10 INFO neutron.notifiers.nova [-] Nova event matching ['req-46a96e7f-4485-4937-a0d3-458bc65c404c'] response: {'server_uuid': 'f56b55de-839e-42a4-b734-0b0c29cb668d', 'name': 'network-vif-plugged', 'status': 'completed', 'tag': '91bb1886-2a42-4375-817d-308053ef98cf', 'code': 200}
2026-06-15 20:14:52.835 10 INFO neutron.notifiers.nova [-] Nova event matching ['req-46a96e7f-4485-4937-a0d3-458bc65c404c'] response: {'name': 'network-changed', 'server_uuid': 'b79254db-af0e-4eda-a4e2-91c4f7c84b43', 'tag': '785587d8-c7b2-41e7-9910-af0ded74b3ff', 'status': 'completed', 'code': 200}
2026-06-15 20:14:52.902 9 INFO neutron.db.segments_db [None req-6b637d22-d604-4901-9586-596fe3f72abb 4659ffc5aee34062abe0e4529304594c bf28a4c812514206b211b47437761f41 - - default default] Added segment b9d03a4e-dd63-4465-ad9e-dd909d87f6f1 of type geneve for network e60890d3-2ec8-4846-ada3-671f5e566fbb
2026-06-15 20:14:52.918 10 INFO neutron.api.wsgi [None req-ff6c3e2b-5bf8-4de1-a9b3-cffaa4038dfd e91404b9bcd94fe8ad0f55e1a0fa6252 ddafaad0de2940afa184b7e673ae67b8 - - default default] 10.0.0.129 "DELETE /v2.0/floatingips/19761d6f-79ec-4ce2-ba59-a88b05766acc HTTP/1.1" status: 204 len: 168 time: 0.4291198
2026-06-15 20:14:53.048 9 INFO neutron.db.ovn_revision_numbers_db [None req-6b637d22-d604-4901-9586-596fe3f72abb 4659ffc5aee34062abe0e4529304594c bf28a4c812514206b211b47437761f41 - - default default] Successfully bumped revision number for resource e60890d3-2ec8-4846-ada3-671f5e566fbb (type: networks) to 1
2026-06-15 20:14:53.094 10 INFO neutron.db.ovn_revision_numbers_db [None req-bbfca33f-6a6e-4e29-a86d-949168b6f41d 8b2be51bdd224a23a5b16a504ca85391 a5fc87afeb804beba88d0b3172c93f54 - - default default] Successfully bumped revision number for resource ed2e5e61-36cf-41c5-8ff7-bf25e78b16be (type: floatingips) to 1 /var/lib/openstack/lib/python3.12/site-packages/pycadf/identifier.py:71: UserWarning: Invalid uuid: neutron. To ensure interoperability, identifiers should be a valid uuid. warnings.warn(('Invalid uuid: %s. To ensure interoperability, '
2026-06-15 20:14:53.216 10 INFO neutron.api.wsgi [req-e4788f72-b7d8-4aa3-a4c9-88306833c3fe req-dbcc690b-953d-42b3-a928-f46b48c7bb19 942487f5261f4ba996abd2b43250beff 3e6a69f0a750474e96c60d0268000ab9 - - default default] 10.0.0.66 "GET /v2.0/ports?device_id=b79254db-af0e-4eda-a4e2-91c4f7c84b43 HTTP/1.1" status: 200 len: 1172 time: 0.0518117
2026-06-15 20:14:53.234 10 INFO neutron.api.wsgi [req-f0683a23-9f6e-4f6e-bcaf-3b278ccf64f0 req-14363742-4d7a-4f30-af36-37afcaf16d7c 93fd75e7c16c433dac6ed82ee324d3ad 04d056b16d244824b637045d713059ed - - 0c5e71a710ee4d4d9b14d4562644cb4e 0c5e71a710ee4d4d9b14d4562644cb4e] 199.19.213.159 "GET /v2.0/ports?tenant_id=3e6a69f0a750474e96c60d0268000ab9&device_id=b79254db-af0e-4eda-a4e2-91c4f7c84b43 HTTP/1.1" status: 200 len: 1411 time: 0.0431204
2026-06-15 20:14:53.246 10 INFO neutron.db.ovn_revision_numbers_db [None req-bbfca33f-6a6e-4e29-a86d-949168b6f41d 8b2be51bdd224a23a5b16a504ca85391 a5fc87afeb804beba88d0b3172c93f54 - - default default] Successfully bumped revision number for resource ed2e5e61-36cf-41c5-8ff7-bf25e78b16be (type: floatingips) to 2
2026-06-15 20:14:53.247 10 INFO neutron.db.l3_db [None req-bbfca33f-6a6e-4e29-a86d-949168b6f41d 8b2be51bdd224a23a5b16a504ca85391 a5fc87afeb804beba88d0b3172c93f54 - - default default] Floating IP ed2e5e61-36cf-41c5-8ff7-bf25e78b16be associated. External IP: 10.96.250.206, port: 91bb1886-2a42-4375-817d-308053ef98cf.
2026-06-15 20:14:53.249 9 WARNING neutron.scheduler.dhcp_agent_scheduler [None req-6b637d22-d604-4901-9586-596fe3f72abb 4659ffc5aee34062abe0e4529304594c bf28a4c812514206b211b47437761f41 - - default default] No more DHCP agents
2026-06-15 20:14:53.251 9 WARNING neutron.api.rpc.agentnotifiers.dhcp_rpc_agent_api [None req-6b637d22-d604-4901-9586-596fe3f72abb 4659ffc5aee34062abe0e4529304594c bf28a4c812514206b211b47437761f41 - - default default] Unable to schedule network e60890d3-2ec8-4846-ada3-671f5e566fbb: no agents available; will retry on subsequent port and subnet creation events.
2026-06-15 20:14:53.263 10 INFO neutron.api.wsgi [req-f0683a23-9f6e-4f6e-bcaf-3b278ccf64f0 req-eb49e83b-9a83-467e-8fe5-fca87750215b 93fd75e7c16c433dac6ed82ee324d3ad 04d056b16d244824b637045d713059ed - - 0c5e71a710ee4d4d9b14d4562644cb4e 0c5e71a710ee4d4d9b14d4562644cb4e] 199.19.213.159 "GET /v2.0/floatingips?fixed_ip_address=10.100.0.13&port_id=785587d8-c7b2-41e7-9910-af0ded74b3ff HTTP/1.1" status: 200 len: 217 time: 0.0228796
2026-06-15 20:14:53.287 10 INFO neutron.api.wsgi [None req-bbfca33f-6a6e-4e29-a86d-949168b6f41d 8b2be51bdd224a23a5b16a504ca85391 a5fc87afeb804beba88d0b3172c93f54 - - default default] 10.0.0.129 "PUT /v2.0/floatingips/ed2e5e61-36cf-41c5-8ff7-bf25e78b16be HTTP/1.1" status: 200 len: 1049 time: 0.7357333
2026-06-15 20:14:53.291 10 INFO neutron.api.wsgi [req-e4788f72-b7d8-4aa3-a4c9-88306833c3fe req-1831a002-bd4a-4de7-a3b5-f5d1b5d12d0f 942487f5261f4ba996abd2b43250beff 3e6a69f0a750474e96c60d0268000ab9 - - default default] 10.0.0.66 "GET /v2.0/security-groups?id=7113f9f9-afe7-4411-82b0-aff5688f292f&fields=id&fields=name HTTP/1.1" status: 200 len: 313 time: 0.0671234
2026-06-15 20:14:53.309 10 INFO neutron.api.wsgi [req-f0683a23-9f6e-4f6e-bcaf-3b278ccf64f0 req-d7ba5a02-b4e2-4a7f-9258-f5f79de0d93c 93fd75e7c16c433dac6ed82ee324d3ad 04d056b16d244824b637045d713059ed - - 0c5e71a710ee4d4d9b14d4562644cb4e 0c5e71a710ee4d4d9b14d4562644cb4e] 199.19.213.159 "GET /v2.0/subnets?id=386439b7-97d7-48a0-b506-430ee331be79 HTTP/1.1" status: 200 len: 875 time: 0.0392687
2026-06-15 20:14:53.320 9 INFO neutron.db.ovn_revision_numbers_db [None req-6b637d22-d604-4901-9586-596fe3f72abb 4659ffc5aee34062abe0e4529304594c bf28a4c812514206b211b47437761f41 - - default default] Successfully bumped revision number for resource 7490b38a-fc11-4243-b43a-dc8855c362da (type: ports) to 1
2026-06-15 20:14:53.330 10 INFO neutron.api.wsgi [req-f0683a23-9f6e-4f6e-bcaf-3b278ccf64f0 req-9d289153-7077-43d5-af31-ac6a8b46eead 93fd75e7c16c433dac6ed82ee324d3ad 04d056b16d244824b637045d713059ed - - 0c5e71a710ee4d4d9b14d4562644cb4e 0c5e71a710ee4d4d9b14d4562644cb4e] 199.19.213.159 "GET /v2.0/ports?network_id=974313d8-0e76-4191-8050-56e1d70c96e4&device_owner=network%3Adhcp HTTP/1.1" status: 200 len: 210 time: 0.0151777
2026-06-15 20:14:53.344 9 INFO neutron.api.wsgi [None req-6b637d22-d604-4901-9586-596fe3f72abb 4659ffc5aee34062abe0e4529304594c bf28a4c812514206b211b47437761f41 - - default default] 10.0.0.129 "POST /v2.0/networks HTTP/1.1" status: 201 len: 831 time: 0.5136528
2026-06-15 20:14:53.374 10 INFO neutron.api.wsgi [req-f0683a23-9f6e-4f6e-bcaf-3b278ccf64f0 req-92a6dd07-3200-4502-9453-4ed24f9e5264 93fd75e7c16c433dac6ed82ee324d3ad 04d056b16d244824b637045d713059ed - - 0c5e71a710ee4d4d9b14d4562644cb4e 0c5e71a710ee4d4d9b14d4562644cb4e] 199.19.213.159 "GET /v2.0/networks/974313d8-0e76-4191-8050-56e1d70c96e4?fields=segments HTTP/1.1" status: 200 len: 212 time: 0.0384753
2026-06-15 20:14:53.402 9 INFO neutron.api.wsgi [None req-88a2e1c3-6f59-4583-9b74-63caff16084c 4659ffc5aee34062abe0e4529304594c bf28a4c812514206b211b47437761f41 - - default default] 10.0.0.129 "PUT /v2.0/networks/89fd9351-0336-4705-ac96-0534c20d64aa/tags HTTP/1.1" status: 200 len: 210 time: 0.0532944
2026-06-15 20:14:53.433 10 INFO neutron.api.wsgi [req-f0683a23-9f6e-4f6e-bcaf-3b278ccf64f0 req-3753667e-adeb-453a-bfc2-083a7ee76524 93fd75e7c16c433dac6ed82ee324d3ad 04d056b16d244824b637045d713059ed - - 0c5e71a710ee4d4d9b14d4562644cb4e 0c5e71a710ee4d4d9b14d4562644cb4e] 199.19.213.159 "GET /v2.0/networks/974313d8-0e76-4191-8050-56e1d70c96e4?fields=provider%3Aphysical_network&fields=provider%3Anetwork_type HTTP/1.1" status: 200 len: 277 time: 0.0530832
2026-06-15 20:14:53.446 10 INFO neutron.api.wsgi [None req-0307535d-1cd2-46fb-b78b-05bec4c42d0e 4659ffc5aee34062abe0e4529304594c bf28a4c812514206b211b47437761f41 - - default default] 10.0.0.129 "PUT /v2.0/networks/1c28364a-4baf-42a5-a82c-a9b0c9a8fb08/tags HTTP/1.1" status: 200 len: 218 time: 0.0384672
2026-06-15 20:14:53.484 10 INFO neutron.api.wsgi [None req-e09fade5-2383-4ea4-8bde-d55b120134b3 4659ffc5aee34062abe0e4529304594c bf28a4c812514206b211b47437761f41 - - default default] 10.0.0.129 "PUT /v2.0/networks/0f77aa7f-5053-43db-a64d-1333f0e33ad1/tags HTTP/1.1" status: 200 len: 227 time: 0.0319083
2026-06-15 20:14:53.547 10 INFO neutron.api.wsgi [None req-3272a808-7ace-4ca4-820b-2ebec6c30a26 4659ffc5aee34062abe0e4529304594c bf28a4c812514206b211b47437761f41 - - default default] 10.0.0.129 "PUT /v2.0/networks/78741c2a-55de-48f6-90d4-fc9438519d11/tags HTTP/1.1" status: 200 len: 212 time: 0.0585639
2026-06-15 20:14:53.613 10 INFO neutron.api.wsgi [None req-27b7dcde-d506-4603-beb6-86706f80b843 4659ffc5aee34062abe0e4529304594c bf28a4c812514206b211b47437761f41 - - default default] 10.0.0.129 "GET /v2.0/networks?tags=red HTTP/1.1" status: 200 len: 2070 time: 0.0592318
2026-06-15 20:14:53.661 10 INFO neutron.api.wsgi [None req-f45be2b3-3256-44c9-8a32-05110b6cfceb 4659ffc5aee34062abe0e4529304594c bf28a4c812514206b211b47437761f41 - - default default] 10.0.0.129 "GET /v2.0/networks?tags=red%2Cblue HTTP/1.1" status: 200 len: 1457 time: 0.0427692
2026-06-15 20:14:53.720 10 INFO neutron.api.wsgi [None req-59c28f7a-4da3-456d-bb51-d4027c435563 4659ffc5aee34062abe0e4529304594c bf28a4c812514206b211b47437761f41 - - default default] 10.0.0.129 "GET /v2.0/networks?tags-any=blue HTTP/1.1" status: 200 len: 1457 time: 0.0543504
2026-06-15 20:14:53.774 10 INFO neutron.api.wsgi [None req-8d9c8991-10aa-4710-84a9-60f55561fe14 4659ffc5aee34062abe0e4529304594c bf28a4c812514206b211b47437761f41 - - default default] 10.0.0.129 "GET /v2.0/networks?tags-any=red%2Cblue HTTP/1.1" status: 200 len: 2070 time: 0.0488381
2026-06-15 20:14:53.840 10 INFO neutron.api.wsgi [None req-d0db4300-b3de-43b1-a05e-cc008440ef81 4659ffc5aee34062abe0e4529304594c bf28a4c812514206b211b47437761f41 - - default default] 10.0.0.129 "GET /v2.0/networks?not-tags=red HTTP/1.1" status: 200 len: 2069 time: 0.0615957
2026-06-15 20:14:53.900 10 INFO neutron.api.wsgi [None req-0c9075b7-374c-40d4-bbbb-8d4bbbea67c6 4659ffc5aee34062abe0e4529304594c bf28a4c812514206b211b47437761f41 - - default default] 10.0.0.129 "GET /v2.0/networks?not-tags=red%2Cblue HTTP/1.1" status: 200 len: 2682 time: 0.0549250
2026-06-15 20:14:53.965 9 INFO neutron.api.wsgi [None req-a1b162cb-e994-4014-a6c6-daf6f0db78ff 4659ffc5aee34062abe0e4529304594c bf28a4c812514206b211b47437761f41 - - default default] 10.0.0.129 "GET /v2.0/networks?not-tags-any=blue HTTP/1.1" status: 200 len: 2682 time: 0.0599818
2026-06-15 20:14:54.036 9 INFO neutron.api.wsgi [None req-0ee8fe2b-dee2-4639-b191-f9c757f1719c 4659ffc5aee34062abe0e4529304594c bf28a4c812514206b211b47437761f41 - - default default] 10.0.0.129 "GET /v2.0/networks?not-tags-any=red%2Cblue HTTP/1.1" status: 200 len: 2069 time: 0.0643954
2026-06-15 20:14:54.191 9 INFO neutron.api.wsgi [None req-81e41381-c6ad-489e-abad-cd638e93f75c 1a7bfbcc99f147ebb9941d3786225d3a 3f58fa161a4143a18370d34b7ba0f89a - - default default] 10.0.0.129 "PUT /v2.0/routers/a1f5e9e1-f3cb-451f-b685-0f34a28165cc/remove_router_interface HTTP/1.1" status: 200 len: 503 time: 1.2683082
2026-06-15 20:14:54.405 10 INFO neutron.api.wsgi [req-a9489b53-deba-494b-9f4c-f645c0434aa5 req-77a7c17c-2d98-4847-a314-d62f6a74883f 942487f5261f4ba996abd2b43250beff 3e6a69f0a750474e96c60d0268000ab9 - - default default] 10.0.0.66 "GET /v2.0/ports?device_id=b79254db-af0e-4eda-a4e2-91c4f7c84b43 HTTP/1.1" status: 200 len: 1172 time: 0.0400608
2026-06-15 20:14:54.421 9 INFO neutron.services.segments.plugin [-] Segment 93a5533d-2201-421a-b7bb-6a1cd450dced resource provider aggregate not found
2026-06-15 20:14:54.430 9 INFO neutron.services.segments.plugin [-] Segment 93a5533d-2201-421a-b7bb-6a1cd450dced resource provider aggregate not found
2026-06-15 20:14:54.445 9 INFO neutron.services.segments.plugin [-] Segment 93a5533d-2201-421a-b7bb-6a1cd450dced resource provider not found; error: Placement Client Error (4xx): {"errors": [{"status": 404, "title": "Not Found", "detail": "The resource could not be found.\n\n No resource provider with uuid 93a5533d-2201-421a-b7bb-6a1cd450dced found for delete ", "request_id": "req-3884cdc5-24b7-4e7a-92d3-6904d2942bfd"}]}
2026-06-15 20:14:54.449 10 INFO neutron.api.wsgi [req-a9489b53-deba-494b-9f4c-f645c0434aa5 req-fcf92708-eb6e-4271-8f0e-cae5d0f01a38 942487f5261f4ba996abd2b43250beff 3e6a69f0a750474e96c60d0268000ab9 - - default default] 10.0.0.66 "GET /v2.0/security-groups?id=7113f9f9-afe7-4411-82b0-aff5688f292f&fields=id&fields=name HTTP/1.1" status: 200 len: 313 time: 0.0364211
2026-06-15 20:14:54.455 9 INFO neutron.services.segments.plugin [-] Segment 93a5533d-2201-421a-b7bb-6a1cd450dced resource provider not found; error: Placement Client Error (4xx): {"errors": [{"status": 404, "title": "Not Found", "detail": "The resource could not be found.\n\n No resource provider with uuid 93a5533d-2201-421a-b7bb-6a1cd450dced found for delete ", "request_id": "req-35897382-9d61-4c40-b47c-ec12bcf9270c"}]}
2026-06-15 20:14:54.458 9 INFO neutron.api.wsgi [None req-ce8a96a0-d2ee-4624-a330-50735867205d 4659ffc5aee34062abe0e4529304594c bf28a4c812514206b211b47437761f41 - - default default] 10.0.0.129 "DELETE /v2.0/networks/89fd9351-0336-4705-ac96-0534c20d64aa HTTP/1.1" status: 204 len: 168 time: 0.4144475
2026-06-15 20:14:54.501 10 INFO neutron.api.wsgi [req-d474256b-f007-4d56-81f0-54dd76ce9a26 req-25d5124a-ce82-4370-9924-49a526b97851 93fd75e7c16c433dac6ed82ee324d3ad 04d056b16d244824b637045d713059ed - - 0c5e71a710ee4d4d9b14d4562644cb4e 0c5e71a710ee4d4d9b14d4562644cb4e] 199.19.213.159 "GET /v2.0/ports?tenant_id=3e6a69f0a750474e96c60d0268000ab9&device_id=b79254db-af0e-4eda-a4e2-91c4f7c84b43 HTTP/1.1" status: 200 len: 1411 time: 0.0507824
2026-06-15 20:14:54.572 10 INFO neutron.api.wsgi [req-d474256b-f007-4d56-81f0-54dd76ce9a26 req-ed11234d-76f5-498f-a71d-32b2a15df1c2 93fd75e7c16c433dac6ed82ee324d3ad 04d056b16d244824b637045d713059ed - - 0c5e71a710ee4d4d9b14d4562644cb4e 0c5e71a710ee4d4d9b14d4562644cb4e] 199.19.213.159 "GET /v2.0/networks?id=974313d8-0e76-4191-8050-56e1d70c96e4 HTTP/1.1" status: 200 len: 958 time: 0.0631995
2026-06-15 20:14:54.620 10 INFO neutron.api.wsgi [req-d474256b-f007-4d56-81f0-54dd76ce9a26 req-4547841a-3464-42c3-8073-8063e9767821 93fd75e7c16c433dac6ed82ee324d3ad 04d056b16d244824b637045d713059ed - - 0c5e71a710ee4d4d9b14d4562644cb4e 0c5e71a710ee4d4d9b14d4562644cb4e] 199.19.213.159 "GET /v2.0/floatingips?fixed_ip_address=10.100.0.13&port_id=785587d8-c7b2-41e7-9910-af0ded74b3ff HTTP/1.1" status: 200 len: 217 time: 0.0363145
2026-06-15 20:14:54.661 10 INFO neutron.api.wsgi [req-d474256b-f007-4d56-81f0-54dd76ce9a26 req-6ce5b61d-1134-4a92-b27b-d2cab3e79101 93fd75e7c16c433dac6ed82ee324d3ad 04d056b16d244824b637045d713059ed - - 0c5e71a710ee4d4d9b14d4562644cb4e 0c5e71a710ee4d4d9b14d4562644cb4e] 199.19.213.159 "GET /v2.0/subnets?id=386439b7-97d7-48a0-b506-430ee331be79 HTTP/1.1" status: 200 len: 875 time: 0.0348630
2026-06-15 20:14:54.694 10 INFO neutron.api.wsgi [req-d474256b-f007-4d56-81f0-54dd76ce9a26 req-5f15fe73-3258-4d84-afe4-aa9dec65a988 93fd75e7c16c433dac6ed82ee324d3ad 04d056b16d244824b637045d713059ed - - 0c5e71a710ee4d4d9b14d4562644cb4e 0c5e71a710ee4d4d9b14d4562644cb4e] 199.19.213.159 "GET /v2.0/ports?network_id=974313d8-0e76-4191-8050-56e1d70c96e4&device_owner=network%3Adhcp HTTP/1.1" status: 200 len: 210 time: 0.0291140
2026-06-15 20:14:54.752 10 INFO neutron.api.wsgi [req-d474256b-f007-4d56-81f0-54dd76ce9a26 req-93570096-6652-444c-bf7c-a4e8d2ef619c 93fd75e7c16c433dac6ed82ee324d3ad 04d056b16d244824b637045d713059ed - - 0c5e71a710ee4d4d9b14d4562644cb4e 0c5e71a710ee4d4d9b14d4562644cb4e] 199.19.213.159 "GET /v2.0/networks/974313d8-0e76-4191-8050-56e1d70c96e4?fields=segments HTTP/1.1" status: 200 len: 212 time: 0.0536091
2026-06-15 20:14:54.821 10 INFO neutron.api.wsgi [req-d474256b-f007-4d56-81f0-54dd76ce9a26 req-926c84a2-303e-43ef-8177-b4ccc2efc976 93fd75e7c16c433dac6ed82ee324d3ad 04d056b16d244824b637045d713059ed - - 0c5e71a710ee4d4d9b14d4562644cb4e 0c5e71a710ee4d4d9b14d4562644cb4e] 199.19.213.159 "GET /v2.0/networks/974313d8-0e76-4191-8050-56e1d70c96e4?fields=provider%3Aphysical_network&fields=provider%3Anetwork_type HTTP/1.1" status: 200 len: 277 time: 0.0645640
2026-06-15 20:14:54.879 10 INFO neutron.notifiers.nova [-] Nova event matching ['req-6e19c4e7-9a9e-48c3-84e1-d487cb33d0b2'] response: {'name': 'network-changed', 'server_uuid': 'f56b55de-839e-42a4-b734-0b0c29cb668d', 'tag': '91bb1886-2a42-4375-817d-308053ef98cf', 'status': 'completed', 'code': 200}
2026-06-15 20:14:54.989 10 INFO neutron.services.segments.plugin [-] Segment 397946e9-931f-4ba8-8e81-bbef53e01a26 resource provider aggregate not found
2026-06-15 20:14:54.993 10 INFO neutron.services.segments.plugin [-] Segment 397946e9-931f-4ba8-8e81-bbef53e01a26 resource provider aggregate not found
2026-06-15 20:14:55.015 10 INFO neutron.services.segments.plugin [-] Segment 397946e9-931f-4ba8-8e81-bbef53e01a26 resource provider not found; error: Placement Client Error (4xx): {"errors": [{"status": 404, "title": "Not Found", "detail": "The resource could not be found.\n\n No resource provider with uuid 397946e9-931f-4ba8-8e81-bbef53e01a26 found for delete ", "request_id": "req-923fb547-c8fb-4377-9291-0963b8a00ae8"}]}
2026-06-15 20:14:55.016 10 INFO neutron.services.segments.plugin [-] Segment 397946e9-931f-4ba8-8e81-bbef53e01a26 resource provider not found; error: Placement Client Error (4xx): {"errors": [{"status": 404, "title": "Not Found", "detail": "The resource could not be found.\n\n No resource provider with uuid 397946e9-931f-4ba8-8e81-bbef53e01a26 found for delete ", "request_id": "req-10cdb7b9-ce4d-4c71-a6a8-7b805221f62a"}]}
2026-06-15 20:14:55.050 10 INFO neutron.api.wsgi [None req-49071768-b289-48ce-ac6d-777e382bf7de 4659ffc5aee34062abe0e4529304594c bf28a4c812514206b211b47437761f41 - - default default] 10.0.0.129 "DELETE /v2.0/networks/1c28364a-4baf-42a5-a82c-a9b0c9a8fb08 HTTP/1.1" status: 204 len: 168 time: 0.5866632
2026-06-15 20:14:55.077 10 INFO neutron.api.wsgi [None req-fe49b8b4-adf3-4a71-b519-5ece3edf77cf 1a7bfbcc99f147ebb9941d3786225d3a 3f58fa161a4143a18370d34b7ba0f89a - - default default] 10.0.0.129 "DELETE /v2.0/routers/a1f5e9e1-f3cb-451f-b685-0f34a28165cc HTTP/1.1" status: 204 len: 168 time: 0.8813441 /var/lib/openstack/lib/python3.12/site-packages/pycadf/identifier.py:71: UserWarning: Invalid uuid: neutron. To ensure interoperability, identifiers should be a valid uuid. warnings.warn(('Invalid uuid: %s. To ensure interoperability, '
2026-06-15 20:14:55.252 9 INFO neutron.api.wsgi [None req-02605716-8eea-4dc9-b0bf-15ce821fecd1 1a7bfbcc99f147ebb9941d3786225d3a 3f58fa161a4143a18370d34b7ba0f89a - - default default] 10.0.0.129 "DELETE /v2.0/subnets/0f765fdd-c008-496c-a795-5c02487ebd19 HTTP/1.1" status: 204 len: 168 time: 0.1652722
2026-06-15 20:14:55.357 10 INFO neutron.api.wsgi [None req-4991ad70-d516-4438-a915-9bd925150971 4659ffc5aee34062abe0e4529304594c bf28a4c812514206b211b47437761f41 - - default default] 10.0.0.129 "DELETE /v2.0/networks/0f77aa7f-5053-43db-a64d-1333f0e33ad1 HTTP/1.1" status: 204 len: 168 time: 0.3024650
2026-06-15 20:14:55.412 10 INFO neutron.api.wsgi [req-81e396f4-5879-4093-8418-574815574241 req-bc391a8b-0f63-4ce4-acd8-6a1fb7346e79 93fd75e7c16c433dac6ed82ee324d3ad 04d056b16d244824b637045d713059ed - - 0c5e71a710ee4d4d9b14d4562644cb4e 0c5e71a710ee4d4d9b14d4562644cb4e] 199.19.213.159 "GET /v2.0/ports?tenant_id=a5fc87afeb804beba88d0b3172c93f54&device_id=f56b55de-839e-42a4-b734-0b0c29cb668d HTTP/1.1" status: 200 len: 1448 time: 0.0309045
2026-06-15 20:14:55.461 10 INFO neutron.api.wsgi [req-81e396f4-5879-4093-8418-574815574241 req-d553a181-dc77-40ce-ac6b-ee6ab07ea1bc 93fd75e7c16c433dac6ed82ee324d3ad 04d056b16d244824b637045d713059ed - - 0c5e71a710ee4d4d9b14d4562644cb4e 0c5e71a710ee4d4d9b14d4562644cb4e] 199.19.213.159 "GET /v2.0/networks?id=91e42233-2123-417b-8816-6e6fc85d7dcb HTTP/1.1" status: 200 len: 970 time: 0.0427628
2026-06-15 20:14:55.507 10 INFO neutron.api.wsgi [req-81e396f4-5879-4093-8418-574815574241 req-946aea73-50f1-4d4a-9cd3-2e6f004d97a4 93fd75e7c16c433dac6ed82ee324d3ad 04d056b16d244824b637045d713059ed - - 0c5e71a710ee4d4d9b14d4562644cb4e 0c5e71a710ee4d4d9b14d4562644cb4e] 199.19.213.159 "GET /v2.0/floatingips?fixed_ip_address=10.100.0.5&port_id=91bb1886-2a42-4375-817d-308053ef98cf HTTP/1.1" status: 200 len: 1059 time: 0.0402563
2026-06-15 20:14:55.544 9 INFO neutron.api.wsgi [None req-3a6af943-29d7-425d-a2f9-726c1df2da55 1a7bfbcc99f147ebb9941d3786225d3a 3f58fa161a4143a18370d34b7ba0f89a - - default default] 10.0.0.129 "DELETE /v2.0/networks/9e888ee0-ba23-4c8a-b1df-447b297cbe5d HTTP/1.1" status: 204 len: 168 time: 0.2868872
2026-06-15 20:14:55.565 10 INFO neutron.api.wsgi [req-81e396f4-5879-4093-8418-574815574241 req-d501ac8d-e7a5-44a7-afb5-0788672e35e8 93fd75e7c16c433dac6ed82ee324d3ad 04d056b16d244824b637045d713059ed - - 0c5e71a710ee4d4d9b14d4562644cb4e 0c5e71a710ee4d4d9b14d4562644cb4e] 199.19.213.159 "GET /v2.0/subnets?id=90c9f954-a0ce-435c-a2fc-2d72ed7656b1 HTTP/1.1" status: 200 len: 889 time: 0.0522263
2026-06-15 20:14:55.573 9 INFO neutron.plugins.ml2.drivers.ovn.mech_driver.mech_driver [None req-3b07d3bc-9067-4dd2-b483-38722d50528f - - - - - -] OVN reports status up for port: 785587d8-c7b2-41e7-9910-af0ded74b3ff
2026-06-15 20:14:55.586 10 INFO neutron.api.wsgi [req-81e396f4-5879-4093-8418-574815574241 req-d4186e01-7358-49dd-b61a-58ce78cd532a 93fd75e7c16c433dac6ed82ee324d3ad 04d056b16d244824b637045d713059ed - - 0c5e71a710ee4d4d9b14d4562644cb4e 0c5e71a710ee4d4d9b14d4562644cb4e] 199.19.213.159 "GET /v2.0/ports?network_id=91e42233-2123-417b-8816-6e6fc85d7dcb&device_owner=network%3Adhcp HTTP/1.1" status: 200 len: 210 time: 0.0162585
2026-06-15 20:14:55.588 9 INFO neutron.plugins.ml2.plugin [None req-3b07d3bc-9067-4dd2-b483-38722d50528f - - - - - -] Attempt 1 to provision port 785587d8-c7b2-41e7-9910-af0ded74b3ff
2026-06-15 20:14:55.592 10 INFO neutron.api.wsgi [req-c7e985c6-beb9-49fc-89a5-d2a7b09a1f56 req-6cc18650-31ff-4ea2-90d5-d4f4b2c9a2b4 942487f5261f4ba996abd2b43250beff 3e6a69f0a750474e96c60d0268000ab9 - - default default] 10.0.0.66 "GET /v2.0/ports?device_id=b79254db-af0e-4eda-a4e2-91c4f7c84b43 HTTP/1.1" status: 200 len: 1172 time: 0.0700495
2026-06-15 20:14:55.657 10 INFO neutron.api.wsgi [req-c7e985c6-beb9-49fc-89a5-d2a7b09a1f56 req-9f902fba-f0b2-4fcc-b588-978d6c9d05a0 942487f5261f4ba996abd2b43250beff 3e6a69f0a750474e96c60d0268000ab9 - - default default] 10.0.0.66 "GET /v2.0/security-groups?id=7113f9f9-afe7-4411-82b0-aff5688f292f&fields=id&fields=name HTTP/1.1" status: 200 len: 313 time: 0.0557134
2026-06-15 20:14:55.664 10 INFO neutron.api.wsgi [req-81e396f4-5879-4093-8418-574815574241 req-0783f6e0-5fb6-4e5c-b0f4-469d4db61f3b 93fd75e7c16c433dac6ed82ee324d3ad 04d056b16d244824b637045d713059ed - - 0c5e71a710ee4d4d9b14d4562644cb4e 0c5e71a710ee4d4d9b14d4562644cb4e] 199.19.213.159 "GET /v2.0/networks/91e42233-2123-417b-8816-6e6fc85d7dcb?fields=segments HTTP/1.1" status: 200 len: 212 time: 0.0715086
2026-06-15 20:14:55.720 9 INFO neutron.notifiers.nova [-] Nova event matching ['req-e8e7ab40-7f65-4db7-93cd-efea71cce21a'] response: {'server_uuid': 'b79254db-af0e-4eda-a4e2-91c4f7c84b43', 'name': 'network-vif-plugged', 'status': 'completed', 'tag': '785587d8-c7b2-41e7-9910-af0ded74b3ff', 'code': 200}
2026-06-15 20:14:55.732 10 INFO neutron.api.wsgi [req-81e396f4-5879-4093-8418-574815574241 req-3a3ce963-4834-4124-859c-603aaf8dc156 93fd75e7c16c433dac6ed82ee324d3ad 04d056b16d244824b637045d713059ed - - 0c5e71a710ee4d4d9b14d4562644cb4e 0c5e71a710ee4d4d9b14d4562644cb4e] 199.19.213.159 "GET /v2.0/networks/91e42233-2123-417b-8816-6e6fc85d7dcb?fields=provider%3Aphysical_network&fields=provider%3Anetwork_type HTTP/1.1" status: 200 len: 277 time: 0.0619087
2026-06-15 20:14:55.790 9 INFO neutron.api.wsgi [None req-715f29c7-470a-4fc5-9d9e-aa20a73a0c49 1a7bfbcc99f147ebb9941d3786225d3a 3f58fa161a4143a18370d34b7ba0f89a - - default default] 10.0.0.129 "GET /v2.0/security-groups?tenant_id=ddafaad0de2940afa184b7e673ae67b8&name=default HTTP/1.1" status: 200 len: 3120 time: 0.0439525
2026-06-15 20:14:55.830 9 INFO neutron.db.ovn_revision_numbers_db [None req-3b07d3bc-9067-4dd2-b483-38722d50528f - - - - - -] Successfully bumped revision number for resource 785587d8-c7b2-41e7-9910-af0ded74b3ff (type: ports) to 5
2026-06-15 20:14:55.836 10 INFO neutron.api.wsgi [None req-cd4f5cc8-0bcf-4d2e-ba22-3ed968b9b048 4659ffc5aee34062abe0e4529304594c bf28a4c812514206b211b47437761f41 - - default default] 10.0.0.129 "DELETE /v2.0/networks/78741c2a-55de-48f6-90d4-fc9438519d11 HTTP/1.1" status: 204 len: 168 time: 0.4745789
2026-06-15 20:14:56.025 10 INFO neutron.api.wsgi [None req-b138e7e0-012a-4f36-95e7-9b2efc73c16f 1a7bfbcc99f147ebb9941d3786225d3a 3f58fa161a4143a18370d34b7ba0f89a - - default default] 10.0.0.129 "DELETE /v2.0/security-groups/954f193c-6ec9-4ee0-a2ed-acd7ba44caaf HTTP/1.1" status: 204 len: 168 time: 0.2305813
2026-06-15 20:14:56.158 10 INFO neutron.api.wsgi [None req-2d98f508-7e59-4034-8443-f3878512946b 4659ffc5aee34062abe0e4529304594c bf28a4c812514206b211b47437761f41 - - default default] 10.0.0.129 "DELETE /v2.0/networks/e60890d3-2ec8-4846-ada3-671f5e566fbb HTTP/1.1" status: 204 len: 168 time: 0.3185947
2026-06-15 20:14:56.462 9 INFO neutron.services.segments.plugin [-] Segment e132bc4f-a250-4a36-9a83-fff6bf1634c1 resource provider aggregate not found
2026-06-15 20:14:56.470 9 INFO neutron.services.segments.plugin [-] Segment e132bc4f-a250-4a36-9a83-fff6bf1634c1 resource provider aggregate not found
2026-06-15 20:14:56.474 9 INFO neutron.services.segments.plugin [-] Segment e132bc4f-a250-4a36-9a83-fff6bf1634c1 resource provider not found; error: Placement Client Error (4xx): {"errors": [{"status": 404, "title": "Not Found", "detail": "The resource could not be found.\n\n No resource provider with uuid e132bc4f-a250-4a36-9a83-fff6bf1634c1 found for delete ", "request_id": "req-5a24a196-48da-4fd3-bd7a-8afc3cca1de9"}]}
2026-06-15 20:14:56.480 9 INFO neutron.services.segments.plugin [-] Segment e132bc4f-a250-4a36-9a83-fff6bf1634c1 resource provider not found; error: Placement Client Error (4xx): {"errors": [{"status": 404, "title": "Not Found", "detail": "The resource could not be found.\n\n No resource provider with uuid e132bc4f-a250-4a36-9a83-fff6bf1634c1 found for delete ", "request_id": "req-ccac3165-c4cd-471d-9721-9a0158dc3e58"}]}
2026-06-15 20:14:56.771 10 INFO neutron.api.wsgi [req-efc827bc-47f3-42f7-979c-d65c030f2b20 req-7371623e-05a7-42ec-9d63-67a1afba8c4d 942487f5261f4ba996abd2b43250beff 3e6a69f0a750474e96c60d0268000ab9 - - default default] 10.0.0.66 "GET /v2.0/ports?device_id=b79254db-af0e-4eda-a4e2-91c4f7c84b43 HTTP/1.1" status: 200 len: 1174 time: 0.0302374
2026-06-15 20:14:56.811 10 INFO neutron.api.wsgi [req-efc827bc-47f3-42f7-979c-d65c030f2b20 req-d94cd67a-ee37-4e63-80e2-73bdaf0a57d3 942487f5261f4ba996abd2b43250beff 3e6a69f0a750474e96c60d0268000ab9 - - default default] 10.0.0.66 "GET /v2.0/security-groups?id=7113f9f9-afe7-4411-82b0-aff5688f292f&fields=id&fields=name HTTP/1.1" status: 200 len: 313 time: 0.0367396
2026-06-15 20:14:57.032 10 INFO neutron.services.segments.plugin [-] Segment a399c4ce-5eb7-442c-83c1-e46799e67550 resource provider aggregate not found
2026-06-15 20:14:57.039 10 INFO neutron.services.segments.plugin [-] Segment a399c4ce-5eb7-442c-83c1-e46799e67550 resource provider aggregate not found
2026-06-15 20:14:57.051 10 INFO neutron.services.segments.plugin [-] Segment a399c4ce-5eb7-442c-83c1-e46799e67550 resource provider not found; error: Placement Client Error (4xx): {"errors": [{"status": 404, "title": "Not Found", "detail": "The resource could not be found.\n\n No resource provider with uuid a399c4ce-5eb7-442c-83c1-e46799e67550 found for delete ", "request_id": "req-29fa23d6-ca06-40f4-af58-080082ced5b6"}]}
2026-06-15 20:14:57.057 10 INFO neutron.services.segments.plugin [-] Segment a399c4ce-5eb7-442c-83c1-e46799e67550 resource provider not found; error: Placement Client Error (4xx): {"errors": [{"status": 404, "title": "Not Found", "detail": "The resource could not be found.\n\n No resource provider with uuid a399c4ce-5eb7-442c-83c1-e46799e67550 found for delete ", "request_id": "req-ae8ea407-ff51-481d-b777-e70e73193f02"}]}
2026-06-15 20:14:57.070 10 INFO neutron.services.segments.plugin [-] Segment 01f83235-13d7-4160-91b0-c5e27b3a52ce resource provider aggregate not found
2026-06-15 20:14:57.076 10 INFO neutron.services.segments.plugin [-] Segment 01f83235-13d7-4160-91b0-c5e27b3a52ce resource provider aggregate not found
2026-06-15 20:14:57.083 10 INFO neutron.services.segments.plugin [-] Segment 01f83235-13d7-4160-91b0-c5e27b3a52ce resource provider not found; error: Placement Client Error (4xx): {"errors": [{"status": 404, "title": "Not Found", "detail": "The resource could not be found.\n\n No resource provider with uuid 01f83235-13d7-4160-91b0-c5e27b3a52ce found for delete ", "request_id": "req-fc179543-996b-4db6-aa8d-8d82436697df"}]}
2026-06-15 20:14:57.095 10 INFO neutron.services.segments.plugin [-] Segment b9d03a4e-dd63-4465-ad9e-dd909d87f6f1 resource provider aggregate not found
2026-06-15 20:14:57.099 10 INFO neutron.services.segments.plugin [-] Segment 01f83235-13d7-4160-91b0-c5e27b3a52ce resource provider not found; error: Placement Client Error (4xx): {"errors": [{"status": 404, "title": "Not Found", "detail": "The resource could not be found.\n\n No resource provider with uuid 01f83235-13d7-4160-91b0-c5e27b3a52ce found for delete ", "request_id": "req-f26b2ac1-7ddd-46a3-9f5d-6b1d7359969b"}]}
2026-06-15 20:14:57.108 10 INFO neutron.services.segments.plugin [-] Segment b9d03a4e-dd63-4465-ad9e-dd909d87f6f1 resource provider not found; error: Placement Client Error (4xx): {"errors": [{"status": 404, "title": "Not Found", "detail": "The resource could not be found.\n\n No resource provider with uuid b9d03a4e-dd63-4465-ad9e-dd909d87f6f1 found for delete ", "request_id": "req-38b6b870-3554-4ac8-8a4b-c01ff97f44f3"}]}
2026-06-15 20:14:57.110 10 INFO neutron.services.segments.plugin [-] Segment b9d03a4e-dd63-4465-ad9e-dd909d87f6f1 resource provider aggregate not found
2026-06-15 20:14:57.120 10 INFO neutron.services.segments.plugin [-] Segment b9d03a4e-dd63-4465-ad9e-dd909d87f6f1 resource provider not found; error: Placement Client Error (4xx): {"errors": [{"status": 404, "title": "Not Found", "detail": "The resource could not be found.\n\n No resource provider with uuid b9d03a4e-dd63-4465-ad9e-dd909d87f6f1 found for delete ", "request_id": "req-9b3171c8-4ce3-4b5b-9793-762ae1515782"}]} /var/lib/openstack/lib/python3.12/site-packages/pycadf/identifier.py:71: UserWarning: Invalid uuid: neutron. To ensure interoperability, identifiers should be a valid uuid. warnings.warn(('Invalid uuid: %s. To ensure interoperability, '
2026-06-15 20:14:57.248 9 INFO neutron.db.ovn_revision_numbers_db [None req-af27e3f9-3396-4884-8231-2016c716733e 1a7bfbcc99f147ebb9941d3786225d3a 3f58fa161a4143a18370d34b7ba0f89a - - default default] Successfully bumped revision number for resource 187fc60e-6036-4cd8-85d4-82dc86c16dfa (type: security_groups) to 1
2026-06-15 20:14:57.262 9 INFO neutron.db.ovn_revision_numbers_db [None req-af27e3f9-3396-4884-8231-2016c716733e 1a7bfbcc99f147ebb9941d3786225d3a 3f58fa161a4143a18370d34b7ba0f89a - - default default] Successfully bumped revision number for resource 03cfea63-32dd-4a2a-9e7d-492f7de33417 (type: security_group_rules) to 0
2026-06-15 20:14:57.276 9 INFO neutron.db.ovn_revision_numbers_db [None req-af27e3f9-3396-4884-8231-2016c716733e 1a7bfbcc99f147ebb9941d3786225d3a 3f58fa161a4143a18370d34b7ba0f89a - - default default] Successfully bumped revision number for resource bf125981-26d6-446d-93da-3e73de5b129c (type: security_group_rules) to 0
2026-06-15 20:14:57.289 9 INFO neutron.db.ovn_revision_numbers_db [None req-af27e3f9-3396-4884-8231-2016c716733e 1a7bfbcc99f147ebb9941d3786225d3a 3f58fa161a4143a18370d34b7ba0f89a - - default default] Successfully bumped revision number for resource c16a1ed8-9437-4004-973d-f164b5845ede (type: security_group_rules) to 0
2026-06-15 20:14:57.302 9 INFO neutron.db.ovn_revision_numbers_db [None req-af27e3f9-3396-4884-8231-2016c716733e 1a7bfbcc99f147ebb9941d3786225d3a 3f58fa161a4143a18370d34b7ba0f89a - - default default] Successfully bumped revision number for resource c886d238-55d8-405c-a5d0-f2c075dd4ed4 (type: security_group_rules) to 0
2026-06-15 20:14:57.339 9 INFO neutron.api.wsgi [None req-af27e3f9-3396-4884-8231-2016c716733e 1a7bfbcc99f147ebb9941d3786225d3a 3f58fa161a4143a18370d34b7ba0f89a - - default default] 10.0.0.129 "GET /v2.0/security-groups?tenant_id=8c79ade9f5f446db99e10530f8ee436f&name=default HTTP/1.1" status: 200 len: 3120 time: 0.3818433
2026-06-15 20:14:57.683 9 INFO neutron.api.wsgi [None req-a782f95d-963d-4f99-8af0-faf19be925a2 1a7bfbcc99f147ebb9941d3786225d3a 3f58fa161a4143a18370d34b7ba0f89a - - default default] 10.0.0.129 "DELETE /v2.0/security-groups/187fc60e-6036-4cd8-85d4-82dc86c16dfa HTTP/1.1" status: 204 len: 168 time: 0.3395898
2026-06-15 20:14:57.761 9 INFO neutron.notifiers.nova [-] Nova event matching ['req-1d1bdece-35a6-42c6-94af-31160c255701'] response: {'server_uuid': 'b79254db-af0e-4eda-a4e2-91c4f7c84b43', 'name': 'network-vif-plugged', 'status': 'completed', 'tag': '785587d8-c7b2-41e7-9910-af0ded74b3ff', 'code': 200}
2026-06-15 20:14:57.893 9 INFO neutron.db.ovn_revision_numbers_db [None req-12c39f49-3962-4cbf-9ba7-6117abf635c2 1a7bfbcc99f147ebb9941d3786225d3a 3f58fa161a4143a18370d34b7ba0f89a - - default default] Successfully bumped revision number for resource 0655c2bc-cfd0-4647-a732-b5f1c726025e (type: security_groups) to 1
2026-06-15 20:14:57.906 9 INFO neutron.db.ovn_revision_numbers_db [None req-12c39f49-3962-4cbf-9ba7-6117abf635c2 1a7bfbcc99f147ebb9941d3786225d3a 3f58fa161a4143a18370d34b7ba0f89a - - default default] Successfully bumped revision number for resource 98a6178a-87d4-4181-b383-e33a230a9937 (type: security_group_rules) to 0
2026-06-15 20:14:57.924 9 INFO neutron.db.ovn_revision_numbers_db [None req-12c39f49-3962-4cbf-9ba7-6117abf635c2 1a7bfbcc99f147ebb9941d3786225d3a 3f58fa161a4143a18370d34b7ba0f89a - - default default] Successfully bumped revision number for resource 99adbef2-db19-4ae7-a94a-5b2d3b77bdfb (type: security_group_rules) to 0
2026-06-15 20:14:57.940 9 INFO neutron.db.ovn_revision_numbers_db [None req-12c39f49-3962-4cbf-9ba7-6117abf635c2 1a7bfbcc99f147ebb9941d3786225d3a 3f58fa161a4143a18370d34b7ba0f89a - - default default] Successfully bumped revision number for resource c5e798c9-efed-4094-8e7d-2c72692303ea (type: security_group_rules) to 0
2026-06-15 20:14:57.951 10 INFO neutron.api.wsgi [req-473d9560-e40a-4298-83da-246413808bec req-c9436f66-f8ec-4ef4-a045-374820a898df 942487f5261f4ba996abd2b43250beff 3e6a69f0a750474e96c60d0268000ab9 - - default default] 10.0.0.66 "GET /v2.0/ports?device_id=b79254db-af0e-4eda-a4e2-91c4f7c84b43 HTTP/1.1" status: 200 len: 1174 time: 0.0803382
2026-06-15 20:14:57.957 9 INFO neutron.db.ovn_revision_numbers_db [None req-12c39f49-3962-4cbf-9ba7-6117abf635c2 1a7bfbcc99f147ebb9941d3786225d3a 3f58fa161a4143a18370d34b7ba0f89a - - default default] Successfully bumped revision number for resource dd6d0660-c877-46b2-9960-ecedafb37f07 (type: security_group_rules) to 0
2026-06-15 20:14:57.986 10 INFO neutron.api.wsgi [req-473d9560-e40a-4298-83da-246413808bec req-6ec2e168-79c2-4728-a169-19e4e983f2da 942487f5261f4ba996abd2b43250beff 3e6a69f0a750474e96c60d0268000ab9 - - default default] 10.0.0.66 "GET /v2.0/security-groups?id=7113f9f9-afe7-4411-82b0-aff5688f292f&fields=id&fields=name HTTP/1.1" status: 200 len: 313 time: 0.0279856
2026-06-15 20:14:57.995 9 INFO neutron.api.wsgi [None req-12c39f49-3962-4cbf-9ba7-6117abf635c2 1a7bfbcc99f147ebb9941d3786225d3a 3f58fa161a4143a18370d34b7ba0f89a - - default default] 10.0.0.129 "GET /v2.0/security-groups?tenant_id=8b02022924454d07ae8a212d217229dc&name=default HTTP/1.1" status: 200 len: 3120 time: 0.1906099
2026-06-15 20:14:58.098 10 INFO neutron.api.wsgi [req-141422e0-796c-4932-b863-71273bee3b89 req-c60e189b-cd72-4189-8b2b-25ef023703fe 942487f5261f4ba996abd2b43250beff 3e6a69f0a750474e96c60d0268000ab9 - - default default] 10.0.0.66 "GET /v2.0/ports?device_id=b79254db-af0e-4eda-a4e2-91c4f7c84b43 HTTP/1.1" status: 200 len: 1174 time: 0.0341520
2026-06-15 20:14:58.137 10 INFO neutron.api.wsgi [req-141422e0-796c-4932-b863-71273bee3b89 req-d756142d-1215-484b-8bc9-131fce3048c3 942487f5261f4ba996abd2b43250beff 3e6a69f0a750474e96c60d0268000ab9 - - default default] 10.0.0.66 "GET /v2.0/security-groups?id=7113f9f9-afe7-4411-82b0-aff5688f292f&fields=id&fields=name HTTP/1.1" status: 200 len: 313 time: 0.0300324
2026-06-15 20:14:58.184 9 INFO neutron.api.wsgi [None req-ee864c69-3ff9-4a61-9278-409d102e7aa1 1a7bfbcc99f147ebb9941d3786225d3a 3f58fa161a4143a18370d34b7ba0f89a - - default default] 10.0.0.129 "DELETE /v2.0/security-groups/0655c2bc-cfd0-4647-a732-b5f1c726025e HTTP/1.1" status: 204 len: 168 time: 0.1846046
2026-06-15 20:14:58.200 10 INFO neutron.api.wsgi [None req-7a00321a-9810-42e4-95c4-b66c24b398a2 036c33e4fbd24f95b045b6cf6a53e8eb 7aa3ad0e25974af88a37d216d83ffcc2 - - default default] 10.0.0.129 "GET /v2.0/ports?device_id=b79254db-af0e-4eda-a4e2-91c4f7c84b43 HTTP/1.1" status: 200 len: 1408 time: 0.0360482
2026-06-15 20:14:58.303 9 INFO neutron.api.wsgi [None req-4bea527f-fece-463d-8ad4-2402c867f5b4 1a7bfbcc99f147ebb9941d3786225d3a 3f58fa161a4143a18370d34b7ba0f89a - - default default] 10.0.0.129 "GET /v2.0/security-groups?tenant_id=bf28a4c812514206b211b47437761f41&name=default HTTP/1.1" status: 200 len: 3120 time: 0.0312033
2026-06-15 20:14:58.552 9 INFO neutron.api.wsgi [None req-29d2d8d1-f6d3-449d-b779-bc64f65db58f 1a7bfbcc99f147ebb9941d3786225d3a 3f58fa161a4143a18370d34b7ba0f89a - - default default] 10.0.0.129 "DELETE /v2.0/security-groups/02e2f3f7-50e0-479a-8a3b-3e6fc0d925ef HTTP/1.1" status: 204 len: 168 time: 0.2444048
2026-06-15 20:14:58.701 10 INFO neutron.db.ovn_revision_numbers_db [None req-b8a1e398-0dcd-431b-a157-9bc2017828be 942487f5261f4ba996abd2b43250beff 3e6a69f0a750474e96c60d0268000ab9 - - default default] Successfully bumped revision number for resource 620338d3-d7b3-49b4-bd1f-8674fa61a771 (type: floatingips) to 4
2026-06-15 20:14:58.821 10 INFO neutron.db.ovn_revision_numbers_db [None req-b8a1e398-0dcd-431b-a157-9bc2017828be 942487f5261f4ba996abd2b43250beff 3e6a69f0a750474e96c60d0268000ab9 - - default default] Successfully bumped revision number for resource 620338d3-d7b3-49b4-bd1f-8674fa61a771 (type: floatingips) to 5
2026-06-15 20:14:58.822 10 INFO neutron.db.l3_db [None req-b8a1e398-0dcd-431b-a157-9bc2017828be 942487f5261f4ba996abd2b43250beff 3e6a69f0a750474e96c60d0268000ab9 - - default default] Floating IP 620338d3-d7b3-49b4-bd1f-8674fa61a771 associated. External IP: 10.96.250.209, port: 785587d8-c7b2-41e7-9910-af0ded74b3ff.
2026-06-15 20:14:58.853 10 INFO neutron.api.wsgi [None req-b8a1e398-0dcd-431b-a157-9bc2017828be 942487f5261f4ba996abd2b43250beff 3e6a69f0a750474e96c60d0268000ab9 - - default default] 10.0.0.129 "PUT /v2.0/floatingips/620338d3-d7b3-49b4-bd1f-8674fa61a771 HTTP/1.1" status: 200 len: 1050 time: 0.6496971 /var/lib/openstack/lib/python3.12/site-packages/pycadf/identifier.py:71: UserWarning: Invalid uuid: neutron. To ensure interoperability, identifiers should be a valid uuid. warnings.warn(('Invalid uuid: %s. To ensure interoperability, '
2026-06-15 20:14:58.888 10 INFO neutron.notifiers.nova [-] Nova event matching ['req-199c95c5-acbd-4c34-8671-444c15b55254'] response: {'name': 'network-changed', 'server_uuid': 'b79254db-af0e-4eda-a4e2-91c4f7c84b43', 'tag': '785587d8-c7b2-41e7-9910-af0ded74b3ff', 'status': 'completed', 'code': 200}
2026-06-15 20:14:58.902 9 INFO neutron.api.wsgi [None req-949c8b00-60b3-42a0-82f0-a3cbebefdf31 942487f5261f4ba996abd2b43250beff 3e6a69f0a750474e96c60d0268000ab9 - - default default] 10.0.0.129 "GET /v2.0/floatingips/620338d3-d7b3-49b4-bd1f-8674fa61a771 HTTP/1.1" status: 200 len: 1052 time: 0.0435207
2026-06-15 20:14:59.430 10 INFO neutron.api.wsgi [req-3becc4ea-0a7b-41d8-8934-9b347935f099 req-26510e51-74c8-43db-9c01-da6678824baf 93fd75e7c16c433dac6ed82ee324d3ad 04d056b16d244824b637045d713059ed - - 0c5e71a710ee4d4d9b14d4562644cb4e 0c5e71a710ee4d4d9b14d4562644cb4e] 199.19.213.159 "GET /v2.0/ports?tenant_id=3e6a69f0a750474e96c60d0268000ab9&device_id=b79254db-af0e-4eda-a4e2-91c4f7c84b43 HTTP/1.1" status: 200 len: 1413 time: 0.0352130
