2026-06-15 20:15:51.417 9 INFO neutron.api.wsgi [None req-efe2cdf7-b05a-4dcd-82eb-97f37faaeafc 15983bcc7f1941169dcf4a535479c923 699d569832d04bc5802fe210b2891e13 - - default default] 10.0.0.129 "DELETE /v2.0/ports/edeb08a5-c30b-48c6-ae04-e2500a79177b HTTP/1.1" status: 204 len: 168 time: 0.2625940
2026-06-15 20:15:51.426 10 INFO neutron.db.ovn_revision_numbers_db [None req-bac7d973-07b2-433f-a727-2d6a538281f4 - - - - - -] Successfully bumped revision number for resource fe291ab9-d159-45b5-9326-1d5c184d2d0c (type: ports) to 3
2026-06-15 20:15:51.600 10 INFO neutron.db.ovn_revision_numbers_db [None req-46ce8cf4-5c3f-433b-993d-003c431c4a7e 7dd57d3e5a0f4e2bb85c50c0d54972d3 3a3fc5df4a384b7d906cdeb89e899baf - - default default] Successfully bumped revision number for resource 4cb60257-2ef0-4073-9fe6-441109b113e2 (type: ports) to 1
2026-06-15 20:15:51.688 10 INFO neutron.api.wsgi [None req-cf7d4526-e45f-4447-a5cf-9025660d2647 4d3b9bd99ea24fbbafeeb98e85924d10 51d8ab0906984b47b597e511c42a0bf7 - - default default] 10.0.0.129 "POST /v2.0/vpn/vpnservices HTTP/1.1" status: 201 len: 656 time: 5.3345850
2026-06-15 20:15:51.697 9 INFO neutron.api.wsgi [None req-d562e09d-7494-416e-b067-f37260f02713 15983bcc7f1941169dcf4a535479c923 699d569832d04bc5802fe210b2891e13 - - default default] 10.0.0.129 "DELETE /v2.0/networks/1ac973e8-ed23-4b1d-b708-4c2ff9c5f734 HTTP/1.1" status: 204 len: 168 time: 0.2735314
2026-06-15 20:15:51.699 10 WARNING neutron_lib.context [None req-e7ee39c6-17cc-49be-a873-722d0d211d97 4d3b9bd99ea24fbbafeeb98e85924d10 51d8ab0906984b47b597e511c42a0bf7 - - default default] Method 'is_advsvc' is deprecated since 2023.2 release (neutron-lib 3.8.0) and will be removed once support for the old RBAC API policies will be removed from Neutron. Please use method 'is_service_role' instead.
2026-06-15 20:15:51.708 10 WARNING neutron.scheduler.dhcp_agent_scheduler [None req-46ce8cf4-5c3f-433b-993d-003c431c4a7e 7dd57d3e5a0f4e2bb85c50c0d54972d3 3a3fc5df4a384b7d906cdeb89e899baf - - default default] No more DHCP agents
2026-06-15 20:15:51.709 10 WARNING neutron.api.rpc.agentnotifiers.dhcp_rpc_agent_api [None req-46ce8cf4-5c3f-433b-993d-003c431c4a7e 7dd57d3e5a0f4e2bb85c50c0d54972d3 3a3fc5df4a384b7d906cdeb89e899baf - - default default] Unable to schedule network 86fdaf7b-5d4c-4582-9349-8e74939844ac: no agents available; will retry on subsequent port and subnet creation events.
2026-06-15 20:15:52.030 10 INFO neutron.db.ovn_revision_numbers_db [None req-46ce8cf4-5c3f-433b-993d-003c431c4a7e 7dd57d3e5a0f4e2bb85c50c0d54972d3 3a3fc5df4a384b7d906cdeb89e899baf - - default default] Successfully bumped revision number for resource 4cb60257-2ef0-4073-9fe6-441109b113e2 (type: router_ports) to 1
2026-06-15 20:15:52.034 10 INFO neutron.api.wsgi [None req-46ce8cf4-5c3f-433b-993d-003c431c4a7e 7dd57d3e5a0f4e2bb85c50c0d54972d3 3a3fc5df4a384b7d906cdeb89e899baf - - default default] 10.0.0.129 "PUT /v2.0/routers/b6c6c635-d075-4566-9a46-70c525c81cc6/add_router_interface HTTP/1.1" status: 200 len: 503 time: 1.6448033
2026-06-15 20:15:52.070 9 INFO neutron.api.wsgi [None req-3582eddf-bf0e-4abe-bd81-14105bf0888e 15983bcc7f1941169dcf4a535479c923 699d569832d04bc5802fe210b2891e13 - - default default] 10.0.0.129 "DELETE /v2.0/networks/c3522b24-3722-4ab0-8c64-45d3328331a5 HTTP/1.1" status: 204 len: 168 time: 0.3660481
2026-06-15 20:15:52.074 9 INFO neutron.api.wsgi [None req-9dd44751-be4f-437a-ad8d-6c247a0dadd2 7dd57d3e5a0f4e2bb85c50c0d54972d3 3a3fc5df4a384b7d906cdeb89e899baf - - default default] 10.0.0.129 "GET /v2.0/ports/4cb60257-2ef0-4073-9fe6-441109b113e2 HTTP/1.1" status: 200 len: 1139 time: 0.0322680
2026-06-15 20:15:52.105 9 INFO neutron.api.wsgi [None req-1e5290fa-9591-47fd-b8e8-6100ce3961b7 7dd57d3e5a0f4e2bb85c50c0d54972d3 3a3fc5df4a384b7d906cdeb89e899baf - - default default] 10.0.0.129 "GET /v2.0/ports/4cb60257-2ef0-4073-9fe6-441109b113e2 HTTP/1.1" status: 200 len: 1139 time: 0.0271962
2026-06-15 20:15:52.225 9 WARNING neutron.plugins.ml2.drivers.ovn.mech_driver.ovsdb.ovn_client [None req-de0d39a0-ef4b-4f75-b9d7-823ac98c9753 - - - - - -] No hosting information found for port 9ff84fa4-3edf-4ee8-8524-3194ed98bc0b: RuntimeError: No hosting information found for port 9ff84fa4-3edf-4ee8-8524-3194ed98bc0b
2026-06-15 20:15:52.292 9 INFO neutron.db.ovn_revision_numbers_db [None req-de0d39a0-ef4b-4f75-b9d7-823ac98c9753 - - - - - -] Successfully bumped revision number for resource 9ff84fa4-3edf-4ee8-8524-3194ed98bc0b (type: router_ports) to 2
2026-06-15 20:15:52.344 9 INFO neutron.plugins.ml2.drivers.ovn.mech_driver.mech_driver [None req-de0d39a0-ef4b-4f75-b9d7-823ac98c9753 - - - - - -] OVN reports status up for port: 4cb60257-2ef0-4073-9fe6-441109b113e2
2026-06-15 20:15:52.351 9 INFO neutron.plugins.ml2.plugin [None req-de0d39a0-ef4b-4f75-b9d7-823ac98c9753 - - - - - -] Attempt 1 to provision port 4cb60257-2ef0-4073-9fe6-441109b113e2
2026-06-15 20:15:52.402 9 INFO neutron.api.wsgi [None req-1bdd6dec-02bf-4c1e-a575-2b99d55e5506 15983bcc7f1941169dcf4a535479c923 699d569832d04bc5802fe210b2891e13 - - default default] 10.0.0.129 "DELETE /v2.0/networks/91ef6775-1a50-4a50-9607-c1a955b386ab HTTP/1.1" status: 204 len: 168 time: 0.3275363
2026-06-15 20:15:52.503 10 INFO neutron.db.ovn_revision_numbers_db [None req-ca360ad3-54bd-4002-a71a-f1e4d08e8e0f 1a7bfbcc99f147ebb9941d3786225d3a 3f58fa161a4143a18370d34b7ba0f89a - - default default] Successfully bumped revision number for resource d31d78a3-9e10-49aa-935a-9e31fe6e410f (type: security_groups) to 1
2026-06-15 20:15:52.515 10 INFO neutron.db.ovn_revision_numbers_db [None req-ca360ad3-54bd-4002-a71a-f1e4d08e8e0f 1a7bfbcc99f147ebb9941d3786225d3a 3f58fa161a4143a18370d34b7ba0f89a - - default default] Successfully bumped revision number for resource 112de53f-2ba5-46cf-96df-dae08cb68bf3 (type: security_group_rules) to 0
2026-06-15 20:15:52.525 10 INFO neutron.api.wsgi [None req-e7ee39c6-17cc-49be-a873-722d0d211d97 4d3b9bd99ea24fbbafeeb98e85924d10 51d8ab0906984b47b597e511c42a0bf7 - - default default] 10.0.0.129 "POST /v2.0/vpn/vpnservices HTTP/1.1" status: 201 len: 621 time: 0.8316300
2026-06-15 20:15:52.529 10 INFO neutron.db.ovn_revision_numbers_db [None req-ca360ad3-54bd-4002-a71a-f1e4d08e8e0f 1a7bfbcc99f147ebb9941d3786225d3a 3f58fa161a4143a18370d34b7ba0f89a - - default default] Successfully bumped revision number for resource 239bec4a-9217-4c84-8449-e076c3f7622f (type: security_group_rules) to 0
2026-06-15 20:15:52.538 10 WARNING neutron_lib.context [None req-87b76302-ff49-4f47-8862-d94250a06f12 4d3b9bd99ea24fbbafeeb98e85924d10 51d8ab0906984b47b597e511c42a0bf7 - - default default] Method 'is_advsvc' is deprecated since 2023.2 release (neutron-lib 3.8.0) and will be removed once support for the old RBAC API policies will be removed from Neutron. Please use method 'is_service_role' instead.
2026-06-15 20:15:52.546 10 INFO neutron.db.ovn_revision_numbers_db [None req-ca360ad3-54bd-4002-a71a-f1e4d08e8e0f 1a7bfbcc99f147ebb9941d3786225d3a 3f58fa161a4143a18370d34b7ba0f89a - - default default] Successfully bumped revision number for resource 5669a133-af8f-4b47-86fe-795c5fb62737 (type: security_group_rules) to 0
2026-06-15 20:15:52.557 10 INFO neutron.db.ovn_revision_numbers_db [None req-ca360ad3-54bd-4002-a71a-f1e4d08e8e0f 1a7bfbcc99f147ebb9941d3786225d3a 3f58fa161a4143a18370d34b7ba0f89a - - default default] Successfully bumped revision number for resource e4b10e90-a7c6-43ae-bbbe-7845dfbdf5aa (type: security_group_rules) to 0
2026-06-15 20:15:52.568 10 INFO neutron.api.wsgi [None req-87b76302-ff49-4f47-8862-d94250a06f12 4d3b9bd99ea24fbbafeeb98e85924d10 51d8ab0906984b47b597e511c42a0bf7 - - default default] 10.0.0.129 "POST /v2.0/vpn/ikepolicies HTTP/1.1" status: 201 len: 603 time: 0.0336292
2026-06-15 20:15:52.578 10 WARNING neutron_lib.context [None req-e4dc080f-45b3-47d3-aef5-24e691f813e3 4d3b9bd99ea24fbbafeeb98e85924d10 51d8ab0906984b47b597e511c42a0bf7 - - default default] Method 'is_advsvc' is deprecated since 2023.2 release (neutron-lib 3.8.0) and will be removed once support for the old RBAC API policies will be removed from Neutron. Please use method 'is_service_role' instead.
2026-06-15 20:15:52.592 10 INFO neutron.api.wsgi [None req-ca360ad3-54bd-4002-a71a-f1e4d08e8e0f 1a7bfbcc99f147ebb9941d3786225d3a 3f58fa161a4143a18370d34b7ba0f89a - - default default] 10.0.0.129 "GET /v2.0/security-groups?tenant_id=cc7a43c18770464dae02a9de9cabe20b&name=default HTTP/1.1" status: 200 len: 3120 time: 0.8533337
2026-06-15 20:15:52.616 10 INFO neutron.api.wsgi [None req-e4dc080f-45b3-47d3-aef5-24e691f813e3 4d3b9bd99ea24fbbafeeb98e85924d10 51d8ab0906984b47b597e511c42a0bf7 - - default default] 10.0.0.129 "POST /v2.0/vpn/ipsecpolicies HTTP/1.1" status: 201 len: 612 time: 0.0440223
2026-06-15 20:15:52.625 10 WARNING neutron_lib.context [None req-fb12f9a4-c829-4d19-bd1a-66141eafa9d0 4d3b9bd99ea24fbbafeeb98e85924d10 51d8ab0906984b47b597e511c42a0bf7 - - default default] Method 'is_advsvc' is deprecated since 2023.2 release (neutron-lib 3.8.0) and will be removed once support for the old RBAC API policies will be removed from Neutron. Please use method 'is_service_role' instead.
2026-06-15 20:15:52.684 10 INFO neutron.api.wsgi [None req-fb12f9a4-c829-4d19-bd1a-66141eafa9d0 4d3b9bd99ea24fbbafeeb98e85924d10 51d8ab0906984b47b597e511c42a0bf7 - - default default] 10.0.0.129 "POST /v2.0/vpn/endpoint-groups HTTP/1.1" status: 201 len: 527 time: 0.0615959
2026-06-15 20:15:52.693 10 WARNING neutron_lib.context [None req-ece8c21c-f57d-4281-9da4-c81ee40d133c 4d3b9bd99ea24fbbafeeb98e85924d10 51d8ab0906984b47b597e511c42a0bf7 - - default default] Method 'is_advsvc' is deprecated since 2023.2 release (neutron-lib 3.8.0) and will be removed once support for the old RBAC API policies will be removed from Neutron. Please use method 'is_service_role' instead.
2026-06-15 20:15:52.714 9 INFO neutron.db.ovn_revision_numbers_db [None req-de0d39a0-ef4b-4f75-b9d7-823ac98c9753 - - - - - -] Successfully bumped revision number for resource 4cb60257-2ef0-4073-9fe6-441109b113e2 (type: ports) to 2
2026-06-15 20:15:52.735 10 INFO neutron.api.wsgi [None req-ece8c21c-f57d-4281-9da4-c81ee40d133c 4d3b9bd99ea24fbbafeeb98e85924d10 51d8ab0906984b47b597e511c42a0bf7 - - default default] 10.0.0.129 "POST /v2.0/vpn/endpoint-groups HTTP/1.1" status: 201 len: 517 time: 0.0464113
2026-06-15 20:15:52.747 9 WARNING neutron_lib.context [None req-b412f4b5-239f-4350-9dd6-fd7238b569d7 4d3b9bd99ea24fbbafeeb98e85924d10 51d8ab0906984b47b597e511c42a0bf7 - - default default] Method 'is_advsvc' is deprecated since 2023.2 release (neutron-lib 3.8.0) and will be removed once support for the old RBAC API policies will be removed from Neutron. Please use method 'is_service_role' instead.
2026-06-15 20:15:52.805 10 INFO neutron.api.wsgi [None req-bb2e9784-8942-44a5-a824-dd4cbbf0ea7d 1a7bfbcc99f147ebb9941d3786225d3a 3f58fa161a4143a18370d34b7ba0f89a - - default default] 10.0.0.129 "DELETE /v2.0/security-groups/d31d78a3-9e10-49aa-935a-9e31fe6e410f HTTP/1.1" status: 204 len: 168 time: 0.2077298
2026-06-15 20:15:52.806 9 INFO neutron.api.wsgi [None req-29117098-ef65-4f8d-8cb6-d08a704315ea 15983bcc7f1941169dcf4a535479c923 699d569832d04bc5802fe210b2891e13 - - default default] 10.0.0.129 "DELETE /v2.0/networks/8b417f33-f241-460d-91a4-8e22269d9180 HTTP/1.1" status: 204 len: 168 time: 0.3951666
2026-06-15 20:15:52.940 9 INFO neutron.api.wsgi [None req-93ddd06c-9d54-471a-a30e-9902f0cc57a6 1a7bfbcc99f147ebb9941d3786225d3a 3f58fa161a4143a18370d34b7ba0f89a - - default default] 10.0.0.129 "GET /v2.0/security-groups?tenant_id=af44237ea6f84098a4a34797374b1710&name=default HTTP/1.1" status: 200 len: 3120 time: 0.0406594
2026-06-15 20:15:53.129 10 INFO neutron.api.wsgi [None req-8c308c8e-5fee-49ea-8e35-af4e955303ad 15983bcc7f1941169dcf4a535479c923 699d569832d04bc5802fe210b2891e13 - - default default] 10.0.0.129 "DELETE /v2.0/networks/5590743d-6676-4223-9c61-7bbdcb17d348 HTTP/1.1" status: 204 len: 168 time: 0.3175836
2026-06-15 20:15:53.176 10 INFO neutron.api.wsgi [None req-8b30cc48-178e-4c3e-a8af-eb5c0ebfe80b 1a7bfbcc99f147ebb9941d3786225d3a 3f58fa161a4143a18370d34b7ba0f89a - - default default] 10.0.0.129 "DELETE /v2.0/security-groups/b4c54ec0-95db-418c-baf9-f6207a202b5f HTTP/1.1" status: 204 len: 168 time: 0.2312980
2026-06-15 20:15:53.180 10 INFO neutron.api.wsgi [None req-5096fb63-ded5-41c3-83d5-726189658c31 7dd57d3e5a0f4e2bb85c50c0d54972d3 3a3fc5df4a384b7d906cdeb89e899baf - - default default] 10.0.0.129 "GET /v2.0/ports/4cb60257-2ef0-4073-9fe6-441109b113e2 HTTP/1.1" status: 200 len: 1141 time: 0.0688438
2026-06-15 20:15:53.378 10 INFO neutron.services.segments.plugin [-] Segment e0ad31ea-82d3-44b1-9d2b-529f45e9e476 resource provider aggregate not found
2026-06-15 20:15:53.382 10 INFO neutron.services.segments.plugin [-] Segment e0ad31ea-82d3-44b1-9d2b-529f45e9e476 resource provider aggregate not found
2026-06-15 20:15:53.393 10 INFO neutron.services.segments.plugin [-] Segment e0ad31ea-82d3-44b1-9d2b-529f45e9e476 resource provider not found; error: Placement Client Error (4xx): {"errors": [{"status": 404, "title": "Not Found", "detail": "The resource could not be found.\n\n No resource provider with uuid e0ad31ea-82d3-44b1-9d2b-529f45e9e476 found for delete ", "request_id": "req-6e5a5c5e-8a22-478e-b648-e58266c1d810"}]}
2026-06-15 20:15:53.396 10 INFO neutron.services.segments.plugin [-] Segment e0ad31ea-82d3-44b1-9d2b-529f45e9e476 resource provider not found; error: Placement Client Error (4xx): {"errors": [{"status": 404, "title": "Not Found", "detail": "The resource could not be found.\n\n No resource provider with uuid e0ad31ea-82d3-44b1-9d2b-529f45e9e476 found for delete ", "request_id": "req-0fcd7271-7eb0-4e2c-905e-61ca86906101"}]}
2026-06-15 20:15:53.438 10 INFO neutron.db.ovn_revision_numbers_db [None req-53ed3a4e-cc45-4a39-b437-cf6a3b61afe0 1a7bfbcc99f147ebb9941d3786225d3a 3f58fa161a4143a18370d34b7ba0f89a - - default default] Successfully bumped revision number for resource 1fa6575c-2ce7-4674-a87f-a293897979f2 (type: security_groups) to 1
2026-06-15 20:15:53.455 10 INFO neutron.db.ovn_revision_numbers_db [None req-53ed3a4e-cc45-4a39-b437-cf6a3b61afe0 1a7bfbcc99f147ebb9941d3786225d3a 3f58fa161a4143a18370d34b7ba0f89a - - default default] Successfully bumped revision number for resource 02e3c41a-4bdf-4abc-8a3b-6a219ccbc8d6 (type: security_group_rules) to 0
2026-06-15 20:15:53.470 10 INFO neutron.db.ovn_revision_numbers_db [None req-53ed3a4e-cc45-4a39-b437-cf6a3b61afe0 1a7bfbcc99f147ebb9941d3786225d3a 3f58fa161a4143a18370d34b7ba0f89a - - default default] Successfully bumped revision number for resource 13f85f94-f531-4afd-aee6-7fd925227ca5 (type: security_group_rules) to 0
2026-06-15 20:15:53.485 10 INFO neutron.db.ovn_revision_numbers_db [None req-53ed3a4e-cc45-4a39-b437-cf6a3b61afe0 1a7bfbcc99f147ebb9941d3786225d3a 3f58fa161a4143a18370d34b7ba0f89a - - default default] Successfully bumped revision number for resource 86103ab0-6a2b-4f9c-b4b8-8ee5371c41ef (type: security_group_rules) to 0
2026-06-15 20:15:53.509 10 INFO neutron.db.ovn_revision_numbers_db [None req-53ed3a4e-cc45-4a39-b437-cf6a3b61afe0 1a7bfbcc99f147ebb9941d3786225d3a 3f58fa161a4143a18370d34b7ba0f89a - - default default] Successfully bumped revision number for resource ea9f5ec1-98cc-4447-8fe7-0570a1c2888d (type: security_group_rules) to 0
2026-06-15 20:15:53.572 10 INFO neutron.api.wsgi [None req-53ed3a4e-cc45-4a39-b437-cf6a3b61afe0 1a7bfbcc99f147ebb9941d3786225d3a 3f58fa161a4143a18370d34b7ba0f89a - - default default] 10.0.0.129 "GET /v2.0/security-groups?tenant_id=f1ca65a6f0e344c08ca16ccf019476ad&name=default HTTP/1.1" status: 200 len: 3120 time: 0.2660873
2026-06-15 20:15:53.583 9 INFO neutron.services.segments.plugin [-] Segment ed044962-19ff-45a1-be80-59bf627e127d resource provider aggregate not found
2026-06-15 20:15:53.588 9 INFO neutron.services.segments.plugin [-] Segment ed044962-19ff-45a1-be80-59bf627e127d resource provider aggregate not found
2026-06-15 20:15:53.606 9 INFO neutron.services.segments.plugin [-] Segment ed044962-19ff-45a1-be80-59bf627e127d resource provider not found; error: Placement Client Error (4xx): {"errors": [{"status": 404, "title": "Not Found", "detail": "The resource could not be found.\n\n No resource provider with uuid ed044962-19ff-45a1-be80-59bf627e127d found for delete ", "request_id": "req-31bd47db-3cd6-415c-8252-89ded7a67687"}]}
2026-06-15 20:15:53.612 9 INFO neutron.services.segments.plugin [-] Segment ed044962-19ff-45a1-be80-59bf627e127d resource provider not found; error: Placement Client Error (4xx): {"errors": [{"status": 404, "title": "Not Found", "detail": "The resource could not be found.\n\n No resource provider with uuid ed044962-19ff-45a1-be80-59bf627e127d found for delete ", "request_id": "req-62be0337-071c-4bdd-8a93-2cb8c2544968"}]}
2026-06-15 20:15:53.623 9 INFO neutron.services.segments.plugin [-] Segment 33b851ec-2cd9-4a9d-9ef0-7b31f5d639fc resource provider aggregate not found
2026-06-15 20:15:53.627 9 INFO neutron.services.segments.plugin [-] Segment 33b851ec-2cd9-4a9d-9ef0-7b31f5d639fc resource provider aggregate not found
2026-06-15 20:15:53.634 9 INFO neutron.services.segments.plugin [-] Segment 33b851ec-2cd9-4a9d-9ef0-7b31f5d639fc resource provider not found; error: Placement Client Error (4xx): {"errors": [{"status": 404, "title": "Not Found", "detail": "The resource could not be found.\n\n No resource provider with uuid 33b851ec-2cd9-4a9d-9ef0-7b31f5d639fc found for delete ", "request_id": "req-1ea9e3ff-8bf6-4629-a877-25251a1de26c"}]}
2026-06-15 20:15:53.641 9 INFO neutron.services.segments.plugin [-] Segment 33b851ec-2cd9-4a9d-9ef0-7b31f5d639fc resource provider not found; error: Placement Client Error (4xx): {"errors": [{"status": 404, "title": "Not Found", "detail": "The resource could not be found.\n\n No resource provider with uuid 33b851ec-2cd9-4a9d-9ef0-7b31f5d639fc found for delete ", "request_id": "req-6323d186-7417-44d8-ba88-28e935e10cb0"}]}
2026-06-15 20:15:53.653 9 INFO neutron.services.segments.plugin [-] Segment cd39cdee-c1ab-409e-8bef-13f5f95ff0f8 resource provider aggregate not found
2026-06-15 20:15:53.658 9 INFO neutron.services.segments.plugin [-] Segment cd39cdee-c1ab-409e-8bef-13f5f95ff0f8 resource provider aggregate not found
2026-06-15 20:15:53.672 9 INFO neutron.services.segments.plugin [-] Segment cd39cdee-c1ab-409e-8bef-13f5f95ff0f8 resource provider not found; error: Placement Client Error (4xx): {"errors": [{"status": 404, "title": "Not Found", "detail": "The resource could not be found.\n\n No resource provider with uuid cd39cdee-c1ab-409e-8bef-13f5f95ff0f8 found for delete ", "request_id": "req-eeb444ab-bc56-4ccf-8504-53b65bd46d08"}]}
2026-06-15 20:15:53.680 9 INFO neutron.services.segments.plugin [-] Segment cd39cdee-c1ab-409e-8bef-13f5f95ff0f8 resource provider not found; error: Placement Client Error (4xx): {"errors": [{"status": 404, "title": "Not Found", "detail": "The resource could not be found.\n\n No resource provider with uuid cd39cdee-c1ab-409e-8bef-13f5f95ff0f8 found for delete ", "request_id": "req-0cc7f1a1-f26b-47cc-9b89-4da931cf545e"}]}
2026-06-15 20:15:53.694 9 INFO neutron.services.segments.plugin [-] Segment 38c1e23f-67dc-43b6-ab72-6a1d33bd287b resource provider aggregate not found
2026-06-15 20:15:53.711 9 INFO neutron.services.segments.plugin [-] Segment 38c1e23f-67dc-43b6-ab72-6a1d33bd287b resource provider not found; error: Placement Client Error (4xx): {"errors": [{"status": 404, "title": "Not Found", "detail": "The resource could not be found.\n\n No resource provider with uuid 38c1e23f-67dc-43b6-ab72-6a1d33bd287b found for delete ", "request_id": "req-072406c9-0fe9-426e-878e-244917d15ca1"}]}
2026-06-15 20:15:53.729 9 INFO neutron.services.segments.plugin [-] Segment 38c1e23f-67dc-43b6-ab72-6a1d33bd287b resource provider aggregate not found
2026-06-15 20:15:53.748 9 INFO neutron.services.segments.plugin [-] Segment 38c1e23f-67dc-43b6-ab72-6a1d33bd287b resource provider not found; error: Placement Client Error (4xx): {"errors": [{"status": 404, "title": "Not Found", "detail": "The resource could not be found.\n\n No resource provider with uuid 38c1e23f-67dc-43b6-ab72-6a1d33bd287b found for delete ", "request_id": "req-770aed7e-8b77-47da-8ac2-16bd1de35a27"}]}
2026-06-15 20:15:53.755 10 INFO neutron.api.wsgi [None req-761cc99c-5420-42be-8b38-fad551e718d5 7dd57d3e5a0f4e2bb85c50c0d54972d3 3a3fc5df4a384b7d906cdeb89e899baf - - default default] 10.0.0.129 "PUT /v2.0/routers/b6c6c635-d075-4566-9a46-70c525c81cc6/remove_router_interface HTTP/1.1" status: 200 len: 503 time: 0.5705111 /var/lib/openstack/lib/python3.12/site-packages/pycadf/identifier.py:71: UserWarning: Invalid uuid: neutron. To ensure interoperability, identifiers should be a valid uuid. warnings.warn(('Invalid uuid: %s. To ensure interoperability, '
2026-06-15 20:15:53.802 10 INFO neutron.api.wsgi [None req-1678a4e3-aac6-40b3-b6d7-6e64c430e5ad 7dd57d3e5a0f4e2bb85c50c0d54972d3 3a3fc5df4a384b7d906cdeb89e899baf - - default default] 10.0.0.129 "GET /v2.0/ports?device_id=b6c6c635-d075-4566-9a46-70c525c81cc6 HTTP/1.1" status: 200 len: 205 time: 0.0412242
2026-06-15 20:15:53.846 9 INFO neutron.db.ovn_revision_numbers_db [None req-b412f4b5-239f-4350-9dd6-fd7238b569d7 4d3b9bd99ea24fbbafeeb98e85924d10 51d8ab0906984b47b597e511c42a0bf7 - - default default] Successfully bumped revision number for resource cc57df91-736a-4f92-816a-13fff46f7544 (type: routers) to 5
2026-06-15 20:15:53.891 9 INFO neutron.api.wsgi [None req-b412f4b5-239f-4350-9dd6-fd7238b569d7 4d3b9bd99ea24fbbafeeb98e85924d10 51d8ab0906984b47b597e511c42a0bf7 - - default default] 10.0.0.129 "POST /v2.0/vpn/ipsec-site-connections HTTP/1.1" status: 201 len: 1002 time: 1.1488483
2026-06-15 20:15:53.904 10 WARNING neutron_lib.context [None req-f0b3be90-9ece-428d-b3b3-7b1bc7823bb4 4d3b9bd99ea24fbbafeeb98e85924d10 51d8ab0906984b47b597e511c42a0bf7 - - default default] Method 'is_advsvc' is deprecated since 2023.2 release (neutron-lib 3.8.0) and will be removed once support for the old RBAC API policies will be removed from Neutron. Please use method 'is_service_role' instead.
2026-06-15 20:15:53.919 9 INFO neutron.api.wsgi [None req-03f02689-5bdd-4306-b36a-56c375558f4a 1a7bfbcc99f147ebb9941d3786225d3a 3f58fa161a4143a18370d34b7ba0f89a - - default default] 10.0.0.129 "DELETE /v2.0/security-groups/1fa6575c-2ce7-4674-a87f-a293897979f2 HTTP/1.1" status: 204 len: 168 time: 0.3411350
2026-06-15 20:15:53.974 10 INFO neutron.api.wsgi [None req-f0b3be90-9ece-428d-b3b3-7b1bc7823bb4 4d3b9bd99ea24fbbafeeb98e85924d10 51d8ab0906984b47b597e511c42a0bf7 - - default default] 10.0.0.129 "POST /v2.0/vpn/endpoint-groups HTTP/1.1" status: 201 len: 489 time: 0.0742717
2026-06-15 20:15:53.984 10 INFO neutron.api.wsgi [None req-a1320f75-d2d3-4fa4-a60f-5b8182b7598f 7dd57d3e5a0f4e2bb85c50c0d54972d3 3a3fc5df4a384b7d906cdeb89e899baf - - default default] 10.0.0.129 "DELETE /v2.0/routers/b6c6c635-d075-4566-9a46-70c525c81cc6 HTTP/1.1" status: 204 len: 168 time: 0.1777618
2026-06-15 20:15:54.009 9 INFO neutron.api.wsgi [None req-d3ed626e-4e6f-4f78-b212-2c5bda2835bd 4d3b9bd99ea24fbbafeeb98e85924d10 51d8ab0906984b47b597e511c42a0bf7 - - default default] 10.0.0.129 "DELETE /v2.0/vpn/endpoint-groups/76b63f60-df49-485b-bca9-2629baaa1ffe HTTP/1.1" status: 204 len: 168 time: 0.0304880
2026-06-15 20:15:54.031 10 INFO neutron.api.wsgi [None req-fa555dde-47a2-43b5-b191-0083074dbc78 4d3b9bd99ea24fbbafeeb98e85924d10 51d8ab0906984b47b597e511c42a0bf7 - - default default] 10.0.0.129 "GET /v2.0/vpn/endpoint-groups HTTP/1.1" status: 200 len: 825 time: 0.0164740
2026-06-15 20:15:54.051 9 INFO neutron.api.wsgi [None req-82cc0dc2-591b-4f7d-aef5-653caab2e64e 4d3b9bd99ea24fbbafeeb98e85924d10 51d8ab0906984b47b597e511c42a0bf7 - - default default] 10.0.0.129 "GET /v2.0/vpn/endpoint-groups HTTP/1.1" status: 200 len: 825 time: 0.0117271
2026-06-15 20:15:54.141 10 INFO neutron.api.wsgi [None req-f33c08de-c87c-4601-83bd-e62fa95ac3c9 7dd57d3e5a0f4e2bb85c50c0d54972d3 3a3fc5df4a384b7d906cdeb89e899baf - - default default] 10.0.0.129 "DELETE /v2.0/subnets/cda43972-4ecd-46fa-8840-6d0ef0d4944d HTTP/1.1" status: 204 len: 168 time: 0.1520236
2026-06-15 20:15:54.318 9 INFO neutron.db.ovn_revision_numbers_db [None req-f930fc17-fc86-447e-a692-d0457e2cf550 1a7bfbcc99f147ebb9941d3786225d3a 3f58fa161a4143a18370d34b7ba0f89a - - default default] Successfully bumped revision number for resource e1df2709-0687-430a-825e-b1980dbf431f (type: security_groups) to 1
2026-06-15 20:15:54.333 9 INFO neutron.db.ovn_revision_numbers_db [None req-f930fc17-fc86-447e-a692-d0457e2cf550 1a7bfbcc99f147ebb9941d3786225d3a 3f58fa161a4143a18370d34b7ba0f89a - - default default] Successfully bumped revision number for resource 2d9acf26-5243-4487-bfb2-281b40b12fa5 (type: security_group_rules) to 0
2026-06-15 20:15:54.345 9 INFO neutron.db.ovn_revision_numbers_db [None req-f930fc17-fc86-447e-a692-d0457e2cf550 1a7bfbcc99f147ebb9941d3786225d3a 3f58fa161a4143a18370d34b7ba0f89a - - default default] Successfully bumped revision number for resource 554c21f9-7ea4-46ad-84a8-85fbd88becfe (type: security_group_rules) to 0
2026-06-15 20:15:54.361 9 INFO neutron.db.ovn_revision_numbers_db [None req-f930fc17-fc86-447e-a692-d0457e2cf550 1a7bfbcc99f147ebb9941d3786225d3a 3f58fa161a4143a18370d34b7ba0f89a - - default default] Successfully bumped revision number for resource 943346ee-8373-424e-bc01-b68fae9b574a (type: security_group_rules) to 0
2026-06-15 20:15:54.377 9 INFO neutron.db.ovn_revision_numbers_db [None req-f930fc17-fc86-447e-a692-d0457e2cf550 1a7bfbcc99f147ebb9941d3786225d3a 3f58fa161a4143a18370d34b7ba0f89a - - default default] Successfully bumped revision number for resource b5fe2871-b219-4632-b7de-f649e0e42e0d (type: security_group_rules) to 0
2026-06-15 20:15:54.413 9 INFO neutron.api.wsgi [None req-f930fc17-fc86-447e-a692-d0457e2cf550 1a7bfbcc99f147ebb9941d3786225d3a 3f58fa161a4143a18370d34b7ba0f89a - - default default] 10.0.0.129 "GET /v2.0/security-groups?tenant_id=2c1ab416814340a6bb1b2082c739f26b&name=default HTTP/1.1" status: 200 len: 3120 time: 0.4549203
2026-06-15 20:15:54.496 10 INFO neutron.api.wsgi [None req-c69eca86-8829-42d8-9457-7e9fcfcf0fd9 7dd57d3e5a0f4e2bb85c50c0d54972d3 3a3fc5df4a384b7d906cdeb89e899baf - - default default] 10.0.0.129 "DELETE /v2.0/networks/86fdaf7b-5d4c-4582-9349-8e74939844ac HTTP/1.1" status: 204 len: 168 time: 0.3511193
2026-06-15 20:15:54.508 10 WARNING neutron_lib.context [None req-1e99615f-2df7-422d-b474-72410b3f29dc 7dd57d3e5a0f4e2bb85c50c0d54972d3 3a3fc5df4a384b7d906cdeb89e899baf - - default default] Method 'is_advsvc' is deprecated since 2023.2 release (neutron-lib 3.8.0) and will be removed once support for the old RBAC API policies will be removed from Neutron. Please use method 'is_service_role' instead.
2026-06-15 20:15:54.563 10 INFO neutron.api.wsgi [None req-bc850f38-0808-494e-a42e-a1de50201f51 b75bdc027b1c4833af1d71b4342e1477 e99e784c8724483b96a3d5e77b17bff6 - - default default] 10.0.0.129 "POST /v2.0/vpn/ikepolicies HTTP/1.1" status: 201 len: 601 time: 0.1237395
2026-06-15 20:15:54.586 10 INFO neutron.api.wsgi [None req-42dbd623-fcae-4220-aae2-717cf043c92c 4d3b9bd99ea24fbbafeeb98e85924d10 51d8ab0906984b47b597e511c42a0bf7 - - default default] 10.0.0.129 "GET /v2.0/vpn/ikepolicies HTTP/1.1" status: 200 len: 991 time: 0.0165639
2026-06-15 20:15:54.650 9 INFO neutron.api.wsgi [None req-697ef039-63df-4b73-b46b-6e27798be6d9 b75bdc027b1c4833af1d71b4342e1477 e99e784c8724483b96a3d5e77b17bff6 - - default default] 10.0.0.129 "DELETE /v2.0/vpn/ikepolicies/6a16f81b-24af-4593-9e6f-d936587df04f HTTP/1.1" status: 204 len: 168 time: 0.0520694
2026-06-15 20:15:54.665 9 INFO neutron.api.wsgi [None req-a012be49-5c85-480f-8617-bf2c7ac00415 1a7bfbcc99f147ebb9941d3786225d3a 3f58fa161a4143a18370d34b7ba0f89a - - default default] 10.0.0.129 "DELETE /v2.0/security-groups/e1df2709-0687-430a-825e-b1980dbf431f HTTP/1.1" status: 204 len: 168 time: 0.2468963
2026-06-15 20:15:54.712 9 INFO neutron.api.wsgi [None req-305ecb7c-6807-4a9c-bd3e-e1b6c41f5138 b75bdc027b1c4833af1d71b4342e1477 e99e784c8724483b96a3d5e77b17bff6 - - default default] 10.0.0.129 "POST /v2.0/vpn/ipsecpolicies HTTP/1.1" status: 201 len: 611 time: 0.0534534
2026-06-15 20:15:54.732 10 INFO neutron.api.wsgi [None req-c52f13ab-a48c-4a3f-ab6d-04a72c9c854f 4d3b9bd99ea24fbbafeeb98e85924d10 51d8ab0906984b47b597e511c42a0bf7 - - default default] 10.0.0.129 "GET /v2.0/vpn/ipsecpolicies HTTP/1.1" status: 200 len: 1008 time: 0.0161583
2026-06-15 20:15:54.779 10 INFO neutron.api.wsgi [None req-edcd365d-adcf-4540-b8e4-90512d4b6132 b75bdc027b1c4833af1d71b4342e1477 e99e784c8724483b96a3d5e77b17bff6 - - default default] 10.0.0.129 "DELETE /v2.0/vpn/ipsecpolicies/856d992b-a475-4045-8322-c568f7b85705 HTTP/1.1" status: 204 len: 168 time: 0.0428929
2026-06-15 20:15:54.794 9 WARNING neutron_lib.context [None req-119eccfa-c360-4ef2-b634-01b74b798310 4d3b9bd99ea24fbbafeeb98e85924d10 51d8ab0906984b47b597e511c42a0bf7 - - default default] Method 'is_advsvc' is deprecated since 2023.2 release (neutron-lib 3.8.0) and will be removed once support for the old RBAC API policies will be removed from Neutron. Please use method 'is_service_role' instead.
2026-06-15 20:15:54.815 9 INFO neutron.api.wsgi [None req-e57bfa9b-43c6-47ce-b69c-34ee8afa5676 1a7bfbcc99f147ebb9941d3786225d3a 3f58fa161a4143a18370d34b7ba0f89a - - default default] 10.0.0.129 "GET /v2.0/security-groups?tenant_id=699d569832d04bc5802fe210b2891e13&name=default HTTP/1.1" status: 200 len: 3120 time: 0.0502813
2026-06-15 20:15:54.920 9 INFO neutron.db.segments_db [None req-119eccfa-c360-4ef2-b634-01b74b798310 4d3b9bd99ea24fbbafeeb98e85924d10 51d8ab0906984b47b597e511c42a0bf7 - - default default] Added segment 98149ec9-c3de-4941-a950-6c313b44daa3 of type geneve for network 0bdbb244-860a-423f-8e63-daee4ded1270
2026-06-15 20:15:54.983 10 WARNING neutron.scheduler.dhcp_agent_scheduler [None req-1e99615f-2df7-422d-b474-72410b3f29dc 7dd57d3e5a0f4e2bb85c50c0d54972d3 3a3fc5df4a384b7d906cdeb89e899baf - - default default] No more DHCP agents
2026-06-15 20:15:54.984 10 WARNING neutron.api.rpc.agentnotifiers.dhcp_rpc_agent_api [None req-1e99615f-2df7-422d-b474-72410b3f29dc 7dd57d3e5a0f4e2bb85c50c0d54972d3 3a3fc5df4a384b7d906cdeb89e899baf - - default default] Unable to schedule network dbcb6816-2d1c-4dec-8158-9762bf8ff873: no agents available; will retry on subsequent port and subnet creation events.
2026-06-15 20:15:55.042 9 INFO neutron.db.ovn_revision_numbers_db [None req-119eccfa-c360-4ef2-b634-01b74b798310 4d3b9bd99ea24fbbafeeb98e85924d10 51d8ab0906984b47b597e511c42a0bf7 - - default default] Successfully bumped revision number for resource 0bdbb244-860a-423f-8e63-daee4ded1270 (type: networks) to 1
2026-06-15 20:15:55.075 9 INFO neutron.api.wsgi [None req-25d63077-3e9a-4dea-92b0-e450f0b0fae2 1a7bfbcc99f147ebb9941d3786225d3a 3f58fa161a4143a18370d34b7ba0f89a - - default default] 10.0.0.129 "DELETE /v2.0/security-groups/fc291292-0f2f-431c-80b0-a798fa749896 HTTP/1.1" status: 204 len: 168 time: 0.2522545
2026-06-15 20:15:55.100 10 INFO neutron.db.ovn_revision_numbers_db [None req-1e99615f-2df7-422d-b474-72410b3f29dc 7dd57d3e5a0f4e2bb85c50c0d54972d3 3a3fc5df4a384b7d906cdeb89e899baf - - default default] Successfully bumped revision number for resource 8c3eb1e9-36bf-4bcd-84b9-8701b5864401 (type: ports) to 1
2026-06-15 20:15:55.222 9 WARNING neutron.scheduler.dhcp_agent_scheduler [None req-119eccfa-c360-4ef2-b634-01b74b798310 4d3b9bd99ea24fbbafeeb98e85924d10 51d8ab0906984b47b597e511c42a0bf7 - - default default] No more DHCP agents
2026-06-15 20:15:55.224 9 WARNING neutron.api.rpc.agentnotifiers.dhcp_rpc_agent_api [None req-119eccfa-c360-4ef2-b634-01b74b798310 4d3b9bd99ea24fbbafeeb98e85924d10 51d8ab0906984b47b597e511c42a0bf7 - - default default] Unable to schedule network 0bdbb244-860a-423f-8e63-daee4ded1270: no agents available; will retry on subsequent port and subnet creation events.
2026-06-15 20:15:55.298 9 INFO neutron.db.ovn_revision_numbers_db [None req-119eccfa-c360-4ef2-b634-01b74b798310 4d3b9bd99ea24fbbafeeb98e85924d10 51d8ab0906984b47b597e511c42a0bf7 - - default default] Successfully bumped revision number for resource 17264114-e8b6-4ac4-83ab-40a40512d3ee (type: ports) to 1
2026-06-15 20:15:55.309 9 INFO neutron.db.ovn_revision_numbers_db [None req-d6b7d846-f1e8-486b-abdc-1095840614ec 1a7bfbcc99f147ebb9941d3786225d3a 3f58fa161a4143a18370d34b7ba0f89a - - default default] Successfully bumped revision number for resource 65513184-22e3-46a5-a06b-938202d2bb96 (type: security_groups) to 1
2026-06-15 20:15:55.319 9 INFO neutron.api.wsgi [None req-119eccfa-c360-4ef2-b634-01b74b798310 4d3b9bd99ea24fbbafeeb98e85924d10 51d8ab0906984b47b597e511c42a0bf7 - - default default] 10.0.0.129 "POST /v2.0/networks HTTP/1.1" status: 201 len: 831 time: 0.5323935
2026-06-15 20:15:55.327 9 WARNING neutron_lib.context [None req-e43ac5dc-0768-416d-87f1-533209a37321 4d3b9bd99ea24fbbafeeb98e85924d10 51d8ab0906984b47b597e511c42a0bf7 - - default default] Method 'is_advsvc' is deprecated since 2023.2 release (neutron-lib 3.8.0) and will be removed once support for the old RBAC API policies will be removed from Neutron. Please use method 'is_service_role' instead.
2026-06-15 20:15:55.329 9 INFO neutron.db.ovn_revision_numbers_db [None req-d6b7d846-f1e8-486b-abdc-1095840614ec 1a7bfbcc99f147ebb9941d3786225d3a 3f58fa161a4143a18370d34b7ba0f89a - - default default] Successfully bumped revision number for resource 39635d09-324d-4b85-acfa-149dc9a2b83d (type: security_group_rules) to 0
2026-06-15 20:15:55.350 9 INFO neutron.db.ovn_revision_numbers_db [None req-d6b7d846-f1e8-486b-abdc-1095840614ec 1a7bfbcc99f147ebb9941d3786225d3a 3f58fa161a4143a18370d34b7ba0f89a - - default default] Successfully bumped revision number for resource 8e300b58-5cf4-4178-ac6d-d2a162adf134 (type: security_group_rules) to 0
2026-06-15 20:15:55.367 9 INFO neutron.db.ovn_revision_numbers_db [None req-d6b7d846-f1e8-486b-abdc-1095840614ec 1a7bfbcc99f147ebb9941d3786225d3a 3f58fa161a4143a18370d34b7ba0f89a - - default default] Successfully bumped revision number for resource 91a9635c-e5e6-4aef-b627-826527a0eba5 (type: security_group_rules) to 0
2026-06-15 20:15:55.382 9 INFO neutron.db.ovn_revision_numbers_db [None req-d6b7d846-f1e8-486b-abdc-1095840614ec 1a7bfbcc99f147ebb9941d3786225d3a 3f58fa161a4143a18370d34b7ba0f89a - - default default] Successfully bumped revision number for resource 9fdce94a-8e4a-433d-a416-91f7993ebf5d (type: security_group_rules) to 0
2026-06-15 20:15:55.387 10 WARNING neutron.plugins.ml2.drivers.ovn.mech_driver.ovsdb.ovn_client [None req-a363a82a-2f54-4e4b-a2a0-751a5c35ec33 - - - - - -] No hosting information found for port 722150dd-fc2f-44db-9c96-055883daac34: RuntimeError: No hosting information found for port 722150dd-fc2f-44db-9c96-055883daac34
2026-06-15 20:15:55.417 10 INFO neutron.services.segments.plugin [-] Segment 3e2bc21f-d421-4a9e-bb1f-06f0db9bd21d resource provider aggregate not found
2026-06-15 20:15:55.419 9 INFO neutron.api.wsgi [None req-d6b7d846-f1e8-486b-abdc-1095840614ec 1a7bfbcc99f147ebb9941d3786225d3a 3f58fa161a4143a18370d34b7ba0f89a - - default default] 10.0.0.129 "GET /v2.0/security-groups?tenant_id=31ae78f039404bcfb89481fa7854f7d5&name=default HTTP/1.1" status: 200 len: 3120 time: 0.2479532
2026-06-15 20:15:55.422 10 INFO neutron.services.segments.plugin [-] Segment 3e2bc21f-d421-4a9e-bb1f-06f0db9bd21d resource provider aggregate not found
2026-06-15 20:15:55.433 10 INFO neutron.services.segments.plugin [-] Segment 3e2bc21f-d421-4a9e-bb1f-06f0db9bd21d resource provider not found; error: Placement Client Error (4xx): {"errors": [{"status": 404, "title": "Not Found", "detail": "The resource could not be found.\n\n No resource provider with uuid 3e2bc21f-d421-4a9e-bb1f-06f0db9bd21d found for delete ", "request_id": "req-d78f23b9-53ba-4b17-9b3a-01febc231fdd"}]}
2026-06-15 20:15:55.443 10 INFO neutron.services.segments.plugin [-] Segment 3e2bc21f-d421-4a9e-bb1f-06f0db9bd21d resource provider not found; error: Placement Client Error (4xx): {"errors": [{"status": 404, "title": "Not Found", "detail": "The resource could not be found.\n\n No resource provider with uuid 3e2bc21f-d421-4a9e-bb1f-06f0db9bd21d found for delete ", "request_id": "req-e379c45b-3da6-48d7-86a8-4b7405c7946c"}]}
2026-06-15 20:15:55.475 10 INFO neutron.db.ovn_revision_numbers_db [None req-a363a82a-2f54-4e4b-a2a0-751a5c35ec33 - - - - - -] Successfully bumped revision number for resource 722150dd-fc2f-44db-9c96-055883daac34 (type: router_ports) to 2
2026-06-15 20:15:55.560 9 WARNING neutron.scheduler.dhcp_agent_scheduler [None req-e43ac5dc-0768-416d-87f1-533209a37321 4d3b9bd99ea24fbbafeeb98e85924d10 51d8ab0906984b47b597e511c42a0bf7 - - default default] No more DHCP agents
2026-06-15 20:15:55.562 9 WARNING neutron.api.rpc.agentnotifiers.dhcp_rpc_agent_api [None req-e43ac5dc-0768-416d-87f1-533209a37321 4d3b9bd99ea24fbbafeeb98e85924d10 51d8ab0906984b47b597e511c42a0bf7 - - default default] Unable to schedule network 0bdbb244-860a-423f-8e63-daee4ded1270: no agents available; will retry on subsequent port and subnet creation events.
2026-06-15 20:15:55.666 9 INFO neutron.api.wsgi [None req-a387a315-ca15-4ff0-858c-467a23370e2f 1a7bfbcc99f147ebb9941d3786225d3a 3f58fa161a4143a18370d34b7ba0f89a - - default default] 10.0.0.129 "DELETE /v2.0/security-groups/65513184-22e3-46a5-a06b-938202d2bb96 HTTP/1.1" status: 204 len: 168 time: 0.2365859
2026-06-15 20:15:55.705 10 INFO neutron.plugins.ml2.drivers.ovn.mech_driver.ovsdb.commands [None req-ab74cb68-5b61-4ad4-9c14-3b4f91ab4986 - - - - - -] Schedule LRP lrp-8c3eb1e9-36bf-4bcd-84b9-8701b5864401 on gateway c169de98-b3f8-4df1-9992-1253cfbe3fd8 with priority 1
2026-06-15 20:15:55.715 10 INFO neutron.plugins.ml2.drivers.ovn.mech_driver.mech_driver [None req-a363a82a-2f54-4e4b-a2a0-751a5c35ec33 - - - - - -] OVN reports status up for port: 8c3eb1e9-36bf-4bcd-84b9-8701b5864401
2026-06-15 20:15:55.729 10 INFO neutron.plugins.ml2.plugin [None req-a363a82a-2f54-4e4b-a2a0-751a5c35ec33 - - - - - -] Attempt 1 to provision port 8c3eb1e9-36bf-4bcd-84b9-8701b5864401
2026-06-15 20:15:55.756 10 INFO neutron.db.ovn_revision_numbers_db [None req-1e99615f-2df7-422d-b474-72410b3f29dc 7dd57d3e5a0f4e2bb85c50c0d54972d3 3a3fc5df4a384b7d906cdeb89e899baf - - default default] Successfully bumped revision number for resource 8c3eb1e9-36bf-4bcd-84b9-8701b5864401 (type: router_ports) to 1
2026-06-15 20:15:55.822 10 INFO neutron.db.ovn_revision_numbers_db [None req-1e99615f-2df7-422d-b474-72410b3f29dc 7dd57d3e5a0f4e2bb85c50c0d54972d3 3a3fc5df4a384b7d906cdeb89e899baf - - default default] Successfully bumped revision number for resource 02135258-b0b6-4a70-a5f5-a46160cffe40 (type: routers) to 2
2026-06-15 20:15:55.837 10 INFO neutron.api.wsgi [None req-1e99615f-2df7-422d-b474-72410b3f29dc 7dd57d3e5a0f4e2bb85c50c0d54972d3 3a3fc5df4a384b7d906cdeb89e899baf - - default default] 10.0.0.129 "POST /v2.0/routers HTTP/1.1" status: 201 len: 1150 time: 1.3331804
2026-06-15 20:15:55.897 10 INFO neutron.api.wsgi [None req-c05ae7c5-691d-4218-b453-2f439da485b2 7dd57d3e5a0f4e2bb85c50c0d54972d3 3a3fc5df4a384b7d906cdeb89e899baf - - default default] 10.0.0.129 "GET /v2.0/routers/02135258-b0b6-4a70-a5f5-a46160cffe40 HTTP/1.1" status: 200 len: 1151 time: 0.0550432
2026-06-15 20:15:55.978 10 INFO neutron.api.wsgi [None req-b96003f2-3d28-4511-9249-f4a995777a9d 7dd57d3e5a0f4e2bb85c50c0d54972d3 3a3fc5df4a384b7d906cdeb89e899baf - - default default] 10.0.0.129 "GET /v2.0/routers HTTP/1.1" status: 200 len: 1154 time: 0.0760996
2026-06-15 20:15:55.985 9 INFO neutron.db.ovn_revision_numbers_db [None req-eeb93d74-c927-4d84-9d5d-77230c4b7389 - - - - - -] Successfully bumped revision number for resource 17264114-e8b6-4ac4-83ab-40a40512d3ee (type: ports) to 2
2026-06-15 20:15:56.022 9 INFO neutron.db.ovn_revision_numbers_db [None req-eeb93d74-c927-4d84-9d5d-77230c4b7389 - - - - - -] Successfully bumped revision number for resource 11622480-9afd-430c-9406-a0b9d87fedb5 (type: subnets) to 0
2026-06-15 20:15:56.043 9 INFO neutron.api.wsgi [None req-e43ac5dc-0768-416d-87f1-533209a37321 4d3b9bd99ea24fbbafeeb98e85924d10 51d8ab0906984b47b597e511c42a0bf7 - - default default] 10.0.0.129 "POST /v2.0/subnets HTTP/1.1" status: 201 len: 828 time: 0.7192879
2026-06-15 20:15:56.052 10 WARNING neutron_lib.context [None req-69b554ba-23fd-4a2f-9d33-1487dad9fd5b 4d3b9bd99ea24fbbafeeb98e85924d10 51d8ab0906984b47b597e511c42a0bf7 - - default default] Method 'is_advsvc' is deprecated since 2023.2 release (neutron-lib 3.8.0) and will be removed once support for the old RBAC API policies will be removed from Neutron. Please use method 'is_service_role' instead.
2026-06-15 20:15:56.516 10 INFO neutron.db.ovn_revision_numbers_db [None req-4a062ea0-c1dd-4df6-bdea-55db66e2a3c6 7dd57d3e5a0f4e2bb85c50c0d54972d3 3a3fc5df4a384b7d906cdeb89e899baf - - default default] Successfully bumped revision number for resource 02135258-b0b6-4a70-a5f5-a46160cffe40 (type: routers) to 3
2026-06-15 20:15:56.520 10 INFO neutron.api.wsgi [None req-4a062ea0-c1dd-4df6-bdea-55db66e2a3c6 7dd57d3e5a0f4e2bb85c50c0d54972d3 3a3fc5df4a384b7d906cdeb89e899baf - - default default] 10.0.0.129 "PUT /v2.0/routers/02135258-b0b6-4a70-a5f5-a46160cffe40 HTTP/1.1" status: 200 len: 1158 time: 0.5377524
2026-06-15 20:15:56.520 10 WARNING neutron.scheduler.dhcp_agent_scheduler [None req-69b554ba-23fd-4a2f-9d33-1487dad9fd5b 4d3b9bd99ea24fbbafeeb98e85924d10 51d8ab0906984b47b597e511c42a0bf7 - - default default] No more DHCP agents
2026-06-15 20:15:56.522 10 WARNING neutron.api.rpc.agentnotifiers.dhcp_rpc_agent_api [None req-69b554ba-23fd-4a2f-9d33-1487dad9fd5b 4d3b9bd99ea24fbbafeeb98e85924d10 51d8ab0906984b47b597e511c42a0bf7 - - default default] Unable to schedule network dbcb6816-2d1c-4dec-8158-9762bf8ff873: no agents available; will retry on subsequent port and subnet creation events.
2026-06-15 20:15:56.574 9 INFO neutron.api.wsgi [None req-d7dbe005-3c65-479d-a15c-3e540d086170 7dd57d3e5a0f4e2bb85c50c0d54972d3 3a3fc5df4a384b7d906cdeb89e899baf - - default default] 10.0.0.129 "GET /v2.0/routers/02135258-b0b6-4a70-a5f5-a46160cffe40 HTTP/1.1" status: 200 len: 1158 time: 0.0484812
2026-06-15 20:15:56.598 9 INFO neutron.api.wsgi [None req-27ceeaf5-7959-4398-b15e-a6d1193cfc47 7dd57d3e5a0f4e2bb85c50c0d54972d3 3a3fc5df4a384b7d906cdeb89e899baf - - default default] 10.0.0.129 "GET /v2.0/ports?device_id=02135258-b0b6-4a70-a5f5-a46160cffe40 HTTP/1.1" status: 200 len: 205 time: 0.0171711
2026-06-15 20:15:56.654 10 INFO neutron.db.ovn_revision_numbers_db [None req-69b554ba-23fd-4a2f-9d33-1487dad9fd5b 4d3b9bd99ea24fbbafeeb98e85924d10 51d8ab0906984b47b597e511c42a0bf7 - - default default] Successfully bumped revision number for resource 7a8770bb-f4a0-4efd-babd-9773a9557a1c (type: ports) to 1
2026-06-15 20:15:57.247 10 INFO neutron.plugins.ml2.drivers.ovn.mech_driver.ovsdb.commands [None req-ab74cb68-5b61-4ad4-9c14-3b4f91ab4986 - - - - - -] Schedule LRP lrp-7a8770bb-f4a0-4efd-babd-9773a9557a1c on gateway c169de98-b3f8-4df1-9992-1253cfbe3fd8 with priority 1
2026-06-15 20:15:57.259 9 INFO neutron.api.wsgi [None req-2f9758e6-4043-486e-849b-cbcf011ab042 7dd57d3e5a0f4e2bb85c50c0d54972d3 3a3fc5df4a384b7d906cdeb89e899baf - - default default] 10.0.0.129 "DELETE /v2.0/routers/02135258-b0b6-4a70-a5f5-a46160cffe40 HTTP/1.1" status: 204 len: 168 time: 0.6560619
2026-06-15 20:15:57.281 9 INFO neutron.api.wsgi [None req-6b94b9c9-8171-4675-8214-8a07cb9f5c82 7dd57d3e5a0f4e2bb85c50c0d54972d3 3a3fc5df4a384b7d906cdeb89e899baf - - default default] 10.0.0.129 "GET /v2.0/ports?device_id=02135258-b0b6-4a70-a5f5-a46160cffe40 HTTP/1.1" status: 200 len: 205 time: 0.0147374
2026-06-15 20:15:57.282 10 INFO neutron.db.ovn_revision_numbers_db [None req-69b554ba-23fd-4a2f-9d33-1487dad9fd5b 4d3b9bd99ea24fbbafeeb98e85924d10 51d8ab0906984b47b597e511c42a0bf7 - - default default] Successfully bumped revision number for resource 7a8770bb-f4a0-4efd-babd-9773a9557a1c (type: router_ports) to 1
2026-06-15 20:15:57.297 9 INFO neutron.api.v2.resource [None req-43c632b4-dcdb-460c-ae8f-5ddd36875212 7dd57d3e5a0f4e2bb85c50c0d54972d3 3a3fc5df4a384b7d906cdeb89e899baf - - default default] delete failed (client error): The resource could not be found.
2026-06-15 20:15:57.297 9 INFO neutron.api.wsgi [None req-43c632b4-dcdb-460c-ae8f-5ddd36875212 7dd57d3e5a0f4e2bb85c50c0d54972d3 3a3fc5df4a384b7d906cdeb89e899baf - - default default] 10.0.0.129 "DELETE /v2.0/routers/02135258-b0b6-4a70-a5f5-a46160cffe40 HTTP/1.1" status: 404 len: 336 time: 0.0128727
2026-06-15 20:15:57.316 9 INFO neutron.api.wsgi [None req-ee6d9913-38ea-4486-af55-4b45d3d42765 7dd57d3e5a0f4e2bb85c50c0d54972d3 3a3fc5df4a384b7d906cdeb89e899baf - - default default] 10.0.0.129 "GET /v2.0/ports?device_id=b6c6c635-d075-4566-9a46-70c525c81cc6 HTTP/1.1" status: 200 len: 205 time: 0.0157883
2026-06-15 20:15:57.335 9 INFO neutron.api.v2.resource [None req-f798916d-e36f-4fce-ac20-7daf0c0dd5b2 7dd57d3e5a0f4e2bb85c50c0d54972d3 3a3fc5df4a384b7d906cdeb89e899baf - - default default] delete failed (client error): The resource could not be found.
2026-06-15 20:15:57.336 9 INFO neutron.api.wsgi [None req-f798916d-e36f-4fce-ac20-7daf0c0dd5b2 7dd57d3e5a0f4e2bb85c50c0d54972d3 3a3fc5df4a384b7d906cdeb89e899baf - - default default] 10.0.0.129 "DELETE /v2.0/routers/b6c6c635-d075-4566-9a46-70c525c81cc6 HTTP/1.1" status: 404 len: 336 time: 0.0153351
2026-06-15 20:15:57.345 10 INFO neutron.db.ovn_revision_numbers_db [None req-69b554ba-23fd-4a2f-9d33-1487dad9fd5b 4d3b9bd99ea24fbbafeeb98e85924d10 51d8ab0906984b47b597e511c42a0bf7 - - default default] Successfully bumped revision number for resource ddc80e6f-18c4-47a4-8147-1c97415c3963 (type: routers) to 2
2026-06-15 20:15:57.351 9 INFO neutron.pecan_wsgi.hooks.translation [None req-f8b5ecf9-cc6e-4935-9e96-28eca7155f9a 7dd57d3e5a0f4e2bb85c50c0d54972d3 3a3fc5df4a384b7d906cdeb89e899baf - - default default] DELETE failed (client error): The resource could not be found.
2026-06-15 20:15:57.354 9 INFO neutron.api.wsgi [None req-f8b5ecf9-cc6e-4935-9e96-28eca7155f9a 7dd57d3e5a0f4e2bb85c50c0d54972d3 3a3fc5df4a384b7d906cdeb89e899baf - - default default] 10.0.0.129 "DELETE /v2.0/subnets/cda43972-4ecd-46fa-8840-6d0ef0d4944d HTTP/1.1" status: 404 len: 337 time: 0.0133576
2026-06-15 20:15:57.368 10 INFO neutron.api.wsgi [None req-69b554ba-23fd-4a2f-9d33-1487dad9fd5b 4d3b9bd99ea24fbbafeeb98e85924d10 51d8ab0906984b47b597e511c42a0bf7 - - default default] 10.0.0.129 "POST /v2.0/routers HTTP/1.1" status: 201 len: 1135 time: 1.3204207
2026-06-15 20:15:57.382 10 INFO neutron.api.wsgi [None req-6f480d21-4e8f-45bd-8852-f708095cfeee 7dd57d3e5a0f4e2bb85c50c0d54972d3 3a3fc5df4a384b7d906cdeb89e899baf - - default default] 10.0.0.129 "GET /v2.0/ports?device_id=a3e58210-2ad4-4d16-b25a-92cd3d7aa9f6 HTTP/1.1" status: 200 len: 205 time: 0.0235200
2026-06-15 20:15:57.399 10 INFO neutron.api.v2.resource [None req-e2e021f0-cfea-4dfa-8755-84f511e12a69 7dd57d3e5a0f4e2bb85c50c0d54972d3 3a3fc5df4a384b7d906cdeb89e899baf - - default default] delete failed (client error): The resource could not be found.
2026-06-15 20:15:57.400 10 INFO neutron.api.wsgi [None req-e2e021f0-cfea-4dfa-8755-84f511e12a69 7dd57d3e5a0f4e2bb85c50c0d54972d3 3a3fc5df4a384b7d906cdeb89e899baf - - default default] 10.0.0.129 "DELETE /v2.0/routers/a3e58210-2ad4-4d16-b25a-92cd3d7aa9f6 HTTP/1.1" status: 404 len: 336 time: 0.0133097
2026-06-15 20:15:57.416 9 INFO neutron.api.wsgi [None req-5d9ce3f8-4a6f-4822-9bb7-de33d4e6106a 12f393843e084b6aa2cf101e4133a411 be19a909d4a14813ab0517fe74b60ac4 - - default default] 10.0.0.129 "POST /v2.0/qos/policies HTTP/1.1" status: 201 len: 558 time: 0.2603316
2026-06-15 20:15:57.428 10 INFO neutron.pecan_wsgi.hooks.translation [None req-8950bcc2-cddf-487a-8b2f-436335bd4576 7dd57d3e5a0f4e2bb85c50c0d54972d3 3a3fc5df4a384b7d906cdeb89e899baf - - default default] DELETE failed (client error): The resource could not be found.
2026-06-15 20:15:57.430 10 INFO neutron.api.wsgi [None req-8950bcc2-cddf-487a-8b2f-436335bd4576 7dd57d3e5a0f4e2bb85c50c0d54972d3 3a3fc5df4a384b7d906cdeb89e899baf - - default default] 10.0.0.129 "DELETE /v2.0/subnets/d38c96a3-a5c1-4077-9b9a-3c048e00dc31 HTTP/1.1" status: 404 len: 337 time: 0.0141737
2026-06-15 20:15:57.446 10 INFO neutron.api.wsgi [None req-99d024c1-8c79-40db-9d8d-2f273de19ac0 7dd57d3e5a0f4e2bb85c50c0d54972d3 3a3fc5df4a384b7d906cdeb89e899baf - - default default] 10.0.0.129 "GET /v2.0/ports?device_id=da303177-2b44-4f7f-b302-96746373a099 HTTP/1.1" status: 200 len: 205 time: 0.0128148
2026-06-15 20:15:57.468 10 INFO neutron.api.v2.resource [None req-5c1238ab-ba8d-4ff9-a778-509390c1c2b8 7dd57d3e5a0f4e2bb85c50c0d54972d3 3a3fc5df4a384b7d906cdeb89e899baf - - default default] delete failed (client error): The resource could not be found.
2026-06-15 20:15:57.469 10 INFO neutron.api.wsgi [None req-5c1238ab-ba8d-4ff9-a778-509390c1c2b8 7dd57d3e5a0f4e2bb85c50c0d54972d3 3a3fc5df4a384b7d906cdeb89e899baf - - default default] 10.0.0.129 "DELETE /v2.0/routers/da303177-2b44-4f7f-b302-96746373a099 HTTP/1.1" status: 404 len: 336 time: 0.0154769
2026-06-15 20:15:57.491 10 INFO neutron.pecan_wsgi.hooks.translation [None req-ca58a44a-770b-4cd2-ab8a-e8558bf36eeb 7dd57d3e5a0f4e2bb85c50c0d54972d3 3a3fc5df4a384b7d906cdeb89e899baf - - default default] DELETE failed (client error): The resource could not be found.
2026-06-15 20:15:57.493 10 INFO neutron.api.wsgi [None req-ca58a44a-770b-4cd2-ab8a-e8558bf36eeb 7dd57d3e5a0f4e2bb85c50c0d54972d3 3a3fc5df4a384b7d906cdeb89e899baf - - default default] 10.0.0.129 "DELETE /v2.0/subnets/538fedd2-7de4-4bdf-ac0c-d1557500e818 HTTP/1.1" status: 404 len: 337 time: 0.0138516
2026-06-15 20:15:57.506 10 INFO neutron.pecan_wsgi.hooks.translation [None req-5a14d0e6-a6ca-4aaa-b2dd-38abbdd2920c 7dd57d3e5a0f4e2bb85c50c0d54972d3 3a3fc5df4a384b7d906cdeb89e899baf - - default default] DELETE failed (client error): The resource could not be found.
