2026-06-15 20:13:54.643 9 INFO neutron.db.ovn_revision_numbers_db [None req-4c60d287-44e3-4abe-9462-dd44ce6f0b2a 1a7bfbcc99f147ebb9941d3786225d3a 3f58fa161a4143a18370d34b7ba0f89a - - default default] Successfully bumped revision number for resource dbe4eff2-68f9-40b9-8852-97546ed21e65 (type: ports) to 1
2026-06-15 20:13:54.659 10 INFO neutron.api.wsgi [req-1965f623-e5b4-4206-b51a-587894ea9c71 req-2d77b915-0d3c-4431-a58c-164b4b8f195f 2c8f273960df4580b1c5b9d0f8ead263 43cef4e7d7c949d79bf180f28ffec6ec - - default default] 10.0.0.66 "GET /v2.0/ports?device_id=14fb70b0-3b3f-4680-a44b-3a13fe218217 HTTP/1.1" status: 200 len: 1168 time: 0.1886632
2026-06-15 20:13:54.694 9 INFO neutron.api.wsgi [None req-45cead4d-3c04-434e-80ff-471be354f879 a52a381f19ee4526ae1d7ac693f6cdeb b6b496671402456ca2473c59ad720a7c - - default default] 10.0.0.129 "GET /v2.0/ports/4c6ef4c5-a5de-4e91-a014-2bb967bae217 HTTP/1.1" status: 200 len: 1137 time: 0.0723372
2026-06-15 20:13:54.701 9 WARNING neutron.scheduler.dhcp_agent_scheduler [None req-4c60d287-44e3-4abe-9462-dd44ce6f0b2a 1a7bfbcc99f147ebb9941d3786225d3a 3f58fa161a4143a18370d34b7ba0f89a - - default default] No more DHCP agents
2026-06-15 20:13:54.703 9 WARNING neutron.api.rpc.agentnotifiers.dhcp_rpc_agent_api [None req-4c60d287-44e3-4abe-9462-dd44ce6f0b2a 1a7bfbcc99f147ebb9941d3786225d3a 3f58fa161a4143a18370d34b7ba0f89a - - default default] Unable to schedule network 4dc3c639-ea36-4f2d-b568-a75d9f920dd3: no agents available; will retry on subsequent port and subnet creation events.
2026-06-15 20:13:54.727 10 INFO neutron.db.ovn_revision_numbers_db [None req-e2d772d6-a4a2-4437-8146-21051b5eda90 - - - - - -] Successfully bumped revision number for resource 7418f525-19b3-4572-b963-ae520965ecf7 (type: ports) to 5
2026-06-15 20:13:54.744 9 INFO neutron.api.wsgi [None req-5ed6cb77-1e7e-46f4-b5d7-fdecfa96124d a52a381f19ee4526ae1d7ac693f6cdeb b6b496671402456ca2473c59ad720a7c - - default default] 10.0.0.129 "GET /v2.0/ports/4c6ef4c5-a5de-4e91-a014-2bb967bae217 HTTP/1.1" status: 200 len: 1137 time: 0.0375297
2026-06-15 20:13:54.753 10 INFO neutron.api.wsgi [req-1965f623-e5b4-4206-b51a-587894ea9c71 req-015a2e12-42d8-4675-99be-70116f8b4253 2c8f273960df4580b1c5b9d0f8ead263 43cef4e7d7c949d79bf180f28ffec6ec - - default default] 10.0.0.66 "GET /v2.0/security-groups?id=c16e39c9-2a6a-49d7-8a0b-187e7d4855f6&fields=id&fields=name HTTP/1.1" status: 200 len: 313 time: 0.0844858
2026-06-15 20:13:54.821 10 INFO neutron.db.ovn_revision_numbers_db [req-be53fe28-94ff-430e-b14c-c1cff0c1f6d9 req-0b55b79c-76fe-48d0-8c4f-3c9c013e5c10 93fd75e7c16c433dac6ed82ee324d3ad 04d056b16d244824b637045d713059ed - - 0c5e71a710ee4d4d9b14d4562644cb4e 0c5e71a710ee4d4d9b14d4562644cb4e] Successfully bumped revision number for resource 4c0bff0b-425e-4434-9930-f5db7f4fc5c6 (type: ports) to 2
2026-06-15 20:13:55.016 10 INFO neutron.db.ovn_revision_numbers_db [None req-8a1d0b03-bc43-423c-abc2-ba7c9ec3f203 - - - - - -] Successfully bumped revision number for resource 4c6ef4c5-a5de-4e91-a014-2bb967bae217 (type: ports) to 2
2026-06-15 20:13:55.150 10 INFO neutron.db.ovn_revision_numbers_db [req-be53fe28-94ff-430e-b14c-c1cff0c1f6d9 req-0b55b79c-76fe-48d0-8c4f-3c9c013e5c10 93fd75e7c16c433dac6ed82ee324d3ad 04d056b16d244824b637045d713059ed - - 0c5e71a710ee4d4d9b14d4562644cb4e 0c5e71a710ee4d4d9b14d4562644cb4e] Successfully bumped revision number for resource 4c0bff0b-425e-4434-9930-f5db7f4fc5c6 (type: ports) to 4
2026-06-15 20:13:55.169 10 INFO neutron.api.wsgi [req-be53fe28-94ff-430e-b14c-c1cff0c1f6d9 req-0b55b79c-76fe-48d0-8c4f-3c9c013e5c10 93fd75e7c16c433dac6ed82ee324d3ad 04d056b16d244824b637045d713059ed - - 0c5e71a710ee4d4d9b14d4562644cb4e 0c5e71a710ee4d4d9b14d4562644cb4e] 199.19.213.159 "PUT /v2.0/ports/4c0bff0b-425e-4434-9930-f5db7f4fc5c6 HTTP/1.1" status: 200 len: 1404 time: 1.0735037
2026-06-15 20:13:55.206 10 INFO neutron.notifiers.nova [-] Nova event matching ['req-fe787b68-612f-49ef-9ba8-a7b47326248d'] response: {'name': 'network-changed', 'server_uuid': '14fb70b0-3b3f-4680-a44b-3a13fe218217', 'tag': '4c0bff0b-425e-4434-9930-f5db7f4fc5c6', 'status': 'completed', 'code': 200}
2026-06-15 20:13:55.316 9 INFO neutron.db.ovn_revision_numbers_db [None req-4c60d287-44e3-4abe-9462-dd44ce6f0b2a 1a7bfbcc99f147ebb9941d3786225d3a 3f58fa161a4143a18370d34b7ba0f89a - - default default] Successfully bumped revision number for resource dbe4eff2-68f9-40b9-8852-97546ed21e65 (type: router_ports) to 1
2026-06-15 20:13:55.321 9 INFO neutron.api.wsgi [None req-4c60d287-44e3-4abe-9462-dd44ce6f0b2a 1a7bfbcc99f147ebb9941d3786225d3a 3f58fa161a4143a18370d34b7ba0f89a - - default default] 10.0.0.129 "PUT /v2.0/routers/1730cce1-4573-4812-9901-e3bb1b43c5d3/add_router_interface HTTP/1.1" status: 200 len: 503 time: 2.2510612
2026-06-15 20:13:55.493 10 INFO neutron.api.wsgi [None req-e36cbbb5-a132-40aa-97b3-1ef2bd9bd5cf a52a381f19ee4526ae1d7ac693f6cdeb b6b496671402456ca2473c59ad720a7c - - default default] 10.0.0.129 "PUT /v2.0/routers/12afea06-47c2-41e1-8a3d-26d3ddddc46e/remove_router_interface HTTP/1.1" status: 200 len: 503 time: 0.7388520
2026-06-15 20:13:55.561 9 INFO neutron.api.wsgi [None req-d6e9898e-3777-4ffd-b6e5-d7fb35a88214 a52a381f19ee4526ae1d7ac693f6cdeb b6b496671402456ca2473c59ad720a7c - - default default] 10.0.0.129 "GET /v2.0/ports/a46b728a-dd0c-467b-bb15-b98cf7ba47a0 HTTP/1.1" status: 200 len: 1137 time: 0.0628691 /var/lib/openstack/lib/python3.12/site-packages/pycadf/identifier.py:71: UserWarning: Invalid uuid: neutron. To ensure interoperability, identifiers should be a valid uuid. warnings.warn(('Invalid uuid: %s. To ensure interoperability, '
2026-06-15 20:13:55.760 10 INFO neutron.api.wsgi [req-3289833c-407c-4ca7-ab2d-954a67bb07a3 req-17004e2a-d2ac-4292-b1bc-03a7bf102ec4 93fd75e7c16c433dac6ed82ee324d3ad 04d056b16d244824b637045d713059ed - - 0c5e71a710ee4d4d9b14d4562644cb4e 0c5e71a710ee4d4d9b14d4562644cb4e] 199.19.213.159 "GET /v2.0/ports?tenant_id=43cef4e7d7c949d79bf180f28ffec6ec&device_id=14fb70b0-3b3f-4680-a44b-3a13fe218217 HTTP/1.1" status: 200 len: 1407 time: 0.0404770
2026-06-15 20:13:55.845 10 INFO neutron.api.wsgi [req-3289833c-407c-4ca7-ab2d-954a67bb07a3 req-4aca3de8-c7a8-4618-a670-598dcd4bbec4 93fd75e7c16c433dac6ed82ee324d3ad 04d056b16d244824b637045d713059ed - - 0c5e71a710ee4d4d9b14d4562644cb4e 0c5e71a710ee4d4d9b14d4562644cb4e] 199.19.213.159 "GET /v2.0/networks?tenant_id=43cef4e7d7c949d79bf180f28ffec6ec&shared=False HTTP/1.1" status: 200 len: 978 time: 0.0820003
2026-06-15 20:13:55.877 10 INFO neutron.api.wsgi [req-53d13586-7007-478b-a66e-8d279a15fe99 req-7c332a21-9502-4469-93ca-4416a0aa2d45 2c8f273960df4580b1c5b9d0f8ead263 43cef4e7d7c949d79bf180f28ffec6ec - - default default] 10.0.0.66 "GET /v2.0/ports?device_id=14fb70b0-3b3f-4680-a44b-3a13fe218217 HTTP/1.1" status: 200 len: 1168 time: 0.0457973
2026-06-15 20:13:55.907 10 INFO neutron.api.wsgi [req-3289833c-407c-4ca7-ab2d-954a67bb07a3 req-cbe756c3-4ef7-4e81-a287-9f371ecc412d 93fd75e7c16c433dac6ed82ee324d3ad 04d056b16d244824b637045d713059ed - - 0c5e71a710ee4d4d9b14d4562644cb4e 0c5e71a710ee4d4d9b14d4562644cb4e] 199.19.213.159 "GET /v2.0/networks?shared=True HTTP/1.1" status: 200 len: 952 time: 0.0557382
2026-06-15 20:13:55.916 10 INFO neutron.api.wsgi [req-53d13586-7007-478b-a66e-8d279a15fe99 req-6dfec650-c537-4997-abed-42b81d87733d 2c8f273960df4580b1c5b9d0f8ead263 43cef4e7d7c949d79bf180f28ffec6ec - - default default] 10.0.0.66 "GET /v2.0/security-groups?id=c16e39c9-2a6a-49d7-8a0b-187e7d4855f6&fields=id&fields=name HTTP/1.1" status: 200 len: 313 time: 0.0346985
2026-06-15 20:13:56.129 9 INFO neutron.api.wsgi [None req-b79ae144-4030-42a3-8240-2bb5d6d4d57c a52a381f19ee4526ae1d7ac693f6cdeb b6b496671402456ca2473c59ad720a7c - - default default] 10.0.0.129 "PUT /v2.0/routers/12afea06-47c2-41e1-8a3d-26d3ddddc46e/remove_router_interface HTTP/1.1" status: 200 len: 503 time: 0.5636222
2026-06-15 20:13:56.155 10 INFO neutron.api.wsgi [None req-1f0c6069-e9d6-4fa1-9c0d-6dc11fe2429e a52a381f19ee4526ae1d7ac693f6cdeb b6b496671402456ca2473c59ad720a7c - - default default] 10.0.0.129 "GET /v2.0/ports?device_id=12afea06-47c2-41e1-8a3d-26d3ddddc46e HTTP/1.1" status: 200 len: 205 time: 0.0202372
2026-06-15 20:13:56.333 10 INFO neutron.api.wsgi [None req-7edcde2a-6cc7-42c8-a4c3-26fff7beb8ef a52a381f19ee4526ae1d7ac693f6cdeb b6b496671402456ca2473c59ad720a7c - - default default] 10.0.0.129 "DELETE /v2.0/routers/12afea06-47c2-41e1-8a3d-26d3ddddc46e HTTP/1.1" status: 204 len: 168 time: 0.1722109
2026-06-15 20:13:56.494 10 INFO neutron.api.wsgi [None req-6bc53cb9-a426-42b0-8517-a17b64431bc8 a52a381f19ee4526ae1d7ac693f6cdeb b6b496671402456ca2473c59ad720a7c - - default default] 10.0.0.129 "DELETE /v2.0/subnets/198e6ed2-f2ff-446f-a677-40739b61929c HTTP/1.1" status: 204 len: 168 time: 0.1569903
2026-06-15 20:13:56.638 10 INFO neutron.api.wsgi [None req-4e9105b1-1b31-49f5-a7ad-de0af2fa22b6 a52a381f19ee4526ae1d7ac693f6cdeb b6b496671402456ca2473c59ad720a7c - - default default] 10.0.0.129 "DELETE /v2.0/subnets/fe55f952-cb7b-4c75-8465-9b0faf36aeb1 HTTP/1.1" status: 204 len: 168 time: 0.1388803 /var/lib/openstack/lib/python3.12/site-packages/pycadf/identifier.py:71: UserWarning: Invalid uuid: neutron. To ensure interoperability, identifiers should be a valid uuid. warnings.warn(('Invalid uuid: %s. To ensure interoperability, '
2026-06-15 20:13:56.956 10 INFO neutron.api.wsgi [req-be53fe28-94ff-430e-b14c-c1cff0c1f6d9 req-f61a737a-5e8c-4fe6-93da-699f3dea8568 93fd75e7c16c433dac6ed82ee324d3ad 04d056b16d244824b637045d713059ed - - 0c5e71a710ee4d4d9b14d4562644cb4e 0c5e71a710ee4d4d9b14d4562644cb4e] 199.19.213.159 "GET /v2.0/ports?tenant_id=43cef4e7d7c949d79bf180f28ffec6ec&device_id=14fb70b0-3b3f-4680-a44b-3a13fe218217 HTTP/1.1" status: 200 len: 1407 time: 0.0335667
2026-06-15 20:13:56.988 10 INFO neutron.api.wsgi [req-be53fe28-94ff-430e-b14c-c1cff0c1f6d9 req-7a72aaf6-030e-4b4e-a4a3-8e8541aa03fb 93fd75e7c16c433dac6ed82ee324d3ad 04d056b16d244824b637045d713059ed - - 0c5e71a710ee4d4d9b14d4562644cb4e 0c5e71a710ee4d4d9b14d4562644cb4e] 199.19.213.159 "GET /v2.0/floatingips?fixed_ip_address=10.100.0.3&port_id=4c0bff0b-425e-4434-9930-f5db7f4fc5c6 HTTP/1.1" status: 200 len: 217 time: 0.0250561
2026-06-15 20:13:57.002 9 INFO neutron.services.segments.plugin [-] Segment ef9d3a18-0544-4c71-9d72-da8a27faed10 resource provider aggregate not found
2026-06-15 20:13:57.011 9 INFO neutron.services.segments.plugin [-] Segment ef9d3a18-0544-4c71-9d72-da8a27faed10 resource provider aggregate not found
2026-06-15 20:13:57.024 9 INFO neutron.services.segments.plugin [-] Segment ef9d3a18-0544-4c71-9d72-da8a27faed10 resource provider not found; error: Placement Client Error (4xx): {"errors": [{"status": 404, "title": "Not Found", "detail": "The resource could not be found.\n\n No resource provider with uuid ef9d3a18-0544-4c71-9d72-da8a27faed10 found for delete ", "request_id": "req-e86a9db7-bb8a-446a-a20e-f4e0fb7e4e74"}]}
2026-06-15 20:13:57.027 9 INFO neutron.services.segments.plugin [-] Segment ef9d3a18-0544-4c71-9d72-da8a27faed10 resource provider not found; error: Placement Client Error (4xx): {"errors": [{"status": 404, "title": "Not Found", "detail": "The resource could not be found.\n\n No resource provider with uuid ef9d3a18-0544-4c71-9d72-da8a27faed10 found for delete ", "request_id": "req-e0c6858e-e47d-4769-b51f-a3944dceaf28"}]}
2026-06-15 20:13:57.029 10 INFO neutron.api.wsgi [req-be53fe28-94ff-430e-b14c-c1cff0c1f6d9 req-f35d248a-8502-4080-941d-353a9ce5cba5 93fd75e7c16c433dac6ed82ee324d3ad 04d056b16d244824b637045d713059ed - - 0c5e71a710ee4d4d9b14d4562644cb4e 0c5e71a710ee4d4d9b14d4562644cb4e] 199.19.213.159 "GET /v2.0/subnets?id=e23a588b-8ee4-44e0-bd45-17553500add1 HTTP/1.1" status: 200 len: 897 time: 0.0321534
2026-06-15 20:13:57.038 10 INFO neutron.api.wsgi [req-ac5ceccc-d881-4269-a19a-339b31de55c1 req-eca006a3-0397-4f0f-aaee-610bb9adbb7e 2c8f273960df4580b1c5b9d0f8ead263 43cef4e7d7c949d79bf180f28ffec6ec - - default default] 10.0.0.66 "GET /v2.0/ports?device_id=14fb70b0-3b3f-4680-a44b-3a13fe218217 HTTP/1.1" status: 200 len: 1168 time: 0.0542552
2026-06-15 20:13:57.045 9 INFO neutron.api.wsgi [None req-85fe1b98-4c79-46ba-9635-91728da4efc9 a52a381f19ee4526ae1d7ac693f6cdeb b6b496671402456ca2473c59ad720a7c - - default default] 10.0.0.129 "DELETE /v2.0/networks/d4151936-ead7-44c6-ab22-9e7d5f9345f4 HTTP/1.1" status: 204 len: 168 time: 0.4014943
2026-06-15 20:13:57.053 10 INFO neutron.api.wsgi [req-be53fe28-94ff-430e-b14c-c1cff0c1f6d9 req-e99942a2-cb80-4bac-ab3b-5d364bc925bb 93fd75e7c16c433dac6ed82ee324d3ad 04d056b16d244824b637045d713059ed - - 0c5e71a710ee4d4d9b14d4562644cb4e 0c5e71a710ee4d4d9b14d4562644cb4e] 199.19.213.159 "GET /v2.0/ports?network_id=473f045c-5257-456f-8008-5182cd471283&device_owner=network%3Adhcp HTTP/1.1" status: 200 len: 210 time: 0.0201118
2026-06-15 20:13:57.082 10 INFO neutron.api.wsgi [req-ac5ceccc-d881-4269-a19a-339b31de55c1 req-57667637-b7b8-4bf0-a23b-ea83cc4dd734 2c8f273960df4580b1c5b9d0f8ead263 43cef4e7d7c949d79bf180f28ffec6ec - - default default] 10.0.0.66 "GET /v2.0/security-groups?id=c16e39c9-2a6a-49d7-8a0b-187e7d4855f6&fields=id&fields=name HTTP/1.1" status: 200 len: 313 time: 0.0397074
2026-06-15 20:13:57.155 10 INFO neutron.api.wsgi [req-be53fe28-94ff-430e-b14c-c1cff0c1f6d9 req-a5c12ea3-9ee5-4431-8256-5760ab099d83 93fd75e7c16c433dac6ed82ee324d3ad 04d056b16d244824b637045d713059ed - - 0c5e71a710ee4d4d9b14d4562644cb4e 0c5e71a710ee4d4d9b14d4562644cb4e] 199.19.213.159 "GET /v2.0/networks/473f045c-5257-456f-8008-5182cd471283?fields=segments HTTP/1.1" status: 200 len: 212 time: 0.0943410
2026-06-15 20:13:57.195 10 INFO neutron.api.wsgi [req-be53fe28-94ff-430e-b14c-c1cff0c1f6d9 req-fb33905d-af2f-499f-8fef-3ee618ca1c31 93fd75e7c16c433dac6ed82ee324d3ad 04d056b16d244824b637045d713059ed - - 0c5e71a710ee4d4d9b14d4562644cb4e 0c5e71a710ee4d4d9b14d4562644cb4e] 199.19.213.159 "GET /v2.0/networks/473f045c-5257-456f-8008-5182cd471283?fields=provider%3Aphysical_network&fields=provider%3Anetwork_type HTTP/1.1" status: 200 len: 277 time: 0.0365591
2026-06-15 20:13:57.384 9 INFO neutron.api.wsgi [None req-5b1a5077-df55-4917-aecb-68964296eda9 a52a381f19ee4526ae1d7ac693f6cdeb b6b496671402456ca2473c59ad720a7c - - default default] 10.0.0.129 "DELETE /v2.0/networks/356ae2ca-69d1-4c32-ac16-1966861bad09 HTTP/1.1" status: 204 len: 168 time: 0.3340933
2026-06-15 20:13:57.401 9 WARNING neutron_lib.context [None req-ff5889a2-5ebb-4f4f-bf6b-fcbcbadfefa3 a52a381f19ee4526ae1d7ac693f6cdeb b6b496671402456ca2473c59ad720a7c - - default default] Method 'is_advsvc' is deprecated since 2023.2 release (neutron-lib 3.8.0) and will be removed once support for the old RBAC API policies will be removed from Neutron. Please use method 'is_service_role' instead.
2026-06-15 20:13:57.484 9 INFO neutron.db.segments_db [None req-ff5889a2-5ebb-4f4f-bf6b-fcbcbadfefa3 a52a381f19ee4526ae1d7ac693f6cdeb b6b496671402456ca2473c59ad720a7c - - default default] Added segment 05139f01-0e22-4b87-8822-f1ec6596089c of type geneve for network f5e7ba73-1417-46a5-b2c7-edfa416adf99
2026-06-15 20:13:57.602 9 INFO neutron.db.ovn_revision_numbers_db [None req-ff5889a2-5ebb-4f4f-bf6b-fcbcbadfefa3 a52a381f19ee4526ae1d7ac693f6cdeb b6b496671402456ca2473c59ad720a7c - - default default] Successfully bumped revision number for resource f5e7ba73-1417-46a5-b2c7-edfa416adf99 (type: networks) to 1
2026-06-15 20:13:57.703 10 INFO neutron.api.wsgi [req-0f8b935f-7a31-47cf-90f9-47d20af537a4 req-a670c413-e0ba-4ad1-a135-32f1434ada6c db5d2a0efc30419481e6586ff47b2b00 54683d12b8cb43298954255fe808fd06 - - default default] 10.0.0.66 "GET /v2.0/networks?id=4dc3c639-ea36-4f2d-b568-a75d9f920dd3 HTTP/1.1" status: 200 len: 871 time: 0.0521963
2026-06-15 20:13:57.721 10 INFO neutron.api.wsgi [req-0f8b935f-7a31-47cf-90f9-47d20af537a4 req-725046e2-5715-4f15-83a0-65aa819da3a9 db5d2a0efc30419481e6586ff47b2b00 54683d12b8cb43298954255fe808fd06 - - default default] 10.0.0.66 "GET /v2.0/quotas/54683d12b8cb43298954255fe808fd06 HTTP/1.1" status: 200 len: 491 time: 0.0103860
2026-06-15 20:13:57.791 9 WARNING neutron.scheduler.dhcp_agent_scheduler [None req-ff5889a2-5ebb-4f4f-bf6b-fcbcbadfefa3 a52a381f19ee4526ae1d7ac693f6cdeb b6b496671402456ca2473c59ad720a7c - - default default] No more DHCP agents
2026-06-15 20:13:57.793 9 WARNING neutron.api.rpc.agentnotifiers.dhcp_rpc_agent_api [None req-ff5889a2-5ebb-4f4f-bf6b-fcbcbadfefa3 a52a381f19ee4526ae1d7ac693f6cdeb b6b496671402456ca2473c59ad720a7c - - default default] Unable to schedule network f5e7ba73-1417-46a5-b2c7-edfa416adf99: no agents available; will retry on subsequent port and subnet creation events.
2026-06-15 20:13:57.814 10 INFO neutron.api.wsgi [req-0f8b935f-7a31-47cf-90f9-47d20af537a4 req-a3aff041-5c72-4098-87a3-161b4a0abdf0 db5d2a0efc30419481e6586ff47b2b00 54683d12b8cb43298954255fe808fd06 - - default default] 10.0.0.66 "GET /v2.0/ports?tenant_id=54683d12b8cb43298954255fe808fd06&fields=id HTTP/1.1" status: 200 len: 302 time: 0.0860662
2026-06-15 20:13:57.849 9 INFO neutron.db.ovn_revision_numbers_db [None req-ff5889a2-5ebb-4f4f-bf6b-fcbcbadfefa3 a52a381f19ee4526ae1d7ac693f6cdeb b6b496671402456ca2473c59ad720a7c - - default default] Successfully bumped revision number for resource 1b9081c8-b564-4eed-a289-df7c4f41d55e (type: ports) to 1
2026-06-15 20:13:57.869 9 INFO neutron.api.wsgi [None req-ff5889a2-5ebb-4f4f-bf6b-fcbcbadfefa3 a52a381f19ee4526ae1d7ac693f6cdeb b6b496671402456ca2473c59ad720a7c - - default default] 10.0.0.129 "POST /v2.0/networks HTTP/1.1" status: 201 len: 828 time: 0.4746959
2026-06-15 20:13:57.870 10 INFO neutron.api.wsgi [req-0f8b935f-7a31-47cf-90f9-47d20af537a4 req-f85039e0-34eb-40b0-80ba-8f60edc1e731 93fd75e7c16c433dac6ed82ee324d3ad 04d056b16d244824b637045d713059ed - - 0c5e71a710ee4d4d9b14d4562644cb4e 0c5e71a710ee4d4d9b14d4562644cb4e] 10.0.0.66 "GET /v2.0/networks/4dc3c639-ea36-4f2d-b568-a75d9f920dd3?fields=segments HTTP/1.1" status: 200 len: 212 time: 0.0450053
2026-06-15 20:13:57.879 10 WARNING neutron_lib.context [None req-83377dc3-c087-4eb3-a269-02ade77d9c57 a52a381f19ee4526ae1d7ac693f6cdeb b6b496671402456ca2473c59ad720a7c - - default default] Method 'is_advsvc' is deprecated since 2023.2 release (neutron-lib 3.8.0) and will be removed once support for the old RBAC API policies will be removed from Neutron. Please use method 'is_service_role' instead.
2026-06-15 20:13:57.923 10 INFO neutron.api.wsgi [req-0f8b935f-7a31-47cf-90f9-47d20af537a4 req-0c521704-66ac-4c39-84da-c87f9c4ab49b 93fd75e7c16c433dac6ed82ee324d3ad 04d056b16d244824b637045d713059ed - - 0c5e71a710ee4d4d9b14d4562644cb4e 0c5e71a710ee4d4d9b14d4562644cb4e] 10.0.0.66 "GET /v2.0/networks/4dc3c639-ea36-4f2d-b568-a75d9f920dd3?fields=provider%3Aphysical_network&fields=provider%3Anetwork_type HTTP/1.1" status: 200 len: 277 time: 0.0423748
2026-06-15 20:13:57.990 9 WARNING neutron.plugins.ml2.drivers.ovn.mech_driver.ovsdb.ovn_client [None req-b99095ac-b59e-4357-84e6-e14d38ec971d - - - - - -] No port found with ID a46b728a-dd0c-467b-bb15-b98cf7ba47a0: RuntimeError: No port found with ID a46b728a-dd0c-467b-bb15-b98cf7ba47a0
2026-06-15 20:13:57.999 9 INFO neutron.plugins.ml2.drivers.ovn.mech_driver.mech_driver [None req-b99095ac-b59e-4357-84e6-e14d38ec971d - - - - - -] OVN reports status up for port: 7418f525-19b3-4572-b963-ae520965ecf7
2026-06-15 20:13:58.022 9 INFO neutron.plugins.ml2.plugin [None req-b99095ac-b59e-4357-84e6-e14d38ec971d - - - - - -] Attempt 1 to provision port 7418f525-19b3-4572-b963-ae520965ecf7
2026-06-15 20:13:58.052 10 INFO neutron.api.wsgi [req-34954336-0a10-4f12-8403-11c77c61516a req-34643e6f-0924-4f75-b6af-42bddd8f92ef db5d2a0efc30419481e6586ff47b2b00 54683d12b8cb43298954255fe808fd06 - - default default] 10.0.0.66 "GET /v2.0/ports?device_id=77fcdeb1-154a-4cfd-b39c-3dce6a3539cf HTTP/1.1" status: 200 len: 210 time: 0.0170302
2026-06-15 20:13:58.089 9 INFO neutron.plugins.ml2.drivers.ovn.mech_driver.mech_driver [None req-b99095ac-b59e-4357-84e6-e14d38ec971d - - - - - -] OVN reports status up for port: dbe4eff2-68f9-40b9-8852-97546ed21e65
2026-06-15 20:13:58.096 9 INFO neutron.plugins.ml2.plugin [None req-b99095ac-b59e-4357-84e6-e14d38ec971d - - - - - -] Attempt 1 to provision port dbe4eff2-68f9-40b9-8852-97546ed21e65
2026-06-15 20:13:58.098 10 WARNING neutron.scheduler.dhcp_agent_scheduler [None req-83377dc3-c087-4eb3-a269-02ade77d9c57 a52a381f19ee4526ae1d7ac693f6cdeb b6b496671402456ca2473c59ad720a7c - - default default] No more DHCP agents
2026-06-15 20:13:58.099 10 WARNING neutron.api.rpc.agentnotifiers.dhcp_rpc_agent_api [None req-83377dc3-c087-4eb3-a269-02ade77d9c57 a52a381f19ee4526ae1d7ac693f6cdeb b6b496671402456ca2473c59ad720a7c - - default default] Unable to schedule network f5e7ba73-1417-46a5-b2c7-edfa416adf99: no agents available; will retry on subsequent port and subnet creation events.
2026-06-15 20:13:58.183 10 INFO neutron.api.wsgi [req-3583a024-c35e-460e-b1e4-31c335d67a25 req-127b4b56-0256-4ed9-95c1-bdac52fc5aa8 2c8f273960df4580b1c5b9d0f8ead263 43cef4e7d7c949d79bf180f28ffec6ec - - default default] 10.0.0.66 "GET /v2.0/ports?device_id=14fb70b0-3b3f-4680-a44b-3a13fe218217 HTTP/1.1" status: 200 len: 1168 time: 0.0364265
2026-06-15 20:13:58.236 10 INFO neutron.api.wsgi [req-3583a024-c35e-460e-b1e4-31c335d67a25 req-e8812fd0-04a1-41c7-b6b8-86f9049e3cc7 2c8f273960df4580b1c5b9d0f8ead263 43cef4e7d7c949d79bf180f28ffec6ec - - default default] 10.0.0.66 "GET /v2.0/security-groups?id=c16e39c9-2a6a-49d7-8a0b-187e7d4855f6&fields=id&fields=name HTTP/1.1" status: 200 len: 313 time: 0.0460780
2026-06-15 20:13:58.425 9 INFO neutron.db.ovn_revision_numbers_db [None req-b99095ac-b59e-4357-84e6-e14d38ec971d - - - - - -] Successfully bumped revision number for resource dbe4eff2-68f9-40b9-8852-97546ed21e65 (type: ports) to 2
2026-06-15 20:13:58.553 10 INFO neutron.db.ovn_revision_numbers_db [None req-7da5dfab-d51b-49ce-85bb-1410afcdbc8a 1a7bfbcc99f147ebb9941d3786225d3a 3f58fa161a4143a18370d34b7ba0f89a - - default default] Successfully bumped revision number for resource d59a1ddc-db1a-4385-85ed-517a941b3a23 (type: security_groups) to 1
2026-06-15 20:13:58.558 10 INFO neutron.db.ovn_revision_numbers_db [None req-bb657eb4-8458-4536-b82a-dad0567124dd - - - - - -] Successfully bumped revision number for resource 1b9081c8-b564-4eed-a289-df7c4f41d55e (type: ports) to 2
2026-06-15 20:13:58.565 10 INFO neutron.db.ovn_revision_numbers_db [None req-7da5dfab-d51b-49ce-85bb-1410afcdbc8a 1a7bfbcc99f147ebb9941d3786225d3a 3f58fa161a4143a18370d34b7ba0f89a - - default default] Successfully bumped revision number for resource 45d8c16f-7ee7-4b5c-83c0-fc1cf9a719dd (type: security_group_rules) to 0
2026-06-15 20:13:58.581 10 INFO neutron.db.ovn_revision_numbers_db [None req-7da5dfab-d51b-49ce-85bb-1410afcdbc8a 1a7bfbcc99f147ebb9941d3786225d3a 3f58fa161a4143a18370d34b7ba0f89a - - default default] Successfully bumped revision number for resource 82d61110-d8c7-4f5a-b63b-8569cbf7c485 (type: security_group_rules) to 0
2026-06-15 20:13:58.588 10 INFO neutron.db.ovn_revision_numbers_db [None req-bb657eb4-8458-4536-b82a-dad0567124dd - - - - - -] Successfully bumped revision number for resource b3e5a91c-3cae-40b1-bf90-3a910f410631 (type: subnets) to 0
2026-06-15 20:13:58.600 10 INFO neutron.db.ovn_revision_numbers_db [None req-7da5dfab-d51b-49ce-85bb-1410afcdbc8a 1a7bfbcc99f147ebb9941d3786225d3a 3f58fa161a4143a18370d34b7ba0f89a - - default default] Successfully bumped revision number for resource 856b1e07-fb73-4ac2-8556-7b53f08308b9 (type: security_group_rules) to 0
2026-06-15 20:13:58.605 10 INFO neutron.api.wsgi [None req-83377dc3-c087-4eb3-a269-02ade77d9c57 a52a381f19ee4526ae1d7ac693f6cdeb b6b496671402456ca2473c59ad720a7c - - default default] 10.0.0.129 "POST /v2.0/subnets HTTP/1.1" status: 201 len: 825 time: 0.7308347
2026-06-15 20:13:58.615 10 WARNING neutron_lib.context [None req-67881fe3-fd0c-4070-ac8c-3f3e3edc57f0 a52a381f19ee4526ae1d7ac693f6cdeb b6b496671402456ca2473c59ad720a7c - - default default] Method 'is_advsvc' is deprecated since 2023.2 release (neutron-lib 3.8.0) and will be removed once support for the old RBAC API policies will be removed from Neutron. Please use method 'is_service_role' instead.
2026-06-15 20:13:58.619 10 INFO neutron.db.ovn_revision_numbers_db [None req-7da5dfab-d51b-49ce-85bb-1410afcdbc8a 1a7bfbcc99f147ebb9941d3786225d3a 3f58fa161a4143a18370d34b7ba0f89a - - default default] Successfully bumped revision number for resource fc4f746a-5fb5-4bf3-a87d-534519e9e454 (type: security_group_rules) to 0
2026-06-15 20:13:58.654 10 INFO neutron.api.wsgi [None req-7da5dfab-d51b-49ce-85bb-1410afcdbc8a 1a7bfbcc99f147ebb9941d3786225d3a 3f58fa161a4143a18370d34b7ba0f89a - - default default] 10.0.0.129 "GET /v2.0/security-groups?tenant_id=110ec52387824763ae2bda0b49a531f6&name=default HTTP/1.1" status: 200 len: 3120 time: 0.3694851
2026-06-15 20:13:58.733 10 INFO neutron.db.ovn_revision_numbers_db [None req-67881fe3-fd0c-4070-ac8c-3f3e3edc57f0 a52a381f19ee4526ae1d7ac693f6cdeb b6b496671402456ca2473c59ad720a7c - - default default] Successfully bumped revision number for resource d5570301-2feb-4398-a154-fe1700dba5cc (type: routers) to 1
2026-06-15 20:13:58.749 10 INFO neutron.api.wsgi [None req-67881fe3-fd0c-4070-ac8c-3f3e3edc57f0 a52a381f19ee4526ae1d7ac693f6cdeb b6b496671402456ca2473c59ad720a7c - - default default] 10.0.0.129 "POST /v2.0/routers HTTP/1.1" status: 201 len: 802 time: 0.1365800
2026-06-15 20:13:58.764 10 WARNING neutron_lib.context [None req-24d06a6c-99db-48e8-bda3-4e1cd0c2d90f a52a381f19ee4526ae1d7ac693f6cdeb b6b496671402456ca2473c59ad720a7c - - default default] Method 'is_advsvc' is deprecated since 2023.2 release (neutron-lib 3.8.0) and will be removed once support for the old RBAC API policies will be removed from Neutron. Please use method 'is_service_role' instead.
2026-06-15 20:13:58.839 9 INFO neutron.api.wsgi [None req-4d7c76b5-25b2-42c4-a543-cca3666e8936 1a7bfbcc99f147ebb9941d3786225d3a 3f58fa161a4143a18370d34b7ba0f89a - - default default] 10.0.0.129 "DELETE /v2.0/security-groups/d59a1ddc-db1a-4385-85ed-517a941b3a23 HTTP/1.1" status: 204 len: 168 time: 0.1781738
2026-06-15 20:13:59.041 9 INFO neutron.services.segments.plugin [-] Segment 246e59cf-afa1-466d-a9d1-6122624ce158 resource provider aggregate not found
2026-06-15 20:13:59.045 9 INFO neutron.services.segments.plugin [-] Segment 246e59cf-afa1-466d-a9d1-6122624ce158 resource provider aggregate not found
2026-06-15 20:13:59.051 9 INFO neutron.services.segments.plugin [-] Segment 246e59cf-afa1-466d-a9d1-6122624ce158 resource provider not found; error: Placement Client Error (4xx): {"errors": [{"status": 404, "title": "Not Found", "detail": "The resource could not be found.\n\n No resource provider with uuid 246e59cf-afa1-466d-a9d1-6122624ce158 found for delete ", "request_id": "req-927cc2ef-0bbc-4d3c-875b-1e6c5b69ede8"}]}
2026-06-15 20:13:59.061 9 INFO neutron.services.segments.plugin [-] Segment 246e59cf-afa1-466d-a9d1-6122624ce158 resource provider not found; error: Placement Client Error (4xx): {"errors": [{"status": 404, "title": "Not Found", "detail": "The resource could not be found.\n\n No resource provider with uuid 246e59cf-afa1-466d-a9d1-6122624ce158 found for delete ", "request_id": "req-a67ca068-8846-4e7d-8d29-ce97c73462eb"}]}
2026-06-15 20:13:59.080 10 INFO neutron.db.ovn_revision_numbers_db [None req-653ee176-8e01-47e1-9a63-fe2d05444d82 1a7bfbcc99f147ebb9941d3786225d3a 3f58fa161a4143a18370d34b7ba0f89a - - default default] Successfully bumped revision number for resource dbf24962-9a64-4c45-861b-3ff32547bfe9 (type: security_groups) to 1
2026-06-15 20:13:59.087 10 WARNING neutron.scheduler.dhcp_agent_scheduler [None req-24d06a6c-99db-48e8-bda3-4e1cd0c2d90f a52a381f19ee4526ae1d7ac693f6cdeb b6b496671402456ca2473c59ad720a7c - - default default] No more DHCP agents
2026-06-15 20:13:59.089 10 WARNING neutron.api.rpc.agentnotifiers.dhcp_rpc_agent_api [None req-24d06a6c-99db-48e8-bda3-4e1cd0c2d90f a52a381f19ee4526ae1d7ac693f6cdeb b6b496671402456ca2473c59ad720a7c - - default default] Unable to schedule network f5e7ba73-1417-46a5-b2c7-edfa416adf99: no agents available; will retry on subsequent port and subnet creation events.
2026-06-15 20:13:59.095 10 INFO neutron.db.ovn_revision_numbers_db [None req-653ee176-8e01-47e1-9a63-fe2d05444d82 1a7bfbcc99f147ebb9941d3786225d3a 3f58fa161a4143a18370d34b7ba0f89a - - default default] Successfully bumped revision number for resource 04f24d81-13df-4e8c-a259-492b0ec30386 (type: security_group_rules) to 0
2026-06-15 20:13:59.108 10 INFO neutron.db.ovn_revision_numbers_db [None req-653ee176-8e01-47e1-9a63-fe2d05444d82 1a7bfbcc99f147ebb9941d3786225d3a 3f58fa161a4143a18370d34b7ba0f89a - - default default] Successfully bumped revision number for resource e2def797-c44d-478b-ac5b-dece0b946b01 (type: security_group_rules) to 0
2026-06-15 20:13:59.121 10 INFO neutron.db.ovn_revision_numbers_db [None req-653ee176-8e01-47e1-9a63-fe2d05444d82 1a7bfbcc99f147ebb9941d3786225d3a 3f58fa161a4143a18370d34b7ba0f89a - - default default] Successfully bumped revision number for resource f0e30b0c-ac01-4c06-a163-cc71b961eadb (type: security_group_rules) to 0
2026-06-15 20:13:59.137 10 INFO neutron.db.ovn_revision_numbers_db [None req-653ee176-8e01-47e1-9a63-fe2d05444d82 1a7bfbcc99f147ebb9941d3786225d3a 3f58fa161a4143a18370d34b7ba0f89a - - default default] Successfully bumped revision number for resource fa7f81ee-a1a8-4045-8cf8-1b1a69bfb774 (type: security_group_rules) to 0
2026-06-15 20:13:59.174 10 INFO neutron.api.wsgi [None req-653ee176-8e01-47e1-9a63-fe2d05444d82 1a7bfbcc99f147ebb9941d3786225d3a 3f58fa161a4143a18370d34b7ba0f89a - - default default] 10.0.0.129 "GET /v2.0/security-groups?tenant_id=6abb3f6fcf2d4b3492353c5e6665f0db&name=default HTTP/1.1" status: 200 len: 3120 time: 0.2490613 /var/lib/openstack/lib/python3.12/site-packages/pycadf/identifier.py:71: UserWarning: Invalid uuid: neutron. To ensure interoperability, identifiers should be a valid uuid. warnings.warn(('Invalid uuid: %s. To ensure interoperability, '
2026-06-15 20:13:59.230 10 INFO neutron.db.ovn_revision_numbers_db [None req-24d06a6c-99db-48e8-bda3-4e1cd0c2d90f a52a381f19ee4526ae1d7ac693f6cdeb b6b496671402456ca2473c59ad720a7c - - default default] Successfully bumped revision number for resource 3ecb0215-3447-4fc2-b3ec-91cc579c2bde (type: ports) to 1
2026-06-15 20:13:59.255 10 INFO neutron.api.wsgi [None req-24d06a6c-99db-48e8-bda3-4e1cd0c2d90f a52a381f19ee4526ae1d7ac693f6cdeb b6b496671402456ca2473c59ad720a7c - - default default] 10.0.0.129 "POST /v2.0/ports HTTP/1.1" status: 201 len: 1147 time: 0.4969351
2026-06-15 20:13:59.283 10 INFO neutron.api.wsgi [req-281bf04b-455a-44e3-a684-98e940bb5a06 req-63c5b53a-16f1-4b0d-a688-0bc13bd150e0 db5d2a0efc30419481e6586ff47b2b00 54683d12b8cb43298954255fe808fd06 - - default default] 10.0.0.66 "GET /v2.0/ports?device_id=77fcdeb1-154a-4cfd-b39c-3dce6a3539cf HTTP/1.1" status: 200 len: 210 time: 0.0178854
2026-06-15 20:13:59.324 10 INFO neutron.api.wsgi [req-275c0705-b88f-4dc3-9bef-f2e6d10d1e81 req-177c9f8f-fc1b-44d1-bf19-090dd9dabf59 2c8f273960df4580b1c5b9d0f8ead263 43cef4e7d7c949d79bf180f28ffec6ec - - default default] 10.0.0.66 "GET /v2.0/ports?device_id=14fb70b0-3b3f-4680-a44b-3a13fe218217 HTTP/1.1" status: 200 len: 1168 time: 0.0278583
2026-06-15 20:13:59.364 10 INFO neutron.api.wsgi [req-275c0705-b88f-4dc3-9bef-f2e6d10d1e81 req-b4bcc176-129a-4e3a-9aad-5fe75d99a010 2c8f273960df4580b1c5b9d0f8ead263 43cef4e7d7c949d79bf180f28ffec6ec - - default default] 10.0.0.66 "GET /v2.0/security-groups?id=c16e39c9-2a6a-49d7-8a0b-187e7d4855f6&fields=id&fields=name HTTP/1.1" status: 200 len: 313 time: 0.0341280
2026-06-15 20:13:59.402 10 INFO neutron.api.wsgi [None req-da3e2c7f-903f-44fa-a4ad-d8e7714ee5f1 1a7bfbcc99f147ebb9941d3786225d3a 3f58fa161a4143a18370d34b7ba0f89a - - default default] 10.0.0.129 "DELETE /v2.0/security-groups/dbf24962-9a64-4c45-861b-3ff32547bfe9 HTTP/1.1" status: 204 len: 168 time: 0.2235994
2026-06-15 20:13:59.711 9 INFO neutron.db.ovn_revision_numbers_db [None req-971d1a2b-d742-49f1-90cd-5a7c430860b5 a52a381f19ee4526ae1d7ac693f6cdeb b6b496671402456ca2473c59ad720a7c - - default default] Successfully bumped revision number for resource 3ecb0215-3447-4fc2-b3ec-91cc579c2bde (type: ports) to 2
2026-06-15 20:14:00.248 9 INFO neutron.db.ovn_revision_numbers_db [None req-971d1a2b-d742-49f1-90cd-5a7c430860b5 a52a381f19ee4526ae1d7ac693f6cdeb b6b496671402456ca2473c59ad720a7c - - default default] Successfully bumped revision number for resource 3ecb0215-3447-4fc2-b3ec-91cc579c2bde (type: ports) to 2
2026-06-15 20:14:00.287 10 WARNING neutron.plugins.ml2.drivers.ovn.mech_driver.ovsdb.ovn_client [None req-5c976bb1-aa55-438b-a4b0-3e65c851d64d - - - - - -] No port found with ID 4c6ef4c5-a5de-4e91-a014-2bb967bae217: RuntimeError: No port found with ID 4c6ef4c5-a5de-4e91-a014-2bb967bae217
2026-06-15 20:14:00.298 9 WARNING neutron.scheduler.dhcp_agent_scheduler [None req-971d1a2b-d742-49f1-90cd-5a7c430860b5 a52a381f19ee4526ae1d7ac693f6cdeb b6b496671402456ca2473c59ad720a7c - - default default] No more DHCP agents
2026-06-15 20:14:00.300 9 WARNING neutron.api.rpc.agentnotifiers.dhcp_rpc_agent_api [None req-971d1a2b-d742-49f1-90cd-5a7c430860b5 a52a381f19ee4526ae1d7ac693f6cdeb b6b496671402456ca2473c59ad720a7c - - default default] Unable to schedule network f5e7ba73-1417-46a5-b2c7-edfa416adf99: no agents available; will retry on subsequent port and subnet creation events.
2026-06-15 20:14:00.366 10 INFO neutron.api.wsgi [req-881b7cf3-0bd7-43f5-af73-546a31b858ba req-d1d64cd2-c97d-405e-a771-7c62db2a8a33 db5d2a0efc30419481e6586ff47b2b00 54683d12b8cb43298954255fe808fd06 - - default default] 10.0.0.66 "GET /v2.0/ports?device_id=77fcdeb1-154a-4cfd-b39c-3dce6a3539cf HTTP/1.1" status: 200 len: 210 time: 0.0202947
2026-06-15 20:14:00.480 9 INFO neutron.db.ovn_revision_numbers_db [None req-971d1a2b-d742-49f1-90cd-5a7c430860b5 a52a381f19ee4526ae1d7ac693f6cdeb b6b496671402456ca2473c59ad720a7c - - default default] Successfully bumped revision number for resource 3ecb0215-3447-4fc2-b3ec-91cc579c2bde (type: router_ports) to 2
2026-06-15 20:14:00.484 9 INFO neutron.api.wsgi [None req-971d1a2b-d742-49f1-90cd-5a7c430860b5 a52a381f19ee4526ae1d7ac693f6cdeb b6b496671402456ca2473c59ad720a7c - - default default] 10.0.0.129 "PUT /v2.0/routers/d5570301-2feb-4398-a154-fe1700dba5cc/add_router_interface HTTP/1.1" status: 200 len: 503 time: 1.2228513 /var/lib/openstack/lib/python3.12/site-packages/pycadf/identifier.py:71: UserWarning: Invalid uuid: neutron. To ensure interoperability, identifiers should be a valid uuid. warnings.warn(('Invalid uuid: %s. To ensure interoperability, '
2026-06-15 20:14:00.548 9 INFO neutron.api.wsgi [None req-960d2d30-b8b4-4db3-9481-92ff0366982e a52a381f19ee4526ae1d7ac693f6cdeb b6b496671402456ca2473c59ad720a7c - - default default] 10.0.0.129 "GET /v2.0/ports/3ecb0215-3447-4fc2-b3ec-91cc579c2bde HTTP/1.1" status: 200 len: 1203 time: 0.0593109
2026-06-15 20:14:00.653 10 INFO neutron.api.wsgi [req-a9f2be8d-ba0e-4019-8e7d-6d3217dcef58 req-bcc4595e-8218-492d-a9ce-b3fe60f87d49 2c8f273960df4580b1c5b9d0f8ead263 43cef4e7d7c949d79bf180f28ffec6ec - - default default] 10.0.0.66 "GET /v2.0/ports?device_id=14fb70b0-3b3f-4680-a44b-3a13fe218217 HTTP/1.1" status: 200 len: 1168 time: 0.0719507
2026-06-15 20:14:00.697 10 INFO neutron.api.wsgi [req-a9f2be8d-ba0e-4019-8e7d-6d3217dcef58 req-9d4169d3-7e62-4bac-a788-89bf60c8270b 2c8f273960df4580b1c5b9d0f8ead263 43cef4e7d7c949d79bf180f28ffec6ec - - default default] 10.0.0.66 "GET /v2.0/security-groups?id=c16e39c9-2a6a-49d7-8a0b-187e7d4855f6&fields=id&fields=name HTTP/1.1" status: 200 len: 313 time: 0.0390933
2026-06-15 20:14:01.081 9 INFO neutron.api.wsgi [None req-c61075b2-9bcc-40c1-9867-a914df57e9e3 a52a381f19ee4526ae1d7ac693f6cdeb b6b496671402456ca2473c59ad720a7c - - default default] 10.0.0.129 "PUT /v2.0/routers/d5570301-2feb-4398-a154-fe1700dba5cc/remove_router_interface HTTP/1.1" status: 200 len: 503 time: 0.5269682 /var/lib/openstack/lib/python3.12/site-packages/pycadf/identifier.py:71: UserWarning: Invalid uuid: neutron. To ensure interoperability, identifiers should be a valid uuid. warnings.warn(('Invalid uuid: %s. To ensure interoperability, '
2026-06-15 20:14:01.142 9 INFO neutron.api.v2.resource [None req-efdf5972-6fc3-468e-ba16-f5bbd23a6e0f a52a381f19ee4526ae1d7ac693f6cdeb b6b496671402456ca2473c59ad720a7c - - default default] remove_router_interface failed (client error): The resource could not be found.
2026-06-15 20:14:01.143 9 INFO neutron.api.wsgi [None req-efdf5972-6fc3-468e-ba16-f5bbd23a6e0f a52a381f19ee4526ae1d7ac693f6cdeb b6b496671402456ca2473c59ad720a7c - - default default] 10.0.0.129 "PUT /v2.0/routers/d5570301-2feb-4398-a154-fe1700dba5cc/remove_router_interface HTTP/1.1" status: 404 len: 398 time: 0.0563817
2026-06-15 20:14:01.163 10 INFO neutron.api.wsgi [None req-e68ad26a-4526-4886-9710-05f64b89629b a52a381f19ee4526ae1d7ac693f6cdeb b6b496671402456ca2473c59ad720a7c - - default default] 10.0.0.129 "GET /v2.0/ports?device_id=d5570301-2feb-4398-a154-fe1700dba5cc HTTP/1.1" status: 200 len: 205 time: 0.0152562
2026-06-15 20:14:01.335 10 INFO neutron.api.wsgi [None req-8d70c1a3-8d6c-495d-a57a-cddf284316da a52a381f19ee4526ae1d7ac693f6cdeb b6b496671402456ca2473c59ad720a7c - - default default] 10.0.0.129 "DELETE /v2.0/routers/d5570301-2feb-4398-a154-fe1700dba5cc HTTP/1.1" status: 204 len: 168 time: 0.1678591
2026-06-15 20:14:01.451 10 INFO neutron.api.wsgi [req-33f56324-3bfe-4691-a1ba-1f6eace2b77e req-0566e7ec-6af8-4a8e-9847-e271bca41c75 db5d2a0efc30419481e6586ff47b2b00 54683d12b8cb43298954255fe808fd06 - - default default] 10.0.0.66 "GET /v2.0/ports?device_id=77fcdeb1-154a-4cfd-b39c-3dce6a3539cf HTTP/1.1" status: 200 len: 210 time: 0.0200474
2026-06-15 20:14:01.492 10 INFO neutron.api.wsgi [None req-42a68810-e8d2-46e0-9704-9ce7270ea668 a52a381f19ee4526ae1d7ac693f6cdeb b6b496671402456ca2473c59ad720a7c - - default default] 10.0.0.129 "DELETE /v2.0/subnets/b3e5a91c-3cae-40b1-bf90-3a910f410631 HTTP/1.1" status: 204 len: 168 time: 0.1504941
2026-06-15 20:14:01.553 10 INFO neutron.plugins.ml2.drivers.ovn.mech_driver.mech_driver [None req-5c976bb1-aa55-438b-a4b0-3e65c851d64d - - - - - -] OVN reports status up for port: 4c0bff0b-425e-4434-9930-f5db7f4fc5c6
2026-06-15 20:14:01.565 10 INFO neutron.plugins.ml2.plugin [None req-5c976bb1-aa55-438b-a4b0-3e65c851d64d - - - - - -] Attempt 1 to provision port 4c0bff0b-425e-4434-9930-f5db7f4fc5c6
2026-06-15 20:14:01.713 10 INFO neutron.notifiers.nova [-] Nova event matching ['req-1a2d73e8-34d3-4a9a-9297-d2a77e6917ec'] response: {'server_uuid': '14fb70b0-3b3f-4680-a44b-3a13fe218217', 'name': 'network-vif-plugged', 'status': 'completed', 'tag': '4c0bff0b-425e-4434-9930-f5db7f4fc5c6', 'code': 200}
2026-06-15 20:14:01.806 10 INFO neutron.api.wsgi [req-9d571e66-4672-4495-b804-64c9c5f41848 req-4df17412-b969-4f2c-8043-a3b37217b597 2c8f273960df4580b1c5b9d0f8ead263 43cef4e7d7c949d79bf180f28ffec6ec - - default default] 10.0.0.66 "GET /v2.0/ports?device_id=14fb70b0-3b3f-4680-a44b-3a13fe218217 HTTP/1.1" status: 200 len: 1170 time: 0.0393577
2026-06-15 20:14:01.857 10 INFO neutron.api.wsgi [req-9d571e66-4672-4495-b804-64c9c5f41848 req-61806ca7-64ed-48e3-b943-1cc39228acc7 2c8f273960df4580b1c5b9d0f8ead263 43cef4e7d7c949d79bf180f28ffec6ec - - default default] 10.0.0.66 "GET /v2.0/security-groups?id=c16e39c9-2a6a-49d7-8a0b-187e7d4855f6&fields=id&fields=name HTTP/1.1" status: 200 len: 313 time: 0.0445764
2026-06-15 20:14:01.927 10 INFO neutron.db.ovn_revision_numbers_db [None req-5c976bb1-aa55-438b-a4b0-3e65c851d64d - - - - - -] Successfully bumped revision number for resource 4c0bff0b-425e-4434-9930-f5db7f4fc5c6 (type: ports) to 5
2026-06-15 20:14:01.995 10 INFO neutron.services.segments.plugin [-] Segment 05139f01-0e22-4b87-8822-f1ec6596089c resource provider aggregate not found
2026-06-15 20:14:01.998 10 INFO neutron.services.segments.plugin [-] Segment 05139f01-0e22-4b87-8822-f1ec6596089c resource provider aggregate not found
2026-06-15 20:14:02.009 10 INFO neutron.services.segments.plugin [-] Segment 05139f01-0e22-4b87-8822-f1ec6596089c resource provider not found; error: Placement Client Error (4xx): {"errors": [{"status": 404, "title": "Not Found", "detail": "The resource could not be found.\n\n No resource provider with uuid 05139f01-0e22-4b87-8822-f1ec6596089c found for delete ", "request_id": "req-0113078c-db2d-4c1e-aced-ec73dae7f57e"}]}
2026-06-15 20:14:02.011 10 INFO neutron.services.segments.plugin [-] Segment 05139f01-0e22-4b87-8822-f1ec6596089c resource provider not found; error: Placement Client Error (4xx): {"errors": [{"status": 404, "title": "Not Found", "detail": "The resource could not be found.\n\n No resource provider with uuid 05139f01-0e22-4b87-8822-f1ec6596089c found for delete ", "request_id": "req-3defb618-74fc-43d4-a8df-a87c692a953c"}]}
2026-06-15 20:14:02.013 10 INFO neutron.api.wsgi [None req-71b3cc8c-f229-46ff-87ea-462fc71f8a7f a52a381f19ee4526ae1d7ac693f6cdeb b6b496671402456ca2473c59ad720a7c - - default default] 10.0.0.129 "DELETE /v2.0/networks/f5e7ba73-1417-46a5-b2c7-edfa416adf99 HTTP/1.1" status: 204 len: 168 time: 0.5166881 /var/lib/openstack/lib/python3.12/site-packages/pycadf/identifier.py:71: UserWarning: Invalid uuid: neutron. To ensure interoperability, identifiers should be a valid uuid. warnings.warn(('Invalid uuid: %s. To ensure interoperability, '
2026-06-15 20:14:02.023 10 WARNING neutron_lib.context [None req-bafb6e04-cd61-48b4-ad58-b1261f7d7ce3 a52a381f19ee4526ae1d7ac693f6cdeb b6b496671402456ca2473c59ad720a7c - - default default] Method 'is_advsvc' is deprecated since 2023.2 release (neutron-lib 3.8.0) and will be removed once support for the old RBAC API policies will be removed from Neutron. Please use method 'is_service_role' instead.
2026-06-15 20:14:02.087 10 INFO neutron.db.segments_db [None req-bafb6e04-cd61-48b4-ad58-b1261f7d7ce3 a52a381f19ee4526ae1d7ac693f6cdeb b6b496671402456ca2473c59ad720a7c - - default default] Added segment 2ac534ae-334e-4f0e-96d4-d083d27f2734 of type geneve for network 12a43097-eb2f-4b05-be8b-258a745ec376
2026-06-15 20:14:02.445 10 INFO neutron.db.ovn_revision_numbers_db [None req-bafb6e04-cd61-48b4-ad58-b1261f7d7ce3 a52a381f19ee4526ae1d7ac693f6cdeb b6b496671402456ca2473c59ad720a7c - - default default] Successfully bumped revision number for resource 12a43097-eb2f-4b05-be8b-258a745ec376 (type: networks) to 1
2026-06-15 20:14:02.476 10 INFO neutron.api.wsgi [req-0f8b935f-7a31-47cf-90f9-47d20af537a4 req-948dc4c7-9ac6-498f-b079-fd012373f849 db5d2a0efc30419481e6586ff47b2b00 54683d12b8cb43298954255fe808fd06 - - default default] 199.19.213.159 "GET /v2.0/networks?id=4dc3c639-ea36-4f2d-b568-a75d9f920dd3 HTTP/1.1" status: 200 len: 871 time: 0.0522008
2026-06-15 20:14:02.485 10 WARNING neutron_lib.context [req-0f8b935f-7a31-47cf-90f9-47d20af537a4 req-2c54c700-2d59-462f-b477-c8d51eaff593 db5d2a0efc30419481e6586ff47b2b00 54683d12b8cb43298954255fe808fd06 - - default default] Method 'is_advsvc' is deprecated since 2023.2 release (neutron-lib 3.8.0) and will be removed once support for the old RBAC API policies will be removed from Neutron. Please use method 'is_service_role' instead.
2026-06-15 20:14:02.534 10 INFO neutron.api.wsgi [req-f90a24ac-d936-4a9a-abb5-71669780264f req-718189b1-020d-452e-9232-6dd27541282c db5d2a0efc30419481e6586ff47b2b00 54683d12b8cb43298954255fe808fd06 - - default default] 10.0.0.66 "GET /v2.0/ports?device_id=77fcdeb1-154a-4cfd-b39c-3dce6a3539cf HTTP/1.1" status: 200 len: 210 time: 0.0183103
2026-06-15 20:14:02.629 10 WARNING neutron.scheduler.dhcp_agent_scheduler [None req-bafb6e04-cd61-48b4-ad58-b1261f7d7ce3 a52a381f19ee4526ae1d7ac693f6cdeb b6b496671402456ca2473c59ad720a7c - - default default] No more DHCP agents
2026-06-15 20:14:02.631 10 WARNING neutron.api.rpc.agentnotifiers.dhcp_rpc_agent_api [None req-bafb6e04-cd61-48b4-ad58-b1261f7d7ce3 a52a381f19ee4526ae1d7ac693f6cdeb b6b496671402456ca2473c59ad720a7c - - default default] Unable to schedule network 12a43097-eb2f-4b05-be8b-258a745ec376: no agents available; will retry on subsequent port and subnet creation events.
2026-06-15 20:14:02.726 10 INFO neutron.db.ovn_revision_numbers_db [None req-bafb6e04-cd61-48b4-ad58-b1261f7d7ce3 a52a381f19ee4526ae1d7ac693f6cdeb b6b496671402456ca2473c59ad720a7c - - default default] Successfully bumped revision number for resource 4207c561-1c6b-4435-bab6-31a2cec0eba7 (type: ports) to 1
2026-06-15 20:14:02.746 10 INFO neutron.api.wsgi [None req-bafb6e04-cd61-48b4-ad58-b1261f7d7ce3 a52a381f19ee4526ae1d7ac693f6cdeb b6b496671402456ca2473c59ad720a7c - - default default] 10.0.0.129 "POST /v2.0/networks HTTP/1.1" status: 201 len: 828 time: 0.7253408
2026-06-15 20:14:02.755 9 WARNING neutron_lib.context [None req-00542ea1-2def-4dcb-9cb4-f9ca5fb2c888 a52a381f19ee4526ae1d7ac693f6cdeb b6b496671402456ca2473c59ad720a7c - - default default] Method 'is_advsvc' is deprecated since 2023.2 release (neutron-lib 3.8.0) and will be removed once support for the old RBAC API policies will be removed from Neutron. Please use method 'is_service_role' instead.
2026-06-15 20:14:02.806 10 WARNING neutron.scheduler.dhcp_agent_scheduler [req-0f8b935f-7a31-47cf-90f9-47d20af537a4 req-2c54c700-2d59-462f-b477-c8d51eaff593 db5d2a0efc30419481e6586ff47b2b00 54683d12b8cb43298954255fe808fd06 - - default default] No more DHCP agents
2026-06-15 20:14:02.807 10 WARNING neutron.api.rpc.agentnotifiers.dhcp_rpc_agent_api [req-0f8b935f-7a31-47cf-90f9-47d20af537a4 req-2c54c700-2d59-462f-b477-c8d51eaff593 db5d2a0efc30419481e6586ff47b2b00 54683d12b8cb43298954255fe808fd06 - - default default] Unable to schedule network 4dc3c639-ea36-4f2d-b568-a75d9f920dd3: no agents available; will retry on subsequent port and subnet creation events.
2026-06-15 20:14:02.863 9 INFO neutron.db.ovn_revision_numbers_db [None req-291e4106-e7a4-48bb-a8dc-78af2525c6cd 1a7bfbcc99f147ebb9941d3786225d3a 3f58fa161a4143a18370d34b7ba0f89a - - default default] Successfully bumped revision number for resource 4b1d95be-5d78-47bd-bbc8-cd11fc851f07 (type: security_groups) to 1
2026-06-15 20:14:02.880 9 INFO neutron.db.ovn_revision_numbers_db [None req-291e4106-e7a4-48bb-a8dc-78af2525c6cd 1a7bfbcc99f147ebb9941d3786225d3a 3f58fa161a4143a18370d34b7ba0f89a - - default default] Successfully bumped revision number for resource 20f53661-ff6a-41e8-b1f8-0402731e074a (type: security_group_rules) to 0
2026-06-15 20:14:02.897 9 INFO neutron.db.ovn_revision_numbers_db [None req-291e4106-e7a4-48bb-a8dc-78af2525c6cd 1a7bfbcc99f147ebb9941d3786225d3a 3f58fa161a4143a18370d34b7ba0f89a - - default default] Successfully bumped revision number for resource 8d2b600e-8aee-48fc-b988-36225fed9b7b (type: security_group_rules) to 0 /var/lib/openstack/lib/python3.12/site-packages/pycadf/identifier.py:71: UserWarning: Invalid uuid: neutron. To ensure interoperability, identifiers should be a valid uuid. warnings.warn(('Invalid uuid: %s. To ensure interoperability, '
2026-06-15 20:14:02.926 9 INFO neutron.db.ovn_revision_numbers_db [None req-291e4106-e7a4-48bb-a8dc-78af2525c6cd 1a7bfbcc99f147ebb9941d3786225d3a 3f58fa161a4143a18370d34b7ba0f89a - - default default] Successfully bumped revision number for resource 9cc6889a-e1c8-49a9-8860-30116527242e (type: security_group_rules) to 0
2026-06-15 20:14:02.939 9 INFO neutron.db.ovn_revision_numbers_db [None req-291e4106-e7a4-48bb-a8dc-78af2525c6cd 1a7bfbcc99f147ebb9941d3786225d3a 3f58fa161a4143a18370d34b7ba0f89a - - default default] Successfully bumped revision number for resource afbf9b08-0934-4383-bb12-b9ebe12d3c7f (type: security_group_rules) to 0
2026-06-15 20:14:02.942 10 INFO neutron.db.ovn_revision_numbers_db [req-0f8b935f-7a31-47cf-90f9-47d20af537a4 req-2c54c700-2d59-462f-b477-c8d51eaff593 db5d2a0efc30419481e6586ff47b2b00 54683d12b8cb43298954255fe808fd06 - - default default] Successfully bumped revision number for resource e885b242-8157-4c9a-8f2a-518166f9a220 (type: ports) to 1
2026-06-15 20:14:02.951 10 INFO neutron.api.wsgi [req-cf86eedb-97eb-4a05-9134-64cf124af25d req-9d140f19-1896-4c71-aabe-f63c9db9147f 2c8f273960df4580b1c5b9d0f8ead263 43cef4e7d7c949d79bf180f28ffec6ec - - default default] 10.0.0.66 "GET /v2.0/ports?device_id=14fb70b0-3b3f-4680-a44b-3a13fe218217 HTTP/1.1" status: 200 len: 1170 time: 0.0342674
2026-06-15 20:14:02.975 10 INFO neutron.api.wsgi [req-0f8b935f-7a31-47cf-90f9-47d20af537a4 req-2c54c700-2d59-462f-b477-c8d51eaff593 db5d2a0efc30419481e6586ff47b2b00 54683d12b8cb43298954255fe808fd06 - - default default] 199.19.213.159 "POST /v2.0/ports HTTP/1.1" status: 201 len: 1162 time: 0.4949951
2026-06-15 20:14:02.977 9 WARNING neutron.scheduler.dhcp_agent_scheduler [None req-00542ea1-2def-4dcb-9cb4-f9ca5fb2c888 a52a381f19ee4526ae1d7ac693f6cdeb b6b496671402456ca2473c59ad720a7c - - default default] No more DHCP agents
2026-06-15 20:14:02.980 9 INFO neutron.api.wsgi [None req-291e4106-e7a4-48bb-a8dc-78af2525c6cd 1a7bfbcc99f147ebb9941d3786225d3a 3f58fa161a4143a18370d34b7ba0f89a - - default default] 10.0.0.129 "GET /v2.0/security-groups?tenant_id=7141109da8b940e2830b1436442357a5&name=default HTTP/1.1" status: 200 len: 3120 time: 0.3708668
2026-06-15 20:14:02.981 9 WARNING neutron.api.rpc.agentnotifiers.dhcp_rpc_agent_api [None req-00542ea1-2def-4dcb-9cb4-f9ca5fb2c888 a52a381f19ee4526ae1d7ac693f6cdeb b6b496671402456ca2473c59ad720a7c - - default default] Unable to schedule network 12a43097-eb2f-4b05-be8b-258a745ec376: no agents available; will retry on subsequent port and subnet creation events.
2026-06-15 20:14:03.000 10 INFO neutron.api.wsgi [req-cf86eedb-97eb-4a05-9134-64cf124af25d req-1115cc6d-7e71-4fb2-ad09-e1b0b2d217ab 2c8f273960df4580b1c5b9d0f8ead263 43cef4e7d7c949d79bf180f28ffec6ec - - default default] 10.0.0.66 "GET /v2.0/security-groups?id=c16e39c9-2a6a-49d7-8a0b-187e7d4855f6&fields=id&fields=name HTTP/1.1" status: 200 len: 313 time: 0.0414677
2026-06-15 20:14:03.223 10 INFO neutron.api.wsgi [-] 10.0.0.188 "GET / HTTP/1.1" status: 200 len: 246 time: 0.0014615
2026-06-15 20:14:03.224 9 INFO neutron.api.wsgi [-] 10.0.0.188 "GET / HTTP/1.1" status: 200 len: 246 time: 0.0013926
