2026-06-15 20:14:43.012 9 INFO neutron.db.securitygroups_db [None req-f024fdb9-1306-41f7-b1c7-cb14eac1affc 942487f5261f4ba996abd2b43250beff 3e6a69f0a750474e96c60d0268000ab9 - - default default] Project 3e6a69f0a750474e96c60d0268000ab9 added a security group rule with legacy IPv6 ICMP protocol name icmp, ipv6-icmp should be used instead. It was automatically converted.
2026-06-15 20:14:43.018 9 INFO neutron.api.wsgi [None req-bd62f9e9-df14-43ad-b245-67264f949085 6a42d33ec10c4b8f8853d355eb28c017 9ee0ae6630ff45798043b2aa0e2fa258 - - default default] 10.0.0.129 "GET /v2.0/networks/408a4830-1fcf-4a77-8351-0f9b41237f45 HTTP/1.1" status: 200 len: 848 time: 0.0803070
2026-06-15 20:14:43.052 10 INFO neutron.db.ovn_revision_numbers_db [None req-5da6ec21-726d-4dd9-8d2c-989a7f81cc1f - - - - - -] Successfully bumped revision number for resource 56f8b897-606d-470e-9158-ede57e7d6013 (type: ports) to 6
2026-06-15 20:14:43.102 9 INFO neutron.db.ovn_revision_numbers_db [None req-f024fdb9-1306-41f7-b1c7-cb14eac1affc 942487f5261f4ba996abd2b43250beff 3e6a69f0a750474e96c60d0268000ab9 - - default default] Successfully bumped revision number for resource 5c826369-c043-4cc4-bf8a-57560a2f6968 (type: security_group_rules) to 0
2026-06-15 20:14:43.128 9 INFO neutron.api.wsgi [None req-f024fdb9-1306-41f7-b1c7-cb14eac1affc 942487f5261f4ba996abd2b43250beff 3e6a69f0a750474e96c60d0268000ab9 - - default default] 10.0.0.129 "POST /v2.0/security-group-rules HTTP/1.1" status: 201 len: 806 time: 0.1560147
2026-06-15 20:14:43.137 9 WARNING neutron_lib.context [None req-e3e8790c-f118-4039-816f-8844a1d55fc9 942487f5261f4ba996abd2b43250beff 3e6a69f0a750474e96c60d0268000ab9 - - default default] Method 'is_advsvc' is deprecated since 2023.2 release (neutron-lib 3.8.0) and will be removed once support for the old RBAC API policies will be removed from Neutron. Please use method 'is_service_role' instead.
2026-06-15 20:14:43.165 9 INFO neutron.db.securitygroups_db [None req-e3e8790c-f118-4039-816f-8844a1d55fc9 942487f5261f4ba996abd2b43250beff 3e6a69f0a750474e96c60d0268000ab9 - - default default] Project 3e6a69f0a750474e96c60d0268000ab9 added a security group rule with legacy IPv6 ICMP protocol name icmp, ipv6-icmp should be used instead. It was automatically converted.
2026-06-15 20:14:43.252 9 INFO neutron.db.ovn_revision_numbers_db [None req-e3e8790c-f118-4039-816f-8844a1d55fc9 942487f5261f4ba996abd2b43250beff 3e6a69f0a750474e96c60d0268000ab9 - - default default] Successfully bumped revision number for resource 4f036ea6-0bc8-487e-a758-29defc061ae7 (type: security_group_rules) to 0
2026-06-15 20:14:43.288 9 INFO neutron.api.wsgi [None req-e3e8790c-f118-4039-816f-8844a1d55fc9 942487f5261f4ba996abd2b43250beff 3e6a69f0a750474e96c60d0268000ab9 - - default default] 10.0.0.129 "POST /v2.0/security-group-rules HTTP/1.1" status: 201 len: 805 time: 0.1552103
2026-06-15 20:14:43.425 9 INFO neutron.pecan_wsgi.hooks.translation [None req-21e5fd21-b065-4834-919e-73ad5e021436 7584d32c427145f1ace358ac8f744468 457f7dff9b6c4cae888fad74d80ea6e2 - - default default] GET failed (client error): The resource could not be found.
2026-06-15 20:14:43.428 9 INFO neutron.api.wsgi [None req-21e5fd21-b065-4834-919e-73ad5e021436 7584d32c427145f1ace358ac8f744468 457f7dff9b6c4cae888fad74d80ea6e2 - - default default] 10.0.0.129 "GET /v2.0/networks/408a4830-1fcf-4a77-8351-0f9b41237f45 HTTP/1.1" status: 404 len: 339 time: 0.0505695 /var/lib/openstack/lib/python3.12/site-packages/pycadf/identifier.py:71: UserWarning: Invalid uuid: neutron. To ensure interoperability, identifiers should be a valid uuid. warnings.warn(('Invalid uuid: %s. To ensure interoperability, '
2026-06-15 20:14:43.471 10 INFO neutron.api.wsgi [req-ea8ec77b-843a-4d86-8312-f9ab05849037 req-582d61e0-2816-451d-a9da-fefe271d3633 e91404b9bcd94fe8ad0f55e1a0fa6252 ddafaad0de2940afa184b7e673ae67b8 - - default default] 10.0.0.66 "GET /v2.0/ports?device_id=43652171-f090-4154-9765-8071366e2ccf HTTP/1.1" status: 200 len: 1172 time: 0.0355062
2026-06-15 20:14:43.514 10 INFO neutron.api.wsgi [req-ea8ec77b-843a-4d86-8312-f9ab05849037 req-07fe6c76-98c9-4af8-871a-2bd21869703b e91404b9bcd94fe8ad0f55e1a0fa6252 ddafaad0de2940afa184b7e673ae67b8 - - default default] 10.0.0.66 "GET /v2.0/security-groups?id=0511fb9e-03d2-44d6-8875-bac935179e6f&fields=id&fields=name HTTP/1.1" status: 200 len: 313 time: 0.0363462
2026-06-15 20:14:43.729 10 INFO neutron.api.wsgi [None req-ef7bec9c-13f5-46ae-a1b2-5b5e5eef9782 942487f5261f4ba996abd2b43250beff 3e6a69f0a750474e96c60d0268000ab9 - - default default] 10.0.0.129 "GET /v2.0/networks HTTP/1.1" status: 200 len: 1492 time: 0.0998900
2026-06-15 20:14:43.842 10 INFO neutron.api.wsgi [req-f0683a23-9f6e-4f6e-bcaf-3b278ccf64f0 req-64622694-994b-4c47-90d9-fdd2017eabd8 942487f5261f4ba996abd2b43250beff 3e6a69f0a750474e96c60d0268000ab9 - - default default] 10.0.0.66 "GET /v2.0/security-groups?name=tempest-secgroup-smoke-1044347036&fields=id&tenant_id=3e6a69f0a750474e96c60d0268000ab9 HTTP/1.1" status: 200 len: 267 time: 0.0359550
2026-06-15 20:14:43.861 10 INFO neutron.notifiers.nova [-] Nova event matching ['req-05ded160-9019-433e-abb8-dc0cc6320ba0'] response: {'name': 'network-changed', 'server_uuid': '43652171-f090-4154-9765-8071366e2ccf', 'tag': '56f8b897-606d-470e-9158-ede57e7d6013', 'status': 'completed', 'code': 200}
2026-06-15 20:14:43.862 10 INFO neutron.notifiers.nova [-] Nova event matching ['req-05ded160-9019-433e-abb8-dc0cc6320ba0'] response: {'server_uuid': '43652171-f090-4154-9765-8071366e2ccf', 'name': 'network-vif-unplugged', 'status': 'completed', 'tag': '56f8b897-606d-470e-9158-ede57e7d6013', 'code': 200}
2026-06-15 20:14:43.862 10 INFO neutron.notifiers.nova [-] Nova event matching ['req-05ded160-9019-433e-abb8-dc0cc6320ba0'] response: {'server_uuid': '43652171-f090-4154-9765-8071366e2ccf', 'name': 'network-vif-unplugged', 'status': 'completed', 'tag': '56f8b897-606d-470e-9158-ede57e7d6013', 'code': 200}
2026-06-15 20:14:43.901 10 INFO neutron.api.wsgi [req-f0683a23-9f6e-4f6e-bcaf-3b278ccf64f0 req-f5465dca-48cf-42dd-9e4d-70f7f913b514 942487f5261f4ba996abd2b43250beff 3e6a69f0a750474e96c60d0268000ab9 - - default default] 10.0.0.66 "GET /v2.0/networks?id=974313d8-0e76-4191-8050-56e1d70c96e4 HTTP/1.1" status: 200 len: 859 time: 0.0521300
2026-06-15 20:14:43.921 10 INFO neutron.api.wsgi [req-f0683a23-9f6e-4f6e-bcaf-3b278ccf64f0 req-6d6513d8-f6b6-4c37-a20d-038bb3a8560a 942487f5261f4ba996abd2b43250beff 3e6a69f0a750474e96c60d0268000ab9 - - default default] 10.0.0.66 "GET /v2.0/quotas/3e6a69f0a750474e96c60d0268000ab9 HTTP/1.1" status: 200 len: 491 time: 0.0131242
2026-06-15 20:14:43.926 10 INFO neutron.api.wsgi [req-9dbe6727-3e94-46ef-9158-73765b60d677 req-cabcfdfd-b219-4b5e-82df-c2149ddd5c47 8b2be51bdd224a23a5b16a504ca85391 a5fc87afeb804beba88d0b3172c93f54 - - default default] 199.19.213.159 "GET /v2.0/networks?id=91e42233-2123-417b-8816-6e6fc85d7dcb HTTP/1.1" status: 200 len: 871 time: 0.0453107
2026-06-15 20:14:43.990 10 INFO neutron.api.wsgi [req-0038938b-9aee-4e9e-b4b6-e27f11489a88 req-e01e1319-860d-4288-aff9-d360166b6da0 8b2be51bdd224a23a5b16a504ca85391 a5fc87afeb804beba88d0b3172c93f54 - - default default] 10.0.0.66 "GET /v2.0/ports?device_id=f56b55de-839e-42a4-b734-0b0c29cb668d HTTP/1.1" status: 200 len: 210 time: 0.0209453
2026-06-15 20:14:43.994 10 INFO neutron.api.wsgi [req-9dbe6727-3e94-46ef-9158-73765b60d677 req-af4646c4-1c2f-42f1-8296-009bab61364f 8b2be51bdd224a23a5b16a504ca85391 a5fc87afeb804beba88d0b3172c93f54 - - default default] 199.19.213.159 "GET /v2.0/security-groups?fields=id&fields=name&tenant_id=a5fc87afeb804beba88d0b3172c93f54 HTTP/1.1" status: 200 len: 472 time: 0.0618155
2026-06-15 20:14:44.004 10 WARNING neutron_lib.context [req-9dbe6727-3e94-46ef-9158-73765b60d677 req-0d92b2c6-2c3c-4b6f-abe3-2348969abcd5 8b2be51bdd224a23a5b16a504ca85391 a5fc87afeb804beba88d0b3172c93f54 - - default default] Method 'is_advsvc' is deprecated since 2023.2 release (neutron-lib 3.8.0) and will be removed once support for the old RBAC API policies will be removed from Neutron. Please use method 'is_service_role' instead.
2026-06-15 20:14:44.025 10 INFO neutron.api.wsgi [req-f0683a23-9f6e-4f6e-bcaf-3b278ccf64f0 req-e02ff765-b158-49e7-8a9c-9fa4cbf5bdf7 942487f5261f4ba996abd2b43250beff 3e6a69f0a750474e96c60d0268000ab9 - - default default] 10.0.0.66 "GET /v2.0/ports?tenant_id=3e6a69f0a750474e96c60d0268000ab9&fields=id HTTP/1.1" status: 200 len: 348 time: 0.0973377
2026-06-15 20:14:44.086 10 INFO neutron.api.wsgi [req-6e2dcfe7-b3c5-4af9-9d0b-447c6635ae74 req-94736f7a-ef45-45f2-91b0-5ac88bcb0c32 e91404b9bcd94fe8ad0f55e1a0fa6252 ddafaad0de2940afa184b7e673ae67b8 - - default default] 199.19.213.159 "GET /v2.0/ports?device_id=43652171-f090-4154-9765-8071366e2ccf HTTP/1.1" status: 200 len: 1172 time: 0.0609179
2026-06-15 20:14:44.123 10 INFO neutron.api.wsgi [req-f0683a23-9f6e-4f6e-bcaf-3b278ccf64f0 req-845f8d49-014e-4bcb-ac54-dcdb3f0f7912 93fd75e7c16c433dac6ed82ee324d3ad 04d056b16d244824b637045d713059ed - - 0c5e71a710ee4d4d9b14d4562644cb4e 0c5e71a710ee4d4d9b14d4562644cb4e] 10.0.0.66 "GET /v2.0/networks/974313d8-0e76-4191-8050-56e1d70c96e4?fields=segments HTTP/1.1" status: 200 len: 212 time: 0.0856488
2026-06-15 20:14:44.146 9 INFO neutron.services.segments.plugin [-] Segment 8220d39f-0b3d-417c-a415-909b5391fa25 resource provider aggregate not found
2026-06-15 20:14:44.155 9 INFO neutron.services.segments.plugin [-] Segment 8220d39f-0b3d-417c-a415-909b5391fa25 resource provider aggregate not found
2026-06-15 20:14:44.165 9 INFO neutron.services.segments.plugin [-] Segment 8220d39f-0b3d-417c-a415-909b5391fa25 resource provider not found; error: Placement Client Error (4xx): {"errors": [{"status": 404, "title": "Not Found", "detail": "The resource could not be found.\n\n No resource provider with uuid 8220d39f-0b3d-417c-a415-909b5391fa25 found for delete ", "request_id": "req-37456d2d-cea4-428e-9924-56a4c4640dce"}]}
2026-06-15 20:14:44.169 9 INFO neutron.services.segments.plugin [-] Segment 8220d39f-0b3d-417c-a415-909b5391fa25 resource provider not found; error: Placement Client Error (4xx): {"errors": [{"status": 404, "title": "Not Found", "detail": "The resource could not be found.\n\n No resource provider with uuid 8220d39f-0b3d-417c-a415-909b5391fa25 found for delete ", "request_id": "req-f7256dd2-8127-41d0-b5f0-9ce2cc9eca1a"}]}
2026-06-15 20:14:44.184 9 INFO neutron.api.wsgi [None req-30ccf3da-6483-4511-8af0-0697eca84cdb aaa832b93a5c42198c37d6f87830627b 77c2494a5e884bcea07c77dd69d6d0fc - - default default] 10.0.0.129 "DELETE /v2.0/networks/408a4830-1fcf-4a77-8351-0f9b41237f45 HTTP/1.1" status: 204 len: 168 time: 0.7514079
2026-06-15 20:14:44.198 9 INFO neutron.pecan_wsgi.hooks.translation [None req-92af8eb0-2202-411e-8c85-dcfff9a46331 aaa832b93a5c42198c37d6f87830627b 77c2494a5e884bcea07c77dd69d6d0fc - - default default] DELETE failed (client error): The resource could not be found.
2026-06-15 20:14:44.200 9 INFO neutron.api.wsgi [None req-92af8eb0-2202-411e-8c85-dcfff9a46331 aaa832b93a5c42198c37d6f87830627b 77c2494a5e884bcea07c77dd69d6d0fc - - default default] 10.0.0.129 "DELETE /v2.0/subnets/b54d30f5-0727-409d-8fbf-a8ddff1c5919 HTTP/1.1" status: 404 len: 337 time: 0.0107539
2026-06-15 20:14:44.202 10 INFO neutron.api.wsgi [req-f0683a23-9f6e-4f6e-bcaf-3b278ccf64f0 req-8661bfb9-0902-4e89-a4e4-68a3c0e7ba75 93fd75e7c16c433dac6ed82ee324d3ad 04d056b16d244824b637045d713059ed - - 0c5e71a710ee4d4d9b14d4562644cb4e 0c5e71a710ee4d4d9b14d4562644cb4e] 10.0.0.66 "GET /v2.0/networks/974313d8-0e76-4191-8050-56e1d70c96e4?fields=provider%3Aphysical_network&fields=provider%3Anetwork_type HTTP/1.1" status: 200 len: 277 time: 0.0698969
2026-06-15 20:14:44.212 9 INFO neutron.pecan_wsgi.hooks.translation [None req-daaa887d-62c0-4b81-aed1-fbc81d7293ee aaa832b93a5c42198c37d6f87830627b 77c2494a5e884bcea07c77dd69d6d0fc - - default default] DELETE failed (client error): The resource could not be found.
2026-06-15 20:14:44.215 9 INFO neutron.api.wsgi [None req-daaa887d-62c0-4b81-aed1-fbc81d7293ee aaa832b93a5c42198c37d6f87830627b 77c2494a5e884bcea07c77dd69d6d0fc - - default default] 10.0.0.129 "DELETE /v2.0/subnets/28d79919-2e87-4009-9f81-c32cb6df88f9 HTTP/1.1" status: 404 len: 337 time: 0.0110121
2026-06-15 20:14:44.230 9 INFO neutron.pecan_wsgi.hooks.translation [None req-c60fb7c4-7d2b-4a14-ad3a-68c36cb36d92 aaa832b93a5c42198c37d6f87830627b 77c2494a5e884bcea07c77dd69d6d0fc - - default default] DELETE failed (client error): The resource could not be found.
2026-06-15 20:14:44.233 9 INFO neutron.api.wsgi [None req-c60fb7c4-7d2b-4a14-ad3a-68c36cb36d92 aaa832b93a5c42198c37d6f87830627b 77c2494a5e884bcea07c77dd69d6d0fc - - default default] 10.0.0.129 "DELETE /v2.0/subnets/5c00003f-d52c-4381-82c6-4e9077e3bf84 HTTP/1.1" status: 404 len: 337 time: 0.0129361
2026-06-15 20:14:44.357 10 INFO neutron.api.wsgi [req-19bb65b7-17d2-4b2b-ab2c-f9b56e0e64b6 req-b08714f6-5cd9-4131-ad2d-78a6a14d7baf 942487f5261f4ba996abd2b43250beff 3e6a69f0a750474e96c60d0268000ab9 - - default default] 10.0.0.66 "GET /v2.0/ports?device_id=b79254db-af0e-4eda-a4e2-91c4f7c84b43 HTTP/1.1" status: 200 len: 210 time: 0.0218999
2026-06-15 20:14:44.424 10 INFO neutron.api.wsgi [req-0c478bbc-71c2-4a56-901a-29c33b3fc02e req-747b1229-37f3-4c51-932a-63aacfb7a717 93fd75e7c16c433dac6ed82ee324d3ad 04d056b16d244824b637045d713059ed - - 0c5e71a710ee4d4d9b14d4562644cb4e 0c5e71a710ee4d4d9b14d4562644cb4e] 199.19.213.159 "GET /v2.0/ports?tenant_id=ddafaad0de2940afa184b7e673ae67b8&device_id=43652171-f090-4154-9765-8071366e2ccf HTTP/1.1" status: 200 len: 1411 time: 0.0534651 /var/lib/openstack/lib/python3.12/site-packages/pycadf/identifier.py:71: UserWarning: Invalid uuid: neutron. To ensure interoperability, identifiers should be a valid uuid. warnings.warn(('Invalid uuid: %s. To ensure interoperability, '
2026-06-15 20:14:44.480 10 WARNING neutron.scheduler.dhcp_agent_scheduler [req-9dbe6727-3e94-46ef-9158-73765b60d677 req-0d92b2c6-2c3c-4b6f-abe3-2348969abcd5 8b2be51bdd224a23a5b16a504ca85391 a5fc87afeb804beba88d0b3172c93f54 - - default default] No more DHCP agents
2026-06-15 20:14:44.493 10 WARNING neutron.api.rpc.agentnotifiers.dhcp_rpc_agent_api [req-9dbe6727-3e94-46ef-9158-73765b60d677 req-0d92b2c6-2c3c-4b6f-abe3-2348969abcd5 8b2be51bdd224a23a5b16a504ca85391 a5fc87afeb804beba88d0b3172c93f54 - - default default] Unable to schedule network 91e42233-2123-417b-8816-6e6fc85d7dcb: no agents available; will retry on subsequent port and subnet creation events.
2026-06-15 20:14:44.522 10 INFO neutron.api.wsgi [req-0c478bbc-71c2-4a56-901a-29c33b3fc02e req-f8933e8e-137d-4701-a514-cf51dfc24b57 93fd75e7c16c433dac6ed82ee324d3ad 04d056b16d244824b637045d713059ed - - 0c5e71a710ee4d4d9b14d4562644cb4e 0c5e71a710ee4d4d9b14d4562644cb4e] 199.19.213.159 "GET /v2.0/networks?id=9e888ee0-ba23-4c8a-b1df-447b297cbe5d HTTP/1.1" status: 200 len: 974 time: 0.0911338
2026-06-15 20:14:44.525 10 INFO neutron.db.l3_db [req-6e2dcfe7-b3c5-4af9-9d0b-447c6635ae74 req-542af963-14bd-4691-b142-fb9654a81767 e91404b9bcd94fe8ad0f55e1a0fa6252 ddafaad0de2940afa184b7e673ae67b8 - - default default] Floating IP 19761d6f-79ec-4ce2-ba59-a88b05766acc disassociated. External IP: 10.96.250.215, port: 56f8b897-606d-470e-9158-ede57e7d6013. /var/lib/openstack/lib/python3.12/site-packages/pycadf/identifier.py:71: UserWarning: Invalid uuid: neutron. To ensure interoperability, identifiers should be a valid uuid. warnings.warn(('Invalid uuid: %s. To ensure interoperability, '
2026-06-15 20:14:44.575 10 INFO neutron.api.wsgi [req-0c478bbc-71c2-4a56-901a-29c33b3fc02e req-f75ee0b6-9e5a-4a5a-83a2-f0ed64985ec8 93fd75e7c16c433dac6ed82ee324d3ad 04d056b16d244824b637045d713059ed - - 0c5e71a710ee4d4d9b14d4562644cb4e 0c5e71a710ee4d4d9b14d4562644cb4e] 199.19.213.159 "GET /v2.0/floatingips?fixed_ip_address=10.100.0.13&port_id=56f8b897-606d-470e-9158-ede57e7d6013 HTTP/1.1" status: 200 len: 1058 time: 0.0453360
2026-06-15 20:14:44.630 10 INFO neutron.api.wsgi [req-0c478bbc-71c2-4a56-901a-29c33b3fc02e req-8a8a8633-52e0-41de-a454-5dacccf2578e 93fd75e7c16c433dac6ed82ee324d3ad 04d056b16d244824b637045d713059ed - - 0c5e71a710ee4d4d9b14d4562644cb4e 0c5e71a710ee4d4d9b14d4562644cb4e] 199.19.213.159 "GET /v2.0/subnets?id=0f765fdd-c008-496c-a795-5c02487ebd19 HTTP/1.1" status: 200 len: 893 time: 0.0500119
2026-06-15 20:14:44.635 10 INFO neutron.api.wsgi [req-b4dc7f74-4d33-4906-a385-548c998f00f7 req-c614fd38-f9f8-47db-a261-85d4f3a53834 e91404b9bcd94fe8ad0f55e1a0fa6252 ddafaad0de2940afa184b7e673ae67b8 - - default default] 10.0.0.66 "GET /v2.0/ports?device_id=43652171-f090-4154-9765-8071366e2ccf HTTP/1.1" status: 200 len: 1172 time: 0.0583253
2026-06-15 20:14:44.658 10 INFO neutron.api.wsgi [req-0c478bbc-71c2-4a56-901a-29c33b3fc02e req-b4599f56-bfbe-4f19-ad43-bc8a6b796790 93fd75e7c16c433dac6ed82ee324d3ad 04d056b16d244824b637045d713059ed - - 0c5e71a710ee4d4d9b14d4562644cb4e 0c5e71a710ee4d4d9b14d4562644cb4e] 199.19.213.159 "GET /v2.0/ports?network_id=9e888ee0-ba23-4c8a-b1df-447b297cbe5d&device_owner=network%3Adhcp HTTP/1.1" status: 200 len: 210 time: 0.0221825
2026-06-15 20:14:44.701 10 INFO neutron.api.wsgi [req-b4dc7f74-4d33-4906-a385-548c998f00f7 req-04ee5781-0d5f-49c0-92f4-5d691e3051a4 e91404b9bcd94fe8ad0f55e1a0fa6252 ddafaad0de2940afa184b7e673ae67b8 - - default default] 10.0.0.66 "GET /v2.0/security-groups?id=0511fb9e-03d2-44d6-8875-bac935179e6f&fields=id&fields=name HTTP/1.1" status: 200 len: 313 time: 0.0579376
2026-06-15 20:14:44.733 10 INFO neutron.api.wsgi [req-0c478bbc-71c2-4a56-901a-29c33b3fc02e req-df7694fa-6df5-4e39-9552-f128b7f4326c 93fd75e7c16c433dac6ed82ee324d3ad 04d056b16d244824b637045d713059ed - - 0c5e71a710ee4d4d9b14d4562644cb4e 0c5e71a710ee4d4d9b14d4562644cb4e] 199.19.213.159 "GET /v2.0/networks/9e888ee0-ba23-4c8a-b1df-447b297cbe5d?fields=segments HTTP/1.1" status: 200 len: 212 time: 0.0692594
2026-06-15 20:14:44.749 10 INFO neutron.api.wsgi [req-6e2dcfe7-b3c5-4af9-9d0b-447c6635ae74 req-542af963-14bd-4691-b142-fb9654a81767 e91404b9bcd94fe8ad0f55e1a0fa6252 ddafaad0de2940afa184b7e673ae67b8 - - default default] 199.19.213.159 "DELETE /v2.0/ports/56f8b897-606d-470e-9158-ede57e7d6013 HTTP/1.1" status: 204 len: 173 time: 0.6573784
2026-06-15 20:14:44.750 10 INFO neutron.db.ovn_revision_numbers_db [req-9dbe6727-3e94-46ef-9158-73765b60d677 req-0d92b2c6-2c3c-4b6f-abe3-2348969abcd5 8b2be51bdd224a23a5b16a504ca85391 a5fc87afeb804beba88d0b3172c93f54 - - default default] Successfully bumped revision number for resource 91bb1886-2a42-4375-817d-308053ef98cf (type: ports) to 1
2026-06-15 20:14:44.785 10 INFO neutron.api.wsgi [req-9dbe6727-3e94-46ef-9158-73765b60d677 req-0d92b2c6-2c3c-4b6f-abe3-2348969abcd5 8b2be51bdd224a23a5b16a504ca85391 a5fc87afeb804beba88d0b3172c93f54 - - default default] 199.19.213.159 "POST /v2.0/ports HTTP/1.1" status: 201 len: 1197 time: 0.7850423
2026-06-15 20:14:44.815 10 INFO neutron.api.wsgi [req-0c478bbc-71c2-4a56-901a-29c33b3fc02e req-39317ed7-aecb-4532-9d08-aa523d1ad1b9 93fd75e7c16c433dac6ed82ee324d3ad 04d056b16d244824b637045d713059ed - - 0c5e71a710ee4d4d9b14d4562644cb4e 0c5e71a710ee4d4d9b14d4562644cb4e] 199.19.213.159 "GET /v2.0/networks/9e888ee0-ba23-4c8a-b1df-447b297cbe5d?fields=provider%3Aphysical_network&fields=provider%3Anetwork_type HTTP/1.1" status: 200 len: 277 time: 0.0792670
2026-06-15 20:14:45.132 10 INFO neutron.api.wsgi [req-b1dc6dac-28db-4dc0-841d-6d15aced3a11 req-5806661d-3625-4c12-903a-18035b08f681 8b2be51bdd224a23a5b16a504ca85391 a5fc87afeb804beba88d0b3172c93f54 - - default default] 10.0.0.66 "GET /v2.0/ports?device_id=f56b55de-839e-42a4-b734-0b0c29cb668d HTTP/1.1" status: 200 len: 1208 time: 0.0743878 /var/lib/openstack/lib/python3.12/site-packages/pycadf/identifier.py:71: UserWarning: Invalid uuid: neutron. To ensure interoperability, identifiers should be a valid uuid. warnings.warn(('Invalid uuid: %s. To ensure interoperability, '
2026-06-15 20:14:45.176 10 INFO neutron.api.wsgi [req-b1dc6dac-28db-4dc0-841d-6d15aced3a11 req-d8a06cac-2363-473f-bdea-5c4f553e0189 8b2be51bdd224a23a5b16a504ca85391 a5fc87afeb804beba88d0b3172c93f54 - - default default] 10.0.0.66 "GET /v2.0/security-groups?id=2d9ceb67-0d4f-40fd-92f1-4c465c588c52&id=efc6b02b-8746-4010-be4c-9119e528233a&fields=id&fields=name HTTP/1.1" status: 200 len: 405 time: 0.0374441
2026-06-15 20:14:45.208 10 INFO neutron.db.ovn_revision_numbers_db [req-9dbe6727-3e94-46ef-9158-73765b60d677 req-3a736b52-1f2e-42a7-93f0-968ce8466321 93fd75e7c16c433dac6ed82ee324d3ad 04d056b16d244824b637045d713059ed - - 0c5e71a710ee4d4d9b14d4562644cb4e 0c5e71a710ee4d4d9b14d4562644cb4e] Successfully bumped revision number for resource 91bb1886-2a42-4375-817d-308053ef98cf (type: ports) to 2 /var/lib/openstack/lib/python3.12/site-packages/pycadf/identifier.py:71: UserWarning: Invalid uuid: neutron. To ensure interoperability, identifiers should be a valid uuid. warnings.warn(('Invalid uuid: %s. To ensure interoperability, '
2026-06-15 20:14:45.400 9 INFO neutron.db.ovn_revision_numbers_db [None req-587bf91f-599a-4fcc-bb12-faf5fde27b96 1a7bfbcc99f147ebb9941d3786225d3a 3f58fa161a4143a18370d34b7ba0f89a - - default default] Successfully bumped revision number for resource 1a9f8dba-c254-4aeb-a3d5-0e8cadd40041 (type: security_groups) to 1
2026-06-15 20:14:45.412 9 INFO neutron.db.ovn_revision_numbers_db [None req-587bf91f-599a-4fcc-bb12-faf5fde27b96 1a7bfbcc99f147ebb9941d3786225d3a 3f58fa161a4143a18370d34b7ba0f89a - - default default] Successfully bumped revision number for resource 36244f8c-9e54-49ed-b7fc-26c007f9a776 (type: security_group_rules) to 0 /var/lib/openstack/lib/python3.12/site-packages/pycadf/identifier.py:71: UserWarning: Invalid uuid: neutron. To ensure interoperability, identifiers should be a valid uuid. warnings.warn(('Invalid uuid: %s. To ensure interoperability, '
2026-06-15 20:14:45.425 9 INFO neutron.db.ovn_revision_numbers_db [None req-587bf91f-599a-4fcc-bb12-faf5fde27b96 1a7bfbcc99f147ebb9941d3786225d3a 3f58fa161a4143a18370d34b7ba0f89a - - default default] Successfully bumped revision number for resource 57f4aa2e-2e2b-4a9a-92a8-ac0a140c9c4f (type: security_group_rules) to 0
2026-06-15 20:14:45.432 10 INFO neutron.db.ovn_revision_numbers_db [req-9dbe6727-3e94-46ef-9158-73765b60d677 req-3a736b52-1f2e-42a7-93f0-968ce8466321 93fd75e7c16c433dac6ed82ee324d3ad 04d056b16d244824b637045d713059ed - - 0c5e71a710ee4d4d9b14d4562644cb4e 0c5e71a710ee4d4d9b14d4562644cb4e] Successfully bumped revision number for resource 91bb1886-2a42-4375-817d-308053ef98cf (type: ports) to 4
2026-06-15 20:14:45.436 10 INFO neutron.api.wsgi [req-1a79f941-1e4f-4d0e-bcf0-baf5b0d59ccb req-644848a1-db19-406c-86f0-405f0617f979 942487f5261f4ba996abd2b43250beff 3e6a69f0a750474e96c60d0268000ab9 - - default default] 10.0.0.66 "GET /v2.0/ports?device_id=b79254db-af0e-4eda-a4e2-91c4f7c84b43 HTTP/1.1" status: 200 len: 210 time: 0.0189693
2026-06-15 20:14:45.438 9 INFO neutron.db.ovn_revision_numbers_db [None req-587bf91f-599a-4fcc-bb12-faf5fde27b96 1a7bfbcc99f147ebb9941d3786225d3a 3f58fa161a4143a18370d34b7ba0f89a - - default default] Successfully bumped revision number for resource 969bac21-ac82-4de2-8260-8c821b57ee4e (type: security_group_rules) to 0
2026-06-15 20:14:45.450 9 INFO neutron.db.ovn_revision_numbers_db [None req-587bf91f-599a-4fcc-bb12-faf5fde27b96 1a7bfbcc99f147ebb9941d3786225d3a 3f58fa161a4143a18370d34b7ba0f89a - - default default] Successfully bumped revision number for resource b2723337-5a3c-4bb1-8b0b-42833424fb14 (type: security_group_rules) to 0
2026-06-15 20:14:45.452 10 INFO neutron.api.wsgi [req-9dbe6727-3e94-46ef-9158-73765b60d677 req-3a736b52-1f2e-42a7-93f0-968ce8466321 93fd75e7c16c433dac6ed82ee324d3ad 04d056b16d244824b637045d713059ed - - 0c5e71a710ee4d4d9b14d4562644cb4e 0c5e71a710ee4d4d9b14d4562644cb4e] 199.19.213.159 "PUT /v2.0/ports/91bb1886-2a42-4375-817d-308053ef98cf HTTP/1.1" status: 200 len: 1443 time: 0.6566749
2026-06-15 20:14:45.481 9 INFO neutron.api.wsgi [None req-587bf91f-599a-4fcc-bb12-faf5fde27b96 1a7bfbcc99f147ebb9941d3786225d3a 3f58fa161a4143a18370d34b7ba0f89a - - default default] 10.0.0.129 "GET /v2.0/security-groups?tenant_id=9ee0ae6630ff45798043b2aa0e2fa258&name=default HTTP/1.1" status: 200 len: 3120 time: 0.3386459
2026-06-15 20:14:45.701 9 INFO neutron.api.wsgi [None req-b6ce7edd-1312-46c6-a53f-510515be9f89 1a7bfbcc99f147ebb9941d3786225d3a 3f58fa161a4143a18370d34b7ba0f89a - - default default] 10.0.0.129 "DELETE /v2.0/security-groups/1a9f8dba-c254-4aeb-a3d5-0e8cadd40041 HTTP/1.1" status: 204 len: 168 time: 0.2152424
2026-06-15 20:14:45.792 10 INFO neutron.api.wsgi [req-f717b1bd-8d6c-444b-9d21-ff2228c1e35d req-646a6b75-d47e-4446-8862-f736f24d974c e91404b9bcd94fe8ad0f55e1a0fa6252 ddafaad0de2940afa184b7e673ae67b8 - - default default] 10.0.0.66 "GET /v2.0/ports?device_id=43652171-f090-4154-9765-8071366e2ccf HTTP/1.1" status: 200 len: 210 time: 0.0199792
2026-06-15 20:14:45.909 10 INFO neutron.notifiers.nova [-] Nova event matching ['req-101bc9dd-9964-4dbb-9c3f-5bac53a945d2'] response: {'server_uuid': '43652171-f090-4154-9765-8071366e2ccf', 'name': 'network-vif-deleted', 'tag': '56f8b897-606d-470e-9158-ede57e7d6013', 'status': 'completed', 'code': 200}
2026-06-15 20:14:45.912 10 INFO neutron.notifiers.nova [-] Nova event matching ['req-101bc9dd-9964-4dbb-9c3f-5bac53a945d2'] response: {'name': 'network-changed', 'server_uuid': 'f56b55de-839e-42a4-b734-0b0c29cb668d', 'tag': '91bb1886-2a42-4375-817d-308053ef98cf', 'status': 'completed', 'code': 200}
2026-06-15 20:14:45.926 9 INFO neutron.db.ovn_revision_numbers_db [None req-1f57863c-ccc7-4ff1-be7f-6dca9ead22b7 1a7bfbcc99f147ebb9941d3786225d3a 3f58fa161a4143a18370d34b7ba0f89a - - default default] Successfully bumped revision number for resource f63fb450-1468-4e6e-84dc-1a20900a79b4 (type: security_groups) to 1
2026-06-15 20:14:45.937 9 INFO neutron.db.ovn_revision_numbers_db [None req-1f57863c-ccc7-4ff1-be7f-6dca9ead22b7 1a7bfbcc99f147ebb9941d3786225d3a 3f58fa161a4143a18370d34b7ba0f89a - - default default] Successfully bumped revision number for resource 0f39af45-ce6b-4ff8-8253-b1e72eec8c62 (type: security_group_rules) to 0
2026-06-15 20:14:45.947 9 INFO neutron.db.ovn_revision_numbers_db [None req-1f57863c-ccc7-4ff1-be7f-6dca9ead22b7 1a7bfbcc99f147ebb9941d3786225d3a 3f58fa161a4143a18370d34b7ba0f89a - - default default] Successfully bumped revision number for resource 2d4f6701-6e93-4b58-88f0-13374f650338 (type: security_group_rules) to 0
2026-06-15 20:14:45.958 9 INFO neutron.db.ovn_revision_numbers_db [None req-1f57863c-ccc7-4ff1-be7f-6dca9ead22b7 1a7bfbcc99f147ebb9941d3786225d3a 3f58fa161a4143a18370d34b7ba0f89a - - default default] Successfully bumped revision number for resource 8d7fb14f-ad1a-4c6a-ba68-43310b806e3a (type: security_group_rules) to 0
2026-06-15 20:14:45.969 9 INFO neutron.db.ovn_revision_numbers_db [None req-1f57863c-ccc7-4ff1-be7f-6dca9ead22b7 1a7bfbcc99f147ebb9941d3786225d3a 3f58fa161a4143a18370d34b7ba0f89a - - default default] Successfully bumped revision number for resource df66d390-3b5a-4ed4-8f65-7c76c4a189b8 (type: security_group_rules) to 0
2026-06-15 20:14:46.004 9 INFO neutron.api.wsgi [None req-1f57863c-ccc7-4ff1-be7f-6dca9ead22b7 1a7bfbcc99f147ebb9941d3786225d3a 3f58fa161a4143a18370d34b7ba0f89a - - default default] 10.0.0.129 "GET /v2.0/security-groups?tenant_id=457f7dff9b6c4cae888fad74d80ea6e2&name=default HTTP/1.1" status: 200 len: 3120 time: 0.1985848
2026-06-15 20:14:46.202 9 INFO neutron.api.wsgi [None req-b070efe0-2b03-4cfd-b601-94982ab69fac 1a7bfbcc99f147ebb9941d3786225d3a 3f58fa161a4143a18370d34b7ba0f89a - - default default] 10.0.0.129 "DELETE /v2.0/security-groups/f63fb450-1468-4e6e-84dc-1a20900a79b4 HTTP/1.1" status: 204 len: 168 time: 0.1937213
2026-06-15 20:14:46.263 10 INFO neutron.api.wsgi [req-a0be2111-bb4f-41f4-8e59-e9a7a942c65b req-45862758-c7d8-4c3d-bc58-bc47168e417b 8b2be51bdd224a23a5b16a504ca85391 a5fc87afeb804beba88d0b3172c93f54 - - default default] 10.0.0.66 "GET /v2.0/ports?device_id=f56b55de-839e-42a4-b734-0b0c29cb668d HTTP/1.1" status: 200 len: 1208 time: 0.0277863
2026-06-15 20:14:46.307 10 INFO neutron.api.wsgi [req-a0be2111-bb4f-41f4-8e59-e9a7a942c65b req-0ba79d37-f7a6-4be3-a823-d2ecfc8b3343 8b2be51bdd224a23a5b16a504ca85391 a5fc87afeb804beba88d0b3172c93f54 - - default default] 10.0.0.66 "GET /v2.0/security-groups?id=2d9ceb67-0d4f-40fd-92f1-4c465c588c52&id=efc6b02b-8746-4010-be4c-9119e528233a&fields=id&fields=name HTTP/1.1" status: 200 len: 405 time: 0.0381989
2026-06-15 20:14:46.356 9 INFO neutron.api.wsgi [None req-e973effa-d12a-4c8b-8925-fd5a595e4138 1a7bfbcc99f147ebb9941d3786225d3a 3f58fa161a4143a18370d34b7ba0f89a - - default default] 10.0.0.129 "GET /v2.0/security-groups?tenant_id=77c2494a5e884bcea07c77dd69d6d0fc&name=default HTTP/1.1" status: 200 len: 3120 time: 0.0285149
2026-06-15 20:14:46.469 10 INFO neutron.api.wsgi [req-6b3c1fd3-c083-401f-a09b-4512bc72f44d req-57657480-2876-4259-b3a8-0ebe2d1d2ac9 93fd75e7c16c433dac6ed82ee324d3ad 04d056b16d244824b637045d713059ed - - 0c5e71a710ee4d4d9b14d4562644cb4e 0c5e71a710ee4d4d9b14d4562644cb4e] 199.19.213.159 "GET /v2.0/ports?tenant_id=a5fc87afeb804beba88d0b3172c93f54&device_id=f56b55de-839e-42a4-b734-0b0c29cb668d HTTP/1.1" status: 200 len: 1446 time: 0.0321167
2026-06-15 20:14:46.516 10 INFO neutron.api.wsgi [req-2cb21cd9-2a15-46ef-b32d-f94d1f13e122 req-ebd7bf4b-9394-43e2-943c-be58f935992a 942487f5261f4ba996abd2b43250beff 3e6a69f0a750474e96c60d0268000ab9 - - default default] 10.0.0.66 "GET /v2.0/ports?device_id=b79254db-af0e-4eda-a4e2-91c4f7c84b43 HTTP/1.1" status: 200 len: 210 time: 0.0157094
2026-06-15 20:14:46.534 10 INFO neutron.api.wsgi [req-6b3c1fd3-c083-401f-a09b-4512bc72f44d req-35b722c6-23aa-4183-89f0-f557ff3ff5f2 93fd75e7c16c433dac6ed82ee324d3ad 04d056b16d244824b637045d713059ed - - 0c5e71a710ee4d4d9b14d4562644cb4e 0c5e71a710ee4d4d9b14d4562644cb4e] 199.19.213.159 "GET /v2.0/networks?tenant_id=a5fc87afeb804beba88d0b3172c93f54&shared=False HTTP/1.1" status: 200 len: 970 time: 0.0585120
2026-06-15 20:14:46.551 9 INFO neutron.api.wsgi [None req-7c45ab7a-50f3-4bb4-8284-a2e23edd3270 1a7bfbcc99f147ebb9941d3786225d3a 3f58fa161a4143a18370d34b7ba0f89a - - default default] 10.0.0.129 "DELETE /v2.0/security-groups/48d3b961-a446-405f-b253-64cdcd32f4b6 HTTP/1.1" status: 204 len: 168 time: 0.1902139
2026-06-15 20:14:46.581 10 INFO neutron.api.wsgi [req-6b3c1fd3-c083-401f-a09b-4512bc72f44d req-ec933745-cb19-41d4-bdb0-2edefd9e310f 93fd75e7c16c433dac6ed82ee324d3ad 04d056b16d244824b637045d713059ed - - 0c5e71a710ee4d4d9b14d4562644cb4e 0c5e71a710ee4d4d9b14d4562644cb4e] 199.19.213.159 "GET /v2.0/networks?shared=True HTTP/1.1" status: 200 len: 952 time: 0.0408905
2026-06-15 20:14:46.884 10 INFO neutron.api.wsgi [req-2df1b4e9-b433-4edb-92b7-89446365a467 req-da1149d5-bf9a-46ff-92a6-d8848f4b2f62 e91404b9bcd94fe8ad0f55e1a0fa6252 ddafaad0de2940afa184b7e673ae67b8 - - default default] 10.0.0.66 "GET /v2.0/ports?device_id=43652171-f090-4154-9765-8071366e2ccf HTTP/1.1" status: 200 len: 210 time: 0.0228405
2026-06-15 20:14:47.627 10 INFO neutron.api.wsgi [req-a07c58f9-2124-4ed9-a868-3b322b603d81 req-5fc39dac-4d14-47bc-a59e-601b4589cdab 942487f5261f4ba996abd2b43250beff 3e6a69f0a750474e96c60d0268000ab9 - - default default] 10.0.0.66 "GET /v2.0/ports?device_id=b79254db-af0e-4eda-a4e2-91c4f7c84b43 HTTP/1.1" status: 200 len: 210 time: 0.0212190
2026-06-15 20:14:47.637 10 INFO neutron.api.wsgi [req-3ed0de67-e0b2-4316-9784-a8f82ed23be4 req-0d5a19d9-5690-496e-9675-bb9c058c7124 8b2be51bdd224a23a5b16a504ca85391 a5fc87afeb804beba88d0b3172c93f54 - - default default] 10.0.0.66 "GET /v2.0/ports?device_id=f56b55de-839e-42a4-b734-0b0c29cb668d HTTP/1.1" status: 200 len: 1208 time: 0.2706270
2026-06-15 20:14:47.649 10 INFO neutron.api.wsgi [req-9dbe6727-3e94-46ef-9158-73765b60d677 req-0b7ba85b-fda4-4e11-9c1c-dbc728a5baeb 93fd75e7c16c433dac6ed82ee324d3ad 04d056b16d244824b637045d713059ed - - 0c5e71a710ee4d4d9b14d4562644cb4e 0c5e71a710ee4d4d9b14d4562644cb4e] 199.19.213.159 "GET /v2.0/ports?tenant_id=a5fc87afeb804beba88d0b3172c93f54&device_id=f56b55de-839e-42a4-b734-0b0c29cb668d HTTP/1.1" status: 200 len: 1446 time: 0.0446217
2026-06-15 20:14:47.673 10 INFO neutron.api.wsgi [req-9dbe6727-3e94-46ef-9158-73765b60d677 req-a1c3ed0d-4efd-444f-a806-dbf32b58547f 93fd75e7c16c433dac6ed82ee324d3ad 04d056b16d244824b637045d713059ed - - 0c5e71a710ee4d4d9b14d4562644cb4e 0c5e71a710ee4d4d9b14d4562644cb4e] 199.19.213.159 "GET /v2.0/floatingips?fixed_ip_address=10.100.0.5&port_id=91bb1886-2a42-4375-817d-308053ef98cf HTTP/1.1" status: 200 len: 217 time: 0.0178902
2026-06-15 20:14:47.708 10 INFO neutron.api.wsgi [req-3ed0de67-e0b2-4316-9784-a8f82ed23be4 req-1d257c6f-4205-432e-bc7a-bc1f8d60735c 8b2be51bdd224a23a5b16a504ca85391 a5fc87afeb804beba88d0b3172c93f54 - - default default] 10.0.0.66 "GET /v2.0/security-groups?id=2d9ceb67-0d4f-40fd-92f1-4c465c588c52&id=efc6b02b-8746-4010-be4c-9119e528233a&fields=id&fields=name HTTP/1.1" status: 200 len: 405 time: 0.0627356
2026-06-15 20:14:47.724 10 INFO neutron.api.wsgi [req-9dbe6727-3e94-46ef-9158-73765b60d677 req-30da0fae-0b4f-436f-80cc-95cabd72e19d 93fd75e7c16c433dac6ed82ee324d3ad 04d056b16d244824b637045d713059ed - - 0c5e71a710ee4d4d9b14d4562644cb4e 0c5e71a710ee4d4d9b14d4562644cb4e] 199.19.213.159 "GET /v2.0/subnets?id=90c9f954-a0ce-435c-a2fc-2d72ed7656b1 HTTP/1.1" status: 200 len: 889 time: 0.0449491
2026-06-15 20:14:47.761 10 INFO neutron.api.wsgi [req-9dbe6727-3e94-46ef-9158-73765b60d677 req-a7dbd4ea-1a20-4604-8617-cd69fad4e30a 93fd75e7c16c433dac6ed82ee324d3ad 04d056b16d244824b637045d713059ed - - 0c5e71a710ee4d4d9b14d4562644cb4e 0c5e71a710ee4d4d9b14d4562644cb4e] 199.19.213.159 "GET /v2.0/ports?network_id=91e42233-2123-417b-8816-6e6fc85d7dcb&device_owner=network%3Adhcp HTTP/1.1" status: 200 len: 210 time: 0.0246539
2026-06-15 20:14:47.814 10 INFO neutron.api.wsgi [req-9dbe6727-3e94-46ef-9158-73765b60d677 req-85da24b9-e33c-4c19-b57c-364fe00579e5 93fd75e7c16c433dac6ed82ee324d3ad 04d056b16d244824b637045d713059ed - - 0c5e71a710ee4d4d9b14d4562644cb4e 0c5e71a710ee4d4d9b14d4562644cb4e] 199.19.213.159 "GET /v2.0/networks/91e42233-2123-417b-8816-6e6fc85d7dcb?fields=segments HTTP/1.1" status: 200 len: 212 time: 0.0458615
2026-06-15 20:14:47.864 10 INFO neutron.api.wsgi [req-9dbe6727-3e94-46ef-9158-73765b60d677 req-a6a0db78-f779-4985-b2c3-60b23f5ecba6 93fd75e7c16c433dac6ed82ee324d3ad 04d056b16d244824b637045d713059ed - - 0c5e71a710ee4d4d9b14d4562644cb4e 0c5e71a710ee4d4d9b14d4562644cb4e] 199.19.213.159 "GET /v2.0/networks/91e42233-2123-417b-8816-6e6fc85d7dcb?fields=provider%3Aphysical_network&fields=provider%3Anetwork_type HTTP/1.1" status: 200 len: 277 time: 0.0439212
2026-06-15 20:14:47.960 10 INFO neutron.api.wsgi [req-ecb0da17-a3c5-461d-86de-a4516526cb2d req-dfba76e1-2716-46b2-88d1-d859724151ee e91404b9bcd94fe8ad0f55e1a0fa6252 ddafaad0de2940afa184b7e673ae67b8 - - default default] 10.0.0.66 "GET /v2.0/ports?device_id=43652171-f090-4154-9765-8071366e2ccf HTTP/1.1" status: 200 len: 210 time: 0.0147390
2026-06-15 20:14:48.222 10 INFO neutron.api.wsgi [-] 10.0.0.188 "GET / HTTP/1.1" status: 200 len: 246 time: 0.0024226
2026-06-15 20:14:48.223 9 INFO neutron.api.wsgi [-] 10.0.0.188 "GET / HTTP/1.1" status: 200 len: 246 time: 0.0033274
2026-06-15 20:14:48.710 10 INFO neutron.api.wsgi [req-b17c47cb-252b-4a82-96f5-78e32c678548 req-be6f5121-30eb-4fc3-bbfc-82140f1fa0ea 942487f5261f4ba996abd2b43250beff 3e6a69f0a750474e96c60d0268000ab9 - - default default] 10.0.0.66 "GET /v2.0/ports?device_id=b79254db-af0e-4eda-a4e2-91c4f7c84b43 HTTP/1.1" status: 200 len: 210 time: 0.0228968
2026-06-15 20:14:48.811 10 INFO neutron.api.wsgi [req-9bb000b6-9041-4e33-bdf9-822c65d91c9f req-d030ebb9-05a4-40c1-842e-074b4be7a734 8b2be51bdd224a23a5b16a504ca85391 a5fc87afeb804beba88d0b3172c93f54 - - default default] 10.0.0.66 "GET /v2.0/ports?device_id=f56b55de-839e-42a4-b734-0b0c29cb668d HTTP/1.1" status: 200 len: 1208 time: 0.0392387
2026-06-15 20:14:48.852 10 INFO neutron.api.wsgi [req-9bb000b6-9041-4e33-bdf9-822c65d91c9f req-9a34adfd-4fc9-4817-ba06-5cd6c13e9f41 8b2be51bdd224a23a5b16a504ca85391 a5fc87afeb804beba88d0b3172c93f54 - - default default] 10.0.0.66 "GET /v2.0/security-groups?id=2d9ceb67-0d4f-40fd-92f1-4c465c588c52&id=efc6b02b-8746-4010-be4c-9119e528233a&fields=id&fields=name HTTP/1.1" status: 200 len: 405 time: 0.0336525
2026-06-15 20:14:49.044 10 INFO neutron.api.wsgi [req-906c3dff-10e4-4b99-ab60-c27a9817f92a req-668ea74b-0cf9-4bf5-9754-f49af9413238 e91404b9bcd94fe8ad0f55e1a0fa6252 ddafaad0de2940afa184b7e673ae67b8 - - default default] 10.0.0.66 "GET /v2.0/ports?device_id=43652171-f090-4154-9765-8071366e2ccf HTTP/1.1" status: 200 len: 210 time: 0.0203199
2026-06-15 20:14:49.800 10 INFO neutron.api.wsgi [req-08f9c7f3-13e4-4d15-a382-a37a1d4f0012 req-9150618d-5706-44fc-a0af-d1a95ded9a36 942487f5261f4ba996abd2b43250beff 3e6a69f0a750474e96c60d0268000ab9 - - default default] 10.0.0.66 "GET /v2.0/ports?device_id=b79254db-af0e-4eda-a4e2-91c4f7c84b43 HTTP/1.1" status: 200 len: 210 time: 0.0184908
2026-06-15 20:14:49.942 10 INFO neutron.api.wsgi [req-868ec113-e7c3-4058-a623-960ec47c5499 req-9768f823-048e-4439-ad16-7d54c5857bb5 8b2be51bdd224a23a5b16a504ca85391 a5fc87afeb804beba88d0b3172c93f54 - - default default] 10.0.0.66 "GET /v2.0/ports?device_id=f56b55de-839e-42a4-b734-0b0c29cb668d HTTP/1.1" status: 200 len: 1208 time: 0.0390961
2026-06-15 20:14:49.995 10 INFO neutron.api.wsgi [req-868ec113-e7c3-4058-a623-960ec47c5499 req-126f1637-504b-4049-b11e-64bbf95edf2a 8b2be51bdd224a23a5b16a504ca85391 a5fc87afeb804beba88d0b3172c93f54 - - default default] 10.0.0.66 "GET /v2.0/security-groups?id=2d9ceb67-0d4f-40fd-92f1-4c465c588c52&id=efc6b02b-8746-4010-be4c-9119e528233a&fields=id&fields=name HTTP/1.1" status: 200 len: 405 time: 0.0451577
2026-06-15 20:14:50.132 10 INFO neutron.api.wsgi [req-bd479919-25a7-4d41-abe6-f5adf3cc2902 req-1607b61e-b6d0-48f3-9d0e-a57db1697ee3 e91404b9bcd94fe8ad0f55e1a0fa6252 ddafaad0de2940afa184b7e673ae67b8 - - default default] 10.0.0.66 "GET /v2.0/ports?device_id=43652171-f090-4154-9765-8071366e2ccf HTTP/1.1" status: 200 len: 210 time: 0.0201819
2026-06-15 20:14:50.476 10 INFO neutron.api.wsgi [req-d5ee5682-eaf0-4c47-8751-37daa7423468 req-c915f565-6cf5-42c6-af99-980921d4ed9a 93fd75e7c16c433dac6ed82ee324d3ad 04d056b16d244824b637045d713059ed - - 0c5e71a710ee4d4d9b14d4562644cb4e 0c5e71a710ee4d4d9b14d4562644cb4e] 199.19.213.159 "GET /v2.0/ports?device_id=f56b55de-839e-42a4-b734-0b0c29cb668d HTTP/1.1" status: 200 len: 1446 time: 0.0316589
2026-06-15 20:14:50.515 10 INFO neutron.api.wsgi [req-d5ee5682-eaf0-4c47-8751-37daa7423468 req-8a5ec97b-7d2b-41f0-9f94-cf1785884c23 93fd75e7c16c433dac6ed82ee324d3ad 04d056b16d244824b637045d713059ed - - 0c5e71a710ee4d4d9b14d4562644cb4e 0c5e71a710ee4d4d9b14d4562644cb4e] 199.19.213.159 "GET /v2.0/security-groups?id=efc6b02b-8746-4010-be4c-9119e528233a&id=2d9ceb67-0d4f-40fd-92f1-4c465c588c52&fields=id&fields=name HTTP/1.1" status: 200 len: 405 time: 0.0342336
2026-06-15 20:14:50.565 10 WARNING neutron_lib.context [None req-f0f558b8-9da7-4be2-b426-a1a52489a4f8 4659ffc5aee34062abe0e4529304594c bf28a4c812514206b211b47437761f41 - - default default] Method 'is_advsvc' is deprecated since 2023.2 release (neutron-lib 3.8.0) and will be removed once support for the old RBAC API policies will be removed from Neutron. Please use method 'is_service_role' instead.
2026-06-15 20:14:50.621 10 INFO neutron.plugins.ml2.drivers.ovn.mech_driver.mech_driver [None req-0f9f251a-51e7-4735-b0e3-60df2dfb8a97 - - - - - -] OVN reports status up for port: 91bb1886-2a42-4375-817d-308053ef98cf
2026-06-15 20:14:50.640 10 INFO neutron.plugins.ml2.plugin [None req-0f9f251a-51e7-4735-b0e3-60df2dfb8a97 - - - - - -] Attempt 1 to provision port 91bb1886-2a42-4375-817d-308053ef98cf
2026-06-15 20:14:50.721 10 INFO neutron.db.ovn_revision_numbers_db [None req-f0f558b8-9da7-4be2-b426-a1a52489a4f8 4659ffc5aee34062abe0e4529304594c bf28a4c812514206b211b47437761f41 - - default default] Successfully bumped revision number for resource 02e2f3f7-50e0-479a-8a3b-3e6fc0d925ef (type: security_groups) to 1
2026-06-15 20:14:50.743 10 INFO neutron.db.ovn_revision_numbers_db [None req-f0f558b8-9da7-4be2-b426-a1a52489a4f8 4659ffc5aee34062abe0e4529304594c bf28a4c812514206b211b47437761f41 - - default default] Successfully bumped revision number for resource 8123fc91-3089-4180-9a01-4d2d6484b8a5 (type: security_group_rules) to 0
2026-06-15 20:14:50.785 10 INFO neutron.db.ovn_revision_numbers_db [None req-f0f558b8-9da7-4be2-b426-a1a52489a4f8 4659ffc5aee34062abe0e4529304594c bf28a4c812514206b211b47437761f41 - - default default] Successfully bumped revision number for resource 9eb58c4e-ef25-4837-9ff7-e3920da43cdb (type: security_group_rules) to 0
2026-06-15 20:14:50.793 10 INFO neutron.notifiers.nova [-] Nova event matching ['req-c0fb2024-d62f-4453-b4c9-224ec5dd2d6e'] response: {'server_uuid': 'f56b55de-839e-42a4-b734-0b0c29cb668d', 'name': 'network-vif-plugged', 'status': 'completed', 'tag': '91bb1886-2a42-4375-817d-308053ef98cf', 'code': 200}
2026-06-15 20:14:50.816 10 INFO neutron.db.ovn_revision_numbers_db [None req-f0f558b8-9da7-4be2-b426-a1a52489a4f8 4659ffc5aee34062abe0e4529304594c bf28a4c812514206b211b47437761f41 - - default default] Successfully bumped revision number for resource a162285d-9af0-4120-bf08-06e421dc702c (type: security_group_rules) to 0
2026-06-15 20:14:50.847 10 INFO neutron.api.wsgi [req-f0683a23-9f6e-4f6e-bcaf-3b278ccf64f0 req-f9aa47f0-83ab-4f08-af81-325dad50a26d 942487f5261f4ba996abd2b43250beff 3e6a69f0a750474e96c60d0268000ab9 - - default default] 199.19.213.159 "GET /v2.0/networks?id=974313d8-0e76-4191-8050-56e1d70c96e4 HTTP/1.1" status: 200 len: 859 time: 0.0769489
2026-06-15 20:14:50.851 10 INFO neutron.db.ovn_revision_numbers_db [None req-f0f558b8-9da7-4be2-b426-a1a52489a4f8 4659ffc5aee34062abe0e4529304594c bf28a4c812514206b211b47437761f41 - - default default] Successfully bumped revision number for resource f6dc43b1-0f38-4355-9e57-249b1ff2bdce (type: security_group_rules) to 0
2026-06-15 20:14:50.912 10 INFO neutron.api.wsgi [req-39b26708-794a-429a-a97b-f30609032b20 req-ff847e2d-761a-4c29-bcea-73c0872e9d29 942487f5261f4ba996abd2b43250beff 3e6a69f0a750474e96c60d0268000ab9 - - default default] 10.0.0.66 "GET /v2.0/ports?device_id=b79254db-af0e-4eda-a4e2-91c4f7c84b43 HTTP/1.1" status: 200 len: 210 time: 0.0251338
2026-06-15 20:14:50.935 10 INFO neutron.api.wsgi [req-f0683a23-9f6e-4f6e-bcaf-3b278ccf64f0 req-0d6f8c15-6244-4f1e-9f9e-e7ec3c62a312 942487f5261f4ba996abd2b43250beff 3e6a69f0a750474e96c60d0268000ab9 - - default default] 199.19.213.159 "GET /v2.0/security-groups?fields=id&fields=name&tenant_id=3e6a69f0a750474e96c60d0268000ab9 HTTP/1.1" status: 200 len: 473 time: 0.0813308
2026-06-15 20:14:50.950 10 WARNING neutron_lib.context [req-f0683a23-9f6e-4f6e-bcaf-3b278ccf64f0 req-9b17a3a1-ff85-4331-a7a7-9b01832097a5 942487f5261f4ba996abd2b43250beff 3e6a69f0a750474e96c60d0268000ab9 - - default default] Method 'is_advsvc' is deprecated since 2023.2 release (neutron-lib 3.8.0) and will be removed once support for the old RBAC API policies will be removed from Neutron. Please use method 'is_service_role' instead.
2026-06-15 20:14:50.971 10 INFO neutron.db.segments_db [None req-f0f558b8-9da7-4be2-b426-a1a52489a4f8 4659ffc5aee34062abe0e4529304594c bf28a4c812514206b211b47437761f41 - - default default] Added segment 93a5533d-2201-421a-b7bb-6a1cd450dced of type geneve for network 89fd9351-0336-4705-ac96-0534c20d64aa
2026-06-15 20:14:51.032 10 INFO neutron.db.ovn_revision_numbers_db [None req-0f9f251a-51e7-4735-b0e3-60df2dfb8a97 - - - - - -] Successfully bumped revision number for resource 91bb1886-2a42-4375-817d-308053ef98cf (type: ports) to 5
2026-06-15 20:14:51.177 10 INFO neutron.db.ovn_revision_numbers_db [None req-f0f558b8-9da7-4be2-b426-a1a52489a4f8 4659ffc5aee34062abe0e4529304594c bf28a4c812514206b211b47437761f41 - - default default] Successfully bumped revision number for resource 89fd9351-0336-4705-ac96-0534c20d64aa (type: networks) to 1
2026-06-15 20:14:51.216 10 INFO neutron.api.wsgi [req-efd9145d-fb23-4807-a6f8-422706fe37ba req-ba7034df-dcce-4e8a-88bf-e3131a6440f5 8b2be51bdd224a23a5b16a504ca85391 a5fc87afeb804beba88d0b3172c93f54 - - default default] 10.0.0.66 "GET /v2.0/ports?device_id=f56b55de-839e-42a4-b734-0b0c29cb668d HTTP/1.1" status: 200 len: 1210 time: 0.1390331 /var/lib/openstack/lib/python3.12/site-packages/pycadf/identifier.py:71: UserWarning: Invalid uuid: neutron. To ensure interoperability, identifiers should be a valid uuid. warnings.warn(('Invalid uuid: %s. To ensure interoperability, '
2026-06-15 20:14:51.239 10 INFO neutron.api.wsgi [req-b15c260f-78fa-4331-bb6e-3c7874719b8d req-cfa3c998-b919-4721-9022-c7cdbeb93732 e91404b9bcd94fe8ad0f55e1a0fa6252 ddafaad0de2940afa184b7e673ae67b8 - - default default] 10.0.0.66 "GET /v2.0/ports?device_id=43652171-f090-4154-9765-8071366e2ccf HTTP/1.1" status: 200 len: 210 time: 0.0317855
2026-06-15 20:14:51.288 10 INFO neutron.api.wsgi [req-efd9145d-fb23-4807-a6f8-422706fe37ba req-715a3fa8-0c0d-4ee2-a68a-c99af394f999 8b2be51bdd224a23a5b16a504ca85391 a5fc87afeb804beba88d0b3172c93f54 - - default default] 10.0.0.66 "GET /v2.0/security-groups?id=2d9ceb67-0d4f-40fd-92f1-4c465c588c52&id=efc6b02b-8746-4010-be4c-9119e528233a&fields=id&fields=name HTTP/1.1" status: 200 len: 405 time: 0.0633743
2026-06-15 20:14:51.376 10 WARNING neutron.scheduler.dhcp_agent_scheduler [req-f0683a23-9f6e-4f6e-bcaf-3b278ccf64f0 req-9b17a3a1-ff85-4331-a7a7-9b01832097a5 942487f5261f4ba996abd2b43250beff 3e6a69f0a750474e96c60d0268000ab9 - - default default] No more DHCP agents
2026-06-15 20:14:51.379 10 WARNING neutron.api.rpc.agentnotifiers.dhcp_rpc_agent_api [req-f0683a23-9f6e-4f6e-bcaf-3b278ccf64f0 req-9b17a3a1-ff85-4331-a7a7-9b01832097a5 942487f5261f4ba996abd2b43250beff 3e6a69f0a750474e96c60d0268000ab9 - - default default] Unable to schedule network 974313d8-0e76-4191-8050-56e1d70c96e4: no agents available; will retry on subsequent port and subnet creation events.
2026-06-15 20:14:51.394 10 WARNING neutron.scheduler.dhcp_agent_scheduler [None req-f0f558b8-9da7-4be2-b426-a1a52489a4f8 4659ffc5aee34062abe0e4529304594c bf28a4c812514206b211b47437761f41 - - default default] No more DHCP agents
2026-06-15 20:14:51.396 10 WARNING neutron.api.rpc.agentnotifiers.dhcp_rpc_agent_api [None req-f0f558b8-9da7-4be2-b426-a1a52489a4f8 4659ffc5aee34062abe0e4529304594c bf28a4c812514206b211b47437761f41 - - default default] Unable to schedule network 89fd9351-0336-4705-ac96-0534c20d64aa: no agents available; will retry on subsequent port and subnet creation events.
2026-06-15 20:14:51.462 10 INFO neutron.db.ovn_revision_numbers_db [None req-f0f558b8-9da7-4be2-b426-a1a52489a4f8 4659ffc5aee34062abe0e4529304594c bf28a4c812514206b211b47437761f41 - - default default] Successfully bumped revision number for resource 9c723f20-e5e9-4ef2-b376-252cb155ca02 (type: ports) to 1
2026-06-15 20:14:51.490 10 INFO neutron.api.wsgi [None req-f0f558b8-9da7-4be2-b426-a1a52489a4f8 4659ffc5aee34062abe0e4529304594c bf28a4c812514206b211b47437761f41 - - default default] 10.0.0.129 "POST /v2.0/networks HTTP/1.1" status: 201 len: 831 time: 1.0686371
2026-06-15 20:14:51.499 9 WARNING neutron_lib.context [None req-718e9567-2ae0-49d8-ac83-7047cf74359d 4659ffc5aee34062abe0e4529304594c bf28a4c812514206b211b47437761f41 - - default default] Method 'is_advsvc' is deprecated since 2023.2 release (neutron-lib 3.8.0) and will be removed once support for the old RBAC API policies will be removed from Neutron. Please use method 'is_service_role' instead.
2026-06-15 20:14:51.509 10 INFO neutron.db.ovn_revision_numbers_db [req-f0683a23-9f6e-4f6e-bcaf-3b278ccf64f0 req-9b17a3a1-ff85-4331-a7a7-9b01832097a5 942487f5261f4ba996abd2b43250beff 3e6a69f0a750474e96c60d0268000ab9 - - default default] Successfully bumped revision number for resource 785587d8-c7b2-41e7-9910-af0ded74b3ff (type: ports) to 1
2026-06-15 20:14:51.532 10 INFO neutron.api.wsgi [req-f0683a23-9f6e-4f6e-bcaf-3b278ccf64f0 req-9b17a3a1-ff85-4331-a7a7-9b01832097a5 942487f5261f4ba996abd2b43250beff 3e6a69f0a750474e96c60d0268000ab9 - - default default] 199.19.213.159 "POST /v2.0/ports HTTP/1.1" status: 201 len: 1162 time: 0.5868425 /var/lib/openstack/lib/python3.12/site-packages/pycadf/identifier.py:71: UserWarning: Invalid uuid: neutron. To ensure interoperability, identifiers should be a valid uuid. warnings.warn(('Invalid uuid: %s. To ensure interoperability, '
2026-06-15 20:14:51.573 9 INFO neutron.db.segments_db [None req-718e9567-2ae0-49d8-ac83-7047cf74359d 4659ffc5aee34062abe0e4529304594c bf28a4c812514206b211b47437761f41 - - default default] Added segment 397946e9-931f-4ba8-8e81-bbef53e01a26 of type geneve for network 1c28364a-4baf-42a5-a82c-a9b0c9a8fb08
2026-06-15 20:14:51.687 9 INFO neutron.db.ovn_revision_numbers_db [None req-718e9567-2ae0-49d8-ac83-7047cf74359d 4659ffc5aee34062abe0e4529304594c bf28a4c812514206b211b47437761f41 - - default default] Successfully bumped revision number for resource 1c28364a-4baf-42a5-a82c-a9b0c9a8fb08 (type: networks) to 1
2026-06-15 20:14:51.848 9 WARNING neutron.scheduler.dhcp_agent_scheduler [None req-718e9567-2ae0-49d8-ac83-7047cf74359d 4659ffc5aee34062abe0e4529304594c bf28a4c812514206b211b47437761f41 - - default default] No more DHCP agents
2026-06-15 20:14:51.849 9 WARNING neutron.api.rpc.agentnotifiers.dhcp_rpc_agent_api [None req-718e9567-2ae0-49d8-ac83-7047cf74359d 4659ffc5aee34062abe0e4529304594c bf28a4c812514206b211b47437761f41 - - default default] Unable to schedule network 1c28364a-4baf-42a5-a82c-a9b0c9a8fb08: no agents available; will retry on subsequent port and subnet creation events.
2026-06-15 20:14:51.924 9 INFO neutron.db.ovn_revision_numbers_db [None req-718e9567-2ae0-49d8-ac83-7047cf74359d 4659ffc5aee34062abe0e4529304594c bf28a4c812514206b211b47437761f41 - - default default] Successfully bumped revision number for resource 73f6157d-1a9a-48e3-8994-8be3f0d26d7d (type: ports) to 1
