2026-07-09 14:24:27.957 8 INFO neutron.db.ovn_revision_numbers_db [None req-e3115db6-fb30-4e66-bb0a-e7cfe600d5e9 46d5cbe7c5184e3ab79d4458700d3f09 e4767af04d1f4b59b76dd135dc916724 - - default default] Successfully bumped revision number for resource a434e779-4d08-4b74-aab7-f09b128f9ccf (type: ports) to 2
2026-07-09 14:24:27.987 8 INFO neutron.db.ovn_revision_numbers_db [None req-e3115db6-fb30-4e66-bb0a-e7cfe600d5e9 46d5cbe7c5184e3ab79d4458700d3f09 e4767af04d1f4b59b76dd135dc916724 - - default default] Successfully bumped revision number for resource 53c4844d-e0d3-4ec8-b88a-ca5a55ee038e (type: subnets) to 0 [pid: 8|app: 0|req: 614/1373] 10.0.0.165 () {34 vars in 669 bytes} [Thu Jul 9 14:24:27 2026] POST /v2.0/subnets => generated 626 bytes in 826 msecs (HTTP/1.1 201) 4 headers in 162 bytes (1 switches on core 0)
2026-07-09 14:24:28.325 7 INFO neutron.db.ovn_revision_numbers_db [None req-875dbd3f-6eb8-42fa-9274-463624ec3b4d a4f8408bb86e482e9abd8f08789dac8b 9fced534b0de4973a9c8703c86fccdf3 - - default default] Successfully bumped revision number for resource e52e7c89-b4c3-4ba6-9bc2-2fc7b68507e7 (type: ports) to 2
2026-07-09 14:24:28.360 7 INFO neutron.db.ovn_revision_numbers_db [None req-875dbd3f-6eb8-42fa-9274-463624ec3b4d a4f8408bb86e482e9abd8f08789dac8b 9fced534b0de4973a9c8703c86fccdf3 - - default default] Successfully bumped revision number for resource 150e449b-101b-48f3-b23a-f4fb2dbd2724 (type: subnets) to 0 [pid: 7|app: 0|req: 760/1374] 10.0.0.165 () {34 vars in 669 bytes} [Thu Jul 9 14:24:27 2026] POST /v2.0/subnets => generated 644 bytes in 757 msecs (HTTP/1.1 201) 4 headers in 162 bytes (1 switches on core 0) [pid: 7|app: 0|req: 761/1375] 10.0.0.117 () {34 vars in 1008 bytes} [Thu Jul 9 14:24:28 2026] GET /v2.0/networks/531900d9-19e7-4911-9d1c-9f6e31e46aaa?fields=segments => generated 14 bytes in 49 msecs (HTTP/1.1 200) 4 headers in 156 bytes (1 switches on core 0)
2026-07-09 14:24:28.436 8 INFO neutron_taas.services.taas.taas_plugin [None req-d9ae33c6-8c06-4dd7-a8b6-b7daa552aca3 d5ace5345e8640d5954c7064d749e75f 4f3ca1de623e49638e160e49a1646fce - - default default] TaaS: Handle Delete Port: 6c88a035-0986-4baf-8254-5be4ea225533
2026-07-09 14:24:28.440 8 INFO neutron_taas.services.taas.tap_mirror_plugin [None req-d9ae33c6-8c06-4dd7-a8b6-b7daa552aca3 d5ace5345e8640d5954c7064d749e75f 4f3ca1de623e49638e160e49a1646fce - - default default] Tap Mirror: Handle Delete Port: 6c88a035-0986-4baf-8254-5be4ea225533
2026-07-09 14:24:28.747 7 WARNING neutron.scheduler.dhcp_agent_scheduler [None req-9be19b92-0c30-4b25-8942-f325890ea74c 46d5cbe7c5184e3ab79d4458700d3f09 e4767af04d1f4b59b76dd135dc916724 - - default default] No more DHCP agents
2026-07-09 14:24:28.750 7 WARNING neutron.api.rpc.agentnotifiers.dhcp_rpc_agent_api [None req-9be19b92-0c30-4b25-8942-f325890ea74c 46d5cbe7c5184e3ab79d4458700d3f09 e4767af04d1f4b59b76dd135dc916724 - - default default] Unable to schedule network 8ab8322f-690a-465d-8318-8b2a3e0b3738: no agents available; will retry on subsequent port and subnet creation events. [pid: 8|app: 0|req: 615/1376] 10.0.0.165 () {34 vars in 789 bytes} [Thu Jul 9 14:24:28 2026] PUT /v2.0/routers/9ed762fc-c212-4726-8db0-2096a59eb4f3/remove_router_interface => generated 310 bytes in 777 msecs (HTTP/1.1 200) 4 headers in 157 bytes (1 switches on core 0) /var/lib/openstack/lib/python3.12/site-packages/pycadf/identifier.py:70: UserWarning: Invalid uuid: neutron. To ensure interoperability, identifiers should be a valid uuid. warnings.warn(('Invalid uuid: %s. To ensure interoperability, '
2026-07-09 14:24:28.789 8 WARNING neutron.api.v2.base [None req-d028a76e-e21a-4c9a-ad96-d517d2dae884 a4f8408bb86e482e9abd8f08789dac8b 9fced534b0de4973a9c8703c86fccdf3 - - default default] An exception happened while processing the request body. The exception message is [Invalid input for target_tenant. Reason: 'None' is not a valid string.].: webob.exc.HTTPBadRequest: Invalid input for target_tenant. Reason: 'None' is not a valid string.
2026-07-09 14:24:28.790 8 INFO neutron.api.v2.resource [None req-d028a76e-e21a-4c9a-ad96-d517d2dae884 a4f8408bb86e482e9abd8f08789dac8b 9fced534b0de4973a9c8703c86fccdf3 - - default default] create failed (client error): Invalid input for target_tenant. Reason: 'None' is not a valid string. [pid: 8|app: 0|req: 616/1377] 10.0.0.165 () {34 vars in 681 bytes} [Thu Jul 9 14:24:28 2026] POST /v2.0/rbac-policies => generated 143 bytes in 10 msecs (HTTP/1.1 400) 4 headers in 166 bytes (1 switches on core 0) [pid: 8|app: 0|req: 617/1378] 10.0.0.117 () {34 vars in 1108 bytes} [Thu Jul 9 14:24:28 2026] GET /v2.0/networks/531900d9-19e7-4911-9d1c-9f6e31e46aaa?fields=provider%3Aphysical_network&fields=provider%3Anetwork_type => generated 79 bytes in 41 msecs (HTTP/1.1 200) 4 headers in 156 bytes (1 switches on core 0)
2026-07-09 14:24:28.925 8 INFO neutron.api.v2.resource [None req-1be2ae01-7192-4ffd-b40b-6f952aed7a09 d5ace5345e8640d5954c7064d749e75f 4f3ca1de623e49638e160e49a1646fce - - default default] remove_router_interface failed (client error): The resource could not be found. [pid: 8|app: 0|req: 618/1379] 10.0.0.165 () {34 vars in 789 bytes} [Thu Jul 9 14:24:28 2026] PUT /v2.0/routers/9ed762fc-c212-4726-8db0-2096a59eb4f3/remove_router_interface => generated 197 bytes in 94 msecs (HTTP/1.1 404) 4 headers in 164 bytes (1 switches on core 0)
2026-07-09 14:24:28.995 7 INFO neutron.db.ovn_revision_numbers_db [None req-9be19b92-0c30-4b25-8942-f325890ea74c 46d5cbe7c5184e3ab79d4458700d3f09 e4767af04d1f4b59b76dd135dc916724 - - default default] Successfully bumped revision number for resource 6b6e4c5b-caf1-4640-b3d1-38717da3eedf (type: ports) to 1 [pid: 7|app: 0|req: 762/1380] 10.0.0.165 () {34 vars in 665 bytes} [Thu Jul 9 14:24:28 2026] POST /v2.0/ports => generated 915 bytes in 596 msecs (HTTP/1.1 201) 4 headers in 162 bytes (1 switches on core 0) [pid: 7|app: 0|req: 763/1381] 10.0.0.165 () {32 vars in 736 bytes} [Thu Jul 9 14:24:29 2026] GET /v2.0/ports?device_id=9ed762fc-c212-4726-8db0-2096a59eb4f3 => generated 12 bytes in 20 msecs (HTTP/1.1 200) 4 headers in 156 bytes (1 switches on core 0) [pid: 7|app: 0|req: 764/1382] 10.0.0.117 () {34 vars in 1070 bytes} [Thu Jul 9 14:24:29 2026] GET /v2.0/ports?fields=security_groups&fields=device_id&device_id=0207d467-d40f-4a7c-a291-cd86285dc6ca => generated 12 bytes in 17 msecs (HTTP/1.1 200) 4 headers in 156 bytes (1 switches on core 0)
2026-07-09 14:24:29.140 8 INFO neutron_taas.services.taas.taas_plugin [None req-3680def8-60e0-4ae4-89e0-ff912e3131c5 a4f8408bb86e482e9abd8f08789dac8b 9fced534b0de4973a9c8703c86fccdf3 - - default default] TaaS: Handle Delete Port: e52e7c89-b4c3-4ba6-9bc2-2fc7b68507e7
2026-07-09 14:24:29.150 8 INFO neutron_taas.services.taas.tap_mirror_plugin [None req-3680def8-60e0-4ae4-89e0-ff912e3131c5 a4f8408bb86e482e9abd8f08789dac8b 9fced534b0de4973a9c8703c86fccdf3 - - default default] Tap Mirror: Handle Delete Port: e52e7c89-b4c3-4ba6-9bc2-2fc7b68507e7
2026-07-09 14:24:29.203 7 INFO neutron_taas.services.taas.taas_plugin [None req-e1a24f02-dd2b-408e-b043-f76622548cbb 46d5cbe7c5184e3ab79d4458700d3f09 e4767af04d1f4b59b76dd135dc916724 - - default default] TaaS: Handle Delete Port: 6b6e4c5b-caf1-4640-b3d1-38717da3eedf
2026-07-09 14:24:29.207 7 INFO neutron_taas.services.taas.tap_mirror_plugin [None req-e1a24f02-dd2b-408e-b043-f76622548cbb 46d5cbe7c5184e3ab79d4458700d3f09 e4767af04d1f4b59b76dd135dc916724 - - default default] Tap Mirror: Handle Delete Port: 6b6e4c5b-caf1-4640-b3d1-38717da3eedf [pid: 7|app: 0|req: 765/1383] 10.0.0.165 () {32 vars in 720 bytes} [Thu Jul 9 14:24:29 2026] DELETE /v2.0/ports/6b6e4c5b-caf1-4640-b3d1-38717da3eedf => generated 0 bytes in 409 msecs (HTTP/1.1 204) 3 headers in 131 bytes (1 switches on core 0)
2026-07-09 14:24:29.586 8 INFO neutron.services.segments.plugin [-] Segment 8ec235da-8038-4a28-8fba-873e233aeb5d resource provider aggregate not found
2026-07-09 14:24:29.595 8 INFO neutron.services.segments.plugin [-] Segment 8ec235da-8038-4a28-8fba-873e233aeb5d resource provider aggregate not found
2026-07-09 14:24:29.601 8 INFO neutron.services.segments.plugin [-] Client error retrieving segment 8ec235da-8038-4a28-8fba-873e233aeb5d resource provider; error: Placement Client Error (4xx): {"errors": [{"status": 404, "title": "Not Found", "detail": "The resource could not be found.\n\n No resource provider with uuid 8ec235da-8038-4a28-8fba-873e233aeb5d found for delete ", "request_id": "req-220b23a2-3725-480d-8af7-0210c7c2d6cc"}]}
2026-07-09 14:24:29.617 8 INFO neutron.services.segments.plugin [-] Client error retrieving segment 8ec235da-8038-4a28-8fba-873e233aeb5d resource provider; error: Placement Client Error (4xx): {"errors": [{"status": 404, "title": "Not Found", "detail": "The resource could not be found.\n\n No resource provider with uuid 8ec235da-8038-4a28-8fba-873e233aeb5d found for delete ", "request_id": "req-78495f85-2e7f-418e-b5d6-3d16d0790395"}]} [pid: 8|app: 0|req: 619/1384] 10.0.0.165 () {32 vars in 726 bytes} [Thu Jul 9 14:24:28 2026] DELETE /v2.0/networks/d0fd2e36-0140-43c9-a08f-67aec039b572 => generated 0 bytes in 725 msecs (HTTP/1.1 204) 3 headers in 131 bytes (1 switches on core 0)
2026-07-09 14:24:29.667 8 INFO neutron.pecan_wsgi.hooks.translation [None req-b618f744-6a43-40a4-bbe5-0a520d8ed85f 46d5cbe7c5184e3ab79d4458700d3f09 e4767af04d1f4b59b76dd135dc916724 - - default default] GET failed (client error): The resource could not be found. [pid: 8|app: 0|req: 620/1385] 10.0.0.165 () {32 vars in 717 bytes} [Thu Jul 9 14:24:29 2026] GET /v2.0/ports/6b6e4c5b-caf1-4640-b3d1-38717da3eedf => generated 132 bytes in 15 msecs (HTTP/1.1 404) 4 headers in 164 bytes (1 switches on core 0) [pid: 7|app: 0|req: 766/1386] 10.0.0.165 () {32 vars in 724 bytes} [Thu Jul 9 14:24:29 2026] DELETE /v2.0/routers/9ed762fc-c212-4726-8db0-2096a59eb4f3 => generated 0 bytes in 231 msecs (HTTP/1.1 204) 2 headers in 112 bytes (1 switches on core 0)
2026-07-09 14:24:29.762 8 INFO neutron.db.segments_db [None req-1f166fb8-a340-4e4c-b362-50e246fbfaf4 a4f8408bb86e482e9abd8f08789dac8b 9fced534b0de4973a9c8703c86fccdf3 - - default default] Added segment d38ca474-2967-4390-9585-aff36d9ea4c5 of type geneve for network 71e90ae4-647b-4523-8b61-375aa01d10cf
2026-07-09 14:24:29.914 8 INFO neutron.db.ovn_revision_numbers_db [None req-1f166fb8-a340-4e4c-b362-50e246fbfaf4 a4f8408bb86e482e9abd8f08789dac8b 9fced534b0de4973a9c8703c86fccdf3 - - default default] Successfully bumped revision number for resource 71e90ae4-647b-4523-8b61-375aa01d10cf (type: networks) to 1 [pid: 7|app: 0|req: 767/1387] 10.0.0.165 () {32 vars in 724 bytes} [Thu Jul 9 14:24:29 2026] DELETE /v2.0/subnets/53c4844d-e0d3-4ec8-b88a-ca5a55ee038e => generated 0 bytes in 212 msecs (HTTP/1.1 204) 3 headers in 131 bytes (1 switches on core 0) [pid: 7|app: 0|req: 768/1388] 10.0.0.165 () {32 vars in 724 bytes} [Thu Jul 9 14:24:29 2026] DELETE /v2.0/subnets/325ecc85-1cdd-4827-bc32-d54772fbfe0e => generated 0 bytes in 165 msecs (HTTP/1.1 204) 3 headers in 131 bytes (1 switches on core 0)
2026-07-09 14:24:30.133 8 WARNING neutron.scheduler.dhcp_agent_scheduler [None req-1f166fb8-a340-4e4c-b362-50e246fbfaf4 a4f8408bb86e482e9abd8f08789dac8b 9fced534b0de4973a9c8703c86fccdf3 - - default default] No more DHCP agents
2026-07-09 14:24:30.136 8 WARNING neutron.api.rpc.agentnotifiers.dhcp_rpc_agent_api [None req-1f166fb8-a340-4e4c-b362-50e246fbfaf4 a4f8408bb86e482e9abd8f08789dac8b 9fced534b0de4973a9c8703c86fccdf3 - - default default] Unable to schedule network 71e90ae4-647b-4523-8b61-375aa01d10cf: no agents available; will retry on subsequent port and subnet creation events.
2026-07-09 14:24:30.268 7 INFO neutron_taas.services.taas.taas_plugin [None req-e2094cde-89f1-423f-9604-a96bb5a3c972 46d5cbe7c5184e3ab79d4458700d3f09 e4767af04d1f4b59b76dd135dc916724 - - default default] TaaS: Handle Delete Port: a434e779-4d08-4b74-aab7-f09b128f9ccf
2026-07-09 14:24:30.272 7 INFO neutron_taas.services.taas.tap_mirror_plugin [None req-e2094cde-89f1-423f-9604-a96bb5a3c972 46d5cbe7c5184e3ab79d4458700d3f09 e4767af04d1f4b59b76dd135dc916724 - - default default] Tap Mirror: Handle Delete Port: a434e779-4d08-4b74-aab7-f09b128f9ccf
2026-07-09 14:24:30.280 8 INFO neutron.db.ovn_revision_numbers_db [None req-1f166fb8-a340-4e4c-b362-50e246fbfaf4 a4f8408bb86e482e9abd8f08789dac8b 9fced534b0de4973a9c8703c86fccdf3 - - default default] Successfully bumped revision number for resource 6754f3b4-239b-4c3a-99c1-95c970959d73 (type: ports) to 1 [pid: 8|app: 0|req: 621/1389] 10.0.0.165 () {34 vars in 670 bytes} [Thu Jul 9 14:24:29 2026] POST /v2.0/networks => generated 767 bytes in 639 msecs (HTTP/1.1 201) 4 headers in 162 bytes (1 switches on core 0)
2026-07-09 14:24:30.485 7 INFO neutron.services.segments.plugin [-] Segment 61c40c37-6c8f-4fec-a3a1-af4973faa0b9 resource provider aggregate not found
2026-07-09 14:24:30.487 7 INFO neutron.services.segments.plugin [-] Segment 61c40c37-6c8f-4fec-a3a1-af4973faa0b9 resource provider aggregate not found
2026-07-09 14:24:30.514 7 INFO neutron.services.segments.plugin [-] Client error retrieving segment 61c40c37-6c8f-4fec-a3a1-af4973faa0b9 resource provider; error: Placement Client Error (4xx): {"errors": [{"status": 404, "title": "Not Found", "detail": "The resource could not be found.\n\n No resource provider with uuid 61c40c37-6c8f-4fec-a3a1-af4973faa0b9 found for delete ", "request_id": "req-78ede3ff-236d-4ddc-94d8-f84fb2c38c5c"}]}
2026-07-09 14:24:30.516 7 INFO neutron.services.segments.plugin [-] Client error retrieving segment 61c40c37-6c8f-4fec-a3a1-af4973faa0b9 resource provider; error: Placement Client Error (4xx): {"errors": [{"status": 404, "title": "Not Found", "detail": "The resource could not be found.\n\n No resource provider with uuid 61c40c37-6c8f-4fec-a3a1-af4973faa0b9 found for delete ", "request_id": "req-f7be9987-7fdb-4fcb-b558-028e5fc7057d"}]}
2026-07-09 14:24:30.525 8 INFO neutron_taas.services.taas.taas_plugin [None req-9ea50943-63b0-4337-a398-f0fcb1ae3629 d5ace5345e8640d5954c7064d749e75f 4f3ca1de623e49638e160e49a1646fce - - default default] TaaS: Handle Delete Port: aa04adb8-6106-4b1f-a48c-25dc4d2a29b2
2026-07-09 14:24:30.548 8 INFO neutron_taas.services.taas.tap_mirror_plugin [None req-9ea50943-63b0-4337-a398-f0fcb1ae3629 d5ace5345e8640d5954c7064d749e75f 4f3ca1de623e49638e160e49a1646fce - - default default] Tap Mirror: Handle Delete Port: aa04adb8-6106-4b1f-a48c-25dc4d2a29b2 [pid: 7|app: 0|req: 769/1390] 10.0.0.165 () {32 vars in 726 bytes} [Thu Jul 9 14:24:30 2026] DELETE /v2.0/networks/8ab8322f-690a-465d-8318-8b2a3e0b3738 => generated 0 bytes in 461 msecs (HTTP/1.1 204) 3 headers in 131 bytes (1 switches on core 0) [pid: 7|app: 0|req: 770/1391] 10.0.0.117 () {34 vars in 1070 bytes} [Thu Jul 9 14:24:30 2026] GET /v2.0/ports?fields=security_groups&fields=device_id&device_id=0207d467-d40f-4a7c-a291-cd86285dc6ca => generated 12 bytes in 17 msecs (HTTP/1.1 200) 4 headers in 156 bytes (1 switches on core 0)
2026-07-09 14:24:30.603 8 WARNING neutron.plugins.ml2.drivers.ovn.mech_driver.ovsdb.ovn_client [None req-27f6b7fb-3596-45ac-ad84-933c805a5ac5 - - - - - -] No hosting information found for port 280b0481-c1fc-4668-a92a-4d7e94569a64: RuntimeError: No hosting information found for port 280b0481-c1fc-4668-a92a-4d7e94569a64
2026-07-09 14:24:30.672 8 INFO neutron.common.ovn.utils [None req-27f6b7fb-3596-45ac-ad84-933c805a5ac5 - - - - - -] HA Chassis Group neutron-531900d9-19e7-4911-9d1c-9f6e31e46aaa synchronized; highest priority chassis 11be84cd-4499-43f9-a4a2-72e5f5160928
2026-07-09 14:24:30.709 7 WARNING neutron.scheduler.dhcp_agent_scheduler [None req-1177df0b-d16e-4991-b6e3-225ed136d3a3 a4f8408bb86e482e9abd8f08789dac8b 9fced534b0de4973a9c8703c86fccdf3 - - default default] No more DHCP agents
2026-07-09 14:24:30.711 7 WARNING neutron.api.rpc.agentnotifiers.dhcp_rpc_agent_api [None req-1177df0b-d16e-4991-b6e3-225ed136d3a3 a4f8408bb86e482e9abd8f08789dac8b 9fced534b0de4973a9c8703c86fccdf3 - - default default] Unable to schedule network 71e90ae4-647b-4523-8b61-375aa01d10cf: no agents available; will retry on subsequent port and subnet creation events.
2026-07-09 14:24:30.870 8 INFO neutron.db.ovn_revision_numbers_db [None req-27f6b7fb-3596-45ac-ad84-933c805a5ac5 - - - - - -] Successfully bumped revision number for resource 280b0481-c1fc-4668-a92a-4d7e94569a64 (type: router_ports) to 2
2026-07-09 14:24:30.871 8 INFO neutron.plugins.ml2.drivers.ovn.mech_driver.mech_driver [None req-27f6b7fb-3596-45ac-ad84-933c805a5ac5 - - - - - -] OVN reports status down for port: aa04adb8-6106-4b1f-a48c-25dc4d2a29b2
2026-07-09 14:24:30.892 8 INFO neutron.plugins.ml2.drivers.ovn.mech_driver.mech_driver [None req-27f6b7fb-3596-45ac-ad84-933c805a5ac5 - - - - - -] OVN reports status down for port: 16cf7750-2e90-4e3f-b2e5-cdbe8cbdd3b6
2026-07-09 14:24:30.907 8 INFO neutron.plugins.ml2.drivers.ovn.mech_driver.mech_driver [None req-27f6b7fb-3596-45ac-ad84-933c805a5ac5 - - - - - -] OVN reports status down for port: 2edf062e-3aa6-4d71-8af2-b3daf27c8436
2026-07-09 14:24:30.922 8 INFO neutron.plugins.ml2.drivers.ovn.mech_driver.mech_driver [None req-27f6b7fb-3596-45ac-ad84-933c805a5ac5 - - - - - -] OVN reports status down for port: 6c88a035-0986-4baf-8254-5be4ea225533
2026-07-09 14:24:31.032 8 INFO neutron.plugins.ml2.drivers.ovn.mech_driver.mech_driver [None req-27f6b7fb-3596-45ac-ad84-933c805a5ac5 - - - - - -] OVN reports status up for port: 6c88a035-0986-4baf-8254-5be4ea225533 [pid: 8|app: 0|req: 622/1392] 10.0.0.165 () {32 vars in 726 bytes} [Thu Jul 9 14:24:30 2026] DELETE /v2.0/networks/e46f3cbf-0233-41c4-8626-fda68b10ee0d => generated 0 bytes in 752 msecs (HTTP/1.1 204) 3 headers in 131 bytes (1 switches on core 0)
2026-07-09 14:24:31.061 8 INFO neutron.plugins.ml2.drivers.ovn.mech_driver.mech_driver [None req-27f6b7fb-3596-45ac-ad84-933c805a5ac5 - - - - - -] OVN reports status down for port: a434e779-4d08-4b74-aab7-f09b128f9ccf
2026-07-09 14:24:31.099 8 INFO neutron.plugins.ml2.drivers.ovn.mech_driver.mech_driver [None req-27f6b7fb-3596-45ac-ad84-933c805a5ac5 - - - - - -] OVN reports status down for port: e52e7c89-b4c3-4ba6-9bc2-2fc7b68507e7
2026-07-09 14:24:31.125 8 INFO neutron.plugins.ml2.drivers.ovn.mech_driver.mech_driver [None req-27f6b7fb-3596-45ac-ad84-933c805a5ac5 - - - - - -] OVN reports status down for port: 6b6e4c5b-caf1-4640-b3d1-38717da3eedf
2026-07-09 14:24:31.144 8 INFO neutron.plugins.ml2.drivers.ovn.mech_driver.mech_driver [None req-27f6b7fb-3596-45ac-ad84-933c805a5ac5 - - - - - -] OVN reports status down for port: 6754f3b4-239b-4c3a-99c1-95c970959d73
2026-07-09 14:24:31.290 7 INFO neutron.db.ovn_revision_numbers_db [None req-1177df0b-d16e-4991-b6e3-225ed136d3a3 a4f8408bb86e482e9abd8f08789dac8b 9fced534b0de4973a9c8703c86fccdf3 - - default default] Successfully bumped revision number for resource 6754f3b4-239b-4c3a-99c1-95c970959d73 (type: ports) to 2
2026-07-09 14:24:31.335 7 INFO neutron.db.ovn_revision_numbers_db [None req-1177df0b-d16e-4991-b6e3-225ed136d3a3 a4f8408bb86e482e9abd8f08789dac8b 9fced534b0de4973a9c8703c86fccdf3 - - default default] Successfully bumped revision number for resource 5d121fbc-cfb3-405c-966f-1726bee1cde7 (type: subnets) to 0 [pid: 7|app: 0|req: 771/1393] 10.0.0.165 () {34 vars in 669 bytes} [Thu Jul 9 14:24:30 2026] POST /v2.0/subnets => generated 647 bytes in 801 msecs (HTTP/1.1 201) 4 headers in 162 bytes (1 switches on core 0)
2026-07-09 14:24:31.456 8 WARNING neutron.scheduler.dhcp_agent_scheduler [None req-badfa42f-15a7-4a98-ac68-6e557fb44f98 46d5cbe7c5184e3ab79d4458700d3f09 e4767af04d1f4b59b76dd135dc916724 - - default default] No more DHCP agents
2026-07-09 14:24:31.459 8 WARNING neutron.api.rpc.agentnotifiers.dhcp_rpc_agent_api [None req-badfa42f-15a7-4a98-ac68-6e557fb44f98 46d5cbe7c5184e3ab79d4458700d3f09 e4767af04d1f4b59b76dd135dc916724 - - default default] Unable to schedule network 10209001-0ef5-446f-94e2-b0538944991b: no agents available; will retry on subsequent port and subnet creation events.
2026-07-09 14:24:31.473 7 INFO neutron.db.segments_db [None req-2ffd5e41-0e46-4db0-9ebd-cd1e90464b94 d5ace5345e8640d5954c7064d749e75f 4f3ca1de623e49638e160e49a1646fce - - default default] Added segment 098d11c6-d5de-4692-b6d2-2d43e9a1404e of type geneve for network a61b59e4-ce90-4697-a0ef-44118f1f3bd8
2026-07-09 14:24:31.542 8 INFO neutron.plugins.ml2.drivers.ovn.mech_driver.mech_driver [None req-27f6b7fb-3596-45ac-ad84-933c805a5ac5 - - - - - -] OVN reports status down for port: 13e599e1-d798-4bb0-bc49-6fdda1699977
2026-07-09 14:24:31.627 8 INFO neutron.services.segments.plugin [-] Segment 28d41d5f-ae9f-4c9d-a064-732c2cd69014 resource provider aggregate not found
2026-07-09 14:24:31.645 8 INFO neutron.db.ovn_revision_numbers_db [None req-badfa42f-15a7-4a98-ac68-6e557fb44f98 46d5cbe7c5184e3ab79d4458700d3f09 e4767af04d1f4b59b76dd135dc916724 - - default default] Successfully bumped revision number for resource 13e599e1-d798-4bb0-bc49-6fdda1699977 (type: ports) to 1
2026-07-09 14:24:31.651 8 INFO neutron.services.segments.plugin [-] Segment 28d41d5f-ae9f-4c9d-a064-732c2cd69014 resource provider aggregate not found
2026-07-09 14:24:31.672 8 INFO neutron.services.segments.plugin [-] Client error retrieving segment 28d41d5f-ae9f-4c9d-a064-732c2cd69014 resource provider; error: Placement Client Error (4xx): {"errors": [{"status": 404, "title": "Not Found", "detail": "The resource could not be found.\n\n No resource provider with uuid 28d41d5f-ae9f-4c9d-a064-732c2cd69014 found for delete ", "request_id": "req-83435838-2b19-4ba1-bef2-3dc6a145b78b"}]}
2026-07-09 14:24:31.680 8 INFO neutron.services.segments.plugin [-] Client error retrieving segment 28d41d5f-ae9f-4c9d-a064-732c2cd69014 resource provider; error: Placement Client Error (4xx): {"errors": [{"status": 404, "title": "Not Found", "detail": "The resource could not be found.\n\n No resource provider with uuid 28d41d5f-ae9f-4c9d-a064-732c2cd69014 found for delete ", "request_id": "req-51506e6e-b2b3-4f54-8ccd-7e1ed0e31e1d"}]}
2026-07-09 14:24:31.718 7 INFO neutron.db.ovn_revision_numbers_db [None req-2ffd5e41-0e46-4db0-9ebd-cd1e90464b94 d5ace5345e8640d5954c7064d749e75f 4f3ca1de623e49638e160e49a1646fce - - default default] Successfully bumped revision number for resource a61b59e4-ce90-4697-a0ef-44118f1f3bd8 (type: networks) to 1 [pid: 8|app: 0|req: 623/1394] 10.0.0.165 () {34 vars in 665 bytes} [Thu Jul 9 14:24:31 2026] POST /v2.0/ports => generated 775 bytes in 716 msecs (HTTP/1.1 201) 4 headers in 162 bytes (1 switches on core 0) /var/lib/openstack/lib/python3.12/site-packages/pycadf/identifier.py:70: UserWarning: Invalid uuid: neutron. To ensure interoperability, identifiers should be a valid uuid. warnings.warn(('Invalid uuid: %s. To ensure interoperability, '
2026-07-09 14:24:31.786 8 WARNING neutron.api.v2.base [None req-8e59f34e-8c05-4890-8f79-805404d924a0 a4f8408bb86e482e9abd8f08789dac8b 9fced534b0de4973a9c8703c86fccdf3 - - default default] An exception happened while processing the request body. The exception message is [Invalid input for target_tenant. Reason: '1234123412341234123412341234123412341234123412341234123412341234123412341234123412341234123412341234123412341234123412341234123412341234123412341234123412341234123412341234123412341234123412341234123412341234123412341234123412341234123412341234123412341234123412341234123412341234123412341234123412341234123412341234123412341234123412341234123412341234123412341234123412341234123412341234123412341234' exceeds maximum length of 255.].: webob.exc.HTTPBadRequest: Invalid input for target_tenant. Reason: '1234123412341234123412341234123412341234123412341234123412341234123412341234123412341234123412341234123412341234123412341234123412341234123412341234123412341234123412341234123412341234123412341234123412341234123412341234123412341234123412341234123412341234123412341234123412341234123412341234123412341234123412341234123412341234123412341234123412341234123412341234123412341234123412341234123412341234' exceeds maximum length of 255.
2026-07-09 14:24:31.786 8 INFO neutron.api.v2.resource [None req-8e59f34e-8c05-4890-8f79-805404d924a0 a4f8408bb86e482e9abd8f08789dac8b 9fced534b0de4973a9c8703c86fccdf3 - - default default] create failed (client error): Invalid input for target_tenant. Reason: '1234123412341234123412341234123412341234123412341234123412341234123412341234123412341234123412341234123412341234123412341234123412341234123412341234123412341234123412341234123412341234123412341234123412341234123412341234123412341234123412341234123412341234123412341234123412341234123412341234123412341234123412341234123412341234123412341234123412341234123412341234123412341234123412341234123412341234' exceeds maximum length of 255. [pid: 8|app: 0|req: 624/1395] 10.0.0.165 () {34 vars in 681 bytes} [Thu Jul 9 14:24:31 2026] POST /v2.0/rbac-policies => generated 547 bytes in 10 msecs (HTTP/1.1 400) 4 headers in 166 bytes (1 switches on core 0) [pid: 8|app: 0|req: 625/1396] 10.0.0.117 () {34 vars in 1070 bytes} [Thu Jul 9 14:24:31 2026] GET /v2.0/ports?fields=security_groups&fields=device_id&device_id=0207d467-d40f-4a7c-a291-cd86285dc6ca => generated 12 bytes in 30 msecs (HTTP/1.1 200) 4 headers in 156 bytes (1 switches on core 0)
2026-07-09 14:24:31.911 7 WARNING neutron.scheduler.dhcp_agent_scheduler [None req-2ffd5e41-0e46-4db0-9ebd-cd1e90464b94 d5ace5345e8640d5954c7064d749e75f 4f3ca1de623e49638e160e49a1646fce - - default default] No more DHCP agents
2026-07-09 14:24:31.912 7 WARNING neutron.api.rpc.agentnotifiers.dhcp_rpc_agent_api [None req-2ffd5e41-0e46-4db0-9ebd-cd1e90464b94 d5ace5345e8640d5954c7064d749e75f 4f3ca1de623e49638e160e49a1646fce - - default default] Unable to schedule network a61b59e4-ce90-4697-a0ef-44118f1f3bd8: no agents available; will retry on subsequent port and subnet creation events.
2026-07-09 14:24:32.015 8 INFO neutron.plugins.ml2.drivers.ovn.mech_driver.mech_driver [None req-27f6b7fb-3596-45ac-ad84-933c805a5ac5 - - - - - -] OVN reports status down for port: c0f80ebd-38c7-4d05-a4f0-7dc6f28c6c2c
2026-07-09 14:24:32.024 7 INFO neutron.db.ovn_revision_numbers_db [None req-2ffd5e41-0e46-4db0-9ebd-cd1e90464b94 d5ace5345e8640d5954c7064d749e75f 4f3ca1de623e49638e160e49a1646fce - - default default] Successfully bumped revision number for resource c0f80ebd-38c7-4d05-a4f0-7dc6f28c6c2c (type: ports) to 1 [pid: 7|app: 0|req: 772/1397] 10.0.0.165 () {34 vars in 670 bytes} [Thu Jul 9 14:24:31 2026] POST /v2.0/networks => generated 670 bytes in 679 msecs (HTTP/1.1 201) 4 headers in 162 bytes (1 switches on core 0)
2026-07-09 14:24:32.186 8 INFO neutron.plugins.ml2.drivers.ovn.mech_driver.mech_driver [None req-27f6b7fb-3596-45ac-ad84-933c805a5ac5 - - - - - -] OVN reports status down for port: 13e599e1-d798-4bb0-bc49-6fdda1699977
2026-07-09 14:24:32.206 8 INFO neutron.db.ovn_revision_numbers_db [None req-6c12f28b-2ff8-4dc4-897e-1b617f77bfe4 46d5cbe7c5184e3ab79d4458700d3f09 e4767af04d1f4b59b76dd135dc916724 - - default default] Successfully bumped revision number for resource 13e599e1-d798-4bb0-bc49-6fdda1699977 (type: ports) to 2
2026-07-09 14:24:32.217 7 INFO neutron_taas.services.taas.taas_plugin [None req-97bcfdae-ea01-4bab-ba61-a832a1155866 a4f8408bb86e482e9abd8f08789dac8b 9fced534b0de4973a9c8703c86fccdf3 - - default default] TaaS: Handle Delete Port: 6754f3b4-239b-4c3a-99c1-95c970959d73
2026-07-09 14:24:32.220 7 INFO neutron_taas.services.taas.tap_mirror_plugin [None req-97bcfdae-ea01-4bab-ba61-a832a1155866 a4f8408bb86e482e9abd8f08789dac8b 9fced534b0de4973a9c8703c86fccdf3 - - default default] Tap Mirror: Handle Delete Port: 6754f3b4-239b-4c3a-99c1-95c970959d73 [pid: 8|app: 0|req: 626/1398] 10.0.0.165 () {34 vars in 737 bytes} [Thu Jul 9 14:24:31 2026] PUT /v2.0/ports/13e599e1-d798-4bb0-bc49-6fdda1699977 => generated 752 bytes in 435 msecs (HTTP/1.1 200) 4 headers in 157 bytes (1 switches on core 0) /var/lib/openstack/lib/python3.12/site-packages/pycadf/identifier.py:70: UserWarning: Invalid uuid: neutron. To ensure interoperability, identifiers should be a valid uuid. warnings.warn(('Invalid uuid: %s. To ensure interoperability, '
2026-07-09 14:24:32.488 8 WARNING neutron.scheduler.dhcp_agent_scheduler [None req-7477e447-4d01-41d4-a20a-1d72fa96e381 d5ace5345e8640d5954c7064d749e75f 4f3ca1de623e49638e160e49a1646fce - - default default] No more DHCP agents
2026-07-09 14:24:32.491 8 WARNING neutron.api.rpc.agentnotifiers.dhcp_rpc_agent_api [None req-7477e447-4d01-41d4-a20a-1d72fa96e381 d5ace5345e8640d5954c7064d749e75f 4f3ca1de623e49638e160e49a1646fce - - default default] Unable to schedule network a61b59e4-ce90-4697-a0ef-44118f1f3bd8: no agents available; will retry on subsequent port and subnet creation events.
2026-07-09 14:24:32.548 8 INFO neutron.db.ovn_revision_numbers_db [None req-7477e447-4d01-41d4-a20a-1d72fa96e381 d5ace5345e8640d5954c7064d749e75f 4f3ca1de623e49638e160e49a1646fce - - default default] Successfully bumped revision number for resource a1f6bc0f-5bc2-478a-ac20-42ecfef8731e (type: subnets) to 0 [pid: 8|app: 0|req: 627/1399] 10.0.0.165 () {34 vars in 669 bytes} [Thu Jul 9 14:24:32 2026] POST /v2.0/subnets => generated 646 bytes in 315 msecs (HTTP/1.1 201) 4 headers in 162 bytes (1 switches on core 0)
2026-07-09 14:24:32.603 7 INFO neutron.services.segments.plugin [-] Segment d38ca474-2967-4390-9585-aff36d9ea4c5 resource provider aggregate not found
2026-07-09 14:24:32.610 7 INFO neutron.services.segments.plugin [-] Segment d38ca474-2967-4390-9585-aff36d9ea4c5 resource provider aggregate not found
2026-07-09 14:24:32.625 7 INFO neutron.services.segments.plugin [-] Client error retrieving segment d38ca474-2967-4390-9585-aff36d9ea4c5 resource provider; error: Placement Client Error (4xx): {"errors": [{"status": 404, "title": "Not Found", "detail": "The resource could not be found.\n\n No resource provider with uuid d38ca474-2967-4390-9585-aff36d9ea4c5 found for delete ", "request_id": "req-e6b3c2cf-0cfb-4b76-b591-04149047c99b"}]}
2026-07-09 14:24:32.634 7 INFO neutron.services.segments.plugin [-] Client error retrieving segment d38ca474-2967-4390-9585-aff36d9ea4c5 resource provider; error: Placement Client Error (4xx): {"errors": [{"status": 404, "title": "Not Found", "detail": "The resource could not be found.\n\n No resource provider with uuid d38ca474-2967-4390-9585-aff36d9ea4c5 found for delete ", "request_id": "req-008fd523-f4b3-4a35-addc-0850bdff9b5f"}]} [pid: 7|app: 0|req: 773/1400] 10.0.0.165 () {32 vars in 726 bytes} [Thu Jul 9 14:24:32 2026] DELETE /v2.0/networks/71e90ae4-647b-4523-8b61-375aa01d10cf => generated 0 bytes in 635 msecs (HTTP/1.1 204) 3 headers in 131 bytes (1 switches on core 0)
2026-07-09 14:24:32.709 8 INFO neutron_taas.services.taas.taas_plugin [None req-b95d79fc-a317-46d5-8347-7ae4b09ce3b6 46d5cbe7c5184e3ab79d4458700d3f09 e4767af04d1f4b59b76dd135dc916724 - - default default] TaaS: Handle Delete Port: 13e599e1-d798-4bb0-bc49-6fdda1699977
2026-07-09 14:24:32.713 8 INFO neutron_taas.services.taas.tap_mirror_plugin [None req-b95d79fc-a317-46d5-8347-7ae4b09ce3b6 46d5cbe7c5184e3ab79d4458700d3f09 e4767af04d1f4b59b76dd135dc916724 - - default default] Tap Mirror: Handle Delete Port: 13e599e1-d798-4bb0-bc49-6fdda1699977
2026-07-09 14:24:32.842 7 INFO neutron.db.ovn_revision_numbers_db [None req-aa82fe3d-6fe0-430c-967b-b9f9beb48d3e d5ace5345e8640d5954c7064d749e75f 4f3ca1de623e49638e160e49a1646fce - - default default] Successfully bumped revision number for resource 965f1593-6ca7-4809-ae34-6d26af306efe (type: routers) to 1 [pid: 7|app: 0|req: 774/1401] 10.0.0.165 () {34 vars in 669 bytes} [Thu Jul 9 14:24:32 2026] POST /v2.0/routers => generated 627 bytes in 199 msecs (HTTP/1.1 201) 4 headers in 162 bytes (1 switches on core 0) [pid: 8|app: 0|req: 628/1402] 10.0.0.165 () {32 vars in 720 bytes} [Thu Jul 9 14:24:32 2026] DELETE /v2.0/ports/13e599e1-d798-4bb0-bc49-6fdda1699977 => generated 0 bytes in 370 msecs (HTTP/1.1 204) 3 headers in 131 bytes (1 switches on core 0)
2026-07-09 14:24:33.007 7 INFO neutron.db.segments_db [None req-b78e6fee-86ae-4dd8-8a5e-add165ff118f a4f8408bb86e482e9abd8f08789dac8b 9fced534b0de4973a9c8703c86fccdf3 - - default default] Added segment ca155428-afb5-48bc-a0f5-c731804fd16e of type geneve for network bcb09bd6-5eef-41f8-99ed-94f6bfcdc94a
2026-07-09 14:24:33.163 7 INFO neutron.db.ovn_revision_numbers_db [None req-b78e6fee-86ae-4dd8-8a5e-add165ff118f a4f8408bb86e482e9abd8f08789dac8b 9fced534b0de4973a9c8703c86fccdf3 - - default default] Successfully bumped revision number for resource bcb09bd6-5eef-41f8-99ed-94f6bfcdc94a (type: networks) to 1
2026-07-09 14:24:33.372 8 WARNING neutron.scheduler.dhcp_agent_scheduler [None req-483b04a0-cd22-4c2d-bf4a-14e81b766763 d5ace5345e8640d5954c7064d749e75f 4f3ca1de623e49638e160e49a1646fce - - default default] No more DHCP agents
2026-07-09 14:24:33.373 8 WARNING neutron.api.rpc.agentnotifiers.dhcp_rpc_agent_api [None req-483b04a0-cd22-4c2d-bf4a-14e81b766763 d5ace5345e8640d5954c7064d749e75f 4f3ca1de623e49638e160e49a1646fce - - default default] Unable to schedule network a61b59e4-ce90-4697-a0ef-44118f1f3bd8: no agents available; will retry on subsequent port and subnet creation events.
2026-07-09 14:24:33.378 7 WARNING neutron.scheduler.dhcp_agent_scheduler [None req-b78e6fee-86ae-4dd8-8a5e-add165ff118f a4f8408bb86e482e9abd8f08789dac8b 9fced534b0de4973a9c8703c86fccdf3 - - default default] No more DHCP agents
2026-07-09 14:24:33.382 7 WARNING neutron.api.rpc.agentnotifiers.dhcp_rpc_agent_api [None req-b78e6fee-86ae-4dd8-8a5e-add165ff118f a4f8408bb86e482e9abd8f08789dac8b 9fced534b0de4973a9c8703c86fccdf3 - - default default] Unable to schedule network bcb09bd6-5eef-41f8-99ed-94f6bfcdc94a: no agents available; will retry on subsequent port and subnet creation events.
2026-07-09 14:24:33.511 8 INFO neutron.plugins.ml2.drivers.ovn.mech_driver.mech_driver [None req-27f6b7fb-3596-45ac-ad84-933c805a5ac5 - - - - - -] OVN reports status down for port: 5423bb4b-22df-4cb3-a692-267250420c0e
2026-07-09 14:24:33.522 7 INFO neutron.db.ovn_revision_numbers_db [None req-b78e6fee-86ae-4dd8-8a5e-add165ff118f a4f8408bb86e482e9abd8f08789dac8b 9fced534b0de4973a9c8703c86fccdf3 - - default default] Successfully bumped revision number for resource 5423bb4b-22df-4cb3-a692-267250420c0e (type: ports) to 1 [pid: 7|app: 0|req: 775/1403] 10.0.0.165 () {34 vars in 670 bytes} [Thu Jul 9 14:24:32 2026] POST /v2.0/networks => generated 767 bytes in 707 msecs (HTTP/1.1 201) 4 headers in 162 bytes (1 switches on core 0) [pid: 7|app: 0|req: 776/1404] 10.0.0.117 () {34 vars in 1070 bytes} [Thu Jul 9 14:24:33 2026] GET /v2.0/ports?fields=security_groups&fields=device_id&device_id=0207d467-d40f-4a7c-a291-cd86285dc6ca => generated 12 bytes in 35 msecs (HTTP/1.1 200) 4 headers in 156 bytes (1 switches on core 0)
2026-07-09 14:24:33.651 8 INFO neutron.plugins.ml2.drivers.ovn.mech_driver.mech_driver [None req-27f6b7fb-3596-45ac-ad84-933c805a5ac5 - - - - - -] OVN reports status down for port: de4bc69f-af6a-4701-b278-b32df96277e2 [pid: 7|app: 0|req: 777/1405] 10.0.0.165 () {32 vars in 643 bytes} [Thu Jul 9 14:24:33 2026] GET /v2.0/ports => generated 1534 bytes in 102 msecs (HTTP/1.1 200) 4 headers in 158 bytes (1 switches on core 0)
2026-07-09 14:24:33.734 8 INFO neutron.db.ovn_revision_numbers_db [None req-483b04a0-cd22-4c2d-bf4a-14e81b766763 d5ace5345e8640d5954c7064d749e75f 4f3ca1de623e49638e160e49a1646fce - - default default] Successfully bumped revision number for resource de4bc69f-af6a-4701-b278-b32df96277e2 (type: ports) to 1 [pid: 7|app: 0|req: 778/1406] 199.204.45.235 () {34 vars in 986 bytes} [Thu Jul 9 14:24:33 2026] GET /v2.0/networks?id=531900d9-19e7-4911-9d1c-9f6e31e46aaa => generated 714 bytes in 49 msecs (HTTP/1.1 200) 4 headers in 157 bytes (1 switches on core 0)
2026-07-09 14:24:33.914 7 WARNING neutron.scheduler.dhcp_agent_scheduler [None req-c99ad1f6-19fb-48bc-be29-504958aad403 a4f8408bb86e482e9abd8f08789dac8b 9fced534b0de4973a9c8703c86fccdf3 - - default default] No more DHCP agents
2026-07-09 14:24:33.916 7 WARNING neutron.api.rpc.agentnotifiers.dhcp_rpc_agent_api [None req-c99ad1f6-19fb-48bc-be29-504958aad403 a4f8408bb86e482e9abd8f08789dac8b 9fced534b0de4973a9c8703c86fccdf3 - - default default] Unable to schedule network bcb09bd6-5eef-41f8-99ed-94f6bfcdc94a: no agents available; will retry on subsequent port and subnet creation events.
2026-07-09 14:24:34.314 8 INFO neutron.plugins.ml2.drivers.ovn.mech_driver.mech_driver [None req-27f6b7fb-3596-45ac-ad84-933c805a5ac5 - - - - - -] OVN reports status up for port: de4bc69f-af6a-4701-b278-b32df96277e2
2026-07-09 14:24:34.340 8 INFO neutron.plugins.ml2.plugin [None req-27f6b7fb-3596-45ac-ad84-933c805a5ac5 - - - - - -] Attempt 1 to provision port de4bc69f-af6a-4701-b278-b32df96277e2
2026-07-09 14:24:34.509 8 WARNING neutron.scheduler.dhcp_agent_scheduler [None req-483b04a0-cd22-4c2d-bf4a-14e81b766763 d5ace5345e8640d5954c7064d749e75f 4f3ca1de623e49638e160e49a1646fce - - default default] No more DHCP agents
2026-07-09 14:24:34.514 8 WARNING neutron.api.rpc.agentnotifiers.dhcp_rpc_agent_api [None req-483b04a0-cd22-4c2d-bf4a-14e81b766763 d5ace5345e8640d5954c7064d749e75f 4f3ca1de623e49638e160e49a1646fce - - default default] Unable to schedule network a61b59e4-ce90-4697-a0ef-44118f1f3bd8: no agents available; will retry on subsequent port and subnet creation events.
2026-07-09 14:24:34.518 7 INFO neutron.db.ovn_revision_numbers_db [None req-c99ad1f6-19fb-48bc-be29-504958aad403 a4f8408bb86e482e9abd8f08789dac8b 9fced534b0de4973a9c8703c86fccdf3 - - default default] Successfully bumped revision number for resource 5423bb4b-22df-4cb3-a692-267250420c0e (type: ports) to 2
2026-07-09 14:24:34.569 7 INFO neutron.db.ovn_revision_numbers_db [None req-c99ad1f6-19fb-48bc-be29-504958aad403 a4f8408bb86e482e9abd8f08789dac8b 9fced534b0de4973a9c8703c86fccdf3 - - default default] Successfully bumped revision number for resource 85607fb5-52c3-4458-a4c1-133b29d424e2 (type: subnets) to 0 [pid: 7|app: 0|req: 779/1407] 10.0.0.165 () {34 vars in 669 bytes} [Thu Jul 9 14:24:33 2026] POST /v2.0/subnets => generated 647 bytes in 816 msecs (HTTP/1.1 201) 4 headers in 162 bytes (1 switches on core 0)
2026-07-09 14:24:34.612 7 INFO neutron.pecan_wsgi.hooks.translation [None req-50338bad-aeca-4723-b5fb-f4e3f37939de 46d5cbe7c5184e3ab79d4458700d3f09 e4767af04d1f4b59b76dd135dc916724 - - default default] GET failed (client error): The resource could not be found. [pid: 7|app: 0|req: 780/1408] 10.0.0.165 () {32 vars in 717 bytes} [Thu Jul 9 14:24:34 2026] GET /v2.0/ports/13e599e1-d798-4bb0-bc49-6fdda1699977 => generated 132 bytes in 18 msecs (HTTP/1.1 404) 4 headers in 164 bytes (1 switches on core 0)
2026-07-09 14:24:34.619 7 WARNING neutron.db.securitygroups_db [req-8dd99ffc-93c8-475c-9018-b86670ec1e4c req-39400f9d-7b42-43c8-a872-ffffb7fc1520 b7c47e5684ba44b499fdc360a03dc498 1701b2a2d434448cb91eb1e136b1dd89 - - default default] project_id key not found in filters, using tenant_id instead. This support has been deprecated and will be removed in a future release. [pid: 7|app: 0|req: 781/1409] 199.204.45.235 () {34 vars in 1050 bytes} [Thu Jul 9 14:24:34 2026] GET /v2.0/security-groups?fields=id&fields=name&tenant_id=1701b2a2d434448cb91eb1e136b1dd89 => generated 180 bytes in 33 msecs (HTTP/1.1 200) 4 headers in 157 bytes (1 switches on core 0) [pid: 7|app: 0|req: 782/1410] 10.0.0.165 () {34 vars in 681 bytes} [Thu Jul 9 14:24:34 2026] POST /v2.0/rbac-policies => generated 324 bytes in 188 msecs (HTTP/1.1 201) 4 headers in 162 bytes (1 switches on core 0) [pid: 7|app: 0|req: 783/1411] 10.0.0.165 () {32 vars in 643 bytes} [Thu Jul 9 14:24:34 2026] GET /v2.0/ports => generated 1534 bytes in 58 msecs (HTTP/1.1 200) 4 headers in 158 bytes (1 switches on core 0)
2026-07-09 14:24:35.002 8 INFO neutron.db.ovn_revision_numbers_db [None req-483b04a0-cd22-4c2d-bf4a-14e81b766763 d5ace5345e8640d5954c7064d749e75f 4f3ca1de623e49638e160e49a1646fce - - default default] Successfully bumped revision number for resource de4bc69f-af6a-4701-b278-b32df96277e2 (type: router_ports) to 1 [pid: 8|app: 0|req: 629/1412] 10.0.0.165 () {34 vars in 783 bytes} [Thu Jul 9 14:24:32 2026] PUT /v2.0/routers/965f1593-6ca7-4809-ae34-6d26af306efe/add_router_interface => generated 310 bytes in 2070 msecs (HTTP/1.1 200) 4 headers in 157 bytes (1 switches on core 0) [pid: 8|app: 0|req: 630/1413] 10.0.0.117 () {34 vars in 1070 bytes} [Thu Jul 9 14:24:35 2026] GET /v2.0/ports?fields=security_groups&fields=device_id&device_id=0207d467-d40f-4a7c-a291-cd86285dc6ca => generated 12 bytes in 32 msecs (HTTP/1.1 200) 4 headers in 156 bytes (1 switches on core 0) [pid: 8|app: 0|req: 631/1414] 10.0.0.165 () {32 vars in 717 bytes} [Thu Jul 9 14:24:35 2026] GET /v2.0/ports/640f9aa8-f228-426c-841e-2b6a98953c5a => generated 775 bytes in 74 msecs (HTTP/1.1 200) 4 headers in 157 bytes (1 switches on core 0) [pid: 8|app: 0|req: 632/1415] 10.0.0.165 () {32 vars in 717 bytes} [Thu Jul 9 14:24:35 2026] GET /v2.0/ports/de4bc69f-af6a-4701-b278-b32df96277e2 => generated 947 bytes in 74 msecs (HTTP/1.1 200) 4 headers in 157 bytes (1 switches on core 0)
2026-07-09 14:24:35.231 7 WARNING neutron.scheduler.dhcp_agent_scheduler [req-8dd99ffc-93c8-475c-9018-b86670ec1e4c req-72743116-596f-4f89-b0b9-71c28f11a2fa b7c47e5684ba44b499fdc360a03dc498 1701b2a2d434448cb91eb1e136b1dd89 - - default default] No more DHCP agents
2026-07-09 14:24:35.232 8 INFO neutron.pecan_wsgi.hooks.translation [None req-f4d20d94-df7d-4db2-b44d-adfa29b33c32 46d5cbe7c5184e3ab79d4458700d3f09 e4767af04d1f4b59b76dd135dc916724 - - default default] DELETE failed (client error): The resource could not be found.
2026-07-09 14:24:35.233 7 WARNING neutron.api.rpc.agentnotifiers.dhcp_rpc_agent_api [req-8dd99ffc-93c8-475c-9018-b86670ec1e4c req-72743116-596f-4f89-b0b9-71c28f11a2fa b7c47e5684ba44b499fdc360a03dc498 1701b2a2d434448cb91eb1e136b1dd89 - - default default] Unable to schedule network 531900d9-19e7-4911-9d1c-9f6e31e46aaa: no agents available; will retry on subsequent port and subnet creation events. [pid: 8|app: 0|req: 633/1416] 10.0.0.165 () {32 vars in 720 bytes} [Thu Jul 9 14:24:35 2026] DELETE /v2.0/ports/6b6e4c5b-caf1-4640-b3d1-38717da3eedf => generated 132 bytes in 45 msecs (HTTP/1.1 404) 4 headers in 164 bytes (1 switches on core 0)
2026-07-09 14:24:35.276 8 INFO neutron.db.ovn_revision_numbers_db [None req-27f6b7fb-3596-45ac-ad84-933c805a5ac5 - - - - - -] Successfully bumped revision number for resource de4bc69f-af6a-4701-b278-b32df96277e2 (type: ports) to 2 [pid: 8|app: 0|req: 634/1417] 10.0.0.165 () {32 vars in 717 bytes} [Thu Jul 9 14:24:35 2026] GET /v2.0/ports/de4bc69f-af6a-4701-b278-b32df96277e2 => generated 947 bytes in 66 msecs (HTTP/1.1 200) 4 headers in 157 bytes (1 switches on core 0)
2026-07-09 14:24:35.497 7 INFO neutron.db.ovn_revision_numbers_db [req-8dd99ffc-93c8-475c-9018-b86670ec1e4c req-72743116-596f-4f89-b0b9-71c28f11a2fa b7c47e5684ba44b499fdc360a03dc498 1701b2a2d434448cb91eb1e136b1dd89 - - default default] Successfully bumped revision number for resource 376294f1-b3a2-43a7-bdf3-72311f680161 (type: ports) to 1 [pid: 8|app: 0|req: 635/1418] 10.0.0.165 () {32 vars in 723 bytes} [Thu Jul 9 14:24:35 2026] GET /v2.0/networks/bcb09bd6-5eef-41f8-99ed-94f6bfcdc94a => generated 692 bytes in 199 msecs (HTTP/1.1 200) 4 headers in 157 bytes (1 switches on core 0)
2026-07-09 14:24:35.515 8 INFO neutron.pecan_wsgi.hooks.translation [None req-e5c59d5f-e947-4557-b71c-23a259d92e70 46d5cbe7c5184e3ab79d4458700d3f09 e4767af04d1f4b59b76dd135dc916724 - - default default] DELETE failed (client error): The resource could not be found. [pid: 8|app: 0|req: 636/1419] 10.0.0.165 () {32 vars in 724 bytes} [Thu Jul 9 14:24:35 2026] DELETE /v2.0/subnets/53c4844d-e0d3-4ec8-b88a-ca5a55ee038e => generated 136 bytes in 15 msecs (HTTP/1.1 404) 4 headers in 164 bytes (1 switches on core 0) [pid: 7|app: 0|req: 784/1420] 199.204.45.235 () {38 vars in 955 bytes} [Thu Jul 9 14:24:34 2026] POST /v2.0/ports => generated 954 bytes in 631 msecs (HTTP/1.1 201) 4 headers in 162 bytes (1 switches on core 0) /var/lib/openstack/lib/python3.12/site-packages/pycadf/identifier.py:70: UserWarning: Invalid uuid: neutron. To ensure interoperability, identifiers should be a valid uuid. warnings.warn(('Invalid uuid: %s. To ensure interoperability, '
2026-07-09 14:24:35.540 7 INFO neutron.pecan_wsgi.hooks.translation [None req-93631cfb-ab36-4a6c-baf8-1e9da0e586fb 46d5cbe7c5184e3ab79d4458700d3f09 e4767af04d1f4b59b76dd135dc916724 - - default default] DELETE failed (client error): The resource could not be found. [pid: 7|app: 0|req: 785/1421] 10.0.0.165 () {32 vars in 724 bytes} [Thu Jul 9 14:24:35 2026] DELETE /v2.0/subnets/ed9098da-fbf8-4dda-9bdc-e92faf106a07 => generated 136 bytes in 16 msecs (HTTP/1.1 404) 4 headers in 164 bytes (1 switches on core 0)
2026-07-09 14:24:35.792 8 INFO neutron_taas.services.taas.taas_plugin [None req-4ba186d3-e78f-45b9-a9a6-6edb837c0fff d5ace5345e8640d5954c7064d749e75f 4f3ca1de623e49638e160e49a1646fce - - default default] TaaS: Handle Delete Port: de4bc69f-af6a-4701-b278-b32df96277e2
2026-07-09 14:24:35.794 8 INFO neutron_taas.services.taas.tap_mirror_plugin [None req-4ba186d3-e78f-45b9-a9a6-6edb837c0fff d5ace5345e8640d5954c7064d749e75f 4f3ca1de623e49638e160e49a1646fce - - default default] Tap Mirror: Handle Delete Port: de4bc69f-af6a-4701-b278-b32df96277e2
2026-07-09 14:24:35.957 7 INFO neutron.db.ovn_revision_numbers_db [req-8dd99ffc-93c8-475c-9018-b86670ec1e4c req-bd3d1d0e-e966-47e1-85bd-d825edcc3a2c a396ac85c4e248639486dfad0af58829 b73159f7c5874808b07ef73158b1f251 - - 159ab1596010403c81a8b992fe833e3a 159ab1596010403c81a8b992fe833e3a] Successfully bumped revision number for resource 376294f1-b3a2-43a7-bdf3-72311f680161 (type: ports) to 2 [pid: 8|app: 0|req: 637/1422] 10.0.0.165 () {34 vars in 789 bytes} [Thu Jul 9 14:24:35 2026] PUT /v2.0/routers/965f1593-6ca7-4809-ae34-6d26af306efe/remove_router_interface => generated 310 bytes in 666 msecs (HTTP/1.1 200) 4 headers in 157 bytes (1 switches on core 0) /var/lib/openstack/lib/python3.12/site-packages/pycadf/identifier.py:70: UserWarning: Invalid uuid: neutron. To ensure interoperability, identifiers should be a valid uuid. warnings.warn(('Invalid uuid: %s. To ensure interoperability, '
2026-07-09 14:24:36.307 7 INFO neutron.db.ovn_revision_numbers_db [req-8dd99ffc-93c8-475c-9018-b86670ec1e4c req-bd3d1d0e-e966-47e1-85bd-d825edcc3a2c a396ac85c4e248639486dfad0af58829 b73159f7c5874808b07ef73158b1f251 - - 159ab1596010403c81a8b992fe833e3a 159ab1596010403c81a8b992fe833e3a] Successfully bumped revision number for resource 376294f1-b3a2-43a7-bdf3-72311f680161 (type: ports) to 4 [pid: 7|app: 0|req: 786/1423] 199.204.45.235 () {38 vars in 1028 bytes} [Thu Jul 9 14:24:35 2026] PUT /v2.0/ports/376294f1-b3a2-43a7-bdf3-72311f680161 => generated 1226 bytes in 791 msecs (HTTP/1.1 200) 4 headers in 158 bytes (1 switches on core 0)
2026-07-09 14:24:36.373 7 INFO neutron.notifiers.nova [-] Nova event matching ['req-9f180d7b-4dfa-425a-8b2d-5411d1712614'] response: {'name': 'network-changed', 'server_uuid': '0207d467-d40f-4a7c-a291-cd86285dc6ca', 'tag': '376294f1-b3a2-43a7-bdf3-72311f680161', 'status': 'completed', 'code': 200} /var/lib/openstack/lib/python3.12/site-packages/pycadf/identifier.py:70: UserWarning: Invalid uuid: neutron. To ensure interoperability, identifiers should be a valid uuid. warnings.warn(('Invalid uuid: %s. To ensure interoperability, '
2026-07-09 14:24:36.392 8 INFO neutron_taas.services.taas.taas_plugin [None req-226bf08d-510e-46b1-95c4-232c356a334b 46d5cbe7c5184e3ab79d4458700d3f09 e4767af04d1f4b59b76dd135dc916724 - - default default] TaaS: Handle Delete Port: 640f9aa8-f228-426c-841e-2b6a98953c5a
2026-07-09 14:24:36.396 8 INFO neutron_taas.services.taas.tap_mirror_plugin [None req-226bf08d-510e-46b1-95c4-232c356a334b 46d5cbe7c5184e3ab79d4458700d3f09 e4767af04d1f4b59b76dd135dc916724 - - default default] Tap Mirror: Handle Delete Port: 640f9aa8-f228-426c-841e-2b6a98953c5a
2026-07-09 14:24:36.398 7 INFO neutron.pecan_wsgi.hooks.translation [None req-f83ccc3a-8989-4c9d-95ac-d010867c3a4f 683d31d73e7c485a9e462c79d61dcd6a 23d999cacef044cb9ea1cd845dfee01a - - default default] GET failed (client error): The resource could not be found. [pid: 7|app: 0|req: 787/1424] 10.0.0.165 () {32 vars in 723 bytes} [Thu Jul 9 14:24:36 2026] GET /v2.0/networks/bcb09bd6-5eef-41f8-99ed-94f6bfcdc94a => generated 138 bytes in 65 msecs (HTTP/1.1 404) 4 headers in 164 bytes (1 switches on core 0) [pid: 7|app: 0|req: 788/1425] 10.0.0.117 () {34 vars in 1070 bytes} [Thu Jul 9 14:24:36 2026] GET /v2.0/ports?fields=security_groups&fields=device_id&device_id=0207d467-d40f-4a7c-a291-cd86285dc6ca => generated 123 bytes in 35 msecs (HTTP/1.1 200) 4 headers in 157 bytes (1 switches on core 0) [pid: 7|app: 0|req: 789/1426] 10.0.0.165 () {32 vars in 736 bytes} [Thu Jul 9 14:24:36 2026] GET /v2.0/ports?device_id=965f1593-6ca7-4809-ae34-6d26af306efe => generated 12 bytes in 24 msecs (HTTP/1.1 200) 4 headers in 156 bytes (1 switches on core 0) [pid: 8|app: 0|req: 638/1427] 10.0.0.165 () {32 vars in 720 bytes} [Thu Jul 9 14:24:36 2026] DELETE /v2.0/ports/640f9aa8-f228-426c-841e-2b6a98953c5a => generated 0 bytes in 417 msecs (HTTP/1.1 204) 3 headers in 131 bytes (1 switches on core 0) [pid: 8|app: 0|req: 639/1428] 10.0.0.117 () {34 vars in 1040 bytes} [Thu Jul 9 14:24:36 2026] GET /v2.0/security-groups?id=88663c4b-9d66-4434-b5f1-7bc65e295f82&fields=id&fields=name => generated 113 bytes in 57 msecs (HTTP/1.1 200) 4 headers in 157 bytes (1 switches on core 0)
2026-07-09 14:24:36.751 7 INFO neutron_taas.services.taas.taas_plugin [None req-d714a238-36fd-4cf0-a3ea-d0a2762ef17f a4f8408bb86e482e9abd8f08789dac8b 9fced534b0de4973a9c8703c86fccdf3 - - default default] TaaS: Handle Delete Port: 5423bb4b-22df-4cb3-a692-267250420c0e
