2026-07-09 14:25:46.704 8 WARNING neutron.api.rpc.agentnotifiers.dhcp_rpc_agent_api [None req-6f865445-6d1b-4c94-a8e6-312530a72e2c 7ddd4c07a71d43829fd02be86cc865b0 bc503acee7c049c3a25927ac7a4e9ff2 - - default default] Unable to schedule network 74f6b124-6190-4e34-8e4c-18549b6bf262: no agents available; will retry on subsequent port and subnet creation events.
2026-07-09 14:25:46.860 8 INFO neutron.plugins.ml2.drivers.ovn.mech_driver.mech_driver [None req-0e5a91dd-bfa9-4081-b29e-a186201b45fd - - - - - -] OVN reports status down for port: d2e76d4b-d817-492c-b75e-839de5f23720
2026-07-09 14:25:46.924 8 INFO neutron.db.ovn_revision_numbers_db [None req-6f865445-6d1b-4c94-a8e6-312530a72e2c 7ddd4c07a71d43829fd02be86cc865b0 bc503acee7c049c3a25927ac7a4e9ff2 - - default default] Successfully bumped revision number for resource d2e76d4b-d817-492c-b75e-839de5f23720 (type: ports) to 1
2026-07-09 14:25:47.625 8 INFO neutron.plugins.ml2.drivers.ovn.mech_driver.mech_driver [None req-0e5a91dd-bfa9-4081-b29e-a186201b45fd - - - - - -] OVN reports status up for port: d2e76d4b-d817-492c-b75e-839de5f23720
2026-07-09 14:25:47.666 8 INFO neutron.plugins.ml2.plugin [None req-0e5a91dd-bfa9-4081-b29e-a186201b45fd - - - - - -] Attempt 1 to provision port d2e76d4b-d817-492c-b75e-839de5f23720
2026-07-09 14:25:47.684 8 INFO neutron.db.ovn_revision_numbers_db [None req-6f865445-6d1b-4c94-a8e6-312530a72e2c 7ddd4c07a71d43829fd02be86cc865b0 bc503acee7c049c3a25927ac7a4e9ff2 - - default default] Successfully bumped revision number for resource d2e76d4b-d817-492c-b75e-839de5f23720 (type: router_ports) to 1
2026-07-09 14:25:47.789 7 INFO neutron.db.ovn_revision_numbers_db [None req-5b59d849-f800-4b63-99ee-33efe11d7ec4 a22ec86841ed47c9a57c8c46b0283f7c 24d3349cf71f4acdb698186cff857316 - - default default] Successfully bumped revision number for resource fba019c9-baeb-4e95-b7e6-54e81a7d4b89 (type: security_groups) to 1
2026-07-09 14:25:47.800 7 INFO neutron.db.ovn_revision_numbers_db [None req-5b59d849-f800-4b63-99ee-33efe11d7ec4 a22ec86841ed47c9a57c8c46b0283f7c 24d3349cf71f4acdb698186cff857316 - - default default] Successfully bumped revision number for resource 1782d399-fa01-4b9e-9092-b1b78fe2fbbb (type: security_group_rules) to 0
2026-07-09 14:25:47.815 7 INFO neutron.db.ovn_revision_numbers_db [None req-5b59d849-f800-4b63-99ee-33efe11d7ec4 a22ec86841ed47c9a57c8c46b0283f7c 24d3349cf71f4acdb698186cff857316 - - default default] Successfully bumped revision number for resource 75706872-b7a1-41bf-9c77-9a64f3ecf4bf (type: security_group_rules) to 0
2026-07-09 14:25:47.826 7 INFO neutron.db.ovn_revision_numbers_db [None req-5b59d849-f800-4b63-99ee-33efe11d7ec4 a22ec86841ed47c9a57c8c46b0283f7c 24d3349cf71f4acdb698186cff857316 - - default default] Successfully bumped revision number for resource 7d2200e8-ca4f-424e-8a4e-91276c838792 (type: security_group_rules) to 0
2026-07-09 14:25:47.838 7 INFO neutron.db.ovn_revision_numbers_db [None req-5b59d849-f800-4b63-99ee-33efe11d7ec4 a22ec86841ed47c9a57c8c46b0283f7c 24d3349cf71f4acdb698186cff857316 - - default default] Successfully bumped revision number for resource fb808a3e-d840-4256-98d8-4b24f34107c8 (type: security_group_rules) to 0
2026-07-09 14:25:47.868 8 INFO neutron.db.ovn_revision_numbers_db [None req-6f865445-6d1b-4c94-a8e6-312530a72e2c 7ddd4c07a71d43829fd02be86cc865b0 bc503acee7c049c3a25927ac7a4e9ff2 - - default default] Successfully bumped revision number for resource 92f9b7da-5825-401f-abbe-2b9360125fec (type: routers) to 2 [pid: 8|app: 0|req: 894/2012] 10.0.0.165 () {34 vars in 669 bytes} [Thu Jul 9 14:25:46 2026] POST /v2.0/routers => generated 956 bytes in 1667 msecs (HTTP/1.1 201) 4 headers in 162 bytes (1 switches on core 0)
2026-07-09 14:25:47.974 7 INFO neutron.db.ovn_revision_numbers_db [None req-5b59d849-f800-4b63-99ee-33efe11d7ec4 a22ec86841ed47c9a57c8c46b0283f7c 24d3349cf71f4acdb698186cff857316 - - default default] Successfully bumped revision number for resource 63a0122b-5eb8-476c-aa92-067a1340423c (type: security_groups) to 1
2026-07-09 14:25:47.994 7 INFO neutron.db.ovn_revision_numbers_db [None req-5b59d849-f800-4b63-99ee-33efe11d7ec4 a22ec86841ed47c9a57c8c46b0283f7c 24d3349cf71f4acdb698186cff857316 - - default default] Successfully bumped revision number for resource a479f89d-3397-4d18-b86f-31f7af62cfaf (type: security_group_rules) to 0
2026-07-09 14:25:48.007 7 INFO neutron.db.ovn_revision_numbers_db [None req-5b59d849-f800-4b63-99ee-33efe11d7ec4 a22ec86841ed47c9a57c8c46b0283f7c 24d3349cf71f4acdb698186cff857316 - - default default] Successfully bumped revision number for resource ac0f8435-e1c6-48ac-9f79-b414fd43b77d (type: security_group_rules) to 0
2026-07-09 14:25:48.015 8 WARNING neutron.db.securitygroups_db [None req-e2d810be-0eb3-4071-a65b-62e60f65e1b5 908bb38ebfaf4bfa95286d55450558c3 5f29ff917bc04b0092d07815578bfb47 - - default default] project_id key not found in filters, using tenant_id instead. This support has been deprecated and will be removed in a future release. [pid: 7|app: 0|req: 1119/2013] 10.0.0.165 () {34 vars in 684 bytes} [Thu Jul 9 14:25:47 2026] POST /v2.0/security-groups => generated 1601 bytes in 910 msecs (HTTP/1.1 201) 4 headers in 163 bytes (1 switches on core 0)
2026-07-09 14:25:48.193 8 INFO neutron.db.ovn_revision_numbers_db [None req-e2d810be-0eb3-4071-a65b-62e60f65e1b5 908bb38ebfaf4bfa95286d55450558c3 5f29ff917bc04b0092d07815578bfb47 - - default default] Successfully bumped revision number for resource 3fc9d1a6-9f2e-4fdf-aaa0-30291c807035 (type: security_groups) to 1
2026-07-09 14:25:48.207 8 INFO neutron.db.ovn_revision_numbers_db [None req-e2d810be-0eb3-4071-a65b-62e60f65e1b5 908bb38ebfaf4bfa95286d55450558c3 5f29ff917bc04b0092d07815578bfb47 - - default default] Successfully bumped revision number for resource 451e5413-881b-4afc-9956-c25949c7747f (type: security_group_rules) to 0
2026-07-09 14:25:48.220 8 INFO neutron.db.ovn_revision_numbers_db [None req-e2d810be-0eb3-4071-a65b-62e60f65e1b5 908bb38ebfaf4bfa95286d55450558c3 5f29ff917bc04b0092d07815578bfb47 - - default default] Successfully bumped revision number for resource 8a95a1d5-0213-4e42-96f3-85a08a0040c4 (type: security_group_rules) to 0
2026-07-09 14:25:48.232 8 INFO neutron.db.ovn_revision_numbers_db [None req-e2d810be-0eb3-4071-a65b-62e60f65e1b5 908bb38ebfaf4bfa95286d55450558c3 5f29ff917bc04b0092d07815578bfb47 - - default default] Successfully bumped revision number for resource a67df235-2dff-4f5e-9fbb-0484b0e39b1c (type: security_group_rules) to 0
2026-07-09 14:25:48.257 8 INFO neutron.db.ovn_revision_numbers_db [None req-e2d810be-0eb3-4071-a65b-62e60f65e1b5 908bb38ebfaf4bfa95286d55450558c3 5f29ff917bc04b0092d07815578bfb47 - - default default] Successfully bumped revision number for resource d5c86292-50ae-4aea-abec-6daff1ce8b6e (type: security_group_rules) to 0 [pid: 8|app: 0|req: 895/2014] 10.0.0.165 () {32 vars in 774 bytes} [Thu Jul 9 14:25:47 2026] GET /v2.0/security-groups?tenant_id=322b45c45f5b431a965da42041eb2871&name=default => generated 2925 bytes in 404 msecs (HTTP/1.1 200) 4 headers in 158 bytes (1 switches on core 0)
2026-07-09 14:25:48.325 8 WARNING tagging [None req-0759a584-5b53-4d0e-bc65-70205c3f8ad9 a22ec86841ed47c9a57c8c46b0283f7c 24d3349cf71f4acdb698186cff857316 - - default default] project_id key not found in request, using tenant_id instead. This support has been deprecated and will be removed in a future release. [pid: 8|app: 0|req: 896/2015] 10.0.0.165 () {34 vars in 767 bytes} [Thu Jul 9 14:25:48 2026] PUT /v2.0/security-groups/63a0122b-5eb8-476c-aa92-067a1340423c/tags => generated 25 bytes in 70 msecs (HTTP/1.1 200) 4 headers in 156 bytes (1 switches on core 0) [pid: 8|app: 0|req: 897/2016] 10.0.0.165 () {32 vars in 740 bytes} [Thu Jul 9 14:25:48 2026] DELETE /v2.0/security-groups/3fc9d1a6-9f2e-4fdf-aaa0-30291c807035 => generated 0 bytes in 240 msecs (HTTP/1.1 204) 2 headers in 112 bytes (1 switches on core 0)
2026-07-09 14:25:48.637 8 WARNING tagging [None req-27bc4972-d890-4296-8b97-98ac7a46e370 a22ec86841ed47c9a57c8c46b0283f7c 24d3349cf71f4acdb698186cff857316 - - default default] project_id key not found in request, using tenant_id instead. This support has been deprecated and will be removed in a future release. [pid: 8|app: 0|req: 898/2017] 10.0.0.165 () {32 vars in 747 bytes} [Thu Jul 9 14:25:48 2026] GET /v2.0/security-groups/63a0122b-5eb8-476c-aa92-067a1340423c/tags => generated 25 bytes in 43 msecs (HTTP/1.1 200) 4 headers in 156 bytes (1 switches on core 0)
2026-07-09 14:25:48.680 8 WARNING tagging [None req-3305e476-420e-4c6c-902c-d0a8287f6e86 a22ec86841ed47c9a57c8c46b0283f7c 24d3349cf71f4acdb698186cff857316 - - default default] project_id key not found in request, using tenant_id instead. This support has been deprecated and will be removed in a future release.
2026-07-09 14:25:48.698 7 WARNING neutron.scheduler.dhcp_agent_scheduler [None req-ced82e78-b360-4be7-9958-ec3546fa04a9 7ddd4c07a71d43829fd02be86cc865b0 bc503acee7c049c3a25927ac7a4e9ff2 - - default default] No more DHCP agents
2026-07-09 14:25:48.700 7 WARNING neutron.api.rpc.agentnotifiers.dhcp_rpc_agent_api [None req-ced82e78-b360-4be7-9958-ec3546fa04a9 7ddd4c07a71d43829fd02be86cc865b0 bc503acee7c049c3a25927ac7a4e9ff2 - - default default] Unable to schedule network 97d70edf-3f1b-4744-afc7-a1b22cee679e: no agents available; will retry on subsequent port and subnet creation events. [pid: 8|app: 0|req: 899/2018] 10.0.0.165 () {34 vars in 778 bytes} [Thu Jul 9 14:25:48 2026] PUT /v2.0/security-groups/63a0122b-5eb8-476c-aa92-067a1340423c/tags/green => generated 4 bytes in 56 msecs (HTTP/1.1 201) 4 headers in 160 bytes (1 switches on core 0)
2026-07-09 14:25:48.744 8 WARNING tagging [None req-710ed4a2-bfdf-4845-ab74-d3d1ce3e42ac a22ec86841ed47c9a57c8c46b0283f7c 24d3349cf71f4acdb698186cff857316 - - default default] project_id key not found in request, using tenant_id instead. This support has been deprecated and will be removed in a future release. [pid: 8|app: 0|req: 900/2019] 10.0.0.165 () {32 vars in 747 bytes} [Thu Jul 9 14:25:48 2026] GET /v2.0/security-groups/63a0122b-5eb8-476c-aa92-067a1340423c/tags => generated 34 bytes in 34 msecs (HTTP/1.1 200) 4 headers in 156 bytes (1 switches on core 0)
2026-07-09 14:25:48.781 8 WARNING tagging [None req-bdd35602-914f-4b12-8fa7-f12a81f10fb6 a22ec86841ed47c9a57c8c46b0283f7c 24d3349cf71f4acdb698186cff857316 - - default default] project_id key not found in request, using tenant_id instead. This support has been deprecated and will be removed in a future release. [pid: 8|app: 0|req: 901/2020] 10.0.0.165 () {34 vars in 774 bytes} [Thu Jul 9 14:25:48 2026] PUT /v2.0/security-groups/63a0122b-5eb8-476c-aa92-067a1340423c/tags/red => generated 4 bytes in 48 msecs (HTTP/1.1 201) 4 headers in 160 bytes (1 switches on core 0)
2026-07-09 14:25:48.871 8 WARNING tagging [None req-fa750586-95ed-473c-af69-fbd3c3bc2601 a22ec86841ed47c9a57c8c46b0283f7c 24d3349cf71f4acdb698186cff857316 - - default default] project_id key not found in request, using tenant_id instead. This support has been deprecated and will be removed in a future release. [pid: 8|app: 0|req: 902/2021] 10.0.0.165 () {32 vars in 747 bytes} [Thu Jul 9 14:25:48 2026] GET /v2.0/security-groups/63a0122b-5eb8-476c-aa92-067a1340423c/tags => generated 34 bytes in 76 msecs (HTTP/1.1 200) 4 headers in 156 bytes (1 switches on core 0)
2026-07-09 14:25:48.895 7 INFO neutron.db.ovn_revision_numbers_db [None req-ced82e78-b360-4be7-9958-ec3546fa04a9 7ddd4c07a71d43829fd02be86cc865b0 bc503acee7c049c3a25927ac7a4e9ff2 - - default default] Successfully bumped revision number for resource 3665ce22-2b15-4179-8939-dcb8b09c5313 (type: ports) to 1
2026-07-09 14:25:48.924 8 WARNING tagging [None req-ecf02094-6cd6-446c-98e4-1c670ffef61b a22ec86841ed47c9a57c8c46b0283f7c 24d3349cf71f4acdb698186cff857316 - - default default] project_id key not found in request, using tenant_id instead. This support has been deprecated and will be removed in a future release. [pid: 8|app: 0|req: 903/2022] 10.0.0.165 () {34 vars in 796 bytes} [Thu Jul 9 14:25:48 2026] PUT /v2.0/security-groups/63a0122b-5eb8-476c-aa92-067a1340423c/tags/black.or.white => generated 4 bytes in 84 msecs (HTTP/1.1 201) 4 headers in 160 bytes (1 switches on core 0)
2026-07-09 14:25:49.008 8 WARNING tagging [None req-a703f7f5-6601-48e2-8dc0-d9e7d8a150bb a22ec86841ed47c9a57c8c46b0283f7c 24d3349cf71f4acdb698186cff857316 - - default default] project_id key not found in request, using tenant_id instead. This support has been deprecated and will be removed in a future release. [pid: 8|app: 0|req: 904/2023] 10.0.0.165 () {32 vars in 747 bytes} [Thu Jul 9 14:25:48 2026] GET /v2.0/security-groups/63a0122b-5eb8-476c-aa92-067a1340423c/tags => generated 52 bytes in 37 msecs (HTTP/1.1 200) 4 headers in 156 bytes (1 switches on core 0)
2026-07-09 14:25:49.053 8 WARNING tagging [None req-36bb6683-629f-4ca5-85c3-f57c0c040142 a22ec86841ed47c9a57c8c46b0283f7c 24d3349cf71f4acdb698186cff857316 - - default default] project_id key not found in request, using tenant_id instead. This support has been deprecated and will be removed in a future release. [pid: 8|app: 0|req: 905/2024] 10.0.0.165 () {34 vars in 767 bytes} [Thu Jul 9 14:25:49 2026] PUT /v2.0/security-groups/63a0122b-5eb8-476c-aa92-067a1340423c/tags => generated 37 bytes in 55 msecs (HTTP/1.1 200) 4 headers in 156 bytes (1 switches on core 0)
2026-07-09 14:25:49.108 8 WARNING tagging [None req-c64a3e3e-b834-4dbd-b9aa-e0fc96fd07bd a22ec86841ed47c9a57c8c46b0283f7c 24d3349cf71f4acdb698186cff857316 - - default default] project_id key not found in request, using tenant_id instead. This support has been deprecated and will be removed in a future release. [pid: 8|app: 0|req: 906/2025] 10.0.0.165 () {32 vars in 747 bytes} [Thu Jul 9 14:25:49 2026] GET /v2.0/security-groups/63a0122b-5eb8-476c-aa92-067a1340423c/tags => generated 37 bytes in 35 msecs (HTTP/1.1 200) 4 headers in 156 bytes (1 switches on core 0)
2026-07-09 14:25:49.155 8 WARNING tagging [None req-b714e71d-07ab-4699-8799-d9b1b86c0b4c a22ec86841ed47c9a57c8c46b0283f7c 24d3349cf71f4acdb698186cff857316 - - default default] project_id key not found in request, using tenant_id instead. This support has been deprecated and will be removed in a future release. [pid: 8|app: 0|req: 907/2026] 10.0.0.165 () {32 vars in 755 bytes} [Thu Jul 9 14:25:49 2026] GET /v2.0/security-groups/63a0122b-5eb8-476c-aa92-067a1340423c/tags/red => generated 0 bytes in 44 msecs (HTTP/1.1 204) 2 headers in 112 bytes (1 switches on core 0)
2026-07-09 14:25:49.201 8 WARNING tagging [None req-b2e6587d-261c-4035-94ee-64abc3bce4ae a22ec86841ed47c9a57c8c46b0283f7c 24d3349cf71f4acdb698186cff857316 - - default default] project_id key not found in request, using tenant_id instead. This support has been deprecated and will be removed in a future release.
2026-07-09 14:25:49.213 8 INFO neutron.api.v2.resource [None req-b2e6587d-261c-4035-94ee-64abc3bce4ae a22ec86841ed47c9a57c8c46b0283f7c 24d3349cf71f4acdb698186cff857316 - - default default] show failed (client error): The resource could not be found. [pid: 8|app: 0|req: 908/2027] 10.0.0.165 () {32 vars in 759 bytes} [Thu Jul 9 14:25:49 2026] GET /v2.0/security-groups/63a0122b-5eb8-476c-aa92-067a1340423c/tags/green => generated 99 bytes in 40 msecs (HTTP/1.1 404) 4 headers in 163 bytes (1 switches on core 0)
2026-07-09 14:25:49.245 8 WARNING tagging [None req-3dd75aaf-991e-4484-aa2f-988ab554a9f4 a22ec86841ed47c9a57c8c46b0283f7c 24d3349cf71f4acdb698186cff857316 - - default default] project_id key not found in request, using tenant_id instead. This support has been deprecated and will be removed in a future release. [pid: 8|app: 0|req: 909/2028] 10.0.0.165 () {32 vars in 758 bytes} [Thu Jul 9 14:25:49 2026] DELETE /v2.0/security-groups/63a0122b-5eb8-476c-aa92-067a1340423c/tags/red => generated 0 bytes in 58 msecs (HTTP/1.1 204) 2 headers in 112 bytes (1 switches on core 0)
2026-07-09 14:25:49.317 8 WARNING tagging [None req-e9cbf8d6-aa9d-486c-8cbf-a215ea5d93f0 a22ec86841ed47c9a57c8c46b0283f7c 24d3349cf71f4acdb698186cff857316 - - default default] project_id key not found in request, using tenant_id instead. This support has been deprecated and will be removed in a future release. [pid: 8|app: 0|req: 910/2029] 10.0.0.165 () {32 vars in 747 bytes} [Thu Jul 9 14:25:49 2026] GET /v2.0/security-groups/63a0122b-5eb8-476c-aa92-067a1340423c/tags => generated 30 bytes in 43 msecs (HTTP/1.1 200) 4 headers in 156 bytes (1 switches on core 0)
2026-07-09 14:25:49.369 8 WARNING tagging [None req-6d205200-552a-4fbe-81a4-776229c6c3b5 a22ec86841ed47c9a57c8c46b0283f7c 24d3349cf71f4acdb698186cff857316 - - default default] project_id key not found in request, using tenant_id instead. This support has been deprecated and will be removed in a future release.
2026-07-09 14:25:49.386 8 INFO neutron.api.v2.resource [None req-6d205200-552a-4fbe-81a4-776229c6c3b5 a22ec86841ed47c9a57c8c46b0283f7c 24d3349cf71f4acdb698186cff857316 - - default default] delete failed (client error): The resource could not be found. [pid: 8|app: 0|req: 911/2030] 10.0.0.165 () {32 vars in 762 bytes} [Thu Jul 9 14:25:49 2026] DELETE /v2.0/security-groups/63a0122b-5eb8-476c-aa92-067a1340423c/tags/green => generated 99 bytes in 51 msecs (HTTP/1.1 404) 4 headers in 163 bytes (1 switches on core 0)
2026-07-09 14:25:49.421 8 WARNING tagging [None req-b8e8121c-83af-4820-b1a6-acea698dbe29 a22ec86841ed47c9a57c8c46b0283f7c 24d3349cf71f4acdb698186cff857316 - - default default] project_id key not found in request, using tenant_id instead. This support has been deprecated and will be removed in a future release. [pid: 8|app: 0|req: 912/2031] 10.0.0.165 () {32 vars in 750 bytes} [Thu Jul 9 14:25:49 2026] DELETE /v2.0/security-groups/63a0122b-5eb8-476c-aa92-067a1340423c/tags => generated 0 bytes in 55 msecs (HTTP/1.1 204) 2 headers in 112 bytes (1 switches on core 0)
2026-07-09 14:25:49.477 8 WARNING tagging [None req-5d8b8d2e-ce01-4390-8228-b5a250b2bb4a a22ec86841ed47c9a57c8c46b0283f7c 24d3349cf71f4acdb698186cff857316 - - default default] project_id key not found in request, using tenant_id instead. This support has been deprecated and will be removed in a future release. [pid: 8|app: 0|req: 913/2032] 10.0.0.165 () {32 vars in 747 bytes} [Thu Jul 9 14:25:49 2026] GET /v2.0/security-groups/63a0122b-5eb8-476c-aa92-067a1340423c/tags => generated 12 bytes in 36 msecs (HTTP/1.1 200) 4 headers in 156 bytes (1 switches on core 0) [pid: 8|app: 0|req: 914/2033] 10.0.0.165 () {32 vars in 740 bytes} [Thu Jul 9 14:25:49 2026] DELETE /v2.0/security-groups/63a0122b-5eb8-476c-aa92-067a1340423c => generated 0 bytes in 185 msecs (HTTP/1.1 204) 2 headers in 112 bytes (1 switches on core 0)
2026-07-09 14:25:49.718 7 WARNING neutron.scheduler.dhcp_agent_scheduler [None req-ced82e78-b360-4be7-9958-ec3546fa04a9 7ddd4c07a71d43829fd02be86cc865b0 bc503acee7c049c3a25927ac7a4e9ff2 - - default default] No more DHCP agents
2026-07-09 14:25:49.722 7 WARNING neutron.api.rpc.agentnotifiers.dhcp_rpc_agent_api [None req-ced82e78-b360-4be7-9958-ec3546fa04a9 7ddd4c07a71d43829fd02be86cc865b0 bc503acee7c049c3a25927ac7a4e9ff2 - - default default] Unable to schedule network 97d70edf-3f1b-4744-afc7-a1b22cee679e: no agents available; will retry on subsequent port and subnet creation events.
2026-07-09 14:25:50.071 7 INFO neutron.db.ovn_revision_numbers_db [None req-ced82e78-b360-4be7-9958-ec3546fa04a9 7ddd4c07a71d43829fd02be86cc865b0 bc503acee7c049c3a25927ac7a4e9ff2 - - default default] Successfully bumped revision number for resource 3665ce22-2b15-4179-8939-dcb8b09c5313 (type: router_ports) to 1 [pid: 7|app: 0|req: 1120/2034] 10.0.0.165 () {34 vars in 783 bytes} [Thu Jul 9 14:25:48 2026] PUT /v2.0/routers/92f9b7da-5825-401f-abbe-2b9360125fec/add_router_interface => generated 310 bytes in 2034 msecs (HTTP/1.1 200) 4 headers in 157 bytes (1 switches on core 0)
2026-07-09 14:25:50.554 7 WARNING neutron.db.securitygroups_db [None req-5ab7ef7b-807b-4b32-843b-7e869daacd2e 908bb38ebfaf4bfa95286d55450558c3 5f29ff917bc04b0092d07815578bfb47 - - default default] project_id key not found in filters, using tenant_id instead. This support has been deprecated and will be removed in a future release. [pid: 7|app: 0|req: 1121/2035] 10.0.0.165 () {32 vars in 774 bytes} [Thu Jul 9 14:25:50 2026] GET /v2.0/security-groups?tenant_id=24d3349cf71f4acdb698186cff857316&name=default => generated 2925 bytes in 176 msecs (HTTP/1.1 200) 4 headers in 158 bytes (1 switches on core 0)
2026-07-09 14:25:50.813 7 INFO neutron.db.ovn_revision_numbers_db [None req-41b365ba-56c8-4e9b-9694-6e9caefc9a39 908bb38ebfaf4bfa95286d55450558c3 5f29ff917bc04b0092d07815578bfb47 - - default default] Successfully bumped revision number for resource e05a01ee-785f-4819-8795-5c6f4aad9cbe (type: security_groups) to 1
2026-07-09 14:25:50.827 7 INFO neutron.db.ovn_revision_numbers_db [None req-41b365ba-56c8-4e9b-9694-6e9caefc9a39 908bb38ebfaf4bfa95286d55450558c3 5f29ff917bc04b0092d07815578bfb47 - - default default] Successfully bumped revision number for resource 5f1fb579-a77f-4c08-90dd-c92ea7383c73 (type: security_group_rules) to 0
2026-07-09 14:25:50.840 7 INFO neutron.db.ovn_revision_numbers_db [None req-41b365ba-56c8-4e9b-9694-6e9caefc9a39 908bb38ebfaf4bfa95286d55450558c3 5f29ff917bc04b0092d07815578bfb47 - - default default] Successfully bumped revision number for resource 87978838-1f4d-4d2e-9097-9b4df67c05ca (type: security_group_rules) to 0
2026-07-09 14:25:50.867 7 INFO neutron.db.ovn_revision_numbers_db [None req-41b365ba-56c8-4e9b-9694-6e9caefc9a39 908bb38ebfaf4bfa95286d55450558c3 5f29ff917bc04b0092d07815578bfb47 - - default default] Successfully bumped revision number for resource 8f4c5081-8bb1-4f74-8d7c-1a95f3823419 (type: security_group_rules) to 0
2026-07-09 14:25:50.889 7 INFO neutron.db.ovn_revision_numbers_db [None req-41b365ba-56c8-4e9b-9694-6e9caefc9a39 908bb38ebfaf4bfa95286d55450558c3 5f29ff917bc04b0092d07815578bfb47 - - default default] Successfully bumped revision number for resource 9e533af0-267e-4873-acfa-6051ac2b236b (type: security_group_rules) to 0
2026-07-09 14:25:50.960 8 WARNING neutron.scheduler.dhcp_agent_scheduler [None req-0520d733-c922-486c-bb07-e09e25a22fdc - - - - - -] No more DHCP agents
2026-07-09 14:25:50.962 8 WARNING neutron.api.rpc.agentnotifiers.dhcp_rpc_agent_api [None req-0520d733-c922-486c-bb07-e09e25a22fdc - - - - - -] Unable to schedule network 74f6b124-6190-4e34-8e4c-18549b6bf262: no agents available; will retry on subsequent port and subnet creation events.
2026-07-09 14:25:50.967 7 INFO neutron.db.segments_db [None req-41b365ba-56c8-4e9b-9694-6e9caefc9a39 908bb38ebfaf4bfa95286d55450558c3 5f29ff917bc04b0092d07815578bfb47 - - default default] Added segment 831bec93-90af-4755-b37f-1f952b76d1ca of type geneve for network 1b2d8b04-c690-4099-8f9c-78a8c9a6e802
2026-07-09 14:25:51.085 7 INFO neutron.db.ovn_revision_numbers_db [None req-41b365ba-56c8-4e9b-9694-6e9caefc9a39 908bb38ebfaf4bfa95286d55450558c3 5f29ff917bc04b0092d07815578bfb47 - - default default] Successfully bumped revision number for resource 1b2d8b04-c690-4099-8f9c-78a8c9a6e802 (type: networks) to 1
2026-07-09 14:25:51.173 8 INFO neutron.db.ovn_revision_numbers_db [None req-0520d733-c922-486c-bb07-e09e25a22fdc - - - - - -] Successfully bumped revision number for resource c8a3fa67-fd2c-4f71-becd-af27215ac6c3 (type: ports) to 1
2026-07-09 14:25:51.329 7 WARNING neutron.scheduler.dhcp_agent_scheduler [None req-41b365ba-56c8-4e9b-9694-6e9caefc9a39 908bb38ebfaf4bfa95286d55450558c3 5f29ff917bc04b0092d07815578bfb47 - - default default] No more DHCP agents
2026-07-09 14:25:51.331 7 WARNING neutron.api.rpc.agentnotifiers.dhcp_rpc_agent_api [None req-41b365ba-56c8-4e9b-9694-6e9caefc9a39 908bb38ebfaf4bfa95286d55450558c3 5f29ff917bc04b0092d07815578bfb47 - - default default] Unable to schedule network 1b2d8b04-c690-4099-8f9c-78a8c9a6e802: no agents available; will retry on subsequent port and subnet creation events.
2026-07-09 14:25:51.473 7 INFO neutron.db.ovn_revision_numbers_db [None req-41b365ba-56c8-4e9b-9694-6e9caefc9a39 908bb38ebfaf4bfa95286d55450558c3 5f29ff917bc04b0092d07815578bfb47 - - default default] Successfully bumped revision number for resource ef4b670e-2508-4301-ab32-9a7343c4bce4 (type: ports) to 1 [pid: 7|app: 0|req: 1122/2036] 10.0.0.165 () {34 vars in 671 bytes} [Thu Jul 9 14:25:50 2026] POST /v2.0/networks => generated 782 bytes in 926 msecs (HTTP/1.1 201) 4 headers in 162 bytes (1 switches on core 0)
2026-07-09 14:25:51.546 8 INFO neutron.db.ovn_revision_numbers_db [None req-0520d733-c922-486c-bb07-e09e25a22fdc - - - - - -] Successfully bumped revision number for resource c8a3fa67-fd2c-4f71-becd-af27215ac6c3 (type: ports) to 3
2026-07-09 14:25:51.611 8 INFO neutron.db.segments_db [None req-0520d733-c922-486c-bb07-e09e25a22fdc - - - - - -] Added segment 984cd77f-54f4-4a02-b896-4fd385f7fae4 of type geneve for network 98179010-41e4-431f-8592-39941c06dd30 [pid: 7|app: 0|req: 1123/2037] 10.0.0.165 () {32 vars in 740 bytes} [Thu Jul 9 14:25:51 2026] DELETE /v2.0/security-groups/fba019c9-baeb-4e95-b7e6-54e81a7d4b89 => generated 0 bytes in 260 msecs (HTTP/1.1 204) 2 headers in 112 bytes (1 switches on core 0)
2026-07-09 14:25:51.824 8 INFO neutron.db.ovn_revision_numbers_db [None req-dc1d57ec-789b-4c93-b99d-8a527d0d4f1a - - - - - -] Successfully bumped revision number for resource 98179010-41e4-431f-8592-39941c06dd30 (type: networks) to 1
2026-07-09 14:25:51.859 7 WARNING neutron.db.securitygroups_db [None req-ce27ff7a-fed0-41d9-a0f5-ac9e02d00910 908bb38ebfaf4bfa95286d55450558c3 5f29ff917bc04b0092d07815578bfb47 - - default default] project_id key not found in filters, using tenant_id instead. This support has been deprecated and will be removed in a future release.
2026-07-09 14:25:52.027 8 WARNING neutron.scheduler.dhcp_agent_scheduler [None req-dc1d57ec-789b-4c93-b99d-8a527d0d4f1a - - - - - -] No more DHCP agents
2026-07-09 14:25:52.030 8 WARNING neutron.api.rpc.agentnotifiers.dhcp_rpc_agent_api [None req-dc1d57ec-789b-4c93-b99d-8a527d0d4f1a - - - - - -] Unable to schedule network 98179010-41e4-431f-8592-39941c06dd30: no agents available; will retry on subsequent port and subnet creation events.
2026-07-09 14:25:52.066 7 INFO neutron.db.ovn_revision_numbers_db [None req-ce27ff7a-fed0-41d9-a0f5-ac9e02d00910 908bb38ebfaf4bfa95286d55450558c3 5f29ff917bc04b0092d07815578bfb47 - - default default] Successfully bumped revision number for resource c9d3a36e-e1b7-451a-b753-e24b20f977f1 (type: security_groups) to 1
2026-07-09 14:25:52.081 7 INFO neutron.db.ovn_revision_numbers_db [None req-ce27ff7a-fed0-41d9-a0f5-ac9e02d00910 908bb38ebfaf4bfa95286d55450558c3 5f29ff917bc04b0092d07815578bfb47 - - default default] Successfully bumped revision number for resource 8114246d-b9d3-413b-844d-db65b03477f7 (type: security_group_rules) to 0
2026-07-09 14:25:52.107 7 INFO neutron.db.ovn_revision_numbers_db [None req-ce27ff7a-fed0-41d9-a0f5-ac9e02d00910 908bb38ebfaf4bfa95286d55450558c3 5f29ff917bc04b0092d07815578bfb47 - - default default] Successfully bumped revision number for resource c0f998d2-d32d-47a6-ba34-b498d466d91e (type: security_group_rules) to 0
2026-07-09 14:25:52.132 7 INFO neutron.db.ovn_revision_numbers_db [None req-ce27ff7a-fed0-41d9-a0f5-ac9e02d00910 908bb38ebfaf4bfa95286d55450558c3 5f29ff917bc04b0092d07815578bfb47 - - default default] Successfully bumped revision number for resource dbed2175-a32f-47d7-83c2-031d6dfa760d (type: security_group_rules) to 0
2026-07-09 14:25:52.149 7 INFO neutron.db.ovn_revision_numbers_db [None req-ce27ff7a-fed0-41d9-a0f5-ac9e02d00910 908bb38ebfaf4bfa95286d55450558c3 5f29ff917bc04b0092d07815578bfb47 - - default default] Successfully bumped revision number for resource f6c285b9-39d7-41fb-b023-b3283d14da41 (type: security_group_rules) to 0 [pid: 7|app: 0|req: 1124/2038] 10.0.0.165 () {32 vars in 774 bytes} [Thu Jul 9 14:25:51 2026] GET /v2.0/security-groups?tenant_id=57e3fbc5026647e8a46965e38db8d1a2&name=default => generated 2925 bytes in 444 msecs (HTTP/1.1 200) 4 headers in 158 bytes (1 switches on core 0)
2026-07-09 14:25:52.212 8 INFO neutron.db.ovn_revision_numbers_db [None req-dc1d57ec-789b-4c93-b99d-8a527d0d4f1a - - - - - -] Successfully bumped revision number for resource 26cce8f4-bb82-48a0-b362-1d494253859c (type: ports) to 1
2026-07-09 14:25:52.345 8 WARNING neutron.plugins.ml2.drivers.ovn.mech_driver.ovsdb.ovn_client [None req-0e5a91dd-bfa9-4081-b29e-a186201b45fd - - - - - -] No hosting information found for port d2e76d4b-d817-492c-b75e-839de5f23720: RuntimeError: No hosting information found for port d2e76d4b-d817-492c-b75e-839de5f23720
2026-07-09 14:25:52.345 8 INFO neutron.plugins.ml2.drivers.ovn.mech_driver.mech_driver [None req-0e5a91dd-bfa9-4081-b29e-a186201b45fd - - - - - -] OVN reports status down for port: 3665ce22-2b15-4179-8939-dcb8b09c5313
2026-07-09 14:25:52.403 7 WARNING neutron.scheduler.dhcp_agent_scheduler [None req-f40e2250-ed90-44df-a282-b158b9212a8c 908bb38ebfaf4bfa95286d55450558c3 5f29ff917bc04b0092d07815578bfb47 - - default default] No more DHCP agents
2026-07-09 14:25:52.408 7 WARNING neutron.api.rpc.agentnotifiers.dhcp_rpc_agent_api [None req-f40e2250-ed90-44df-a282-b158b9212a8c 908bb38ebfaf4bfa95286d55450558c3 5f29ff917bc04b0092d07815578bfb47 - - default default] Unable to schedule network 1b2d8b04-c690-4099-8f9c-78a8c9a6e802: no agents available; will retry on subsequent port and subnet creation events.
2026-07-09 14:25:52.431 8 WARNING neutron.scheduler.dhcp_agent_scheduler [None req-dc1d57ec-789b-4c93-b99d-8a527d0d4f1a - - - - - -] No more DHCP agents
2026-07-09 14:25:52.433 8 WARNING neutron.api.rpc.agentnotifiers.dhcp_rpc_agent_api [None req-dc1d57ec-789b-4c93-b99d-8a527d0d4f1a - - - - - -] Unable to schedule network 98179010-41e4-431f-8592-39941c06dd30: no agents available; will retry on subsequent port and subnet creation events.
2026-07-09 14:25:52.473 8 WARNING neutron.plugins.ml2.drivers.ovn.mech_driver.ovsdb.ovn_client [None req-0e5a91dd-bfa9-4081-b29e-a186201b45fd - - - - - -] Logical_Switch_Port 3665ce22-2b15-4179-8939-dcb8b09c5313 host information not removed, the port state is up
2026-07-09 14:25:52.474 8 INFO neutron.plugins.ml2.drivers.ovn.mech_driver.mech_driver [None req-0e5a91dd-bfa9-4081-b29e-a186201b45fd - - - - - -] OVN reports status up for port: 3665ce22-2b15-4179-8939-dcb8b09c5313
2026-07-09 14:25:52.479 8 INFO neutron.db.ovn_revision_numbers_db [None req-dc1d57ec-789b-4c93-b99d-8a527d0d4f1a - - - - - -] Successfully bumped revision number for resource 712101e1-f963-488a-8b70-6aac9ce3c166 (type: subnets) to 0
2026-07-09 14:25:52.512 8 INFO neutron.plugins.ml2.plugin [None req-0e5a91dd-bfa9-4081-b29e-a186201b45fd - - - - - -] Attempt 1 to provision port 3665ce22-2b15-4179-8939-dcb8b09c5313
2026-07-09 14:25:52.917 7 INFO neutron.db.ovn_revision_numbers_db [None req-f40e2250-ed90-44df-a282-b158b9212a8c 908bb38ebfaf4bfa95286d55450558c3 5f29ff917bc04b0092d07815578bfb47 - - default default] Successfully bumped revision number for resource ef4b670e-2508-4301-ab32-9a7343c4bce4 (type: ports) to 2
2026-07-09 14:25:52.943 7 INFO neutron.db.ovn_revision_numbers_db [None req-f40e2250-ed90-44df-a282-b158b9212a8c 908bb38ebfaf4bfa95286d55450558c3 5f29ff917bc04b0092d07815578bfb47 - - default default] Successfully bumped revision number for resource a7805125-b807-4a61-b0c5-cb0c53770616 (type: subnets) to 0 [pid: 7|app: 0|req: 1125/2039] 10.0.0.165 () {34 vars in 669 bytes} [Thu Jul 9 14:25:52 2026] POST /v2.0/subnets => generated 688 bytes in 751 msecs (HTTP/1.1 201) 4 headers in 162 bytes (1 switches on core 0)
2026-07-09 14:25:52.968 7 WARNING neutron.db.securitygroups_db [None req-822189bd-358d-495a-8175-84f37c9e5327 908bb38ebfaf4bfa95286d55450558c3 5f29ff917bc04b0092d07815578bfb47 - - default default] project_id key not found in filters, using tenant_id instead. This support has been deprecated and will be removed in a future release.
2026-07-09 14:25:53.141 7 INFO neutron.db.ovn_revision_numbers_db [None req-822189bd-358d-495a-8175-84f37c9e5327 908bb38ebfaf4bfa95286d55450558c3 5f29ff917bc04b0092d07815578bfb47 - - default default] Successfully bumped revision number for resource 55f18683-1ed2-455a-8ee9-1f05eb15eaca (type: security_groups) to 1
2026-07-09 14:25:53.153 7 INFO neutron.db.ovn_revision_numbers_db [None req-822189bd-358d-495a-8175-84f37c9e5327 908bb38ebfaf4bfa95286d55450558c3 5f29ff917bc04b0092d07815578bfb47 - - default default] Successfully bumped revision number for resource 51873ad8-4529-44be-a7f5-5d3331e072f7 (type: security_group_rules) to 0
2026-07-09 14:25:53.164 7 INFO neutron.db.ovn_revision_numbers_db [None req-822189bd-358d-495a-8175-84f37c9e5327 908bb38ebfaf4bfa95286d55450558c3 5f29ff917bc04b0092d07815578bfb47 - - default default] Successfully bumped revision number for resource 6a00abf8-219f-4c98-b748-8da9dfa9bb74 (type: security_group_rules) to 0
2026-07-09 14:25:53.178 7 INFO neutron.db.ovn_revision_numbers_db [None req-822189bd-358d-495a-8175-84f37c9e5327 908bb38ebfaf4bfa95286d55450558c3 5f29ff917bc04b0092d07815578bfb47 - - default default] Successfully bumped revision number for resource 8fac7117-716d-4c5f-8ff0-f10b9be5edf8 (type: security_group_rules) to 0
2026-07-09 14:25:53.193 7 INFO neutron.db.ovn_revision_numbers_db [None req-822189bd-358d-495a-8175-84f37c9e5327 908bb38ebfaf4bfa95286d55450558c3 5f29ff917bc04b0092d07815578bfb47 - - default default] Successfully bumped revision number for resource b18428a7-f7eb-4905-965a-7fc41609730e (type: security_group_rules) to 0
2026-07-09 14:25:53.219 8 WARNING neutron.scheduler.dhcp_agent_scheduler [None req-dc1d57ec-789b-4c93-b99d-8a527d0d4f1a - - - - - -] No more DHCP agents
2026-07-09 14:25:53.222 8 WARNING neutron.api.rpc.agentnotifiers.dhcp_rpc_agent_api [None req-dc1d57ec-789b-4c93-b99d-8a527d0d4f1a - - - - - -] Unable to schedule network 98179010-41e4-431f-8592-39941c06dd30: no agents available; will retry on subsequent port and subnet creation events. [pid: 7|app: 0|req: 1126/2040] 10.0.0.165 () {32 vars in 774 bytes} [Thu Jul 9 14:25:52 2026] GET /v2.0/security-groups?tenant_id=59ab7fa902804ed89534500daa5d4ecb&name=default => generated 2925 bytes in 272 msecs (HTTP/1.1 200) 4 headers in 158 bytes (1 switches on core 0) [pid: 7|app: 0|req: 1127/2041] 10.0.0.165 () {32 vars in 740 bytes} [Thu Jul 9 14:25:53 2026] DELETE /v2.0/security-groups/c9d3a36e-e1b7-451a-b753-e24b20f977f1 => generated 0 bytes in 298 msecs (HTTP/1.1 204) 2 headers in 112 bytes (1 switches on core 0)
2026-07-09 14:25:53.636 8 INFO neutron.db.ovn_revision_numbers_db [None req-0e5a91dd-bfa9-4081-b29e-a186201b45fd - - - - - -] Successfully bumped revision number for resource 3665ce22-2b15-4179-8939-dcb8b09c5313 (type: ports) to 2
2026-07-09 14:25:53.745 8 INFO neutron.db.ovn_revision_numbers_db [None req-dc1d57ec-789b-4c93-b99d-8a527d0d4f1a - - - - - -] Successfully bumped revision number for resource 46ab415b-acc8-4a21-87c7-6abfee96000d (type: ports) to 1
2026-07-09 14:25:54.001 7 WARNING neutron.scheduler.dhcp_agent_scheduler [None req-64968a8e-294e-406d-a395-d90d8b011658 908bb38ebfaf4bfa95286d55450558c3 5f29ff917bc04b0092d07815578bfb47 - - default default] No more DHCP agents
2026-07-09 14:25:54.004 7 WARNING neutron.api.rpc.agentnotifiers.dhcp_rpc_agent_api [None req-64968a8e-294e-406d-a395-d90d8b011658 908bb38ebfaf4bfa95286d55450558c3 5f29ff917bc04b0092d07815578bfb47 - - default default] Unable to schedule network 74f6b124-6190-4e34-8e4c-18549b6bf262: no agents available; will retry on subsequent port and subnet creation events.
2026-07-09 14:25:54.198 7 INFO neutron.db.ovn_revision_numbers_db [None req-64968a8e-294e-406d-a395-d90d8b011658 908bb38ebfaf4bfa95286d55450558c3 5f29ff917bc04b0092d07815578bfb47 - - default default] Successfully bumped revision number for resource 7fd3cc61-4bc9-4abf-a4a9-c05465e9ed9f (type: ports) to 1
2026-07-09 14:25:54.593 8 WARNING neutron.scheduler.dhcp_agent_scheduler [None req-dc1d57ec-789b-4c93-b99d-8a527d0d4f1a - - - - - -] No more DHCP agents
2026-07-09 14:25:54.594 8 WARNING neutron.api.rpc.agentnotifiers.dhcp_rpc_agent_api [None req-dc1d57ec-789b-4c93-b99d-8a527d0d4f1a - - - - - -] Unable to schedule network 98179010-41e4-431f-8592-39941c06dd30: no agents available; will retry on subsequent port and subnet creation events.
2026-07-09 14:25:55.000 8 INFO neutron.plugins.ml2.drivers.ovn.mech_driver.ovsdb.ovsdb_monitor [None req-a60a1fba-5e4f-4761-a2a1-13e30e6f04e9 - - - - - -] Router 83a383ab-e715-4700-ac8d-aaead25f914c is bound to host instance
2026-07-09 14:25:55.044 7 INFO neutron.db.ovn_revision_numbers_db [None req-64968a8e-294e-406d-a395-d90d8b011658 908bb38ebfaf4bfa95286d55450558c3 5f29ff917bc04b0092d07815578bfb47 - - default default] Successfully bumped revision number for resource 7fd3cc61-4bc9-4abf-a4a9-c05465e9ed9f (type: router_ports) to 1
2026-07-09 14:25:55.112 7 INFO neutron.db.ovn_revision_numbers_db [None req-64968a8e-294e-406d-a395-d90d8b011658 908bb38ebfaf4bfa95286d55450558c3 5f29ff917bc04b0092d07815578bfb47 - - default default] Successfully bumped revision number for resource 83a383ab-e715-4700-ac8d-aaead25f914c (type: routers) to 2 [pid: 7|app: 0|req: 1128/2042] 10.0.0.165 () {34 vars in 669 bytes} [Thu Jul 9 14:25:53 2026] POST /v2.0/routers => generated 987 bytes in 1596 msecs (HTTP/1.1 201) 4 headers in 162 bytes (1 switches on core 0) [pid: 7|app: 0|req: 1129/2043] 10.0.0.165 () {32 vars in 740 bytes} [Thu Jul 9 14:25:55 2026] DELETE /v2.0/security-groups/55f18683-1ed2-455a-8ee9-1f05eb15eaca => generated 0 bytes in 283 msecs (HTTP/1.1 204) 2 headers in 112 bytes (1 switches on core 0)
2026-07-09 14:25:55.770 8 INFO neutron.db.ovn_revision_numbers_db [None req-dc1d57ec-789b-4c93-b99d-8a527d0d4f1a - - - - - -] Successfully bumped revision number for resource 46ab415b-acc8-4a21-87c7-6abfee96000d (type: router_ports) to 1
2026-07-09 14:25:55.979 7 WARNING neutron.scheduler.dhcp_agent_scheduler [None req-1245d50f-02d0-491b-8c44-f675c64d39c9 908bb38ebfaf4bfa95286d55450558c3 5f29ff917bc04b0092d07815578bfb47 - - default default] No more DHCP agents
2026-07-09 14:25:55.980 7 WARNING neutron.api.rpc.agentnotifiers.dhcp_rpc_agent_api [None req-1245d50f-02d0-491b-8c44-f675c64d39c9 908bb38ebfaf4bfa95286d55450558c3 5f29ff917bc04b0092d07815578bfb47 - - default default] Unable to schedule network 1b2d8b04-c690-4099-8f9c-78a8c9a6e802: no agents available; will retry on subsequent port and subnet creation events.
2026-07-09 14:25:56.161 7 INFO neutron.db.ovn_revision_numbers_db [None req-1245d50f-02d0-491b-8c44-f675c64d39c9 908bb38ebfaf4bfa95286d55450558c3 5f29ff917bc04b0092d07815578bfb47 - - default default] Successfully bumped revision number for resource 0b083d11-c1fe-453b-91c9-9152e336029f (type: ports) to 1
2026-07-09 14:25:56.301 8 WARNING neutron.scheduler.dhcp_agent_scheduler [None req-dc1d57ec-789b-4c93-b99d-8a527d0d4f1a - - - - - -] No more DHCP agents
2026-07-09 14:25:56.306 8 WARNING neutron.api.rpc.agentnotifiers.dhcp_rpc_agent_api [None req-dc1d57ec-789b-4c93-b99d-8a527d0d4f1a - - - - - -] Unable to schedule network 98179010-41e4-431f-8592-39941c06dd30: no agents available; will retry on subsequent port and subnet creation events.
2026-07-09 14:25:56.751 8 INFO neutron.db.ovn_revision_numbers_db [None req-dc1d57ec-789b-4c93-b99d-8a527d0d4f1a - - - - - -] Successfully bumped revision number for resource 2f795710-3db7-4014-a000-bf65499628c5 (type: ports) to 1
2026-07-09 14:25:56.769 8 INFO neutron.db.ovn_revision_numbers_db [None req-be6c5995-38a1-46a4-836b-2baa63cf3c4a - - - - - -] Successfully bumped revision number for resource 7fd3cc61-4bc9-4abf-a4a9-c05465e9ed9f (type: ports) to 4
2026-07-09 14:25:57.058 7 WARNING neutron.scheduler.dhcp_agent_scheduler [None req-1245d50f-02d0-491b-8c44-f675c64d39c9 908bb38ebfaf4bfa95286d55450558c3 5f29ff917bc04b0092d07815578bfb47 - - default default] No more DHCP agents
2026-07-09 14:25:57.060 7 WARNING neutron.api.rpc.agentnotifiers.dhcp_rpc_agent_api [None req-1245d50f-02d0-491b-8c44-f675c64d39c9 908bb38ebfaf4bfa95286d55450558c3 5f29ff917bc04b0092d07815578bfb47 - - default default] Unable to schedule network 1b2d8b04-c690-4099-8f9c-78a8c9a6e802: no agents available; will retry on subsequent port and subnet creation events.
2026-07-09 14:25:57.331 8 INFO neutron.db.ovn_revision_numbers_db [None req-dc1d57ec-789b-4c93-b99d-8a527d0d4f1a - - - - - -] Successfully bumped revision number for resource 2f795710-3db7-4014-a000-bf65499628c5 (type: ports) to 3
2026-07-09 14:25:57.617 7 INFO neutron.db.ovn_revision_numbers_db [None req-1245d50f-02d0-491b-8c44-f675c64d39c9 908bb38ebfaf4bfa95286d55450558c3 5f29ff917bc04b0092d07815578bfb47 - - default default] Successfully bumped revision number for resource 0b083d11-c1fe-453b-91c9-9152e336029f (type: router_ports) to 1 [pid: 7|app: 0|req: 1132/2046] 10.0.0.165 () {34 vars in 783 bytes} [Thu Jul 9 14:25:55 2026] PUT /v2.0/routers/83a383ab-e715-4700-ac8d-aaead25f914c/add_router_interface => generated 310 bytes in 2205 msecs (HTTP/1.1 200) 4 headers in 157 bytes (1 switches on core 0)
2026-07-09 14:25:58.140 7 INFO neutron.db.ovn_revision_numbers_db [None req-cccb57de-7402-4cb5-a124-3b2aab404d69 4407cbc6a90b484aa2c16db278abbfab 9bafae870146472380a89675efc686f5 - - default default] Successfully bumped revision number for resource c95ca528-597e-4325-af26-00eecb68d28b (type: security_groups) to 1
2026-07-09 14:25:58.164 7 INFO neutron.db.ovn_revision_numbers_db [None req-cccb57de-7402-4cb5-a124-3b2aab404d69 4407cbc6a90b484aa2c16db278abbfab 9bafae870146472380a89675efc686f5 - - default default] Successfully bumped revision number for resource 31ee2a60-114c-4d02-8f67-085cba518c31 (type: security_group_rules) to 0
2026-07-09 14:25:58.184 7 INFO neutron.db.ovn_revision_numbers_db [None req-cccb57de-7402-4cb5-a124-3b2aab404d69 4407cbc6a90b484aa2c16db278abbfab 9bafae870146472380a89675efc686f5 - - default default] Successfully bumped revision number for resource 77d019ec-af4e-4ca1-9e53-32a68c768531 (type: security_group_rules) to 0
2026-07-09 14:25:58.213 7 INFO neutron.db.ovn_revision_numbers_db [None req-cccb57de-7402-4cb5-a124-3b2aab404d69 4407cbc6a90b484aa2c16db278abbfab 9bafae870146472380a89675efc686f5 - - default default] Successfully bumped revision number for resource 901cafdd-4ba2-416e-a9d0-bcc1532da86b (type: security_group_rules) to 0
2026-07-09 14:25:58.243 7 INFO neutron.db.ovn_revision_numbers_db [None req-cccb57de-7402-4cb5-a124-3b2aab404d69 4407cbc6a90b484aa2c16db278abbfab 9bafae870146472380a89675efc686f5 - - default default] Successfully bumped revision number for resource fdb49dc6-5ff2-4f37-b803-370ca734ab17 (type: security_group_rules) to 0
2026-07-09 14:25:58.330 7 INFO neutron.db.segments_db [None req-cccb57de-7402-4cb5-a124-3b2aab404d69 4407cbc6a90b484aa2c16db278abbfab 9bafae870146472380a89675efc686f5 - - default default] Added segment 54a948ff-b467-4166-9e54-b5750cd7016c of type geneve for network 01dfc385-7fec-4923-a2b7-be1ced1f9038
2026-07-09 14:25:58.485 7 INFO neutron.db.ovn_revision_numbers_db [None req-cccb57de-7402-4cb5-a124-3b2aab404d69 4407cbc6a90b484aa2c16db278abbfab 9bafae870146472380a89675efc686f5 - - default default] Successfully bumped revision number for resource 01dfc385-7fec-4923-a2b7-be1ced1f9038 (type: networks) to 1 [pid: 8|app: 0|req: 915/2047] 10.0.0.165 () {34 vars in 685 bytes} [Thu Jul 9 14:25:50 2026] POST /v2.0/vpn/vpnservices => generated 457 bytes in 8465 msecs (HTTP/1.1 201) 4 headers in 162 bytes (1 switches on core 0)
2026-07-09 14:25:58.685 7 WARNING neutron.scheduler.dhcp_agent_scheduler [None req-cccb57de-7402-4cb5-a124-3b2aab404d69 4407cbc6a90b484aa2c16db278abbfab 9bafae870146472380a89675efc686f5 - - default default] No more DHCP agents
2026-07-09 14:25:58.686 7 WARNING neutron.api.rpc.agentnotifiers.dhcp_rpc_agent_api [None req-cccb57de-7402-4cb5-a124-3b2aab404d69 4407cbc6a90b484aa2c16db278abbfab 9bafae870146472380a89675efc686f5 - - default default] Unable to schedule network 01dfc385-7fec-4923-a2b7-be1ced1f9038: no agents available; will retry on subsequent port and subnet creation events.
2026-07-09 14:25:58.819 7 INFO neutron.db.ovn_revision_numbers_db [None req-cccb57de-7402-4cb5-a124-3b2aab404d69 4407cbc6a90b484aa2c16db278abbfab 9bafae870146472380a89675efc686f5 - - default default] Successfully bumped revision number for resource b746511e-a349-4eb6-ba96-8eae7738c0f7 (type: ports) to 1
2026-07-09 14:25:58.826 8 INFO neutron.db.ovn_revision_numbers_db [None req-be6c5995-38a1-46a4-836b-2baa63cf3c4a - - - - - -] Successfully bumped revision number for resource 7fd3cc61-4bc9-4abf-a4a9-c05465e9ed9f (type: ports) to 5 [pid: 7|app: 0|req: 1133/2048] 10.0.0.165 () {34 vars in 671 bytes} [Thu Jul 9 14:25:57 2026] POST /v2.0/networks => generated 671 bytes in 1224 msecs (HTTP/1.1 201) 4 headers in 162 bytes (1 switches on core 0)
2026-07-09 14:25:59.042 7 INFO neutron.db.ovn_revision_numbers_db [None req-ee75aea6-07ad-44f0-abfe-4f429484aa0b 908bb38ebfaf4bfa95286d55450558c3 5f29ff917bc04b0092d07815578bfb47 - - default default] Successfully bumped revision number for resource 032e97df-5d16-4ba1-87a8-d089ef51fa14 (type: security_groups) to 1
2026-07-09 14:25:59.056 7 INFO neutron.db.ovn_revision_numbers_db [None req-ee75aea6-07ad-44f0-abfe-4f429484aa0b 908bb38ebfaf4bfa95286d55450558c3 5f29ff917bc04b0092d07815578bfb47 - - default default] Successfully bumped revision number for resource 09155142-2212-472d-a4cd-f637ab03d58d (type: security_group_rules) to 0
2026-07-09 14:25:59.070 7 INFO neutron.db.ovn_revision_numbers_db [None req-ee75aea6-07ad-44f0-abfe-4f429484aa0b 908bb38ebfaf4bfa95286d55450558c3 5f29ff917bc04b0092d07815578bfb47 - - default default] Successfully bumped revision number for resource 2ff0042d-09a2-456f-8188-82ed4d4e8eb4 (type: security_group_rules) to 0
2026-07-09 14:25:59.083 7 INFO neutron.db.ovn_revision_numbers_db [None req-ee75aea6-07ad-44f0-abfe-4f429484aa0b 908bb38ebfaf4bfa95286d55450558c3 5f29ff917bc04b0092d07815578bfb47 - - default default] Successfully bumped revision number for resource 667b7b3b-4e51-4f5f-a0b4-efe0a6266c96 (type: security_group_rules) to 0
2026-07-09 14:25:59.095 7 INFO neutron.db.ovn_revision_numbers_db [None req-ee75aea6-07ad-44f0-abfe-4f429484aa0b 908bb38ebfaf4bfa95286d55450558c3 5f29ff917bc04b0092d07815578bfb47 - - default default] Successfully bumped revision number for resource cbe7fe96-0cd1-499d-b2ec-283f7c6a0899 (type: security_group_rules) to 0
2026-07-09 14:25:59.169 8 WARNING neutron.plugins.ml2.drivers.ovn.mech_driver.ovsdb.ovn_client [None req-cd9fb88d-de3e-4b21-a52d-ed0b53ed253b - - - - - -] No hosting information found for port 3665ce22-2b15-4179-8939-dcb8b09c5313: RuntimeError: No hosting information found for port 3665ce22-2b15-4179-8939-dcb8b09c5313
2026-07-09 14:25:59.169 7 INFO neutron.db.segments_db [None req-ee75aea6-07ad-44f0-abfe-4f429484aa0b 908bb38ebfaf4bfa95286d55450558c3 5f29ff917bc04b0092d07815578bfb47 - - default default] Added segment 985a36bc-5e52-42a5-9101-604c4d8572a5 of type geneve for network c2606cc3-38a2-4905-be5e-bf19ed9c8d60
2026-07-09 14:25:59.306 7 INFO neutron.db.ovn_revision_numbers_db [None req-ee75aea6-07ad-44f0-abfe-4f429484aa0b 908bb38ebfaf4bfa95286d55450558c3 5f29ff917bc04b0092d07815578bfb47 - - default default] Successfully bumped revision number for resource c2606cc3-38a2-4905-be5e-bf19ed9c8d60 (type: networks) to 1
2026-07-09 14:25:59.314 8 INFO neutron.common.ovn.utils [None req-cd9fb88d-de3e-4b21-a52d-ed0b53ed253b - - - - - -] HA Chassis Group neutron-97d70edf-3f1b-4744-afc7-a1b22cee679e synchronized; highest priority chassis 11be84cd-4499-43f9-a4a2-72e5f5160928 [pid: 8|app: 0|req: 916/2049] 10.0.0.165 () {34 vars in 685 bytes} [Thu Jul 9 14:25:58 2026] POST /v2.0/vpn/vpnservices => generated 424 bytes in 800 msecs (HTTP/1.1 201) 4 headers in 162 bytes (1 switches on core 0)
2026-07-09 14:25:59.474 8 INFO neutron.db.ovn_revision_numbers_db [None req-cd9fb88d-de3e-4b21-a52d-ed0b53ed253b - - - - - -] Successfully bumped revision number for resource 3665ce22-2b15-4179-8939-dcb8b09c5313 (type: router_ports) to 2
2026-07-09 14:25:59.475 8 INFO neutron.plugins.ml2.drivers.ovn.mech_driver.mech_driver [None req-cd9fb88d-de3e-4b21-a52d-ed0b53ed253b - - - - - -] OVN reports status down for port: c8a3fa67-fd2c-4f71-becd-af27215ac6c3
2026-07-09 14:25:59.523 7 WARNING neutron.scheduler.dhcp_agent_scheduler [None req-ee75aea6-07ad-44f0-abfe-4f429484aa0b 908bb38ebfaf4bfa95286d55450558c3 5f29ff917bc04b0092d07815578bfb47 - - default default] No more DHCP agents
2026-07-09 14:25:59.525 7 WARNING neutron.api.rpc.agentnotifiers.dhcp_rpc_agent_api [None req-ee75aea6-07ad-44f0-abfe-4f429484aa0b 908bb38ebfaf4bfa95286d55450558c3 5f29ff917bc04b0092d07815578bfb47 - - default default] Unable to schedule network c2606cc3-38a2-4905-be5e-bf19ed9c8d60: no agents available; will retry on subsequent port and subnet creation events.
2026-07-09 14:25:59.544 8 INFO neutron.plugins.ml2.drivers.ovn.mech_driver.mech_driver [None req-cd9fb88d-de3e-4b21-a52d-ed0b53ed253b - - - - - -] OVN reports status down for port: ef4b670e-2508-4301-ab32-9a7343c4bce4
2026-07-09 14:25:59.638 7 INFO neutron.db.ovn_revision_numbers_db [None req-ee75aea6-07ad-44f0-abfe-4f429484aa0b 908bb38ebfaf4bfa95286d55450558c3 5f29ff917bc04b0092d07815578bfb47 - - default default] Successfully bumped revision number for resource c141cd3a-1289-4454-9dd5-3ec9d992872c (type: ports) to 1 [pid: 7|app: 0|req: 1134/2050] 10.0.0.165 () {34 vars in 671 bytes} [Thu Jul 9 14:25:58 2026] POST /v2.0/networks => generated 780 bytes in 814 msecs (HTTP/1.1 201) 4 headers in 162 bytes (1 switches on core 0) [pid: 8|app: 0|req: 917/2051] 10.0.0.165 () {34 vars in 676 bytes} [Thu Jul 9 14:25:59 2026] POST /v2.0/subnetpools => generated 516 bytes in 320 msecs (HTTP/1.1 201) 4 headers in 162 bytes (1 switches on core 0)
2026-07-09 14:25:59.736 8 INFO neutron.plugins.ml2.drivers.ovn.mech_driver.mech_driver [None req-cd9fb88d-de3e-4b21-a52d-ed0b53ed253b - - - - - -] OVN reports status down for port: 26cce8f4-bb82-48a0-b362-1d494253859c
