2026-07-09 14:26:57.023 8 WARNING neutron.api.rpc.agentnotifiers.dhcp_rpc_agent_api [None req-9369c1ac-7d17-40d8-bb15-3b0ec22ced51 94454a559492493fb106c625d6f882c1 3cf77ffcad2d43be83aecaedf3b6147d - - default default] Unable to schedule network ea479992-dbee-49a3-8eae-1643a7d2f1c8: no agents available; will retry on subsequent port and subnet creation events.
2026-07-09 14:26:57.097 8 INFO neutron.plugins.ml2.drivers.ovn.mech_driver.mech_driver [None req-b1d43c04-dd2e-4f5e-a1f9-17c5a3ed2107 - - - - - -] OVN reports status down for port: 20e8297c-3b07-499d-b189-41ec7ebf229c
2026-07-09 14:26:57.198 8 INFO neutron.db.ovn_revision_numbers_db [None req-9369c1ac-7d17-40d8-bb15-3b0ec22ced51 94454a559492493fb106c625d6f882c1 3cf77ffcad2d43be83aecaedf3b6147d - - default default] Successfully bumped revision number for resource 20e8297c-3b07-499d-b189-41ec7ebf229c (type: ports) to 1 [pid: 8|app: 0|req: 1026/2307] 10.0.0.165 () {34 vars in 670 bytes} [Thu Jul 9 14:26:54 2026] POST /v2.0/networks => generated 669 bytes in 2374 msecs (HTTP/1.1 201) 4 headers in 162 bytes (1 switches on core 0)
2026-07-09 14:26:57.657 7 WARNING neutron.scheduler.dhcp_agent_scheduler [None req-08261b14-21ec-4962-a32c-5d532bccb816 94454a559492493fb106c625d6f882c1 3cf77ffcad2d43be83aecaedf3b6147d - - default default] No more DHCP agents
2026-07-09 14:26:57.659 7 WARNING neutron.api.rpc.agentnotifiers.dhcp_rpc_agent_api [None req-08261b14-21ec-4962-a32c-5d532bccb816 94454a559492493fb106c625d6f882c1 3cf77ffcad2d43be83aecaedf3b6147d - - default default] Unable to schedule network ea479992-dbee-49a3-8eae-1643a7d2f1c8: no agents available; will retry on subsequent port and subnet creation events.
2026-07-09 14:26:57.736 8 INFO neutron.plugins.ml2.drivers.ovn.mech_driver.mech_driver [None req-b1d43c04-dd2e-4f5e-a1f9-17c5a3ed2107 - - - - - -] OVN reports status down for port: 00d117fa-1f80-40f2-9297-1551b3ea513c
2026-07-09 14:26:57.798 7 INFO neutron.db.ovn_revision_numbers_db [None req-08261b14-21ec-4962-a32c-5d532bccb816 94454a559492493fb106c625d6f882c1 3cf77ffcad2d43be83aecaedf3b6147d - - default default] Successfully bumped revision number for resource 00d117fa-1f80-40f2-9297-1551b3ea513c (type: ports) to 1 [pid: 7|app: 0|req: 1282/2308] 10.0.0.165 () {34 vars in 664 bytes} [Thu Jul 9 14:26:57 2026] POST /v2.0/ports => generated 743 bytes in 532 msecs (HTTP/1.1 201) 4 headers in 162 bytes (1 switches on core 0) [pid: 8|app: 0|req: 1027/2309] 10.0.0.165 () {34 vars in 666 bytes} [Thu Jul 9 14:26:57 2026] POST /v2.0/trunks => generated 409 bytes in 285 msecs (HTTP/1.1 201) 4 headers in 162 bytes (1 switches on core 0) /var/lib/openstack/lib/python3.12/site-packages/pycadf/identifier.py:70: UserWarning: Invalid uuid: neutron. To ensure interoperability, identifiers should be a valid uuid. warnings.warn(('Invalid uuid: %s. To ensure interoperability, '
2026-07-09 14:26:58.266 7 INFO neutron.db.segments_db [None req-3ced6f68-ae64-4b67-bf70-23de07ec2985 94454a559492493fb106c625d6f882c1 3cf77ffcad2d43be83aecaedf3b6147d - - default default] Added segment 2f9100da-5335-48ec-9c9f-412867d734e0 of type geneve for network 9ee15d99-43cb-48f8-a955-9339db5ec6cf
2026-07-09 14:26:58.413 7 INFO neutron.db.ovn_revision_numbers_db [None req-3ced6f68-ae64-4b67-bf70-23de07ec2985 94454a559492493fb106c625d6f882c1 3cf77ffcad2d43be83aecaedf3b6147d - - default default] Successfully bumped revision number for resource 9ee15d99-43cb-48f8-a955-9339db5ec6cf (type: networks) to 1
2026-07-09 14:26:58.591 7 WARNING neutron.scheduler.dhcp_agent_scheduler [None req-3ced6f68-ae64-4b67-bf70-23de07ec2985 94454a559492493fb106c625d6f882c1 3cf77ffcad2d43be83aecaedf3b6147d - - default default] No more DHCP agents
2026-07-09 14:26:58.593 7 WARNING neutron.api.rpc.agentnotifiers.dhcp_rpc_agent_api [None req-3ced6f68-ae64-4b67-bf70-23de07ec2985 94454a559492493fb106c625d6f882c1 3cf77ffcad2d43be83aecaedf3b6147d - - default default] Unable to schedule network 9ee15d99-43cb-48f8-a955-9339db5ec6cf: no agents available; will retry on subsequent port and subnet creation events.
2026-07-09 14:26:58.677 8 INFO neutron.plugins.ml2.drivers.ovn.mech_driver.mech_driver [None req-b1d43c04-dd2e-4f5e-a1f9-17c5a3ed2107 - - - - - -] OVN reports status down for port: 11912631-5962-4030-8a2b-a7c9295addbb
2026-07-09 14:26:58.734 7 INFO neutron.db.ovn_revision_numbers_db [None req-3ced6f68-ae64-4b67-bf70-23de07ec2985 94454a559492493fb106c625d6f882c1 3cf77ffcad2d43be83aecaedf3b6147d - - default default] Successfully bumped revision number for resource 11912631-5962-4030-8a2b-a7c9295addbb (type: ports) to 1 [pid: 7|app: 0|req: 1283/2310] 10.0.0.165 () {34 vars in 670 bytes} [Thu Jul 9 14:26:58 2026] POST /v2.0/networks => generated 670 bytes in 611 msecs (HTTP/1.1 201) 4 headers in 162 bytes (1 switches on core 0)
2026-07-09 14:26:59.039 8 WARNING neutron.scheduler.dhcp_agent_scheduler [None req-6e74fbd2-3166-47d6-924b-672d9f74cb4c 94454a559492493fb106c625d6f882c1 3cf77ffcad2d43be83aecaedf3b6147d - - default default] No more DHCP agents
2026-07-09 14:26:59.041 8 WARNING neutron.api.rpc.agentnotifiers.dhcp_rpc_agent_api [None req-6e74fbd2-3166-47d6-924b-672d9f74cb4c 94454a559492493fb106c625d6f882c1 3cf77ffcad2d43be83aecaedf3b6147d - - default default] Unable to schedule network 9ee15d99-43cb-48f8-a955-9339db5ec6cf: no agents available; will retry on subsequent port and subnet creation events.
2026-07-09 14:26:59.127 8 INFO neutron.plugins.ml2.drivers.ovn.mech_driver.mech_driver [None req-b1d43c04-dd2e-4f5e-a1f9-17c5a3ed2107 - - - - - -] OVN reports status down for port: c9d99839-3f4a-4737-a192-16d4336f1e8a
2026-07-09 14:26:59.207 8 INFO neutron.db.ovn_revision_numbers_db [None req-6e74fbd2-3166-47d6-924b-672d9f74cb4c 94454a559492493fb106c625d6f882c1 3cf77ffcad2d43be83aecaedf3b6147d - - default default] Successfully bumped revision number for resource c9d99839-3f4a-4737-a192-16d4336f1e8a (type: ports) to 1 [pid: 8|app: 0|req: 1028/2311] 10.0.0.165 () {34 vars in 664 bytes} [Thu Jul 9 14:26:58 2026] POST /v2.0/ports => generated 743 bytes in 486 msecs (HTTP/1.1 201) 4 headers in 162 bytes (1 switches on core 0) [pid: 7|app: 0|req: 1284/2312] 10.0.0.165 () {34 vars in 666 bytes} [Thu Jul 9 14:26:59 2026] POST /v2.0/trunks => generated 409 bytes in 769 msecs (HTTP/1.1 201) 4 headers in 162 bytes (1 switches on core 0) /var/lib/openstack/lib/python3.12/site-packages/pycadf/identifier.py:70: UserWarning: Invalid uuid: neutron. To ensure interoperability, identifiers should be a valid uuid. warnings.warn(('Invalid uuid: %s. To ensure interoperability, '
2026-07-09 14:27:00.135 8 INFO neutron.db.segments_db [None req-80bc1039-e297-451f-8362-653fbbe56bee 94454a559492493fb106c625d6f882c1 3cf77ffcad2d43be83aecaedf3b6147d - - default default] Added segment 643963d6-854c-4d1f-b9c4-12c780dcad4f of type geneve for network 41497be9-0fd0-4ed3-aba8-a74272960cb2
2026-07-09 14:27:00.280 8 INFO neutron.db.ovn_revision_numbers_db [None req-80bc1039-e297-451f-8362-653fbbe56bee 94454a559492493fb106c625d6f882c1 3cf77ffcad2d43be83aecaedf3b6147d - - default default] Successfully bumped revision number for resource 41497be9-0fd0-4ed3-aba8-a74272960cb2 (type: networks) to 1
2026-07-09 14:27:00.501 8 WARNING neutron.scheduler.dhcp_agent_scheduler [None req-80bc1039-e297-451f-8362-653fbbe56bee 94454a559492493fb106c625d6f882c1 3cf77ffcad2d43be83aecaedf3b6147d - - default default] No more DHCP agents
2026-07-09 14:27:00.503 8 WARNING neutron.api.rpc.agentnotifiers.dhcp_rpc_agent_api [None req-80bc1039-e297-451f-8362-653fbbe56bee 94454a559492493fb106c625d6f882c1 3cf77ffcad2d43be83aecaedf3b6147d - - default default] Unable to schedule network 41497be9-0fd0-4ed3-aba8-a74272960cb2: no agents available; will retry on subsequent port and subnet creation events.
2026-07-09 14:27:00.593 8 INFO neutron.plugins.ml2.drivers.ovn.mech_driver.mech_driver [None req-b1d43c04-dd2e-4f5e-a1f9-17c5a3ed2107 - - - - - -] OVN reports status down for port: b5bab790-f3f0-4d35-a3fe-ed787565fa55
2026-07-09 14:27:00.674 8 INFO neutron.db.ovn_revision_numbers_db [None req-80bc1039-e297-451f-8362-653fbbe56bee 94454a559492493fb106c625d6f882c1 3cf77ffcad2d43be83aecaedf3b6147d - - default default] Successfully bumped revision number for resource b5bab790-f3f0-4d35-a3fe-ed787565fa55 (type: ports) to 1 [pid: 8|app: 0|req: 1029/2313] 10.0.0.165 () {34 vars in 670 bytes} [Thu Jul 9 14:27:00 2026] POST /v2.0/networks => generated 670 bytes in 680 msecs (HTTP/1.1 201) 4 headers in 162 bytes (1 switches on core 0)
2026-07-09 14:27:00.975 7 WARNING neutron.scheduler.dhcp_agent_scheduler [None req-1ecb6719-a8ae-4ded-8661-e6142e596c54 94454a559492493fb106c625d6f882c1 3cf77ffcad2d43be83aecaedf3b6147d - - default default] No more DHCP agents
2026-07-09 14:27:00.977 7 WARNING neutron.api.rpc.agentnotifiers.dhcp_rpc_agent_api [None req-1ecb6719-a8ae-4ded-8661-e6142e596c54 94454a559492493fb106c625d6f882c1 3cf77ffcad2d43be83aecaedf3b6147d - - default default] Unable to schedule network 41497be9-0fd0-4ed3-aba8-a74272960cb2: no agents available; will retry on subsequent port and subnet creation events.
2026-07-09 14:27:01.060 8 INFO neutron.plugins.ml2.drivers.ovn.mech_driver.mech_driver [None req-b1d43c04-dd2e-4f5e-a1f9-17c5a3ed2107 - - - - - -] OVN reports status down for port: 731bc41a-770d-45be-ba74-b385de1dfc0b
2026-07-09 14:27:01.131 7 INFO neutron.db.ovn_revision_numbers_db [None req-1ecb6719-a8ae-4ded-8661-e6142e596c54 94454a559492493fb106c625d6f882c1 3cf77ffcad2d43be83aecaedf3b6147d - - default default] Successfully bumped revision number for resource 731bc41a-770d-45be-ba74-b385de1dfc0b (type: ports) to 1 [pid: 7|app: 0|req: 1285/2314] 10.0.0.165 () {34 vars in 664 bytes} [Thu Jul 9 14:27:00 2026] POST /v2.0/ports => generated 743 bytes in 437 msecs (HTTP/1.1 201) 4 headers in 162 bytes (1 switches on core 0) /var/lib/openstack/lib/python3.12/site-packages/pycadf/identifier.py:70: UserWarning: Invalid uuid: neutron. To ensure interoperability, identifiers should be a valid uuid. warnings.warn(('Invalid uuid: %s. To ensure interoperability, ' [pid: 7|app: 0|req: 1286/2315] 10.0.0.165 () {34 vars in 666 bytes} [Thu Jul 9 14:27:01 2026] POST /v2.0/trunks => generated 409 bytes in 215 msecs (HTTP/1.1 201) 4 headers in 162 bytes (1 switches on core 0) [pid: 8|app: 0|req: 1030/2316] 10.0.0.165 () {34 vars in 678 bytes} [Thu Jul 9 14:27:01 2026] POST /v2.0/qos/policies => generated 359 bytes in 249 msecs (HTTP/1.1 201) 4 headers in 162 bytes (1 switches on core 0) [pid: 8|app: 0|req: 1031/2317] 10.0.0.165 () {34 vars in 678 bytes} [Thu Jul 9 14:27:01 2026] POST /v2.0/qos/policies => generated 359 bytes in 41 msecs (HTTP/1.1 201) 4 headers in 162 bytes (1 switches on core 0)
2026-07-09 14:27:01.481 7 INFO neutron.db.segments_db [None req-e4e876dc-1003-4d8b-8634-72617aa08e89 94454a559492493fb106c625d6f882c1 3cf77ffcad2d43be83aecaedf3b6147d - - default default] Added segment ba208280-9d7a-46b6-876f-a2110c101559 of type geneve for network eedcb0fb-156c-48b6-a5ad-29a05807335b [pid: 8|app: 0|req: 1032/2318] 10.0.0.165 () {34 vars in 678 bytes} [Thu Jul 9 14:27:01 2026] POST /v2.0/qos/policies => generated 359 bytes in 39 msecs (HTTP/1.1 201) 4 headers in 162 bytes (1 switches on core 0) [pid: 8|app: 0|req: 1033/2319] 10.0.0.165 () {34 vars in 678 bytes} [Thu Jul 9 14:27:01 2026] POST /v2.0/qos/policies => generated 359 bytes in 43 msecs (HTTP/1.1 201) 4 headers in 162 bytes (1 switches on core 0) [pid: 8|app: 0|req: 1034/2320] 10.0.0.165 () {34 vars in 678 bytes} [Thu Jul 9 14:27:01 2026] POST /v2.0/qos/policies => generated 359 bytes in 50 msecs (HTTP/1.1 201) 4 headers in 162 bytes (1 switches on core 0)
2026-07-09 14:27:01.648 8 WARNING tagging [None req-0d96ddf6-0f07-4d7e-9b74-3f47fb80f26d 0010875b45764075b050776a3d46440d 8f0fbddc322d459cb9eb50564c5a0752 - - default default] project_id key not found in request, using tenant_id instead. This support has been deprecated and will be removed in a future release.
2026-07-09 14:27:01.656 7 INFO neutron.db.ovn_revision_numbers_db [None req-e4e876dc-1003-4d8b-8634-72617aa08e89 94454a559492493fb106c625d6f882c1 3cf77ffcad2d43be83aecaedf3b6147d - - default default] Successfully bumped revision number for resource eedcb0fb-156c-48b6-a5ad-29a05807335b (type: networks) to 1 [pid: 8|app: 0|req: 1035/2321] 10.0.0.165 () {34 vars in 753 bytes} [Thu Jul 9 14:27:01 2026] PUT /v2.0/policies/ab014dc0-7a8e-47a4-b71e-115ead07b7b6/tags => generated 17 bytes in 101 msecs (HTTP/1.1 200) 4 headers in 156 bytes (1 switches on core 0)
2026-07-09 14:27:01.748 8 WARNING tagging [None req-541feccd-5812-4bb8-ace7-03f98fbb24d9 0010875b45764075b050776a3d46440d 8f0fbddc322d459cb9eb50564c5a0752 - - default default] project_id key not found in request, using tenant_id instead. This support has been deprecated and will be removed in a future release. [pid: 8|app: 0|req: 1036/2322] 10.0.0.165 () {34 vars in 753 bytes} [Thu Jul 9 14:27:01 2026] PUT /v2.0/policies/b892a719-e01c-4797-abcb-19b55b73c3d9/tags => generated 25 bytes in 97 msecs (HTTP/1.1 200) 4 headers in 156 bytes (1 switches on core 0)
2026-07-09 14:27:01.843 8 WARNING tagging [None req-33f32bea-2d94-43cd-a746-371d606c0271 0010875b45764075b050776a3d46440d 8f0fbddc322d459cb9eb50564c5a0752 - - default default] project_id key not found in request, using tenant_id instead. This support has been deprecated and will be removed in a future release. [pid: 8|app: 0|req: 1037/2323] 10.0.0.165 () {34 vars in 753 bytes} [Thu Jul 9 14:27:01 2026] PUT /v2.0/policies/07e71063-3e8d-4666-9d71-2afc5b48cb20/tags => generated 34 bytes in 65 msecs (HTTP/1.1 200) 4 headers in 156 bytes (1 switches on core 0)
2026-07-09 14:27:01.911 8 WARNING tagging [None req-ef6deef1-b65d-439b-9848-22d08b32560b 0010875b45764075b050776a3d46440d 8f0fbddc322d459cb9eb50564c5a0752 - - default default] project_id key not found in request, using tenant_id instead. This support has been deprecated and will be removed in a future release.
2026-07-09 14:27:01.956 7 WARNING neutron.scheduler.dhcp_agent_scheduler [None req-e4e876dc-1003-4d8b-8634-72617aa08e89 94454a559492493fb106c625d6f882c1 3cf77ffcad2d43be83aecaedf3b6147d - - default default] No more DHCP agents
2026-07-09 14:27:01.958 7 WARNING neutron.api.rpc.agentnotifiers.dhcp_rpc_agent_api [None req-e4e876dc-1003-4d8b-8634-72617aa08e89 94454a559492493fb106c625d6f882c1 3cf77ffcad2d43be83aecaedf3b6147d - - default default] Unable to schedule network eedcb0fb-156c-48b6-a5ad-29a05807335b: no agents available; will retry on subsequent port and subnet creation events. [pid: 8|app: 0|req: 1038/2324] 10.0.0.165 () {34 vars in 753 bytes} [Thu Jul 9 14:27:01 2026] PUT /v2.0/policies/b6638e1f-6582-47f2-a259-cfca3ffbafd6/tags => generated 19 bytes in 82 msecs (HTTP/1.1 200) 4 headers in 156 bytes (1 switches on core 0)
2026-07-09 14:27:02.032 8 INFO neutron.plugins.ml2.drivers.ovn.mech_driver.mech_driver [None req-b1d43c04-dd2e-4f5e-a1f9-17c5a3ed2107 - - - - - -] OVN reports status down for port: 92fe02c5-a5e9-4651-818d-87d900495e2b
2026-07-09 14:27:02.098 7 INFO neutron.db.ovn_revision_numbers_db [None req-e4e876dc-1003-4d8b-8634-72617aa08e89 94454a559492493fb106c625d6f882c1 3cf77ffcad2d43be83aecaedf3b6147d - - default default] Successfully bumped revision number for resource 92fe02c5-a5e9-4651-818d-87d900495e2b (type: ports) to 1 [pid: 7|app: 0|req: 1287/2325] 10.0.0.165 () {34 vars in 670 bytes} [Thu Jul 9 14:27:01 2026] POST /v2.0/networks => generated 669 bytes in 772 msecs (HTTP/1.1 201) 4 headers in 162 bytes (1 switches on core 0)
2026-07-09 14:27:02.450 8 WARNING neutron.scheduler.dhcp_agent_scheduler [None req-3bb8a55f-e3d8-48bd-89a9-1f1b1f41484c 94454a559492493fb106c625d6f882c1 3cf77ffcad2d43be83aecaedf3b6147d - - default default] No more DHCP agents
2026-07-09 14:27:02.451 8 WARNING neutron.api.rpc.agentnotifiers.dhcp_rpc_agent_api [None req-3bb8a55f-e3d8-48bd-89a9-1f1b1f41484c 94454a559492493fb106c625d6f882c1 3cf77ffcad2d43be83aecaedf3b6147d - - default default] Unable to schedule network eedcb0fb-156c-48b6-a5ad-29a05807335b: no agents available; will retry on subsequent port and subnet creation events. [pid: 7|app: 0|req: 1288/2326] 10.0.0.165 () {32 vars in 674 bytes} [Thu Jul 9 14:27:02 2026] GET /v2.0/qos/policies?tags=red => generated 1101 bytes in 136 msecs (HTTP/1.1 200) 4 headers in 158 bytes (1 switches on core 0)
2026-07-09 14:27:02.541 8 INFO neutron.plugins.ml2.drivers.ovn.mech_driver.mech_driver [None req-b1d43c04-dd2e-4f5e-a1f9-17c5a3ed2107 - - - - - -] OVN reports status down for port: d3ea1c7e-f6ac-40d6-9766-6bf87836ad6c [pid: 7|app: 0|req: 1289/2327] 10.0.0.165 () {32 vars in 688 bytes} [Thu Jul 9 14:27:02 2026] GET /v2.0/qos/policies?tags=red%2Cblue => generated 747 bytes in 104 msecs (HTTP/1.1 200) 4 headers in 157 bytes (1 switches on core 0)
2026-07-09 14:27:02.637 8 INFO neutron.db.ovn_revision_numbers_db [None req-3bb8a55f-e3d8-48bd-89a9-1f1b1f41484c 94454a559492493fb106c625d6f882c1 3cf77ffcad2d43be83aecaedf3b6147d - - default default] Successfully bumped revision number for resource d3ea1c7e-f6ac-40d6-9766-6bf87836ad6c (type: ports) to 1 [pid: 7|app: 0|req: 1290/2328] 10.0.0.165 () {32 vars in 684 bytes} [Thu Jul 9 14:27:02 2026] GET /v2.0/qos/policies?tags-any=blue => generated 747 bytes in 64 msecs (HTTP/1.1 200) 4 headers in 157 bytes (1 switches on core 0) [pid: 7|app: 0|req: 1291/2329] 10.0.0.165 () {32 vars in 696 bytes} [Thu Jul 9 14:27:02 2026] GET /v2.0/qos/policies?tags-any=red%2Cblue => generated 1101 bytes in 68 msecs (HTTP/1.1 200) 4 headers in 158 bytes (1 switches on core 0) [pid: 8|app: 0|req: 1039/2330] 10.0.0.165 () {34 vars in 664 bytes} [Thu Jul 9 14:27:02 2026] POST /v2.0/ports => generated 743 bytes in 599 msecs (HTTP/1.1 201) 4 headers in 162 bytes (1 switches on core 0) /var/lib/openstack/lib/python3.12/site-packages/pycadf/identifier.py:70: UserWarning: Invalid uuid: neutron. To ensure interoperability, identifiers should be a valid uuid. warnings.warn(('Invalid uuid: %s. To ensure interoperability, ' [pid: 7|app: 0|req: 1292/2331] 10.0.0.165 () {32 vars in 682 bytes} [Thu Jul 9 14:27:02 2026] GET /v2.0/qos/policies?not-tags=red => generated 719 bytes in 60 msecs (HTTP/1.1 200) 4 headers in 157 bytes (1 switches on core 0) [pid: 7|app: 0|req: 1293/2332] 10.0.0.165 () {32 vars in 696 bytes} [Thu Jul 9 14:27:02 2026] GET /v2.0/qos/policies?not-tags=red%2Cblue => generated 1073 bytes in 76 msecs (HTTP/1.1 200) 4 headers in 158 bytes (1 switches on core 0) [pid: 7|app: 0|req: 1294/2333] 10.0.0.165 () {32 vars in 692 bytes} [Thu Jul 9 14:27:02 2026] GET /v2.0/qos/policies?not-tags-any=blue => generated 1073 bytes in 72 msecs (HTTP/1.1 200) 4 headers in 158 bytes (1 switches on core 0) [pid: 7|app: 0|req: 1295/2334] 10.0.0.165 () {32 vars in 704 bytes} [Thu Jul 9 14:27:02 2026] GET /v2.0/qos/policies?not-tags-any=red%2Cblue => generated 719 bytes in 49 msecs (HTTP/1.1 200) 4 headers in 157 bytes (1 switches on core 0) [pid: 8|app: 0|req: 1040/2335] 10.0.0.165 () {34 vars in 666 bytes} [Thu Jul 9 14:27:02 2026] POST /v2.0/trunks => generated 409 bytes in 307 msecs (HTTP/1.1 201) 4 headers in 162 bytes (1 switches on core 0) [pid: 7|app: 0|req: 1296/2336] 10.0.0.165 () {32 vars in 734 bytes} [Thu Jul 9 14:27:03 2026] DELETE /v2.0/qos/policies/ab014dc0-7a8e-47a4-b71e-115ead07b7b6 => generated 0 bytes in 106 msecs (HTTP/1.1 204) 2 headers in 112 bytes (1 switches on core 0)
2026-07-09 14:27:03.198 8 INFO neutron.db.segments_db [None req-d8b40966-8bce-41d6-b57f-8340717357e3 94454a559492493fb106c625d6f882c1 3cf77ffcad2d43be83aecaedf3b6147d - - default default] Added segment 5bcd18bc-3ca3-4c1e-9b92-02835fdb4f23 of type geneve for network d30c121e-ebaa-4750-af11-75d11f48b315 [pid: 7|app: 0|req: 1297/2337] 10.0.0.165 () {32 vars in 734 bytes} [Thu Jul 9 14:27:03 2026] DELETE /v2.0/qos/policies/b892a719-e01c-4797-abcb-19b55b73c3d9 => generated 0 bytes in 127 msecs (HTTP/1.1 204) 2 headers in 112 bytes (1 switches on core 0) [pid: 7|app: 0|req: 1298/2338] 10.0.0.165 () {32 vars in 734 bytes} [Thu Jul 9 14:27:03 2026] DELETE /v2.0/qos/policies/07e71063-3e8d-4666-9d71-2afc5b48cb20 => generated 0 bytes in 156 msecs (HTTP/1.1 204) 2 headers in 112 bytes (1 switches on core 0)
2026-07-09 14:27:03.455 8 INFO neutron.db.ovn_revision_numbers_db [None req-d8b40966-8bce-41d6-b57f-8340717357e3 94454a559492493fb106c625d6f882c1 3cf77ffcad2d43be83aecaedf3b6147d - - default default] Successfully bumped revision number for resource d30c121e-ebaa-4750-af11-75d11f48b315 (type: networks) to 1 [pid: 7|app: 0|req: 1299/2339] 10.0.0.165 () {32 vars in 734 bytes} [Thu Jul 9 14:27:03 2026] DELETE /v2.0/qos/policies/b6638e1f-6582-47f2-a259-cfca3ffbafd6 => generated 0 bytes in 108 msecs (HTTP/1.1 204) 2 headers in 112 bytes (1 switches on core 0) [pid: 7|app: 0|req: 1300/2340] 10.0.0.165 () {32 vars in 734 bytes} [Thu Jul 9 14:27:03 2026] DELETE /v2.0/qos/policies/570b9812-213e-417e-82cd-d8d89adeced6 => generated 0 bytes in 134 msecs (HTTP/1.1 204) 2 headers in 112 bytes (1 switches on core 0)
2026-07-09 14:27:03.702 8 WARNING neutron.scheduler.dhcp_agent_scheduler [None req-d8b40966-8bce-41d6-b57f-8340717357e3 94454a559492493fb106c625d6f882c1 3cf77ffcad2d43be83aecaedf3b6147d - - default default] No more DHCP agents
2026-07-09 14:27:03.703 8 WARNING neutron.api.rpc.agentnotifiers.dhcp_rpc_agent_api [None req-d8b40966-8bce-41d6-b57f-8340717357e3 94454a559492493fb106c625d6f882c1 3cf77ffcad2d43be83aecaedf3b6147d - - default default] Unable to schedule network d30c121e-ebaa-4750-af11-75d11f48b315: no agents available; will retry on subsequent port and subnet creation events.
2026-07-09 14:27:03.791 8 INFO neutron.plugins.ml2.drivers.ovn.mech_driver.mech_driver [None req-b1d43c04-dd2e-4f5e-a1f9-17c5a3ed2107 - - - - - -] OVN reports status down for port: be46ea69-ce86-477d-8a13-20694a06b590
2026-07-09 14:27:03.889 8 INFO neutron.db.ovn_revision_numbers_db [None req-d8b40966-8bce-41d6-b57f-8340717357e3 94454a559492493fb106c625d6f882c1 3cf77ffcad2d43be83aecaedf3b6147d - - default default] Successfully bumped revision number for resource be46ea69-ce86-477d-8a13-20694a06b590 (type: ports) to 1 [pid: 8|app: 0|req: 1041/2341] 10.0.0.165 () {34 vars in 670 bytes} [Thu Jul 9 14:27:03 2026] POST /v2.0/networks => generated 669 bytes in 899 msecs (HTTP/1.1 201) 4 headers in 162 bytes (1 switches on core 0)
2026-07-09 14:27:04.271 7 WARNING neutron.scheduler.dhcp_agent_scheduler [None req-b148b801-bf0b-4233-853e-ed891e2dcaa2 94454a559492493fb106c625d6f882c1 3cf77ffcad2d43be83aecaedf3b6147d - - default default] No more DHCP agents
2026-07-09 14:27:04.272 7 WARNING neutron.api.rpc.agentnotifiers.dhcp_rpc_agent_api [None req-b148b801-bf0b-4233-853e-ed891e2dcaa2 94454a559492493fb106c625d6f882c1 3cf77ffcad2d43be83aecaedf3b6147d - - default default] Unable to schedule network d30c121e-ebaa-4750-af11-75d11f48b315: no agents available; will retry on subsequent port and subnet creation events.
2026-07-09 14:27:04.375 8 INFO neutron.plugins.ml2.drivers.ovn.mech_driver.mech_driver [None req-b1d43c04-dd2e-4f5e-a1f9-17c5a3ed2107 - - - - - -] OVN reports status down for port: c42f346f-3af4-417d-b24f-4a9273e5b257
2026-07-09 14:27:04.477 7 INFO neutron.db.ovn_revision_numbers_db [None req-b148b801-bf0b-4233-853e-ed891e2dcaa2 94454a559492493fb106c625d6f882c1 3cf77ffcad2d43be83aecaedf3b6147d - - default default] Successfully bumped revision number for resource c42f346f-3af4-417d-b24f-4a9273e5b257 (type: ports) to 1 [pid: 7|app: 0|req: 1301/2342] 10.0.0.165 () {34 vars in 664 bytes} [Thu Jul 9 14:27:03 2026] POST /v2.0/ports => generated 743 bytes in 542 msecs (HTTP/1.1 201) 4 headers in 162 bytes (1 switches on core 0) [pid: 8|app: 0|req: 1042/2343] 10.0.0.165 () {34 vars in 666 bytes} [Thu Jul 9 14:27:04 2026] POST /v2.0/trunks => generated 409 bytes in 335 msecs (HTTP/1.1 201) 4 headers in 162 bytes (1 switches on core 0)
2026-07-09 14:27:04.880 8 WARNING tagging [None req-2bbf4858-320b-4c90-a2b5-9358b2d72330 94454a559492493fb106c625d6f882c1 3cf77ffcad2d43be83aecaedf3b6147d - - default default] project_id key not found in request, using tenant_id instead. This support has been deprecated and will be removed in a future release. [pid: 8|app: 0|req: 1043/2344] 10.0.0.165 () {34 vars in 749 bytes} [Thu Jul 9 14:27:04 2026] PUT /v2.0/trunks/3f5ae772-df18-477b-8881-0b5fbf872503/tags => generated 17 bytes in 38 msecs (HTTP/1.1 200) 4 headers in 156 bytes (1 switches on core 0)
2026-07-09 14:27:04.922 8 WARNING tagging [None req-8e755e99-fc67-4b55-a189-613eb2cc40fe 94454a559492493fb106c625d6f882c1 3cf77ffcad2d43be83aecaedf3b6147d - - default default] project_id key not found in request, using tenant_id instead. This support has been deprecated and will be removed in a future release. [pid: 8|app: 0|req: 1044/2345] 10.0.0.165 () {34 vars in 749 bytes} [Thu Jul 9 14:27:04 2026] PUT /v2.0/trunks/e13e180e-6340-4127-8182-5f30f8131663/tags => generated 25 bytes in 50 msecs (HTTP/1.1 200) 4 headers in 156 bytes (1 switches on core 0) /var/lib/openstack/lib/python3.12/site-packages/pycadf/identifier.py:70: UserWarning: Invalid uuid: neutron. To ensure interoperability, identifiers should be a valid uuid. warnings.warn(('Invalid uuid: %s. To ensure interoperability, '
2026-07-09 14:27:04.975 7 WARNING neutron.db.securitygroups_db [None req-f54e6a50-6986-463f-9f58-589c096844bc 908bb38ebfaf4bfa95286d55450558c3 5f29ff917bc04b0092d07815578bfb47 - - default default] project_id key not found in filters, using tenant_id instead. This support has been deprecated and will be removed in a future release.
2026-07-09 14:27:04.975 8 WARNING tagging [None req-6bcd515c-d888-42af-8540-ddf801cb9bdf 94454a559492493fb106c625d6f882c1 3cf77ffcad2d43be83aecaedf3b6147d - - default default] project_id key not found in request, using tenant_id instead. This support has been deprecated and will be removed in a future release. [pid: 8|app: 0|req: 1045/2346] 10.0.0.165 () {34 vars in 749 bytes} [Thu Jul 9 14:27:04 2026] PUT /v2.0/trunks/0739f3a1-e0fe-4180-accc-77d373138c97/tags => generated 34 bytes in 79 msecs (HTTP/1.1 200) 4 headers in 156 bytes (1 switches on core 0)
2026-07-09 14:27:05.059 8 WARNING tagging [None req-b3f8fca0-6d7a-489c-a322-a5e3321c3de5 94454a559492493fb106c625d6f882c1 3cf77ffcad2d43be83aecaedf3b6147d - - default default] project_id key not found in request, using tenant_id instead. This support has been deprecated and will be removed in a future release. [pid: 8|app: 0|req: 1046/2347] 10.0.0.165 () {34 vars in 749 bytes} [Thu Jul 9 14:27:05 2026] PUT /v2.0/trunks/4cbb89da-7011-4514-bac6-74bb8f03a8b5/tags => generated 19 bytes in 63 msecs (HTTP/1.1 200) 4 headers in 156 bytes (1 switches on core 0) [pid: 8|app: 0|req: 1047/2348] 10.0.0.165 () {32 vars in 662 bytes} [Thu Jul 9 14:27:05 2026] GET /v2.0/trunks?tags=red => generated 1252 bytes in 33 msecs (HTTP/1.1 200) 4 headers in 158 bytes (1 switches on core 0)
2026-07-09 14:27:05.170 7 INFO neutron.db.ovn_revision_numbers_db [None req-f54e6a50-6986-463f-9f58-589c096844bc 908bb38ebfaf4bfa95286d55450558c3 5f29ff917bc04b0092d07815578bfb47 - - default default] Successfully bumped revision number for resource 13250db9-5b0f-430b-a24d-b675ba9bb8e0 (type: security_groups) to 1 [pid: 8|app: 0|req: 1048/2349] 10.0.0.165 () {32 vars in 676 bytes} [Thu Jul 9 14:27:05 2026] GET /v2.0/trunks?tags=red%2Cblue => generated 847 bytes in 24 msecs (HTTP/1.1 200) 4 headers in 157 bytes (1 switches on core 0)
2026-07-09 14:27:05.202 7 INFO neutron.db.ovn_revision_numbers_db [None req-f54e6a50-6986-463f-9f58-589c096844bc 908bb38ebfaf4bfa95286d55450558c3 5f29ff917bc04b0092d07815578bfb47 - - default default] Successfully bumped revision number for resource 1b7d2832-2671-4c84-a2ac-33b10980f18d (type: security_group_rules) to 0 [pid: 8|app: 0|req: 1049/2350] 10.0.0.165 () {32 vars in 672 bytes} [Thu Jul 9 14:27:05 2026] GET /v2.0/trunks?tags-any=blue => generated 847 bytes in 26 msecs (HTTP/1.1 200) 4 headers in 157 bytes (1 switches on core 0) [pid: 8|app: 0|req: 1050/2351] 10.0.0.165 () {32 vars in 684 bytes} [Thu Jul 9 14:27:05 2026] GET /v2.0/trunks?tags-any=red%2Cblue => generated 1252 bytes in 21 msecs (HTTP/1.1 200) 4 headers in 158 bytes (1 switches on core 0)
2026-07-09 14:27:05.247 7 INFO neutron.db.ovn_revision_numbers_db [None req-f54e6a50-6986-463f-9f58-589c096844bc 908bb38ebfaf4bfa95286d55450558c3 5f29ff917bc04b0092d07815578bfb47 - - default default] Successfully bumped revision number for resource 7d677638-f469-444e-aeae-38fdd562017c (type: security_group_rules) to 0 [pid: 8|app: 0|req: 1051/2352] 10.0.0.165 () {32 vars in 670 bytes} [Thu Jul 9 14:27:05 2026] GET /v2.0/trunks?not-tags=red => generated 819 bytes in 29 msecs (HTTP/1.1 200) 4 headers in 157 bytes (1 switches on core 0)
2026-07-09 14:27:05.276 7 INFO neutron.db.ovn_revision_numbers_db [None req-f54e6a50-6986-463f-9f58-589c096844bc 908bb38ebfaf4bfa95286d55450558c3 5f29ff917bc04b0092d07815578bfb47 - - default default] Successfully bumped revision number for resource b93a0260-76ad-4d82-9b67-6df4069ca62a (type: security_group_rules) to 0 [pid: 8|app: 0|req: 1052/2353] 10.0.0.165 () {32 vars in 684 bytes} [Thu Jul 9 14:27:05 2026] GET /v2.0/trunks?not-tags=red%2Cblue => generated 1224 bytes in 26 msecs (HTTP/1.1 200) 4 headers in 158 bytes (1 switches on core 0)
2026-07-09 14:27:05.315 7 INFO neutron.db.ovn_revision_numbers_db [None req-f54e6a50-6986-463f-9f58-589c096844bc 908bb38ebfaf4bfa95286d55450558c3 5f29ff917bc04b0092d07815578bfb47 - - default default] Successfully bumped revision number for resource ca601d63-d4d2-4b3f-8315-0a5a710759f1 (type: security_group_rules) to 0 [pid: 8|app: 0|req: 1053/2354] 10.0.0.165 () {32 vars in 680 bytes} [Thu Jul 9 14:27:05 2026] GET /v2.0/trunks?not-tags-any=blue => generated 1224 bytes in 20 msecs (HTTP/1.1 200) 4 headers in 158 bytes (1 switches on core 0) [pid: 8|app: 0|req: 1054/2355] 10.0.0.165 () {32 vars in 692 bytes} [Thu Jul 9 14:27:05 2026] GET /v2.0/trunks?not-tags-any=red%2Cblue => generated 819 bytes in 22 msecs (HTTP/1.1 200) 4 headers in 157 bytes (1 switches on core 0) [pid: 7|app: 0|req: 1302/2356] 10.0.0.165 () {32 vars in 774 bytes} [Thu Jul 9 14:27:04 2026] GET /v2.0/security-groups?tenant_id=2bf8ec75ac9c418f9e1be83fc3f9f935&name=default => generated 2929 bytes in 553 msecs (HTTP/1.1 200) 4 headers in 158 bytes (1 switches on core 0) [pid: 8|app: 0|req: 1055/2357] 10.0.0.165 () {32 vars in 719 bytes} [Thu Jul 9 14:27:05 2026] GET /v2.0/trunks/3f5ae772-df18-477b-8881-0b5fbf872503 => generated 414 bytes in 22 msecs (HTTP/1.1 200) 4 headers in 157 bytes (1 switches on core 0) [pid: 8|app: 0|req: 1056/2358] 10.0.0.165 () {32 vars in 717 bytes} [Thu Jul 9 14:27:05 2026] GET /v2.0/ports/00d117fa-1f80-40f2-9297-1551b3ea513c => generated 826 bytes in 97 msecs (HTTP/1.1 200) 4 headers in 157 bytes (1 switches on core 0) [pid: 8|app: 0|req: 1057/2359] 10.0.0.165 () {32 vars in 722 bytes} [Thu Jul 9 14:27:05 2026] DELETE /v2.0/trunks/3f5ae772-df18-477b-8881-0b5fbf872503 => generated 0 bytes in 121 msecs (HTTP/1.1 204) 2 headers in 112 bytes (1 switches on core 0) [pid: 8|app: 0|req: 1058/2360] 10.0.0.165 () {32 vars in 719 bytes} [Thu Jul 9 14:27:05 2026] GET /v2.0/trunks/e13e180e-6340-4127-8182-5f30f8131663 => generated 422 bytes in 20 msecs (HTTP/1.1 200) 4 headers in 157 bytes (1 switches on core 0) [pid: 7|app: 0|req: 1303/2361] 10.0.0.165 () {32 vars in 740 bytes} [Thu Jul 9 14:27:05 2026] DELETE /v2.0/security-groups/13250db9-5b0f-430b-a24d-b675ba9bb8e0 => generated 0 bytes in 355 msecs (HTTP/1.1 204) 2 headers in 112 bytes (1 switches on core 0) [pid: 8|app: 0|req: 1059/2362] 10.0.0.165 () {32 vars in 717 bytes} [Thu Jul 9 14:27:05 2026] GET /v2.0/ports/c9d99839-3f4a-4737-a192-16d4336f1e8a => generated 826 bytes in 104 msecs (HTTP/1.1 200) 4 headers in 157 bytes (1 switches on core 0) [pid: 7|app: 0|req: 1304/2363] 10.0.0.165 () {32 vars in 722 bytes} [Thu Jul 9 14:27:05 2026] DELETE /v2.0/trunks/e13e180e-6340-4127-8182-5f30f8131663 => generated 0 bytes in 139 msecs (HTTP/1.1 204) 2 headers in 112 bytes (1 switches on core 0)
2026-07-09 14:27:05.900 8 WARNING neutron.db.securitygroups_db [None req-c48dddb6-d716-4e6f-83a2-0e29d6a0f3ef 908bb38ebfaf4bfa95286d55450558c3 5f29ff917bc04b0092d07815578bfb47 - - default default] project_id key not found in filters, using tenant_id instead. This support has been deprecated and will be removed in a future release. [pid: 7|app: 0|req: 1305/2364] 10.0.0.165 () {32 vars in 719 bytes} [Thu Jul 9 14:27:05 2026] GET /v2.0/trunks/0739f3a1-e0fe-4180-accc-77d373138c97 => generated 431 bytes in 22 msecs (HTTP/1.1 200) 4 headers in 157 bytes (1 switches on core 0) [pid: 7|app: 0|req: 1306/2365] 10.0.0.165 () {32 vars in 717 bytes} [Thu Jul 9 14:27:05 2026] GET /v2.0/ports/731bc41a-770d-45be-ba74-b385de1dfc0b => generated 826 bytes in 74 msecs (HTTP/1.1 200) 4 headers in 157 bytes (1 switches on core 0) [pid: 7|app: 0|req: 1307/2366] 10.0.0.165 () {32 vars in 722 bytes} [Thu Jul 9 14:27:05 2026] DELETE /v2.0/trunks/0739f3a1-e0fe-4180-accc-77d373138c97 => generated 0 bytes in 109 msecs (HTTP/1.1 204) 2 headers in 112 bytes (1 switches on core 0)
2026-07-09 14:27:06.118 8 INFO neutron.db.ovn_revision_numbers_db [None req-c48dddb6-d716-4e6f-83a2-0e29d6a0f3ef 908bb38ebfaf4bfa95286d55450558c3 5f29ff917bc04b0092d07815578bfb47 - - default default] Successfully bumped revision number for resource 88ae6973-d92c-48f8-b540-e5b4ffc19477 (type: security_groups) to 1 [pid: 7|app: 0|req: 1308/2367] 10.0.0.165 () {32 vars in 719 bytes} [Thu Jul 9 14:27:06 2026] GET /v2.0/trunks/4cbb89da-7011-4514-bac6-74bb8f03a8b5 => generated 416 bytes in 20 msecs (HTTP/1.1 200) 4 headers in 157 bytes (1 switches on core 0)
2026-07-09 14:27:06.151 8 INFO neutron.db.ovn_revision_numbers_db [None req-c48dddb6-d716-4e6f-83a2-0e29d6a0f3ef 908bb38ebfaf4bfa95286d55450558c3 5f29ff917bc04b0092d07815578bfb47 - - default default] Successfully bumped revision number for resource 03c517df-08a3-44da-8790-4d3b59934d5f (type: security_group_rules) to 0 [pid: 7|app: 0|req: 1309/2368] 10.0.0.165 () {32 vars in 717 bytes} [Thu Jul 9 14:27:06 2026] GET /v2.0/ports/d3ea1c7e-f6ac-40d6-9766-6bf87836ad6c => generated 826 bytes in 68 msecs (HTTP/1.1 200) 4 headers in 157 bytes (1 switches on core 0)
2026-07-09 14:27:06.332 8 INFO neutron.db.ovn_revision_numbers_db [None req-c48dddb6-d716-4e6f-83a2-0e29d6a0f3ef 908bb38ebfaf4bfa95286d55450558c3 5f29ff917bc04b0092d07815578bfb47 - - default default] Successfully bumped revision number for resource 0e5c707c-594f-4fd8-8936-a300ecbf71e2 (type: security_group_rules) to 0 [pid: 7|app: 0|req: 1310/2369] 10.0.0.165 () {32 vars in 722 bytes} [Thu Jul 9 14:27:06 2026] DELETE /v2.0/trunks/4cbb89da-7011-4514-bac6-74bb8f03a8b5 => generated 0 bytes in 126 msecs (HTTP/1.1 204) 2 headers in 112 bytes (1 switches on core 0) [pid: 7|app: 0|req: 1311/2370] 10.0.0.165 () {32 vars in 719 bytes} [Thu Jul 9 14:27:06 2026] GET /v2.0/trunks/3ebadfce-a431-4dca-9c65-3aef6545de97 => generated 409 bytes in 21 msecs (HTTP/1.1 200) 4 headers in 157 bytes (1 switches on core 0)
2026-07-09 14:27:06.378 8 INFO neutron.db.ovn_revision_numbers_db [None req-c48dddb6-d716-4e6f-83a2-0e29d6a0f3ef 908bb38ebfaf4bfa95286d55450558c3 5f29ff917bc04b0092d07815578bfb47 - - default default] Successfully bumped revision number for resource 60039378-9d4d-4612-adde-c1f3cb56e369 (type: security_group_rules) to 0
2026-07-09 14:27:06.395 8 INFO neutron.db.ovn_revision_numbers_db [None req-c48dddb6-d716-4e6f-83a2-0e29d6a0f3ef 908bb38ebfaf4bfa95286d55450558c3 5f29ff917bc04b0092d07815578bfb47 - - default default] Successfully bumped revision number for resource ef279aca-640c-4e03-adf0-c00647a4b790 (type: security_group_rules) to 0 [pid: 7|app: 0|req: 1312/2371] 10.0.0.165 () {32 vars in 717 bytes} [Thu Jul 9 14:27:06 2026] GET /v2.0/ports/c42f346f-3af4-417d-b24f-4a9273e5b257 => generated 826 bytes in 55 msecs (HTTP/1.1 200) 4 headers in 157 bytes (1 switches on core 0) [pid: 8|app: 0|req: 1060/2372] 10.0.0.165 () {32 vars in 774 bytes} [Thu Jul 9 14:27:05 2026] GET /v2.0/security-groups?tenant_id=8f0fbddc322d459cb9eb50564c5a0752&name=default => generated 2929 bytes in 551 msecs (HTTP/1.1 200) 4 headers in 158 bytes (1 switches on core 0) [pid: 7|app: 0|req: 1313/2373] 10.0.0.165 () {32 vars in 722 bytes} [Thu Jul 9 14:27:06 2026] DELETE /v2.0/trunks/3ebadfce-a431-4dca-9c65-3aef6545de97 => generated 0 bytes in 117 msecs (HTTP/1.1 204) 2 headers in 112 bytes (1 switches on core 0)
2026-07-09 14:27:06.778 7 INFO neutron_taas.services.taas.taas_plugin [None req-3eba585e-0bcd-4bc1-bbb8-30ca0583ac9d 94454a559492493fb106c625d6f882c1 3cf77ffcad2d43be83aecaedf3b6147d - - default default] TaaS: Handle Delete Port: 00d117fa-1f80-40f2-9297-1551b3ea513c
2026-07-09 14:27:06.781 7 INFO neutron_taas.services.taas.tap_mirror_plugin [None req-3eba585e-0bcd-4bc1-bbb8-30ca0583ac9d 94454a559492493fb106c625d6f882c1 3cf77ffcad2d43be83aecaedf3b6147d - - default default] Tap Mirror: Handle Delete Port: 00d117fa-1f80-40f2-9297-1551b3ea513c [pid: 8|app: 0|req: 1061/2374] 10.0.0.165 () {32 vars in 740 bytes} [Thu Jul 9 14:27:06 2026] DELETE /v2.0/security-groups/88ae6973-d92c-48f8-b540-e5b4ffc19477 => generated 0 bytes in 388 msecs (HTTP/1.1 204) 2 headers in 112 bytes (1 switches on core 0) [pid: 7|app: 0|req: 1314/2375] 10.0.0.165 () {32 vars in 720 bytes} [Thu Jul 9 14:27:06 2026] DELETE /v2.0/ports/00d117fa-1f80-40f2-9297-1551b3ea513c => generated 0 bytes in 443 msecs (HTTP/1.1 204) 3 headers in 131 bytes (1 switches on core 0)
2026-07-09 14:27:07.045 7 WARNING neutron.db.securitygroups_db [None req-1ea2c9c7-96d0-4362-a09f-178e1370e27e 908bb38ebfaf4bfa95286d55450558c3 5f29ff917bc04b0092d07815578bfb47 - - default default] project_id key not found in filters, using tenant_id instead. This support has been deprecated and will be removed in a future release.
2026-07-09 14:27:07.123 8 INFO neutron_taas.services.taas.taas_plugin [None req-1563fb95-cf9f-45f7-8fb3-2967d5dc1eaf 94454a559492493fb106c625d6f882c1 3cf77ffcad2d43be83aecaedf3b6147d - - default default] TaaS: Handle Delete Port: c9d99839-3f4a-4737-a192-16d4336f1e8a
2026-07-09 14:27:07.126 8 INFO neutron_taas.services.taas.tap_mirror_plugin [None req-1563fb95-cf9f-45f7-8fb3-2967d5dc1eaf 94454a559492493fb106c625d6f882c1 3cf77ffcad2d43be83aecaedf3b6147d - - default default] Tap Mirror: Handle Delete Port: c9d99839-3f4a-4737-a192-16d4336f1e8a
2026-07-09 14:27:07.324 7 INFO neutron.db.ovn_revision_numbers_db [None req-1ea2c9c7-96d0-4362-a09f-178e1370e27e 908bb38ebfaf4bfa95286d55450558c3 5f29ff917bc04b0092d07815578bfb47 - - default default] Successfully bumped revision number for resource 9d029c62-199d-453b-aae4-663fa33ffc71 (type: security_groups) to 1
2026-07-09 14:27:07.388 7 INFO neutron.db.ovn_revision_numbers_db [None req-1ea2c9c7-96d0-4362-a09f-178e1370e27e 908bb38ebfaf4bfa95286d55450558c3 5f29ff917bc04b0092d07815578bfb47 - - default default] Successfully bumped revision number for resource 7e6655c2-560a-45b8-8087-e976c91e5786 (type: security_group_rules) to 0 [pid: 8|app: 0|req: 1062/2376] 10.0.0.165 () {32 vars in 720 bytes} [Thu Jul 9 14:27:06 2026] DELETE /v2.0/ports/c9d99839-3f4a-4737-a192-16d4336f1e8a => generated 0 bytes in 424 msecs (HTTP/1.1 204) 3 headers in 131 bytes (1 switches on core 0)
2026-07-09 14:27:07.431 7 INFO neutron.db.ovn_revision_numbers_db [None req-1ea2c9c7-96d0-4362-a09f-178e1370e27e 908bb38ebfaf4bfa95286d55450558c3 5f29ff917bc04b0092d07815578bfb47 - - default default] Successfully bumped revision number for resource bb1f0bc0-9203-4509-a521-095a8943e953 (type: security_group_rules) to 0
2026-07-09 14:27:07.470 7 INFO neutron.db.ovn_revision_numbers_db [None req-1ea2c9c7-96d0-4362-a09f-178e1370e27e 908bb38ebfaf4bfa95286d55450558c3 5f29ff917bc04b0092d07815578bfb47 - - default default] Successfully bumped revision number for resource e6d32e6c-43fa-44fa-bbb8-075493984726 (type: security_group_rules) to 0
2026-07-09 14:27:07.509 7 INFO neutron.db.ovn_revision_numbers_db [None req-1ea2c9c7-96d0-4362-a09f-178e1370e27e 908bb38ebfaf4bfa95286d55450558c3 5f29ff917bc04b0092d07815578bfb47 - - default default] Successfully bumped revision number for resource f6cd470d-f004-4e6a-a99d-bbfe2e22e029 (type: security_group_rules) to 0 [pid: 7|app: 0|req: 1315/2377] 10.0.0.165 () {32 vars in 774 bytes} [Thu Jul 9 14:27:07 2026] GET /v2.0/security-groups?tenant_id=d3bfea0a13564ba6b107496f2d24e48e&name=default => generated 2929 bytes in 511 msecs (HTTP/1.1 200) 4 headers in 158 bytes (1 switches on core 0)
2026-07-09 14:27:07.608 8 INFO neutron_taas.services.taas.taas_plugin [None req-63c3c1e7-a6b2-4f21-b6b0-bd2a0577e559 94454a559492493fb106c625d6f882c1 3cf77ffcad2d43be83aecaedf3b6147d - - default default] TaaS: Handle Delete Port: 731bc41a-770d-45be-ba74-b385de1dfc0b
2026-07-09 14:27:07.616 8 INFO neutron_taas.services.taas.tap_mirror_plugin [None req-63c3c1e7-a6b2-4f21-b6b0-bd2a0577e559 94454a559492493fb106c625d6f882c1 3cf77ffcad2d43be83aecaedf3b6147d - - default default] Tap Mirror: Handle Delete Port: 731bc41a-770d-45be-ba74-b385de1dfc0b [pid: 8|app: 0|req: 1063/2378] 10.0.0.165 () {32 vars in 720 bytes} [Thu Jul 9 14:27:07 2026] DELETE /v2.0/ports/731bc41a-770d-45be-ba74-b385de1dfc0b => generated 0 bytes in 378 msecs (HTTP/1.1 204) 3 headers in 131 bytes (1 switches on core 0) [pid: 7|app: 0|req: 1316/2379] 10.0.0.165 () {32 vars in 740 bytes} [Thu Jul 9 14:27:07 2026] DELETE /v2.0/security-groups/9d029c62-199d-453b-aae4-663fa33ffc71 => generated 0 bytes in 310 msecs (HTTP/1.1 204) 2 headers in 112 bytes (1 switches on core 0)
2026-07-09 14:27:07.976 8 INFO neutron_taas.services.taas.taas_plugin [None req-dca46213-d7d1-4e7d-ba6b-fe4354a4c516 94454a559492493fb106c625d6f882c1 3cf77ffcad2d43be83aecaedf3b6147d - - default default] TaaS: Handle Delete Port: d3ea1c7e-f6ac-40d6-9766-6bf87836ad6c
2026-07-09 14:27:07.981 8 INFO neutron_taas.services.taas.tap_mirror_plugin [None req-dca46213-d7d1-4e7d-ba6b-fe4354a4c516 94454a559492493fb106c625d6f882c1 3cf77ffcad2d43be83aecaedf3b6147d - - default default] Tap Mirror: Handle Delete Port: d3ea1c7e-f6ac-40d6-9766-6bf87836ad6c [pid: 8|app: 0|req: 1064/2380] 10.0.0.165 () {32 vars in 720 bytes} [Thu Jul 9 14:27:07 2026] DELETE /v2.0/ports/d3ea1c7e-f6ac-40d6-9766-6bf87836ad6c => generated 0 bytes in 338 msecs (HTTP/1.1 204) 3 headers in 131 bytes (1 switches on core 0)
2026-07-09 14:27:08.285 7 INFO neutron_taas.services.taas.taas_plugin [None req-55ccf92f-7208-4c80-810a-110c01e0bea7 94454a559492493fb106c625d6f882c1 3cf77ffcad2d43be83aecaedf3b6147d - - default default] TaaS: Handle Delete Port: c42f346f-3af4-417d-b24f-4a9273e5b257
2026-07-09 14:27:08.288 7 INFO neutron_taas.services.taas.tap_mirror_plugin [None req-55ccf92f-7208-4c80-810a-110c01e0bea7 94454a559492493fb106c625d6f882c1 3cf77ffcad2d43be83aecaedf3b6147d - - default default] Tap Mirror: Handle Delete Port: c42f346f-3af4-417d-b24f-4a9273e5b257 [pid: 7|app: 0|req: 1317/2381] 10.0.0.165 () {32 vars in 720 bytes} [Thu Jul 9 14:27:08 2026] DELETE /v2.0/ports/c42f346f-3af4-417d-b24f-4a9273e5b257 => generated 0 bytes in 280 msecs (HTTP/1.1 204) 3 headers in 131 bytes (1 switches on core 0)
2026-07-09 14:27:08.580 8 INFO neutron_taas.services.taas.taas_plugin [None req-57bac402-d848-4162-880d-ba4280e1cfee 94454a559492493fb106c625d6f882c1 3cf77ffcad2d43be83aecaedf3b6147d - - default default] TaaS: Handle Delete Port: 20e8297c-3b07-499d-b189-41ec7ebf229c
2026-07-09 14:27:08.583 8 INFO neutron_taas.services.taas.tap_mirror_plugin [None req-57bac402-d848-4162-880d-ba4280e1cfee 94454a559492493fb106c625d6f882c1 3cf77ffcad2d43be83aecaedf3b6147d - - default default] Tap Mirror: Handle Delete Port: 20e8297c-3b07-499d-b189-41ec7ebf229c
2026-07-09 14:27:08.824 8 INFO neutron.services.segments.plugin [-] Segment 8d272b91-9530-4a05-acaf-dfccf10bfe72 resource provider aggregate not found
2026-07-09 14:27:08.828 8 INFO neutron.services.segments.plugin [-] Segment 8d272b91-9530-4a05-acaf-dfccf10bfe72 resource provider aggregate not found
2026-07-09 14:27:08.848 8 INFO neutron.services.segments.plugin [-] Client error retrieving segment 8d272b91-9530-4a05-acaf-dfccf10bfe72 resource provider; error: Placement Client Error (4xx): {"errors": [{"status": 404, "title": "Not Found", "detail": "The resource could not be found.\n\n No resource provider with uuid 8d272b91-9530-4a05-acaf-dfccf10bfe72 found for delete ", "request_id": "req-449b012c-c0ae-4f60-826d-1ea8ad907628"}]}
2026-07-09 14:27:08.850 8 INFO neutron.services.segments.plugin [-] Client error retrieving segment 8d272b91-9530-4a05-acaf-dfccf10bfe72 resource provider; error: Placement Client Error (4xx): {"errors": [{"status": 404, "title": "Not Found", "detail": "The resource could not be found.\n\n No resource provider with uuid 8d272b91-9530-4a05-acaf-dfccf10bfe72 found for delete ", "request_id": "req-d9236682-92c1-4c42-a193-93ab7b657eab"}]} [pid: 8|app: 0|req: 1065/2384] 10.0.0.165 () {32 vars in 726 bytes} [Thu Jul 9 14:27:08 2026] DELETE /v2.0/networks/ea479992-dbee-49a3-8eae-1643a7d2f1c8 => generated 0 bytes in 456 msecs (HTTP/1.1 204) 3 headers in 131 bytes (1 switches on core 0)
2026-07-09 14:27:09.037 7 INFO neutron_taas.services.taas.taas_plugin [None req-6086e168-c189-4264-bb0f-7079c8abdaaf 94454a559492493fb106c625d6f882c1 3cf77ffcad2d43be83aecaedf3b6147d - - default default] TaaS: Handle Delete Port: 11912631-5962-4030-8a2b-a7c9295addbb
2026-07-09 14:27:09.039 7 INFO neutron_taas.services.taas.tap_mirror_plugin [None req-6086e168-c189-4264-bb0f-7079c8abdaaf 94454a559492493fb106c625d6f882c1 3cf77ffcad2d43be83aecaedf3b6147d - - default default] Tap Mirror: Handle Delete Port: 11912631-5962-4030-8a2b-a7c9295addbb
2026-07-09 14:27:09.351 7 INFO neutron.services.segments.plugin [-] Segment 2f9100da-5335-48ec-9c9f-412867d734e0 resource provider aggregate not found
2026-07-09 14:27:09.355 7 INFO neutron.services.segments.plugin [-] Segment 2f9100da-5335-48ec-9c9f-412867d734e0 resource provider aggregate not found
2026-07-09 14:27:09.375 7 INFO neutron.services.segments.plugin [-] Client error retrieving segment 2f9100da-5335-48ec-9c9f-412867d734e0 resource provider; error: Placement Client Error (4xx): {"errors": [{"status": 404, "title": "Not Found", "detail": "The resource could not be found.\n\n No resource provider with uuid 2f9100da-5335-48ec-9c9f-412867d734e0 found for delete ", "request_id": "req-7457cfd1-5e39-4e8c-84aa-835b48012a72"}]}
2026-07-09 14:27:09.379 7 INFO neutron.services.segments.plugin [-] Client error retrieving segment 2f9100da-5335-48ec-9c9f-412867d734e0 resource provider; error: Placement Client Error (4xx): {"errors": [{"status": 404, "title": "Not Found", "detail": "The resource could not be found.\n\n No resource provider with uuid 2f9100da-5335-48ec-9c9f-412867d734e0 found for delete ", "request_id": "req-7869ce8d-0410-4ca4-b0ec-efa795ec0b85"}]} [pid: 7|app: 0|req: 1320/2385] 10.0.0.165 () {32 vars in 726 bytes} [Thu Jul 9 14:27:08 2026] DELETE /v2.0/networks/9ee15d99-43cb-48f8-a955-9339db5ec6cf => generated 0 bytes in 519 msecs (HTTP/1.1 204) 3 headers in 131 bytes (1 switches on core 0)
2026-07-09 14:27:09.546 8 INFO neutron_taas.services.taas.taas_plugin [None req-4d368728-fde7-4871-b724-fa3f95c1a58d 94454a559492493fb106c625d6f882c1 3cf77ffcad2d43be83aecaedf3b6147d - - default default] TaaS: Handle Delete Port: b5bab790-f3f0-4d35-a3fe-ed787565fa55
2026-07-09 14:27:09.550 8 INFO neutron_taas.services.taas.tap_mirror_plugin [None req-4d368728-fde7-4871-b724-fa3f95c1a58d 94454a559492493fb106c625d6f882c1 3cf77ffcad2d43be83aecaedf3b6147d - - default default] Tap Mirror: Handle Delete Port: b5bab790-f3f0-4d35-a3fe-ed787565fa55 [pid: 8|app: 0|req: 1066/2386] 10.0.0.165 () {32 vars in 726 bytes} [Thu Jul 9 14:27:09 2026] DELETE /v2.0/networks/41497be9-0fd0-4ed3-aba8-a74272960cb2 => generated 0 bytes in 387 msecs (HTTP/1.1 204) 3 headers in 131 bytes (1 switches on core 0)
2026-07-09 14:27:09.960 7 INFO neutron_taas.services.taas.taas_plugin [None req-01b32393-aa0c-4168-984a-4cc03ddfa314 94454a559492493fb106c625d6f882c1 3cf77ffcad2d43be83aecaedf3b6147d - - default default] TaaS: Handle Delete Port: 92fe02c5-a5e9-4651-818d-87d900495e2b
2026-07-09 14:27:09.964 7 INFO neutron_taas.services.taas.tap_mirror_plugin [None req-01b32393-aa0c-4168-984a-4cc03ddfa314 94454a559492493fb106c625d6f882c1 3cf77ffcad2d43be83aecaedf3b6147d - - default default] Tap Mirror: Handle Delete Port: 92fe02c5-a5e9-4651-818d-87d900495e2b [pid: 7|app: 0|req: 1321/2387] 10.0.0.165 () {32 vars in 726 bytes} [Thu Jul 9 14:27:09 2026] DELETE /v2.0/networks/eedcb0fb-156c-48b6-a5ad-29a05807335b => generated 0 bytes in 417 msecs (HTTP/1.1 204) 3 headers in 131 bytes (1 switches on core 0)
2026-07-09 14:27:10.405 8 INFO neutron_taas.services.taas.taas_plugin [None req-8b3248ee-7204-4c96-a708-ae1e8afd528a 94454a559492493fb106c625d6f882c1 3cf77ffcad2d43be83aecaedf3b6147d - - default default] TaaS: Handle Delete Port: be46ea69-ce86-477d-8a13-20694a06b590
2026-07-09 14:27:10.408 8 INFO neutron_taas.services.taas.tap_mirror_plugin [None req-8b3248ee-7204-4c96-a708-ae1e8afd528a 94454a559492493fb106c625d6f882c1 3cf77ffcad2d43be83aecaedf3b6147d - - default default] Tap Mirror: Handle Delete Port: be46ea69-ce86-477d-8a13-20694a06b590 [pid: 8|app: 0|req: 1067/2388] 10.0.0.165 () {32 vars in 726 bytes} [Thu Jul 9 14:27:10 2026] DELETE /v2.0/networks/d30c121e-ebaa-4750-af11-75d11f48b315 => generated 0 bytes in 479 msecs (HTTP/1.1 204) 3 headers in 131 bytes (1 switches on core 0)
2026-07-09 14:27:10.871 8 INFO neutron.services.segments.plugin [-] Segment 643963d6-854c-4d1f-b9c4-12c780dcad4f resource provider aggregate not found
2026-07-09 14:27:10.873 8 INFO neutron.services.segments.plugin [-] Segment 643963d6-854c-4d1f-b9c4-12c780dcad4f resource provider aggregate not found
