2026-07-09 14:24:36.756 7 INFO neutron_taas.services.taas.tap_mirror_plugin [None req-d714a238-36fd-4cf0-a3ea-d0a2762ef17f a4f8408bb86e482e9abd8f08789dac8b 9fced534b0de4973a9c8703c86fccdf3 - - default default] Tap Mirror: Handle Delete Port: 5423bb4b-22df-4cb3-a692-267250420c0e [pid: 8|app: 0|req: 640/1429] 10.0.0.165 () {32 vars in 724 bytes} [Thu Jul 9 14:24:36 2026] DELETE /v2.0/routers/965f1593-6ca7-4809-ae34-6d26af306efe => generated 0 bytes in 255 msecs (HTTP/1.1 204) 2 headers in 112 bytes (1 switches on core 0)
2026-07-09 14:24:37.144 8 INFO neutron_taas.services.taas.taas_plugin [None req-fc85e4b6-344e-4241-9675-6450ab936d52 46d5cbe7c5184e3ab79d4458700d3f09 e4767af04d1f4b59b76dd135dc916724 - - default default] TaaS: Handle Delete Port: 3d20e81b-021b-49a0-94ea-1c9ef56d26d2
2026-07-09 14:24:37.147 8 INFO neutron_taas.services.taas.tap_mirror_plugin [None req-fc85e4b6-344e-4241-9675-6450ab936d52 46d5cbe7c5184e3ab79d4458700d3f09 e4767af04d1f4b59b76dd135dc916724 - - default default] Tap Mirror: Handle Delete Port: 3d20e81b-021b-49a0-94ea-1c9ef56d26d2
2026-07-09 14:24:37.170 7 INFO neutron.services.segments.plugin [-] Segment ca155428-afb5-48bc-a0f5-c731804fd16e resource provider aggregate not found
2026-07-09 14:24:37.176 7 INFO neutron.services.segments.plugin [-] Segment ca155428-afb5-48bc-a0f5-c731804fd16e resource provider aggregate not found
2026-07-09 14:24:37.193 7 INFO neutron.services.segments.plugin [-] Client error retrieving segment ca155428-afb5-48bc-a0f5-c731804fd16e resource provider; error: Placement Client Error (4xx): {"errors": [{"status": 404, "title": "Not Found", "detail": "The resource could not be found.\n\n No resource provider with uuid ca155428-afb5-48bc-a0f5-c731804fd16e found for delete ", "request_id": "req-52db7ea0-0e93-4541-8ddb-77e2cc561960"}]}
2026-07-09 14:24:37.200 7 INFO neutron.services.segments.plugin [-] Client error retrieving segment ca155428-afb5-48bc-a0f5-c731804fd16e resource provider; error: Placement Client Error (4xx): {"errors": [{"status": 404, "title": "Not Found", "detail": "The resource could not be found.\n\n No resource provider with uuid ca155428-afb5-48bc-a0f5-c731804fd16e found for delete ", "request_id": "req-75246dff-ef6a-4643-ab33-b1b7fc8be064"}]} [pid: 7|app: 0|req: 790/1430] 10.0.0.165 () {32 vars in 726 bytes} [Thu Jul 9 14:24:36 2026] DELETE /v2.0/networks/bcb09bd6-5eef-41f8-99ed-94f6bfcdc94a => generated 0 bytes in 768 msecs (HTTP/1.1 204) 3 headers in 131 bytes (1 switches on core 0) [pid: 7|app: 0|req: 791/1431] 199.204.45.235 () {34 vars in 1080 bytes} [Thu Jul 9 14:24:37 2026] GET /v2.0/ports?tenant_id=1701b2a2d434448cb91eb1e136b1dd89&device_id=0207d467-d40f-4a7c-a291-cd86285dc6ca => generated 1229 bytes in 47 msecs (HTTP/1.1 200) 4 headers in 158 bytes (1 switches on core 0)
2026-07-09 14:24:37.455 8 INFO neutron.services.segments.plugin [-] Segment ef54192d-1768-4d14-9340-3998b0ce8915 resource provider aggregate not found
2026-07-09 14:24:37.462 8 INFO neutron.services.segments.plugin [-] Segment ef54192d-1768-4d14-9340-3998b0ce8915 resource provider aggregate not found
2026-07-09 14:24:37.489 8 INFO neutron.services.segments.plugin [-] Client error retrieving segment ef54192d-1768-4d14-9340-3998b0ce8915 resource provider; error: Placement Client Error (4xx): {"errors": [{"status": 404, "title": "Not Found", "detail": "The resource could not be found.\n\n No resource provider with uuid ef54192d-1768-4d14-9340-3998b0ce8915 found for delete ", "request_id": "req-0db72e58-335a-4cc4-8718-34ce50357ca0"}]}
2026-07-09 14:24:37.493 8 INFO neutron.services.segments.plugin [-] Client error retrieving segment ef54192d-1768-4d14-9340-3998b0ce8915 resource provider; error: Placement Client Error (4xx): {"errors": [{"status": 404, "title": "Not Found", "detail": "The resource could not be found.\n\n No resource provider with uuid ef54192d-1768-4d14-9340-3998b0ce8915 found for delete ", "request_id": "req-9490cb8c-07c5-4cfe-996e-6580206d3a3d"}]} [pid: 8|app: 0|req: 641/1432] 10.0.0.165 () {32 vars in 726 bytes} [Thu Jul 9 14:24:36 2026] DELETE /v2.0/networks/10209001-0ef5-446f-94e2-b0538944991b => generated 0 bytes in 624 msecs (HTTP/1.1 204) 3 headers in 131 bytes (1 switches on core 0)
2026-07-09 14:24:37.553 8 INFO neutron.pecan_wsgi.hooks.translation [None req-723d293f-58ae-432f-ac99-4cca9247d41f a4f8408bb86e482e9abd8f08789dac8b 9fced534b0de4973a9c8703c86fccdf3 - - default default] DELETE failed (client error): The resource could not be found. [pid: 8|app: 0|req: 642/1433] 10.0.0.165 () {32 vars in 724 bytes} [Thu Jul 9 14:24:37 2026] DELETE /v2.0/subnets/150e449b-101b-48f3-b23a-f4fb2dbd2724 => generated 136 bytes in 14 msecs (HTTP/1.1 404) 4 headers in 164 bytes (1 switches on core 0) [pid: 7|app: 0|req: 792/1434] 10.0.0.165 () {32 vars in 724 bytes} [Thu Jul 9 14:24:37 2026] DELETE /v2.0/subnets/a1f6bc0f-5bc2-478a-ac20-42ecfef8731e => generated 0 bytes in 283 msecs (HTTP/1.1 204) 3 headers in 131 bytes (1 switches on core 0)
2026-07-09 14:24:37.574 7 INFO neutron.pecan_wsgi.hooks.translation [None req-922d170c-2964-4fed-8756-bb8b09680c3a a4f8408bb86e482e9abd8f08789dac8b 9fced534b0de4973a9c8703c86fccdf3 - - default default] DELETE failed (client error): The resource could not be found. [pid: 7|app: 0|req: 793/1435] 10.0.0.165 () {32 vars in 724 bytes} [Thu Jul 9 14:24:37 2026] DELETE /v2.0/subnets/5d121fbc-cfb3-405c-966f-1726bee1cde7 => generated 136 bytes in 16 msecs (HTTP/1.1 404) 4 headers in 164 bytes (1 switches on core 0) [pid: 8|app: 0|req: 643/1436] 199.204.45.235 () {34 vars in 1018 bytes} [Thu Jul 9 14:24:37 2026] GET /v2.0/networks?tenant_id=1701b2a2d434448cb91eb1e136b1dd89&shared=False => generated 813 bytes in 50 msecs (HTTP/1.1 200) 4 headers in 157 bytes (1 switches on core 0)
2026-07-09 14:24:37.622 8 INFO neutron.pecan_wsgi.hooks.translation [None req-24f3e12c-8933-4e89-b4db-d9cdc9bbc36b a4f8408bb86e482e9abd8f08789dac8b 9fced534b0de4973a9c8703c86fccdf3 - - default default] DELETE failed (client error): The resource could not be found. [pid: 8|app: 0|req: 644/1437] 10.0.0.165 () {32 vars in 724 bytes} [Thu Jul 9 14:24:37 2026] DELETE /v2.0/subnets/85607fb5-52c3-4458-a4c1-133b29d424e2 => generated 136 bytes in 18 msecs (HTTP/1.1 404) 4 headers in 164 bytes (1 switches on core 0) [pid: 8|app: 0|req: 645/1438] 199.204.45.235 () {34 vars in 930 bytes} [Thu Jul 9 14:24:37 2026] GET /v2.0/networks?shared=True => generated 791 bytes in 54 msecs (HTTP/1.1 200) 4 headers in 157 bytes (1 switches on core 0)
2026-07-09 14:24:37.750 7 INFO neutron_taas.services.taas.taas_plugin [None req-8d3855ff-8929-42b7-bc78-6be53cc8e077 d5ace5345e8640d5954c7064d749e75f 4f3ca1de623e49638e160e49a1646fce - - default default] TaaS: Handle Delete Port: c0f80ebd-38c7-4d05-a4f0-7dc6f28c6c2c
2026-07-09 14:24:37.754 7 INFO neutron_taas.services.taas.tap_mirror_plugin [None req-8d3855ff-8929-42b7-bc78-6be53cc8e077 d5ace5345e8640d5954c7064d749e75f 4f3ca1de623e49638e160e49a1646fce - - default default] Tap Mirror: Handle Delete Port: c0f80ebd-38c7-4d05-a4f0-7dc6f28c6c2c [pid: 8|app: 0|req: 646/1439] 10.0.0.117 () {34 vars in 1070 bytes} [Thu Jul 9 14:24:37 2026] GET /v2.0/ports?fields=security_groups&fields=device_id&device_id=0207d467-d40f-4a7c-a291-cd86285dc6ca => generated 123 bytes in 84 msecs (HTTP/1.1 200) 4 headers in 157 bytes (1 switches on core 0) [pid: 8|app: 0|req: 647/1440] 10.0.0.117 () {34 vars in 1040 bytes} [Thu Jul 9 14:24:37 2026] GET /v2.0/security-groups?id=88663c4b-9d66-4434-b5f1-7bc65e295f82&fields=id&fields=name => generated 113 bytes in 79 msecs (HTTP/1.1 200) 4 headers in 157 bytes (1 switches on core 0) [pid: 7|app: 0|req: 794/1441] 10.0.0.165 () {32 vars in 726 bytes} [Thu Jul 9 14:24:37 2026] DELETE /v2.0/networks/a61b59e4-ce90-4697-a0ef-44118f1f3bd8 => generated 0 bytes in 463 msecs (HTTP/1.1 204) 3 headers in 131 bytes (1 switches on core 0)
2026-07-09 14:24:38.410 7 WARNING neutron.db.securitygroups_db [None req-fa9cde8b-7598-4790-be05-af6ee4a0927f 908bb38ebfaf4bfa95286d55450558c3 5f29ff917bc04b0092d07815578bfb47 - - default default] project_id key not found in filters, using tenant_id instead. This support has been deprecated and will be removed in a future release. [pid: 7|app: 0|req: 795/1442] 10.0.0.165 () {32 vars in 774 bytes} [Thu Jul 9 14:24:38 2026] GET /v2.0/security-groups?tenant_id=e4767af04d1f4b59b76dd135dc916724&name=default => generated 2925 bytes in 286 msecs (HTTP/1.1 200) 4 headers in 158 bytes (1 switches on core 0)
2026-07-09 14:24:38.474 7 WARNING neutron.db.securitygroups_db [None req-da309910-6f50-4426-bad8-36168474a49f 908bb38ebfaf4bfa95286d55450558c3 5f29ff917bc04b0092d07815578bfb47 - - default default] project_id key not found in filters, using tenant_id instead. This support has been deprecated and will be removed in a future release.
2026-07-09 14:24:38.557 8 WARNING neutron.scheduler.dhcp_agent_scheduler [None req-5dc198fa-dc64-4e3d-bb89-ac9c7c783c0a d5ace5345e8640d5954c7064d749e75f 4f3ca1de623e49638e160e49a1646fce - - default default] No more DHCP agents
2026-07-09 14:24:38.560 8 WARNING neutron.api.rpc.agentnotifiers.dhcp_rpc_agent_api [None req-5dc198fa-dc64-4e3d-bb89-ac9c7c783c0a d5ace5345e8640d5954c7064d749e75f 4f3ca1de623e49638e160e49a1646fce - - default default] Unable to schedule network 74f6b124-6190-4e34-8e4c-18549b6bf262: no agents available; will retry on subsequent port and subnet creation events.
2026-07-09 14:24:38.661 7 INFO neutron.db.ovn_revision_numbers_db [None req-da309910-6f50-4426-bad8-36168474a49f 908bb38ebfaf4bfa95286d55450558c3 5f29ff917bc04b0092d07815578bfb47 - - default default] Successfully bumped revision number for resource 93b1da0b-1771-49a6-9cb9-37ac963c1e6b (type: security_groups) to 1
2026-07-09 14:24:38.674 7 INFO neutron.db.ovn_revision_numbers_db [None req-da309910-6f50-4426-bad8-36168474a49f 908bb38ebfaf4bfa95286d55450558c3 5f29ff917bc04b0092d07815578bfb47 - - default default] Successfully bumped revision number for resource 1c422418-db7e-442b-8e0a-afd84d26a966 (type: security_group_rules) to 0
2026-07-09 14:24:38.691 7 INFO neutron.db.ovn_revision_numbers_db [None req-da309910-6f50-4426-bad8-36168474a49f 908bb38ebfaf4bfa95286d55450558c3 5f29ff917bc04b0092d07815578bfb47 - - default default] Successfully bumped revision number for resource 47752933-c800-401b-8c31-d187c9b68abb (type: security_group_rules) to 0
2026-07-09 14:24:38.706 7 INFO neutron.db.ovn_revision_numbers_db [None req-da309910-6f50-4426-bad8-36168474a49f 908bb38ebfaf4bfa95286d55450558c3 5f29ff917bc04b0092d07815578bfb47 - - default default] Successfully bumped revision number for resource 6f07c3ec-7ae1-46bc-a068-5080c2f27a2f (type: security_group_rules) to 0
2026-07-09 14:24:38.719 7 INFO neutron.db.ovn_revision_numbers_db [None req-da309910-6f50-4426-bad8-36168474a49f 908bb38ebfaf4bfa95286d55450558c3 5f29ff917bc04b0092d07815578bfb47 - - default default] Successfully bumped revision number for resource cba991d4-cbed-461a-b69e-bc2851a626c7 (type: security_group_rules) to 0 [pid: 7|app: 0|req: 796/1443] 10.0.0.165 () {32 vars in 774 bytes} [Thu Jul 9 14:24:38 2026] GET /v2.0/security-groups?tenant_id=b70f539440ce408497822c79f1c5219b&name=default => generated 2925 bytes in 356 msecs (HTTP/1.1 200) 4 headers in 158 bytes (1 switches on core 0)
2026-07-09 14:24:38.811 8 INFO neutron.db.ovn_revision_numbers_db [None req-5dc198fa-dc64-4e3d-bb89-ac9c7c783c0a d5ace5345e8640d5954c7064d749e75f 4f3ca1de623e49638e160e49a1646fce - - default default] Successfully bumped revision number for resource 8b11ccc8-90bb-421d-bbcc-22cd2d89458f (type: ports) to 1 [pid: 7|app: 0|req: 797/1444] 10.0.0.165 () {32 vars in 740 bytes} [Thu Jul 9 14:24:38 2026] DELETE /v2.0/security-groups/9d268746-e5ed-430a-aa68-d4c76b4ece8b => generated 0 bytes in 252 msecs (HTTP/1.1 204) 2 headers in 112 bytes (1 switches on core 0) [pid: 7|app: 0|req: 798/1445] 199.204.45.235 () {34 vars in 1080 bytes} [Thu Jul 9 14:24:39 2026] GET /v2.0/ports?tenant_id=1701b2a2d434448cb91eb1e136b1dd89&device_id=0207d467-d40f-4a7c-a291-cd86285dc6ca => generated 1229 bytes in 39 msecs (HTTP/1.1 200) 4 headers in 158 bytes (1 switches on core 0)
2026-07-09 14:24:39.221 7 INFO neutron.services.segments.plugin [-] Segment 098d11c6-d5de-4692-b6d2-2d43e9a1404e resource provider aggregate not found
2026-07-09 14:24:39.227 7 INFO neutron.services.segments.plugin [-] Segment 098d11c6-d5de-4692-b6d2-2d43e9a1404e resource provider aggregate not found
2026-07-09 14:24:39.258 7 INFO neutron.services.segments.plugin [-] Client error retrieving segment 098d11c6-d5de-4692-b6d2-2d43e9a1404e resource provider; error: Placement Client Error (4xx): {"errors": [{"status": 404, "title": "Not Found", "detail": "The resource could not be found.\n\n No resource provider with uuid 098d11c6-d5de-4692-b6d2-2d43e9a1404e found for delete ", "request_id": "req-a0112903-04f4-4a06-9eb8-853c418a19bd"}]}
2026-07-09 14:24:39.260 7 INFO neutron.services.segments.plugin [-] Client error retrieving segment 098d11c6-d5de-4692-b6d2-2d43e9a1404e resource provider; error: Placement Client Error (4xx): {"errors": [{"status": 404, "title": "Not Found", "detail": "The resource could not be found.\n\n No resource provider with uuid 098d11c6-d5de-4692-b6d2-2d43e9a1404e found for delete ", "request_id": "req-4e0b020b-1874-48fc-a909-395b529b8722"}]} [pid: 7|app: 0|req: 801/1448] 10.0.0.165 () {32 vars in 740 bytes} [Thu Jul 9 14:24:39 2026] DELETE /v2.0/security-groups/93b1da0b-1771-49a6-9cb9-37ac963c1e6b => generated 0 bytes in 287 msecs (HTTP/1.1 204) 2 headers in 112 bytes (1 switches on core 0) [pid: 7|app: 0|req: 802/1449] 10.0.0.117 () {34 vars in 1070 bytes} [Thu Jul 9 14:24:39 2026] GET /v2.0/ports?fields=security_groups&fields=device_id&device_id=0207d467-d40f-4a7c-a291-cd86285dc6ca => generated 123 bytes in 42 msecs (HTTP/1.1 200) 4 headers in 157 bytes (1 switches on core 0) [pid: 7|app: 0|req: 803/1450] 199.204.45.235 () {34 vars in 1058 bytes} [Thu Jul 9 14:24:39 2026] GET /v2.0/floatingips?fixed_ip_address=10.100.0.7&port_id=376294f1-b3a2-43a7-bdf3-72311f680161 => generated 19 bytes in 24 msecs (HTTP/1.1 200) 4 headers in 156 bytes (1 switches on core 0) [pid: 7|app: 0|req: 804/1451] 10.0.0.117 () {34 vars in 1040 bytes} [Thu Jul 9 14:24:39 2026] GET /v2.0/security-groups?id=88663c4b-9d66-4434-b5f1-7bc65e295f82&fields=id&fields=name => generated 113 bytes in 42 msecs (HTTP/1.1 200) 4 headers in 157 bytes (1 switches on core 0) [pid: 7|app: 0|req: 805/1452] 199.204.45.235 () {34 vars in 984 bytes} [Thu Jul 9 14:24:39 2026] GET /v2.0/subnets?id=40d6748c-073b-4f9c-8af3-7bfb1744bd2d => generated 694 bytes in 61 msecs (HTTP/1.1 200) 4 headers in 157 bytes (1 switches on core 0) [pid: 7|app: 0|req: 806/1453] 199.204.45.235 () {34 vars in 1052 bytes} [Thu Jul 9 14:24:39 2026] GET /v2.0/ports?network_id=531900d9-19e7-4911-9d1c-9f6e31e46aaa&device_owner=network%3Adhcp => generated 12 bytes in 25 msecs (HTTP/1.1 200) 4 headers in 156 bytes (1 switches on core 0)
2026-07-09 14:24:39.600 7 WARNING neutron.db.securitygroups_db [None req-210a8709-4c6c-4c97-a4e9-adde473e5d40 908bb38ebfaf4bfa95286d55450558c3 5f29ff917bc04b0092d07815578bfb47 - - default default] project_id key not found in filters, using tenant_id instead. This support has been deprecated and will be removed in a future release. [pid: 7|app: 0|req: 807/1454] 10.0.0.165 () {32 vars in 774 bytes} [Thu Jul 9 14:24:39 2026] GET /v2.0/security-groups?tenant_id=9fced534b0de4973a9c8703c86fccdf3&name=default => generated 2925 bytes in 52 msecs (HTTP/1.1 200) 4 headers in 158 bytes (1 switches on core 0)
2026-07-09 14:24:39.664 8 INFO neutron.db.ovn_revision_numbers_db [None req-5dc198fa-dc64-4e3d-bb89-ac9c7c783c0a d5ace5345e8640d5954c7064d749e75f 4f3ca1de623e49638e160e49a1646fce - - default default] Successfully bumped revision number for resource 8b11ccc8-90bb-421d-bbcc-22cd2d89458f (type: router_ports) to 1 [pid: 7|app: 0|req: 808/1455] 199.204.45.235 () {34 vars in 1012 bytes} [Thu Jul 9 14:24:39 2026] GET /v2.0/networks/531900d9-19e7-4911-9d1c-9f6e31e46aaa?fields=segments => generated 14 bytes in 91 msecs (HTTP/1.1 200) 4 headers in 156 bytes (1 switches on core 0)
2026-07-09 14:24:39.739 8 INFO neutron.db.ovn_revision_numbers_db [None req-5dc198fa-dc64-4e3d-bb89-ac9c7c783c0a d5ace5345e8640d5954c7064d749e75f 4f3ca1de623e49638e160e49a1646fce - - default default] Successfully bumped revision number for resource 932b0451-310b-4f8e-b4df-362c241476b5 (type: routers) to 2 [pid: 8|app: 0|req: 648/1456] 10.0.0.165 () {34 vars in 669 bytes} [Thu Jul 9 14:24:38 2026] POST /v2.0/routers => generated 972 bytes in 1710 msecs (HTTP/1.1 201) 4 headers in 162 bytes (1 switches on core 0) [pid: 8|app: 0|req: 649/1457] 199.204.45.235 () {34 vars in 1112 bytes} [Thu Jul 9 14:24:39 2026] GET /v2.0/networks/531900d9-19e7-4911-9d1c-9f6e31e46aaa?fields=provider%3Aphysical_network&fields=provider%3Anetwork_type => generated 79 bytes in 55 msecs (HTTP/1.1 200) 4 headers in 156 bytes (1 switches on core 0) [pid: 8|app: 0|req: 650/1458] 10.0.0.165 () {32 vars in 721 bytes} [Thu Jul 9 14:24:39 2026] GET /v2.0/routers/932b0451-310b-4f8e-b4df-362c241476b5 => generated 978 bytes in 106 msecs (HTTP/1.1 200) 4 headers in 157 bytes (1 switches on core 0) [pid: 7|app: 0|req: 809/1459] 10.0.0.165 () {32 vars in 740 bytes} [Thu Jul 9 14:24:39 2026] DELETE /v2.0/security-groups/9550c1ca-b7f8-479d-8170-d543c9cb27cb => generated 0 bytes in 286 msecs (HTTP/1.1 204) 2 headers in 112 bytes (1 switches on core 0) [pid: 8|app: 0|req: 651/1460] 10.0.0.165 () {32 vars in 647 bytes} [Thu Jul 9 14:24:39 2026] GET /v2.0/routers => generated 981 bytes in 169 msecs (HTTP/1.1 200) 4 headers in 157 bytes (1 switches on core 0)
2026-07-09 14:24:40.195 8 WARNING neutron.db.securitygroups_db [None req-9725ed7b-c7da-4e17-a92e-7cc1566e412b 908bb38ebfaf4bfa95286d55450558c3 5f29ff917bc04b0092d07815578bfb47 - - default default] project_id key not found in filters, using tenant_id instead. This support has been deprecated and will be removed in a future release.
2026-07-09 14:24:40.420 8 INFO neutron.db.ovn_revision_numbers_db [None req-9725ed7b-c7da-4e17-a92e-7cc1566e412b 908bb38ebfaf4bfa95286d55450558c3 5f29ff917bc04b0092d07815578bfb47 - - default default] Successfully bumped revision number for resource 60b37a9b-634b-40a9-9d2a-06571d21b230 (type: security_groups) to 1
2026-07-09 14:24:40.433 8 INFO neutron.db.ovn_revision_numbers_db [None req-9725ed7b-c7da-4e17-a92e-7cc1566e412b 908bb38ebfaf4bfa95286d55450558c3 5f29ff917bc04b0092d07815578bfb47 - - default default] Successfully bumped revision number for resource 39921db8-a6b8-428c-a657-ba53262adf49 (type: security_group_rules) to 0
2026-07-09 14:24:40.458 8 INFO neutron.db.ovn_revision_numbers_db [None req-9725ed7b-c7da-4e17-a92e-7cc1566e412b 908bb38ebfaf4bfa95286d55450558c3 5f29ff917bc04b0092d07815578bfb47 - - default default] Successfully bumped revision number for resource baaea242-f3f5-47be-b48a-81c726996bfd (type: security_group_rules) to 0
2026-07-09 14:24:40.472 8 INFO neutron.db.ovn_revision_numbers_db [None req-9725ed7b-c7da-4e17-a92e-7cc1566e412b 908bb38ebfaf4bfa95286d55450558c3 5f29ff917bc04b0092d07815578bfb47 - - default default] Successfully bumped revision number for resource da6f882a-46e6-41a0-8644-3c50e36c278d (type: security_group_rules) to 0
2026-07-09 14:24:40.493 8 INFO neutron.db.ovn_revision_numbers_db [None req-9725ed7b-c7da-4e17-a92e-7cc1566e412b 908bb38ebfaf4bfa95286d55450558c3 5f29ff917bc04b0092d07815578bfb47 - - default default] Successfully bumped revision number for resource dd931af6-8ae0-4c31-ad28-583870a05a5f (type: security_group_rules) to 0
2026-07-09 14:24:40.532 8 WARNING neutron.plugins.ml2.drivers.ovn.mech_driver.ovsdb.ovn_client [None req-881d923c-7f0f-464b-aa57-dfbcacdc11cc - - - - - -] No port found with ID de4bc69f-af6a-4701-b278-b32df96277e2: RuntimeError: No port found with ID de4bc69f-af6a-4701-b278-b32df96277e2 [pid: 8|app: 0|req: 652/1461] 10.0.0.165 () {32 vars in 774 bytes} [Thu Jul 9 14:24:40 2026] GET /v2.0/security-groups?tenant_id=23d999cacef044cb9ea1cd845dfee01a&name=default => generated 2925 bytes in 390 msecs (HTTP/1.1 200) 4 headers in 158 bytes (1 switches on core 0)
2026-07-09 14:24:40.579 8 INFO neutron.plugins.ml2.drivers.ovn.mech_driver.mech_driver [None req-881d923c-7f0f-464b-aa57-dfbcacdc11cc - - - - - -] OVN reports status down for port: 376294f1-b3a2-43a7-bdf3-72311f680161 [pid: 8|app: 0|req: 653/1462] 10.0.0.117 () {34 vars in 1070 bytes} [Thu Jul 9 14:24:40 2026] GET /v2.0/ports?fields=security_groups&fields=device_id&device_id=0207d467-d40f-4a7c-a291-cd86285dc6ca => generated 123 bytes in 40 msecs (HTTP/1.1 200) 4 headers in 157 bytes (1 switches on core 0)
2026-07-09 14:24:40.730 8 INFO neutron.plugins.ml2.drivers.ovn.mech_driver.mech_driver [None req-881d923c-7f0f-464b-aa57-dfbcacdc11cc - - - - - -] OVN reports status down for port: 8b11ccc8-90bb-421d-bbcc-22cd2d89458f
2026-07-09 14:24:40.771 8 INFO neutron.notifiers.nova [-] Nova event matching ['req-06d0069c-76b3-4407-8021-41ccb570e39a'] response: {'server_uuid': '0207d467-d40f-4a7c-a291-cd86285dc6ca', 'name': 'network-vif-unplugged', 'status': 'completed', 'tag': '376294f1-b3a2-43a7-bdf3-72311f680161', 'code': 200}
2026-07-09 14:24:40.863 8 WARNING neutron.plugins.ml2.drivers.ovn.mech_driver.ovsdb.ovn_client [None req-881d923c-7f0f-464b-aa57-dfbcacdc11cc - - - - - -] Logical_Switch_Port 8b11ccc8-90bb-421d-bbcc-22cd2d89458f host information not removed, the port state is up
2026-07-09 14:24:40.864 8 INFO neutron.plugins.ml2.drivers.ovn.mech_driver.mech_driver [None req-881d923c-7f0f-464b-aa57-dfbcacdc11cc - - - - - -] OVN reports status up for port: 8b11ccc8-90bb-421d-bbcc-22cd2d89458f
2026-07-09 14:24:40.891 8 INFO neutron.plugins.ml2.plugin [None req-881d923c-7f0f-464b-aa57-dfbcacdc11cc - - - - - -] Attempt 1 to provision port 8b11ccc8-90bb-421d-bbcc-22cd2d89458f [pid: 8|app: 0|req: 654/1463] 10.0.0.165 () {32 vars in 740 bytes} [Thu Jul 9 14:24:40 2026] DELETE /v2.0/security-groups/60b37a9b-634b-40a9-9d2a-06571d21b230 => generated 0 bytes in 432 msecs (HTTP/1.1 204) 2 headers in 112 bytes (1 switches on core 0)
2026-07-09 14:24:41.066 7 INFO neutron.db.ovn_revision_numbers_db [None req-f4b29b9a-aae4-434e-930d-ab42d77c4f8d d5ace5345e8640d5954c7064d749e75f 4f3ca1de623e49638e160e49a1646fce - - default default] Successfully bumped revision number for resource 932b0451-310b-4f8e-b4df-362c241476b5 (type: routers) to 3 [pid: 7|app: 0|req: 810/1464] 10.0.0.165 () {34 vars in 741 bytes} [Thu Jul 9 14:24:40 2026] PUT /v2.0/routers/932b0451-310b-4f8e-b4df-362c241476b5 => generated 985 bytes in 973 msecs (HTTP/1.1 200) 4 headers in 157 bytes (1 switches on core 0) [pid: 8|app: 0|req: 655/1465] 10.0.0.117 () {34 vars in 1040 bytes} [Thu Jul 9 14:24:41 2026] GET /v2.0/security-groups?id=88663c4b-9d66-4434-b5f1-7bc65e295f82&fields=id&fields=name => generated 113 bytes in 34 msecs (HTTP/1.1 200) 4 headers in 157 bytes (1 switches on core 0) [pid: 7|app: 0|req: 811/1466] 10.0.0.165 () {32 vars in 721 bytes} [Thu Jul 9 14:24:41 2026] GET /v2.0/routers/932b0451-310b-4f8e-b4df-362c241476b5 => generated 985 bytes in 76 msecs (HTTP/1.1 200) 4 headers in 157 bytes (1 switches on core 0) [pid: 8|app: 0|req: 656/1467] 10.0.0.165 () {32 vars in 736 bytes} [Thu Jul 9 14:24:41 2026] GET /v2.0/ports?device_id=932b0451-310b-4f8e-b4df-362c241476b5 => generated 12 bytes in 20 msecs (HTTP/1.1 200) 4 headers in 156 bytes (1 switches on core 0)
2026-07-09 14:24:41.558 7 INFO neutron_taas.services.taas.taas_plugin [None req-7ab93f12-1fba-4256-8fb3-7192b9235ba5 d5ace5345e8640d5954c7064d749e75f 4f3ca1de623e49638e160e49a1646fce - - default default] TaaS: Handle Delete Port: 8b11ccc8-90bb-421d-bbcc-22cd2d89458f
2026-07-09 14:24:41.561 7 INFO neutron_taas.services.taas.tap_mirror_plugin [None req-7ab93f12-1fba-4256-8fb3-7192b9235ba5 d5ace5345e8640d5954c7064d749e75f 4f3ca1de623e49638e160e49a1646fce - - default default] Tap Mirror: Handle Delete Port: 8b11ccc8-90bb-421d-bbcc-22cd2d89458f [pid: 7|app: 0|req: 812/1468] 10.0.0.165 () {32 vars in 724 bytes} [Thu Jul 9 14:24:41 2026] DELETE /v2.0/routers/932b0451-310b-4f8e-b4df-362c241476b5 => generated 0 bytes in 855 msecs (HTTP/1.1 204) 2 headers in 112 bytes (1 switches on core 0) [pid: 8|app: 0|req: 657/1469] 10.0.0.165 () {32 vars in 736 bytes} [Thu Jul 9 14:24:42 2026] GET /v2.0/ports?device_id=932b0451-310b-4f8e-b4df-362c241476b5 => generated 12 bytes in 22 msecs (HTTP/1.1 200) 4 headers in 156 bytes (1 switches on core 0)
2026-07-09 14:24:42.100 7 INFO neutron.api.v2.resource [None req-795e0db0-ac97-4cdc-ab54-59f3c1722be4 d5ace5345e8640d5954c7064d749e75f 4f3ca1de623e49638e160e49a1646fce - - default default] delete failed (client error): The resource could not be found. [pid: 7|app: 0|req: 813/1470] 10.0.0.165 () {32 vars in 724 bytes} [Thu Jul 9 14:24:42 2026] DELETE /v2.0/routers/932b0451-310b-4f8e-b4df-362c241476b5 => generated 135 bytes in 22 msecs (HTTP/1.1 404) 4 headers in 164 bytes (1 switches on core 0) [pid: 8|app: 0|req: 658/1471] 10.0.0.165 () {32 vars in 736 bytes} [Thu Jul 9 14:24:42 2026] GET /v2.0/ports?device_id=965f1593-6ca7-4809-ae34-6d26af306efe => generated 12 bytes in 24 msecs (HTTP/1.1 200) 4 headers in 156 bytes (1 switches on core 0)
2026-07-09 14:24:42.160 7 INFO neutron.api.v2.resource [None req-5fcaeb9f-5bd3-4f30-9b40-0afd2c8a6214 d5ace5345e8640d5954c7064d749e75f 4f3ca1de623e49638e160e49a1646fce - - default default] delete failed (client error): The resource could not be found. [pid: 7|app: 0|req: 814/1472] 10.0.0.165 () {32 vars in 724 bytes} [Thu Jul 9 14:24:42 2026] DELETE /v2.0/routers/965f1593-6ca7-4809-ae34-6d26af306efe => generated 135 bytes in 28 msecs (HTTP/1.1 404) 4 headers in 164 bytes (1 switches on core 0)
2026-07-09 14:24:42.182 7 INFO neutron.pecan_wsgi.hooks.translation [None req-64ac9ecd-60f2-4c33-bf0e-ac3ee5279b1c d5ace5345e8640d5954c7064d749e75f 4f3ca1de623e49638e160e49a1646fce - - default default] DELETE failed (client error): The resource could not be found. [pid: 7|app: 0|req: 815/1473] 10.0.0.165 () {32 vars in 724 bytes} [Thu Jul 9 14:24:42 2026] DELETE /v2.0/subnets/a1f6bc0f-5bc2-478a-ac20-42ecfef8731e => generated 136 bytes in 16 msecs (HTTP/1.1 404) 4 headers in 164 bytes (1 switches on core 0) [pid: 8|app: 0|req: 659/1474] 10.0.0.117 () {34 vars in 1070 bytes} [Thu Jul 9 14:24:42 2026] GET /v2.0/ports?fields=security_groups&fields=device_id&device_id=0207d467-d40f-4a7c-a291-cd86285dc6ca => generated 123 bytes in 38 msecs (HTTP/1.1 200) 4 headers in 157 bytes (1 switches on core 0) [pid: 7|app: 0|req: 816/1475] 10.0.0.165 () {32 vars in 736 bytes} [Thu Jul 9 14:24:42 2026] GET /v2.0/ports?device_id=9ed762fc-c212-4726-8db0-2096a59eb4f3 => generated 12 bytes in 18 msecs (HTTP/1.1 200) 4 headers in 156 bytes (1 switches on core 0)
2026-07-09 14:24:42.228 7 INFO neutron.api.v2.resource [None req-0a49ba35-874d-49e9-b19a-79963be09194 d5ace5345e8640d5954c7064d749e75f 4f3ca1de623e49638e160e49a1646fce - - default default] delete failed (client error): The resource could not be found. [pid: 7|app: 0|req: 817/1476] 10.0.0.165 () {32 vars in 724 bytes} [Thu Jul 9 14:24:42 2026] DELETE /v2.0/routers/9ed762fc-c212-4726-8db0-2096a59eb4f3 => generated 135 bytes in 18 msecs (HTTP/1.1 404) 4 headers in 164 bytes (1 switches on core 0) [pid: 8|app: 0|req: 660/1477] 10.0.0.117 () {34 vars in 1040 bytes} [Thu Jul 9 14:24:42 2026] GET /v2.0/security-groups?id=88663c4b-9d66-4434-b5f1-7bc65e295f82&fields=id&fields=name => generated 113 bytes in 35 msecs (HTTP/1.1 200) 4 headers in 157 bytes (1 switches on core 0)
2026-07-09 14:24:42.254 7 INFO neutron.pecan_wsgi.hooks.translation [None req-9f8c7ace-9bed-401b-92a8-036708326650 d5ace5345e8640d5954c7064d749e75f 4f3ca1de623e49638e160e49a1646fce - - default default] DELETE failed (client error): The resource could not be found. [pid: 7|app: 0|req: 818/1478] 10.0.0.165 () {32 vars in 724 bytes} [Thu Jul 9 14:24:42 2026] DELETE /v2.0/subnets/325ecc85-1cdd-4827-bc32-d54772fbfe0e => generated 136 bytes in 19 msecs (HTTP/1.1 404) 4 headers in 164 bytes (1 switches on core 0) [pid: 8|app: 0|req: 661/1479] 10.0.0.165 () {32 vars in 736 bytes} [Thu Jul 9 14:24:42 2026] GET /v2.0/ports?device_id=fbf2f417-806d-44c9-8834-67275168a119 => generated 12 bytes in 32 msecs (HTTP/1.1 200) 4 headers in 156 bytes (1 switches on core 0)
2026-07-09 14:24:42.340 7 INFO neutron.api.v2.resource [None req-09de9e94-7c17-4ded-a608-59a651b9d99e d5ace5345e8640d5954c7064d749e75f 4f3ca1de623e49638e160e49a1646fce - - default default] delete failed (client error): The resource could not be found. [pid: 7|app: 0|req: 819/1480] 10.0.0.165 () {32 vars in 724 bytes} [Thu Jul 9 14:24:42 2026] DELETE /v2.0/routers/fbf2f417-806d-44c9-8834-67275168a119 => generated 135 bytes in 32 msecs (HTTP/1.1 404) 4 headers in 164 bytes (1 switches on core 0)
2026-07-09 14:24:42.372 8 INFO neutron.pecan_wsgi.hooks.translation [None req-9c70dc9f-8c1b-453c-b425-afed111886d1 d5ace5345e8640d5954c7064d749e75f 4f3ca1de623e49638e160e49a1646fce - - default default] DELETE failed (client error): The resource could not be found. [pid: 8|app: 0|req: 662/1481] 10.0.0.165 () {32 vars in 724 bytes} [Thu Jul 9 14:24:42 2026] DELETE /v2.0/subnets/c1163e75-c4b6-4fe4-a20f-79a28c5ce0cc => generated 136 bytes in 27 msecs (HTTP/1.1 404) 4 headers in 164 bytes (1 switches on core 0)
2026-07-09 14:24:42.396 7 INFO neutron.pecan_wsgi.hooks.translation [None req-ca1938cc-04db-41e4-aba2-64d3cc78a58b d5ace5345e8640d5954c7064d749e75f 4f3ca1de623e49638e160e49a1646fce - - default default] DELETE failed (client error): The resource could not be found. [pid: 7|app: 0|req: 820/1482] 10.0.0.165 () {32 vars in 724 bytes} [Thu Jul 9 14:24:42 2026] DELETE /v2.0/subnets/fd67687c-a324-4df1-9614-bae445060bb6 => generated 136 bytes in 17 msecs (HTTP/1.1 404) 4 headers in 164 bytes (1 switches on core 0)
2026-07-09 14:24:43.000 8 WARNING neutron.db.securitygroups_db [None req-eb74a8e2-fe74-4e92-bec3-e6c4a3bef5bb 908bb38ebfaf4bfa95286d55450558c3 5f29ff917bc04b0092d07815578bfb47 - - default default] project_id key not found in filters, using tenant_id instead. This support has been deprecated and will be removed in a future release. [pid: 8|app: 0|req: 663/1483] 10.0.0.165 () {32 vars in 774 bytes} [Thu Jul 9 14:24:42 2026] GET /v2.0/security-groups?tenant_id=4f3ca1de623e49638e160e49a1646fce&name=default => generated 2925 bytes in 210 msecs (HTTP/1.1 200) 4 headers in 158 bytes (1 switches on core 0) [pid: 7|app: 0|req: 821/1484] 10.0.0.165 () {32 vars in 740 bytes} [Thu Jul 9 14:24:43 2026] DELETE /v2.0/security-groups/f22b0495-f3ca-4c5f-b67c-bc44f451cab7 => generated 0 bytes in 326 msecs (HTTP/1.1 204) 2 headers in 112 bytes (1 switches on core 0) [pid: 8|app: 0|req: 664/1485] 10.0.0.117 () {34 vars in 1070 bytes} [Thu Jul 9 14:24:43 2026] GET /v2.0/ports?fields=security_groups&fields=device_id&device_id=0207d467-d40f-4a7c-a291-cd86285dc6ca => generated 123 bytes in 102 msecs (HTTP/1.1 200) 4 headers in 157 bytes (1 switches on core 0) [pid: 7|app: 0|req: 822/1486] 10.0.0.117 () {34 vars in 1040 bytes} [Thu Jul 9 14:24:43 2026] GET /v2.0/security-groups?id=88663c4b-9d66-4434-b5f1-7bc65e295f82&fields=id&fields=name => generated 113 bytes in 54 msecs (HTTP/1.1 200) 4 headers in 157 bytes (1 switches on core 0) [pid: 7|app: 0|req: 823/1487] 199.204.45.235 () {34 vars in 994 bytes} [Thu Jul 9 14:24:43 2026] GET /v2.0/ports?device_id=0207d467-d40f-4a7c-a291-cd86285dc6ca => generated 969 bytes in 70 msecs (HTTP/1.1 200) 4 headers in 157 bytes (1 switches on core 0)
2026-07-09 14:24:44.145 8 INFO neutron.db.ovn_revision_numbers_db [None req-73a0c6f3-02ab-42bf-a206-7a542f5a1962 b6162f61814447f3a72f22410f0faf56 6919fee9206a4bf797f22a1b6a093a45 - - default default] Successfully bumped revision number for resource e62f5462-aa78-48cd-920c-3d951b3d9570 (type: security_groups) to 1
2026-07-09 14:24:44.158 8 INFO neutron.db.ovn_revision_numbers_db [None req-73a0c6f3-02ab-42bf-a206-7a542f5a1962 b6162f61814447f3a72f22410f0faf56 6919fee9206a4bf797f22a1b6a093a45 - - default default] Successfully bumped revision number for resource 1c213b46-1b12-4b9b-bb9c-26aba4a1de23 (type: security_group_rules) to 0
2026-07-09 14:24:44.170 8 INFO neutron.db.ovn_revision_numbers_db [None req-73a0c6f3-02ab-42bf-a206-7a542f5a1962 b6162f61814447f3a72f22410f0faf56 6919fee9206a4bf797f22a1b6a093a45 - - default default] Successfully bumped revision number for resource 7892e2fd-df20-407f-9fb2-30e3aa769116 (type: security_group_rules) to 0
2026-07-09 14:24:44.185 8 INFO neutron.db.ovn_revision_numbers_db [None req-73a0c6f3-02ab-42bf-a206-7a542f5a1962 b6162f61814447f3a72f22410f0faf56 6919fee9206a4bf797f22a1b6a093a45 - - default default] Successfully bumped revision number for resource c85978b4-c959-48a8-bc9b-1a6c48bed6bd (type: security_group_rules) to 0
2026-07-09 14:24:44.202 8 INFO neutron.db.ovn_revision_numbers_db [None req-73a0c6f3-02ab-42bf-a206-7a542f5a1962 b6162f61814447f3a72f22410f0faf56 6919fee9206a4bf797f22a1b6a093a45 - - default default] Successfully bumped revision number for resource d9030756-93d1-4e3d-9fed-97724c577b74 (type: security_group_rules) to 0
2026-07-09 14:24:44.219 7 INFO neutron_taas.services.taas.taas_plugin [req-8dd99ffc-93c8-475c-9018-b86670ec1e4c req-62a2e326-29af-4ed0-9071-5b3b31201654 b7c47e5684ba44b499fdc360a03dc498 1701b2a2d434448cb91eb1e136b1dd89 - - default default] TaaS: Handle Delete Port: 376294f1-b3a2-43a7-bdf3-72311f680161
2026-07-09 14:24:44.223 7 INFO neutron_taas.services.taas.tap_mirror_plugin [req-8dd99ffc-93c8-475c-9018-b86670ec1e4c req-62a2e326-29af-4ed0-9071-5b3b31201654 b7c47e5684ba44b499fdc360a03dc498 1701b2a2d434448cb91eb1e136b1dd89 - - default default] Tap Mirror: Handle Delete Port: 376294f1-b3a2-43a7-bdf3-72311f680161
2026-07-09 14:24:44.415 8 INFO neutron.db.ovn_revision_numbers_db [None req-73a0c6f3-02ab-42bf-a206-7a542f5a1962 b6162f61814447f3a72f22410f0faf56 6919fee9206a4bf797f22a1b6a093a45 - - default default] Successfully bumped revision number for resource 7dd903e5-d89d-438f-92c0-cd6802fff12c (type: security_groups) to 1
2026-07-09 14:24:44.446 8 INFO neutron.db.ovn_revision_numbers_db [None req-73a0c6f3-02ab-42bf-a206-7a542f5a1962 b6162f61814447f3a72f22410f0faf56 6919fee9206a4bf797f22a1b6a093a45 - - default default] Successfully bumped revision number for resource 3bfc88b4-cbbc-4e65-bd9f-fca4aaafe000 (type: security_group_rules) to 0
2026-07-09 14:24:44.465 8 INFO neutron.db.ovn_revision_numbers_db [None req-73a0c6f3-02ab-42bf-a206-7a542f5a1962 b6162f61814447f3a72f22410f0faf56 6919fee9206a4bf797f22a1b6a093a45 - - default default] Successfully bumped revision number for resource 888a484c-03fc-4ed7-8b5c-bb6d8286ea1f (type: security_group_rules) to 0 [pid: 7|app: 0|req: 824/1488] 199.204.45.235 () {36 vars in 997 bytes} [Thu Jul 9 14:24:44 2026] DELETE /v2.0/ports/376294f1-b3a2-43a7-bdf3-72311f680161 => generated 0 bytes in 419 msecs (HTTP/1.1 204) 3 headers in 131 bytes (1 switches on core 0)
2026-07-09 14:24:44.500 7 WARNING neutron.notifiers.nova [-] Nova event matching ['req-d80b2be9-509f-4b09-aedc-db523b1d22e4']: {'server_uuid': '0207d467-d40f-4a7c-a291-cd86285dc6ca', 'name': 'network-vif-deleted', 'tag': '376294f1-b3a2-43a7-bdf3-72311f680161', 'status': 'failed', 'code': 422} returned with failed status [pid: 8|app: 0|req: 665/1489] 10.0.0.165 () {34 vars in 684 bytes} [Thu Jul 9 14:24:43 2026] POST /v2.0/security-groups => generated 1601 bytes in 720 msecs (HTTP/1.1 201) 4 headers in 163 bytes (1 switches on core 0) [pid: 8|app: 0|req: 666/1490] 10.0.0.117 () {34 vars in 1070 bytes} [Thu Jul 9 14:24:44 2026] GET /v2.0/ports?fields=security_groups&fields=device_id&device_id=0207d467-d40f-4a7c-a291-cd86285dc6ca => generated 12 bytes in 25 msecs (HTTP/1.1 200) 4 headers in 156 bytes (1 switches on core 0)
2026-07-09 14:24:44.698 7 INFO neutron.db.ovn_revision_numbers_db [None req-4eaf520f-e7ab-4c9f-be2a-ef65fae5db2f b6162f61814447f3a72f22410f0faf56 6919fee9206a4bf797f22a1b6a093a45 - - default default] Successfully bumped revision number for resource 418b02d3-f063-4c6b-bdfa-6ee4bee09486 (type: security_groups) to 1
2026-07-09 14:24:44.713 7 INFO neutron.db.ovn_revision_numbers_db [None req-4eaf520f-e7ab-4c9f-be2a-ef65fae5db2f b6162f61814447f3a72f22410f0faf56 6919fee9206a4bf797f22a1b6a093a45 - - default default] Successfully bumped revision number for resource 83d61f7a-cca0-4d7e-a862-9857b3b687f1 (type: security_group_rules) to 0
2026-07-09 14:24:44.729 7 INFO neutron.db.ovn_revision_numbers_db [None req-4eaf520f-e7ab-4c9f-be2a-ef65fae5db2f b6162f61814447f3a72f22410f0faf56 6919fee9206a4bf797f22a1b6a093a45 - - default default] Successfully bumped revision number for resource f3e4980c-4f28-485f-8d0e-80487d350de9 (type: security_group_rules) to 0 [pid: 7|app: 0|req: 825/1491] 10.0.0.165 () {34 vars in 684 bytes} [Thu Jul 9 14:24:44 2026] POST /v2.0/security-groups => generated 1601 bytes in 251 msecs (HTTP/1.1 201) 4 headers in 163 bytes (1 switches on core 0)
2026-07-09 14:24:44.944 8 INFO neutron.db.ovn_revision_numbers_db [None req-d92ce023-fab1-4e74-b67f-e919f1c04340 b6162f61814447f3a72f22410f0faf56 6919fee9206a4bf797f22a1b6a093a45 - - default default] Successfully bumped revision number for resource 5656aead-43c3-4eb0-b074-9b438f3aadd5 (type: security_groups) to 1
2026-07-09 14:24:44.960 8 INFO neutron.db.ovn_revision_numbers_db [None req-d92ce023-fab1-4e74-b67f-e919f1c04340 b6162f61814447f3a72f22410f0faf56 6919fee9206a4bf797f22a1b6a093a45 - - default default] Successfully bumped revision number for resource 22fc39d1-8079-405c-a93e-6c6d44d27d5b (type: security_group_rules) to 0
2026-07-09 14:24:44.972 8 INFO neutron.db.ovn_revision_numbers_db [None req-d92ce023-fab1-4e74-b67f-e919f1c04340 b6162f61814447f3a72f22410f0faf56 6919fee9206a4bf797f22a1b6a093a45 - - default default] Successfully bumped revision number for resource 25305752-36dd-4e8b-8d51-fe65e03a6d4d (type: security_group_rules) to 0 [pid: 8|app: 0|req: 667/1492] 10.0.0.165 () {34 vars in 684 bytes} [Thu Jul 9 14:24:44 2026] POST /v2.0/security-groups => generated 1601 bytes in 245 msecs (HTTP/1.1 201) 4 headers in 163 bytes (1 switches on core 0)
2026-07-09 14:24:45.203 7 INFO neutron.db.ovn_revision_numbers_db [None req-2e2fb5b5-e87f-4436-a2ef-10deb79fb1c3 b6162f61814447f3a72f22410f0faf56 6919fee9206a4bf797f22a1b6a093a45 - - default default] Successfully bumped revision number for resource 9342ac62-7b4b-4261-a479-bc37fc6bae9e (type: security_groups) to 1
2026-07-09 14:24:45.217 7 INFO neutron.db.ovn_revision_numbers_db [None req-2e2fb5b5-e87f-4436-a2ef-10deb79fb1c3 b6162f61814447f3a72f22410f0faf56 6919fee9206a4bf797f22a1b6a093a45 - - default default] Successfully bumped revision number for resource 35ccd81b-5934-4cd6-b4b6-ed249b2cc871 (type: security_group_rules) to 0
2026-07-09 14:24:45.234 7 INFO neutron.db.ovn_revision_numbers_db [None req-2e2fb5b5-e87f-4436-a2ef-10deb79fb1c3 b6162f61814447f3a72f22410f0faf56 6919fee9206a4bf797f22a1b6a093a45 - - default default] Successfully bumped revision number for resource bba0d70b-dbd0-46cb-b92f-d0ebf943b51f (type: security_group_rules) to 0 [pid: 7|app: 0|req: 826/1493] 10.0.0.165 () {34 vars in 684 bytes} [Thu Jul 9 14:24:45 2026] POST /v2.0/security-groups => generated 1601 bytes in 250 msecs (HTTP/1.1 201) 4 headers in 163 bytes (1 switches on core 0)
2026-07-09 14:24:45.431 7 INFO neutron.db.ovn_revision_numbers_db [None req-e080325b-8825-4c69-80d3-ca81d4c61f31 b6162f61814447f3a72f22410f0faf56 6919fee9206a4bf797f22a1b6a093a45 - - default default] Successfully bumped revision number for resource 3b760e00-716c-4d09-b378-5ac9df4fd45e (type: security_groups) to 1
2026-07-09 14:24:45.444 7 INFO neutron.db.ovn_revision_numbers_db [None req-e080325b-8825-4c69-80d3-ca81d4c61f31 b6162f61814447f3a72f22410f0faf56 6919fee9206a4bf797f22a1b6a093a45 - - default default] Successfully bumped revision number for resource 9d77a522-a8d4-4169-8036-5490e0c3fd3c (type: security_group_rules) to 0
2026-07-09 14:24:45.461 7 INFO neutron.db.ovn_revision_numbers_db [None req-e080325b-8825-4c69-80d3-ca81d4c61f31 b6162f61814447f3a72f22410f0faf56 6919fee9206a4bf797f22a1b6a093a45 - - default default] Successfully bumped revision number for resource f7c961c9-ace0-4fac-aee8-7b2fc4f273ec (type: security_group_rules) to 0 [pid: 7|app: 0|req: 827/1494] 10.0.0.165 () {34 vars in 684 bytes} [Thu Jul 9 14:24:45 2026] POST /v2.0/security-groups => generated 1601 bytes in 228 msecs (HTTP/1.1 201) 4 headers in 163 bytes (1 switches on core 0)
2026-07-09 14:24:45.557 7 WARNING tagging [None req-1bb54d6b-a821-4187-8f8e-7fa2f8edca0a b6162f61814447f3a72f22410f0faf56 6919fee9206a4bf797f22a1b6a093a45 - - default default] project_id key not found in request, using tenant_id instead. This support has been deprecated and will be removed in a future release.
2026-07-09 14:24:45.571 8 INFO neutron.db.ovn_revision_numbers_db [None req-11029405-580c-4e2a-a635-f4872d9cf940 ec9181ddb6c1473199fd03e598260688 ba0680863bd7408aac4cc97a678b1ef8 - - default default] Successfully bumped revision number for resource 9c2dd046-3e87-4f2e-b270-ddfc9e05dc48 (type: security_groups) to 1
2026-07-09 14:24:45.583 8 INFO neutron.db.ovn_revision_numbers_db [None req-11029405-580c-4e2a-a635-f4872d9cf940 ec9181ddb6c1473199fd03e598260688 ba0680863bd7408aac4cc97a678b1ef8 - - default default] Successfully bumped revision number for resource 07712d84-8c1c-4104-a796-3f2e59fe11f6 (type: security_group_rules) to 0
2026-07-09 14:24:45.597 8 INFO neutron.db.ovn_revision_numbers_db [None req-11029405-580c-4e2a-a635-f4872d9cf940 ec9181ddb6c1473199fd03e598260688 ba0680863bd7408aac4cc97a678b1ef8 - - default default] Successfully bumped revision number for resource 6dfd681d-f97f-4216-a8a2-0a9c5c1d1395 (type: security_group_rules) to 0 [pid: 7|app: 0|req: 828/1495] 10.0.0.165 () {34 vars in 767 bytes} [Thu Jul 9 14:24:45 2026] PUT /v2.0/security-groups/7dd903e5-d89d-438f-92c0-cd6802fff12c/tags => generated 17 bytes in 97 msecs (HTTP/1.1 200) 4 headers in 156 bytes (1 switches on core 0)
2026-07-09 14:24:45.616 8 INFO neutron.db.ovn_revision_numbers_db [None req-11029405-580c-4e2a-a635-f4872d9cf940 ec9181ddb6c1473199fd03e598260688 ba0680863bd7408aac4cc97a678b1ef8 - - default default] Successfully bumped revision number for resource ac893139-4995-46c6-8234-cb854942b03b (type: security_group_rules) to 0
2026-07-09 14:24:45.632 8 INFO neutron.db.ovn_revision_numbers_db [None req-11029405-580c-4e2a-a635-f4872d9cf940 ec9181ddb6c1473199fd03e598260688 ba0680863bd7408aac4cc97a678b1ef8 - - default default] Successfully bumped revision number for resource b66e2c1c-1829-4592-b0f0-edf0cd04f507 (type: security_group_rules) to 0
2026-07-09 14:24:45.649 7 WARNING tagging [None req-f1920a68-9dd0-43e2-87f4-d7c006903ac5 b6162f61814447f3a72f22410f0faf56 6919fee9206a4bf797f22a1b6a093a45 - - default default] project_id key not found in request, using tenant_id instead. This support has been deprecated and will be removed in a future release. [pid: 7|app: 0|req: 829/1496] 10.0.0.165 () {34 vars in 767 bytes} [Thu Jul 9 14:24:45 2026] PUT /v2.0/security-groups/418b02d3-f063-4c6b-bdfa-6ee4bee09486/tags => generated 25 bytes in 68 msecs (HTTP/1.1 200) 4 headers in 156 bytes (1 switches on core 0)
2026-07-09 14:24:45.710 8 INFO neutron.db.segments_db [None req-11029405-580c-4e2a-a635-f4872d9cf940 ec9181ddb6c1473199fd03e598260688 ba0680863bd7408aac4cc97a678b1ef8 - - default default] Added segment f6ff62ec-b461-4538-a0ec-8d3462ef778a of type geneve for network 4bead7c5-4c24-4e07-889b-00b564a02079
2026-07-09 14:24:45.714 7 WARNING tagging [None req-f809410f-6673-4ff2-bf2d-dcedccc6df60 b6162f61814447f3a72f22410f0faf56 6919fee9206a4bf797f22a1b6a093a45 - - default default] project_id key not found in request, using tenant_id instead. This support has been deprecated and will be removed in a future release. [pid: 7|app: 0|req: 830/1497] 10.0.0.165 () {34 vars in 767 bytes} [Thu Jul 9 14:24:45 2026] PUT /v2.0/security-groups/5656aead-43c3-4eb0-b074-9b438f3aadd5/tags => generated 34 bytes in 51 msecs (HTTP/1.1 200) 4 headers in 156 bytes (1 switches on core 0) [pid: 7|app: 0|req: 831/1498] 10.0.0.117 () {34 vars in 1070 bytes} [Thu Jul 9 14:24:45 2026] GET /v2.0/ports?fields=security_groups&fields=device_id&device_id=0207d467-d40f-4a7c-a291-cd86285dc6ca => generated 12 bytes in 24 msecs (HTTP/1.1 200) 4 headers in 156 bytes (1 switches on core 0)
2026-07-09 14:24:45.787 7 WARNING tagging [None req-335abc79-86ae-46bf-ac98-4abf71c42398 b6162f61814447f3a72f22410f0faf56 6919fee9206a4bf797f22a1b6a093a45 - - default default] project_id key not found in request, using tenant_id instead. This support has been deprecated and will be removed in a future release. [pid: 7|app: 0|req: 832/1499] 10.0.0.165 () {34 vars in 767 bytes} [Thu Jul 9 14:24:45 2026] PUT /v2.0/security-groups/9342ac62-7b4b-4261-a479-bc37fc6bae9e/tags => generated 19 bytes in 60 msecs (HTTP/1.1 200) 4 headers in 156 bytes (1 switches on core 0)
2026-07-09 14:24:45.851 8 INFO neutron.db.ovn_revision_numbers_db [None req-11029405-580c-4e2a-a635-f4872d9cf940 ec9181ddb6c1473199fd03e598260688 ba0680863bd7408aac4cc97a678b1ef8 - - default default] Successfully bumped revision number for resource 4bead7c5-4c24-4e07-889b-00b564a02079 (type: networks) to 1
2026-07-09 14:24:46.063 7 INFO neutron.db.ovn_revision_numbers_db [None req-0f08c196-e98f-4350-9182-7635dd3d1143 144d0e3bf28b4bf88f55d97c1794144a 31fef4fdc08341fc9ec3ab6ced2d3a3a - - default default] Successfully bumped revision number for resource d39fbfd4-31bd-444e-a94d-d27b3344a346 (type: security_groups) to 1
2026-07-09 14:24:46.078 7 INFO neutron.db.ovn_revision_numbers_db [None req-0f08c196-e98f-4350-9182-7635dd3d1143 144d0e3bf28b4bf88f55d97c1794144a 31fef4fdc08341fc9ec3ab6ced2d3a3a - - default default] Successfully bumped revision number for resource 06d50a86-2c84-4e23-8711-ea9e4222ca8d (type: security_group_rules) to 0
2026-07-09 14:24:46.081 8 WARNING neutron.scheduler.dhcp_agent_scheduler [None req-11029405-580c-4e2a-a635-f4872d9cf940 ec9181ddb6c1473199fd03e598260688 ba0680863bd7408aac4cc97a678b1ef8 - - default default] No more DHCP agents
2026-07-09 14:24:46.084 8 WARNING neutron.api.rpc.agentnotifiers.dhcp_rpc_agent_api [None req-11029405-580c-4e2a-a635-f4872d9cf940 ec9181ddb6c1473199fd03e598260688 ba0680863bd7408aac4cc97a678b1ef8 - - default default] Unable to schedule network 4bead7c5-4c24-4e07-889b-00b564a02079: no agents available; will retry on subsequent port and subnet creation events.
2026-07-09 14:24:46.091 7 INFO neutron.db.ovn_revision_numbers_db [None req-0f08c196-e98f-4350-9182-7635dd3d1143 144d0e3bf28b4bf88f55d97c1794144a 31fef4fdc08341fc9ec3ab6ced2d3a3a - - default default] Successfully bumped revision number for resource 65d315cc-a849-4e47-a4b0-a63562ea319e (type: security_group_rules) to 0
2026-07-09 14:24:46.105 7 INFO neutron.db.ovn_revision_numbers_db [None req-0f08c196-e98f-4350-9182-7635dd3d1143 144d0e3bf28b4bf88f55d97c1794144a 31fef4fdc08341fc9ec3ab6ced2d3a3a - - default default] Successfully bumped revision number for resource ad00b157-b6a7-4a49-b626-6827b1a1dd66 (type: security_group_rules) to 0
2026-07-09 14:24:46.117 7 INFO neutron.db.ovn_revision_numbers_db [None req-0f08c196-e98f-4350-9182-7635dd3d1143 144d0e3bf28b4bf88f55d97c1794144a 31fef4fdc08341fc9ec3ab6ced2d3a3a - - default default] Successfully bumped revision number for resource f54e47de-44a5-48ff-8b68-d1a39b314b7e (type: security_group_rules) to 0
2026-07-09 14:24:46.218 7 INFO neutron.db.segments_db [None req-0f08c196-e98f-4350-9182-7635dd3d1143 144d0e3bf28b4bf88f55d97c1794144a 31fef4fdc08341fc9ec3ab6ced2d3a3a - - default default] Added segment f3ad5567-0d66-4fe5-93fd-e8230c100166 of type geneve for network 282cdb28-5c25-4f02-80f2-d954a5cbc71b
2026-07-09 14:24:46.218 8 INFO neutron.db.ovn_revision_numbers_db [None req-11029405-580c-4e2a-a635-f4872d9cf940 ec9181ddb6c1473199fd03e598260688 ba0680863bd7408aac4cc97a678b1ef8 - - default default] Successfully bumped revision number for resource 11e2a36a-dc62-4b0d-9f93-7b7b3b10c705 (type: ports) to 1 [pid: 8|app: 0|req: 668/1500] 10.0.0.165 () {34 vars in 670 bytes} [Thu Jul 9 14:24:45 2026] POST /v2.0/networks => generated 668 bytes in 1059 msecs (HTTP/1.1 201) 4 headers in 162 bytes (1 switches on core 0) [pid: 8|app: 0|req: 669/1501] 10.0.0.165 () {32 vars in 680 bytes} [Thu Jul 9 14:24:46 2026] GET /v2.0/security-groups?tags=red => generated 4804 bytes in 55 msecs (HTTP/1.1 200) 4 headers in 158 bytes (1 switches on core 0)
2026-07-09 14:24:46.359 8 WARNING neutron.plugins.ml2.drivers.ovn.mech_driver.ovsdb.ovn_client [None req-881d923c-7f0f-464b-aa57-dfbcacdc11cc - - - - - -] No port found with ID 8b11ccc8-90bb-421d-bbcc-22cd2d89458f: RuntimeError: No port found with ID 8b11ccc8-90bb-421d-bbcc-22cd2d89458f
2026-07-09 14:24:46.359 8 INFO neutron.plugins.ml2.drivers.ovn.mech_driver.mech_driver [None req-881d923c-7f0f-464b-aa57-dfbcacdc11cc - - - - - -] OVN reports status down for port: 11e2a36a-dc62-4b0d-9f93-7b7b3b10c705
2026-07-09 14:24:46.396 7 INFO neutron.db.ovn_revision_numbers_db [None req-0f08c196-e98f-4350-9182-7635dd3d1143 144d0e3bf28b4bf88f55d97c1794144a 31fef4fdc08341fc9ec3ab6ced2d3a3a - - default default] Successfully bumped revision number for resource 282cdb28-5c25-4f02-80f2-d954a5cbc71b (type: networks) to 1
2026-07-09 14:24:46.473 8 INFO neutron.db.segments_db [None req-c9cdd1f1-755c-45a4-bd3e-eabeb6a561e1 ec9181ddb6c1473199fd03e598260688 ba0680863bd7408aac4cc97a678b1ef8 - - default default] Added segment 2f670f2c-5849-4d3c-a1aa-e52e539df5f8 of type geneve for network a22fa352-78f9-4432-8ba1-895ea0cd91d0
2026-07-09 14:24:46.614 8 INFO neutron.db.ovn_revision_numbers_db [None req-c9cdd1f1-755c-45a4-bd3e-eabeb6a561e1 ec9181ddb6c1473199fd03e598260688 ba0680863bd7408aac4cc97a678b1ef8 - - default default] Successfully bumped revision number for resource a22fa352-78f9-4432-8ba1-895ea0cd91d0 (type: networks) to 1
