2026-07-09 14:23:30.577 8 INFO neutron.db.ovn_revision_numbers_db [None req-6d1f6888-745e-427f-a962-acf6661ea95d 20b65b4e492e438ea71101e2c3b895b6 bf85fd0518794c06a92e767990976e69 - - default default] Successfully bumped revision number for resource c194e311-f5fd-4634-8581-07578f51514b (type: networks) to 1
2026-07-09 14:23:30.693 7 INFO neutron.db.ovn_revision_numbers_db [None req-571277f4-befe-4694-a558-1fed4c071f12 908bb38ebfaf4bfa95286d55450558c3 5f29ff917bc04b0092d07815578bfb47 - - default default] Successfully bumped revision number for resource ed3758e2-236d-4c6f-8742-bfb13f3b0b0d (type: router_ports) to 1
2026-07-09 14:23:30.733 8 INFO neutron.plugins.ml2.drivers.ovn.mech_driver.ovsdb.ovsdb_monitor [None req-e029d52e-94fb-4539-bdd0-3c112df9ae23 - - - - - -] Router c7f10fc5-fe68-45fb-9087-62e2010d9376 is bound to host instance
2026-07-09 14:23:30.795 7 INFO neutron.db.ovn_revision_numbers_db [None req-571277f4-befe-4694-a558-1fed4c071f12 908bb38ebfaf4bfa95286d55450558c3 5f29ff917bc04b0092d07815578bfb47 - - default default] Successfully bumped revision number for resource c7f10fc5-fe68-45fb-9087-62e2010d9376 (type: routers) to 2 [pid: 7|app: 0|req: 570/1084] 10.0.0.165 () {34 vars in 669 bytes} [Thu Jul 9 14:23:29 2026] POST /v2.0/routers => generated 987 bytes in 1623 msecs (HTTP/1.1 201) 4 headers in 162 bytes (1 switches on core 0)
2026-07-09 14:23:30.816 7 WARNING neutron.db.securitygroups_db [None req-e47a78ca-45a0-4634-8057-9674c488ab7c 908bb38ebfaf4bfa95286d55450558c3 5f29ff917bc04b0092d07815578bfb47 - - default default] project_id key not found in filters, using tenant_id instead. This support has been deprecated and will be removed in a future release.
2026-07-09 14:23:30.827 8 INFO neutron.plugins.ml2.drivers.ovn.mech_driver.mech_driver [None req-7644390a-c22b-407e-a4e1-d51f5f665895 - - - - - -] OVN reports status up for port: ed3758e2-236d-4c6f-8742-bfb13f3b0b0d [pid: 7|app: 0|req: 571/1085] 10.0.0.165 () {32 vars in 774 bytes} [Thu Jul 9 14:23:30 2026] GET /v2.0/security-groups?tenant_id=8c79ce8246394b978144740316bbcd78&name=default => generated 2925 bytes in 29 msecs (HTTP/1.1 200) 4 headers in 158 bytes (1 switches on core 0)
2026-07-09 14:23:30.875 8 INFO neutron.plugins.ml2.plugin [None req-7644390a-c22b-407e-a4e1-d51f5f665895 - - - - - -] Attempt 1 to provision port ed3758e2-236d-4c6f-8742-bfb13f3b0b0d
2026-07-09 14:23:31.087 8 WARNING neutron.scheduler.dhcp_agent_scheduler [None req-6d1f6888-745e-427f-a962-acf6661ea95d 20b65b4e492e438ea71101e2c3b895b6 bf85fd0518794c06a92e767990976e69 - - default default] No more DHCP agents
2026-07-09 14:23:31.092 8 WARNING neutron.api.rpc.agentnotifiers.dhcp_rpc_agent_api [None req-6d1f6888-745e-427f-a962-acf6661ea95d 20b65b4e492e438ea71101e2c3b895b6 bf85fd0518794c06a92e767990976e69 - - default default] Unable to schedule network c194e311-f5fd-4634-8581-07578f51514b: no agents available; will retry on subsequent port and subnet creation events.
2026-07-09 14:23:31.341 8 INFO neutron.db.ovn_revision_numbers_db [None req-6d1f6888-745e-427f-a962-acf6661ea95d 20b65b4e492e438ea71101e2c3b895b6 bf85fd0518794c06a92e767990976e69 - - default default] Successfully bumped revision number for resource 382277fe-ac71-4340-8f33-b92009ec3525 (type: ports) to 1
2026-07-09 14:23:31.364 7 WARNING neutron.scheduler.dhcp_agent_scheduler [None req-7b371427-83bf-4e22-9d23-d2e464529bd3 908bb38ebfaf4bfa95286d55450558c3 5f29ff917bc04b0092d07815578bfb47 - - default default] No more DHCP agents
2026-07-09 14:23:31.365 7 WARNING neutron.api.rpc.agentnotifiers.dhcp_rpc_agent_api [None req-7b371427-83bf-4e22-9d23-d2e464529bd3 908bb38ebfaf4bfa95286d55450558c3 5f29ff917bc04b0092d07815578bfb47 - - default default] Unable to schedule network 77770292-5f97-43e2-a54f-ea8fae800dae: no agents available; will retry on subsequent port and subnet creation events.
2026-07-09 14:23:31.525 8 INFO neutron.db.ovn_revision_numbers_db [None req-6d1f6888-745e-427f-a962-acf6661ea95d 20b65b4e492e438ea71101e2c3b895b6 bf85fd0518794c06a92e767990976e69 - - default default] Successfully bumped revision number for resource d0322910-d5fe-4e5a-bbb0-2108d6b3bce5 (type: networks) to 1
2026-07-09 14:23:31.570 7 INFO neutron.db.ovn_revision_numbers_db [None req-7b371427-83bf-4e22-9d23-d2e464529bd3 908bb38ebfaf4bfa95286d55450558c3 5f29ff917bc04b0092d07815578bfb47 - - default default] Successfully bumped revision number for resource bfaa54fa-9be7-4374-82fc-a0184d9b2664 (type: ports) to 1
2026-07-09 14:23:31.901 8 WARNING neutron.scheduler.dhcp_agent_scheduler [None req-6d1f6888-745e-427f-a962-acf6661ea95d 20b65b4e492e438ea71101e2c3b895b6 bf85fd0518794c06a92e767990976e69 - - default default] No more DHCP agents
2026-07-09 14:23:31.903 8 WARNING neutron.api.rpc.agentnotifiers.dhcp_rpc_agent_api [None req-6d1f6888-745e-427f-a962-acf6661ea95d 20b65b4e492e438ea71101e2c3b895b6 bf85fd0518794c06a92e767990976e69 - - default default] Unable to schedule network d0322910-d5fe-4e5a-bbb0-2108d6b3bce5: no agents available; will retry on subsequent port and subnet creation events.
2026-07-09 14:23:32.124 8 INFO neutron.db.ovn_revision_numbers_db [None req-6d1f6888-745e-427f-a962-acf6661ea95d 20b65b4e492e438ea71101e2c3b895b6 bf85fd0518794c06a92e767990976e69 - - default default] Successfully bumped revision number for resource 05474ea3-8d37-46c7-856a-c3f124306328 (type: ports) to 1 [pid: 8|app: 0|req: 515/1086] 10.0.0.165 () {34 vars in 670 bytes} [Thu Jul 9 14:23:29 2026] POST /v2.0/networks => generated 1320 bytes in 2469 msecs (HTTP/1.1 201) 4 headers in 163 bytes (1 switches on core 0)
2026-07-09 14:23:32.514 8 INFO neutron.db.ovn_revision_numbers_db [None req-601552e5-d83e-41f8-9387-f24559b8a980 - - - - - -] Successfully bumped revision number for resource ed3758e2-236d-4c6f-8742-bfb13f3b0b0d (type: ports) to 4 [pid: 8|app: 0|req: 516/1087] 10.0.0.165 () {32 vars in 740 bytes} [Thu Jul 9 14:23:32 2026] DELETE /v2.0/security-groups/c395e843-ffdb-4541-9d39-4648df6c9a42 => generated 0 bytes in 435 msecs (HTTP/1.1 204) 2 headers in 112 bytes (1 switches on core 0)
2026-07-09 14:23:32.981 7 WARNING neutron.scheduler.dhcp_agent_scheduler [None req-7b371427-83bf-4e22-9d23-d2e464529bd3 908bb38ebfaf4bfa95286d55450558c3 5f29ff917bc04b0092d07815578bfb47 - - default default] No more DHCP agents
2026-07-09 14:23:32.983 7 WARNING neutron.api.rpc.agentnotifiers.dhcp_rpc_agent_api [None req-7b371427-83bf-4e22-9d23-d2e464529bd3 908bb38ebfaf4bfa95286d55450558c3 5f29ff917bc04b0092d07815578bfb47 - - default default] Unable to schedule network 77770292-5f97-43e2-a54f-ea8fae800dae: no agents available; will retry on subsequent port and subnet creation events.
2026-07-09 14:23:33.096 8 INFO neutron.db.ovn_revision_numbers_db [None req-a4dce94d-6f35-4e32-8803-ccd14f173bd5 490c5c6d8763400f9e542d9fb97b315b ee571ffd186940e28cb94cf0332bf974 - - default default] Successfully bumped revision number for resource baa765fd-2b71-42f5-af57-c22a0b1ef697 (type: security_groups) to 1
2026-07-09 14:23:33.112 8 INFO neutron.db.ovn_revision_numbers_db [None req-a4dce94d-6f35-4e32-8803-ccd14f173bd5 490c5c6d8763400f9e542d9fb97b315b ee571ffd186940e28cb94cf0332bf974 - - default default] Successfully bumped revision number for resource 2b22c349-b250-46f8-bde8-638318ad34b9 (type: security_group_rules) to 0
2026-07-09 14:23:33.144 8 INFO neutron.db.ovn_revision_numbers_db [None req-a4dce94d-6f35-4e32-8803-ccd14f173bd5 490c5c6d8763400f9e542d9fb97b315b ee571ffd186940e28cb94cf0332bf974 - - default default] Successfully bumped revision number for resource 54d32eef-7aee-4c27-8479-120fb94071c0 (type: security_group_rules) to 0
2026-07-09 14:23:33.160 8 INFO neutron.db.ovn_revision_numbers_db [None req-601552e5-d83e-41f8-9387-f24559b8a980 - - - - - -] Successfully bumped revision number for resource ed3758e2-236d-4c6f-8742-bfb13f3b0b0d (type: ports) to 5
2026-07-09 14:23:33.167 8 INFO neutron.db.ovn_revision_numbers_db [None req-a4dce94d-6f35-4e32-8803-ccd14f173bd5 490c5c6d8763400f9e542d9fb97b315b ee571ffd186940e28cb94cf0332bf974 - - default default] Successfully bumped revision number for resource 80d53abe-a350-45eb-9eae-481beadf96ff (type: security_group_rules) to 0
2026-07-09 14:23:33.195 8 INFO neutron.db.ovn_revision_numbers_db [None req-a4dce94d-6f35-4e32-8803-ccd14f173bd5 490c5c6d8763400f9e542d9fb97b315b ee571ffd186940e28cb94cf0332bf974 - - default default] Successfully bumped revision number for resource eae1d888-06c5-432f-b2b1-bc0624468b2a (type: security_group_rules) to 0
2026-07-09 14:23:33.327 8 INFO neutron.db.segments_db [None req-a4dce94d-6f35-4e32-8803-ccd14f173bd5 490c5c6d8763400f9e542d9fb97b315b ee571ffd186940e28cb94cf0332bf974 - - default default] Added segment afdacaab-7e6b-432a-a9b2-3d264872f316 of type geneve for network 460e36c6-4272-49d0-959f-38da42b189dc
2026-07-09 14:23:33.518 8 INFO neutron.db.ovn_revision_numbers_db [None req-a4dce94d-6f35-4e32-8803-ccd14f173bd5 490c5c6d8763400f9e542d9fb97b315b ee571ffd186940e28cb94cf0332bf974 - - default default] Successfully bumped revision number for resource 460e36c6-4272-49d0-959f-38da42b189dc (type: networks) to 1
2026-07-09 14:23:33.585 7 INFO neutron.db.ovn_revision_numbers_db [None req-7b371427-83bf-4e22-9d23-d2e464529bd3 908bb38ebfaf4bfa95286d55450558c3 5f29ff917bc04b0092d07815578bfb47 - - default default] Successfully bumped revision number for resource bfaa54fa-9be7-4374-82fc-a0184d9b2664 (type: router_ports) to 1 [pid: 7|app: 0|req: 572/1088] 10.0.0.165 () {34 vars in 783 bytes} [Thu Jul 9 14:23:30 2026] PUT /v2.0/routers/c7f10fc5-fe68-45fb-9087-62e2010d9376/add_router_interface => generated 310 bytes in 2751 msecs (HTTP/1.1 200) 4 headers in 157 bytes (1 switches on core 0) [pid: 7|app: 0|req: 573/1089] 10.0.0.165 () {32 vars in 649 bytes} [Thu Jul 9 14:23:33 2026] GET /v2.0/networks => generated 1969 bytes in 43 msecs (HTTP/1.1 200) 4 headers in 158 bytes (1 switches on core 0)
2026-07-09 14:23:33.756 7 INFO neutron_taas.services.taas.taas_plugin [None req-afeafcd3-222d-47ae-bd0c-c2e5a68f532d 20b65b4e492e438ea71101e2c3b895b6 bf85fd0518794c06a92e767990976e69 - - default default] TaaS: Handle Delete Port: 382277fe-ac71-4340-8f33-b92009ec3525
2026-07-09 14:23:33.759 7 INFO neutron_taas.services.taas.tap_mirror_plugin [None req-afeafcd3-222d-47ae-bd0c-c2e5a68f532d 20b65b4e492e438ea71101e2c3b895b6 bf85fd0518794c06a92e767990976e69 - - default default] Tap Mirror: Handle Delete Port: 382277fe-ac71-4340-8f33-b92009ec3525
2026-07-09 14:23:33.786 8 WARNING neutron.scheduler.dhcp_agent_scheduler [None req-a4dce94d-6f35-4e32-8803-ccd14f173bd5 490c5c6d8763400f9e542d9fb97b315b ee571ffd186940e28cb94cf0332bf974 - - default default] No more DHCP agents
2026-07-09 14:23:33.787 8 WARNING neutron.api.rpc.agentnotifiers.dhcp_rpc_agent_api [None req-a4dce94d-6f35-4e32-8803-ccd14f173bd5 490c5c6d8763400f9e542d9fb97b315b ee571ffd186940e28cb94cf0332bf974 - - default default] Unable to schedule network 460e36c6-4272-49d0-959f-38da42b189dc: no agents available; will retry on subsequent port and subnet creation events.
2026-07-09 14:23:33.973 8 INFO neutron.db.ovn_revision_numbers_db [None req-a4dce94d-6f35-4e32-8803-ccd14f173bd5 490c5c6d8763400f9e542d9fb97b315b ee571ffd186940e28cb94cf0332bf974 - - default default] Successfully bumped revision number for resource 793ce5db-85f1-4bcc-a859-9d7c85739da9 (type: ports) to 1
2026-07-09 14:23:34.016 8 INFO neutron.plugins.ml2.drivers.ovn.mech_driver.mech_driver [None req-7644390a-c22b-407e-a4e1-d51f5f665895 - - - - - -] OVN reports status down for port: 382277fe-ac71-4340-8f33-b92009ec3525
2026-07-09 14:23:34.034 8 INFO neutron.plugins.ml2.drivers.ovn.mech_driver.mech_driver [None req-7644390a-c22b-407e-a4e1-d51f5f665895 - - - - - -] OVN reports status down for port: bfaa54fa-9be7-4374-82fc-a0184d9b2664 [pid: 8|app: 0|req: 517/1090] 10.0.0.165 () {34 vars in 670 bytes} [Thu Jul 9 14:23:32 2026] POST /v2.0/networks => generated 688 bytes in 1432 msecs (HTTP/1.1 201) 4 headers in 162 bytes (1 switches on core 0)
2026-07-09 14:23:34.037 7 INFO neutron.services.segments.plugin [-] Segment a22dc7c3-d300-4e3a-ad33-a353df60748c resource provider aggregate not found
2026-07-09 14:23:34.042 7 INFO neutron.services.segments.plugin [-] Segment a22dc7c3-d300-4e3a-ad33-a353df60748c resource provider aggregate not found
2026-07-09 14:23:34.064 7 INFO neutron.services.segments.plugin [-] Client error retrieving segment a22dc7c3-d300-4e3a-ad33-a353df60748c resource provider; error: Placement Client Error (4xx): {"errors": [{"status": 404, "title": "Not Found", "detail": "The resource could not be found.\n\n No resource provider with uuid a22dc7c3-d300-4e3a-ad33-a353df60748c found for delete ", "request_id": "req-0010d5c7-8da7-4c6f-9617-2494cd7f5149"}]}
2026-07-09 14:23:34.066 7 INFO neutron.services.segments.plugin [-] Client error retrieving segment a22dc7c3-d300-4e3a-ad33-a353df60748c resource provider; error: Placement Client Error (4xx): {"errors": [{"status": 404, "title": "Not Found", "detail": "The resource could not be found.\n\n No resource provider with uuid a22dc7c3-d300-4e3a-ad33-a353df60748c found for delete ", "request_id": "req-93e9208e-a551-4a19-87ea-e2c501617d72"}]} [pid: 7|app: 0|req: 574/1091] 10.0.0.165 () {32 vars in 726 bytes} [Thu Jul 9 14:23:33 2026] DELETE /v2.0/networks/c194e311-f5fd-4634-8581-07578f51514b => generated 0 bytes in 463 msecs (HTTP/1.1 204) 3 headers in 131 bytes (1 switches on core 0)
2026-07-09 14:23:34.163 8 WARNING neutron.plugins.ml2.drivers.ovn.mech_driver.ovsdb.ovn_client [None req-7644390a-c22b-407e-a4e1-d51f5f665895 - - - - - -] Logical_Switch_Port bfaa54fa-9be7-4374-82fc-a0184d9b2664 host information not removed, the port state is up
2026-07-09 14:23:34.164 8 INFO neutron.plugins.ml2.drivers.ovn.mech_driver.mech_driver [None req-7644390a-c22b-407e-a4e1-d51f5f665895 - - - - - -] OVN reports status down for port: 05474ea3-8d37-46c7-856a-c3f124306328
2026-07-09 14:23:34.245 7 INFO neutron_taas.services.taas.taas_plugin [None req-de47653e-6aa7-4ee9-b880-cfb08b028fd4 20b65b4e492e438ea71101e2c3b895b6 bf85fd0518794c06a92e767990976e69 - - default default] TaaS: Handle Delete Port: 05474ea3-8d37-46c7-856a-c3f124306328
2026-07-09 14:23:34.248 7 INFO neutron_taas.services.taas.tap_mirror_plugin [None req-de47653e-6aa7-4ee9-b880-cfb08b028fd4 20b65b4e492e438ea71101e2c3b895b6 bf85fd0518794c06a92e767990976e69 - - default default] Tap Mirror: Handle Delete Port: 05474ea3-8d37-46c7-856a-c3f124306328
2026-07-09 14:23:34.279 8 INFO neutron.plugins.ml2.drivers.ovn.mech_driver.mech_driver [None req-7644390a-c22b-407e-a4e1-d51f5f665895 - - - - - -] OVN reports status up for port: bfaa54fa-9be7-4374-82fc-a0184d9b2664
2026-07-09 14:23:34.304 8 INFO neutron.plugins.ml2.plugin [None req-7644390a-c22b-407e-a4e1-d51f5f665895 - - - - - -] Attempt 1 to provision port bfaa54fa-9be7-4374-82fc-a0184d9b2664
2026-07-09 14:23:34.418 8 WARNING neutron.scheduler.dhcp_agent_scheduler [None req-46ecf6b8-28da-4442-be9e-8222e18a26d0 490c5c6d8763400f9e542d9fb97b315b ee571ffd186940e28cb94cf0332bf974 - - default default] No more DHCP agents
2026-07-09 14:23:34.426 8 WARNING neutron.api.rpc.agentnotifiers.dhcp_rpc_agent_api [None req-46ecf6b8-28da-4442-be9e-8222e18a26d0 490c5c6d8763400f9e542d9fb97b315b ee571ffd186940e28cb94cf0332bf974 - - default default] Unable to schedule network 460e36c6-4272-49d0-959f-38da42b189dc: no agents available; will retry on subsequent port and subnet creation events.
2026-07-09 14:23:34.502 8 INFO neutron.db.ovn_revision_numbers_db [None req-46ecf6b8-28da-4442-be9e-8222e18a26d0 490c5c6d8763400f9e542d9fb97b315b ee571ffd186940e28cb94cf0332bf974 - - default default] Successfully bumped revision number for resource a15d6cf7-c201-4b76-81d9-c8ba9432f4fa (type: subnets) to 0 [pid: 7|app: 0|req: 575/1092] 10.0.0.165 () {32 vars in 726 bytes} [Thu Jul 9 14:23:34 2026] DELETE /v2.0/networks/d0322910-d5fe-4e5a-bbb0-2108d6b3bce5 => generated 0 bytes in 442 msecs (HTTP/1.1 204) 3 headers in 131 bytes (1 switches on core 0) [pid: 8|app: 0|req: 518/1093] 10.0.0.165 () {34 vars in 669 bytes} [Thu Jul 9 14:23:34 2026] POST /v2.0/subnets => generated 627 bytes in 525 msecs (HTTP/1.1 201) 4 headers in 162 bytes (1 switches on core 0) [pid: 8|app: 0|req: 519/1094] 10.0.0.165 () {32 vars in 649 bytes} [Thu Jul 9 14:23:34 2026] GET /v2.0/networks => generated 689 bytes in 121 msecs (HTTP/1.1 200) 4 headers in 157 bytes (1 switches on core 0)
2026-07-09 14:23:34.970 7 INFO neutron.db.ovn_revision_numbers_db [None req-69e060ca-377c-4736-bd9a-edc872b7476d 908bb38ebfaf4bfa95286d55450558c3 5f29ff917bc04b0092d07815578bfb47 - - default default] Successfully bumped revision number for resource 5c658638-b28f-43eb-a59d-04fb3dc1f1e7 (type: security_groups) to 1
2026-07-09 14:23:34.981 7 INFO neutron.db.ovn_revision_numbers_db [None req-69e060ca-377c-4736-bd9a-edc872b7476d 908bb38ebfaf4bfa95286d55450558c3 5f29ff917bc04b0092d07815578bfb47 - - default default] Successfully bumped revision number for resource 2f05c0fa-e566-4c58-ab44-fb2db83e9109 (type: security_group_rules) to 0
2026-07-09 14:23:34.994 7 INFO neutron.db.ovn_revision_numbers_db [None req-69e060ca-377c-4736-bd9a-edc872b7476d 908bb38ebfaf4bfa95286d55450558c3 5f29ff917bc04b0092d07815578bfb47 - - default default] Successfully bumped revision number for resource 4536213a-a725-45d8-ac33-08c9fb04e4ae (type: security_group_rules) to 0
2026-07-09 14:23:35.009 7 INFO neutron.db.ovn_revision_numbers_db [None req-69e060ca-377c-4736-bd9a-edc872b7476d 908bb38ebfaf4bfa95286d55450558c3 5f29ff917bc04b0092d07815578bfb47 - - default default] Successfully bumped revision number for resource 5b583700-f9b6-4c3f-af06-5c08a3861d31 (type: security_group_rules) to 0
2026-07-09 14:23:35.022 7 INFO neutron.db.ovn_revision_numbers_db [None req-69e060ca-377c-4736-bd9a-edc872b7476d 908bb38ebfaf4bfa95286d55450558c3 5f29ff917bc04b0092d07815578bfb47 - - default default] Successfully bumped revision number for resource 6c2a18f3-1dcb-47de-8324-5a2eb7e8d1f6 (type: security_group_rules) to 0
2026-07-09 14:23:35.103 7 INFO neutron.db.segments_db [None req-69e060ca-377c-4736-bd9a-edc872b7476d 908bb38ebfaf4bfa95286d55450558c3 5f29ff917bc04b0092d07815578bfb47 - - default default] Added segment 973d0468-3f00-4dd6-9788-670d7ffed556 of type geneve for network a8823934-2429-4414-b93f-01729de1e439
2026-07-09 14:23:35.237 7 INFO neutron.db.ovn_revision_numbers_db [None req-69e060ca-377c-4736-bd9a-edc872b7476d 908bb38ebfaf4bfa95286d55450558c3 5f29ff917bc04b0092d07815578bfb47 - - default default] Successfully bumped revision number for resource a8823934-2429-4414-b93f-01729de1e439 (type: networks) to 1
2026-07-09 14:23:35.424 7 WARNING neutron.scheduler.dhcp_agent_scheduler [None req-69e060ca-377c-4736-bd9a-edc872b7476d 908bb38ebfaf4bfa95286d55450558c3 5f29ff917bc04b0092d07815578bfb47 - - default default] No more DHCP agents
2026-07-09 14:23:35.425 7 WARNING neutron.api.rpc.agentnotifiers.dhcp_rpc_agent_api [None req-69e060ca-377c-4736-bd9a-edc872b7476d 908bb38ebfaf4bfa95286d55450558c3 5f29ff917bc04b0092d07815578bfb47 - - default default] Unable to schedule network a8823934-2429-4414-b93f-01729de1e439: no agents available; will retry on subsequent port and subnet creation events.
2026-07-09 14:23:35.528 7 INFO neutron.db.ovn_revision_numbers_db [None req-69e060ca-377c-4736-bd9a-edc872b7476d 908bb38ebfaf4bfa95286d55450558c3 5f29ff917bc04b0092d07815578bfb47 - - default default] Successfully bumped revision number for resource 98213009-6100-4ffc-ab8e-757a53b05cc7 (type: ports) to 1 [pid: 7|app: 0|req: 576/1095] 10.0.0.165 () {34 vars in 671 bytes} [Thu Jul 9 14:23:34 2026] POST /v2.0/networks => generated 783 bytes in 1009 msecs (HTTP/1.1 201) 4 headers in 162 bytes (1 switches on core 0)
2026-07-09 14:23:35.657 7 INFO neutron.db.segments_db [None req-76459197-7d9a-4b94-a6b4-73694d3f7f02 20b65b4e492e438ea71101e2c3b895b6 bf85fd0518794c06a92e767990976e69 - - default default] Added segment d3ac303d-cea8-4898-a863-125bc1617de7 of type geneve for network fabaa0bb-5f8a-48ed-ac85-71e975e1b8b2
2026-07-09 14:23:35.825 7 INFO neutron.db.ovn_revision_numbers_db [None req-76459197-7d9a-4b94-a6b4-73694d3f7f02 20b65b4e492e438ea71101e2c3b895b6 bf85fd0518794c06a92e767990976e69 - - default default] Successfully bumped revision number for resource fabaa0bb-5f8a-48ed-ac85-71e975e1b8b2 (type: networks) to 1
2026-07-09 14:23:36.034 7 WARNING neutron.scheduler.dhcp_agent_scheduler [None req-76459197-7d9a-4b94-a6b4-73694d3f7f02 20b65b4e492e438ea71101e2c3b895b6 bf85fd0518794c06a92e767990976e69 - - default default] No more DHCP agents
2026-07-09 14:23:36.036 7 WARNING neutron.api.rpc.agentnotifiers.dhcp_rpc_agent_api [None req-76459197-7d9a-4b94-a6b4-73694d3f7f02 20b65b4e492e438ea71101e2c3b895b6 bf85fd0518794c06a92e767990976e69 - - default default] Unable to schedule network fabaa0bb-5f8a-48ed-ac85-71e975e1b8b2: no agents available; will retry on subsequent port and subnet creation events.
2026-07-09 14:23:36.088 7 INFO neutron.services.segments.plugin [-] Segment 4eb69e78-cf27-4db5-a35e-08e1206de08e resource provider aggregate not found
2026-07-09 14:23:36.095 7 INFO neutron.services.segments.plugin [-] Segment 4eb69e78-cf27-4db5-a35e-08e1206de08e resource provider aggregate not found
2026-07-09 14:23:36.111 7 INFO neutron.services.segments.plugin [-] Client error retrieving segment 4eb69e78-cf27-4db5-a35e-08e1206de08e resource provider; error: Placement Client Error (4xx): {"errors": [{"status": 404, "title": "Not Found", "detail": "The resource could not be found.\n\n No resource provider with uuid 4eb69e78-cf27-4db5-a35e-08e1206de08e found for delete ", "request_id": "req-e7f6b96a-28a2-424a-85e3-b104079a5f8c"}]}
2026-07-09 14:23:36.115 7 INFO neutron.services.segments.plugin [-] Client error retrieving segment 4eb69e78-cf27-4db5-a35e-08e1206de08e resource provider; error: Placement Client Error (4xx): {"errors": [{"status": 404, "title": "Not Found", "detail": "The resource could not be found.\n\n No resource provider with uuid 4eb69e78-cf27-4db5-a35e-08e1206de08e found for delete ", "request_id": "req-77d9889f-4cfb-431b-95d6-5d88fbb51a82"}]}
2026-07-09 14:23:36.175 7 INFO neutron.db.ovn_revision_numbers_db [None req-76459197-7d9a-4b94-a6b4-73694d3f7f02 20b65b4e492e438ea71101e2c3b895b6 bf85fd0518794c06a92e767990976e69 - - default default] Successfully bumped revision number for resource be17b5c0-d34f-49a6-8afe-ef590dc1f286 (type: ports) to 1 [pid: 7|app: 0|req: 577/1096] 10.0.0.165 () {34 vars in 670 bytes} [Thu Jul 9 14:23:35 2026] POST /v2.0/networks => generated 688 bytes in 640 msecs (HTTP/1.1 201) 4 headers in 162 bytes (1 switches on core 0)
2026-07-09 14:23:36.277 8 INFO neutron.db.ovn_revision_numbers_db [None req-7644390a-c22b-407e-a4e1-d51f5f665895 - - - - - -] Successfully bumped revision number for resource bfaa54fa-9be7-4374-82fc-a0184d9b2664 (type: ports) to 2
2026-07-09 14:23:36.367 7 WARNING neutron.scheduler.dhcp_agent_scheduler [None req-4cb52097-bcfd-4734-8535-fc2060b3beca 908bb38ebfaf4bfa95286d55450558c3 5f29ff917bc04b0092d07815578bfb47 - - default default] No more DHCP agents
2026-07-09 14:23:36.370 7 WARNING neutron.api.rpc.agentnotifiers.dhcp_rpc_agent_api [None req-4cb52097-bcfd-4734-8535-fc2060b3beca 908bb38ebfaf4bfa95286d55450558c3 5f29ff917bc04b0092d07815578bfb47 - - default default] Unable to schedule network a8823934-2429-4414-b93f-01729de1e439: no agents available; will retry on subsequent port and subnet creation events.
2026-07-09 14:23:36.439 8 WARNING neutron.scheduler.dhcp_agent_scheduler [None req-33c6f6b1-0546-481b-bd1f-16609c508984 490c5c6d8763400f9e542d9fb97b315b ee571ffd186940e28cb94cf0332bf974 - - default default] No more DHCP agents
2026-07-09 14:23:36.442 8 WARNING neutron.api.rpc.agentnotifiers.dhcp_rpc_agent_api [None req-33c6f6b1-0546-481b-bd1f-16609c508984 490c5c6d8763400f9e542d9fb97b315b ee571ffd186940e28cb94cf0332bf974 - - default default] Unable to schedule network 74f6b124-6190-4e34-8e4c-18549b6bf262: no agents available; will retry on subsequent port and subnet creation events.
2026-07-09 14:23:36.680 8 INFO neutron.db.ovn_revision_numbers_db [None req-33c6f6b1-0546-481b-bd1f-16609c508984 490c5c6d8763400f9e542d9fb97b315b ee571ffd186940e28cb94cf0332bf974 - - default default] Successfully bumped revision number for resource fb41d964-aca1-45a1-aff7-d857dcc74a8e (type: ports) to 1
2026-07-09 14:23:37.009 7 INFO neutron.db.ovn_revision_numbers_db [None req-4cb52097-bcfd-4734-8535-fc2060b3beca 908bb38ebfaf4bfa95286d55450558c3 5f29ff917bc04b0092d07815578bfb47 - - default default] Successfully bumped revision number for resource 98213009-6100-4ffc-ab8e-757a53b05cc7 (type: ports) to 2
2026-07-09 14:23:37.034 7 INFO neutron.db.ovn_revision_numbers_db [None req-4cb52097-bcfd-4734-8535-fc2060b3beca 908bb38ebfaf4bfa95286d55450558c3 5f29ff917bc04b0092d07815578bfb47 - - default default] Successfully bumped revision number for resource 0d140987-526a-41ba-8b4b-224ae1e06953 (type: subnets) to 0 [pid: 7|app: 0|req: 578/1097] 10.0.0.165 () {34 vars in 669 bytes} [Thu Jul 9 14:23:36 2026] POST /v2.0/subnets => generated 689 bytes in 849 msecs (HTTP/1.1 201) 4 headers in 162 bytes (1 switches on core 0) [pid: 7|app: 0|req: 579/1098] 10.0.0.117 () {34 vars in 982 bytes} [Thu Jul 9 14:23:37 2026] GET /v2.0/networks?id=77770292-5f97-43e2-a54f-ea8fae800dae => generated 711 bytes in 33 msecs (HTTP/1.1 200) 4 headers in 157 bytes (1 switches on core 0)
2026-07-09 14:23:37.171 7 INFO neutron.db.segments_db [None req-42664e4d-40ff-4e9b-9d63-641e21f866d2 20b65b4e492e438ea71101e2c3b895b6 bf85fd0518794c06a92e767990976e69 - - default default] Added segment 72e03ac4-9159-463e-b3f6-139272b2109a of type geneve for network 7fc940b3-d313-4235-ba1c-4dbcadd8d761
2026-07-09 14:23:37.304 7 INFO neutron.db.ovn_revision_numbers_db [None req-42664e4d-40ff-4e9b-9d63-641e21f866d2 20b65b4e492e438ea71101e2c3b895b6 bf85fd0518794c06a92e767990976e69 - - default default] Successfully bumped revision number for resource 7fc940b3-d313-4235-ba1c-4dbcadd8d761 (type: networks) to 1
2026-07-09 14:23:37.523 8 INFO neutron.db.ovn_revision_numbers_db [None req-33c6f6b1-0546-481b-bd1f-16609c508984 490c5c6d8763400f9e542d9fb97b315b ee571ffd186940e28cb94cf0332bf974 - - default default] Successfully bumped revision number for resource fb41d964-aca1-45a1-aff7-d857dcc74a8e (type: router_ports) to 1
2026-07-09 14:23:37.596 8 INFO neutron.db.ovn_revision_numbers_db [None req-33c6f6b1-0546-481b-bd1f-16609c508984 490c5c6d8763400f9e542d9fb97b315b ee571ffd186940e28cb94cf0332bf974 - - default default] Successfully bumped revision number for resource 2786efa5-700b-41dc-8f74-241c023aa588 (type: routers) to 2
2026-07-09 14:23:37.612 7 WARNING neutron.scheduler.dhcp_agent_scheduler [None req-42664e4d-40ff-4e9b-9d63-641e21f866d2 20b65b4e492e438ea71101e2c3b895b6 bf85fd0518794c06a92e767990976e69 - - default default] No more DHCP agents [pid: 8|app: 0|req: 520/1099] 10.0.0.165 () {34 vars in 669 bytes} [Thu Jul 9 14:23:34 2026] POST /v2.0/routers => generated 976 bytes in 2928 msecs (HTTP/1.1 201) 4 headers in 162 bytes (1 switches on core 0)
2026-07-09 14:23:37.613 7 WARNING neutron.api.rpc.agentnotifiers.dhcp_rpc_agent_api [None req-42664e4d-40ff-4e9b-9d63-641e21f866d2 20b65b4e492e438ea71101e2c3b895b6 bf85fd0518794c06a92e767990976e69 - - default default] Unable to schedule network 7fc940b3-d313-4235-ba1c-4dbcadd8d761: no agents available; will retry on subsequent port and subnet creation events.
2026-07-09 14:23:37.747 7 INFO neutron.db.ovn_revision_numbers_db [None req-42664e4d-40ff-4e9b-9d63-641e21f866d2 20b65b4e492e438ea71101e2c3b895b6 bf85fd0518794c06a92e767990976e69 - - default default] Successfully bumped revision number for resource e5ee8fc2-e797-4001-9b0c-92b36735e0b0 (type: ports) to 1 [pid: 7|app: 0|req: 580/1100] 10.0.0.165 () {34 vars in 670 bytes} [Thu Jul 9 14:23:37 2026] POST /v2.0/networks => generated 687 bytes in 688 msecs (HTTP/1.1 201) 4 headers in 162 bytes (1 switches on core 0) [pid: 7|app: 0|req: 581/1101] 10.0.0.117 () {34 vars in 965 bytes} [Thu Jul 9 14:23:37 2026] GET /v2.0/quotas/bdd3278e3274430e8040dfd90fc8ec77 => generated 312 bytes in 10 msecs (HTTP/1.1 200) 4 headers in 157 bytes (1 switches on core 0)
2026-07-09 14:23:38.123 8 WARNING neutron.scheduler.dhcp_agent_scheduler [None req-7ad14e7d-4898-48bd-887c-83cea8de0b3c 908bb38ebfaf4bfa95286d55450558c3 5f29ff917bc04b0092d07815578bfb47 - - default default] No more DHCP agents
2026-07-09 14:23:38.124 8 WARNING neutron.api.rpc.agentnotifiers.dhcp_rpc_agent_api [None req-7ad14e7d-4898-48bd-887c-83cea8de0b3c 908bb38ebfaf4bfa95286d55450558c3 5f29ff917bc04b0092d07815578bfb47 - - default default] Unable to schedule network 74f6b124-6190-4e34-8e4c-18549b6bf262: no agents available; will retry on subsequent port and subnet creation events.
2026-07-09 14:23:38.362 8 INFO neutron.db.ovn_revision_numbers_db [None req-7ad14e7d-4898-48bd-887c-83cea8de0b3c 908bb38ebfaf4bfa95286d55450558c3 5f29ff917bc04b0092d07815578bfb47 - - default default] Successfully bumped revision number for resource 8a95eebe-888c-4c25-bd15-ca693d8e2b85 (type: ports) to 1
2026-07-09 14:23:38.471 7 WARNING neutron.scheduler.dhcp_agent_scheduler [None req-4664f425-78e1-4dff-bfc4-1dca897e53a9 490c5c6d8763400f9e542d9fb97b315b ee571ffd186940e28cb94cf0332bf974 - - default default] No more DHCP agents
2026-07-09 14:23:38.472 7 WARNING neutron.api.rpc.agentnotifiers.dhcp_rpc_agent_api [None req-4664f425-78e1-4dff-bfc4-1dca897e53a9 490c5c6d8763400f9e542d9fb97b315b ee571ffd186940e28cb94cf0332bf974 - - default default] Unable to schedule network 460e36c6-4272-49d0-959f-38da42b189dc: no agents available; will retry on subsequent port and subnet creation events.
2026-07-09 14:23:38.636 7 INFO neutron.db.ovn_revision_numbers_db [None req-4664f425-78e1-4dff-bfc4-1dca897e53a9 490c5c6d8763400f9e542d9fb97b315b ee571ffd186940e28cb94cf0332bf974 - - default default] Successfully bumped revision number for resource 18fb4895-a80c-409e-9bd3-910ff019a085 (type: ports) to 1
2026-07-09 14:23:39.082 8 INFO neutron.plugins.ml2.drivers.ovn.mech_driver.ovsdb.ovsdb_monitor [None req-601552e5-d83e-41f8-9387-f24559b8a980 - - - - - -] Router 5e26b82c-b33c-49b3-be79-1b86b5ccd979 is bound to host instance
2026-07-09 14:23:39.257 8 INFO neutron.db.ovn_revision_numbers_db [None req-7ad14e7d-4898-48bd-887c-83cea8de0b3c 908bb38ebfaf4bfa95286d55450558c3 5f29ff917bc04b0092d07815578bfb47 - - default default] Successfully bumped revision number for resource 8a95eebe-888c-4c25-bd15-ca693d8e2b85 (type: router_ports) to 1
2026-07-09 14:23:39.464 8 INFO neutron.db.ovn_revision_numbers_db [None req-7ad14e7d-4898-48bd-887c-83cea8de0b3c 908bb38ebfaf4bfa95286d55450558c3 5f29ff917bc04b0092d07815578bfb47 - - default default] Successfully bumped revision number for resource 5e26b82c-b33c-49b3-be79-1b86b5ccd979 (type: routers) to 2 [pid: 8|app: 0|req: 521/1102] 10.0.0.165 () {34 vars in 669 bytes} [Thu Jul 9 14:23:37 2026] POST /v2.0/routers => generated 988 bytes in 1926 msecs (HTTP/1.1 201) 4 headers in 162 bytes (1 switches on core 0)
2026-07-09 14:23:39.573 7 WARNING neutron.scheduler.dhcp_agent_scheduler [None req-4664f425-78e1-4dff-bfc4-1dca897e53a9 490c5c6d8763400f9e542d9fb97b315b ee571ffd186940e28cb94cf0332bf974 - - default default] No more DHCP agents
2026-07-09 14:23:39.575 7 WARNING neutron.api.rpc.agentnotifiers.dhcp_rpc_agent_api [None req-4664f425-78e1-4dff-bfc4-1dca897e53a9 490c5c6d8763400f9e542d9fb97b315b ee571ffd186940e28cb94cf0332bf974 - - default default] Unable to schedule network 460e36c6-4272-49d0-959f-38da42b189dc: no agents available; will retry on subsequent port and subnet creation events.
2026-07-09 14:23:39.910 7 INFO neutron.db.ovn_revision_numbers_db [None req-4664f425-78e1-4dff-bfc4-1dca897e53a9 490c5c6d8763400f9e542d9fb97b315b ee571ffd186940e28cb94cf0332bf974 - - default default] Successfully bumped revision number for resource 18fb4895-a80c-409e-9bd3-910ff019a085 (type: router_ports) to 1 [pid: 7|app: 0|req: 582/1103] 10.0.0.165 () {34 vars in 783 bytes} [Thu Jul 9 14:23:37 2026] PUT /v2.0/routers/2786efa5-700b-41dc-8f74-241c023aa588/add_router_interface => generated 310 bytes in 2131 msecs (HTTP/1.1 200) 4 headers in 157 bytes (1 switches on core 0) [pid: 7|app: 0|req: 583/1104] 10.0.0.117 () {34 vars in 1002 bytes} [Thu Jul 9 14:23:39 2026] GET /v2.0/ports?tenant_id=bdd3278e3274430e8040dfd90fc8ec77&fields=id => generated 103 bytes in 79 msecs (HTTP/1.1 200) 4 headers in 157 bytes (1 switches on core 0)
2026-07-09 14:23:40.524 8 WARNING neutron.scheduler.dhcp_agent_scheduler [None req-2a78d726-dec8-478b-bf47-16d31f5b6a8b 20b65b4e492e438ea71101e2c3b895b6 bf85fd0518794c06a92e767990976e69 - - default default] No more DHCP agents
2026-07-09 14:23:40.528 8 WARNING neutron.api.rpc.agentnotifiers.dhcp_rpc_agent_api [None req-2a78d726-dec8-478b-bf47-16d31f5b6a8b 20b65b4e492e438ea71101e2c3b895b6 bf85fd0518794c06a92e767990976e69 - - default default] Unable to schedule network fabaa0bb-5f8a-48ed-ac85-71e975e1b8b2: no agents available; will retry on subsequent port and subnet creation events.
2026-07-09 14:23:40.549 7 WARNING neutron.scheduler.dhcp_agent_scheduler [None req-9b148746-b066-45f9-a778-14161d5b8d30 908bb38ebfaf4bfa95286d55450558c3 5f29ff917bc04b0092d07815578bfb47 - - default default] No more DHCP agents
2026-07-09 14:23:40.550 7 WARNING neutron.api.rpc.agentnotifiers.dhcp_rpc_agent_api [None req-9b148746-b066-45f9-a778-14161d5b8d30 908bb38ebfaf4bfa95286d55450558c3 5f29ff917bc04b0092d07815578bfb47 - - default default] Unable to schedule network a8823934-2429-4414-b93f-01729de1e439: no agents available; will retry on subsequent port and subnet creation events.
2026-07-09 14:23:40.802 7 INFO neutron.db.ovn_revision_numbers_db [None req-9b148746-b066-45f9-a778-14161d5b8d30 908bb38ebfaf4bfa95286d55450558c3 5f29ff917bc04b0092d07815578bfb47 - - default default] Successfully bumped revision number for resource 55e84673-7511-4ad1-a7e4-138a80b2e9c6 (type: ports) to 1
2026-07-09 14:23:40.819 8 INFO neutron.db.ovn_revision_numbers_db [None req-2a78d726-dec8-478b-bf47-16d31f5b6a8b 20b65b4e492e438ea71101e2c3b895b6 bf85fd0518794c06a92e767990976e69 - - default default] Successfully bumped revision number for resource 10cc1afc-0ada-4434-b4dd-83246cb11fc9 (type: ports) to 1
2026-07-09 14:23:40.921 8 WARNING neutron.scheduler.dhcp_agent_scheduler [None req-2a78d726-dec8-478b-bf47-16d31f5b6a8b 20b65b4e492e438ea71101e2c3b895b6 bf85fd0518794c06a92e767990976e69 - - default default] No more DHCP agents
2026-07-09 14:23:40.924 8 WARNING neutron.api.rpc.agentnotifiers.dhcp_rpc_agent_api [None req-2a78d726-dec8-478b-bf47-16d31f5b6a8b 20b65b4e492e438ea71101e2c3b895b6 bf85fd0518794c06a92e767990976e69 - - default default] Unable to schedule network 7fc940b3-d313-4235-ba1c-4dbcadd8d761: no agents available; will retry on subsequent port and subnet creation events.
2026-07-09 14:23:41.003 8 INFO neutron.db.ovn_revision_numbers_db [None req-f0425d31-ba7c-4f07-a2bb-e333b0f4a44c - - - - - -] Successfully bumped revision number for resource 8a95eebe-888c-4c25-bd15-ca693d8e2b85 (type: ports) to 4
2026-07-09 14:23:41.127 8 INFO neutron.db.ovn_revision_numbers_db [None req-2a78d726-dec8-478b-bf47-16d31f5b6a8b 20b65b4e492e438ea71101e2c3b895b6 bf85fd0518794c06a92e767990976e69 - - default default] Successfully bumped revision number for resource 7245abac-74da-4db8-acd4-ebd1666c61ea (type: ports) to 1 [pid: 8|app: 0|req: 522/1107] 10.0.0.165 () {34 vars in 665 bytes} [Thu Jul 9 14:23:39 2026] POST /v2.0/ports => generated 1505 bytes in 1636 msecs (HTTP/1.1 201) 4 headers in 163 bytes (1 switches on core 0) /var/lib/openstack/lib/python3.12/site-packages/pycadf/identifier.py:70: UserWarning: Invalid uuid: neutron. To ensure interoperability, identifiers should be a valid uuid. warnings.warn(('Invalid uuid: %s. To ensure interoperability, '
2026-07-09 14:23:41.673 8 WARNING neutron.plugins.ml2.drivers.ovn.mech_driver.ovsdb.ovn_client [None req-532551e0-7b82-467a-b7a8-34d233d606a8 - - - - - -] No hosting information found for port bfaa54fa-9be7-4374-82fc-a0184d9b2664: RuntimeError: No hosting information found for port bfaa54fa-9be7-4374-82fc-a0184d9b2664
2026-07-09 14:23:41.686 7 WARNING neutron.scheduler.dhcp_agent_scheduler [None req-9b148746-b066-45f9-a778-14161d5b8d30 908bb38ebfaf4bfa95286d55450558c3 5f29ff917bc04b0092d07815578bfb47 - - default default] No more DHCP agents
2026-07-09 14:23:41.687 7 WARNING neutron.api.rpc.agentnotifiers.dhcp_rpc_agent_api [None req-9b148746-b066-45f9-a778-14161d5b8d30 908bb38ebfaf4bfa95286d55450558c3 5f29ff917bc04b0092d07815578bfb47 - - default default] Unable to schedule network a8823934-2429-4414-b93f-01729de1e439: no agents available; will retry on subsequent port and subnet creation events.
2026-07-09 14:23:41.856 8 INFO neutron.common.ovn.utils [None req-532551e0-7b82-467a-b7a8-34d233d606a8 - - - - - -] HA Chassis Group neutron-77770292-5f97-43e2-a54f-ea8fae800dae synchronized; highest priority chassis 11be84cd-4499-43f9-a4a2-72e5f5160928
2026-07-09 14:23:41.892 8 INFO neutron.db.ovn_revision_numbers_db [None req-f0425d31-ba7c-4f07-a2bb-e333b0f4a44c - - - - - -] Successfully bumped revision number for resource 8a95eebe-888c-4c25-bd15-ca693d8e2b85 (type: ports) to 5
2026-07-09 14:23:42.051 8 WARNING neutron.scheduler.dhcp_agent_scheduler [None req-c5478a56-b02b-45a3-a6aa-418c8658a496 490c5c6d8763400f9e542d9fb97b315b ee571ffd186940e28cb94cf0332bf974 - - default default] No more DHCP agents
2026-07-09 14:23:42.057 8 WARNING neutron.api.rpc.agentnotifiers.dhcp_rpc_agent_api [None req-c5478a56-b02b-45a3-a6aa-418c8658a496 490c5c6d8763400f9e542d9fb97b315b ee571ffd186940e28cb94cf0332bf974 - - default default] Unable to schedule network 460e36c6-4272-49d0-959f-38da42b189dc: no agents available; will retry on subsequent port and subnet creation events.
2026-07-09 14:23:42.206 7 INFO neutron.db.ovn_revision_numbers_db [None req-9b148746-b066-45f9-a778-14161d5b8d30 908bb38ebfaf4bfa95286d55450558c3 5f29ff917bc04b0092d07815578bfb47 - - default default] Successfully bumped revision number for resource 55e84673-7511-4ad1-a7e4-138a80b2e9c6 (type: router_ports) to 1 [pid: 7|app: 0|req: 586/1108] 10.0.0.165 () {34 vars in 783 bytes} [Thu Jul 9 14:23:39 2026] PUT /v2.0/routers/5e26b82c-b33c-49b3-be79-1b86b5ccd979/add_router_interface => generated 310 bytes in 2212 msecs (HTTP/1.1 200) 4 headers in 157 bytes (1 switches on core 0) [pid: 7|app: 0|req: 587/1109] 10.0.0.117 () {34 vars in 1008 bytes} [Thu Jul 9 14:23:42 2026] GET /v2.0/networks/77770292-5f97-43e2-a54f-ea8fae800dae?fields=segments => generated 14 bytes in 52 msecs (HTTP/1.1 200) 4 headers in 156 bytes (1 switches on core 0)
2026-07-09 14:23:42.359 8 INFO neutron.db.ovn_revision_numbers_db [None req-532551e0-7b82-467a-b7a8-34d233d606a8 - - - - - -] Successfully bumped revision number for resource bfaa54fa-9be7-4374-82fc-a0184d9b2664 (type: router_ports) to 2
2026-07-09 14:23:42.362 8 INFO neutron.plugins.ml2.drivers.ovn.mech_driver.mech_driver [None req-532551e0-7b82-467a-b7a8-34d233d606a8 - - - - - -] OVN reports status down for port: 793ce5db-85f1-4bcc-a859-9d7c85739da9 [pid: 7|app: 0|req: 588/1110] 10.0.0.165 () {32 vars in 643 bytes} [Thu Jul 9 14:23:42 2026] GET /v2.0/ports => generated 3017 bytes in 116 msecs (HTTP/1.1 200) 4 headers in 158 bytes (1 switches on core 0) [pid: 7|app: 0|req: 589/1111] 10.0.0.117 () {34 vars in 1108 bytes} [Thu Jul 9 14:23:42 2026] GET /v2.0/networks/77770292-5f97-43e2-a54f-ea8fae800dae?fields=provider%3Aphysical_network&fields=provider%3Anetwork_type => generated 79 bytes in 43 msecs (HTTP/1.1 200) 4 headers in 156 bytes (1 switches on core 0)
2026-07-09 14:23:42.527 8 INFO neutron.plugins.ml2.drivers.ovn.mech_driver.mech_driver [None req-532551e0-7b82-467a-b7a8-34d233d606a8 - - - - - -] OVN reports status down for port: 98213009-6100-4ffc-ab8e-757a53b05cc7
2026-07-09 14:23:42.578 8 INFO neutron.db.ovn_revision_numbers_db [None req-c5478a56-b02b-45a3-a6aa-418c8658a496 490c5c6d8763400f9e542d9fb97b315b ee571ffd186940e28cb94cf0332bf974 - - default default] Successfully bumped revision number for resource 0dc9a75f-e124-478e-879e-885e99737e24 (type: ports) to 1
2026-07-09 14:23:42.608 7 INFO neutron_taas.services.taas.taas_plugin [None req-95420106-086a-441a-9703-ec06e9a3cb96 20b65b4e492e438ea71101e2c3b895b6 bf85fd0518794c06a92e767990976e69 - - default default] TaaS: Handle Delete Port: 10cc1afc-0ada-4434-b4dd-83246cb11fc9
2026-07-09 14:23:42.611 7 INFO neutron_taas.services.taas.tap_mirror_plugin [None req-95420106-086a-441a-9703-ec06e9a3cb96 20b65b4e492e438ea71101e2c3b895b6 bf85fd0518794c06a92e767990976e69 - - default default] Tap Mirror: Handle Delete Port: 10cc1afc-0ada-4434-b4dd-83246cb11fc9 [pid: 8|app: 0|req: 523/1112] 10.0.0.165 () {34 vars in 665 bytes} [Thu Jul 9 14:23:41 2026] POST /v2.0/ports => generated 955 bytes in 1447 msecs (HTTP/1.1 201) 4 headers in 162 bytes (1 switches on core 0) /var/lib/openstack/lib/python3.12/site-packages/pycadf/identifier.py:70: UserWarning: Invalid uuid: neutron. To ensure interoperability, identifiers should be a valid uuid. warnings.warn(('Invalid uuid: %s. To ensure interoperability, ' [pid: 8|app: 0|req: 524/1113] 10.0.0.117 () {34 vars in 1070 bytes} [Thu Jul 9 14:23:42 2026] GET /v2.0/ports?fields=security_groups&fields=device_id&device_id=f49eca22-f23a-4d2a-9f92-fadb155f8ce8 => generated 12 bytes in 35 msecs (HTTP/1.1 200) 4 headers in 156 bytes (1 switches on core 0) [pid: 7|app: 0|req: 590/1114] 10.0.0.165 () {32 vars in 720 bytes} [Thu Jul 9 14:23:42 2026] DELETE /v2.0/ports/10cc1afc-0ada-4434-b4dd-83246cb11fc9 => generated 0 bytes in 340 msecs (HTTP/1.1 204) 3 headers in 131 bytes (1 switches on core 0)
2026-07-09 14:23:42.844 8 INFO neutron.plugins.ml2.drivers.ovn.mech_driver.mech_driver [None req-532551e0-7b82-467a-b7a8-34d233d606a8 - - - - - -] OVN reports status down for port: be17b5c0-d34f-49a6-8afe-ef590dc1f286
2026-07-09 14:23:42.903 7 INFO neutron_taas.services.taas.taas_plugin [None req-45b2db5d-f58a-4648-9536-5737fdd5bae1 20b65b4e492e438ea71101e2c3b895b6 bf85fd0518794c06a92e767990976e69 - - default default] TaaS: Handle Delete Port: 7245abac-74da-4db8-acd4-ebd1666c61ea
2026-07-09 14:23:42.907 7 INFO neutron_taas.services.taas.tap_mirror_plugin [None req-45b2db5d-f58a-4648-9536-5737fdd5bae1 20b65b4e492e438ea71101e2c3b895b6 bf85fd0518794c06a92e767990976e69 - - default default] Tap Mirror: Handle Delete Port: 7245abac-74da-4db8-acd4-ebd1666c61ea
2026-07-09 14:23:42.971 8 INFO neutron.plugins.ml2.drivers.ovn.mech_driver.mech_driver [None req-532551e0-7b82-467a-b7a8-34d233d606a8 - - - - - -] OVN reports status down for port: fb41d964-aca1-45a1-aff7-d857dcc74a8e [pid: 7|app: 0|req: 591/1115] 10.0.0.165 () {32 vars in 720 bytes} [Thu Jul 9 14:23:42 2026] DELETE /v2.0/ports/7245abac-74da-4db8-acd4-ebd1666c61ea => generated 0 bytes in 297 msecs (HTTP/1.1 204) 3 headers in 131 bytes (1 switches on core 0)
2026-07-09 14:23:43.121 8 WARNING neutron.scheduler.dhcp_agent_scheduler [None req-2b610293-e958-4a58-b2f2-91f58bc52fee 490c5c6d8763400f9e542d9fb97b315b ee571ffd186940e28cb94cf0332bf974 - - default default] No more DHCP agents
2026-07-09 14:23:43.124 8 WARNING neutron.api.rpc.agentnotifiers.dhcp_rpc_agent_api [None req-2b610293-e958-4a58-b2f2-91f58bc52fee 490c5c6d8763400f9e542d9fb97b315b ee571ffd186940e28cb94cf0332bf974 - - default default] Unable to schedule network 460e36c6-4272-49d0-959f-38da42b189dc: no agents available; will retry on subsequent port and subnet creation events.
2026-07-09 14:23:43.141 8 WARNING neutron.plugins.ml2.drivers.ovn.mech_driver.ovsdb.ovn_client [None req-532551e0-7b82-467a-b7a8-34d233d606a8 - - - - - -] Logical_Switch_Port fb41d964-aca1-45a1-aff7-d857dcc74a8e host information not removed, the port state is up
2026-07-09 14:23:43.215 7 INFO neutron.db.ovn_revision_numbers_db [None req-7311358e-598b-4c83-ad5e-bcb3336b4dda bd73f1399b6446188128ff5231e9c577 b0a8d8a6fa344d35a45370a9a53fe939 - - default default] Successfully bumped revision number for resource 357be022-15c8-458a-87b1-4f8e89ec17fc (type: security_groups) to 1
2026-07-09 14:23:43.227 7 INFO neutron.db.ovn_revision_numbers_db [None req-7311358e-598b-4c83-ad5e-bcb3336b4dda bd73f1399b6446188128ff5231e9c577 b0a8d8a6fa344d35a45370a9a53fe939 - - default default] Successfully bumped revision number for resource d3103399-99f9-47f2-b237-375cd205df76 (type: security_group_rules) to 0
2026-07-09 14:23:43.242 8 INFO neutron.common.ovn.utils [None req-532551e0-7b82-467a-b7a8-34d233d606a8 - - - - - -] HA Chassis Group neutron-460e36c6-4272-49d0-959f-38da42b189dc synchronized; highest priority chassis 11be84cd-4499-43f9-a4a2-72e5f5160928
2026-07-09 14:23:43.242 7 INFO neutron.db.ovn_revision_numbers_db [None req-7311358e-598b-4c83-ad5e-bcb3336b4dda bd73f1399b6446188128ff5231e9c577 b0a8d8a6fa344d35a45370a9a53fe939 - - default default] Successfully bumped revision number for resource f2729bd6-9192-4e58-91e9-20d53300572e (type: security_group_rules) to 0 [pid: 7|app: 0|req: 592/1116] 10.0.0.165 () {34 vars in 685 bytes} [Thu Jul 9 14:23:43 2026] POST /v2.0/security-groups => generated 1660 bytes in 229 msecs (HTTP/1.1 201) 4 headers in 163 bytes (1 switches on core 0)
2026-07-09 14:23:43.300 8 INFO neutron.plugins.ml2.drivers.ovn.mech_driver.mech_driver [None req-532551e0-7b82-467a-b7a8-34d233d606a8 - - - - - -] OVN reports status up for port: fb41d964-aca1-45a1-aff7-d857dcc74a8e
2026-07-09 14:23:43.332 8 INFO neutron.plugins.ml2.plugin [None req-532551e0-7b82-467a-b7a8-34d233d606a8 - - - - - -] Attempt 1 to provision port fb41d964-aca1-45a1-aff7-d857dcc74a8e [pid: 7|app: 0|req: 593/1117] 10.0.0.165 () {32 vars in 643 bytes} [Thu Jul 9 14:23:43 2026] GET /v2.0/ports => generated 1523 bytes in 57 msecs (HTTP/1.1 200) 4 headers in 158 bytes (1 switches on core 0)
2026-07-09 14:23:43.517 8 INFO neutron.db.ovn_revision_numbers_db [None req-2b610293-e958-4a58-b2f2-91f58bc52fee 490c5c6d8763400f9e542d9fb97b315b ee571ffd186940e28cb94cf0332bf974 - - default default] Successfully bumped revision number for resource dcd3f6c1-2857-4f63-9f23-df79e81b9b58 (type: ports) to 1
2026-07-09 14:23:43.542 7 INFO neutron.db.ovn_revision_numbers_db [None req-fb9563fa-a890-48b8-8136-2a587e0ad768 bd73f1399b6446188128ff5231e9c577 b0a8d8a6fa344d35a45370a9a53fe939 - - default default] Successfully bumped revision number for resource 30cd11fa-3993-4e92-afa6-4066813e2cae (type: security_group_rules) to 0 [pid: 8|app: 0|req: 525/1118] 10.0.0.165 () {34 vars in 665 bytes} [Thu Jul 9 14:23:42 2026] POST /v2.0/ports => generated 959 bytes in 889 msecs (HTTP/1.1 201) 4 headers in 162 bytes (1 switches on core 0) /var/lib/openstack/lib/python3.12/site-packages/pycadf/identifier.py:70: UserWarning: Invalid uuid: neutron. To ensure interoperability, identifiers should be a valid uuid. warnings.warn(('Invalid uuid: %s. To ensure interoperability, ' [pid: 7|app: 0|req: 594/1119] 10.0.0.165 () {34 vars in 695 bytes} [Thu Jul 9 14:23:43 2026] POST /v2.0/security-group-rules => generated 597 bytes in 219 msecs (HTTP/1.1 201) 4 headers in 162 bytes (1 switches on core 0)
2026-07-09 14:23:43.633 8 INFO neutron.db.segments_db [None req-9ee5a4b6-4061-4c1d-af3e-890d26ddb820 20b65b4e492e438ea71101e2c3b895b6 bf85fd0518794c06a92e767990976e69 - - default default] Added segment 46d2c695-bc26-48e8-a237-ffdf2b349f1d of type geneve for network 469e59fb-0421-440e-8af2-28736b4a4d25
2026-07-09 14:23:43.765 8 INFO neutron.db.ovn_revision_numbers_db [None req-9ee5a4b6-4061-4c1d-af3e-890d26ddb820 20b65b4e492e438ea71101e2c3b895b6 bf85fd0518794c06a92e767990976e69 - - default default] Successfully bumped revision number for resource 469e59fb-0421-440e-8af2-28736b4a4d25 (type: networks) to 1
2026-07-09 14:23:43.826 7 WARNING neutron.scheduler.dhcp_agent_scheduler [None req-391a19a5-a186-46f1-a54e-cd76c220759d 490c5c6d8763400f9e542d9fb97b315b ee571ffd186940e28cb94cf0332bf974 - - default default] No more DHCP agents
2026-07-09 14:23:43.827 7 WARNING neutron.api.rpc.agentnotifiers.dhcp_rpc_agent_api [None req-391a19a5-a186-46f1-a54e-cd76c220759d 490c5c6d8763400f9e542d9fb97b315b ee571ffd186940e28cb94cf0332bf974 - - default default] Unable to schedule network 74f6b124-6190-4e34-8e4c-18549b6bf262: no agents available; will retry on subsequent port and subnet creation events.
2026-07-09 14:23:43.965 8 WARNING neutron.scheduler.dhcp_agent_scheduler [None req-9ee5a4b6-4061-4c1d-af3e-890d26ddb820 20b65b4e492e438ea71101e2c3b895b6 bf85fd0518794c06a92e767990976e69 - - default default] No more DHCP agents
2026-07-09 14:23:43.966 8 WARNING neutron.api.rpc.agentnotifiers.dhcp_rpc_agent_api [None req-9ee5a4b6-4061-4c1d-af3e-890d26ddb820 20b65b4e492e438ea71101e2c3b895b6 bf85fd0518794c06a92e767990976e69 - - default default] Unable to schedule network 469e59fb-0421-440e-8af2-28736b4a4d25: no agents available; will retry on subsequent port and subnet creation events.
2026-07-09 14:23:44.084 8 INFO neutron.db.ovn_revision_numbers_db [None req-9ee5a4b6-4061-4c1d-af3e-890d26ddb820 20b65b4e492e438ea71101e2c3b895b6 bf85fd0518794c06a92e767990976e69 - - default default] Successfully bumped revision number for resource 485db3bf-7242-491b-bc6a-3be5c374ec8a (type: ports) to 1 [pid: 8|app: 0|req: 526/1120] 10.0.0.165 () {34 vars in 670 bytes} [Thu Jul 9 14:23:43 2026] POST /v2.0/networks => generated 687 bytes in 560 msecs (HTTP/1.1 201) 4 headers in 162 bytes (1 switches on core 0)
