2026-07-09 14:24:05.345 7 INFO neutron_taas.services.taas.taas_plugin [None req-70674655-a6b0-4fb3-a83e-dcdfa8c225c4 908bb38ebfaf4bfa95286d55450558c3 5f29ff917bc04b0092d07815578bfb47 - - default default] TaaS: Handle Delete Port: 8ce75b8b-36d5-48cc-baa4-d0fd42c1c963
2026-07-09 14:24:05.360 7 INFO neutron_taas.services.taas.tap_mirror_plugin [None req-70674655-a6b0-4fb3-a83e-dcdfa8c225c4 908bb38ebfaf4bfa95286d55450558c3 5f29ff917bc04b0092d07815578bfb47 - - default default] Tap Mirror: Handle Delete Port: 8ce75b8b-36d5-48cc-baa4-d0fd42c1c963
2026-07-09 14:24:05.494 8 INFO neutron.db.ovn_revision_numbers_db [None req-af6eb6b8-942b-4497-bf27-48e0f98ed92c - - - - - -] Successfully bumped revision number for resource 55e84673-7511-4ad1-a7e4-138a80b2e9c6 (type: router_ports) to 2
2026-07-09 14:24:05.495 8 INFO neutron.plugins.ml2.drivers.ovn.mech_driver.mech_driver [None req-af6eb6b8-942b-4497-bf27-48e0f98ed92c - - - - - -] OVN reports status down for port: 0dc9a75f-e124-478e-879e-885e99737e24
2026-07-09 14:24:05.567 8 INFO neutron.plugins.ml2.drivers.ovn.mech_driver.mech_driver [None req-af6eb6b8-942b-4497-bf27-48e0f98ed92c - - - - - -] OVN reports status down for port: dcd3f6c1-2857-4f63-9f23-df79e81b9b58
2026-07-09 14:24:05.574 8 WARNING neutron.scheduler.dhcp_agent_scheduler [None req-56f9400d-1ac9-46fd-9b57-cc38908f4dcf d5ace5345e8640d5954c7064d749e75f 4f3ca1de623e49638e160e49a1646fce - - default default] No more DHCP agents
2026-07-09 14:24:05.582 8 WARNING neutron.api.rpc.agentnotifiers.dhcp_rpc_agent_api [None req-56f9400d-1ac9-46fd-9b57-cc38908f4dcf d5ace5345e8640d5954c7064d749e75f 4f3ca1de623e49638e160e49a1646fce - - default default] Unable to schedule network ecf0e8b6-30cc-4b13-941f-bb218c73798c: no agents available; will retry on subsequent port and subnet creation events.
2026-07-09 14:24:05.584 8 INFO neutron.plugins.ml2.drivers.ovn.mech_driver.mech_driver [None req-af6eb6b8-942b-4497-bf27-48e0f98ed92c - - - - - -] OVN reports status down for port: 485db3bf-7242-491b-bc6a-3be5c374ec8a
2026-07-09 14:24:05.606 7 INFO neutron.services.segments.plugin [-] Segment 4aafd258-76b9-43fc-a15b-41703266e93b resource provider aggregate not found
2026-07-09 14:24:05.611 7 INFO neutron.services.segments.plugin [-] Segment 4aafd258-76b9-43fc-a15b-41703266e93b resource provider aggregate not found
2026-07-09 14:24:05.630 7 INFO neutron.services.segments.plugin [-] Client error retrieving segment 4aafd258-76b9-43fc-a15b-41703266e93b resource provider; error: Placement Client Error (4xx): {"errors": [{"status": 404, "title": "Not Found", "detail": "The resource could not be found.\n\n No resource provider with uuid 4aafd258-76b9-43fc-a15b-41703266e93b found for delete ", "request_id": "req-e0c2d7d2-55bf-4003-b86e-e1fcbd720b3d"}]}
2026-07-09 14:24:05.631 7 INFO neutron.services.segments.plugin [-] Client error retrieving segment 4aafd258-76b9-43fc-a15b-41703266e93b resource provider; error: Placement Client Error (4xx): {"errors": [{"status": 404, "title": "Not Found", "detail": "The resource could not be found.\n\n No resource provider with uuid 4aafd258-76b9-43fc-a15b-41703266e93b found for delete ", "request_id": "req-ce8cd6e4-ba11-4545-a375-a6013b19eda7"}]}
2026-07-09 14:24:05.651 8 INFO neutron.plugins.ml2.drivers.ovn.mech_driver.mech_driver [None req-af6eb6b8-942b-4497-bf27-48e0f98ed92c - - - - - -] OVN reports status down for port: 021a320d-cf97-4bb1-b82b-8352dc76b9a7 [pid: 7|app: 0|req: 685/1263] 10.0.0.165 () {32 vars in 726 bytes} [Thu Jul 9 14:24:05 2026] DELETE /v2.0/networks/77770292-5f97-43e2-a54f-ea8fae800dae => generated 0 bytes in 527 msecs (HTTP/1.1 204) 3 headers in 131 bytes (1 switches on core 0) [pid: 7|app: 0|req: 686/1264] 10.0.0.117 () {34 vars in 990 bytes} [Thu Jul 9 14:24:05 2026] GET /v2.0/ports?device_id=c465cddb-d56e-47c4-b19f-7d91b8179059 => generated 12 bytes in 23 msecs (HTTP/1.1 200) 4 headers in 156 bytes (1 switches on core 0)
2026-07-09 14:24:05.823 8 INFO neutron.plugins.ml2.drivers.ovn.mech_driver.mech_driver [None req-af6eb6b8-942b-4497-bf27-48e0f98ed92c - - - - - -] OVN reports status down for port: 6124e302-fc57-450f-9ad2-b591ec361c83
2026-07-09 14:24:05.912 7 WARNING neutron.scheduler.dhcp_agent_scheduler [None req-0ec00bc4-3703-4794-ae5a-6be6393e6433 887af7e7fab44c389c0b2c9615ae5ee1 32cefd19f12c4f1dbedc1b0ea0659f6c - - default default] No more DHCP agents
2026-07-09 14:24:05.914 7 WARNING neutron.api.rpc.agentnotifiers.dhcp_rpc_agent_api [None req-0ec00bc4-3703-4794-ae5a-6be6393e6433 887af7e7fab44c389c0b2c9615ae5ee1 32cefd19f12c4f1dbedc1b0ea0659f6c - - default default] Unable to schedule network 5e3ad377-c1bd-421e-b64d-8686ea1af3e5: no agents available; will retry on subsequent port and subnet creation events.
2026-07-09 14:24:05.941 8 INFO neutron.plugins.ml2.drivers.ovn.mech_driver.mech_driver [None req-af6eb6b8-942b-4497-bf27-48e0f98ed92c - - - - - -] OVN reports status down for port: 1f583b2b-3adf-4146-a3d9-154048de4759
2026-07-09 14:24:05.961 7 INFO neutron.db.ovn_revision_numbers_db [None req-0ec00bc4-3703-4794-ae5a-6be6393e6433 887af7e7fab44c389c0b2c9615ae5ee1 32cefd19f12c4f1dbedc1b0ea0659f6c - - default default] Successfully bumped revision number for resource 94cbcc6b-f499-49dd-9a39-d1fad4a1c6fc (type: subnets) to 0 [pid: 7|app: 0|req: 687/1265] 10.0.0.165 () {34 vars in 669 bytes} [Thu Jul 9 14:24:05 2026] POST /v2.0/subnets => generated 646 bytes in 265 msecs (HTTP/1.1 201) 4 headers in 162 bytes (1 switches on core 0)
2026-07-09 14:24:05.996 7 WARNING neutron.db.securitygroups_db [None req-f1bfd3da-a5b8-4d4a-9702-97f600d09c53 908bb38ebfaf4bfa95286d55450558c3 5f29ff917bc04b0092d07815578bfb47 - - default default] project_id key not found in filters, using tenant_id instead. This support has been deprecated and will be removed in a future release. [pid: 7|app: 0|req: 688/1266] 10.0.0.165 () {32 vars in 774 bytes} [Thu Jul 9 14:24:05 2026] GET /v2.0/security-groups?tenant_id=bdd3278e3274430e8040dfd90fc8ec77&name=default => generated 2925 bytes in 36 msecs (HTTP/1.1 200) 4 headers in 158 bytes (1 switches on core 0)
2026-07-09 14:24:06.072 8 INFO neutron.plugins.ml2.drivers.ovn.mech_driver.mech_driver [None req-af6eb6b8-942b-4497-bf27-48e0f98ed92c - - - - - -] OVN reports status down for port: a289b05d-f9c1-48e3-9437-7a384ef4daea
2026-07-09 14:24:06.095 8 INFO neutron.plugins.ml2.drivers.ovn.mech_driver.mech_driver [None req-af6eb6b8-942b-4497-bf27-48e0f98ed92c - - - - - -] OVN reports status down for port: 6ad301e9-40cd-43ba-8be7-07b13314c133
2026-07-09 14:24:06.141 8 INFO neutron.db.ovn_revision_numbers_db [None req-56f9400d-1ac9-46fd-9b57-cc38908f4dcf d5ace5345e8640d5954c7064d749e75f 4f3ca1de623e49638e160e49a1646fce - - default default] Successfully bumped revision number for resource db844c75-1499-49b1-bcf3-d95965c4288e (type: router_ports) to 1 [pid: 8|app: 0|req: 579/1267] 10.0.0.165 () {34 vars in 783 bytes} [Thu Jul 9 14:24:03 2026] PUT /v2.0/routers/fbf2f417-806d-44c9-8834-67275168a119/add_router_interface => generated 310 bytes in 2342 msecs (HTTP/1.1 200) 4 headers in 157 bytes (1 switches on core 0) /var/lib/openstack/lib/python3.12/site-packages/pycadf/identifier.py:70: UserWarning: Invalid uuid: neutron. To ensure interoperability, identifiers should be a valid uuid. warnings.warn(('Invalid uuid: %s. To ensure interoperability, ' [pid: 7|app: 0|req: 689/1268] 10.0.0.165 () {32 vars in 740 bytes} [Thu Jul 9 14:24:06 2026] DELETE /v2.0/security-groups/357be022-15c8-458a-87b1-4f8e89ec17fc => generated 0 bytes in 286 msecs (HTTP/1.1 204) 2 headers in 112 bytes (1 switches on core 0)
2026-07-09 14:24:06.402 8 INFO neutron.plugins.ml2.drivers.ovn.mech_driver.mech_driver [None req-af6eb6b8-942b-4497-bf27-48e0f98ed92c - - - - - -] OVN reports status down for port: 6722572f-ff7f-434a-aa03-ca4c03d7ab9e [pid: 7|app: 0|req: 690/1269] 10.0.0.165 () {32 vars in 740 bytes} [Thu Jul 9 14:24:06 2026] DELETE /v2.0/security-groups/9f5f83fb-99d8-49a0-a6ae-ce9171e77d8a => generated 0 bytes in 262 msecs (HTTP/1.1 204) 2 headers in 112 bytes (1 switches on core 0) [pid: 7|app: 0|req: 691/1270] 10.0.0.165 () {32 vars in 717 bytes} [Thu Jul 9 14:24:06 2026] GET /v2.0/ports/db844c75-1499-49b1-bcf3-d95965c4288e => generated 953 bytes in 63 msecs (HTTP/1.1 200) 4 headers in 157 bytes (1 switches on core 0)
2026-07-09 14:24:06.652 7 INFO neutron.api.v2.resource [None req-45fd0a03-6a6d-430a-a712-cd17f482dd56 bd73f1399b6446188128ff5231e9c577 b0a8d8a6fa344d35a45370a9a53fe939 - - default default] show failed (client error): The resource could not be found. [pid: 7|app: 0|req: 692/1271] 10.0.0.165 () {32 vars in 737 bytes} [Thu Jul 9 14:24:06 2026] GET /v2.0/security-groups/357be022-15c8-458a-87b1-4f8e89ec17fc => generated 146 bytes in 16 msecs (HTTP/1.1 404) 4 headers in 164 bytes (1 switches on core 0) [pid: 7|app: 0|req: 693/1272] 10.0.0.165 () {32 vars in 717 bytes} [Thu Jul 9 14:24:06 2026] GET /v2.0/ports/db844c75-1499-49b1-bcf3-d95965c4288e => generated 953 bytes in 43 msecs (HTTP/1.1 200) 4 headers in 157 bytes (1 switches on core 0)
2026-07-09 14:24:06.725 8 INFO neutron.plugins.ml2.drivers.ovn.mech_driver.mech_driver [None req-af6eb6b8-942b-4497-bf27-48e0f98ed92c - - - - - -] OVN reports status down for port: 18572e64-939a-4ea9-a47e-1bb5a2072daa
2026-07-09 14:24:06.844 8 INFO neutron.plugins.ml2.drivers.ovn.mech_driver.mech_driver [None req-af6eb6b8-942b-4497-bf27-48e0f98ed92c - - - - - -] OVN reports status down for port: af363145-6cf6-42e9-88ea-3d5f4cef5764
2026-07-09 14:24:06.852 7 INFO neutron_taas.services.taas.taas_plugin [None req-c16909c2-910e-42e4-9995-984d7e4b4374 bd73f1399b6446188128ff5231e9c577 b0a8d8a6fa344d35a45370a9a53fe939 - - default default] TaaS: Handle Delete Port: ad4d2bf3-4ff0-4668-954f-7d00a7593a2b
2026-07-09 14:24:06.855 7 INFO neutron_taas.services.taas.tap_mirror_plugin [None req-c16909c2-910e-42e4-9995-984d7e4b4374 bd73f1399b6446188128ff5231e9c577 b0a8d8a6fa344d35a45370a9a53fe939 - - default default] Tap Mirror: Handle Delete Port: ad4d2bf3-4ff0-4668-954f-7d00a7593a2b
2026-07-09 14:24:06.857 8 WARNING neutron.scheduler.dhcp_agent_scheduler [None req-00524662-b248-4c2b-8548-763b6e1e7331 887af7e7fab44c389c0b2c9615ae5ee1 32cefd19f12c4f1dbedc1b0ea0659f6c - - default default] No more DHCP agents
2026-07-09 14:24:06.860 8 WARNING neutron.api.rpc.agentnotifiers.dhcp_rpc_agent_api [None req-00524662-b248-4c2b-8548-763b6e1e7331 887af7e7fab44c389c0b2c9615ae5ee1 32cefd19f12c4f1dbedc1b0ea0659f6c - - default default] Unable to schedule network 5e3ad377-c1bd-421e-b64d-8686ea1af3e5: no agents available; will retry on subsequent port and subnet creation events.
2026-07-09 14:24:06.946 8 WARNING neutron.plugins.ml2.drivers.ovn.mech_driver.ovsdb.ovn_client [None req-af6eb6b8-942b-4497-bf27-48e0f98ed92c - - - - - -] Logical_Switch_Port af363145-6cf6-42e9-88ea-3d5f4cef5764 host information not removed, the port state is up
2026-07-09 14:24:06.946 8 INFO neutron.plugins.ml2.drivers.ovn.mech_driver.mech_driver [None req-af6eb6b8-942b-4497-bf27-48e0f98ed92c - - - - - -] OVN reports status up for port: af363145-6cf6-42e9-88ea-3d5f4cef5764
2026-07-09 14:24:06.995 8 INFO neutron.plugins.ml2.plugin [None req-af6eb6b8-942b-4497-bf27-48e0f98ed92c - - - - - -] Attempt 1 to provision port af363145-6cf6-42e9-88ea-3d5f4cef5764 [pid: 7|app: 0|req: 694/1273] 10.0.0.165 () {32 vars in 732 bytes} [Thu Jul 9 14:24:06 2026] DELETE /v2.0/floatingips/64d6c918-30c0-4e55-adc5-5dca6de40b22 => generated 0 bytes in 406 msecs (HTTP/1.1 204) 2 headers in 112 bytes (1 switches on core 0)
2026-07-09 14:24:07.203 8 INFO neutron.db.ovn_revision_numbers_db [None req-00524662-b248-4c2b-8548-763b6e1e7331 887af7e7fab44c389c0b2c9615ae5ee1 32cefd19f12c4f1dbedc1b0ea0659f6c - - default default] Successfully bumped revision number for resource 5719ab96-0fed-4e6c-98e7-73595f690a18 (type: ports) to 1 [pid: 8|app: 0|req: 580/1274] 10.0.0.165 () {34 vars in 665 bytes} [Thu Jul 9 14:24:06 2026] POST /v2.0/ports => generated 965 bytes in 1114 msecs (HTTP/1.1 201) 4 headers in 162 bytes (1 switches on core 0) /var/lib/openstack/lib/python3.12/site-packages/pycadf/identifier.py:70: UserWarning: Invalid uuid: neutron. To ensure interoperability, identifiers should be a valid uuid. warnings.warn(('Invalid uuid: %s. To ensure interoperability, '
2026-07-09 14:24:07.490 7 INFO neutron_taas.services.taas.taas_plugin [None req-dc29c5ec-f431-4841-9e8e-fba4ce3cec51 908bb38ebfaf4bfa95286d55450558c3 5f29ff917bc04b0092d07815578bfb47 - - default default] TaaS: Handle Delete Port: 55e84673-7511-4ad1-a7e4-138a80b2e9c6
2026-07-09 14:24:07.494 7 INFO neutron_taas.services.taas.tap_mirror_plugin [None req-dc29c5ec-f431-4841-9e8e-fba4ce3cec51 908bb38ebfaf4bfa95286d55450558c3 5f29ff917bc04b0092d07815578bfb47 - - default default] Tap Mirror: Handle Delete Port: 55e84673-7511-4ad1-a7e4-138a80b2e9c6
2026-07-09 14:24:07.649 8 INFO neutron_taas.services.taas.taas_plugin [None req-28ad6471-3174-4566-bd15-e723458c5337 887af7e7fab44c389c0b2c9615ae5ee1 32cefd19f12c4f1dbedc1b0ea0659f6c - - default default] TaaS: Handle Delete Port: 5719ab96-0fed-4e6c-98e7-73595f690a18
2026-07-09 14:24:07.655 8 INFO neutron_taas.services.taas.tap_mirror_plugin [None req-28ad6471-3174-4566-bd15-e723458c5337 887af7e7fab44c389c0b2c9615ae5ee1 32cefd19f12c4f1dbedc1b0ea0659f6c - - default default] Tap Mirror: Handle Delete Port: 5719ab96-0fed-4e6c-98e7-73595f690a18
2026-07-09 14:24:07.684 8 INFO neutron.db.ovn_revision_numbers_db [None req-af6eb6b8-942b-4497-bf27-48e0f98ed92c - - - - - -] Successfully bumped revision number for resource af363145-6cf6-42e9-88ea-3d5f4cef5764 (type: ports) to 2 [pid: 8|app: 0|req: 581/1275] 10.0.0.165 () {32 vars in 720 bytes} [Thu Jul 9 14:24:07 2026] DELETE /v2.0/ports/5719ab96-0fed-4e6c-98e7-73595f690a18 => generated 0 bytes in 672 msecs (HTTP/1.1 204) 3 headers in 131 bytes (1 switches on core 0) [pid: 8|app: 0|req: 582/1276] 10.0.0.165 () {32 vars in 717 bytes} [Thu Jul 9 14:24:07 2026] GET /v2.0/ports/db844c75-1499-49b1-bcf3-d95965c4288e => generated 953 bytes in 79 msecs (HTTP/1.1 200) 4 headers in 157 bytes (1 switches on core 0)
2026-07-09 14:24:08.041 8 INFO neutron.pecan_wsgi.hooks.translation [None req-86190541-3b7f-4c40-904f-d0aae8f40ace 887af7e7fab44c389c0b2c9615ae5ee1 32cefd19f12c4f1dbedc1b0ea0659f6c - - default default] DELETE failed (client error): The resource could not be found. [pid: 8|app: 0|req: 583/1277] 10.0.0.165 () {32 vars in 720 bytes} [Thu Jul 9 14:24:08 2026] DELETE /v2.0/ports/5719ab96-0fed-4e6c-98e7-73595f690a18 => generated 132 bytes in 19 msecs (HTTP/1.1 404) 4 headers in 164 bytes (1 switches on core 0)
2026-07-09 14:24:08.070 8 INFO neutron.pecan_wsgi.hooks.translation [None req-008ea156-876e-43f6-b940-3029de90df8b 887af7e7fab44c389c0b2c9615ae5ee1 32cefd19f12c4f1dbedc1b0ea0659f6c - - default default] GET failed (client error): The resource could not be found. [pid: 8|app: 0|req: 584/1278] 10.0.0.165 () {32 vars in 717 bytes} [Thu Jul 9 14:24:08 2026] GET /v2.0/ports/5719ab96-0fed-4e6c-98e7-73595f690a18 => generated 132 bytes in 20 msecs (HTTP/1.1 404) 4 headers in 164 bytes (1 switches on core 0) [pid: 7|app: 0|req: 695/1279] 10.0.0.165 () {34 vars in 789 bytes} [Thu Jul 9 14:24:07 2026] PUT /v2.0/routers/5e26b82c-b33c-49b3-be79-1b86b5ccd979/remove_router_interface => generated 310 bytes in 1100 msecs (HTTP/1.1 200) 4 headers in 157 bytes (1 switches on core 0) /var/lib/openstack/lib/python3.12/site-packages/pycadf/identifier.py:70: UserWarning: Invalid uuid: neutron. To ensure interoperability, identifiers should be a valid uuid. warnings.warn(('Invalid uuid: %s. To ensure interoperability, ' [pid: 8|app: 0|req: 585/1280] 10.0.0.165 () {32 vars in 724 bytes} [Thu Jul 9 14:24:08 2026] DELETE /v2.0/subnets/94cbcc6b-f499-49dd-9a39-d1fad4a1c6fc => generated 0 bytes in 234 msecs (HTTP/1.1 204) 3 headers in 131 bytes (1 switches on core 0)
2026-07-09 14:24:08.465 8 INFO neutron_taas.services.taas.taas_plugin [None req-4dfe4c84-d965-4002-82fa-77ec09b8850a 887af7e7fab44c389c0b2c9615ae5ee1 32cefd19f12c4f1dbedc1b0ea0659f6c - - default default] TaaS: Handle Delete Port: 37b5a17e-b036-45a2-b666-d6798c21f4b7
2026-07-09 14:24:08.468 8 INFO neutron_taas.services.taas.tap_mirror_plugin [None req-4dfe4c84-d965-4002-82fa-77ec09b8850a 887af7e7fab44c389c0b2c9615ae5ee1 32cefd19f12c4f1dbedc1b0ea0659f6c - - default default] Tap Mirror: Handle Delete Port: 37b5a17e-b036-45a2-b666-d6798c21f4b7
2026-07-09 14:24:08.592 7 INFO neutron_taas.services.taas.taas_plugin [None req-8308e03b-42c0-4337-b257-66e41a1b8040 908bb38ebfaf4bfa95286d55450558c3 5f29ff917bc04b0092d07815578bfb47 - - default default] TaaS: Handle Delete Port: 8a95eebe-888c-4c25-bd15-ca693d8e2b85
2026-07-09 14:24:08.605 7 INFO neutron_taas.services.taas.tap_mirror_plugin [None req-8308e03b-42c0-4337-b257-66e41a1b8040 908bb38ebfaf4bfa95286d55450558c3 5f29ff917bc04b0092d07815578bfb47 - - default default] Tap Mirror: Handle Delete Port: 8a95eebe-888c-4c25-bd15-ca693d8e2b85
2026-07-09 14:24:08.712 8 INFO neutron.services.segments.plugin [-] Segment 6da30d4f-a144-4da7-939f-9037016653ed resource provider aggregate not found
2026-07-09 14:24:08.720 8 INFO neutron.services.segments.plugin [-] Segment 6da30d4f-a144-4da7-939f-9037016653ed resource provider aggregate not found
2026-07-09 14:24:08.734 8 INFO neutron.services.segments.plugin [-] Client error retrieving segment 6da30d4f-a144-4da7-939f-9037016653ed resource provider; error: Placement Client Error (4xx): {"errors": [{"status": 404, "title": "Not Found", "detail": "The resource could not be found.\n\n No resource provider with uuid 6da30d4f-a144-4da7-939f-9037016653ed found for delete ", "request_id": "req-d5df5fd0-d404-413d-9ca7-40471f7cdfbc"}]}
2026-07-09 14:24:08.741 8 INFO neutron.services.segments.plugin [-] Client error retrieving segment 6da30d4f-a144-4da7-939f-9037016653ed resource provider; error: Placement Client Error (4xx): {"errors": [{"status": 404, "title": "Not Found", "detail": "The resource could not be found.\n\n No resource provider with uuid 6da30d4f-a144-4da7-939f-9037016653ed found for delete ", "request_id": "req-e0fd951b-d296-43c3-bb80-610193c5351c"}]} [pid: 8|app: 0|req: 586/1281] 10.0.0.165 () {32 vars in 726 bytes} [Thu Jul 9 14:24:08 2026] DELETE /v2.0/networks/5e3ad377-c1bd-421e-b64d-8686ea1af3e5 => generated 0 bytes in 482 msecs (HTTP/1.1 204) 3 headers in 131 bytes (1 switches on core 0)
2026-07-09 14:24:08.922 8 INFO neutron.db.segments_db [None req-cb841766-e2b4-4651-8ed5-0a1301a7126b 887af7e7fab44c389c0b2c9615ae5ee1 32cefd19f12c4f1dbedc1b0ea0659f6c - - default default] Added segment 0508c8c4-01e7-4c45-8bd3-546f27094326 of type geneve for network 1064a58e-9bc3-4355-a1fd-9006801deda5
2026-07-09 14:24:09.080 8 INFO neutron.db.ovn_revision_numbers_db [None req-cb841766-e2b4-4651-8ed5-0a1301a7126b 887af7e7fab44c389c0b2c9615ae5ee1 32cefd19f12c4f1dbedc1b0ea0659f6c - - default default] Successfully bumped revision number for resource 1064a58e-9bc3-4355-a1fd-9006801deda5 (type: networks) to 1 [pid: 7|app: 0|req: 696/1284] 10.0.0.165 () {32 vars in 724 bytes} [Thu Jul 9 14:24:08 2026] DELETE /v2.0/routers/5e26b82c-b33c-49b3-be79-1b86b5ccd979 => generated 0 bytes in 976 msecs (HTTP/1.1 204) 2 headers in 112 bytes (1 switches on core 0) [pid: 7|app: 0|req: 697/1285] 10.0.0.165 () {32 vars in 717 bytes} [Thu Jul 9 14:24:09 2026] GET /v2.0/ports/db844c75-1499-49b1-bcf3-d95965c4288e => generated 953 bytes in 38 msecs (HTTP/1.1 200) 4 headers in 157 bytes (1 switches on core 0)
2026-07-09 14:24:09.430 8 WARNING neutron.scheduler.dhcp_agent_scheduler [None req-cb841766-e2b4-4651-8ed5-0a1301a7126b 887af7e7fab44c389c0b2c9615ae5ee1 32cefd19f12c4f1dbedc1b0ea0659f6c - - default default] No more DHCP agents
2026-07-09 14:24:09.433 8 WARNING neutron.api.rpc.agentnotifiers.dhcp_rpc_agent_api [None req-cb841766-e2b4-4651-8ed5-0a1301a7126b 887af7e7fab44c389c0b2c9615ae5ee1 32cefd19f12c4f1dbedc1b0ea0659f6c - - default default] Unable to schedule network 1064a58e-9bc3-4355-a1fd-9006801deda5: no agents available; will retry on subsequent port and subnet creation events. [pid: 7|app: 0|req: 698/1286] 10.0.0.165 () {32 vars in 724 bytes} [Thu Jul 9 14:24:09 2026] DELETE /v2.0/subnets/0d140987-526a-41ba-8b4b-224ae1e06953 => generated 0 bytes in 205 msecs (HTTP/1.1 204) 3 headers in 131 bytes (1 switches on core 0)
2026-07-09 14:24:09.575 8 INFO neutron.db.ovn_revision_numbers_db [None req-cb841766-e2b4-4651-8ed5-0a1301a7126b 887af7e7fab44c389c0b2c9615ae5ee1 32cefd19f12c4f1dbedc1b0ea0659f6c - - default default] Successfully bumped revision number for resource b0f42a07-3bad-4d2f-b71d-f5ea843d6af0 (type: ports) to 1
2026-07-09 14:24:09.602 7 INFO neutron_taas.services.taas.taas_plugin [None req-5d2c37ce-e093-485b-8bcc-a59f2d80adcb 908bb38ebfaf4bfa95286d55450558c3 5f29ff917bc04b0092d07815578bfb47 - - default default] TaaS: Handle Delete Port: 98213009-6100-4ffc-ab8e-757a53b05cc7 [pid: 8|app: 0|req: 589/1287] 10.0.0.165 () {34 vars in 670 bytes} [Thu Jul 9 14:24:08 2026] POST /v2.0/networks => generated 674 bytes in 800 msecs (HTTP/1.1 201) 4 headers in 162 bytes (1 switches on core 0)
2026-07-09 14:24:09.605 7 INFO neutron_taas.services.taas.tap_mirror_plugin [None req-5d2c37ce-e093-485b-8bcc-a59f2d80adcb 908bb38ebfaf4bfa95286d55450558c3 5f29ff917bc04b0092d07815578bfb47 - - default default] Tap Mirror: Handle Delete Port: 98213009-6100-4ffc-ab8e-757a53b05cc7
2026-07-09 14:24:09.833 7 INFO neutron.services.segments.plugin [-] Segment 973d0468-3f00-4dd6-9788-670d7ffed556 resource provider aggregate not found
2026-07-09 14:24:09.837 8 WARNING neutron.scheduler.dhcp_agent_scheduler [None req-af6e37e6-82a5-4b3e-b8e2-980416b236ff 887af7e7fab44c389c0b2c9615ae5ee1 32cefd19f12c4f1dbedc1b0ea0659f6c - - default default] No more DHCP agents
2026-07-09 14:24:09.839 8 WARNING neutron.api.rpc.agentnotifiers.dhcp_rpc_agent_api [None req-af6e37e6-82a5-4b3e-b8e2-980416b236ff 887af7e7fab44c389c0b2c9615ae5ee1 32cefd19f12c4f1dbedc1b0ea0659f6c - - default default] Unable to schedule network 1064a58e-9bc3-4355-a1fd-9006801deda5: no agents available; will retry on subsequent port and subnet creation events.
2026-07-09 14:24:09.841 7 INFO neutron.services.segments.plugin [-] Segment 973d0468-3f00-4dd6-9788-670d7ffed556 resource provider aggregate not found
2026-07-09 14:24:09.857 7 INFO neutron.services.segments.plugin [-] Client error retrieving segment 973d0468-3f00-4dd6-9788-670d7ffed556 resource provider; error: Placement Client Error (4xx): {"errors": [{"status": 404, "title": "Not Found", "detail": "The resource could not be found.\n\n No resource provider with uuid 973d0468-3f00-4dd6-9788-670d7ffed556 found for delete ", "request_id": "req-c39fdb65-d7b5-453b-a9ba-547986686ba8"}]}
2026-07-09 14:24:09.862 7 INFO neutron.services.segments.plugin [-] Client error retrieving segment 973d0468-3f00-4dd6-9788-670d7ffed556 resource provider; error: Placement Client Error (4xx): {"errors": [{"status": 404, "title": "Not Found", "detail": "The resource could not be found.\n\n No resource provider with uuid 973d0468-3f00-4dd6-9788-670d7ffed556 found for delete ", "request_id": "req-d35a3d65-663b-48f6-bb65-cd2f6453b86b"}]}
2026-07-09 14:24:09.899 8 INFO neutron.db.ovn_revision_numbers_db [None req-af6e37e6-82a5-4b3e-b8e2-980416b236ff 887af7e7fab44c389c0b2c9615ae5ee1 32cefd19f12c4f1dbedc1b0ea0659f6c - - default default] Successfully bumped revision number for resource 84d272d3-bcbe-4659-a070-d72087b53f33 (type: subnets) to 0 [pid: 8|app: 0|req: 590/1288] 10.0.0.165 () {34 vars in 669 bytes} [Thu Jul 9 14:24:09 2026] POST /v2.0/subnets => generated 646 bytes in 314 msecs (HTTP/1.1 201) 4 headers in 162 bytes (1 switches on core 0) [pid: 7|app: 0|req: 699/1289] 10.0.0.165 () {32 vars in 726 bytes} [Thu Jul 9 14:24:09 2026] DELETE /v2.0/networks/a8823934-2429-4414-b93f-01729de1e439 => generated 0 bytes in 532 msecs (HTTP/1.1 204) 3 headers in 131 bytes (1 switches on core 0) [pid: 8|app: 0|req: 591/1290] 10.0.0.17 () {32 vars in 801 bytes} [Thu Jul 9 14:24:09 2026] GET /v2.0/extensions => generated 22668 bytes in 156 msecs (HTTP/1.1 200) 4 headers in 159 bytes (1 switches on core 0)
2026-07-09 14:24:10.192 8 WARNING neutron.db.securitygroups_db [None req-4348217c-8de0-4def-8cdd-caa1243a8b0c 908bb38ebfaf4bfa95286d55450558c3 5f29ff917bc04b0092d07815578bfb47 - - default default] project_id key not found in filters, using tenant_id instead. This support has been deprecated and will be removed in a future release. [pid: 8|app: 0|req: 592/1291] 10.0.0.165 () {32 vars in 774 bytes} [Thu Jul 9 14:24:10 2026] GET /v2.0/security-groups?tenant_id=b0a8d8a6fa344d35a45370a9a53fe939&name=default => generated 2925 bytes in 43 msecs (HTTP/1.1 200) 4 headers in 158 bytes (1 switches on core 0)
2026-07-09 14:24:10.361 7 WARNING neutron.scheduler.dhcp_agent_scheduler [None req-a92f8df4-71a3-4ac3-917c-1ab38a59bf6e 887af7e7fab44c389c0b2c9615ae5ee1 32cefd19f12c4f1dbedc1b0ea0659f6c - - default default] No more DHCP agents
2026-07-09 14:24:10.369 7 WARNING neutron.api.rpc.agentnotifiers.dhcp_rpc_agent_api [None req-a92f8df4-71a3-4ac3-917c-1ab38a59bf6e 887af7e7fab44c389c0b2c9615ae5ee1 32cefd19f12c4f1dbedc1b0ea0659f6c - - default default] Unable to schedule network 1064a58e-9bc3-4355-a1fd-9006801deda5: no agents available; will retry on subsequent port and subnet creation events. [pid: 8|app: 0|req: 593/1292] 10.0.0.17 () {32 vars in 862 bytes} [Thu Jul 9 14:24:10 2026] GET /v2.0/quotas/d8c71aad688144bd98423f3fd823a1dd/details => generated 904 bytes in 259 msecs (HTTP/1.1 200) 4 headers in 157 bytes (1 switches on core 0)
2026-07-09 14:24:10.591 7 INFO neutron.db.ovn_revision_numbers_db [None req-a92f8df4-71a3-4ac3-917c-1ab38a59bf6e 887af7e7fab44c389c0b2c9615ae5ee1 32cefd19f12c4f1dbedc1b0ea0659f6c - - default default] Successfully bumped revision number for resource 9792f897-5855-49ca-99c4-5905f4490a00 (type: ports) to 1 [pid: 7|app: 0|req: 700/1293] 10.0.0.165 () {34 vars in 665 bytes} [Thu Jul 9 14:24:09 2026] POST /v2.0/ports => generated 927 bytes in 652 msecs (HTTP/1.1 201) 4 headers in 162 bytes (1 switches on core 0) [pid: 7|app: 0|req: 701/1294] 10.0.0.165 () {32 vars in 717 bytes} [Thu Jul 9 14:24:10 2026] GET /v2.0/ports/db844c75-1499-49b1-bcf3-d95965c4288e => generated 953 bytes in 42 msecs (HTTP/1.1 200) 4 headers in 157 bytes (1 switches on core 0) [pid: 8|app: 0|req: 594/1295] 10.0.0.165 () {32 vars in 740 bytes} [Thu Jul 9 14:24:10 2026] DELETE /v2.0/security-groups/5c658638-b28f-43eb-a59d-04fb3dc1f1e7 => generated 0 bytes in 349 msecs (HTTP/1.1 204) 2 headers in 112 bytes (1 switches on core 0)
2026-07-09 14:24:10.877 7 INFO neutron_taas.services.taas.taas_plugin [None req-f21fa081-ca71-4c85-8be4-52db3e8357ec 887af7e7fab44c389c0b2c9615ae5ee1 32cefd19f12c4f1dbedc1b0ea0659f6c - - default default] TaaS: Handle Delete Port: 9792f897-5855-49ca-99c4-5905f4490a00
2026-07-09 14:24:10.882 7 INFO neutron_taas.services.taas.tap_mirror_plugin [None req-f21fa081-ca71-4c85-8be4-52db3e8357ec 887af7e7fab44c389c0b2c9615ae5ee1 32cefd19f12c4f1dbedc1b0ea0659f6c - - default default] Tap Mirror: Handle Delete Port: 9792f897-5855-49ca-99c4-5905f4490a00 [pid: 7|app: 0|req: 702/1296] 10.0.0.165 () {32 vars in 720 bytes} [Thu Jul 9 14:24:10 2026] DELETE /v2.0/ports/9792f897-5855-49ca-99c4-5905f4490a00 => generated 0 bytes in 417 msecs (HTTP/1.1 204) 3 headers in 131 bytes (1 switches on core 0)
2026-07-09 14:24:11.121 8 INFO neutron.pecan_wsgi.hooks.translation [None req-cfcffc63-8d03-46c9-92cf-23d68cfe2ad1 887af7e7fab44c389c0b2c9615ae5ee1 32cefd19f12c4f1dbedc1b0ea0659f6c - - default default] GET failed (client error): The resource could not be found. [pid: 8|app: 0|req: 595/1297] 10.0.0.165 () {32 vars in 717 bytes} [Thu Jul 9 14:24:11 2026] GET /v2.0/ports/9792f897-5855-49ca-99c4-5905f4490a00 => generated 132 bytes in 26 msecs (HTTP/1.1 404) 4 headers in 164 bytes (1 switches on core 0) [pid: 7|app: 0|req: 703/1298] 10.0.0.165 () {32 vars in 724 bytes} [Thu Jul 9 14:24:11 2026] DELETE /v2.0/subnets/84d272d3-bcbe-4659-a070-d72087b53f33 => generated 0 bytes in 201 msecs (HTTP/1.1 204) 3 headers in 131 bytes (1 switches on core 0)
2026-07-09 14:24:11.529 8 INFO neutron_taas.services.taas.taas_plugin [None req-184589fa-650b-4ed2-9b12-e4236053b5ad 887af7e7fab44c389c0b2c9615ae5ee1 32cefd19f12c4f1dbedc1b0ea0659f6c - - default default] TaaS: Handle Delete Port: b0f42a07-3bad-4d2f-b71d-f5ea843d6af0
2026-07-09 14:24:11.531 8 INFO neutron_taas.services.taas.tap_mirror_plugin [None req-184589fa-650b-4ed2-9b12-e4236053b5ad 887af7e7fab44c389c0b2c9615ae5ee1 32cefd19f12c4f1dbedc1b0ea0659f6c - - default default] Tap Mirror: Handle Delete Port: b0f42a07-3bad-4d2f-b71d-f5ea843d6af0 [pid: 7|app: 0|req: 704/1299] 10.0.0.100 () {28 vars in 591 bytes} [Thu Jul 9 14:24:11 2026] GET /v2.0/floatingips => generated 19 bytes in 155 msecs (HTTP/1.1 200) 4 headers in 156 bytes (1 switches on core 0) [pid: 7|app: 0|req: 705/1300] 10.0.0.100 () {28 vars in 585 bytes} [Thu Jul 9 14:24:11 2026] GET /v2.0/networks => generated 5368 bytes in 71 msecs (HTTP/1.1 200) 4 headers in 158 bytes (1 switches on core 0) [pid: 7|app: 0|req: 706/1301] 10.0.0.100 () {28 vars in 599 bytes} [Thu Jul 9 14:24:11 2026] GET /v2.0/security-groups => generated 23209 bytes in 65 msecs (HTTP/1.1 200) 4 headers in 159 bytes (1 switches on core 0)
2026-07-09 14:24:11.816 8 INFO neutron.services.segments.plugin [-] Segment 0508c8c4-01e7-4c45-8bd3-546f27094326 resource provider aggregate not found [pid: 7|app: 0|req: 707/1302] 10.0.0.165 () {32 vars in 717 bytes} [Thu Jul 9 14:24:11 2026] GET /v2.0/ports/db844c75-1499-49b1-bcf3-d95965c4288e => generated 953 bytes in 95 msecs (HTTP/1.1 200) 4 headers in 157 bytes (1 switches on core 0)
2026-07-09 14:24:11.823 8 INFO neutron.services.segments.plugin [-] Segment 0508c8c4-01e7-4c45-8bd3-546f27094326 resource provider aggregate not found
2026-07-09 14:24:11.841 8 INFO neutron.services.segments.plugin [-] Client error retrieving segment 0508c8c4-01e7-4c45-8bd3-546f27094326 resource provider; error: Placement Client Error (4xx): {"errors": [{"status": 404, "title": "Not Found", "detail": "The resource could not be found.\n\n No resource provider with uuid 0508c8c4-01e7-4c45-8bd3-546f27094326 found for delete ", "request_id": "req-3f0cbb93-6df5-4cf4-9522-3af2f0f1a5de"}]}
2026-07-09 14:24:11.853 8 INFO neutron.services.segments.plugin [-] Client error retrieving segment 0508c8c4-01e7-4c45-8bd3-546f27094326 resource provider; error: Placement Client Error (4xx): {"errors": [{"status": 404, "title": "Not Found", "detail": "The resource could not be found.\n\n No resource provider with uuid 0508c8c4-01e7-4c45-8bd3-546f27094326 found for delete ", "request_id": "req-ffe925a9-b26a-47c0-9f10-4c1226e95b5e"}]} [pid: 7|app: 0|req: 708/1303] 10.0.0.100 () {28 vars in 579 bytes} [Thu Jul 9 14:24:11 2026] GET /v2.0/ports => generated 10861 bytes in 63 msecs (HTTP/1.1 200) 4 headers in 159 bytes (1 switches on core 0) [pid: 8|app: 0|req: 596/1304] 10.0.0.165 () {32 vars in 726 bytes} [Thu Jul 9 14:24:11 2026] DELETE /v2.0/networks/1064a58e-9bc3-4355-a1fd-9006801deda5 => generated 0 bytes in 558 msecs (HTTP/1.1 204) 3 headers in 131 bytes (1 switches on core 0) [pid: 7|app: 0|req: 709/1305] 10.0.0.100 () {28 vars in 583 bytes} [Thu Jul 9 14:24:11 2026] GET /v2.0/routers => generated 649 bytes in 79 msecs (HTTP/1.1 200) 4 headers in 157 bytes (1 switches on core 0) [pid: 7|app: 0|req: 710/1306] 10.0.0.100 () {28 vars in 624 bytes} [Thu Jul 9 14:24:11 2026] GET /v2.0/agents?binary=ovn-controller => generated 416 bytes in 15 msecs (HTTP/1.1 200) 4 headers in 157 bytes (1 switches on core 0) [pid: 7|app: 0|req: 711/1307] 10.0.0.100 () {28 vars in 581 bytes} [Thu Jul 9 14:24:11 2026] GET /v2.0/agents => generated 1214 bytes in 25 msecs (HTTP/1.1 200) 4 headers in 158 bytes (1 switches on core 0) [pid: 7|app: 0|req: 712/1308] 10.0.0.100 () {28 vars in 583 bytes} [Thu Jul 9 14:24:12 2026] GET /v2.0/subnets => generated 2625 bytes in 39 msecs (HTTP/1.1 200) 4 headers in 158 bytes (1 switches on core 0) [pid: 7|app: 0|req: 713/1309] 10.0.0.100 () {28 vars in 591 bytes} [Thu Jul 9 14:24:12 2026] GET /v2.0/subnetpools => generated 19 bytes in 9 msecs (HTTP/1.1 200) 4 headers in 156 bytes (1 switches on core 0) [pid: 7|app: 0|req: 714/1310] 10.0.0.100 () {28 vars in 619 bytes} [Thu Jul 9 14:24:12 2026] GET /v2.0/network-ip-availabilities => generated 3956 bytes in 20 msecs (HTTP/1.1 200) 4 headers in 158 bytes (1 switches on core 0) [pid: 7|app: 0|req: 715/1311] 10.0.0.100 () {28 vars in 583 bytes} [Thu Jul 9 14:24:12 2026] GET /v2.0/subnets => generated 2625 bytes in 39 msecs (HTTP/1.1 200) 4 headers in 158 bytes (1 switches on core 0)
2026-07-09 14:24:12.284 8 WARNING neutron.scheduler.dhcp_agent_scheduler [None req-45955647-46b4-47a0-a6fb-c274119669a4 887af7e7fab44c389c0b2c9615ae5ee1 32cefd19f12c4f1dbedc1b0ea0659f6c - - default default] No more DHCP agents
2026-07-09 14:24:12.288 8 WARNING neutron.api.rpc.agentnotifiers.dhcp_rpc_agent_api [None req-45955647-46b4-47a0-a6fb-c274119669a4 887af7e7fab44c389c0b2c9615ae5ee1 32cefd19f12c4f1dbedc1b0ea0659f6c - - default default] Unable to schedule network 1cde853d-e419-4427-b8cd-5d47dfe86c0a: no agents available; will retry on subsequent port and subnet creation events.
2026-07-09 14:24:12.494 8 INFO neutron.db.ovn_revision_numbers_db [None req-45955647-46b4-47a0-a6fb-c274119669a4 887af7e7fab44c389c0b2c9615ae5ee1 32cefd19f12c4f1dbedc1b0ea0659f6c - - default default] Successfully bumped revision number for resource 2a3e2e72-bf0b-4b9d-a467-731e11f40946 (type: ports) to 1 [pid: 8|app: 0|req: 597/1312] 10.0.0.165 () {34 vars in 665 bytes} [Thu Jul 9 14:24:11 2026] POST /v2.0/ports => generated 779 bytes in 604 msecs (HTTP/1.1 201) 4 headers in 162 bytes (1 switches on core 0)
2026-07-09 14:24:12.798 7 INFO neutron.db.ovn_revision_numbers_db [None req-b2696e3c-b836-40bc-ac59-69c5af9b6f7e 887af7e7fab44c389c0b2c9615ae5ee1 32cefd19f12c4f1dbedc1b0ea0659f6c - - default default] Successfully bumped revision number for resource 2a3e2e72-bf0b-4b9d-a467-731e11f40946 (type: ports) to 2 /var/lib/openstack/lib/python3.12/site-packages/pycadf/identifier.py:70: UserWarning: Invalid uuid: neutron. To ensure interoperability, identifiers should be a valid uuid. warnings.warn(('Invalid uuid: %s. To ensure interoperability, ' [pid: 7|app: 0|req: 716/1313] 10.0.0.165 () {34 vars in 737 bytes} [Thu Jul 9 14:24:12 2026] PUT /v2.0/ports/2a3e2e72-bf0b-4b9d-a467-731e11f40946 => generated 752 bytes in 317 msecs (HTTP/1.1 200) 4 headers in 157 bytes (1 switches on core 0) /var/lib/openstack/lib/python3.12/site-packages/pycadf/identifier.py:70: UserWarning: Invalid uuid: neutron. To ensure interoperability, identifiers should be a valid uuid. warnings.warn(('Invalid uuid: %s. To ensure interoperability, ' [pid: 8|app: 0|req: 598/1314] 10.0.0.165 () {32 vars in 717 bytes} [Thu Jul 9 14:24:12 2026] GET /v2.0/ports/db844c75-1499-49b1-bcf3-d95965c4288e => generated 953 bytes in 62 msecs (HTTP/1.1 200) 4 headers in 157 bytes (1 switches on core 0)
2026-07-09 14:24:12.976 7 INFO neutron_taas.services.taas.taas_plugin [None req-cfee34f0-9b75-4990-9dc8-d91e1b094aa2 887af7e7fab44c389c0b2c9615ae5ee1 32cefd19f12c4f1dbedc1b0ea0659f6c - - default default] TaaS: Handle Delete Port: 2a3e2e72-bf0b-4b9d-a467-731e11f40946
2026-07-09 14:24:12.979 7 INFO neutron_taas.services.taas.tap_mirror_plugin [None req-cfee34f0-9b75-4990-9dc8-d91e1b094aa2 887af7e7fab44c389c0b2c9615ae5ee1 32cefd19f12c4f1dbedc1b0ea0659f6c - - default default] Tap Mirror: Handle Delete Port: 2a3e2e72-bf0b-4b9d-a467-731e11f40946
2026-07-09 14:24:12.986 8 WARNING neutron.plugins.ml2.drivers.ovn.mech_driver.ovsdb.ovn_client [None req-d2925fa0-f575-4787-ac0f-bddc59008a2b - - - - - -] No hosting information found for port af363145-6cf6-42e9-88ea-3d5f4cef5764: RuntimeError: No hosting information found for port af363145-6cf6-42e9-88ea-3d5f4cef5764
2026-07-09 14:24:13.152 8 INFO neutron.db.ovn_revision_numbers_db [None req-d2925fa0-f575-4787-ac0f-bddc59008a2b - - - - - -] Successfully bumped revision number for resource af363145-6cf6-42e9-88ea-3d5f4cef5764 (type: router_ports) to 2 [pid: 7|app: 0|req: 717/1315] 10.0.0.165 () {32 vars in 720 bytes} [Thu Jul 9 14:24:12 2026] DELETE /v2.0/ports/2a3e2e72-bf0b-4b9d-a467-731e11f40946 => generated 0 bytes in 315 msecs (HTTP/1.1 204) 3 headers in 131 bytes (1 switches on core 0) [pid: 7|app: 0|req: 718/1316] 10.0.0.165 () {32 vars in 643 bytes} [Thu Jul 9 14:24:13 2026] GET /v2.0/ports => generated 1537 bytes in 48 msecs (HTTP/1.1 200) 4 headers in 158 bytes (1 switches on core 0)
2026-07-09 14:24:13.240 7 INFO neutron.pecan_wsgi.hooks.translation [None req-6f1b22df-a91f-4499-9f2e-491ca3eb1332 887af7e7fab44c389c0b2c9615ae5ee1 32cefd19f12c4f1dbedc1b0ea0659f6c - - default default] GET failed (client error): The resource could not be found. [pid: 7|app: 0|req: 719/1317] 10.0.0.165 () {32 vars in 717 bytes} [Thu Jul 9 14:24:13 2026] GET /v2.0/ports/2a3e2e72-bf0b-4b9d-a467-731e11f40946 => generated 132 bytes in 24 msecs (HTTP/1.1 404) 4 headers in 164 bytes (1 switches on core 0)
2026-07-09 14:24:13.259 8 INFO neutron.plugins.ml2.drivers.ovn.mech_driver.mech_driver [None req-d2925fa0-f575-4787-ac0f-bddc59008a2b - - - - - -] OVN reports status down for port: c12ea66c-3a37-4bc8-b00f-ef7938009be1 [pid: 7|app: 0|req: 720/1318] 10.0.0.165 () {32 vars in 643 bytes} [Thu Jul 9 14:24:13 2026] GET /v2.0/ports => generated 1537 bytes in 44 msecs (HTTP/1.1 200) 4 headers in 158 bytes (1 switches on core 0) [pid: 7|app: 0|req: 721/1319] 10.0.0.165 () {32 vars in 717 bytes} [Thu Jul 9 14:24:13 2026] GET /v2.0/ports/164346eb-caf6-4173-afdf-047f96c7513f => generated 778 bytes in 30 msecs (HTTP/1.1 200) 4 headers in 157 bytes (1 switches on core 0)
2026-07-09 14:24:13.381 7 INFO neutron.pecan_wsgi.hooks.translation [None req-a5f67dbf-8534-43a4-a145-223161201bb7 887af7e7fab44c389c0b2c9615ae5ee1 32cefd19f12c4f1dbedc1b0ea0659f6c - - default default] DELETE failed (client error): The resource could not be found. [pid: 7|app: 0|req: 722/1320] 10.0.0.165 () {32 vars in 720 bytes} [Thu Jul 9 14:24:13 2026] DELETE /v2.0/ports/9792f897-5855-49ca-99c4-5905f4490a00 => generated 132 bytes in 52 msecs (HTTP/1.1 404) 4 headers in 164 bytes (1 switches on core 0)
2026-07-09 14:24:13.423 7 INFO neutron.pecan_wsgi.hooks.translation [None req-7b4447c5-f709-4c4f-a3e5-cae22c69c286 887af7e7fab44c389c0b2c9615ae5ee1 32cefd19f12c4f1dbedc1b0ea0659f6c - - default default] DELETE failed (client error): The resource could not be found.
2026-07-09 14:24:13.428 8 INFO neutron.plugins.ml2.drivers.ovn.mech_driver.mech_driver [None req-d2925fa0-f575-4787-ac0f-bddc59008a2b - - - - - -] OVN reports status down for port: 164346eb-caf6-4173-afdf-047f96c7513f [pid: 7|app: 0|req: 723/1321] 10.0.0.165 () {32 vars in 724 bytes} [Thu Jul 9 14:24:13 2026] DELETE /v2.0/subnets/84d272d3-bcbe-4659-a070-d72087b53f33 => generated 136 bytes in 35 msecs (HTTP/1.1 404) 4 headers in 164 bytes (1 switches on core 0)
2026-07-09 14:24:13.447 7 INFO neutron.pecan_wsgi.hooks.translation [None req-bf21aa49-dbfc-4430-81b0-226d3abe73ad 887af7e7fab44c389c0b2c9615ae5ee1 32cefd19f12c4f1dbedc1b0ea0659f6c - - default default] DELETE failed (client error): The resource could not be found. [pid: 7|app: 0|req: 724/1322] 10.0.0.165 () {32 vars in 724 bytes} [Thu Jul 9 14:24:13 2026] DELETE /v2.0/subnets/94cbcc6b-f499-49dd-9a39-d1fad4a1c6fc => generated 136 bytes in 18 msecs (HTTP/1.1 404) 4 headers in 164 bytes (1 switches on core 0)
2026-07-09 14:24:13.465 8 INFO neutron.db.ovn_revision_numbers_db [None req-9285a699-df67-468d-8f23-8b82e7b2f917 908bb38ebfaf4bfa95286d55450558c3 5f29ff917bc04b0092d07815578bfb47 - - default default] Successfully bumped revision number for resource bbda44ab-e480-4053-8a95-4bee368a251c (type: security_groups) to 1
2026-07-09 14:24:13.485 8 INFO neutron.db.ovn_revision_numbers_db [None req-9285a699-df67-468d-8f23-8b82e7b2f917 908bb38ebfaf4bfa95286d55450558c3 5f29ff917bc04b0092d07815578bfb47 - - default default] Successfully bumped revision number for resource 02276d7f-c16e-4ef6-8d2c-fbd9d216224b (type: security_group_rules) to 0
2026-07-09 14:24:13.524 8 INFO neutron.db.ovn_revision_numbers_db [None req-9285a699-df67-468d-8f23-8b82e7b2f917 908bb38ebfaf4bfa95286d55450558c3 5f29ff917bc04b0092d07815578bfb47 - - default default] Successfully bumped revision number for resource 0ace6291-9901-4ced-aba6-5fdef099f0ab (type: security_group_rules) to 0
2026-07-09 14:24:13.548 8 INFO neutron.plugins.ml2.drivers.ovn.mech_driver.mech_driver [None req-d2925fa0-f575-4787-ac0f-bddc59008a2b - - - - - -] OVN reports status down for port: db844c75-1499-49b1-bcf3-d95965c4288e
2026-07-09 14:24:13.562 8 INFO neutron.db.ovn_revision_numbers_db [None req-9285a699-df67-468d-8f23-8b82e7b2f917 908bb38ebfaf4bfa95286d55450558c3 5f29ff917bc04b0092d07815578bfb47 - - default default] Successfully bumped revision number for resource e1e70253-dee5-4cf6-8eda-5ed5c375887a (type: security_group_rules) to 0
2026-07-09 14:24:13.599 8 INFO neutron.db.ovn_revision_numbers_db [None req-9285a699-df67-468d-8f23-8b82e7b2f917 908bb38ebfaf4bfa95286d55450558c3 5f29ff917bc04b0092d07815578bfb47 - - default default] Successfully bumped revision number for resource eb52e079-2b0e-4539-9b59-55dfec4dccd7 (type: security_group_rules) to 0
2026-07-09 14:24:13.609 7 INFO neutron_taas.services.taas.taas_plugin [None req-cc29a7aa-0183-4ebc-a38a-201dff84dc79 887af7e7fab44c389c0b2c9615ae5ee1 32cefd19f12c4f1dbedc1b0ea0659f6c - - default default] TaaS: Handle Delete Port: 164346eb-caf6-4173-afdf-047f96c7513f
2026-07-09 14:24:13.612 7 INFO neutron_taas.services.taas.tap_mirror_plugin [None req-cc29a7aa-0183-4ebc-a38a-201dff84dc79 887af7e7fab44c389c0b2c9615ae5ee1 32cefd19f12c4f1dbedc1b0ea0659f6c - - default default] Tap Mirror: Handle Delete Port: 164346eb-caf6-4173-afdf-047f96c7513f
2026-07-09 14:24:13.667 8 WARNING neutron.plugins.ml2.drivers.ovn.mech_driver.ovsdb.ovn_client [None req-d2925fa0-f575-4787-ac0f-bddc59008a2b - - - - - -] Logical_Switch_Port db844c75-1499-49b1-bcf3-d95965c4288e host information not removed, the port state is up
2026-07-09 14:24:13.667 8 INFO neutron.plugins.ml2.drivers.ovn.mech_driver.mech_driver [None req-d2925fa0-f575-4787-ac0f-bddc59008a2b - - - - - -] OVN reports status down for port: 37b5a17e-b036-45a2-b666-d6798c21f4b7
2026-07-09 14:24:13.678 8 INFO neutron.plugins.ml2.drivers.ovn.mech_driver.mech_driver [None req-d2925fa0-f575-4787-ac0f-bddc59008a2b - - - - - -] OVN reports status up for port: db844c75-1499-49b1-bcf3-d95965c4288e
2026-07-09 14:24:13.693 8 INFO neutron.plugins.ml2.plugin [None req-d2925fa0-f575-4787-ac0f-bddc59008a2b - - - - - -] Attempt 1 to provision port db844c75-1499-49b1-bcf3-d95965c4288e
2026-07-09 14:24:13.748 8 INFO neutron.db.segments_db [None req-9285a699-df67-468d-8f23-8b82e7b2f917 908bb38ebfaf4bfa95286d55450558c3 5f29ff917bc04b0092d07815578bfb47 - - default default] Added segment 3d0c6981-bd8e-4238-a2ed-0366518612c4 of type geneve for network 531900d9-19e7-4911-9d1c-9f6e31e46aaa [pid: 7|app: 0|req: 725/1323] 10.0.0.165 () {32 vars in 720 bytes} [Thu Jul 9 14:24:13 2026] DELETE /v2.0/ports/164346eb-caf6-4173-afdf-047f96c7513f => generated 0 bytes in 336 msecs (HTTP/1.1 204) 3 headers in 131 bytes (1 switches on core 0)
2026-07-09 14:24:13.972 7 INFO neutron_taas.services.taas.taas_plugin [None req-61595ec0-1169-478a-8ac6-3de022f90dda 887af7e7fab44c389c0b2c9615ae5ee1 32cefd19f12c4f1dbedc1b0ea0659f6c - - default default] TaaS: Handle Delete Port: c12ea66c-3a37-4bc8-b00f-ef7938009be1
2026-07-09 14:24:13.975 7 INFO neutron_taas.services.taas.tap_mirror_plugin [None req-61595ec0-1169-478a-8ac6-3de022f90dda 887af7e7fab44c389c0b2c9615ae5ee1 32cefd19f12c4f1dbedc1b0ea0659f6c - - default default] Tap Mirror: Handle Delete Port: c12ea66c-3a37-4bc8-b00f-ef7938009be1
2026-07-09 14:24:14.147 8 INFO neutron.db.ovn_revision_numbers_db [None req-9285a699-df67-468d-8f23-8b82e7b2f917 908bb38ebfaf4bfa95286d55450558c3 5f29ff917bc04b0092d07815578bfb47 - - default default] Successfully bumped revision number for resource 531900d9-19e7-4911-9d1c-9f6e31e46aaa (type: networks) to 1
2026-07-09 14:24:14.220 7 INFO neutron.services.segments.plugin [-] Segment c176c76d-3538-45d9-a10d-b5c24ddad4fb resource provider aggregate not found
2026-07-09 14:24:14.221 7 INFO neutron.services.segments.plugin [-] Segment c176c76d-3538-45d9-a10d-b5c24ddad4fb resource provider aggregate not found
2026-07-09 14:24:14.248 7 INFO neutron.services.segments.plugin [-] Client error retrieving segment c176c76d-3538-45d9-a10d-b5c24ddad4fb resource provider; error: Placement Client Error (4xx): {"errors": [{"status": 404, "title": "Not Found", "detail": "The resource could not be found.\n\n No resource provider with uuid c176c76d-3538-45d9-a10d-b5c24ddad4fb found for delete ", "request_id": "req-c72b7cea-076b-46bf-b69e-daa7db421773"}]}
2026-07-09 14:24:14.260 7 INFO neutron.services.segments.plugin [-] Client error retrieving segment c176c76d-3538-45d9-a10d-b5c24ddad4fb resource provider; error: Placement Client Error (4xx): {"errors": [{"status": 404, "title": "Not Found", "detail": "The resource could not be found.\n\n No resource provider with uuid c176c76d-3538-45d9-a10d-b5c24ddad4fb found for delete ", "request_id": "req-bdf45ceb-551e-4764-b96a-fb083bd71bcc"}]} [pid: 7|app: 0|req: 726/1324] 10.0.0.165 () {32 vars in 726 bytes} [Thu Jul 9 14:24:13 2026] DELETE /v2.0/networks/1cde853d-e419-4427-b8cd-5d47dfe86c0a => generated 0 bytes in 509 msecs (HTTP/1.1 204) 3 headers in 131 bytes (1 switches on core 0) [pid: 7|app: 0|req: 727/1325] 10.0.0.165 () {32 vars in 717 bytes} [Thu Jul 9 14:24:14 2026] GET /v2.0/ports/db844c75-1499-49b1-bcf3-d95965c4288e => generated 955 bytes in 46 msecs (HTTP/1.1 200) 4 headers in 157 bytes (1 switches on core 0) [pid: 7|app: 0|req: 728/1326] 10.0.0.17 () {32 vars in 801 bytes} [Thu Jul 9 14:24:14 2026] GET /v2.0/extensions => generated 22668 bytes in 6 msecs (HTTP/1.1 200) 4 headers in 159 bytes (1 switches on core 0)
2026-07-09 14:24:14.561 8 WARNING neutron.scheduler.dhcp_agent_scheduler [None req-9285a699-df67-468d-8f23-8b82e7b2f917 908bb38ebfaf4bfa95286d55450558c3 5f29ff917bc04b0092d07815578bfb47 - - default default] No more DHCP agents
2026-07-09 14:24:14.568 8 WARNING neutron.api.rpc.agentnotifiers.dhcp_rpc_agent_api [None req-9285a699-df67-468d-8f23-8b82e7b2f917 908bb38ebfaf4bfa95286d55450558c3 5f29ff917bc04b0092d07815578bfb47 - - default default] Unable to schedule network 531900d9-19e7-4911-9d1c-9f6e31e46aaa: no agents available; will retry on subsequent port and subnet creation events.
2026-07-09 14:24:14.724 8 INFO neutron.db.ovn_revision_numbers_db [None req-d2925fa0-f575-4787-ac0f-bddc59008a2b - - - - - -] Successfully bumped revision number for resource db844c75-1499-49b1-bcf3-d95965c4288e (type: ports) to 2
2026-07-09 14:24:14.767 7 INFO neutron_taas.services.taas.taas_plugin [None req-cd8d68e4-ca6a-4e4d-b120-b7053461e27f d5ace5345e8640d5954c7064d749e75f 4f3ca1de623e49638e160e49a1646fce - - default default] TaaS: Handle Delete Port: db844c75-1499-49b1-bcf3-d95965c4288e
2026-07-09 14:24:14.771 7 INFO neutron_taas.services.taas.tap_mirror_plugin [None req-cd8d68e4-ca6a-4e4d-b120-b7053461e27f d5ace5345e8640d5954c7064d749e75f 4f3ca1de623e49638e160e49a1646fce - - default default] Tap Mirror: Handle Delete Port: db844c75-1499-49b1-bcf3-d95965c4288e
2026-07-09 14:24:14.855 8 INFO neutron.db.ovn_revision_numbers_db [None req-9285a699-df67-468d-8f23-8b82e7b2f917 908bb38ebfaf4bfa95286d55450558c3 5f29ff917bc04b0092d07815578bfb47 - - default default] Successfully bumped revision number for resource a660535f-68aa-4723-90be-a00cec13412e (type: ports) to 1 [pid: 8|app: 0|req: 599/1327] 10.0.0.165 () {34 vars in 671 bytes} [Thu Jul 9 14:24:12 2026] POST /v2.0/networks => generated 785 bytes in 1988 msecs (HTTP/1.1 201) 4 headers in 162 bytes (1 switches on core 0) [pid: 8|app: 0|req: 600/1328] 10.0.0.17 () {32 vars in 862 bytes} [Thu Jul 9 14:24:14 2026] GET /v2.0/quotas/d8c71aad688144bd98423f3fd823a1dd/details => generated 904 bytes in 112 msecs (HTTP/1.1 200) 4 headers in 157 bytes (1 switches on core 0)
2026-07-09 14:24:15.097 8 WARNING neutron.db.securitygroups_db [None req-639a7caa-80a4-4ffc-b3c3-876ebf8b9fe0 908bb38ebfaf4bfa95286d55450558c3 5f29ff917bc04b0092d07815578bfb47 - - default default] project_id key not found in filters, using tenant_id instead. This support has been deprecated and will be removed in a future release. [pid: 8|app: 0|req: 601/1329] 10.0.0.165 () {32 vars in 774 bytes} [Thu Jul 9 14:24:14 2026] GET /v2.0/security-groups?tenant_id=32cefd19f12c4f1dbedc1b0ea0659f6c&name=default => generated 2925 bytes in 149 msecs (HTTP/1.1 200) 4 headers in 158 bytes (1 switches on core 0) [pid: 7|app: 0|req: 729/1330] 10.0.0.165 () {34 vars in 789 bytes} [Thu Jul 9 14:24:14 2026] PUT /v2.0/routers/fbf2f417-806d-44c9-8834-67275168a119/remove_router_interface => generated 310 bytes in 806 msecs (HTTP/1.1 200) 4 headers in 157 bytes (1 switches on core 0) /var/lib/openstack/lib/python3.12/site-packages/pycadf/identifier.py:70: UserWarning: Invalid uuid: neutron. To ensure interoperability, identifiers should be a valid uuid. warnings.warn(('Invalid uuid: %s. To ensure interoperability, '
2026-07-09 14:24:15.330 8 WARNING neutron.scheduler.dhcp_agent_scheduler [None req-6c5cd027-7d2b-4109-a32b-e57ba016d490 908bb38ebfaf4bfa95286d55450558c3 5f29ff917bc04b0092d07815578bfb47 - - default default] No more DHCP agents
