+ COMMAND=start + start + for KEYSTONE_WSGI_SCRIPT in keystone-wsgi-public ++ type -p keystone-wsgi-public + cp -a /var/lib/openstack/bin/keystone-wsgi-public /var/www/cgi-bin/keystone/ + '[' -f /etc/apache2/envvars ']' + source /etc/apache2/envvars ++ unset HOME ++ '[' '' '!=' '' ']' ++ SUFFIX= ++ export APACHE_RUN_USER=www-data ++ APACHE_RUN_USER=www-data ++ export APACHE_RUN_GROUP=www-data ++ APACHE_RUN_GROUP=www-data ++ export APACHE_PID_FILE=/var/run/apache2/apache2.pid ++ APACHE_PID_FILE=/var/run/apache2/apache2.pid ++ export APACHE_RUN_DIR=/var/run/apache2 ++ APACHE_RUN_DIR=/var/run/apache2 ++ export APACHE_LOCK_DIR=/var/lock/apache2 ++ APACHE_LOCK_DIR=/var/lock/apache2 ++ export APACHE_LOG_DIR=/var/log/apache2 ++ APACHE_LOG_DIR=/var/log/apache2 ++ export LANG=C ++ LANG=C ++ export LANG + '[' -f /var/run/apache2/apache2.pid ']' + exec apache2 -DFOREGROUND AH00558: apache2: Could not reliably determine the server's fully qualified domain name, using 10.0.0.112. Set the 'ServerName' directive globally to suppress this message AH00558: apache2: Could not reliably determine the server's fully qualified domain name, using 10.0.0.112. Set the 'ServerName' directive globally to suppress this message
[Thu Jul 09 13:18:25.815289 2026] [mpm_event:notice] [pid 1:tid 139883685226368] AH00489: Apache/2.4.58 (Ubuntu) mod_wsgi/5.0.0 Python/3.12 configured -- resuming normal operations
[Thu Jul 09 13:18:25.815457 2026] [core:notice] [pid 1:tid 139883685226368] AH00094: Command line: 'apache2 -D FOREGROUND'
[Thu Jul 09 13:19:18.998135 2026] [wsgi:error] [pid 10:tid 139883047405248] /var/lib/openstack/lib/python3.12/site-packages/oslo_utils/importutils.py:77: EventletDeprecationWarning:
[Thu Jul 09 13:19:18.998182 2026] [wsgi:error] [pid 10:tid 139883047405248] Eventlet is deprecated. It is currently being maintained in bugfix mode, and
[Thu Jul 09 13:19:18.998183 2026] [wsgi:error] [pid 10:tid 139883047405248] we strongly recommend against using it for new projects.
[Thu Jul 09 13:19:18.998185 2026] [wsgi:error] [pid 10:tid 139883047405248]
[Thu Jul 09 13:19:18.998186 2026] [wsgi:error] [pid 10:tid 139883047405248] If you are already using Eventlet, we recommend migrating to a different
[Thu Jul 09 13:19:18.998187 2026] [wsgi:error] [pid 10:tid 139883047405248] framework. For more detail see
[Thu Jul 09 13:19:18.998188 2026] [wsgi:error] [pid 10:tid 139883047405248] https://eventlet.readthedocs.io/en/latest/asyncio/migration.html
[Thu Jul 09 13:19:18.998189 2026] [wsgi:error] [pid 10:tid 139883047405248]
[Thu Jul 09 13:19:18.998190 2026] [wsgi:error] [pid 10:tid 139883047405248] __import__(import_str)
[Thu Jul 09 13:19:19.087005 2026] [wsgi:error] [pid 12:tid 139883047405248] /var/lib/openstack/lib/python3.12/site-packages/oslo_utils/importutils.py:77: EventletDeprecationWarning:
[Thu Jul 09 13:19:19.087065 2026] [wsgi:error] [pid 12:tid 139883047405248] Eventlet is deprecated. It is currently being maintained in bugfix mode, and
[Thu Jul 09 13:19:19.087068 2026] [wsgi:error] [pid 12:tid 139883047405248] we strongly recommend against using it for new projects.
[Thu Jul 09 13:19:19.087070 2026] [wsgi:error] [pid 12:tid 139883047405248]
[Thu Jul 09 13:19:19.087071 2026] [wsgi:error] [pid 12:tid 139883047405248] If you are already using Eventlet, we recommend migrating to a different
[Thu Jul 09 13:19:19.087073 2026] [wsgi:error] [pid 12:tid 139883047405248] framework. For more detail see
[Thu Jul 09 13:19:19.087074 2026] [wsgi:error] [pid 12:tid 139883047405248] https://eventlet.readthedocs.io/en/latest/asyncio/migration.html
[Thu Jul 09 13:19:19.087076 2026] [wsgi:error] [pid 12:tid 139883047405248]
[Thu Jul 09 13:19:19.087077 2026] [wsgi:error] [pid 12:tid 139883047405248] __import__(import_str) 10.0.0.245 - - [09/Jul/2026:13:19:18 +0000] "GET /v3/ HTTP/1.1" 200 250 10.0.0.245 - - [09/Jul/2026:13:19:18 +0000] "GET /v3/ HTTP/1.1" 200 250
[Thu Jul 09 13:19:32.398560 2026] [wsgi:error] [pid 9:tid 139883047405248] /var/lib/openstack/lib/python3.12/site-packages/oslo_utils/importutils.py:77: EventletDeprecationWarning:
[Thu Jul 09 13:19:32.398614 2026] [wsgi:error] [pid 9:tid 139883047405248] Eventlet is deprecated. It is currently being maintained in bugfix mode, and
[Thu Jul 09 13:19:32.398616 2026] [wsgi:error] [pid 9:tid 139883047405248] we strongly recommend against using it for new projects.
[Thu Jul 09 13:19:32.398617 2026] [wsgi:error] [pid 9:tid 139883047405248]
[Thu Jul 09 13:19:32.398618 2026] [wsgi:error] [pid 9:tid 139883047405248] If you are already using Eventlet, we recommend migrating to a different
[Thu Jul 09 13:19:32.398619 2026] [wsgi:error] [pid 9:tid 139883047405248] framework. For more detail see
[Thu Jul 09 13:19:32.398620 2026] [wsgi:error] [pid 9:tid 139883047405248] https://eventlet.readthedocs.io/en/latest/asyncio/migration.html
[Thu Jul 09 13:19:32.398622 2026] [wsgi:error] [pid 9:tid 139883047405248]
[Thu Jul 09 13:19:32.398623 2026] [wsgi:error] [pid 9:tid 139883047405248] __import__(import_str) 10.0.0.119 - - [09/Jul/2026:13:19:31 +0000] "GET / HTTP/1.1" 300 295
[Thu Jul 09 13:19:38.396344 2026] [wsgi:error] [pid 11:tid 139883047405248] /var/lib/openstack/lib/python3.12/site-packages/oslo_utils/importutils.py:77: EventletDeprecationWarning:
[Thu Jul 09 13:19:38.396391 2026] [wsgi:error] [pid 11:tid 139883047405248] Eventlet is deprecated. It is currently being maintained in bugfix mode, and
[Thu Jul 09 13:19:38.396394 2026] [wsgi:error] [pid 11:tid 139883047405248] we strongly recommend against using it for new projects.
[Thu Jul 09 13:19:38.396395 2026] [wsgi:error] [pid 11:tid 139883047405248]
[Thu Jul 09 13:19:38.396397 2026] [wsgi:error] [pid 11:tid 139883047405248] If you are already using Eventlet, we recommend migrating to a different
[Thu Jul 09 13:19:38.396399 2026] [wsgi:error] [pid 11:tid 139883047405248] framework. For more detail see
[Thu Jul 09 13:19:38.396400 2026] [wsgi:error] [pid 11:tid 139883047405248] https://eventlet.readthedocs.io/en/latest/asyncio/migration.html
[Thu Jul 09 13:19:38.396402 2026] [wsgi:error] [pid 11:tid 139883047405248]
[Thu Jul 09 13:19:38.396404 2026] [wsgi:error] [pid 11:tid 139883047405248] __import__(import_str)
[Thu Jul 09 13:19:43.494544 2026] [wsgi:error] [pid 11:tid 139883047405248] [remote 10.0.0.119:41262] 2026-07-09 13:19:43.489 11 WARNING keystone.identity.core [None req-213ae08d-5c94-44e0-9e0d-fb7c8aed436b - - - - - -] Invalid domain name (atmosphere) found in config file name: keystone.exception.DomainNotFound: Could not find domain: atmosphere.
[Thu Jul 09 13:19:43.557041 2026] [wsgi:error] [pid 11:tid 139883047405248] [remote 10.0.0.119:41262] 2026-07-09 13:19:43.556 11 WARNING keystone.common.password_hashing [None req-213ae08d-5c94-44e0-9e0d-fb7c8aed436b - - - - - -] Truncating password to algorithm specific maximum length 72 characters.
[Thu Jul 09 13:19:43.868290 2026] [wsgi:error] [pid 11:tid 139883047405248] [remote 10.0.0.119:41262] 2026-07-09 13:19:43.867 11 WARNING keystone.common.fernet_utils [None req-213ae08d-5c94-44e0-9e0d-fb7c8aed436b - - - - - -] key_repository is world readable: /etc/keystone/fernet-keys/ 10.0.0.119 - - [09/Jul/2026:13:19:37 +0000] "POST /v3/auth/tokens HTTP/1.1" 201 1360
[Thu Jul 09 13:19:44.292547 2026] [wsgi:error] [pid 12:tid 139883047405248] [remote 10.0.0.119:41262] 2026-07-09 13:19:44.289 12 WARNING keystone.identity.core [None req-9be5db6e-25c8-485f-b634-c4cb3b6de119 - - - - - -] Invalid domain name (atmosphere) found in config file name: keystone.exception.DomainNotFound: Could not find domain: atmosphere. 10.0.0.119 - - [09/Jul/2026:13:19:44 +0000] "POST /v3/domains HTTP/1.1" 201 261 10.0.0.135 - - [09/Jul/2026:13:19:56 +0000] "GET / HTTP/1.1" 300 295
[Thu Jul 09 13:19:56.951142 2026] [wsgi:error] [pid 9:tid 139883047405248] [remote 10.0.0.135:37388] 2026-07-09 13:19:56.950 9 WARNING keystone.common.password_hashing [None req-f2ae547f-0809-498e-a3e6-0ce4757d97d7 - - - - - -] Truncating password to algorithm specific maximum length 72 characters.
[Thu Jul 09 13:19:57.255951 2026] [wsgi:error] [pid 9:tid 139883047405248] [remote 10.0.0.135:37388] 2026-07-09 13:19:57.255 9 WARNING keystone.common.fernet_utils [None req-f2ae547f-0809-498e-a3e6-0ce4757d97d7 - - - - - -] key_repository is world readable: /etc/keystone/fernet-keys/ 10.0.0.135 - - [09/Jul/2026:13:19:56 +0000] "POST /v3/auth/tokens HTTP/1.1" 201 1360 10.0.0.135 - - [09/Jul/2026:13:19:57 +0000] "GET /v3/roles/admin HTTP/1.1" 404 83
[Thu Jul 09 13:19:57.538922 2026] [wsgi:error] [pid 12:tid 139883047405248] [remote 10.0.0.135:37388] 2026-07-09 13:19:57.538 12 WARNING keystone.common.rbac_enforcer.enforcer [None req-38848d78-89ac-43a5-bd14-306d49d3b860 908bb38ebfaf4bfa95286d55450558c3 5f29ff917bc04b0092d07815578bfb47 - - default default] Deprecated policy rules found. Use oslopolicy-policy-generator and oslopolicy-policy-upgrade to detect and resolve deprecated policies in your configuration. 10.0.0.135 - - [09/Jul/2026:13:19:57 +0000] "GET /v3/roles?name=admin HTTP/1.1" 200 389
[Thu Jul 09 13:19:58.080680 2026] [wsgi:error] [pid 10:tid 139883047405248] [remote 10.0.0.135:37388] 2026-07-09 13:19:58.080 10 WARNING keystone.common.rbac_enforcer.enforcer [None req-e4227c82-6246-46f6-8393-68941494b94d 908bb38ebfaf4bfa95286d55450558c3 5f29ff917bc04b0092d07815578bfb47 - - default default] Deprecated policy rules found. Use oslopolicy-policy-generator and oslopolicy-policy-upgrade to detect and resolve deprecated policies in your configuration. 10.0.0.135 - - [09/Jul/2026:13:19:57 +0000] "GET /v3/users/admin-RegionOne HTTP/1.1" 404 93
[Thu Jul 09 13:19:58.268842 2026] [wsgi:error] [pid 9:tid 139883047405248] [remote 10.0.0.135:37388] 2026-07-09 13:19:58.268 9 WARNING keystone.common.rbac_enforcer.enforcer [None req-9af1fa3e-8f54-4b9a-a997-3df544104e55 908bb38ebfaf4bfa95286d55450558c3 5f29ff917bc04b0092d07815578bfb47 - - default default] Deprecated policy rules found. Use oslopolicy-policy-generator and oslopolicy-policy-upgrade to detect and resolve deprecated policies in your configuration. 10.0.0.135 - - [09/Jul/2026:13:19:58 +0000] "GET /v3/users?name=admin-RegionOne HTTP/1.1" 200 422
[Thu Jul 09 13:19:58.460488 2026] [wsgi:error] [pid 11:tid 139883047405248] [remote 10.0.0.135:37388] 2026-07-09 13:19:58.460 11 WARNING keystone.common.rbac_enforcer.enforcer [None req-f166a369-b42c-468f-89c9-6f1000bb3f13 908bb38ebfaf4bfa95286d55450558c3 5f29ff917bc04b0092d07815578bfb47 - - default default] Deprecated policy rules found. Use oslopolicy-policy-generator and oslopolicy-policy-upgrade to detect and resolve deprecated policies in your configuration. 10.0.0.135 - - [09/Jul/2026:13:19:58 +0000] "GET /v3/domains/default HTTP/1.1" 200 224 10.0.0.135 - - [09/Jul/2026:13:19:58 +0000] "PUT /v3/domains/default/users/908bb38ebfaf4bfa95286d55450558c3/roles/59db3539288f436f870d1bc5b8555ed1 HTTP/1.1" 204 - 10.0.0.245 - - [09/Jul/2026:13:20:09 +0000] "GET / HTTP/1.1" 300 281 10.0.0.245 - - [09/Jul/2026:13:20:10 +0000] "GET /v3 HTTP/1.1" 200 266
[Thu Jul 09 13:20:11.018460 2026] [wsgi:error] [pid 11:tid 139883047405248] [remote 10.0.0.245:38804] 2026-07-09 13:20:11.018 11 WARNING keystone.common.password_hashing [None req-c7eee348-2d2b-429a-b439-4e0bc12ec2b3 - - - - - -] Truncating password to algorithm specific maximum length 72 characters.
[Thu Jul 09 13:20:11.326406 2026] [wsgi:error] [pid 11:tid 139883047405248] [remote 10.0.0.245:38804] 2026-07-09 13:20:11.326 11 WARNING keystone.common.fernet_utils [None req-c7eee348-2d2b-429a-b439-4e0bc12ec2b3 - - - - - -] key_repository is world readable: /etc/keystone/fernet-keys/ 10.0.0.245 - - [09/Jul/2026:13:20:10 +0000] "POST /v3/auth/tokens HTTP/1.1" 201 1360 10.0.0.245 - - [09/Jul/2026:13:20:11 +0000] "GET / HTTP/1.1" 300 281 10.0.0.245 - - [09/Jul/2026:13:20:11 +0000] "GET /v3/domains/atmosphere HTTP/1.1" 404 90 10.0.0.245 - - [09/Jul/2026:13:20:11 +0000] "GET /v3/domains?name=atmosphere HTTP/1.1" 200 370 10.0.0.245 - - [09/Jul/2026:13:20:11 +0000] "GET /v3/domains/0256e56e030b4811acd45c21fc9058b3 HTTP/1.1" 200 247 10.0.0.245 - - [09/Jul/2026:13:20:12 +0000] "GET /v3 HTTP/1.1" 200 266
[Thu Jul 09 13:20:12.692142 2026] [wsgi:error] [pid 10:tid 139883047405248] [remote 10.0.0.245:38816] 2026-07-09 13:20:12.691 10 WARNING keystone.common.password_hashing [None req-39aeec3c-9eb9-4aa9-b4b6-c3252c0259ce - - - - - -] Truncating password to algorithm specific maximum length 72 characters.
[Thu Jul 09 13:20:12.976767 2026] [wsgi:error] [pid 10:tid 139883047405248] [remote 10.0.0.245:38816] 2026-07-09 13:20:12.976 10 WARNING keystone.common.fernet_utils [None req-39aeec3c-9eb9-4aa9-b4b6-c3252c0259ce - - - - - -] key_repository is world readable: /etc/keystone/fernet-keys/ 10.0.0.245 - - [09/Jul/2026:13:20:12 +0000] "POST /v3/auth/tokens HTTP/1.1" 201 1360 10.0.0.245 - - [09/Jul/2026:13:20:12 +0000] "GET / HTTP/1.1" 300 281 10.0.0.245 - - [09/Jul/2026:13:20:13 +0000] "GET /v3/OS-FEDERATION/identity_providers/atmosphere HTTP/1.1" 404 101 10.0.0.245 - - [09/Jul/2026:13:20:13 +0000] "GET /v3/OS-FEDERATION/identity_providers HTTP/1.1" 200 156 10.0.0.245 - - [09/Jul/2026:13:20:13 +0000] "PUT /v3/OS-FEDERATION/identity_providers/atmosphere HTTP/1.1" 201 342 10.0.0.245 - - [09/Jul/2026:13:20:13 +0000] "GET /v3 HTTP/1.1" 200 266
[Thu Jul 09 13:20:13.993615 2026] [wsgi:error] [pid 11:tid 139883047405248] [remote 10.0.0.245:38816] 2026-07-09 13:20:13.993 11 WARNING keystone.common.password_hashing [None req-36eb682d-6b01-4057-8d4d-520068e4ee9f - - - - - -] Truncating password to algorithm specific maximum length 72 characters.
[Thu Jul 09 13:20:14.295345 2026] [wsgi:error] [pid 11:tid 139883047405248] [remote 10.0.0.245:38816] 2026-07-09 13:20:14.295 11 WARNING keystone.common.fernet_utils [None req-36eb682d-6b01-4057-8d4d-520068e4ee9f - - - - - -] key_repository is world readable: /etc/keystone/fernet-keys/ 10.0.0.245 - - [09/Jul/2026:13:20:13 +0000] "POST /v3/auth/tokens HTTP/1.1" 201 1360 10.0.0.245 - - [09/Jul/2026:13:20:14 +0000] "GET / HTTP/1.1" 300 281 10.0.0.245 - - [09/Jul/2026:13:20:14 +0000] "GET /v3/OS-FEDERATION/mappings/atmosphere-openid HTTP/1.1" 404 98 10.0.0.245 - - [09/Jul/2026:13:20:14 +0000] "GET /v3/OS-FEDERATION/mappings HTTP/1.1" 200 136 10.0.0.245 - - [09/Jul/2026:13:20:14 +0000] "PUT /v3/OS-FEDERATION/mappings/atmosphere-openid HTTP/1.1" 201 357 10.0.0.245 - - [09/Jul/2026:13:20:15 +0000] "GET /v3 HTTP/1.1" 200 266
[Thu Jul 09 13:20:15.211128 2026] [wsgi:error] [pid 10:tid 139883047405248] [remote 10.0.0.245:38816] 2026-07-09 13:20:15.210 10 WARNING keystone.common.password_hashing [None req-0e4c7515-46f4-4e60-8ecf-6a3c353b2553 - - - - - -] Truncating password to algorithm specific maximum length 72 characters.
[Thu Jul 09 13:20:15.495238 2026] [wsgi:error] [pid 10:tid 139883047405248] [remote 10.0.0.245:38816] 2026-07-09 13:20:15.495 10 WARNING keystone.common.fernet_utils [None req-0e4c7515-46f4-4e60-8ecf-6a3c353b2553 - - - - - -] key_repository is world readable: /etc/keystone/fernet-keys/ 10.0.0.245 - - [09/Jul/2026:13:20:15 +0000] "POST /v3/auth/tokens HTTP/1.1" 201 1360 10.0.0.245 - - [09/Jul/2026:13:20:15 +0000] "GET / HTTP/1.1" 300 281 10.0.0.245 - - [09/Jul/2026:13:20:15 +0000] "GET /v3/OS-FEDERATION/identity_providers/atmosphere/protocols/openid?idp_id=atmosphere HTTP/1.1" 404 131 10.0.0.245 - - [09/Jul/2026:13:20:15 +0000] "GET /v3/OS-FEDERATION/identity_providers/atmosphere/protocols HTTP/1.1" 200 168 10.0.0.245 - - [09/Jul/2026:13:20:15 +0000] "PUT /v3/OS-FEDERATION/identity_providers/atmosphere/protocols/openid HTTP/1.1" 201 224 10.0.0.245 - - [09/Jul/2026:13:20:18 +0000] "GET /v3/ HTTP/1.1" 200 250 10.0.0.245 - - [09/Jul/2026:13:20:18 +0000] "GET /v3/ HTTP/1.1" 200 250 10.0.0.245 - - [09/Jul/2026:13:21:18 +0000] "GET /v3/ HTTP/1.1" 200 250 10.0.0.245 - - [09/Jul/2026:13:21:18 +0000] "GET /v3/ HTTP/1.1" 200 250 10.0.0.166 - - [09/Jul/2026:13:21:42 +0000] "GET / HTTP/1.1" 300 295
[Thu Jul 09 13:21:42.905638 2026] [wsgi:error] [pid 11:tid 139883047405248] [remote 10.0.0.166:53846] 2026-07-09 13:21:42.905 11 WARNING keystone.common.password_hashing [None req-63805f74-ec0b-414f-bdae-8ede5e01142a - - - - - -] Truncating password to algorithm specific maximum length 72 characters.
[Thu Jul 09 13:21:43.205513 2026] [wsgi:error] [pid 11:tid 139883047405248] [remote 10.0.0.166:53846] 2026-07-09 13:21:43.205 11 WARNING keystone.common.fernet_utils [None req-63805f74-ec0b-414f-bdae-8ede5e01142a - - - - - -] key_repository is world readable: /etc/keystone/fernet-keys/ 10.0.0.166 - - [09/Jul/2026:13:21:42 +0000] "POST /v3/auth/tokens HTTP/1.1" 201 1360 10.0.0.166 - - [09/Jul/2026:13:21:43 +0000] "GET /v3/services HTTP/1.1" 200 355 10.0.0.166 - - [09/Jul/2026:13:21:47 +0000] "GET / HTTP/1.1" 300 295
[Thu Jul 09 13:21:47.243091 2026] [wsgi:error] [pid 9:tid 139883047405248] [remote 10.0.0.166:41706] 2026-07-09 13:21:47.242 9 WARNING keystone.common.password_hashing [None req-3e3ecdd1-c1a7-4e56-a4a0-b18a045ffa74 - - - - - -] Truncating password to algorithm specific maximum length 72 characters.
[Thu Jul 09 13:21:47.531085 2026] [wsgi:error] [pid 9:tid 139883047405248] [remote 10.0.0.166:41706] 2026-07-09 13:21:47.530 9 WARNING keystone.common.fernet_utils [None req-3e3ecdd1-c1a7-4e56-a4a0-b18a045ffa74 - - - - - -] key_repository is world readable: /etc/keystone/fernet-keys/ 10.0.0.166 - - [09/Jul/2026:13:21:47 +0000] "POST /v3/auth/tokens HTTP/1.1" 201 1360 10.0.0.166 - - [09/Jul/2026:13:21:47 +0000] "GET /v3/services HTTP/1.1" 200 355 10.0.0.166 - - [09/Jul/2026:13:21:51 +0000] "GET / HTTP/1.1" 300 295
[Thu Jul 09 13:21:51.665511 2026] [wsgi:error] [pid 10:tid 139883047405248] [remote 10.0.0.166:41710] 2026-07-09 13:21:51.665 10 WARNING keystone.common.password_hashing [None req-19ce9cb4-2d74-485f-85a7-6d771cc56c5e - - - - - -] Truncating password to algorithm specific maximum length 72 characters.
[Thu Jul 09 13:21:51.957443 2026] [wsgi:error] [pid 10:tid 139883047405248] [remote 10.0.0.166:41710] 2026-07-09 13:21:51.957 10 WARNING keystone.common.fernet_utils [None req-19ce9cb4-2d74-485f-85a7-6d771cc56c5e - - - - - -] key_repository is world readable: /etc/keystone/fernet-keys/ 10.0.0.166 - - [09/Jul/2026:13:21:51 +0000] "POST /v3/auth/tokens HTTP/1.1" 201 1360 10.0.0.166 - - [09/Jul/2026:13:21:52 +0000] "GET /v3/services HTTP/1.1" 200 355 10.0.0.166 - - [09/Jul/2026:13:21:55 +0000] "GET / HTTP/1.1" 300 295
[Thu Jul 09 13:21:55.890893 2026] [wsgi:error] [pid 12:tid 139883047405248] [remote 10.0.0.166:41726] 2026-07-09 13:21:55.890 12 WARNING keystone.common.password_hashing [None req-d5f5c225-7f0b-4b13-9478-01fed920364a - - - - - -] Truncating password to algorithm specific maximum length 72 characters.
[Thu Jul 09 13:21:56.165834 2026] [wsgi:error] [pid 12:tid 139883047405248] [remote 10.0.0.166:41726] 2026-07-09 13:21:56.165 12 WARNING keystone.common.fernet_utils [None req-d5f5c225-7f0b-4b13-9478-01fed920364a - - - - - -] key_repository is world readable: /etc/keystone/fernet-keys/ 10.0.0.166 - - [09/Jul/2026:13:21:55 +0000] "POST /v3/auth/tokens HTTP/1.1" 201 1360 10.0.0.166 - - [09/Jul/2026:13:21:56 +0000] "POST /v3/services HTTP/1.1" 201 296 10.0.0.132 - - [09/Jul/2026:13:22:07 +0000] "GET / HTTP/1.1" 300 295
[Thu Jul 09 13:22:07.997699 2026] [wsgi:error] [pid 11:tid 139883047405248] [remote 10.0.0.132:42764] 2026-07-09 13:22:07.997 11 WARNING keystone.common.password_hashing [None req-9e3e3cd4-759c-4c23-84ba-b8c5975f1386 - - - - - -] Truncating password to algorithm specific maximum length 72 characters. 10.0.0.132 - - [09/Jul/2026:13:22:08 +0000] "GET / HTTP/1.1" 300 295
[Thu Jul 09 13:22:08.105503 2026] [wsgi:error] [pid 10:tid 139883047405248] [remote 10.0.0.132:42774] 2026-07-09 13:22:08.105 10 WARNING keystone.common.password_hashing [None req-e6e3da25-0486-4566-bb31-78984c3d4ff4 - - - - - -] Truncating password to algorithm specific maximum length 72 characters. 10.0.0.132 - - [09/Jul/2026:13:22:08 +0000] "GET / HTTP/1.1" 300 295
[Thu Jul 09 13:22:08.245489 2026] [wsgi:error] [pid 12:tid 139883047405248] [remote 10.0.0.132:42784] 2026-07-09 13:22:08.245 12 WARNING keystone.common.password_hashing [None req-fe457965-15fe-4b23-a0db-6724bbdbaaea - - - - - -] Truncating password to algorithm specific maximum length 72 characters.
[Thu Jul 09 13:22:08.303344 2026] [wsgi:error] [pid 11:tid 139883047405248] [remote 10.0.0.132:42764] 2026-07-09 13:22:08.303 11 WARNING keystone.common.fernet_utils [None req-9e3e3cd4-759c-4c23-84ba-b8c5975f1386 - - - - - -] key_repository is world readable: /etc/keystone/fernet-keys/ 10.0.0.132 - - [09/Jul/2026:13:22:07 +0000] "POST /v3/auth/tokens HTTP/1.1" 201 1464
[Thu Jul 09 13:22:08.412427 2026] [wsgi:error] [pid 10:tid 139883047405248] [remote 10.0.0.132:42774] 2026-07-09 13:22:08.412 10 WARNING keystone.common.fernet_utils [None req-e6e3da25-0486-4566-bb31-78984c3d4ff4 - - - - - -] key_repository is world readable: /etc/keystone/fernet-keys/ 10.0.0.132 - - [09/Jul/2026:13:22:08 +0000] "POST /v3/auth/tokens HTTP/1.1" 201 1464 10.0.0.132 - - [09/Jul/2026:13:22:08 +0000] "GET /v3/services HTTP/1.1" 200 639 10.0.0.132 - - [09/Jul/2026:13:22:08 +0000] "GET /v3/services HTTP/1.1" 200 639
[Thu Jul 09 13:22:08.557257 2026] [wsgi:error] [pid 12:tid 139883047405248] [remote 10.0.0.132:42784] 2026-07-09 13:22:08.557 12 WARNING keystone.common.fernet_utils [None req-fe457965-15fe-4b23-a0db-6724bbdbaaea - - - - - -] key_repository is world readable: /etc/keystone/fernet-keys/ 10.0.0.132 - - [09/Jul/2026:13:22:08 +0000] "POST /v3/auth/tokens HTTP/1.1" 201 1464 10.0.0.132 - - [09/Jul/2026:13:22:08 +0000] "GET /v3/services HTTP/1.1" 200 639 10.0.0.132 - - [09/Jul/2026:13:22:10 +0000] "GET / HTTP/1.1" 300 295
[Thu Jul 09 13:22:10.406323 2026] [wsgi:error] [pid 11:tid 139883047405248] [remote 10.0.0.132:42796] 2026-07-09 13:22:10.406 11 WARNING keystone.common.password_hashing [None req-4e7004d9-7ac6-4121-869c-7918982515e5 - - - - - -] Truncating password to algorithm specific maximum length 72 characters. 10.0.0.132 - - [09/Jul/2026:13:22:10 +0000] "GET / HTTP/1.1" 300 295
[Thu Jul 09 13:22:10.496597 2026] [wsgi:error] [pid 10:tid 139883047405248] [remote 10.0.0.132:42798] 2026-07-09 13:22:10.496 10 WARNING keystone.common.password_hashing [None req-438b765e-2f00-414f-b2ff-07b17b233cc0 - - - - - -] Truncating password to algorithm specific maximum length 72 characters. 10.0.0.132 - - [09/Jul/2026:13:22:10 +0000] "GET / HTTP/1.1" 300 295
[Thu Jul 09 13:22:10.680242 2026] [wsgi:error] [pid 12:tid 139883047405248] [remote 10.0.0.132:42802] 2026-07-09 13:22:10.680 12 WARNING keystone.common.password_hashing [None req-64023db0-79ae-4d0c-bfe3-517947cc9f58 - - - - - -] Truncating password to algorithm specific maximum length 72 characters.
[Thu Jul 09 13:22:10.688064 2026] [wsgi:error] [pid 11:tid 139883047405248] [remote 10.0.0.132:42796] 2026-07-09 13:22:10.687 11 WARNING keystone.common.fernet_utils [None req-4e7004d9-7ac6-4121-869c-7918982515e5 - - - - - -] key_repository is world readable: /etc/keystone/fernet-keys/ 10.0.0.132 - - [09/Jul/2026:13:22:10 +0000] "POST /v3/auth/tokens HTTP/1.1" 201 1464
[Thu Jul 09 13:22:10.779732 2026] [wsgi:error] [pid 10:tid 139883047405248] [remote 10.0.0.132:42798] 2026-07-09 13:22:10.779 10 WARNING keystone.common.fernet_utils [None req-438b765e-2f00-414f-b2ff-07b17b233cc0 - - - - - -] key_repository is world readable: /etc/keystone/fernet-keys/ 10.0.0.132 - - [09/Jul/2026:13:22:10 +0000] "POST /v3/auth/tokens HTTP/1.1" 201 1464 10.0.0.132 - - [09/Jul/2026:13:22:10 +0000] "GET /v3/endpoints HTTP/1.1" 200 1227 10.0.0.132 - - [09/Jul/2026:13:22:10 +0000] "GET /v3/services/7aa5be35bd5d46dcb575228fb243d77a HTTP/1.1" 200 233 10.0.0.132 - - [09/Jul/2026:13:22:10 +0000] "GET /v3/services/7aa5be35bd5d46dcb575228fb243d77a HTTP/1.1" 200 233 10.0.0.132 - - [09/Jul/2026:13:22:10 +0000] "GET /v3/services/7aa5be35bd5d46dcb575228fb243d77a HTTP/1.1" 200 233 10.0.0.132 - - [09/Jul/2026:13:22:10 +0000] "GET /v3/endpoints HTTP/1.1" 200 1227 10.0.0.132 - - [09/Jul/2026:13:22:10 +0000] "GET /v3/services/7aa5be35bd5d46dcb575228fb243d77a HTTP/1.1" 200 233
[Thu Jul 09 13:22:10.959509 2026] [wsgi:error] [pid 12:tid 139883047405248] [remote 10.0.0.132:42802] 2026-07-09 13:22:10.959 12 WARNING keystone.common.fernet_utils [None req-64023db0-79ae-4d0c-bfe3-517947cc9f58 - - - - - -] key_repository is world readable: /etc/keystone/fernet-keys/ 10.0.0.132 - - [09/Jul/2026:13:22:10 +0000] "POST /v3/auth/tokens HTTP/1.1" 201 1464 10.0.0.132 - - [09/Jul/2026:13:22:10 +0000] "GET /v3/services/7aa5be35bd5d46dcb575228fb243d77a HTTP/1.1" 200 233 10.0.0.132 - - [09/Jul/2026:13:22:10 +0000] "GET /v3/services/7aa5be35bd5d46dcb575228fb243d77a HTTP/1.1" 200 233 10.0.0.132 - - [09/Jul/2026:13:22:11 +0000] "GET /v3/endpoints HTTP/1.1" 200 1227 10.0.0.132 - - [09/Jul/2026:13:22:11 +0000] "GET /v3/services/7aa5be35bd5d46dcb575228fb243d77a HTTP/1.1" 200 233 10.0.0.132 - - [09/Jul/2026:13:22:11 +0000] "GET /v3/services/7aa5be35bd5d46dcb575228fb243d77a HTTP/1.1" 200 233 10.0.0.132 - - [09/Jul/2026:13:22:11 +0000] "GET /v3/services/7aa5be35bd5d46dcb575228fb243d77a HTTP/1.1" 200 233 10.0.0.132 - - [09/Jul/2026:13:22:12 +0000] "GET / HTTP/1.1" 300 295
[Thu Jul 09 13:22:12.808025 2026] [wsgi:error] [pid 12:tid 139883047405248] [remote 10.0.0.132:42812] 2026-07-09 13:22:12.807 12 WARNING keystone.common.password_hashing [None req-06578348-c03f-49ff-93e7-94f31745ebc9 - - - - - -] Truncating password to algorithm specific maximum length 72 characters. 10.0.0.132 - - [09/Jul/2026:13:22:12 +0000] "GET / HTTP/1.1" 300 295
[Thu Jul 09 13:22:13.020465 2026] [wsgi:error] [pid 11:tid 139883047405248] [remote 10.0.0.132:42816] 2026-07-09 13:22:13.020 11 WARNING keystone.common.password_hashing [None req-574eaccf-fdf6-4922-81cc-8df18250220a - - - - - -] Truncating password to algorithm specific maximum length 72 characters. 10.0.0.132 - - [09/Jul/2026:13:22:13 +0000] "GET / HTTP/1.1" 300 295
[Thu Jul 09 13:22:13.043810 2026] [wsgi:error] [pid 9:tid 139883047405248] [remote 10.0.0.132:42828] 2026-07-09 13:22:13.043 9 WARNING keystone.common.password_hashing [None req-8623b82a-d82d-4ff9-848b-fdf1c3808073 - - - - - -] Truncating password to algorithm specific maximum length 72 characters.
[Thu Jul 09 13:22:13.088110 2026] [wsgi:error] [pid 12:tid 139883047405248] [remote 10.0.0.132:42812] 2026-07-09 13:22:13.087 12 WARNING keystone.common.fernet_utils [None req-06578348-c03f-49ff-93e7-94f31745ebc9 - - - - - -] key_repository is world readable: /etc/keystone/fernet-keys/ 10.0.0.132 - - [09/Jul/2026:13:22:12 +0000] "POST /v3/auth/tokens HTTP/1.1" 201 1464 10.0.0.132 - - [09/Jul/2026:13:22:13 +0000] "GET /v3/services/c28f7fdec2d049ac9d177d0025b9fcaa HTTP/1.1" 200 296 10.0.0.132 - - [09/Jul/2026:13:22:13 +0000] "GET /v3/regions/RegionOne HTTP/1.1" 200 173 10.0.0.132 - - [09/Jul/2026:13:22:13 +0000] "POST /v3/endpoints HTTP/1.1" 201 380
[Thu Jul 09 13:22:13.316139 2026] [wsgi:error] [pid 11:tid 139883047405248] [remote 10.0.0.132:42816] 2026-07-09 13:22:13.315 11 WARNING keystone.common.fernet_utils [None req-574eaccf-fdf6-4922-81cc-8df18250220a - - - - - -] key_repository is world readable: /etc/keystone/fernet-keys/ 10.0.0.132 - - [09/Jul/2026:13:22:13 +0000] "POST /v3/auth/tokens HTTP/1.1" 201 1641
[Thu Jul 09 13:22:13.352414 2026] [wsgi:error] [pid 9:tid 139883047405248] [remote 10.0.0.132:42828] 2026-07-09 13:22:13.352 9 WARNING keystone.common.fernet_utils [None req-8623b82a-d82d-4ff9-848b-fdf1c3808073 - - - - - -] key_repository is world readable: /etc/keystone/fernet-keys/ 10.0.0.132 - - [09/Jul/2026:13:22:13 +0000] "POST /v3/auth/tokens HTTP/1.1" 201 1641 10.0.0.132 - - [09/Jul/2026:13:22:13 +0000] "GET /v3/services/c28f7fdec2d049ac9d177d0025b9fcaa HTTP/1.1" 200 296 10.0.0.132 - - [09/Jul/2026:13:22:13 +0000] "GET /v3/regions/RegionOne HTTP/1.1" 200 173 10.0.0.132 - - [09/Jul/2026:13:22:13 +0000] "GET /v3/services/c28f7fdec2d049ac9d177d0025b9fcaa HTTP/1.1" 200 296 10.0.0.132 - - [09/Jul/2026:13:22:13 +0000] "GET /v3/regions/RegionOne HTTP/1.1" 200 173 10.0.0.132 - - [09/Jul/2026:13:22:13 +0000] "POST /v3/endpoints HTTP/1.1" 201 370 10.0.0.132 - - [09/Jul/2026:13:22:13 +0000] "POST /v3/endpoints HTTP/1.1" 201 383 10.0.0.132 - - [09/Jul/2026:13:22:15 +0000] "GET / HTTP/1.1" 300 295
[Thu Jul 09 13:22:15.132891 2026] [wsgi:error] [pid 12:tid 139883047405248] [remote 10.0.0.132:42830] 2026-07-09 13:22:15.132 12 WARNING keystone.common.password_hashing [None req-dbd56601-e3a5-4d83-9a3a-8acdde04f95f - - - - - -] Truncating password to algorithm specific maximum length 72 characters. 10.0.0.132 - - [09/Jul/2026:13:22:15 +0000] "GET / HTTP/1.1" 300 295
[Thu Jul 09 13:22:15.376511 2026] [wsgi:error] [pid 9:tid 139883047405248] [remote 10.0.0.132:42840] 2026-07-09 13:22:15.376 9 WARNING keystone.common.password_hashing [None req-0d9f89a9-6564-4b5f-811b-3571d5f4cf4c - - - - - -] Truncating password to algorithm specific maximum length 72 characters.
[Thu Jul 09 13:22:15.430635 2026] [wsgi:error] [pid 12:tid 139883047405248] [remote 10.0.0.132:42830] 2026-07-09 13:22:15.430 12 WARNING keystone.common.fernet_utils [None req-dbd56601-e3a5-4d83-9a3a-8acdde04f95f - - - - - -] key_repository is world readable: /etc/keystone/fernet-keys/ 10.0.0.132 - - [09/Jul/2026:13:22:15 +0000] "POST /v3/auth/tokens HTTP/1.1" 201 1992 10.0.0.132 - - [09/Jul/2026:13:22:15 +0000] "GET / HTTP/1.1" 300 295
[Thu Jul 09 13:22:15.516170 2026] [wsgi:error] [pid 10:tid 139883047405248] [remote 10.0.0.132:42856] 2026-07-09 13:22:15.515 10 WARNING keystone.common.password_hashing [None req-c19ed725-61b5-45e7-b7fb-ac17d3dce923 - - - - - -] Truncating password to algorithm specific maximum length 72 characters. 10.0.0.132 - - [09/Jul/2026:13:22:15 +0000] "GET /v3/endpoints/1ad5137da3d445fa895ac8bdb79c123b HTTP/1.1" 200 380 10.0.0.132 - - [09/Jul/2026:13:22:15 +0000] "GET /v3/services/c28f7fdec2d049ac9d177d0025b9fcaa HTTP/1.1" 200 296
[Thu Jul 09 13:22:15.655428 2026] [wsgi:error] [pid 9:tid 139883047405248] [remote 10.0.0.132:42840] 2026-07-09 13:22:15.655 9 WARNING keystone.common.fernet_utils [None req-0d9f89a9-6564-4b5f-811b-3571d5f4cf4c - - - - - -] key_repository is world readable: /etc/keystone/fernet-keys/ 10.0.0.132 - - [09/Jul/2026:13:22:15 +0000] "POST /v3/auth/tokens HTTP/1.1" 201 1992 10.0.0.132 - - [09/Jul/2026:13:22:15 +0000] "GET /v3/endpoints/ce4335e015234e4d8b7a06f613f2fae7 HTTP/1.1" 200 370
[Thu Jul 09 13:22:15.798421 2026] [wsgi:error] [pid 10:tid 139883047405248] [remote 10.0.0.132:42856] 2026-07-09 13:22:15.798 10 WARNING keystone.common.fernet_utils [None req-c19ed725-61b5-45e7-b7fb-ac17d3dce923 - - - - - -] key_repository is world readable: /etc/keystone/fernet-keys/ 10.0.0.132 - - [09/Jul/2026:13:22:15 +0000] "POST /v3/auth/tokens HTTP/1.1" 201 1992 10.0.0.132 - - [09/Jul/2026:13:22:15 +0000] "GET /v3/services/c28f7fdec2d049ac9d177d0025b9fcaa HTTP/1.1" 200 296 10.0.0.132 - - [09/Jul/2026:13:22:15 +0000] "GET /v3/endpoints/358bd9d118964fb4ab235fb921b6fd24 HTTP/1.1" 200 383 10.0.0.132 - - [09/Jul/2026:13:22:15 +0000] "GET /v3/services/c28f7fdec2d049ac9d177d0025b9fcaa HTTP/1.1" 200 296 10.0.0.245 - - [09/Jul/2026:13:22:18 +0000] "GET /v3/ HTTP/1.1" 200 250 10.0.0.245 - - [09/Jul/2026:13:22:18 +0000] "GET /v3/ HTTP/1.1" 200 250 10.0.0.227 - - [09/Jul/2026:13:22:29 +0000] "GET / HTTP/1.1" 300 295
[Thu Jul 09 13:22:29.388421 2026] [wsgi:error] [pid 12:tid 139883047405248] [remote 10.0.0.227:58756] 2026-07-09 13:22:29.388 12 WARNING keystone.common.password_hashing [None req-c2f39a9c-daa7-4ce8-a633-d8866adc0206 - - - - - -] Truncating password to algorithm specific maximum length 72 characters.
[Thu Jul 09 13:22:29.676381 2026] [wsgi:error] [pid 12:tid 139883047405248] [remote 10.0.0.227:58756] 2026-07-09 13:22:29.676 12 WARNING keystone.common.fernet_utils [None req-c2f39a9c-daa7-4ce8-a633-d8866adc0206 - - - - - -] key_repository is world readable: /etc/keystone/fernet-keys/ 10.0.0.227 - - [09/Jul/2026:13:22:29 +0000] "POST /v3/auth/tokens HTTP/1.1" 201 1992 10.0.0.227 - - [09/Jul/2026:13:22:29 +0000] "POST /v3/domains HTTP/1.1" 201 284 10.0.0.227 - - [09/Jul/2026:13:22:31 +0000] "GET / HTTP/1.1" 300 295
[Thu Jul 09 13:22:31.811055 2026] [wsgi:error] [pid 9:tid 139883047405248] [remote 10.0.0.227:58766] 2026-07-09 13:22:31.810 9 WARNING keystone.common.password_hashing [None req-268c23ef-ecd0-4bfa-8995-69488251a8fe - - - - - -] Truncating password to algorithm specific maximum length 72 characters.
[Thu Jul 09 13:22:32.088100 2026] [wsgi:error] [pid 9:tid 139883047405248] [remote 10.0.0.227:58766] 2026-07-09 13:22:32.087 9 WARNING keystone.common.fernet_utils [None req-268c23ef-ecd0-4bfa-8995-69488251a8fe - - - - - -] key_repository is world readable: /etc/keystone/fernet-keys/ 10.0.0.227 - - [09/Jul/2026:13:22:31 +0000] "POST /v3/auth/tokens HTTP/1.1" 201 1992
[Thu Jul 09 13:22:32.294260 2026] [wsgi:error] [pid 12:tid 139883047405248] [remote 10.0.0.227:58766] 2026-07-09 13:22:32.275 12 ERROR keystone.server.flask.application [None req-7d2d79a3-8d4c-430e-9085-8b37de81110d 908bb38ebfaf4bfa95286d55450558c3 5f29ff917bc04b0092d07815578bfb47 - - default default] Conflict occurred attempting to store project - it is not permitted to have two projects acting as domains with the same name: service.: keystone.exception.Conflict: Conflict occurred attempting to store project - it is not permitted to have two projects acting as domains with the same name: service.
[Thu Jul 09 13:22:32.294304 2026] [wsgi:error] [pid 12:tid 139883047405248] [remote 10.0.0.227:58766] 2026-07-09 13:22:32.275 12 ERROR keystone.server.flask.application
Traceback (most recent call last):
[Thu Jul 09 13:22:32.294308 2026] [wsgi:error] [pid 12:tid 139883047405248] [remote 10.0.0.227:58766] 2026-07-09 13:22:32.275 12 ERROR keystone.server.flask.application
File "/var/lib/openstack/lib/python3.12/site-packages/sqlalchemy/engine/base.py", line 1969, in _exec_single_context
[Thu Jul 09 13:22:32.294310 2026] [wsgi:error] [pid 12:tid 139883047405248] [remote 10.0.0.227:58766] 2026-07-09 13:22:32.275 12 ERROR keystone.server.flask.application self.dialect.do_execute(
[Thu Jul 09 13:22:32.294312 2026] [wsgi:error] [pid 12:tid 139883047405248] [remote 10.0.0.227:58766] 2026-07-09 13:22:32.275 12 ERROR keystone.server.flask.application
File "/var/lib/openstack/lib/python3.12/site-packages/sqlalchemy/engine/default.py", line 952, in do_execute
[Thu Jul 09 13:22:32.294315 2026] [wsgi:error] [pid 12:tid 139883047405248] [remote 10.0.0.227:58766] 2026-07-09 13:22:32.275 12 ERROR keystone.server.flask.application cursor.execute(statement, parameters)
[Thu Jul 09 13:22:32.294317 2026] [wsgi:error] [pid 12:tid 139883047405248] [remote 10.0.0.227:58766] 2026-07-09 13:22:32.275 12 ERROR keystone.server.flask.application
File "/var/lib/openstack/lib/python3.12/site-packages/pymysql/cursors.py", line 159, in execute
[Thu Jul 09 13:22:32.294320 2026] [wsgi:error] [pid 12:tid 139883047405248] [remote 10.0.0.227:58766] 2026-07-09 13:22:32.275 12 ERROR keystone.server.flask.application result = self._query(query)
[Thu Jul 09 13:22:32.294322 2026] [wsgi:error] [pid 12:tid 139883047405248] [remote 10.0.0.227:58766] 2026-07-09 13:22:32.275 12 ERROR keystone.server.flask.application ^^^^^^^^^^^^^^^^^^
[Thu Jul 09 13:22:32.294323 2026] [wsgi:error] [pid 12:tid 139883047405248] [remote 10.0.0.227:58766] 2026-07-09 13:22:32.275 12 ERROR keystone.server.flask.application
File "/var/lib/openstack/lib/python3.12/site-packages/pymysql/cursors.py", line 330, in _query
[Thu Jul 09 13:22:32.294326 2026] [wsgi:error] [pid 12:tid 139883047405248] [remote 10.0.0.227:58766] 2026-07-09 13:22:32.275 12 ERROR keystone.server.flask.application conn.query(q)
[Thu Jul 09 13:22:32.294328 2026] [wsgi:error] [pid 12:tid 139883047405248] [remote 10.0.0.227:58766] 2026-07-09 13:22:32.275 12 ERROR keystone.server.flask.application
File "/var/lib/openstack/lib/python3.12/site-packages/pymysql/connections.py", line 582, in query
[Thu Jul 09 13:22:32.294334 2026] [wsgi:error] [pid 12:tid 139883047405248] [remote 10.0.0.227:58766] 2026-07-09 13:22:32.275 12 ERROR keystone.server.flask.application self._affected_rows = self._read_query_result(unbuffered=unbuffered)
[Thu Jul 09 13:22:32.294336 2026] [wsgi:error] [pid 12:tid 139883047405248] [remote 10.0.0.227:58766] 2026-07-09 13:22:32.275 12 ERROR keystone.server.flask.application ^^^^^^^^^^^^^^^^^^^^^^^^^^^^^^^^^^^^^^^^^^^^^^
[Thu Jul 09 13:22:32.294339 2026] [wsgi:error] [pid 12:tid 139883047405248] [remote 10.0.0.227:58766] 2026-07-09 13:22:32.275 12 ERROR keystone.server.flask.application
File "/var/lib/openstack/lib/python3.12/site-packages/pymysql/connections.py", line 847, in _read_query_result
[Thu Jul 09 13:22:32.294341 2026] [wsgi:error] [pid 12:tid 139883047405248] [remote 10.0.0.227:58766] 2026-07-09 13:22:32.275 12 ERROR keystone.server.flask.application result.read()
[Thu Jul 09 13:22:32.294343 2026] [wsgi:error] [pid 12:tid 139883047405248] [remote 10.0.0.227:58766] 2026-07-09 13:22:32.275 12 ERROR keystone.server.flask.application
File "/var/lib/openstack/lib/python3.12/site-packages/pymysql/connections.py", line 1245, in read
[Thu Jul 09 13:22:32.294346 2026] [wsgi:error] [pid 12:tid 139883047405248] [remote 10.0.0.227:58766] 2026-07-09 13:22:32.275 12 ERROR keystone.server.flask.application first_packet = self.connection._read_packet()
[Thu Jul 09 13:22:32.294348 2026] [wsgi:error] [pid 12:tid 139883047405248] [remote 10.0.0.227:58766] 2026-07-09 13:22:32.275 12 ERROR keystone.server.flask.application ^^^^^^^^^^^^^^^^^^^^^^^^^^^^^^
[Thu Jul 09 13:22:32.294350 2026] [wsgi:error] [pid 12:tid 139883047405248] [remote 10.0.0.227:58766] 2026-07-09 13:22:32.275 12 ERROR keystone.server.flask.application
File "/var/lib/openstack/lib/python3.12/site-packages/pymysql/connections.py", line 803, in _read_packet
[Thu Jul 09 13:22:32.294353 2026] [wsgi:error] [pid 12:tid 139883047405248] [remote 10.0.0.227:58766] 2026-07-09 13:22:32.275 12 ERROR keystone.server.flask.application packet.raise_for_error()
[Thu Jul 09 13:22:32.294355 2026] [wsgi:error] [pid 12:tid 139883047405248] [remote 10.0.0.227:58766] 2026-07-09 13:22:32.275 12 ERROR keystone.server.flask.application
File "/var/lib/openstack/lib/python3.12/site-packages/pymysql/protocol.py", line 219, in raise_for_error
[Thu Jul 09 13:22:32.294359 2026] [wsgi:error] [pid 12:tid 139883047405248] [remote 10.0.0.227:58766] 2026-07-09 13:22:32.275 12 ERROR keystone.server.flask.application err.raise_mysql_exception(self._data)
[Thu Jul 09 13:22:32.294361 2026] [wsgi:error] [pid 12:tid 139883047405248] [remote 10.0.0.227:58766] 2026-07-09 13:22:32.275 12 ERROR keystone.server.flask.application
File "/var/lib/openstack/lib/python3.12/site-packages/pymysql/err.py", line 154, in raise_mysql_exception
[Thu Jul 09 13:22:32.294366 2026] [wsgi:error] [pid 12:tid 139883047405248] [remote 10.0.0.227:58766] 2026-07-09 13:22:32.275 12 ERROR keystone.server.flask.application raise errorclass(errno, errval, sqlstate=sqlstate)
[Thu Jul 09 13:22:32.294369 2026] [wsgi:error] [pid 12:tid 139883047405248] [remote 10.0.0.227:58766] 2026-07-09 13:22:32.275 12 ERROR keystone.server.flask.application pymysql.err.IntegrityError: (1062, "Duplicate entry '<>-service' for key 'project.ixu_project_name_domain_id'")
[Thu Jul 09 13:22:32.294373 2026] [wsgi:error] [pid 12:tid 139883047405248] [remote 10.0.0.227:58766] 2026-07-09 13:22:32.275 12 ERROR keystone.server.flask.application
[Thu Jul 09 13:22:32.294397 2026] [wsgi:error] [pid 12:tid 139883047405248] [remote 10.0.0.227:58766] 2026-07-09 13:22:32.275 12 ERROR keystone.server.flask.application The above exception was the direct cause of the following exception:
[Thu Jul 09 13:22:32.294406 2026] [wsgi:error] [pid 12:tid 139883047405248] [remote 10.0.0.227:58766] 2026-07-09 13:22:32.275 12 ERROR keystone.server.flask.application
[Thu Jul 09 13:22:32.294408 2026] [wsgi:error] [pid 12:tid 139883047405248] [remote 10.0.0.227:58766] 2026-07-09 13:22:32.275 12 ERROR keystone.server.flask.application
Traceback (most recent call last):
[Thu Jul 09 13:22:32.294410 2026] [wsgi:error] [pid 12:tid 139883047405248] [remote 10.0.0.227:58766] 2026-07-09 13:22:32.275 12 ERROR keystone.server.flask.application
File "/var/lib/openstack/lib/python3.12/site-packages/keystone/common/sql/core.py", line 575, in wrapper
[Thu Jul 09 13:22:32.294412 2026] [wsgi:error] [pid 12:tid 139883047405248] [remote 10.0.0.227:58766] 2026-07-09 13:22:32.275 12 ERROR keystone.server.flask.application return method(*args, **kwargs)
[Thu Jul 09 13:22:32.294415 2026] [wsgi:error] [pid 12:tid 139883047405248] [remote 10.0.0.227:58766] 2026-07-09 13:22:32.275 12 ERROR keystone.server.flask.application ^^^^^^^^^^^^^^^^^^^^^^^
[Thu Jul 09 13:22:32.294418 2026] [wsgi:error] [pid 12:tid 139883047405248] [remote 10.0.0.227:58766] 2026-07-09 13:22:32.275 12 ERROR keystone.server.flask.application
File "/var/lib/openstack/lib/python3.12/site-packages/keystone/resource/backends/sql.py", line 278, in create_project
[Thu Jul 09 13:22:32.294423 2026] [wsgi:error] [pid 12:tid 139883047405248] [remote 10.0.0.227:58766] 2026-07-09 13:22:32.275 12 ERROR keystone.server.flask.application with sql.session_for_write() as session:
[Thu Jul 09 13:22:32.294425 2026] [wsgi:error] [pid 12:tid 139883047405248] [remote 10.0.0.227:58766] 2026-07-09 13:22:32.275 12 ERROR keystone.server.flask.application
File "/usr/lib/python3.12/contextlib.py", line 144, in __exit__
[Thu Jul 09 13:22:32.294429 2026] [wsgi:error] [pid 12:tid 139883047405248] [remote 10.0.0.227:58766] 2026-07-09 13:22:32.275 12 ERROR keystone.server.flask.application next(self.gen)
[Thu Jul 09 13:22:32.294432 2026] [wsgi:error] [pid 12:tid 139883047405248] [remote 10.0.0.227:58766] 2026-07-09 13:22:32.275 12 ERROR keystone.server.flask.application
File "/var/lib/openstack/lib/python3.12/site-packages/oslo_db/sqlalchemy/enginefacade.py", line 1175, in _transaction_scope
[Thu Jul 09 13:22:32.294436 2026] [wsgi:error] [pid 12:tid 139883047405248] [remote 10.0.0.227:58766] 2026-07-09 13:22:32.275 12 ERROR keystone.server.flask.application with current._produce_block(
[Thu Jul 09 13:22:32.294440 2026] [wsgi:error] [pid 12:tid 139883047405248] [remote 10.0.0.227:58766] 2026-07-09 13:22:32.275 12 ERROR keystone.server.flask.application
File "/usr/lib/python3.12/contextlib.py", line 144, in __exit__
[Thu Jul 09 13:22:32.294444 2026] [wsgi:error] [pid 12:tid 139883047405248] [remote 10.0.0.227:58766] 2026-07-09 13:22:32.275 12 ERROR keystone.server.flask.application next(self.gen)
[Thu Jul 09 13:22:32.294448 2026] [wsgi:error] [pid 12:tid 139883047405248] [remote 10.0.0.227:58766] 2026-07-09 13:22:32.275 12 ERROR keystone.server.flask.application
File "/var/lib/openstack/lib/python3.12/site-packages/oslo_db/sqlalchemy/enginefacade.py", line 837, in _session
[Thu Jul 09 13:22:32.294451 2026] [wsgi:error] [pid 12:tid 139883047405248] [remote 10.0.0.227:58766] 2026-07-09 13:22:32.275 12 ERROR keystone.server.flask.application with excutils.save_and_reraise_exception():
[Thu Jul 09 13:22:32.294455 2026] [wsgi:error] [pid 12:tid 139883047405248] [remote 10.0.0.227:58766] 2026-07-09 13:22:32.275 12 ERROR keystone.server.flask.application
File "/var/lib/openstack/lib/python3.12/site-packages/oslo_utils/excutils.py", line 266, in __exit__
[Thu Jul 09 13:22:32.294458 2026] [wsgi:error] [pid 12:tid 139883047405248] [remote 10.0.0.227:58766] 2026-07-09 13:22:32.275 12 ERROR keystone.server.flask.application self.force_reraise()
[Thu Jul 09 13:22:32.294462 2026] [wsgi:error] [pid 12:tid 139883047405248] [remote 10.0.0.227:58766] 2026-07-09 13:22:32.275 12 ERROR keystone.server.flask.application
File "/var/lib/openstack/lib/python3.12/site-packages/oslo_utils/excutils.py", line 232, in force_reraise
[Thu Jul 09 13:22:32.294465 2026] [wsgi:error] [pid 12:tid 139883047405248] [remote 10.0.0.227:58766] 2026-07-09 13:22:32.275 12 ERROR keystone.server.flask.application raise self.value
[Thu Jul 09 13:22:32.294467 2026] [wsgi:error] [pid 12:tid 139883047405248] [remote 10.0.0.227:58766] 2026-07-09 13:22:32.275 12 ERROR keystone.server.flask.application
File "/var/lib/openstack/lib/python3.12/site-packages/oslo_db/sqlalchemy/enginefacade.py", line 835, in _session
[Thu Jul 09 13:22:32.294469 2026] [wsgi:error] [pid 12:tid 139883047405248] [remote 10.0.0.227:58766] 2026-07-09 13:22:32.275 12 ERROR keystone.server.flask.application self._end_session_transaction(self.session)
[Thu Jul 09 13:22:32.294471 2026] [wsgi:error] [pid 12:tid 139883047405248] [remote 10.0.0.227:58766] 2026-07-09 13:22:32.275 12 ERROR keystone.server.flask.application
File "/var/lib/openstack/lib/python3.12/site-packages/oslo_db/sqlalchemy/enginefacade.py", line 748, in _end_session_transaction
[Thu Jul 09 13:22:32.294476 2026] [wsgi:error] [pid 12:tid 139883047405248] [remote 10.0.0.227:58766] 2026-07-09 13:22:32.275 12 ERROR keystone.server.flask.application session.commit()
[Thu Jul 09 13:22:32.294479 2026] [wsgi:error] [pid 12:tid 139883047405248] [remote 10.0.0.227:58766] 2026-07-09 13:22:32.275 12 ERROR keystone.server.flask.application
File "/var/lib/openstack/lib/python3.12/site-packages/sqlalchemy/orm/session.py", line 2034, in commit
[Thu Jul 09 13:22:32.294483 2026] [wsgi:error] [pid 12:tid 139883047405248] [remote 10.0.0.227:58766] 2026-07-09 13:22:32.275 12 ERROR keystone.server.flask.application trans.commit(_to_root=True)
[Thu Jul 09 13:22:32.294486 2026] [wsgi:error] [pid 12:tid 139883047405248] [remote 10.0.0.227:58766] 2026-07-09 13:22:32.275 12 ERROR keystone.server.flask.application File "", line 2, in commit
[Thu Jul 09 13:22:32.294489 2026] [wsgi:error] [pid 12:tid 139883047405248] [remote 10.0.0.227:58766] 2026-07-09 13:22:32.275 12 ERROR keystone.server.flask.application
File "/var/lib/openstack/lib/python3.12/site-packages/sqlalchemy/orm/state_changes.py", line 137, in _go
[Thu Jul 09 13:22:32.294493 2026] [wsgi:error] [pid 12:tid 139883047405248] [remote 10.0.0.227:58766] 2026-07-09 13:22:32.275 12 ERROR keystone.server.flask.application ret_value = fn(self, *arg, **kw)
[Thu Jul 09 13:22:32.294497 2026] [wsgi:error] [pid 12:tid 139883047405248] [remote 10.0.0.227:58766] 2026-07-09 13:22:32.275 12 ERROR keystone.server.flask.application ^^^^^^^^^^^^^^^^^^^^
[Thu Jul 09 13:22:32.294500 2026] [wsgi:error] [pid 12:tid 139883047405248] [remote 10.0.0.227:58766] 2026-07-09 13:22:32.275 12 ERROR keystone.server.flask.application
File "/var/lib/openstack/lib/python3.12/site-packages/sqlalchemy/orm/session.py", line 1315, in commit
[Thu Jul 09 13:22:32.294505 2026] [wsgi:error] [pid 12:tid 139883047405248] [remote 10.0.0.227:58766] 2026-07-09 13:22:32.275 12 ERROR keystone.server.flask.application self._prepare_impl()
[Thu Jul 09 13:22:32.294509 2026] [wsgi:error] [pid 12:tid 139883047405248] [remote 10.0.0.227:58766] 2026-07-09 13:22:32.275 12 ERROR keystone.server.flask.application File "", line 2, in _prepare_impl
[Thu Jul 09 13:22:32.294512 2026] [wsgi:error] [pid 12:tid 139883047405248] [remote 10.0.0.227:58766] 2026-07-09 13:22:32.275 12 ERROR keystone.server.flask.application
File "/var/lib/openstack/lib/python3.12/site-packages/sqlalchemy/orm/state_changes.py", line 137, in _go
[Thu Jul 09 13:22:32.294515 2026] [wsgi:error] [pid 12:tid 139883047405248] [remote 10.0.0.227:58766] 2026-07-09 13:22:32.275 12 ERROR keystone.server.flask.application ret_value = fn(self, *arg, **kw)
[Thu Jul 09 13:22:32.294519 2026] [wsgi:error] [pid 12:tid 139883047405248] [remote 10.0.0.227:58766] 2026-07-09 13:22:32.275 12 ERROR keystone.server.flask.application ^^^^^^^^^^^^^^^^^^^^
[Thu Jul 09 13:22:32.294522 2026] [wsgi:error] [pid 12:tid 139883047405248] [remote 10.0.0.227:58766] 2026-07-09 13:22:32.275 12 ERROR keystone.server.flask.application
File "/var/lib/openstack/lib/python3.12/site-packages/sqlalchemy/orm/session.py", line 1290, in _prepare_impl
[Thu Jul 09 13:22:32.294526 2026] [wsgi:error] [pid 12:tid 139883047405248] [remote 10.0.0.227:58766] 2026-07-09 13:22:32.275 12 ERROR keystone.server.flask.application self.session.flush()
[Thu Jul 09 13:22:32.294529 2026] [wsgi:error] [pid 12:tid 139883047405248] [remote 10.0.0.227:58766] 2026-07-09 13:22:32.275 12 ERROR keystone.server.flask.application
File "/var/lib/openstack/lib/python3.12/site-packages/sqlalchemy/orm/session.py", line 4352, in flush
[Thu Jul 09 13:22:32.294533 2026] [wsgi:error] [pid 12:tid 139883047405248] [remote 10.0.0.227:58766] 2026-07-09 13:22:32.275 12 ERROR keystone.server.flask.application self._flush(objects)
[Thu Jul 09 13:22:32.294536 2026] [wsgi:error] [pid 12:tid 139883047405248] [remote 10.0.0.227:58766] 2026-07-09 13:22:32.275 12 ERROR keystone.server.flask.application
File "/var/lib/openstack/lib/python3.12/site-packages/sqlalchemy/orm/session.py", line 4487, in _flush
[Thu Jul 09 13:22:32.294538 2026] [wsgi:error] [pid 12:tid 139883047405248] [remote 10.0.0.227:58766] 2026-07-09 13:22:32.275 12 ERROR keystone.server.flask.application with util.safe_reraise():
[Thu Jul 09 13:22:32.294540 2026] [wsgi:error] [pid 12:tid 139883047405248] [remote 10.0.0.227:58766] 2026-07-09 13:22:32.275 12 ERROR keystone.server.flask.application
File "/var/lib/openstack/lib/python3.12/site-packages/sqlalchemy/util/langhelpers.py", line 122, in __exit__
[Thu Jul 09 13:22:32.294542 2026] [wsgi:error] [pid 12:tid 139883047405248] [remote 10.0.0.227:58766] 2026-07-09 13:22:32.275 12 ERROR keystone.server.flask.application raise exc_value.with_traceback(exc_tb)
[Thu Jul 09 13:22:32.294545 2026] [wsgi:error] [pid 12:tid 139883047405248] [remote 10.0.0.227:58766] 2026-07-09 13:22:32.275 12 ERROR keystone.server.flask.application
File "/var/lib/openstack/lib/python3.12/site-packages/sqlalchemy/orm/session.py", line 4448, in _flush
[Thu Jul 09 13:22:32.294549 2026] [wsgi:error] [pid 12:tid 139883047405248] [remote 10.0.0.227:58766] 2026-07-09 13:22:32.275 12 ERROR keystone.server.flask.application flush_context.execute()
