2026-07-09 14:23:11.749 8 INFO cinder.api.openstack.wsgi [None req-de67630b-bd44-4316-b4e0-b2986ca89cb6 908bb38ebfaf4bfa95286d55450558c3 5f29ff917bc04b0092d07815578bfb47 - - default default] http://cinder-api.openstack.svc.cluster.local:8776/ returned with HTTP 300 [pid: 8|app: 0|req: 376/752] 199.204.45.235 () {32 vars in 839 bytes} [Thu Jul 9 14:23:11 2026] GET / => generated 411 bytes in 1 msecs (HTTP/1.1 300) 5 headers in 169 bytes (1 switches on core 0)
2026-07-09 14:23:11.762 7 INFO cinder.api.openstack.wsgi [None req-16f895d6-c482-4b18-9fba-2bc1353b1a88 908bb38ebfaf4bfa95286d55450558c3 5f29ff917bc04b0092d07815578bfb47 - - default default] http://cinder-api.openstack.svc.cluster.local:8776/v3/5f29ff917bc04b0092d07815578bfb47/os-quota-sets/64021b8211104083b4718c9129b4b320?usage=true returned with HTTP 200 [pid: 7|app: 0|req: 377/753] 10.0.0.100 () {28 vars in 735 bytes} [Thu Jul 9 14:23:11 2026] GET /v3/5f29ff917bc04b0092d07815578bfb47/os-quota-sets/64021b8211104083b4718c9129b4b320?usage=true => generated 847 bytes in 34 msecs (HTTP/1.1 200) 7 headers in 285 bytes (1 switches on core 0)
2026-07-09 14:23:11.774 8 INFO cinder.api.openstack.wsgi [None req-6c398aa6-9059-42d5-bac3-fa6d6a827f8e 908bb38ebfaf4bfa95286d55450558c3 5f29ff917bc04b0092d07815578bfb47 - - default default] GET http://cinder-api.openstack.svc.cluster.local:8776/v3/5f29ff917bc04b0092d07815578bfb47/os-quota-sets/6ce40c74a4ea46ccaa196bbb9fb98ffd?usage=true
2026-07-09 14:23:11.806 7 INFO cinder.api.openstack.wsgi [req-150b9456-a883-40f1-882f-2d802a964eba req-f0e6506e-0619-4004-a3af-11171bf3a75f b904453e5770437c88a33e8a6d59fa5b 8c79ce8246394b978144740316bbcd78 - - default default] GET http://cinder-api.openstack.svc.cluster.local:8776/v3/8c79ce8246394b978144740316bbcd78/volumes/13fc88cf-8a86-4b22-b2ec-9a31b6e78b87 /var/lib/openstack/lib/python3.12/site-packages/oslo_context/context.py:102: DeprecationWarning: Policy enforcement is depending on the value of is_admin. This key is deprecated. Please update your policy file to use the standard policy values. warnings.warn(
2026-07-09 14:23:11.828 8 INFO cinder.api.openstack.wsgi [None req-6c398aa6-9059-42d5-bac3-fa6d6a827f8e 908bb38ebfaf4bfa95286d55450558c3 5f29ff917bc04b0092d07815578bfb47 - - default default] http://cinder-api.openstack.svc.cluster.local:8776/v3/5f29ff917bc04b0092d07815578bfb47/os-quota-sets/6ce40c74a4ea46ccaa196bbb9fb98ffd?usage=true returned with HTTP 200 [pid: 8|app: 0|req: 377/754] 10.0.0.100 () {28 vars in 735 bytes} [Thu Jul 9 14:23:11 2026] GET /v3/5f29ff917bc04b0092d07815578bfb47/os-quota-sets/6ce40c74a4ea46ccaa196bbb9fb98ffd?usage=true => generated 847 bytes in 61 msecs (HTTP/1.1 200) 7 headers in 285 bytes (1 switches on core 0)
2026-07-09 14:23:11.832 7 INFO cinder.volume.api [req-150b9456-a883-40f1-882f-2d802a964eba req-f0e6506e-0619-4004-a3af-11171bf3a75f b904453e5770437c88a33e8a6d59fa5b 8c79ce8246394b978144740316bbcd78 - - default default] Volume info retrieved successfully.
2026-07-09 14:23:11.839 8 INFO cinder.api.openstack.wsgi [None req-040413e1-be8c-4be0-879e-82199a0830bb 908bb38ebfaf4bfa95286d55450558c3 5f29ff917bc04b0092d07815578bfb47 - - default default] GET http://cinder-api.openstack.svc.cluster.local:8776/v3/5f29ff917bc04b0092d07815578bfb47/os-quota-sets/8c09afcf23f14dd28de07e88ed3d50cd?usage=true
2026-07-09 14:23:11.840 7 INFO cinder.api.openstack.wsgi [req-150b9456-a883-40f1-882f-2d802a964eba req-f0e6506e-0619-4004-a3af-11171bf3a75f b904453e5770437c88a33e8a6d59fa5b 8c79ce8246394b978144740316bbcd78 - - default default] http://cinder-api.openstack.svc.cluster.local:8776/v3/8c79ce8246394b978144740316bbcd78/volumes/13fc88cf-8a86-4b22-b2ec-9a31b6e78b87 returned with HTTP 200 [pid: 7|app: 0|req: 378/755] 199.204.45.235 () {36 vars in 1072 bytes} [Thu Jul 9 14:23:11 2026] GET /v3/8c79ce8246394b978144740316bbcd78/volumes/13fc88cf-8a86-4b22-b2ec-9a31b6e78b87 => generated 1663 bytes in 42 msecs (HTTP/1.1 200) 7 headers in 287 bytes (1 switches on core 0)
2026-07-09 14:23:11.866 8 INFO cinder.api.openstack.wsgi [None req-040413e1-be8c-4be0-879e-82199a0830bb 908bb38ebfaf4bfa95286d55450558c3 5f29ff917bc04b0092d07815578bfb47 - - default default] http://cinder-api.openstack.svc.cluster.local:8776/v3/5f29ff917bc04b0092d07815578bfb47/os-quota-sets/8c09afcf23f14dd28de07e88ed3d50cd?usage=true returned with HTTP 200 [pid: 8|app: 0|req: 378/756] 10.0.0.100 () {28 vars in 735 bytes} [Thu Jul 9 14:23:11 2026] GET /v3/5f29ff917bc04b0092d07815578bfb47/os-quota-sets/8c09afcf23f14dd28de07e88ed3d50cd?usage=true => generated 847 bytes in 34 msecs (HTTP/1.1 200) 7 headers in 285 bytes (1 switches on core 0) /var/lib/openstack/lib/python3.12/site-packages/pycadf/identifier.py:70: UserWarning: Invalid uuid: cinderv3. To ensure interoperability, identifiers should be a valid uuid. warnings.warn(('Invalid uuid: %s. To ensure interoperability, '
2026-07-09 14:23:11.879 7 INFO cinder.api.openstack.wsgi [None req-aced79ac-e7aa-4672-8128-ee6da5df5a40 908bb38ebfaf4bfa95286d55450558c3 5f29ff917bc04b0092d07815578bfb47 - - default default] GET http://cinder-api.openstack.svc.cluster.local:8776/v3/5f29ff917bc04b0092d07815578bfb47/os-quota-sets/8c79ce8246394b978144740316bbcd78?usage=true
2026-07-09 14:23:11.928 7 INFO cinder.api.openstack.wsgi [None req-aced79ac-e7aa-4672-8128-ee6da5df5a40 908bb38ebfaf4bfa95286d55450558c3 5f29ff917bc04b0092d07815578bfb47 - - default default] http://cinder-api.openstack.svc.cluster.local:8776/v3/5f29ff917bc04b0092d07815578bfb47/os-quota-sets/8c79ce8246394b978144740316bbcd78?usage=true returned with HTTP 200 [pid: 7|app: 0|req: 379/757] 10.0.0.100 () {28 vars in 735 bytes} [Thu Jul 9 14:23:11 2026] GET /v3/5f29ff917bc04b0092d07815578bfb47/os-quota-sets/8c79ce8246394b978144740316bbcd78?usage=true => generated 847 bytes in 58 msecs (HTTP/1.1 200) 7 headers in 285 bytes (1 switches on core 0)
2026-07-09 14:23:11.938 8 INFO cinder.api.openstack.wsgi [None req-089b294d-9bfe-41c8-b691-dea404a1224f 908bb38ebfaf4bfa95286d55450558c3 5f29ff917bc04b0092d07815578bfb47 - - default default] GET http://cinder-api.openstack.svc.cluster.local:8776/v3/5f29ff917bc04b0092d07815578bfb47/os-quota-sets/b73159f7c5874808b07ef73158b1f251?usage=true
2026-07-09 14:23:11.965 8 INFO cinder.api.openstack.wsgi [None req-089b294d-9bfe-41c8-b691-dea404a1224f 908bb38ebfaf4bfa95286d55450558c3 5f29ff917bc04b0092d07815578bfb47 - - default default] http://cinder-api.openstack.svc.cluster.local:8776/v3/5f29ff917bc04b0092d07815578bfb47/os-quota-sets/b73159f7c5874808b07ef73158b1f251?usage=true returned with HTTP 200 [pid: 8|app: 0|req: 379/758] 10.0.0.100 () {28 vars in 735 bytes} [Thu Jul 9 14:23:11 2026] GET /v3/5f29ff917bc04b0092d07815578bfb47/os-quota-sets/b73159f7c5874808b07ef73158b1f251?usage=true => generated 845 bytes in 33 msecs (HTTP/1.1 200) 7 headers in 285 bytes (1 switches on core 0)
2026-07-09 14:23:11.975 7 INFO cinder.api.openstack.wsgi [None req-c0998b42-d835-4a66-9eba-7398307259d8 908bb38ebfaf4bfa95286d55450558c3 5f29ff917bc04b0092d07815578bfb47 - - default default] GET http://cinder-api.openstack.svc.cluster.local:8776/v3/5f29ff917bc04b0092d07815578bfb47/os-quota-sets/ee4f9941cc91408aa32357d39bcc28c6?usage=true
2026-07-09 14:23:12.037 7 INFO cinder.api.openstack.wsgi [None req-c0998b42-d835-4a66-9eba-7398307259d8 908bb38ebfaf4bfa95286d55450558c3 5f29ff917bc04b0092d07815578bfb47 - - default default] http://cinder-api.openstack.svc.cluster.local:8776/v3/5f29ff917bc04b0092d07815578bfb47/os-quota-sets/ee4f9941cc91408aa32357d39bcc28c6?usage=true returned with HTTP 200 [pid: 7|app: 0|req: 380/759] 10.0.0.100 () {28 vars in 735 bytes} [Thu Jul 9 14:23:11 2026] GET /v3/5f29ff917bc04b0092d07815578bfb47/os-quota-sets/ee4f9941cc91408aa32357d39bcc28c6?usage=true => generated 847 bytes in 70 msecs (HTTP/1.1 200) 7 headers in 285 bytes (1 switches on core 0)
2026-07-09 14:23:12.049 8 INFO cinder.api.openstack.wsgi [None req-441d573a-da91-4190-a65a-61f9454d7115 908bb38ebfaf4bfa95286d55450558c3 5f29ff917bc04b0092d07815578bfb47 - - default default] GET http://cinder-api.openstack.svc.cluster.local:8776/v3/5f29ff917bc04b0092d07815578bfb47/os-quota-sets/f4533d242d114587877bfb827cfac08b?usage=true
2026-07-09 14:23:12.080 8 INFO cinder.api.openstack.wsgi [None req-441d573a-da91-4190-a65a-61f9454d7115 908bb38ebfaf4bfa95286d55450558c3 5f29ff917bc04b0092d07815578bfb47 - - default default] http://cinder-api.openstack.svc.cluster.local:8776/v3/5f29ff917bc04b0092d07815578bfb47/os-quota-sets/f4533d242d114587877bfb827cfac08b?usage=true returned with HTTP 200 [pid: 8|app: 0|req: 380/760] 10.0.0.100 () {28 vars in 735 bytes} [Thu Jul 9 14:23:12 2026] GET /v3/5f29ff917bc04b0092d07815578bfb47/os-quota-sets/f4533d242d114587877bfb827cfac08b?usage=true => generated 847 bytes in 40 msecs (HTTP/1.1 200) 7 headers in 285 bytes (1 switches on core 0)
2026-07-09 14:23:12.098 7 INFO cinder.api.openstack.wsgi [None req-68bc9ff9-23f6-4244-8fda-bad8bc786d5a 908bb38ebfaf4bfa95286d55450558c3 5f29ff917bc04b0092d07815578bfb47 - - default default] GET http://cinder-api.openstack.svc.cluster.local:8776/v3/5f29ff917bc04b0092d07815578bfb47/snapshots?all_tenants=true
2026-07-09 14:23:12.106 7 INFO cinder.volume.api [None req-68bc9ff9-23f6-4244-8fda-bad8bc786d5a 908bb38ebfaf4bfa95286d55450558c3 5f29ff917bc04b0092d07815578bfb47 - - default default] Get all snapshots completed successfully.
2026-07-09 14:23:12.106 7 INFO cinder.api.openstack.wsgi [None req-68bc9ff9-23f6-4244-8fda-bad8bc786d5a 908bb38ebfaf4bfa95286d55450558c3 5f29ff917bc04b0092d07815578bfb47 - - default default] http://cinder-api.openstack.svc.cluster.local:8776/v3/5f29ff917bc04b0092d07815578bfb47/snapshots?all_tenants=true returned with HTTP 200 [pid: 7|app: 0|req: 381/761] 10.0.0.100 () {28 vars in 673 bytes} [Thu Jul 9 14:23:12 2026] GET /v3/5f29ff917bc04b0092d07815578bfb47/snapshots?all_tenants=true => generated 17 bytes in 16 msecs (HTTP/1.1 200) 7 headers in 284 bytes (1 switches on core 0)
2026-07-09 14:23:12.116 8 INFO cinder.api.openstack.wsgi [None req-2c1fa227-25a2-4e0b-841c-880d5ee770da 908bb38ebfaf4bfa95286d55450558c3 5f29ff917bc04b0092d07815578bfb47 - - default default] GET http://cinder-api.openstack.svc.cluster.local:8776/v3/5f29ff917bc04b0092d07815578bfb47/scheduler-stats/get_pools?detail=true
2026-07-09 14:23:12.622 8 INFO cinder.api.openstack.wsgi [None req-2c1fa227-25a2-4e0b-841c-880d5ee770da 908bb38ebfaf4bfa95286d55450558c3 5f29ff917bc04b0092d07815578bfb47 - - default default] http://cinder-api.openstack.svc.cluster.local:8776/v3/5f29ff917bc04b0092d07815578bfb47/scheduler-stats/get_pools?detail=true returned with HTTP 200 [pid: 8|app: 0|req: 381/762] 10.0.0.100 () {28 vars in 695 bytes} [Thu Jul 9 14:23:12 2026] GET /v3/5f29ff917bc04b0092d07815578bfb47/scheduler-stats/get_pools?detail=true => generated 670 bytes in 514 msecs (HTTP/1.1 200) 7 headers in 285 bytes (1 switches on core 0)
2026-07-09 14:23:12.637 7 INFO cinder.api.openstack.wsgi [None req-aa95da77-c67d-4ccf-b86c-3691aad2ad5a 908bb38ebfaf4bfa95286d55450558c3 5f29ff917bc04b0092d07815578bfb47 - - default default] GET http://cinder-api.openstack.svc.cluster.local:8776/v3/5f29ff917bc04b0092d07815578bfb47/volumes/detail?all_tenants=true
2026-07-09 14:23:12.668 7 INFO cinder.volume.api [None req-aa95da77-c67d-4ccf-b86c-3691aad2ad5a 908bb38ebfaf4bfa95286d55450558c3 5f29ff917bc04b0092d07815578bfb47 - - default default] Get all volumes completed successfully. /var/lib/openstack/lib/python3.12/site-packages/oslo_context/context.py:102: DeprecationWarning: Policy enforcement is depending on the value of is_admin. This key is deprecated. Please update your policy file to use the standard policy values. warnings.warn(
2026-07-09 14:23:12.683 7 INFO cinder.api.openstack.wsgi [None req-aa95da77-c67d-4ccf-b86c-3691aad2ad5a 908bb38ebfaf4bfa95286d55450558c3 5f29ff917bc04b0092d07815578bfb47 - - default default] http://cinder-api.openstack.svc.cluster.local:8776/v3/5f29ff917bc04b0092d07815578bfb47/volumes/detail?all_tenants=true returned with HTTP 200 [pid: 7|app: 0|req: 382/763] 10.0.0.100 () {28 vars in 683 bytes} [Thu Jul 9 14:23:12 2026] GET /v3/5f29ff917bc04b0092d07815578bfb47/volumes/detail?all_tenants=true => generated 1650 bytes in 56 msecs (HTTP/1.1 200) 7 headers in 286 bytes (1 switches on core 0)
2026-07-09 14:23:13.750 8 INFO cinder.api.openstack.wsgi [req-150b9456-a883-40f1-882f-2d802a964eba req-fe6b836d-23ea-4e3f-bbbd-56d545b12bf5 b904453e5770437c88a33e8a6d59fa5b 8c79ce8246394b978144740316bbcd78 - - default default] PUT http://cinder-api.openstack.svc.cluster.local:8776/v3/8c79ce8246394b978144740316bbcd78/attachments/9279df93-15f2-460c-8336-b9bbdbe7267d /var/lib/openstack/lib/python3.12/site-packages/oslo_context/context.py:102: DeprecationWarning: Policy enforcement is depending on the value of is_admin. This key is deprecated. Please update your policy file to use the standard policy values. warnings.warn(
2026-07-09 14:23:14.787 8 INFO cinder.api.openstack.wsgi [req-150b9456-a883-40f1-882f-2d802a964eba req-fe6b836d-23ea-4e3f-bbbd-56d545b12bf5 b904453e5770437c88a33e8a6d59fa5b 8c79ce8246394b978144740316bbcd78 - - default default] http://cinder-api.openstack.svc.cluster.local:8776/v3/8c79ce8246394b978144740316bbcd78/attachments/9279df93-15f2-460c-8336-b9bbdbe7267d returned with HTTP 200 [pid: 8|app: 0|req: 382/764] 199.204.45.235 () {40 vars in 1134 bytes} [Thu Jul 9 14:23:13 2026] PUT /v3/8c79ce8246394b978144740316bbcd78/attachments/9279df93-15f2-460c-8336-b9bbdbe7267d => generated 802 bytes in 1044 msecs (HTTP/1.1 200) 7 headers in 286 bytes (1 switches on core 0) /var/lib/openstack/lib/python3.12/site-packages/pycadf/identifier.py:70: UserWarning: Invalid uuid: cinderv3. To ensure interoperability, identifiers should be a valid uuid. warnings.warn(('Invalid uuid: %s. To ensure interoperability, '
2026-07-09 14:23:15.316 7 INFO cinder.api.openstack.wsgi [req-150b9456-a883-40f1-882f-2d802a964eba req-f58c6418-7946-4032-aae2-a95365e88acc b904453e5770437c88a33e8a6d59fa5b 8c79ce8246394b978144740316bbcd78 - - default default] POST http://cinder-api.openstack.svc.cluster.local:8776/v3/8c79ce8246394b978144740316bbcd78/attachments/9279df93-15f2-460c-8336-b9bbdbe7267d/action /var/lib/openstack/lib/python3.12/site-packages/cinder/db/sqlalchemy/api.py:2470: SAWarning: SELECT statement has a cartesian product between FROM element(s) "volumes" and FROM element "volume_attachment". Apply join condition(s) between each element to resolve. .first() /var/lib/openstack/lib/python3.12/site-packages/oslo_context/context.py:102: DeprecationWarning: Policy enforcement is depending on the value of is_admin. This key is deprecated. Please update your policy file to use the standard policy values. warnings.warn(
2026-07-09 14:23:15.376 7 INFO cinder.api.openstack.wsgi [req-150b9456-a883-40f1-882f-2d802a964eba req-f58c6418-7946-4032-aae2-a95365e88acc b904453e5770437c88a33e8a6d59fa5b 8c79ce8246394b978144740316bbcd78 - - default default] http://cinder-api.openstack.svc.cluster.local:8776/v3/8c79ce8246394b978144740316bbcd78/attachments/9279df93-15f2-460c-8336-b9bbdbe7267d/action returned with HTTP 204 [pid: 7|app: 0|req: 383/765] 199.204.45.235 () {40 vars in 1147 bytes} [Thu Jul 9 14:23:15 2026] POST /v3/8c79ce8246394b978144740316bbcd78/attachments/9279df93-15f2-460c-8336-b9bbdbe7267d/action => generated 0 bytes in 73 msecs (HTTP/1.1 204) 7 headers in 292 bytes (1 switches on core 0) /var/lib/openstack/lib/python3.12/site-packages/pycadf/identifier.py:70: UserWarning: Invalid uuid: cinderv3. To ensure interoperability, identifiers should be a valid uuid. warnings.warn(('Invalid uuid: %s. To ensure interoperability, '
2026-07-09 14:23:18.974 8 INFO cinder.api.openstack.wsgi [req-150b9456-a883-40f1-882f-2d802a964eba req-6899e5ea-5dae-46d9-9de7-cc9381fff137 b904453e5770437c88a33e8a6d59fa5b 8c79ce8246394b978144740316bbcd78 - - default default] DELETE http://cinder-api.openstack.svc.cluster.local:8776/v3/8c79ce8246394b978144740316bbcd78/attachments/9279df93-15f2-460c-8336-b9bbdbe7267d /var/lib/openstack/lib/python3.12/site-packages/oslo_context/context.py:102: DeprecationWarning: Policy enforcement is depending on the value of is_admin. This key is deprecated. Please update your policy file to use the standard policy values. warnings.warn(
2026-07-09 14:23:19.212 7 INFO cinder.api.openstack.wsgi [req-150b9456-a883-40f1-882f-2d802a964eba req-f58c6418-7946-4032-aae2-a95365e88acc b904453e5770437c88a33e8a6d59fa5b 8c79ce8246394b978144740316bbcd78 - - default default] GET http://10.0.0.225:8776/
2026-07-09 14:23:19.213 7 INFO cinder.api.openstack.wsgi [req-150b9456-a883-40f1-882f-2d802a964eba req-f58c6418-7946-4032-aae2-a95365e88acc b904453e5770437c88a33e8a6d59fa5b 8c79ce8246394b978144740316bbcd78 - - default default] http://10.0.0.225:8776/ returned with HTTP 300
2026-07-09 14:23:19.217 7 INFO cinder.api.openstack.wsgi [req-150b9456-a883-40f1-882f-2d802a964eba req-f58c6418-7946-4032-aae2-a95365e88acc b904453e5770437c88a33e8a6d59fa5b 8c79ce8246394b978144740316bbcd78 - - default default] GET http://10.0.0.225:8776/
2026-07-09 14:23:19.217 7 INFO cinder.api.openstack.wsgi [req-150b9456-a883-40f1-882f-2d802a964eba req-f58c6418-7946-4032-aae2-a95365e88acc b904453e5770437c88a33e8a6d59fa5b 8c79ce8246394b978144740316bbcd78 - - default default] http://10.0.0.225:8776/ returned with HTTP 300
2026-07-09 14:23:19.552 8 INFO cinder.api.openstack.wsgi [req-150b9456-a883-40f1-882f-2d802a964eba req-6899e5ea-5dae-46d9-9de7-cc9381fff137 b904453e5770437c88a33e8a6d59fa5b 8c79ce8246394b978144740316bbcd78 - - default default] http://cinder-api.openstack.svc.cluster.local:8776/v3/8c79ce8246394b978144740316bbcd78/attachments/9279df93-15f2-460c-8336-b9bbdbe7267d returned with HTTP 200 [pid: 8|app: 0|req: 383/768] 199.204.45.235 () {38 vars in 1102 bytes} [Thu Jul 9 14:23:18 2026] DELETE /v3/8c79ce8246394b978144740316bbcd78/attachments/9279df93-15f2-460c-8336-b9bbdbe7267d => generated 19 bytes in 586 msecs (HTTP/1.1 200) 7 headers in 285 bytes (1 switches on core 0)
2026-07-09 14:23:22.970 7 INFO cinder.api.openstack.wsgi [req-150b9456-a883-40f1-882f-2d802a964eba req-f58c6418-7946-4032-aae2-a95365e88acc b904453e5770437c88a33e8a6d59fa5b 8c79ce8246394b978144740316bbcd78 - - default default] GET http://cinder-api.openstack.svc.cluster.local:8776/
2026-07-09 14:23:22.970 7 INFO cinder.api.openstack.wsgi [req-150b9456-a883-40f1-882f-2d802a964eba req-f58c6418-7946-4032-aae2-a95365e88acc b904453e5770437c88a33e8a6d59fa5b 8c79ce8246394b978144740316bbcd78 - - default default] http://cinder-api.openstack.svc.cluster.local:8776/ returned with HTTP 300 [pid: 7|app: 0|req: 386/769] 10.0.0.165 () {30 vars in 410 bytes} [Thu Jul 9 14:23:22 2026] GET / => generated 411 bytes in 2 msecs (HTTP/1.1 300) 5 headers in 169 bytes (1 switches on core 0) /var/lib/openstack/lib/python3.12/site-packages/pycadf/identifier.py:70: UserWarning: Invalid uuid: cinderv3. To ensure interoperability, identifiers should be a valid uuid. warnings.warn(('Invalid uuid: %s. To ensure interoperability, '
2026-07-09 14:23:24.615 8 INFO cinder.api.openstack.wsgi [req-1fdb944b-8f20-417e-9011-4cd81e0c2acf req-de156b66-0f23-40c7-9c91-1013815363f0 b904453e5770437c88a33e8a6d59fa5b 8c79ce8246394b978144740316bbcd78 - - default default] DELETE http://cinder-api.openstack.svc.cluster.local:8776/v3/8c79ce8246394b978144740316bbcd78/attachments/9279df93-15f2-460c-8336-b9bbdbe7267d
2026-07-09 14:23:24.622 8 INFO cinder.api.openstack.wsgi [req-1fdb944b-8f20-417e-9011-4cd81e0c2acf req-de156b66-0f23-40c7-9c91-1013815363f0 b904453e5770437c88a33e8a6d59fa5b 8c79ce8246394b978144740316bbcd78 - - default default] http://cinder-api.openstack.svc.cluster.local:8776/v3/8c79ce8246394b978144740316bbcd78/attachments/9279df93-15f2-460c-8336-b9bbdbe7267d returned with HTTP 404 [pid: 8|app: 0|req: 384/770] 10.0.0.117 () {38 vars in 1098 bytes} [Thu Jul 9 14:23:24 2026] DELETE /v3/8c79ce8246394b978144740316bbcd78/attachments/9279df93-15f2-460c-8336-b9bbdbe7267d => generated 149 bytes in 13 msecs (HTTP/1.1 404) 7 headers in 293 bytes (1 switches on core 0) /var/lib/openstack/lib/python3.12/site-packages/pycadf/identifier.py:70: UserWarning: Invalid uuid: cinderv3. To ensure interoperability, identifiers should be a valid uuid. warnings.warn(('Invalid uuid: %s. To ensure interoperability, '
2026-07-09 14:23:24.641 7 INFO cinder.api.openstack.wsgi [req-1fdb944b-8f20-417e-9011-4cd81e0c2acf req-4e891d72-b331-467e-ab82-1f14dd44eab7 b904453e5770437c88a33e8a6d59fa5b 8c79ce8246394b978144740316bbcd78 - - default default] DELETE http://cinder-api.openstack.svc.cluster.local:8776/v3/8c79ce8246394b978144740316bbcd78/volumes/13fc88cf-8a86-4b22-b2ec-9a31b6e78b87
2026-07-09 14:23:24.642 7 INFO cinder.api.v3.volumes [req-1fdb944b-8f20-417e-9011-4cd81e0c2acf req-4e891d72-b331-467e-ab82-1f14dd44eab7 b904453e5770437c88a33e8a6d59fa5b 8c79ce8246394b978144740316bbcd78 - - default default] Delete volume with id: 13fc88cf-8a86-4b22-b2ec-9a31b6e78b87 /var/lib/openstack/lib/python3.12/site-packages/oslo_context/context.py:102: DeprecationWarning: Policy enforcement is depending on the value of is_admin. This key is deprecated. Please update your policy file to use the standard policy values. warnings.warn(
2026-07-09 14:23:24.655 7 INFO cinder.volume.api [req-1fdb944b-8f20-417e-9011-4cd81e0c2acf req-4e891d72-b331-467e-ab82-1f14dd44eab7 b904453e5770437c88a33e8a6d59fa5b 8c79ce8246394b978144740316bbcd78 - - default default] Volume info retrieved successfully.
2026-07-09 14:23:24.715 7 INFO cinder.volume.api [req-1fdb944b-8f20-417e-9011-4cd81e0c2acf req-4e891d72-b331-467e-ab82-1f14dd44eab7 b904453e5770437c88a33e8a6d59fa5b 8c79ce8246394b978144740316bbcd78 - - default default] Delete volume request issued successfully.
2026-07-09 14:23:24.715 7 INFO cinder.api.openstack.wsgi [req-1fdb944b-8f20-417e-9011-4cd81e0c2acf req-4e891d72-b331-467e-ab82-1f14dd44eab7 b904453e5770437c88a33e8a6d59fa5b 8c79ce8246394b978144740316bbcd78 - - default default] http://cinder-api.openstack.svc.cluster.local:8776/v3/8c79ce8246394b978144740316bbcd78/volumes/13fc88cf-8a86-4b22-b2ec-9a31b6e78b87 returned with HTTP 202 [pid: 7|app: 0|req: 387/771] 10.0.0.117 () {36 vars in 1049 bytes} [Thu Jul 9 14:23:24 2026] DELETE /v3/8c79ce8246394b978144740316bbcd78/volumes/13fc88cf-8a86-4b22-b2ec-9a31b6e78b87 => generated 0 bytes in 86 msecs (HTTP/1.1 202) 6 headers in 233 bytes (1 switches on core 0)
2026-07-09 14:23:29.212 8 INFO cinder.api.openstack.wsgi [req-1fdb944b-8f20-417e-9011-4cd81e0c2acf req-de156b66-0f23-40c7-9c91-1013815363f0 b904453e5770437c88a33e8a6d59fa5b 8c79ce8246394b978144740316bbcd78 - - default default] GET http://10.0.0.225:8776/
2026-07-09 14:23:29.212 7 INFO cinder.api.openstack.wsgi [req-1fdb944b-8f20-417e-9011-4cd81e0c2acf req-4e891d72-b331-467e-ab82-1f14dd44eab7 b904453e5770437c88a33e8a6d59fa5b 8c79ce8246394b978144740316bbcd78 - - default default] GET http://10.0.0.225:8776/
2026-07-09 14:23:29.213 8 INFO cinder.api.openstack.wsgi [req-1fdb944b-8f20-417e-9011-4cd81e0c2acf req-de156b66-0f23-40c7-9c91-1013815363f0 b904453e5770437c88a33e8a6d59fa5b 8c79ce8246394b978144740316bbcd78 - - default default] http://10.0.0.225:8776/ returned with HTTP 300
2026-07-09 14:23:29.214 7 INFO cinder.api.openstack.wsgi [req-1fdb944b-8f20-417e-9011-4cd81e0c2acf req-4e891d72-b331-467e-ab82-1f14dd44eab7 b904453e5770437c88a33e8a6d59fa5b 8c79ce8246394b978144740316bbcd78 - - default default] http://10.0.0.225:8776/ returned with HTTP 300
2026-07-09 14:23:34.213 8 INFO cinder.api.openstack.wsgi [None req-b58e2617-2e82-4f7d-bfee-1ffa491c8913 e0a41962008f429e9b50562963d5a4bb bdd3278e3274430e8040dfd90fc8ec77 - - default default] POST http://cinder-api.openstack.svc.cluster.local:8776/v3/bdd3278e3274430e8040dfd90fc8ec77/volumes
2026-07-09 14:23:34.215 8 INFO cinder.api.v3.volumes [None req-b58e2617-2e82-4f7d-bfee-1ffa491c8913 e0a41962008f429e9b50562963d5a4bb bdd3278e3274430e8040dfd90fc8ec77 - - default default] Create volume of 1 GB /var/lib/openstack/lib/python3.12/site-packages/oslo_context/context.py:102: DeprecationWarning: Policy enforcement is depending on the value of is_admin. This key is deprecated. Please update your policy file to use the standard policy values. warnings.warn(
2026-07-09 14:23:34.222 8 INFO cinder.volume.api [None req-b58e2617-2e82-4f7d-bfee-1ffa491c8913 e0a41962008f429e9b50562963d5a4bb bdd3278e3274430e8040dfd90fc8ec77 - - default default] Availability Zones retrieved successfully.
2026-07-09 14:23:34.412 8 INFO cinder.volume.api [None req-b58e2617-2e82-4f7d-bfee-1ffa491c8913 e0a41962008f429e9b50562963d5a4bb bdd3278e3274430e8040dfd90fc8ec77 - - default default] Create volume request issued successfully.
2026-07-09 14:23:34.413 8 INFO cinder.api.openstack.wsgi [None req-b58e2617-2e82-4f7d-bfee-1ffa491c8913 e0a41962008f429e9b50562963d5a4bb bdd3278e3274430e8040dfd90fc8ec77 - - default default] http://cinder-api.openstack.svc.cluster.local:8776/v3/bdd3278e3274430e8040dfd90fc8ec77/volumes returned with HTTP 202 [pid: 8|app: 0|req: 386/774] 10.0.0.165 () {34 vars in 721 bytes} [Thu Jul 9 14:23:33 2026] POST /v3/bdd3278e3274430e8040dfd90fc8ec77/volumes => generated 860 bytes in 427 msecs (HTTP/1.1 202) 7 headers in 291 bytes (1 switches on core 0) /var/lib/openstack/lib/python3.12/site-packages/pycadf/identifier.py:70: UserWarning: Invalid uuid: cinderv3. To ensure interoperability, identifiers should be a valid uuid. warnings.warn(('Invalid uuid: %s. To ensure interoperability, '
2026-07-09 14:23:34.434 7 INFO cinder.api.openstack.wsgi [None req-3ec4fdbb-4e89-4c80-87e7-1e951e902bba e0a41962008f429e9b50562963d5a4bb bdd3278e3274430e8040dfd90fc8ec77 - - default default] GET http://cinder-api.openstack.svc.cluster.local:8776/v3/bdd3278e3274430e8040dfd90fc8ec77/volumes/378125f7-b487-44f2-b8b5-9f8c5a7015da /var/lib/openstack/lib/python3.12/site-packages/oslo_context/context.py:102: DeprecationWarning: Policy enforcement is depending on the value of is_admin. This key is deprecated. Please update your policy file to use the standard policy values. warnings.warn(
2026-07-09 14:23:34.457 7 INFO cinder.volume.api [None req-3ec4fdbb-4e89-4c80-87e7-1e951e902bba e0a41962008f429e9b50562963d5a4bb bdd3278e3274430e8040dfd90fc8ec77 - - default default] Volume info retrieved successfully.
2026-07-09 14:23:34.464 7 INFO cinder.api.openstack.wsgi [None req-3ec4fdbb-4e89-4c80-87e7-1e951e902bba e0a41962008f429e9b50562963d5a4bb bdd3278e3274430e8040dfd90fc8ec77 - - default default] http://cinder-api.openstack.svc.cluster.local:8776/v3/bdd3278e3274430e8040dfd90fc8ec77/volumes/378125f7-b487-44f2-b8b5-9f8c5a7015da returned with HTTP 200 [pid: 7|app: 0|req: 389/775] 10.0.0.165 () {32 vars in 774 bytes} [Thu Jul 9 14:23:34 2026] GET /v3/bdd3278e3274430e8040dfd90fc8ec77/volumes/378125f7-b487-44f2-b8b5-9f8c5a7015da => generated 928 bytes in 36 msecs (HTTP/1.1 200) 7 headers in 285 bytes (1 switches on core 0) /var/lib/openstack/lib/python3.12/site-packages/pycadf/identifier.py:70: UserWarning: Invalid uuid: cinderv3. To ensure interoperability, identifiers should be a valid uuid. warnings.warn(('Invalid uuid: %s. To ensure interoperability, '
2026-07-09 14:23:35.488 8 INFO cinder.api.openstack.wsgi [None req-f68cbf9b-3139-4b8b-907c-70e53394a1d0 e0a41962008f429e9b50562963d5a4bb bdd3278e3274430e8040dfd90fc8ec77 - - default default] GET http://cinder-api.openstack.svc.cluster.local:8776/v3/bdd3278e3274430e8040dfd90fc8ec77/volumes/378125f7-b487-44f2-b8b5-9f8c5a7015da /var/lib/openstack/lib/python3.12/site-packages/oslo_context/context.py:102: DeprecationWarning: Policy enforcement is depending on the value of is_admin. This key is deprecated. Please update your policy file to use the standard policy values. warnings.warn(
2026-07-09 14:23:35.503 8 INFO cinder.volume.api [None req-f68cbf9b-3139-4b8b-907c-70e53394a1d0 e0a41962008f429e9b50562963d5a4bb bdd3278e3274430e8040dfd90fc8ec77 - - default default] Volume info retrieved successfully.
2026-07-09 14:23:35.514 8 INFO cinder.api.openstack.wsgi [None req-f68cbf9b-3139-4b8b-907c-70e53394a1d0 e0a41962008f429e9b50562963d5a4bb bdd3278e3274430e8040dfd90fc8ec77 - - default default] http://cinder-api.openstack.svc.cluster.local:8776/v3/bdd3278e3274430e8040dfd90fc8ec77/volumes/378125f7-b487-44f2-b8b5-9f8c5a7015da returned with HTTP 200 [pid: 8|app: 0|req: 387/776] 10.0.0.165 () {32 vars in 774 bytes} [Thu Jul 9 14:23:35 2026] GET /v3/bdd3278e3274430e8040dfd90fc8ec77/volumes/378125f7-b487-44f2-b8b5-9f8c5a7015da => generated 953 bytes in 33 msecs (HTTP/1.1 200) 7 headers in 285 bytes (1 switches on core 0)
2026-07-09 14:23:39.211 8 INFO cinder.api.openstack.wsgi [None req-f68cbf9b-3139-4b8b-907c-70e53394a1d0 e0a41962008f429e9b50562963d5a4bb bdd3278e3274430e8040dfd90fc8ec77 - - default default] GET http://10.0.0.225:8776/
2026-07-09 14:23:39.212 7 INFO cinder.api.openstack.wsgi [None req-3ec4fdbb-4e89-4c80-87e7-1e951e902bba e0a41962008f429e9b50562963d5a4bb bdd3278e3274430e8040dfd90fc8ec77 - - default default] GET http://10.0.0.225:8776/
2026-07-09 14:23:39.212 8 INFO cinder.api.openstack.wsgi [None req-f68cbf9b-3139-4b8b-907c-70e53394a1d0 e0a41962008f429e9b50562963d5a4bb bdd3278e3274430e8040dfd90fc8ec77 - - default default] http://10.0.0.225:8776/ returned with HTTP 300
2026-07-09 14:23:39.214 7 INFO cinder.api.openstack.wsgi [None req-3ec4fdbb-4e89-4c80-87e7-1e951e902bba e0a41962008f429e9b50562963d5a4bb bdd3278e3274430e8040dfd90fc8ec77 - - default default] http://10.0.0.225:8776/ returned with HTTP 300
2026-07-09 14:23:49.211 8 INFO cinder.api.openstack.wsgi [None req-f68cbf9b-3139-4b8b-907c-70e53394a1d0 e0a41962008f429e9b50562963d5a4bb bdd3278e3274430e8040dfd90fc8ec77 - - default default] GET http://10.0.0.225:8776/
2026-07-09 14:23:49.212 7 INFO cinder.api.openstack.wsgi [None req-3ec4fdbb-4e89-4c80-87e7-1e951e902bba e0a41962008f429e9b50562963d5a4bb bdd3278e3274430e8040dfd90fc8ec77 - - default default] GET http://10.0.0.225:8776/
2026-07-09 14:23:49.212 8 INFO cinder.api.openstack.wsgi [None req-f68cbf9b-3139-4b8b-907c-70e53394a1d0 e0a41962008f429e9b50562963d5a4bb bdd3278e3274430e8040dfd90fc8ec77 - - default default] http://10.0.0.225:8776/ returned with HTTP 300
2026-07-09 14:23:49.213 7 INFO cinder.api.openstack.wsgi [None req-3ec4fdbb-4e89-4c80-87e7-1e951e902bba e0a41962008f429e9b50562963d5a4bb bdd3278e3274430e8040dfd90fc8ec77 - - default default] http://10.0.0.225:8776/ returned with HTTP 300
2026-07-09 14:23:59.212 7 INFO cinder.api.openstack.wsgi [None req-3ec4fdbb-4e89-4c80-87e7-1e951e902bba e0a41962008f429e9b50562963d5a4bb bdd3278e3274430e8040dfd90fc8ec77 - - default default] GET http://10.0.0.225:8776/
2026-07-09 14:23:59.212 8 INFO cinder.api.openstack.wsgi [None req-f68cbf9b-3139-4b8b-907c-70e53394a1d0 e0a41962008f429e9b50562963d5a4bb bdd3278e3274430e8040dfd90fc8ec77 - - default default] GET http://10.0.0.225:8776/
2026-07-09 14:23:59.213 7 INFO cinder.api.openstack.wsgi [None req-3ec4fdbb-4e89-4c80-87e7-1e951e902bba e0a41962008f429e9b50562963d5a4bb bdd3278e3274430e8040dfd90fc8ec77 - - default default] http://10.0.0.225:8776/ returned with HTTP 300
2026-07-09 14:23:59.213 8 INFO cinder.api.openstack.wsgi [None req-f68cbf9b-3139-4b8b-907c-70e53394a1d0 e0a41962008f429e9b50562963d5a4bb bdd3278e3274430e8040dfd90fc8ec77 - - default default] http://10.0.0.225:8776/ returned with HTTP 300 /var/lib/openstack/lib/python3.12/site-packages/pycadf/identifier.py:70: UserWarning: Invalid uuid: cinderv3. To ensure interoperability, identifiers should be a valid uuid. warnings.warn(('Invalid uuid: %s. To ensure interoperability, '
2026-07-09 14:24:00.575 7 INFO cinder.api.openstack.wsgi [None req-2f3b7016-1cd3-4944-85fb-6bf4d0816688 e0a41962008f429e9b50562963d5a4bb bdd3278e3274430e8040dfd90fc8ec77 - - default default] GET http://cinder-api.openstack.svc.cluster.local:8776/v3/bdd3278e3274430e8040dfd90fc8ec77/volumes/378125f7-b487-44f2-b8b5-9f8c5a7015da /var/lib/openstack/lib/python3.12/site-packages/oslo_context/context.py:102: DeprecationWarning: Policy enforcement is depending on the value of is_admin. This key is deprecated. Please update your policy file to use the standard policy values. warnings.warn(
2026-07-09 14:24:00.592 7 INFO cinder.volume.api [None req-2f3b7016-1cd3-4944-85fb-6bf4d0816688 e0a41962008f429e9b50562963d5a4bb bdd3278e3274430e8040dfd90fc8ec77 - - default default] Volume info retrieved successfully.
2026-07-09 14:24:00.597 7 INFO cinder.api.openstack.wsgi [None req-2f3b7016-1cd3-4944-85fb-6bf4d0816688 e0a41962008f429e9b50562963d5a4bb bdd3278e3274430e8040dfd90fc8ec77 - - default default] http://cinder-api.openstack.svc.cluster.local:8776/v3/bdd3278e3274430e8040dfd90fc8ec77/volumes/378125f7-b487-44f2-b8b5-9f8c5a7015da returned with HTTP 200 [pid: 7|app: 0|req: 393/783] 10.0.0.165 () {32 vars in 774 bytes} [Thu Jul 9 14:24:00 2026] GET /v3/bdd3278e3274430e8040dfd90fc8ec77/volumes/378125f7-b487-44f2-b8b5-9f8c5a7015da => generated 953 bytes in 28 msecs (HTTP/1.1 200) 7 headers in 285 bytes (1 switches on core 0) /var/lib/openstack/lib/python3.12/site-packages/pycadf/identifier.py:70: UserWarning: Invalid uuid: cinderv3. To ensure interoperability, identifiers should be a valid uuid. warnings.warn(('Invalid uuid: %s. To ensure interoperability, '
2026-07-09 14:24:00.613 8 INFO cinder.api.openstack.wsgi [None req-df2e03ad-4bc6-4a95-8f82-8945b7ff01cc e0a41962008f429e9b50562963d5a4bb bdd3278e3274430e8040dfd90fc8ec77 - - default default] DELETE http://cinder-api.openstack.svc.cluster.local:8776/v3/bdd3278e3274430e8040dfd90fc8ec77/volumes/378125f7-b487-44f2-b8b5-9f8c5a7015da
2026-07-09 14:24:00.614 8 INFO cinder.api.v3.volumes [None req-df2e03ad-4bc6-4a95-8f82-8945b7ff01cc e0a41962008f429e9b50562963d5a4bb bdd3278e3274430e8040dfd90fc8ec77 - - default default] Delete volume with id: 378125f7-b487-44f2-b8b5-9f8c5a7015da /var/lib/openstack/lib/python3.12/site-packages/oslo_context/context.py:102: DeprecationWarning: Policy enforcement is depending on the value of is_admin. This key is deprecated. Please update your policy file to use the standard policy values. warnings.warn(
2026-07-09 14:24:00.625 8 INFO cinder.volume.api [None req-df2e03ad-4bc6-4a95-8f82-8945b7ff01cc e0a41962008f429e9b50562963d5a4bb bdd3278e3274430e8040dfd90fc8ec77 - - default default] Volume info retrieved successfully.
2026-07-09 14:24:00.666 8 INFO cinder.volume.api [None req-df2e03ad-4bc6-4a95-8f82-8945b7ff01cc e0a41962008f429e9b50562963d5a4bb bdd3278e3274430e8040dfd90fc8ec77 - - default default] Delete volume request issued successfully.
2026-07-09 14:24:00.667 8 INFO cinder.api.openstack.wsgi [None req-df2e03ad-4bc6-4a95-8f82-8945b7ff01cc e0a41962008f429e9b50562963d5a4bb bdd3278e3274430e8040dfd90fc8ec77 - - default default] http://cinder-api.openstack.svc.cluster.local:8776/v3/bdd3278e3274430e8040dfd90fc8ec77/volumes/378125f7-b487-44f2-b8b5-9f8c5a7015da returned with HTTP 202 [pid: 8|app: 0|req: 391/784] 10.0.0.165 () {32 vars in 777 bytes} [Thu Jul 9 14:24:00 2026] DELETE /v3/bdd3278e3274430e8040dfd90fc8ec77/volumes/378125f7-b487-44f2-b8b5-9f8c5a7015da => generated 0 bytes in 57 msecs (HTTP/1.1 202) 6 headers in 233 bytes (1 switches on core 0) /var/lib/openstack/lib/python3.12/site-packages/pycadf/identifier.py:70: UserWarning: Invalid uuid: cinderv3. To ensure interoperability, identifiers should be a valid uuid. warnings.warn(('Invalid uuid: %s. To ensure interoperability, '
2026-07-09 14:24:00.680 7 INFO cinder.api.openstack.wsgi [None req-fcd1b5d1-3f70-4393-bacf-61d3f68cdeb7 e0a41962008f429e9b50562963d5a4bb bdd3278e3274430e8040dfd90fc8ec77 - - default default] GET http://cinder-api.openstack.svc.cluster.local:8776/v3/bdd3278e3274430e8040dfd90fc8ec77/volumes/378125f7-b487-44f2-b8b5-9f8c5a7015da /var/lib/openstack/lib/python3.12/site-packages/oslo_context/context.py:102: DeprecationWarning: Policy enforcement is depending on the value of is_admin. This key is deprecated. Please update your policy file to use the standard policy values. warnings.warn(
2026-07-09 14:24:00.700 7 INFO cinder.volume.api [None req-fcd1b5d1-3f70-4393-bacf-61d3f68cdeb7 e0a41962008f429e9b50562963d5a4bb bdd3278e3274430e8040dfd90fc8ec77 - - default default] Volume info retrieved successfully.
2026-07-09 14:24:00.706 7 INFO cinder.api.openstack.wsgi [None req-fcd1b5d1-3f70-4393-bacf-61d3f68cdeb7 e0a41962008f429e9b50562963d5a4bb bdd3278e3274430e8040dfd90fc8ec77 - - default default] http://cinder-api.openstack.svc.cluster.local:8776/v3/bdd3278e3274430e8040dfd90fc8ec77/volumes/378125f7-b487-44f2-b8b5-9f8c5a7015da returned with HTTP 200 [pid: 7|app: 0|req: 394/785] 10.0.0.165 () {32 vars in 774 bytes} [Thu Jul 9 14:24:00 2026] GET /v3/bdd3278e3274430e8040dfd90fc8ec77/volumes/378125f7-b487-44f2-b8b5-9f8c5a7015da => generated 952 bytes in 34 msecs (HTTP/1.1 200) 7 headers in 285 bytes (1 switches on core 0) /var/lib/openstack/lib/python3.12/site-packages/pycadf/identifier.py:70: UserWarning: Invalid uuid: cinderv3. To ensure interoperability, identifiers should be a valid uuid. warnings.warn(('Invalid uuid: %s. To ensure interoperability, '
2026-07-09 14:24:01.730 8 INFO cinder.api.openstack.wsgi [None req-d33afec9-662c-4813-83c0-d38846349f4f e0a41962008f429e9b50562963d5a4bb bdd3278e3274430e8040dfd90fc8ec77 - - default default] GET http://cinder-api.openstack.svc.cluster.local:8776/v3/bdd3278e3274430e8040dfd90fc8ec77/volumes/378125f7-b487-44f2-b8b5-9f8c5a7015da
2026-07-09 14:24:01.740 8 INFO cinder.api.openstack.wsgi [None req-d33afec9-662c-4813-83c0-d38846349f4f e0a41962008f429e9b50562963d5a4bb bdd3278e3274430e8040dfd90fc8ec77 - - default default] http://cinder-api.openstack.svc.cluster.local:8776/v3/bdd3278e3274430e8040dfd90fc8ec77/volumes/378125f7-b487-44f2-b8b5-9f8c5a7015da returned with HTTP 404 [pid: 8|app: 0|req: 392/786] 10.0.0.165 () {32 vars in 774 bytes} [Thu Jul 9 14:24:01 2026] GET /v3/bdd3278e3274430e8040dfd90fc8ec77/volumes/378125f7-b487-44f2-b8b5-9f8c5a7015da => generated 109 bytes in 17 msecs (HTTP/1.1 404) 7 headers in 292 bytes (1 switches on core 0)
2026-07-09 14:24:09.212 7 INFO cinder.api.openstack.wsgi [None req-fcd1b5d1-3f70-4393-bacf-61d3f68cdeb7 e0a41962008f429e9b50562963d5a4bb bdd3278e3274430e8040dfd90fc8ec77 - - default default] GET http://10.0.0.225:8776/
2026-07-09 14:24:09.212 8 INFO cinder.api.openstack.wsgi [None req-d33afec9-662c-4813-83c0-d38846349f4f e0a41962008f429e9b50562963d5a4bb bdd3278e3274430e8040dfd90fc8ec77 - - default default] GET http://10.0.0.225:8776/
2026-07-09 14:24:09.213 7 INFO cinder.api.openstack.wsgi [None req-fcd1b5d1-3f70-4393-bacf-61d3f68cdeb7 e0a41962008f429e9b50562963d5a4bb bdd3278e3274430e8040dfd90fc8ec77 - - default default] http://10.0.0.225:8776/ returned with HTTP 300
2026-07-09 14:24:09.213 8 INFO cinder.api.openstack.wsgi [None req-d33afec9-662c-4813-83c0-d38846349f4f e0a41962008f429e9b50562963d5a4bb bdd3278e3274430e8040dfd90fc8ec77 - - default default] http://10.0.0.225:8776/ returned with HTTP 300
2026-07-09 14:24:10.214 7 INFO cinder.api.openstack.wsgi [None req-fcd1b5d1-3f70-4393-bacf-61d3f68cdeb7 e0a41962008f429e9b50562963d5a4bb bdd3278e3274430e8040dfd90fc8ec77 - - default default] GET http://cinder-api.openstack.svc.cluster.local:8776/
2026-07-09 14:24:10.215 7 INFO cinder.api.openstack.wsgi [None req-fcd1b5d1-3f70-4393-bacf-61d3f68cdeb7 e0a41962008f429e9b50562963d5a4bb bdd3278e3274430e8040dfd90fc8ec77 - - default default] http://cinder-api.openstack.svc.cluster.local:8776/ returned with HTTP 300 [pid: 7|app: 0|req: 396/789] 10.0.0.17 () {28 vars in 374 bytes} [Thu Jul 9 14:24:10 2026] GET / => generated 411 bytes in 3 msecs (HTTP/1.1 300) 5 headers in 169 bytes (1 switches on core 0)
2026-07-09 14:24:10.231 8 INFO cinder.api.openstack.wsgi [None req-f73f219c-60d3-4766-9c78-2715cf1e3b38 36023d7e394040a78721992732e5721c d8c71aad688144bd98423f3fd823a1dd - - default default] GET http://cinder-api.openstack.svc.cluster.local:8776/v3/d8c71aad688144bd98423f3fd823a1dd/limits?tenant_id=d8c71aad688144bd98423f3fd823a1dd
2026-07-09 14:24:10.289 8 INFO cinder.api.openstack.wsgi [None req-f73f219c-60d3-4766-9c78-2715cf1e3b38 36023d7e394040a78721992732e5721c d8c71aad688144bd98423f3fd823a1dd - - default default] http://cinder-api.openstack.svc.cluster.local:8776/v3/d8c71aad688144bd98423f3fd823a1dd/limits?tenant_id=d8c71aad688144bd98423f3fd823a1dd returned with HTTP 200 [pid: 8|app: 0|req: 394/790] 10.0.0.17 () {34 vars in 877 bytes} [Thu Jul 9 14:24:10 2026] GET /v3/d8c71aad688144bd98423f3fd823a1dd/limits?tenant_id=d8c71aad688144bd98423f3fd823a1dd => generated 302 bytes in 65 msecs (HTTP/1.1 200) 7 headers in 286 bytes (1 switches on core 0) /var/lib/openstack/lib/python3.12/site-packages/pycadf/identifier.py:70: UserWarning: Invalid uuid: cinderv3. To ensure interoperability, identifiers should be a valid uuid. warnings.warn(('Invalid uuid: %s. To ensure interoperability, '
2026-07-09 14:24:11.560 7 INFO cinder.api.openstack.wsgi [None req-21b37b37-6f08-48f9-9dc3-9325743b4c8a 908bb38ebfaf4bfa95286d55450558c3 5f29ff917bc04b0092d07815578bfb47 - - default default] GET http://cinder-api.openstack.svc.cluster.local:8776/v3/5f29ff917bc04b0092d07815578bfb47/snapshots?all_tenants=true
2026-07-09 14:24:11.578 7 INFO cinder.volume.api [None req-21b37b37-6f08-48f9-9dc3-9325743b4c8a 908bb38ebfaf4bfa95286d55450558c3 5f29ff917bc04b0092d07815578bfb47 - - default default] Get all snapshots completed successfully.
2026-07-09 14:24:11.578 7 INFO cinder.api.openstack.wsgi [None req-21b37b37-6f08-48f9-9dc3-9325743b4c8a 908bb38ebfaf4bfa95286d55450558c3 5f29ff917bc04b0092d07815578bfb47 - - default default] http://cinder-api.openstack.svc.cluster.local:8776/v3/5f29ff917bc04b0092d07815578bfb47/snapshots?all_tenants=true returned with HTTP 200 [pid: 7|app: 0|req: 397/791] 10.0.0.100 () {28 vars in 673 bytes} [Thu Jul 9 14:24:11 2026] GET /v3/5f29ff917bc04b0092d07815578bfb47/snapshots?all_tenants=true => generated 17 bytes in 152 msecs (HTTP/1.1 200) 7 headers in 284 bytes (1 switches on core 0)
2026-07-09 14:24:11.590 8 INFO cinder.api.openstack.wsgi [None req-e7e449f0-ec22-4aa6-b4aa-bb9099ef53f9 908bb38ebfaf4bfa95286d55450558c3 5f29ff917bc04b0092d07815578bfb47 - - default default] GET http://cinder-api.openstack.svc.cluster.local:8776/v3/5f29ff917bc04b0092d07815578bfb47/scheduler-stats/get_pools?detail=true
2026-07-09 14:24:12.094 8 INFO cinder.api.openstack.wsgi [None req-e7e449f0-ec22-4aa6-b4aa-bb9099ef53f9 908bb38ebfaf4bfa95286d55450558c3 5f29ff917bc04b0092d07815578bfb47 - - default default] http://cinder-api.openstack.svc.cluster.local:8776/v3/5f29ff917bc04b0092d07815578bfb47/scheduler-stats/get_pools?detail=true returned with HTTP 200 [pid: 8|app: 0|req: 395/792] 10.0.0.100 () {28 vars in 695 bytes} [Thu Jul 9 14:24:11 2026] GET /v3/5f29ff917bc04b0092d07815578bfb47/scheduler-stats/get_pools?detail=true => generated 670 bytes in 512 msecs (HTTP/1.1 200) 7 headers in 285 bytes (1 switches on core 0)
2026-07-09 14:24:12.146 7 INFO cinder.api.openstack.wsgi [None req-14e83752-68ad-41ff-b99a-f231ec471f56 908bb38ebfaf4bfa95286d55450558c3 5f29ff917bc04b0092d07815578bfb47 - - default default] GET http://cinder-api.openstack.svc.cluster.local:8776/v3/5f29ff917bc04b0092d07815578bfb47/os-quota-sets/1701b2a2d434448cb91eb1e136b1dd89?usage=true
2026-07-09 14:24:12.185 7 INFO cinder.api.openstack.wsgi [None req-14e83752-68ad-41ff-b99a-f231ec471f56 908bb38ebfaf4bfa95286d55450558c3 5f29ff917bc04b0092d07815578bfb47 - - default default] http://cinder-api.openstack.svc.cluster.local:8776/v3/5f29ff917bc04b0092d07815578bfb47/os-quota-sets/1701b2a2d434448cb91eb1e136b1dd89?usage=true returned with HTTP 200 [pid: 7|app: 0|req: 398/793] 10.0.0.100 () {28 vars in 735 bytes} [Thu Jul 9 14:24:12 2026] GET /v3/5f29ff917bc04b0092d07815578bfb47/os-quota-sets/1701b2a2d434448cb91eb1e136b1dd89?usage=true => generated 847 bytes in 46 msecs (HTTP/1.1 200) 7 headers in 285 bytes (1 switches on core 0)
2026-07-09 14:24:12.197 8 INFO cinder.api.openstack.wsgi [None req-ea14f54b-5faf-4aff-b91e-3f4e7d6d7601 908bb38ebfaf4bfa95286d55450558c3 5f29ff917bc04b0092d07815578bfb47 - - default default] GET http://cinder-api.openstack.svc.cluster.local:8776/v3/5f29ff917bc04b0092d07815578bfb47/os-quota-sets/32cefd19f12c4f1dbedc1b0ea0659f6c?usage=true
2026-07-09 14:24:12.236 8 INFO cinder.api.openstack.wsgi [None req-ea14f54b-5faf-4aff-b91e-3f4e7d6d7601 908bb38ebfaf4bfa95286d55450558c3 5f29ff917bc04b0092d07815578bfb47 - - default default] http://cinder-api.openstack.svc.cluster.local:8776/v3/5f29ff917bc04b0092d07815578bfb47/os-quota-sets/32cefd19f12c4f1dbedc1b0ea0659f6c?usage=true returned with HTTP 200 [pid: 8|app: 0|req: 396/794] 10.0.0.100 () {28 vars in 735 bytes} [Thu Jul 9 14:24:12 2026] GET /v3/5f29ff917bc04b0092d07815578bfb47/os-quota-sets/32cefd19f12c4f1dbedc1b0ea0659f6c?usage=true => generated 847 bytes in 44 msecs (HTTP/1.1 200) 7 headers in 285 bytes (1 switches on core 0)
2026-07-09 14:24:12.255 7 INFO cinder.api.openstack.wsgi [None req-d701046c-5228-4b3d-bbf2-0f23eea14b6a 908bb38ebfaf4bfa95286d55450558c3 5f29ff917bc04b0092d07815578bfb47 - - default default] GET http://cinder-api.openstack.svc.cluster.local:8776/v3/5f29ff917bc04b0092d07815578bfb47/os-quota-sets/4f3ca1de623e49638e160e49a1646fce?usage=true
2026-07-09 14:24:12.280 7 INFO cinder.api.openstack.wsgi [None req-d701046c-5228-4b3d-bbf2-0f23eea14b6a 908bb38ebfaf4bfa95286d55450558c3 5f29ff917bc04b0092d07815578bfb47 - - default default] http://cinder-api.openstack.svc.cluster.local:8776/v3/5f29ff917bc04b0092d07815578bfb47/os-quota-sets/4f3ca1de623e49638e160e49a1646fce?usage=true returned with HTTP 200 [pid: 7|app: 0|req: 399/795] 10.0.0.100 () {28 vars in 735 bytes} [Thu Jul 9 14:24:12 2026] GET /v3/5f29ff917bc04b0092d07815578bfb47/os-quota-sets/4f3ca1de623e49638e160e49a1646fce?usage=true => generated 847 bytes in 38 msecs (HTTP/1.1 200) 7 headers in 285 bytes (1 switches on core 0)
2026-07-09 14:24:12.296 8 INFO cinder.api.openstack.wsgi [None req-6a3e0de2-bcdf-4a69-98cc-6edc63bf26d1 908bb38ebfaf4bfa95286d55450558c3 5f29ff917bc04b0092d07815578bfb47 - - default default] GET http://cinder-api.openstack.svc.cluster.local:8776/v3/5f29ff917bc04b0092d07815578bfb47/os-quota-sets/5f29ff917bc04b0092d07815578bfb47?usage=true
2026-07-09 14:24:12.340 8 INFO cinder.api.openstack.wsgi [None req-6a3e0de2-bcdf-4a69-98cc-6edc63bf26d1 908bb38ebfaf4bfa95286d55450558c3 5f29ff917bc04b0092d07815578bfb47 - - default default] http://cinder-api.openstack.svc.cluster.local:8776/v3/5f29ff917bc04b0092d07815578bfb47/os-quota-sets/5f29ff917bc04b0092d07815578bfb47?usage=true returned with HTTP 200 [pid: 8|app: 0|req: 397/796] 10.0.0.100 () {28 vars in 735 bytes} [Thu Jul 9 14:24:12 2026] GET /v3/5f29ff917bc04b0092d07815578bfb47/os-quota-sets/5f29ff917bc04b0092d07815578bfb47?usage=true => generated 845 bytes in 56 msecs (HTTP/1.1 200) 7 headers in 285 bytes (1 switches on core 0)
2026-07-09 14:24:12.356 7 INFO cinder.api.openstack.wsgi [None req-e4fdd09e-06be-49d4-b983-1c86cc7f38ca 908bb38ebfaf4bfa95286d55450558c3 5f29ff917bc04b0092d07815578bfb47 - - default default] GET http://cinder-api.openstack.svc.cluster.local:8776/v3/5f29ff917bc04b0092d07815578bfb47/os-quota-sets/b73159f7c5874808b07ef73158b1f251?usage=true
2026-07-09 14:24:12.385 7 INFO cinder.api.openstack.wsgi [None req-e4fdd09e-06be-49d4-b983-1c86cc7f38ca 908bb38ebfaf4bfa95286d55450558c3 5f29ff917bc04b0092d07815578bfb47 - - default default] http://cinder-api.openstack.svc.cluster.local:8776/v3/5f29ff917bc04b0092d07815578bfb47/os-quota-sets/b73159f7c5874808b07ef73158b1f251?usage=true returned with HTTP 200 [pid: 7|app: 0|req: 400/797] 10.0.0.100 () {28 vars in 735 bytes} [Thu Jul 9 14:24:12 2026] GET /v3/5f29ff917bc04b0092d07815578bfb47/os-quota-sets/b73159f7c5874808b07ef73158b1f251?usage=true => generated 845 bytes in 43 msecs (HTTP/1.1 200) 7 headers in 285 bytes (1 switches on core 0)
2026-07-09 14:24:12.399 8 INFO cinder.api.openstack.wsgi [None req-08b3ac5d-0a58-4f70-b15d-0217e65a4026 908bb38ebfaf4bfa95286d55450558c3 5f29ff917bc04b0092d07815578bfb47 - - default default] GET http://cinder-api.openstack.svc.cluster.local:8776/v3/5f29ff917bc04b0092d07815578bfb47/os-quota-sets/d8c71aad688144bd98423f3fd823a1dd?usage=true
2026-07-09 14:24:12.430 8 INFO cinder.api.openstack.wsgi [None req-08b3ac5d-0a58-4f70-b15d-0217e65a4026 908bb38ebfaf4bfa95286d55450558c3 5f29ff917bc04b0092d07815578bfb47 - - default default] http://cinder-api.openstack.svc.cluster.local:8776/v3/5f29ff917bc04b0092d07815578bfb47/os-quota-sets/d8c71aad688144bd98423f3fd823a1dd?usage=true returned with HTTP 200 [pid: 8|app: 0|req: 398/798] 10.0.0.100 () {28 vars in 735 bytes} [Thu Jul 9 14:24:12 2026] GET /v3/5f29ff917bc04b0092d07815578bfb47/os-quota-sets/d8c71aad688144bd98423f3fd823a1dd?usage=true => generated 847 bytes in 38 msecs (HTTP/1.1 200) 7 headers in 285 bytes (1 switches on core 0)
2026-07-09 14:24:12.446 7 INFO cinder.api.openstack.wsgi [None req-3116341f-617e-4d94-b29a-e5a28f32389a 908bb38ebfaf4bfa95286d55450558c3 5f29ff917bc04b0092d07815578bfb47 - - default default] GET http://cinder-api.openstack.svc.cluster.local:8776/v3/5f29ff917bc04b0092d07815578bfb47/os-quota-sets/f4533d242d114587877bfb827cfac08b?usage=true
2026-07-09 14:24:12.465 7 INFO cinder.api.openstack.wsgi [None req-3116341f-617e-4d94-b29a-e5a28f32389a 908bb38ebfaf4bfa95286d55450558c3 5f29ff917bc04b0092d07815578bfb47 - - default default] http://cinder-api.openstack.svc.cluster.local:8776/v3/5f29ff917bc04b0092d07815578bfb47/os-quota-sets/f4533d242d114587877bfb827cfac08b?usage=true returned with HTTP 200 [pid: 7|app: 0|req: 401/799] 10.0.0.100 () {28 vars in 735 bytes} [Thu Jul 9 14:24:12 2026] GET /v3/5f29ff917bc04b0092d07815578bfb47/os-quota-sets/f4533d242d114587877bfb827cfac08b?usage=true => generated 847 bytes in 29 msecs (HTTP/1.1 200) 7 headers in 285 bytes (1 switches on core 0)
2026-07-09 14:24:12.478 8 INFO cinder.api.openstack.wsgi [None req-e9ccc57d-6b85-41ac-9f45-7acfb2b31647 908bb38ebfaf4bfa95286d55450558c3 5f29ff917bc04b0092d07815578bfb47 - - default default] GET http://cinder-api.openstack.svc.cluster.local:8776/v3/5f29ff917bc04b0092d07815578bfb47/volumes/detail?all_tenants=true
