Jun 24 00:41:57.678221 np0000182641 devstack@n-api-meta.service[108555]: DEBUG nova.api.openstack.wsgi_app [None req-5f130a92-ffac-435f-8490-e3e7a1c65527 None None] oslo_messaging_rabbit.amqp_durable_queues = False {{(pid=108555) log_opt_values /opt/stack/data/venv/lib/python3.12/site-packages/oslo_config/cfg.py:3253}}
Jun 24 00:41:57.678351 np0000182641 devstack@n-api-meta.service[108555]: DEBUG nova.api.openstack.wsgi_app [None req-5f130a92-ffac-435f-8490-e3e7a1c65527 None None] oslo_messaging_rabbit.conn_pool_min_size = 2 {{(pid=108555) log_opt_values /opt/stack/data/venv/lib/python3.12/site-packages/oslo_config/cfg.py:3253}}
Jun 24 00:41:57.678492 np0000182641 devstack@n-api-meta.service[108555]: DEBUG nova.api.openstack.wsgi_app [None req-5f130a92-ffac-435f-8490-e3e7a1c65527 None None] oslo_messaging_rabbit.conn_pool_ttl = 1200 {{(pid=108555) log_opt_values /opt/stack/data/venv/lib/python3.12/site-packages/oslo_config/cfg.py:3253}}
Jun 24 00:41:57.678623 np0000182641 devstack@n-api-meta.service[108555]: DEBUG nova.api.openstack.wsgi_app [None req-5f130a92-ffac-435f-8490-e3e7a1c65527 None None] oslo_messaging_rabbit.direct_mandatory_flag = True {{(pid=108555) log_opt_values /opt/stack/data/venv/lib/python3.12/site-packages/oslo_config/cfg.py:3253}}
Jun 24 00:41:57.678753 np0000182641 devstack@n-api-meta.service[108555]: DEBUG nova.api.openstack.wsgi_app [None req-5f130a92-ffac-435f-8490-e3e7a1c65527 None None] oslo_messaging_rabbit.enable_cancel_on_failover = False {{(pid=108555) log_opt_values /opt/stack/data/venv/lib/python3.12/site-packages/oslo_config/cfg.py:3253}}
Jun 24 00:41:57.678926 np0000182641 devstack@n-api-meta.service[108555]: DEBUG nova.api.openstack.wsgi_app [None req-5f130a92-ffac-435f-8490-e3e7a1c65527 None None] oslo_messaging_rabbit.heartbeat_rate = 3 {{(pid=108555) log_opt_values /opt/stack/data/venv/lib/python3.12/site-packages/oslo_config/cfg.py:3253}}
Jun 24 00:41:57.679070 np0000182641 devstack@n-api-meta.service[108555]: DEBUG nova.api.openstack.wsgi_app [None req-5f130a92-ffac-435f-8490-e3e7a1c65527 None None] oslo_messaging_rabbit.heartbeat_timeout_threshold = 60 {{(pid=108555) log_opt_values /opt/stack/data/venv/lib/python3.12/site-packages/oslo_config/cfg.py:3253}}
Jun 24 00:41:57.679214 np0000182641 devstack@n-api-meta.service[108555]: DEBUG nova.api.openstack.wsgi_app [None req-5f130a92-ffac-435f-8490-e3e7a1c65527 None None] oslo_messaging_rabbit.hostname = np0000182641 {{(pid=108555) log_opt_values /opt/stack/data/venv/lib/python3.12/site-packages/oslo_config/cfg.py:3253}}
Jun 24 00:41:57.679342 np0000182641 devstack@n-api-meta.service[108555]: DEBUG nova.api.openstack.wsgi_app [None req-5f130a92-ffac-435f-8490-e3e7a1c65527 None None] oslo_messaging_rabbit.kombu_compression = None {{(pid=108555) log_opt_values /opt/stack/data/venv/lib/python3.12/site-packages/oslo_config/cfg.py:3253}}
Jun 24 00:41:57.679536 np0000182641 devstack@n-api-meta.service[108555]: DEBUG nova.api.openstack.wsgi_app [None req-5f130a92-ffac-435f-8490-e3e7a1c65527 None None] oslo_messaging_rabbit.kombu_failover_strategy = round-robin {{(pid=108555) log_opt_values /opt/stack/data/venv/lib/python3.12/site-packages/oslo_config/cfg.py:3253}}
Jun 24 00:41:57.679696 np0000182641 devstack@n-api-meta.service[108555]: DEBUG nova.api.openstack.wsgi_app [None req-5f130a92-ffac-435f-8490-e3e7a1c65527 None None] oslo_messaging_rabbit.kombu_missing_consumer_retry_timeout = 60 {{(pid=108555) log_opt_values /opt/stack/data/venv/lib/python3.12/site-packages/oslo_config/cfg.py:3253}}
Jun 24 00:41:57.679848 np0000182641 devstack@n-api-meta.service[108555]: DEBUG nova.api.openstack.wsgi_app [None req-5f130a92-ffac-435f-8490-e3e7a1c65527 None None] oslo_messaging_rabbit.kombu_reconnect_delay = 1.0 {{(pid=108555) log_opt_values /opt/stack/data/venv/lib/python3.12/site-packages/oslo_config/cfg.py:3253}}
Jun 24 00:41:57.679980 np0000182641 devstack@n-api-meta.service[108555]: DEBUG nova.api.openstack.wsgi_app [None req-5f130a92-ffac-435f-8490-e3e7a1c65527 None None] oslo_messaging_rabbit.kombu_reconnect_splay = 0.0 {{(pid=108555) log_opt_values /opt/stack/data/venv/lib/python3.12/site-packages/oslo_config/cfg.py:3253}}
Jun 24 00:41:57.680118 np0000182641 devstack@n-api-meta.service[108555]: DEBUG nova.api.openstack.wsgi_app [None req-5f130a92-ffac-435f-8490-e3e7a1c65527 None None] oslo_messaging_rabbit.processname = uwsgi {{(pid=108555) log_opt_values /opt/stack/data/venv/lib/python3.12/site-packages/oslo_config/cfg.py:3253}}
Jun 24 00:41:57.680251 np0000182641 devstack@n-api-meta.service[108555]: DEBUG nova.api.openstack.wsgi_app [None req-5f130a92-ffac-435f-8490-e3e7a1c65527 None None] oslo_messaging_rabbit.rabbit_ha_queues = False {{(pid=108555) log_opt_values /opt/stack/data/venv/lib/python3.12/site-packages/oslo_config/cfg.py:3253}}
Jun 24 00:41:57.680380 np0000182641 devstack@n-api-meta.service[108555]: DEBUG nova.api.openstack.wsgi_app [None req-5f130a92-ffac-435f-8490-e3e7a1c65527 None None] oslo_messaging_rabbit.rabbit_interval_max = 30 {{(pid=108555) log_opt_values /opt/stack/data/venv/lib/python3.12/site-packages/oslo_config/cfg.py:3253}}
Jun 24 00:41:57.680535 np0000182641 devstack@n-api-meta.service[108555]: DEBUG nova.api.openstack.wsgi_app [None req-5f130a92-ffac-435f-8490-e3e7a1c65527 None None] oslo_messaging_rabbit.rabbit_login_method = AMQPLAIN {{(pid=108555) log_opt_values /opt/stack/data/venv/lib/python3.12/site-packages/oslo_config/cfg.py:3253}}
Jun 24 00:41:57.680667 np0000182641 devstack@n-api-meta.service[108555]: DEBUG nova.api.openstack.wsgi_app [None req-5f130a92-ffac-435f-8490-e3e7a1c65527 None None] oslo_messaging_rabbit.rabbit_qos_prefetch_count = 0 {{(pid=108555) log_opt_values /opt/stack/data/venv/lib/python3.12/site-packages/oslo_config/cfg.py:3253}}
Jun 24 00:41:57.680803 np0000182641 devstack@n-api-meta.service[108555]: DEBUG nova.api.openstack.wsgi_app [None req-5f130a92-ffac-435f-8490-e3e7a1c65527 None None] oslo_messaging_rabbit.rabbit_quorum_delivery_limit = 0 {{(pid=108555) log_opt_values /opt/stack/data/venv/lib/python3.12/site-packages/oslo_config/cfg.py:3253}}
Jun 24 00:41:57.680943 np0000182641 devstack@n-api-meta.service[108555]: DEBUG nova.api.openstack.wsgi_app [None req-5f130a92-ffac-435f-8490-e3e7a1c65527 None None] oslo_messaging_rabbit.rabbit_quorum_max_memory_bytes = 0 {{(pid=108555) log_opt_values /opt/stack/data/venv/lib/python3.12/site-packages/oslo_config/cfg.py:3253}}
Jun 24 00:41:57.681070 np0000182641 devstack@n-api-meta.service[108555]: DEBUG nova.api.openstack.wsgi_app [None req-5f130a92-ffac-435f-8490-e3e7a1c65527 None None] oslo_messaging_rabbit.rabbit_quorum_max_memory_length = 0 {{(pid=108555) log_opt_values /opt/stack/data/venv/lib/python3.12/site-packages/oslo_config/cfg.py:3253}}
Jun 24 00:41:57.681350 np0000182641 devstack@n-api-meta.service[108555]: DEBUG nova.api.openstack.wsgi_app [None req-5f130a92-ffac-435f-8490-e3e7a1c65527 None None] oslo_messaging_rabbit.rabbit_quorum_queue = False {{(pid=108555) log_opt_values /opt/stack/data/venv/lib/python3.12/site-packages/oslo_config/cfg.py:3253}}
Jun 24 00:41:57.681713 np0000182641 devstack@n-api-meta.service[108555]: DEBUG nova.api.openstack.wsgi_app [None req-5f130a92-ffac-435f-8490-e3e7a1c65527 None None] oslo_messaging_rabbit.rabbit_retry_backoff = 2 {{(pid=108555) log_opt_values /opt/stack/data/venv/lib/python3.12/site-packages/oslo_config/cfg.py:3253}}
Jun 24 00:41:57.682128 np0000182641 devstack@n-api-meta.service[108555]: DEBUG nova.api.openstack.wsgi_app [None req-5f130a92-ffac-435f-8490-e3e7a1c65527 None None] oslo_messaging_rabbit.rabbit_retry_interval = 1 {{(pid=108555) log_opt_values /opt/stack/data/venv/lib/python3.12/site-packages/oslo_config/cfg.py:3253}}
Jun 24 00:41:57.682639 np0000182641 devstack@n-api-meta.service[108555]: DEBUG nova.api.openstack.wsgi_app [None req-5f130a92-ffac-435f-8490-e3e7a1c65527 None None] oslo_messaging_rabbit.rabbit_stream_fanout = False {{(pid=108555) log_opt_values /opt/stack/data/venv/lib/python3.12/site-packages/oslo_config/cfg.py:3253}}
Jun 24 00:41:57.683166 np0000182641 devstack@n-api-meta.service[108555]: DEBUG nova.api.openstack.wsgi_app [None req-5f130a92-ffac-435f-8490-e3e7a1c65527 None None] oslo_messaging_rabbit.rabbit_transient_queues_ttl = 1800 {{(pid=108555) log_opt_values /opt/stack/data/venv/lib/python3.12/site-packages/oslo_config/cfg.py:3253}}
Jun 24 00:41:57.683548 np0000182641 devstack@n-api-meta.service[108555]: DEBUG nova.api.openstack.wsgi_app [None req-5f130a92-ffac-435f-8490-e3e7a1c65527 None None] oslo_messaging_rabbit.rabbit_transient_quorum_queue = False {{(pid=108555) log_opt_values /opt/stack/data/venv/lib/python3.12/site-packages/oslo_config/cfg.py:3253}}
Jun 24 00:41:57.684051 np0000182641 devstack@n-api-meta.service[108555]: DEBUG nova.api.openstack.wsgi_app [None req-5f130a92-ffac-435f-8490-e3e7a1c65527 None None] oslo_messaging_rabbit.rpc_conn_pool_size = 30 {{(pid=108555) log_opt_values /opt/stack/data/venv/lib/python3.12/site-packages/oslo_config/cfg.py:3253}}
Jun 24 00:41:57.684218 np0000182641 devstack@n-api-meta.service[108555]: DEBUG nova.api.openstack.wsgi_app [None req-5f130a92-ffac-435f-8490-e3e7a1c65527 None None] oslo_messaging_rabbit.ssl = False {{(pid=108555) log_opt_values /opt/stack/data/venv/lib/python3.12/site-packages/oslo_config/cfg.py:3253}}
Jun 24 00:41:57.684355 np0000182641 devstack@n-api-meta.service[108555]: DEBUG nova.api.openstack.wsgi_app [None req-5f130a92-ffac-435f-8490-e3e7a1c65527 None None] oslo_messaging_rabbit.ssl_ca_file = {{(pid=108555) log_opt_values /opt/stack/data/venv/lib/python3.12/site-packages/oslo_config/cfg.py:3253}}
Jun 24 00:41:57.684495 np0000182641 devstack@n-api-meta.service[108555]: DEBUG nova.api.openstack.wsgi_app [None req-5f130a92-ffac-435f-8490-e3e7a1c65527 None None] oslo_messaging_rabbit.ssl_cert_file = {{(pid=108555) log_opt_values /opt/stack/data/venv/lib/python3.12/site-packages/oslo_config/cfg.py:3253}}
Jun 24 00:41:57.684624 np0000182641 devstack@n-api-meta.service[108555]: DEBUG nova.api.openstack.wsgi_app [None req-5f130a92-ffac-435f-8490-e3e7a1c65527 None None] oslo_messaging_rabbit.ssl_enforce_fips_mode = False {{(pid=108555) log_opt_values /opt/stack/data/venv/lib/python3.12/site-packages/oslo_config/cfg.py:3253}}
Jun 24 00:41:57.684743 np0000182641 devstack@n-api-meta.service[108555]: DEBUG nova.api.openstack.wsgi_app [None req-5f130a92-ffac-435f-8490-e3e7a1c65527 None None] oslo_messaging_rabbit.ssl_enforce_hostname_verification = True {{(pid=108555) log_opt_values /opt/stack/data/venv/lib/python3.12/site-packages/oslo_config/cfg.py:3253}}
Jun 24 00:41:57.684895 np0000182641 devstack@n-api-meta.service[108555]: DEBUG nova.api.openstack.wsgi_app [None req-5f130a92-ffac-435f-8490-e3e7a1c65527 None None] oslo_messaging_rabbit.ssl_key_file = {{(pid=108555) log_opt_values /opt/stack/data/venv/lib/python3.12/site-packages/oslo_config/cfg.py:3253}}
Jun 24 00:41:57.685027 np0000182641 devstack@n-api-meta.service[108555]: DEBUG nova.api.openstack.wsgi_app [None req-5f130a92-ffac-435f-8490-e3e7a1c65527 None None] oslo_messaging_rabbit.ssl_version = {{(pid=108555) log_opt_values /opt/stack/data/venv/lib/python3.12/site-packages/oslo_config/cfg.py:3253}}
Jun 24 00:41:57.685159 np0000182641 devstack@n-api-meta.service[108555]: DEBUG nova.api.openstack.wsgi_app [None req-5f130a92-ffac-435f-8490-e3e7a1c65527 None None] oslo_messaging_rabbit.use_queue_manager = False {{(pid=108555) log_opt_values /opt/stack/data/venv/lib/python3.12/site-packages/oslo_config/cfg.py:3253}}
Jun 24 00:41:57.685311 np0000182641 devstack@n-api-meta.service[108555]: DEBUG nova.api.openstack.wsgi_app [None req-5f130a92-ffac-435f-8490-e3e7a1c65527 None None] oslo_messaging_notifications.driver = ['messagingv2'] {{(pid=108555) log_opt_values /opt/stack/data/venv/lib/python3.12/site-packages/oslo_config/cfg.py:3253}}
Jun 24 00:41:57.685434 np0000182641 devstack@n-api-meta.service[108555]: DEBUG nova.api.openstack.wsgi_app [None req-5f130a92-ffac-435f-8490-e3e7a1c65527 None None] oslo_messaging_notifications.retry = -1 {{(pid=108555) log_opt_values /opt/stack/data/venv/lib/python3.12/site-packages/oslo_config/cfg.py:3253}}
Jun 24 00:41:57.685572 np0000182641 devstack@n-api-meta.service[108555]: DEBUG nova.api.openstack.wsgi_app [None req-5f130a92-ffac-435f-8490-e3e7a1c65527 None None] oslo_messaging_notifications.topics = ['notifications'] {{(pid=108555) log_opt_values /opt/stack/data/venv/lib/python3.12/site-packages/oslo_config/cfg.py:3253}}
Jun 24 00:41:57.685707 np0000182641 devstack@n-api-meta.service[108555]: DEBUG nova.api.openstack.wsgi_app [None req-5f130a92-ffac-435f-8490-e3e7a1c65527 None None] oslo_messaging_notifications.transport_url = **** {{(pid=108555) log_opt_values /opt/stack/data/venv/lib/python3.12/site-packages/oslo_config/cfg.py:3253}}
Jun 24 00:41:57.685854 np0000182641 devstack@n-api-meta.service[108555]: DEBUG nova.api.openstack.wsgi_app [None req-5f130a92-ffac-435f-8490-e3e7a1c65527 None None] oslo_reports.file_event_handler = None {{(pid=108555) log_opt_values /opt/stack/data/venv/lib/python3.12/site-packages/oslo_config/cfg.py:3253}}
Jun 24 00:41:57.685984 np0000182641 devstack@n-api-meta.service[108555]: DEBUG nova.api.openstack.wsgi_app [None req-5f130a92-ffac-435f-8490-e3e7a1c65527 None None] oslo_reports.file_event_handler_interval = 1 {{(pid=108555) log_opt_values /opt/stack/data/venv/lib/python3.12/site-packages/oslo_config/cfg.py:3253}}
Jun 24 00:41:57.686113 np0000182641 devstack@n-api-meta.service[108555]: DEBUG nova.api.openstack.wsgi_app [None req-5f130a92-ffac-435f-8490-e3e7a1c65527 None None] oslo_reports.log_dir = None {{(pid=108555) log_opt_values /opt/stack/data/venv/lib/python3.12/site-packages/oslo_config/cfg.py:3253}}
Jun 24 00:41:57.686215 np0000182641 devstack@n-api-meta.service[108555]: DEBUG nova.api.openstack.wsgi_app [None req-5f130a92-ffac-435f-8490-e3e7a1c65527 None None] ******************************************************************************** {{(pid=108555) log_opt_values /opt/stack/data/venv/lib/python3.12/site-packages/oslo_config/cfg.py:3260}}
Jun 24 00:41:57.686310 np0000182641 devstack@n-api-meta.service[108555]: WSGI app 0 (mountpoint='') ready in 2 seconds on interpreter 0x732fa06a3668 pid: 108555 (default app)
Jun 24 00:42:07.175653 np0000182641 devstack@n-api-meta.service[108554]: DEBUG dbcounter [-] [108554] Writing DB stats nova_api:SELECT=1 {{(pid=108554) stat_writer /opt/stack/data/venv/lib/python3.12/site-packages/dbcounter.py:115}}
Jun 24 00:42:07.200399 np0000182641 devstack@n-api-meta.service[108556]: DEBUG dbcounter [-] [108556] Writing DB stats nova_api:SELECT=1 {{(pid=108556) stat_writer /opt/stack/data/venv/lib/python3.12/site-packages/dbcounter.py:115}}
Jun 24 00:42:07.202609 np0000182641 devstack@n-api-meta.service[108557]: DEBUG dbcounter [-] [108557] Writing DB stats nova_api:SELECT=1 {{(pid=108557) stat_writer /opt/stack/data/venv/lib/python3.12/site-packages/dbcounter.py:115}}
Jun 24 00:42:07.234819 np0000182641 devstack@n-api-meta.service[108555]: DEBUG dbcounter [-] [108555] Writing DB stats nova_api:SELECT=1 {{(pid=108555) stat_writer /opt/stack/data/venv/lib/python3.12/site-packages/dbcounter.py:115}}
Jun 24 00:42:07.352742 np0000182641 devstack@n-api-meta.service[108554]: DEBUG dbcounter [-] [108554] Writing DB stats nova_cell0:SELECT=1 {{(pid=108554) stat_writer /opt/stack/data/venv/lib/python3.12/site-packages/dbcounter.py:115}}
Jun 24 00:42:07.357855 np0000182641 devstack@n-api-meta.service[108554]: DEBUG dbcounter [-] [108554] Writing DB stats nova_cell1:SELECT=1 {{(pid=108554) stat_writer /opt/stack/data/venv/lib/python3.12/site-packages/dbcounter.py:115}}
Jun 24 00:42:07.385943 np0000182641 devstack@n-api-meta.service[108556]: DEBUG dbcounter [-] [108556] Writing DB stats nova_cell0:SELECT=1 {{(pid=108556) stat_writer /opt/stack/data/venv/lib/python3.12/site-packages/dbcounter.py:115}}
Jun 24 00:42:07.386622 np0000182641 devstack@n-api-meta.service[108556]: DEBUG dbcounter [-] [108556] Writing DB stats nova_cell1:SELECT=1 {{(pid=108556) stat_writer /opt/stack/data/venv/lib/python3.12/site-packages/dbcounter.py:115}}
Jun 24 00:42:07.390782 np0000182641 devstack@n-api-meta.service[108557]: DEBUG dbcounter [-] [108557] Writing DB stats nova_cell1:SELECT=1 {{(pid=108557) stat_writer /opt/stack/data/venv/lib/python3.12/site-packages/dbcounter.py:115}}
Jun 24 00:42:07.395295 np0000182641 devstack@n-api-meta.service[108557]: DEBUG dbcounter [-] [108557] Writing DB stats nova_cell0:SELECT=1 {{(pid=108557) stat_writer /opt/stack/data/venv/lib/python3.12/site-packages/dbcounter.py:115}}
Jun 24 00:42:07.440986 np0000182641 devstack@n-api-meta.service[108554]: DEBUG dbcounter [-] [108554] Writing DB stats nova_cell0:SELECT=2,nova_cell0:INSERT=1 {{(pid=108554) stat_writer /opt/stack/data/venv/lib/python3.12/site-packages/dbcounter.py:115}}
Jun 24 00:42:07.441230 np0000182641 devstack@n-api-meta.service[108555]: DEBUG dbcounter [-] [108555] Writing DB stats nova_cell1:SELECT=1 {{(pid=108555) stat_writer /opt/stack/data/venv/lib/python3.12/site-packages/dbcounter.py:115}}
Jun 24 00:42:07.445575 np0000182641 devstack@n-api-meta.service[108556]: DEBUG dbcounter [-] [108556] Writing DB stats nova_cell0:SELECT=2,nova_cell0:INSERT=1 {{(pid=108556) stat_writer /opt/stack/data/venv/lib/python3.12/site-packages/dbcounter.py:115}}
Jun 24 00:42:07.447814 np0000182641 devstack@n-api-meta.service[108555]: DEBUG dbcounter [-] [108555] Writing DB stats nova_cell0:SELECT=1 {{(pid=108555) stat_writer /opt/stack/data/venv/lib/python3.12/site-packages/dbcounter.py:115}}
Jun 24 00:42:07.456314 np0000182641 devstack@n-api-meta.service[108557]: DEBUG dbcounter [-] [108557] Writing DB stats nova_cell0:SELECT=1 {{(pid=108557) stat_writer /opt/stack/data/venv/lib/python3.12/site-packages/dbcounter.py:115}}
Jun 24 00:42:07.518769 np0000182641 devstack@n-api-meta.service[108555]: DEBUG dbcounter [-] [108555] Writing DB stats nova_cell0:SELECT=1 {{(pid=108555) stat_writer /opt/stack/data/venv/lib/python3.12/site-packages/dbcounter.py:115}}
Jun 24 00:48:35.257273 np0000182641 devstack@n-api-meta.service[108554]: DEBUG nova.api.metadata.handler [None req-c2a6109c-409c-4404-ac82-21d4fd1a233d None None] Metadata request headers: {'Host': '199.204.45.78:8775', 'User-Agent': 'python-requests/2.34.2', 'Accept-Encoding': 'gzip, deflate', 'Accept': '*/*', 'Connection': 'keep-alive', 'X-Forwarded-For': '192.168.24.248', 'X-Instance-Id': '2e072bdd-1db1-4eac-a873-36c28c8aafc0', 'X-Tenant-Id': '95d643d6373e4bf3bfc6fe8b861c7ad8', 'X-Instance-Id-Signature': 'bb9114ca3431b8566c17b466bef8370c1e3fb04dc20e2e4c1f99c1dfa070fb88'} {{(pid=108554) __call__ /opt/stack/nova/nova/api/metadata/handler.py:109}}
Jun 24 00:48:35.272057 np0000182641 devstack@n-api-meta.service[108554]: DEBUG oslo_concurrency.lockutils [None req-d1f45ea9-cc66-4cf6-ae33-1d700fc96f7c None None] Acquiring lock "c1a2283b-3ed3-4cec-831a-e2bd487d2c68" by "nova.context.set_target_cell..get_or_set_cached_cell_and_set_connections" {{(pid=108554) inner /opt/stack/data/venv/lib/python3.12/site-packages/oslo_concurrency/lockutils.py:511}}
Jun 24 00:48:35.272371 np0000182641 devstack@n-api-meta.service[108554]: DEBUG oslo_concurrency.lockutils [None req-d1f45ea9-cc66-4cf6-ae33-1d700fc96f7c None None] Lock "c1a2283b-3ed3-4cec-831a-e2bd487d2c68" acquired by "nova.context.set_target_cell..get_or_set_cached_cell_and_set_connections" :: waited 0.001s {{(pid=108554) inner /opt/stack/data/venv/lib/python3.12/site-packages/oslo_concurrency/lockutils.py:524}}
Jun 24 00:48:35.272616 np0000182641 devstack@n-api-meta.service[108554]: DEBUG oslo_concurrency.lockutils [None req-d1f45ea9-cc66-4cf6-ae33-1d700fc96f7c None None] Lock "c1a2283b-3ed3-4cec-831a-e2bd487d2c68" "released" by "nova.context.set_target_cell..get_or_set_cached_cell_and_set_connections" :: held 0.000s {{(pid=108554) inner /opt/stack/data/venv/lib/python3.12/site-packages/oslo_concurrency/lockutils.py:543}}
Jun 24 00:48:35.337282 np0000182641 devstack@n-api-meta.service[108554]: WARNING neutronclient.v2_0.client [None req-d1f45ea9-cc66-4cf6-ae33-1d700fc96f7c None None] The python binding code in neutronclient is deprecated in favor of OpenstackSDK, please use that as this will be removed in a future release.
Jun 24 00:48:35.776472 np0000182641 devstack@n-api-meta.service[108554]: [pid: 108554|app: 0|req: 1/1] 199.204.45.78 () {40 vars in 639 bytes} [Wed Jun 24 00:48:35 2026] GET /openstack => generated 116 bytes in 520 msecs (HTTP/1.1 200) 3 headers in 100 bytes (1 switches on core 0)
Jun 24 00:48:35.794048 np0000182641 devstack@n-api-meta.service[108557]: DEBUG nova.api.metadata.handler [None req-c1daf6ef-8940-4b56-b9e8-993f8346c22f None None] Metadata request headers: {'Host': '199.204.45.78:8775', 'User-Agent': 'python-requests/2.34.2', 'Accept-Encoding': 'gzip, deflate', 'Accept': '*/*', 'Connection': 'keep-alive', 'X-Forwarded-For': '192.168.24.248', 'X-Instance-Id': '2e072bdd-1db1-4eac-a873-36c28c8aafc0', 'X-Tenant-Id': '95d643d6373e4bf3bfc6fe8b861c7ad8', 'X-Instance-Id-Signature': 'bb9114ca3431b8566c17b466bef8370c1e3fb04dc20e2e4c1f99c1dfa070fb88'} {{(pid=108557) __call__ /opt/stack/nova/nova/api/metadata/handler.py:109}}
Jun 24 00:48:35.799192 np0000182641 devstack@n-api-meta.service[108557]: DEBUG nova.api.metadata.handler [None req-c1daf6ef-8940-4b56-b9e8-993f8346c22f None None] Using cached metadata for instance 2e072bdd-1db1-4eac-a873-36c28c8aafc0 {{(pid=108557) get_metadata_by_instance_id /opt/stack/nova/nova/api/metadata/handler.py:84}}
Jun 24 00:48:35.799623 np0000182641 devstack@n-api-meta.service[108557]: [pid: 108557|app: 0|req: 1/2] 199.204.45.78 () {40 vars in 639 bytes} [Wed Jun 24 00:48:35 2026] GET /openstack => generated 116 bytes in 7 msecs (HTTP/1.1 200) 3 headers in 100 bytes (1 switches on core 0)
Jun 24 00:48:35.810381 np0000182641 devstack@n-api-meta.service[108556]: DEBUG nova.api.metadata.handler [None req-d5ff16c5-8041-4523-b331-159939c34a63 None None] Metadata request headers: {'Host': '199.204.45.78:8775', 'User-Agent': 'python-requests/2.34.2', 'Accept-Encoding': 'gzip, deflate', 'Accept': '*/*', 'Connection': 'keep-alive', 'X-Forwarded-For': '192.168.24.248', 'X-Instance-Id': '2e072bdd-1db1-4eac-a873-36c28c8aafc0', 'X-Tenant-Id': '95d643d6373e4bf3bfc6fe8b861c7ad8', 'X-Instance-Id-Signature': 'bb9114ca3431b8566c17b466bef8370c1e3fb04dc20e2e4c1f99c1dfa070fb88'} {{(pid=108556) __call__ /opt/stack/nova/nova/api/metadata/handler.py:109}}
Jun 24 00:48:35.815074 np0000182641 devstack@n-api-meta.service[108556]: DEBUG nova.api.metadata.handler [None req-d5ff16c5-8041-4523-b331-159939c34a63 None None] Using cached metadata for instance 2e072bdd-1db1-4eac-a873-36c28c8aafc0 {{(pid=108556) get_metadata_by_instance_id /opt/stack/nova/nova/api/metadata/handler.py:84}}
Jun 24 00:48:35.815635 np0000182641 devstack@n-api-meta.service[108556]: [pid: 108556|app: 0|req: 1/3] 199.204.45.78 () {40 vars in 692 bytes} [Wed Jun 24 00:48:35 2026] GET /openstack/2018-08-27/meta_data.json => generated 946 bytes in 6 msecs (HTTP/1.1 200) 3 headers in 91 bytes (1 switches on core 0)
Jun 24 00:48:35.824525 np0000182641 devstack@n-api-meta.service[108555]: DEBUG nova.api.metadata.handler [None req-5f130a92-ffac-435f-8490-e3e7a1c65527 None None] Metadata request headers: {'Host': '199.204.45.78:8775', 'User-Agent': 'python-requests/2.34.2', 'Accept-Encoding': 'gzip, deflate', 'Accept': '*/*', 'Connection': 'keep-alive', 'X-Forwarded-For': '192.168.24.248', 'X-Instance-Id': '2e072bdd-1db1-4eac-a873-36c28c8aafc0', 'X-Tenant-Id': '95d643d6373e4bf3bfc6fe8b861c7ad8', 'X-Instance-Id-Signature': 'bb9114ca3431b8566c17b466bef8370c1e3fb04dc20e2e4c1f99c1dfa070fb88'} {{(pid=108555) __call__ /opt/stack/nova/nova/api/metadata/handler.py:109}}
Jun 24 00:48:35.830203 np0000182641 devstack@n-api-meta.service[108555]: DEBUG nova.api.metadata.handler [None req-5f130a92-ffac-435f-8490-e3e7a1c65527 None None] Using cached metadata for instance 2e072bdd-1db1-4eac-a873-36c28c8aafc0 {{(pid=108555) get_metadata_by_instance_id /opt/stack/nova/nova/api/metadata/handler.py:84}}
Jun 24 00:48:35.830746 np0000182641 devstack@n-api-meta.service[108555]: [pid: 108555|app: 0|req: 1/4] 199.204.45.78 () {40 vars in 682 bytes} [Wed Jun 24 00:48:35 2026] GET /openstack/2018-08-27/user_data => generated 26366 bytes in 8 msecs (HTTP/1.1 200) 3 headers in 102 bytes (1 switches on core 0)
Jun 24 00:48:35.842904 np0000182641 devstack@n-api-meta.service[108554]: DEBUG nova.api.metadata.handler [None req-d1f45ea9-cc66-4cf6-ae33-1d700fc96f7c None None] Metadata request headers: {'Host': '199.204.45.78:8775', 'User-Agent': 'python-requests/2.34.2', 'Accept-Encoding': 'gzip, deflate', 'Accept': '*/*', 'Connection': 'keep-alive', 'X-Forwarded-For': '192.168.24.248', 'X-Instance-Id': '2e072bdd-1db1-4eac-a873-36c28c8aafc0', 'X-Tenant-Id': '95d643d6373e4bf3bfc6fe8b861c7ad8', 'X-Instance-Id-Signature': 'bb9114ca3431b8566c17b466bef8370c1e3fb04dc20e2e4c1f99c1dfa070fb88'} {{(pid=108554) __call__ /opt/stack/nova/nova/api/metadata/handler.py:109}}
Jun 24 00:48:35.845003 np0000182641 devstack@n-api-meta.service[108554]: DEBUG nova.api.metadata.handler [None req-d1f45ea9-cc66-4cf6-ae33-1d700fc96f7c None None] Using cached metadata for instance 2e072bdd-1db1-4eac-a873-36c28c8aafc0 {{(pid=108554) get_metadata_by_instance_id /opt/stack/nova/nova/api/metadata/handler.py:84}}
Jun 24 00:48:35.845742 np0000182641 devstack@n-api-meta.service[108554]: [pid: 108554|app: 0|req: 2/5] 199.204.45.78 () {40 vars in 696 bytes} [Wed Jun 24 00:48:35 2026] GET /openstack/2018-08-27/vendor_data.json => generated 2 bytes in 6 msecs (HTTP/1.1 200) 3 headers in 89 bytes (1 switches on core 0)
Jun 24 00:48:35.863570 np0000182641 devstack@n-api-meta.service[108557]: DEBUG nova.api.metadata.handler [None req-c1daf6ef-8940-4b56-b9e8-993f8346c22f None None] Metadata request headers: {'Host': '199.204.45.78:8775', 'User-Agent': 'python-requests/2.34.2', 'Accept-Encoding': 'gzip, deflate', 'Accept': '*/*', 'Connection': 'keep-alive', 'X-Forwarded-For': '192.168.24.248', 'X-Instance-Id': '2e072bdd-1db1-4eac-a873-36c28c8aafc0', 'X-Tenant-Id': '95d643d6373e4bf3bfc6fe8b861c7ad8', 'X-Instance-Id-Signature': 'bb9114ca3431b8566c17b466bef8370c1e3fb04dc20e2e4c1f99c1dfa070fb88'} {{(pid=108557) __call__ /opt/stack/nova/nova/api/metadata/handler.py:109}}
Jun 24 00:48:35.866743 np0000182641 devstack@n-api-meta.service[108557]: DEBUG nova.api.metadata.handler [None req-c1daf6ef-8940-4b56-b9e8-993f8346c22f None None] Using cached metadata for instance 2e072bdd-1db1-4eac-a873-36c28c8aafc0 {{(pid=108557) get_metadata_by_instance_id /opt/stack/nova/nova/api/metadata/handler.py:84}}
Jun 24 00:48:35.867694 np0000182641 devstack@n-api-meta.service[108557]: [pid: 108557|app: 0|req: 2/6] 199.204.45.78 () {40 vars in 699 bytes} [Wed Jun 24 00:48:35 2026] GET /openstack/2018-08-27/vendor_data2.json => generated 14 bytes in 5 msecs (HTTP/1.1 200) 3 headers in 90 bytes (1 switches on core 0)
Jun 24 00:48:35.880108 np0000182641 devstack@n-api-meta.service[108556]: DEBUG nova.api.metadata.handler [None req-d5ff16c5-8041-4523-b331-159939c34a63 None None] Metadata request headers: {'Host': '199.204.45.78:8775', 'User-Agent': 'python-requests/2.34.2', 'Accept-Encoding': 'gzip, deflate', 'Accept': '*/*', 'Connection': 'keep-alive', 'X-Forwarded-For': '192.168.24.248', 'X-Instance-Id': '2e072bdd-1db1-4eac-a873-36c28c8aafc0', 'X-Tenant-Id': '95d643d6373e4bf3bfc6fe8b861c7ad8', 'X-Instance-Id-Signature': 'bb9114ca3431b8566c17b466bef8370c1e3fb04dc20e2e4c1f99c1dfa070fb88'} {{(pid=108556) __call__ /opt/stack/nova/nova/api/metadata/handler.py:109}}
Jun 24 00:48:35.882912 np0000182641 devstack@n-api-meta.service[108556]: DEBUG nova.api.metadata.handler [None req-d5ff16c5-8041-4523-b331-159939c34a63 None None] Using cached metadata for instance 2e072bdd-1db1-4eac-a873-36c28c8aafc0 {{(pid=108556) get_metadata_by_instance_id /opt/stack/nova/nova/api/metadata/handler.py:84}}
Jun 24 00:48:35.883526 np0000182641 devstack@n-api-meta.service[108556]: [pid: 108556|app: 0|req: 2/7] 199.204.45.78 () {40 vars in 699 bytes} [Wed Jun 24 00:48:35 2026] GET /openstack/2018-08-27/network_data.json => generated 348 bytes in 4 msecs (HTTP/1.1 200) 3 headers in 100 bytes (1 switches on core 0)
Jun 24 00:48:35.892398 np0000182641 devstack@n-api-meta.service[108555]: DEBUG nova.api.metadata.handler [None req-5f130a92-ffac-435f-8490-e3e7a1c65527 None None] Metadata request headers: {'Host': '199.204.45.78:8775', 'User-Agent': 'python-requests/2.34.2', 'Accept-Encoding': 'gzip, deflate', 'Accept': '*/*', 'Connection': 'keep-alive', 'X-Forwarded-For': '192.168.24.248', 'X-Instance-Id': '2e072bdd-1db1-4eac-a873-36c28c8aafc0', 'X-Tenant-Id': '95d643d6373e4bf3bfc6fe8b861c7ad8', 'X-Instance-Id-Signature': 'bb9114ca3431b8566c17b466bef8370c1e3fb04dc20e2e4c1f99c1dfa070fb88'} {{(pid=108555) __call__ /opt/stack/nova/nova/api/metadata/handler.py:109}}
Jun 24 00:48:35.895194 np0000182641 devstack@n-api-meta.service[108555]: DEBUG nova.api.metadata.handler [None req-5f130a92-ffac-435f-8490-e3e7a1c65527 None None] Using cached metadata for instance 2e072bdd-1db1-4eac-a873-36c28c8aafc0 {{(pid=108555) get_metadata_by_instance_id /opt/stack/nova/nova/api/metadata/handler.py:84}}
Jun 24 00:48:35.895784 np0000182641 devstack@n-api-meta.service[108555]: [pid: 108555|app: 0|req: 2/8] 199.204.45.78 () {40 vars in 657 bytes} [Wed Jun 24 00:48:35 2026] GET /latest/meta-data/ => generated 210 bytes in 4 msecs (HTTP/1.1 200) 3 headers in 100 bytes (1 switches on core 0)
Jun 24 00:48:35.904593 np0000182641 devstack@n-api-meta.service[108554]: DEBUG nova.api.metadata.handler [None req-d1f45ea9-cc66-4cf6-ae33-1d700fc96f7c None None] Metadata request headers: {'Host': '199.204.45.78:8775', 'User-Agent': 'python-requests/2.34.2', 'Accept-Encoding': 'gzip, deflate', 'Accept': '*/*', 'Connection': 'keep-alive', 'X-Forwarded-For': '192.168.24.248', 'X-Instance-Id': '2e072bdd-1db1-4eac-a873-36c28c8aafc0', 'X-Tenant-Id': '95d643d6373e4bf3bfc6fe8b861c7ad8', 'X-Instance-Id-Signature': 'bb9114ca3431b8566c17b466bef8370c1e3fb04dc20e2e4c1f99c1dfa070fb88'} {{(pid=108554) __call__ /opt/stack/nova/nova/api/metadata/handler.py:109}}
Jun 24 00:48:35.906447 np0000182641 devstack@n-api-meta.service[108554]: DEBUG nova.api.metadata.handler [None req-d1f45ea9-cc66-4cf6-ae33-1d700fc96f7c None None] Using cached metadata for instance 2e072bdd-1db1-4eac-a873-36c28c8aafc0 {{(pid=108554) get_metadata_by_instance_id /opt/stack/nova/nova/api/metadata/handler.py:84}}
Jun 24 00:48:35.907027 np0000182641 devstack@n-api-meta.service[108554]: [pid: 108554|app: 0|req: 3/9] 199.204.45.78 () {40 vars in 699 bytes} [Wed Jun 24 00:48:35 2026] GET /latest/meta-data/block-device-mapping/ => generated 8 bytes in 3 msecs (HTTP/1.1 200) 3 headers in 98 bytes (1 switches on core 0)
Jun 24 00:48:35.916498 np0000182641 devstack@n-api-meta.service[108557]: DEBUG nova.api.metadata.handler [None req-c1daf6ef-8940-4b56-b9e8-993f8346c22f None None] Metadata request headers: {'Host': '199.204.45.78:8775', 'User-Agent': 'python-requests/2.34.2', 'Accept-Encoding': 'gzip, deflate', 'Accept': '*/*', 'Connection': 'keep-alive', 'X-Forwarded-For': '192.168.24.248', 'X-Instance-Id': '2e072bdd-1db1-4eac-a873-36c28c8aafc0', 'X-Tenant-Id': '95d643d6373e4bf3bfc6fe8b861c7ad8', 'X-Instance-Id-Signature': 'bb9114ca3431b8566c17b466bef8370c1e3fb04dc20e2e4c1f99c1dfa070fb88'} {{(pid=108557) __call__ /opt/stack/nova/nova/api/metadata/handler.py:109}}
Jun 24 00:48:35.918405 np0000182641 devstack@n-api-meta.service[108557]: DEBUG nova.api.metadata.handler [None req-c1daf6ef-8940-4b56-b9e8-993f8346c22f None None] Using cached metadata for instance 2e072bdd-1db1-4eac-a873-36c28c8aafc0 {{(pid=108557) get_metadata_by_instance_id /opt/stack/nova/nova/api/metadata/handler.py:84}}
Jun 24 00:48:35.918949 np0000182641 devstack@n-api-meta.service[108557]: [pid: 108557|app: 0|req: 3/10] 199.204.45.78 () {40 vars in 705 bytes} [Wed Jun 24 00:48:35 2026] GET /latest/meta-data/block-device-mapping/ami => generated 3 bytes in 3 msecs (HTTP/1.1 200) 3 headers in 98 bytes (1 switches on core 0)
Jun 24 00:48:35.927610 np0000182641 devstack@n-api-meta.service[108556]: DEBUG nova.api.metadata.handler [None req-d5ff16c5-8041-4523-b331-159939c34a63 None None] Metadata request headers: {'Host': '199.204.45.78:8775', 'User-Agent': 'python-requests/2.34.2', 'Accept-Encoding': 'gzip, deflate', 'Accept': '*/*', 'Connection': 'keep-alive', 'X-Forwarded-For': '192.168.24.248', 'X-Instance-Id': '2e072bdd-1db1-4eac-a873-36c28c8aafc0', 'X-Tenant-Id': '95d643d6373e4bf3bfc6fe8b861c7ad8', 'X-Instance-Id-Signature': 'bb9114ca3431b8566c17b466bef8370c1e3fb04dc20e2e4c1f99c1dfa070fb88'} {{(pid=108556) __call__ /opt/stack/nova/nova/api/metadata/handler.py:109}}
Jun 24 00:48:35.930520 np0000182641 devstack@n-api-meta.service[108556]: DEBUG nova.api.metadata.handler [None req-d5ff16c5-8041-4523-b331-159939c34a63 None None] Using cached metadata for instance 2e072bdd-1db1-4eac-a873-36c28c8aafc0 {{(pid=108556) get_metadata_by_instance_id /opt/stack/nova/nova/api/metadata/handler.py:84}}
Jun 24 00:48:35.931199 np0000182641 devstack@n-api-meta.service[108556]: [pid: 108556|app: 0|req: 3/11] 199.204.45.78 () {40 vars in 707 bytes} [Wed Jun 24 00:48:35 2026] GET /latest/meta-data/block-device-mapping/root => generated 8 bytes in 4 msecs (HTTP/1.1 200) 3 headers in 98 bytes (1 switches on core 0)
Jun 24 00:48:35.941325 np0000182641 devstack@n-api-meta.service[108555]: DEBUG nova.api.metadata.handler [None req-5f130a92-ffac-435f-8490-e3e7a1c65527 None None] Metadata request headers: {'Host': '199.204.45.78:8775', 'User-Agent': 'python-requests/2.34.2', 'Accept-Encoding': 'gzip, deflate', 'Accept': '*/*', 'Connection': 'keep-alive', 'X-Forwarded-For': '192.168.24.248', 'X-Instance-Id': '2e072bdd-1db1-4eac-a873-36c28c8aafc0', 'X-Tenant-Id': '95d643d6373e4bf3bfc6fe8b861c7ad8', 'X-Instance-Id-Signature': 'bb9114ca3431b8566c17b466bef8370c1e3fb04dc20e2e4c1f99c1dfa070fb88'} {{(pid=108555) __call__ /opt/stack/nova/nova/api/metadata/handler.py:109}}
Jun 24 00:48:35.944477 np0000182641 devstack@n-api-meta.service[108555]: DEBUG nova.api.metadata.handler [None req-5f130a92-ffac-435f-8490-e3e7a1c65527 None None] Using cached metadata for instance 2e072bdd-1db1-4eac-a873-36c28c8aafc0 {{(pid=108555) get_metadata_by_instance_id /opt/stack/nova/nova/api/metadata/handler.py:84}}
Jun 24 00:48:35.945308 np0000182641 devstack@n-api-meta.service[108555]: [pid: 108555|app: 0|req: 3/12] 199.204.45.78 () {40 vars in 677 bytes} [Wed Jun 24 00:48:35 2026] GET /latest/meta-data/placement/ => generated 17 bytes in 5 msecs (HTTP/1.1 200) 3 headers in 99 bytes (1 switches on core 0)
Jun 24 00:48:35.955980 np0000182641 devstack@n-api-meta.service[108554]: DEBUG nova.api.metadata.handler [None req-d1f45ea9-cc66-4cf6-ae33-1d700fc96f7c None None] Metadata request headers: {'Host': '199.204.45.78:8775', 'User-Agent': 'python-requests/2.34.2', 'Accept-Encoding': 'gzip, deflate', 'Accept': '*/*', 'Connection': 'keep-alive', 'X-Forwarded-For': '192.168.24.248', 'X-Instance-Id': '2e072bdd-1db1-4eac-a873-36c28c8aafc0', 'X-Tenant-Id': '95d643d6373e4bf3bfc6fe8b861c7ad8', 'X-Instance-Id-Signature': 'bb9114ca3431b8566c17b466bef8370c1e3fb04dc20e2e4c1f99c1dfa070fb88'} {{(pid=108554) __call__ /opt/stack/nova/nova/api/metadata/handler.py:109}}
Jun 24 00:48:35.958813 np0000182641 devstack@n-api-meta.service[108554]: DEBUG nova.api.metadata.handler [None req-d1f45ea9-cc66-4cf6-ae33-1d700fc96f7c None None] Using cached metadata for instance 2e072bdd-1db1-4eac-a873-36c28c8aafc0 {{(pid=108554) get_metadata_by_instance_id /opt/stack/nova/nova/api/metadata/handler.py:84}}
Jun 24 00:48:35.959477 np0000182641 devstack@n-api-meta.service[108554]: [pid: 108554|app: 0|req: 4/13] 199.204.45.78 () {40 vars in 711 bytes} [Wed Jun 24 00:48:35 2026] GET /latest/meta-data/placement/availability-zone => generated 4 bytes in 4 msecs (HTTP/1.1 200) 3 headers in 98 bytes (1 switches on core 0)
Jun 24 00:48:35.967482 np0000182641 devstack@n-api-meta.service[108557]: DEBUG nova.api.metadata.handler [None req-c1daf6ef-8940-4b56-b9e8-993f8346c22f None None] Metadata request headers: {'Host': '199.204.45.78:8775', 'User-Agent': 'python-requests/2.34.2', 'Accept-Encoding': 'gzip, deflate', 'Accept': '*/*', 'Connection': 'keep-alive', 'X-Forwarded-For': '192.168.24.248', 'X-Instance-Id': '2e072bdd-1db1-4eac-a873-36c28c8aafc0', 'X-Tenant-Id': '95d643d6373e4bf3bfc6fe8b861c7ad8', 'X-Instance-Id-Signature': 'bb9114ca3431b8566c17b466bef8370c1e3fb04dc20e2e4c1f99c1dfa070fb88'} {{(pid=108557) __call__ /opt/stack/nova/nova/api/metadata/handler.py:109}}
Jun 24 00:48:35.969465 np0000182641 devstack@n-api-meta.service[108557]: DEBUG nova.api.metadata.handler [None req-c1daf6ef-8940-4b56-b9e8-993f8346c22f None None] Using cached metadata for instance 2e072bdd-1db1-4eac-a873-36c28c8aafc0 {{(pid=108557) get_metadata_by_instance_id /opt/stack/nova/nova/api/metadata/handler.py:84}}
Jun 24 00:48:35.970172 np0000182641 devstack@n-api-meta.service[108557]: [pid: 108557|app: 0|req: 4/14] 199.204.45.78 () {40 vars in 669 bytes} [Wed Jun 24 00:48:35 2026] GET /latest/meta-data/ami-id => generated 12 bytes in 3 msecs (HTTP/1.1 200) 3 headers in 99 bytes (1 switches on core 0)
Jun 24 00:48:35.977219 np0000182641 devstack@n-api-meta.service[108556]: DEBUG nova.api.metadata.handler [None req-d5ff16c5-8041-4523-b331-159939c34a63 None None] Metadata request headers: {'Host': '199.204.45.78:8775', 'User-Agent': 'python-requests/2.34.2', 'Accept-Encoding': 'gzip, deflate', 'Accept': '*/*', 'Connection': 'keep-alive', 'X-Forwarded-For': '192.168.24.248', 'X-Instance-Id': '2e072bdd-1db1-4eac-a873-36c28c8aafc0', 'X-Tenant-Id': '95d643d6373e4bf3bfc6fe8b861c7ad8', 'X-Instance-Id-Signature': 'bb9114ca3431b8566c17b466bef8370c1e3fb04dc20e2e4c1f99c1dfa070fb88'} {{(pid=108556) __call__ /opt/stack/nova/nova/api/metadata/handler.py:109}}
Jun 24 00:48:35.979775 np0000182641 devstack@n-api-meta.service[108556]: DEBUG nova.api.metadata.handler [None req-d5ff16c5-8041-4523-b331-159939c34a63 None None] Using cached metadata for instance 2e072bdd-1db1-4eac-a873-36c28c8aafc0 {{(pid=108556) get_metadata_by_instance_id /opt/stack/nova/nova/api/metadata/handler.py:84}}
Jun 24 00:48:35.980397 np0000182641 devstack@n-api-meta.service[108556]: [pid: 108556|app: 0|req: 4/15] 199.204.45.78 () {40 vars in 689 bytes} [Wed Jun 24 00:48:35 2026] GET /latest/meta-data/ami-launch-index => generated 1 bytes in 4 msecs (HTTP/1.1 200) 3 headers in 98 bytes (1 switches on core 0)
Jun 24 00:48:35.990525 np0000182641 devstack@n-api-meta.service[108555]: DEBUG nova.api.metadata.handler [None req-5f130a92-ffac-435f-8490-e3e7a1c65527 None None] Metadata request headers: {'Host': '199.204.45.78:8775', 'User-Agent': 'python-requests/2.34.2', 'Accept-Encoding': 'gzip, deflate', 'Accept': '*/*', 'Connection': 'keep-alive', 'X-Forwarded-For': '192.168.24.248', 'X-Instance-Id': '2e072bdd-1db1-4eac-a873-36c28c8aafc0', 'X-Tenant-Id': '95d643d6373e4bf3bfc6fe8b861c7ad8', 'X-Instance-Id-Signature': 'bb9114ca3431b8566c17b466bef8370c1e3fb04dc20e2e4c1f99c1dfa070fb88'} {{(pid=108555) __call__ /opt/stack/nova/nova/api/metadata/handler.py:109}}
Jun 24 00:48:35.993396 np0000182641 devstack@n-api-meta.service[108555]: DEBUG nova.api.metadata.handler [None req-5f130a92-ffac-435f-8490-e3e7a1c65527 None None] Using cached metadata for instance 2e072bdd-1db1-4eac-a873-36c28c8aafc0 {{(pid=108555) get_metadata_by_instance_id /opt/stack/nova/nova/api/metadata/handler.py:84}}
Jun 24 00:48:35.994055 np0000182641 devstack@n-api-meta.service[108555]: [pid: 108555|app: 0|req: 4/16] 199.204.45.78 () {40 vars in 691 bytes} [Wed Jun 24 00:48:35 2026] GET /latest/meta-data/ami-manifest-path => generated 5 bytes in 4 msecs (HTTP/1.1 200) 3 headers in 98 bytes (1 switches on core 0)
Jun 24 00:48:36.002688 np0000182641 devstack@n-api-meta.service[108554]: DEBUG nova.api.metadata.handler [None req-d1f45ea9-cc66-4cf6-ae33-1d700fc96f7c None None] Metadata request headers: {'Host': '199.204.45.78:8775', 'User-Agent': 'python-requests/2.34.2', 'Accept-Encoding': 'gzip, deflate', 'Accept': '*/*', 'Connection': 'keep-alive', 'X-Forwarded-For': '192.168.24.248', 'X-Instance-Id': '2e072bdd-1db1-4eac-a873-36c28c8aafc0', 'X-Tenant-Id': '95d643d6373e4bf3bfc6fe8b861c7ad8', 'X-Instance-Id-Signature': 'bb9114ca3431b8566c17b466bef8370c1e3fb04dc20e2e4c1f99c1dfa070fb88'} {{(pid=108554) __call__ /opt/stack/nova/nova/api/metadata/handler.py:109}}
Jun 24 00:48:36.005816 np0000182641 devstack@n-api-meta.service[108554]: DEBUG nova.api.metadata.handler [None req-d1f45ea9-cc66-4cf6-ae33-1d700fc96f7c None None] Using cached metadata for instance 2e072bdd-1db1-4eac-a873-36c28c8aafc0 {{(pid=108554) get_metadata_by_instance_id /opt/stack/nova/nova/api/metadata/handler.py:84}}
Jun 24 00:48:36.006254 np0000182641 devstack@n-api-meta.service[108554]: [pid: 108554|app: 0|req: 5/17] 199.204.45.78 () {40 vars in 673 bytes} [Wed Jun 24 00:48:36 2026] GET /latest/meta-data/hostname => generated 32 bytes in 4 msecs (HTTP/1.1 200) 3 headers in 99 bytes (1 switches on core 0)
Jun 24 00:48:36.014223 np0000182641 devstack@n-api-meta.service[108557]: DEBUG nova.api.metadata.handler [None req-c1daf6ef-8940-4b56-b9e8-993f8346c22f None None] Metadata request headers: {'Host': '199.204.45.78:8775', 'User-Agent': 'python-requests/2.34.2', 'Accept-Encoding': 'gzip, deflate', 'Accept': '*/*', 'Connection': 'keep-alive', 'X-Forwarded-For': '192.168.24.248', 'X-Instance-Id': '2e072bdd-1db1-4eac-a873-36c28c8aafc0', 'X-Tenant-Id': '95d643d6373e4bf3bfc6fe8b861c7ad8', 'X-Instance-Id-Signature': 'bb9114ca3431b8566c17b466bef8370c1e3fb04dc20e2e4c1f99c1dfa070fb88'} {{(pid=108557) __call__ /opt/stack/nova/nova/api/metadata/handler.py:109}}
Jun 24 00:48:36.017085 np0000182641 devstack@n-api-meta.service[108557]: DEBUG nova.api.metadata.handler [None req-c1daf6ef-8940-4b56-b9e8-993f8346c22f None None] Using cached metadata for instance 2e072bdd-1db1-4eac-a873-36c28c8aafc0 {{(pid=108557) get_metadata_by_instance_id /opt/stack/nova/nova/api/metadata/handler.py:84}}
Jun 24 00:48:36.017698 np0000182641 devstack@n-api-meta.service[108557]: [pid: 108557|app: 0|req: 5/18] 199.204.45.78 () {40 vars in 687 bytes} [Wed Jun 24 00:48:36 2026] GET /latest/meta-data/instance-action => generated 4 bytes in 4 msecs (HTTP/1.1 200) 3 headers in 98 bytes (1 switches on core 0)
Jun 24 00:48:36.027031 np0000182641 devstack@n-api-meta.service[108556]: DEBUG nova.api.metadata.handler [None req-d5ff16c5-8041-4523-b331-159939c34a63 None None] Metadata request headers: {'Host': '199.204.45.78:8775', 'User-Agent': 'python-requests/2.34.2', 'Accept-Encoding': 'gzip, deflate', 'Accept': '*/*', 'Connection': 'keep-alive', 'X-Forwarded-For': '192.168.24.248', 'X-Instance-Id': '2e072bdd-1db1-4eac-a873-36c28c8aafc0', 'X-Tenant-Id': '95d643d6373e4bf3bfc6fe8b861c7ad8', 'X-Instance-Id-Signature': 'bb9114ca3431b8566c17b466bef8370c1e3fb04dc20e2e4c1f99c1dfa070fb88'} {{(pid=108556) __call__ /opt/stack/nova/nova/api/metadata/handler.py:109}}
Jun 24 00:48:36.029260 np0000182641 devstack@n-api-meta.service[108556]: DEBUG nova.api.metadata.handler [None req-d5ff16c5-8041-4523-b331-159939c34a63 None None] Using cached metadata for instance 2e072bdd-1db1-4eac-a873-36c28c8aafc0 {{(pid=108556) get_metadata_by_instance_id /opt/stack/nova/nova/api/metadata/handler.py:84}}
Jun 24 00:48:36.029809 np0000182641 devstack@n-api-meta.service[108556]: [pid: 108556|app: 0|req: 5/19] 199.204.45.78 () {40 vars in 679 bytes} [Wed Jun 24 00:48:36 2026] GET /latest/meta-data/instance-id => generated 10 bytes in 4 msecs (HTTP/1.1 200) 3 headers in 99 bytes (1 switches on core 0)
Jun 24 00:48:36.040085 np0000182641 devstack@n-api-meta.service[108555]: DEBUG nova.api.metadata.handler [None req-5f130a92-ffac-435f-8490-e3e7a1c65527 None None] Metadata request headers: {'Host': '199.204.45.78:8775', 'User-Agent': 'python-requests/2.34.2', 'Accept-Encoding': 'gzip, deflate', 'Accept': '*/*', 'Connection': 'keep-alive', 'X-Forwarded-For': '192.168.24.248', 'X-Instance-Id': '2e072bdd-1db1-4eac-a873-36c28c8aafc0', 'X-Tenant-Id': '95d643d6373e4bf3bfc6fe8b861c7ad8', 'X-Instance-Id-Signature': 'bb9114ca3431b8566c17b466bef8370c1e3fb04dc20e2e4c1f99c1dfa070fb88'} {{(pid=108555) __call__ /opt/stack/nova/nova/api/metadata/handler.py:109}}
Jun 24 00:48:36.042091 np0000182641 devstack@n-api-meta.service[108555]: DEBUG nova.api.metadata.handler [None req-5f130a92-ffac-435f-8490-e3e7a1c65527 None None] Using cached metadata for instance 2e072bdd-1db1-4eac-a873-36c28c8aafc0 {{(pid=108555) get_metadata_by_instance_id /opt/stack/nova/nova/api/metadata/handler.py:84}}
Jun 24 00:48:36.042684 np0000182641 devstack@n-api-meta.service[108555]: [pid: 108555|app: 0|req: 5/20] 199.204.45.78 () {40 vars in 683 bytes} [Wed Jun 24 00:48:36 2026] GET /latest/meta-data/instance-type => generated 8 bytes in 3 msecs (HTTP/1.1 200) 3 headers in 98 bytes (1 switches on core 0)
Jun 24 00:48:36.052220 np0000182641 devstack@n-api-meta.service[108554]: DEBUG nova.api.metadata.handler [None req-d1f45ea9-cc66-4cf6-ae33-1d700fc96f7c None None] Metadata request headers: {'Host': '199.204.45.78:8775', 'User-Agent': 'python-requests/2.34.2', 'Accept-Encoding': 'gzip, deflate', 'Accept': '*/*', 'Connection': 'keep-alive', 'X-Forwarded-For': '192.168.24.248', 'X-Instance-Id': '2e072bdd-1db1-4eac-a873-36c28c8aafc0', 'X-Tenant-Id': '95d643d6373e4bf3bfc6fe8b861c7ad8', 'X-Instance-Id-Signature': 'bb9114ca3431b8566c17b466bef8370c1e3fb04dc20e2e4c1f99c1dfa070fb88'} {{(pid=108554) __call__ /opt/stack/nova/nova/api/metadata/handler.py:109}}
Jun 24 00:48:36.054959 np0000182641 devstack@n-api-meta.service[108554]: DEBUG nova.api.metadata.handler [None req-d1f45ea9-cc66-4cf6-ae33-1d700fc96f7c None None] Using cached metadata for instance 2e072bdd-1db1-4eac-a873-36c28c8aafc0 {{(pid=108554) get_metadata_by_instance_id /opt/stack/nova/nova/api/metadata/handler.py:84}}
Jun 24 00:48:36.055580 np0000182641 devstack@n-api-meta.service[108554]: [pid: 108554|app: 0|req: 6/21] 199.204.45.78 () {40 vars in 685 bytes} [Wed Jun 24 00:48:36 2026] GET /latest/meta-data/local-hostname => generated 32 bytes in 4 msecs (HTTP/1.1 200) 3 headers in 99 bytes (1 switches on core 0)
Jun 24 00:48:36.064259 np0000182641 devstack@n-api-meta.service[108557]: DEBUG nova.api.metadata.handler [None req-c1daf6ef-8940-4b56-b9e8-993f8346c22f None None] Metadata request headers: {'Host': '199.204.45.78:8775', 'User-Agent': 'python-requests/2.34.2', 'Accept-Encoding': 'gzip, deflate', 'Accept': '*/*', 'Connection': 'keep-alive', 'X-Forwarded-For': '192.168.24.248', 'X-Instance-Id': '2e072bdd-1db1-4eac-a873-36c28c8aafc0', 'X-Tenant-Id': '95d643d6373e4bf3bfc6fe8b861c7ad8', 'X-Instance-Id-Signature': 'bb9114ca3431b8566c17b466bef8370c1e3fb04dc20e2e4c1f99c1dfa070fb88'} {{(pid=108557) __call__ /opt/stack/nova/nova/api/metadata/handler.py:109}}
Jun 24 00:48:36.067521 np0000182641 devstack@n-api-meta.service[108557]: DEBUG nova.api.metadata.handler [None req-c1daf6ef-8940-4b56-b9e8-993f8346c22f None None] Using cached metadata for instance 2e072bdd-1db1-4eac-a873-36c28c8aafc0 {{(pid=108557) get_metadata_by_instance_id /opt/stack/nova/nova/api/metadata/handler.py:84}}
Jun 24 00:48:36.068310 np0000182641 devstack@n-api-meta.service[108557]: [pid: 108557|app: 0|req: 6/22] 199.204.45.78 () {40 vars in 677 bytes} [Wed Jun 24 00:48:36 2026] GET /latest/meta-data/local-ipv4 => generated 14 bytes in 5 msecs (HTTP/1.1 200) 3 headers in 99 bytes (1 switches on core 0)
Jun 24 00:48:36.077124 np0000182641 devstack@n-api-meta.service[108556]: DEBUG nova.api.metadata.handler [None req-d5ff16c5-8041-4523-b331-159939c34a63 None None] Metadata request headers: {'Host': '199.204.45.78:8775', 'User-Agent': 'python-requests/2.34.2', 'Accept-Encoding': 'gzip, deflate', 'Accept': '*/*', 'Connection': 'keep-alive', 'X-Forwarded-For': '192.168.24.248', 'X-Instance-Id': '2e072bdd-1db1-4eac-a873-36c28c8aafc0', 'X-Tenant-Id': '95d643d6373e4bf3bfc6fe8b861c7ad8', 'X-Instance-Id-Signature': 'bb9114ca3431b8566c17b466bef8370c1e3fb04dc20e2e4c1f99c1dfa070fb88'} {{(pid=108556) __call__ /opt/stack/nova/nova/api/metadata/handler.py:109}}
Jun 24 00:48:36.079696 np0000182641 devstack@n-api-meta.service[108556]: DEBUG nova.api.metadata.handler [None req-d5ff16c5-8041-4523-b331-159939c34a63 None None] Using cached metadata for instance 2e072bdd-1db1-4eac-a873-36c28c8aafc0 {{(pid=108556) get_metadata_by_instance_id /opt/stack/nova/nova/api/metadata/handler.py:84}}
Jun 24 00:48:36.080377 np0000182641 devstack@n-api-meta.service[108556]: [pid: 108556|app: 0|req: 6/23] 199.204.45.78 () {40 vars in 687 bytes} [Wed Jun 24 00:48:36 2026] GET /latest/meta-data/public-hostname => generated 32 bytes in 4 msecs (HTTP/1.1 200) 3 headers in 99 bytes (1 switches on core 0)
Jun 24 00:48:36.087383 np0000182641 devstack@n-api-meta.service[108555]: DEBUG nova.api.metadata.handler [None req-5f130a92-ffac-435f-8490-e3e7a1c65527 None None] Metadata request headers: {'Host': '199.204.45.78:8775', 'User-Agent': 'python-requests/2.34.2', 'Accept-Encoding': 'gzip, deflate', 'Accept': '*/*', 'Connection': 'keep-alive', 'X-Forwarded-For': '192.168.24.248', 'X-Instance-Id': '2e072bdd-1db1-4eac-a873-36c28c8aafc0', 'X-Tenant-Id': '95d643d6373e4bf3bfc6fe8b861c7ad8', 'X-Instance-Id-Signature': 'bb9114ca3431b8566c17b466bef8370c1e3fb04dc20e2e4c1f99c1dfa070fb88'} {{(pid=108555) __call__ /opt/stack/nova/nova/api/metadata/handler.py:109}}
Jun 24 00:48:36.090176 np0000182641 devstack@n-api-meta.service[108555]: DEBUG nova.api.metadata.handler [None req-5f130a92-ffac-435f-8490-e3e7a1c65527 None None] Using cached metadata for instance 2e072bdd-1db1-4eac-a873-36c28c8aafc0 {{(pid=108555) get_metadata_by_instance_id /opt/stack/nova/nova/api/metadata/handler.py:84}}
