2026-05-05 23:21:00.619 10 INFO neutron.wsgi [None req-55f65ddd-e259-4679-ba89-4a7ee552455f a23178ac534145c0a97cebd6fc671cc5 20364e88c6f3456593930f8270d33b9a - - default default] 10.0.0.175 "DELETE /v2.0/routers/2a1a0e6f-2a10-484d-9924-68548b54c428 HTTP/1.1" status: 204 len: 168 time: 0.4528058
2026-05-05 23:21:00.768 9 INFO neutron.wsgi [None req-e026f4d6-7182-4557-a0df-3f1d83919171 cc53ead19fd04f48b9de74174830d004 db474edd8c3f4bc483ef002a4b312d07 - - default default] 10.0.0.175 "DELETE /v2.0/security-groups/0c61a5b1-428f-45ad-aa65-fb877b0cd9e4 HTTP/1.1" status: 204 len: 168 time: 0.2134202
2026-05-05 23:21:00.840 10 INFO neutron.wsgi [None req-6190655a-f7d2-48b6-8890-9320822eb322 a23178ac534145c0a97cebd6fc671cc5 20364e88c6f3456593930f8270d33b9a - - default default] 10.0.0.175 "DELETE /v2.0/subnets/6f0ee54e-5857-4e9d-a7b3-a098ad0a8599 HTTP/1.1" status: 204 len: 168 time: 0.2154260
2026-05-05 23:21:01.179 10 INFO neutron.services.segments.plugin [-] Segment 4462cb1d-3962-47bf-9a1b-16e040a47050 resource provider aggregate not found
2026-05-05 23:21:01.184 10 INFO neutron.services.segments.plugin [-] Segment 4462cb1d-3962-47bf-9a1b-16e040a47050 resource provider aggregate not found
2026-05-05 23:21:01.198 10 INFO neutron.services.segments.plugin [-] Segment 4462cb1d-3962-47bf-9a1b-16e040a47050 resource provider not found; error: Placement Client Error (4xx): {"errors": [{"status": 404, "title": "Not Found", "detail": "The resource could not be found.\n\n No resource provider with uuid 4462cb1d-3962-47bf-9a1b-16e040a47050 found for delete ", "request_id": "req-39bc83ab-10e7-4075-ada9-9d6b7607c7ca"}]}
2026-05-05 23:21:01.199 10 INFO neutron.services.segments.plugin [-] Segment 4462cb1d-3962-47bf-9a1b-16e040a47050 resource provider not found; error: Placement Client Error (4xx): {"errors": [{"status": 404, "title": "Not Found", "detail": "The resource could not be found.\n\n No resource provider with uuid 4462cb1d-3962-47bf-9a1b-16e040a47050 found for delete ", "request_id": "req-0d68bbb6-ee0a-4e37-af28-6756d10a406b"}]}
2026-05-05 23:21:01.229 10 INFO neutron.wsgi [None req-e8f3bea8-4c67-4b3b-8511-58e199abd954 a23178ac534145c0a97cebd6fc671cc5 20364e88c6f3456593930f8270d33b9a - - default default] 10.0.0.175 "DELETE /v2.0/networks/e4a98e88-ce7a-420f-b7c0-e23f5a153a2d HTTP/1.1" status: 204 len: 168 time: 0.3810139
2026-05-05 23:21:01.239 9 WARNING neutron_lib.context [None req-6aaf2e38-56c6-4267-a7aa-279ede2135b0 a23178ac534145c0a97cebd6fc671cc5 20364e88c6f3456593930f8270d33b9a - - default default] Method 'is_advsvc' is deprecated since 2023.2 release (neutron-lib 3.8.0) and will be removed once support for the old RBAC API policies will be removed from Neutron. Please use method 'is_service_role' instead.
2026-05-05 23:21:01.905 9 WARNING neutron.scheduler.dhcp_agent_scheduler [None req-6aaf2e38-56c6-4267-a7aa-279ede2135b0 a23178ac534145c0a97cebd6fc671cc5 20364e88c6f3456593930f8270d33b9a - - default default] No more DHCP agents
2026-05-05 23:21:01.907 9 WARNING neutron.api.rpc.agentnotifiers.dhcp_rpc_agent_api [None req-6aaf2e38-56c6-4267-a7aa-279ede2135b0 a23178ac534145c0a97cebd6fc671cc5 20364e88c6f3456593930f8270d33b9a - - default default] Unable to schedule network 79b80596-acfa-42bc-aac5-ba7ed139b65c: no agents available; will retry on subsequent port and subnet creation events.
2026-05-05 23:21:01.915 10 INFO neutron.db.ovn_revision_numbers_db [None req-7895ef96-996f-40ee-984d-01fa5d9ab10e cc53ead19fd04f48b9de74174830d004 db474edd8c3f4bc483ef002a4b312d07 - - default default] Successfully bumped revision number for resource 1e2172c8-af8d-4693-97c4-f3fb9bc7798e (type: security_groups) to 1
2026-05-05 23:21:01.931 10 INFO neutron.db.ovn_revision_numbers_db [None req-7895ef96-996f-40ee-984d-01fa5d9ab10e cc53ead19fd04f48b9de74174830d004 db474edd8c3f4bc483ef002a4b312d07 - - default default] Successfully bumped revision number for resource 1067d328-5aaa-43a8-a1ff-0598c7c4199b (type: security_group_rules) to 0
2026-05-05 23:21:01.950 10 INFO neutron.db.ovn_revision_numbers_db [None req-7895ef96-996f-40ee-984d-01fa5d9ab10e cc53ead19fd04f48b9de74174830d004 db474edd8c3f4bc483ef002a4b312d07 - - default default] Successfully bumped revision number for resource 35f77987-3924-41f0-9ad1-6384f79f849b (type: security_group_rules) to 0
2026-05-05 23:21:01.962 10 INFO neutron.db.ovn_revision_numbers_db [None req-7895ef96-996f-40ee-984d-01fa5d9ab10e cc53ead19fd04f48b9de74174830d004 db474edd8c3f4bc483ef002a4b312d07 - - default default] Successfully bumped revision number for resource 8e019860-8dcc-4fc7-b45a-2c8299dcd00e (type: security_group_rules) to 0
2026-05-05 23:21:01.978 10 INFO neutron.db.ovn_revision_numbers_db [None req-7895ef96-996f-40ee-984d-01fa5d9ab10e cc53ead19fd04f48b9de74174830d004 db474edd8c3f4bc483ef002a4b312d07 - - default default] Successfully bumped revision number for resource b0200b6b-cf27-43bd-a90f-c3086af86b66 (type: security_group_rules) to 0
2026-05-05 23:21:01.984 10 WARNING neutron_lib.context [None req-f02d2b3a-bb65-4bf0-ba7a-271d47fb1019 c00bce4d8d394993bb3eeadc8efb1d5f f1071e5275804a1fac79839df0ec2fd2 - - default default] Method 'is_advsvc' is deprecated since 2023.2 release (neutron-lib 3.8.0) and will be removed once support for the old RBAC API policies will be removed from Neutron. Please use method 'is_service_role' instead.
2026-05-05 23:21:01.984 10 WARNING neutron_lib.context [None req-f02d2b3a-bb65-4bf0-ba7a-271d47fb1019 c00bce4d8d394993bb3eeadc8efb1d5f f1071e5275804a1fac79839df0ec2fd2 - - default default] Method 'is_advsvc' is deprecated since 2023.2 release (neutron-lib 3.8.0) and will be removed once support for the old RBAC API policies will be removed from Neutron. Please use method 'is_service_role' instead.
2026-05-05 23:21:02.012 10 INFO neutron.wsgi [None req-7895ef96-996f-40ee-984d-01fa5d9ab10e cc53ead19fd04f48b9de74174830d004 db474edd8c3f4bc483ef002a4b312d07 - - default default] 10.0.0.175 "GET /v2.0/security-groups?tenant_id=3d773c18c4644a04907c8ef4e6619663&name=default HTTP/1.1" status: 200 len: 2996 time: 0.2918785
2026-05-05 23:21:02.076 9 INFO neutron.db.ovn_revision_numbers_db [None req-6aaf2e38-56c6-4267-a7aa-279ede2135b0 a23178ac534145c0a97cebd6fc671cc5 20364e88c6f3456593930f8270d33b9a - - default default] Successfully bumped revision number for resource 7e958657-3ae1-4082-af32-6011cc04d3cc (type: ports) to 1
2026-05-05 23:21:02.140 10 INFO neutron.db.ovn_revision_numbers_db [None req-f02d2b3a-bb65-4bf0-ba7a-271d47fb1019 c00bce4d8d394993bb3eeadc8efb1d5f f1071e5275804a1fac79839df0ec2fd2 - - default default] Successfully bumped revision number for resource 6b77019d-ad60-468f-be23-81b3ee42c4c7 (type: security_groups) to 1
2026-05-05 23:21:02.155 10 INFO neutron.db.ovn_revision_numbers_db [None req-f02d2b3a-bb65-4bf0-ba7a-271d47fb1019 c00bce4d8d394993bb3eeadc8efb1d5f f1071e5275804a1fac79839df0ec2fd2 - - default default] Successfully bumped revision number for resource 34ffba2e-d4f5-486a-aeda-9dd56b194a99 (type: security_group_rules) to 0
2026-05-05 23:21:02.168 10 INFO neutron.db.ovn_revision_numbers_db [None req-f02d2b3a-bb65-4bf0-ba7a-271d47fb1019 c00bce4d8d394993bb3eeadc8efb1d5f f1071e5275804a1fac79839df0ec2fd2 - - default default] Successfully bumped revision number for resource 371c0a67-af13-4aac-911d-ca70dba0bf5a (type: security_group_rules) to 0
2026-05-05 23:21:02.184 10 INFO neutron.db.ovn_revision_numbers_db [None req-f02d2b3a-bb65-4bf0-ba7a-271d47fb1019 c00bce4d8d394993bb3eeadc8efb1d5f f1071e5275804a1fac79839df0ec2fd2 - - default default] Successfully bumped revision number for resource b3e6ff24-4299-4d73-b58b-c42e2594bc31 (type: security_group_rules) to 0
2026-05-05 23:21:02.199 10 INFO neutron.db.ovn_revision_numbers_db [None req-f02d2b3a-bb65-4bf0-ba7a-271d47fb1019 c00bce4d8d394993bb3eeadc8efb1d5f f1071e5275804a1fac79839df0ec2fd2 - - default default] Successfully bumped revision number for resource e46e9d53-40fd-4678-bf12-acc385341f17 (type: security_group_rules) to 0
2026-05-05 23:21:02.237 10 INFO neutron.wsgi [None req-f8a6cb41-c9c8-4acf-b307-9025df3108d8 cc53ead19fd04f48b9de74174830d004 db474edd8c3f4bc483ef002a4b312d07 - - default default] 10.0.0.175 "DELETE /v2.0/security-groups/1e2172c8-af8d-4693-97c4-f3fb9bc7798e HTTP/1.1" status: 204 len: 168 time: 0.2205994
2026-05-05 23:21:02.266 10 INFO neutron.db.segments_db [None req-f02d2b3a-bb65-4bf0-ba7a-271d47fb1019 c00bce4d8d394993bb3eeadc8efb1d5f f1071e5275804a1fac79839df0ec2fd2 - - default default] Added segment ae2636e2-bfbb-4a6a-8d59-c139f8db5e65 of type geneve for network d1491ab3-db1f-48ea-a147-73a93fbf2750
2026-05-05 23:21:02.367 10 INFO neutron.db.segments_db [None req-f02d2b3a-bb65-4bf0-ba7a-271d47fb1019 c00bce4d8d394993bb3eeadc8efb1d5f f1071e5275804a1fac79839df0ec2fd2 - - default default] Added segment 560a8de5-93f9-4d59-9bd6-fdba23a1f885 of type geneve for network 6a1c89d1-c98b-4ddd-bb92-ad08c2fcc198
2026-05-05 23:21:02.526 10 INFO neutron.db.ovn_revision_numbers_db [None req-f02d2b3a-bb65-4bf0-ba7a-271d47fb1019 c00bce4d8d394993bb3eeadc8efb1d5f f1071e5275804a1fac79839df0ec2fd2 - - default default] Successfully bumped revision number for resource d1491ab3-db1f-48ea-a147-73a93fbf2750 (type: networks) to 1
2026-05-05 23:21:02.673 10 INFO neutron.plugins.ml2.drivers.ovn.mech_driver.mech_driver [None req-5af66a4f-525a-41ec-9b3b-bec5e9ec5c38 - - - - - -] OVN reports status up for port: 7e958657-3ae1-4082-af32-6011cc04d3cc
2026-05-05 23:21:02.679 9 INFO neutron.db.ovn_revision_numbers_db [None req-6aaf2e38-56c6-4267-a7aa-279ede2135b0 a23178ac534145c0a97cebd6fc671cc5 20364e88c6f3456593930f8270d33b9a - - default default] Successfully bumped revision number for resource 7e958657-3ae1-4082-af32-6011cc04d3cc (type: router_ports) to 1
2026-05-05 23:21:02.699 10 INFO neutron.plugins.ml2.plugin [None req-5af66a4f-525a-41ec-9b3b-bec5e9ec5c38 - - - - - -] Attempt 1 to provision port 7e958657-3ae1-4082-af32-6011cc04d3cc
2026-05-05 23:21:02.705 10 WARNING neutron.scheduler.dhcp_agent_scheduler [None req-f02d2b3a-bb65-4bf0-ba7a-271d47fb1019 c00bce4d8d394993bb3eeadc8efb1d5f f1071e5275804a1fac79839df0ec2fd2 - - default default] No more DHCP agents
2026-05-05 23:21:02.713 10 WARNING neutron.api.rpc.agentnotifiers.dhcp_rpc_agent_api [None req-f02d2b3a-bb65-4bf0-ba7a-271d47fb1019 c00bce4d8d394993bb3eeadc8efb1d5f f1071e5275804a1fac79839df0ec2fd2 - - default default] Unable to schedule network d1491ab3-db1f-48ea-a147-73a93fbf2750: no agents available; will retry on subsequent port and subnet creation events.
2026-05-05 23:21:02.780 9 INFO neutron.db.ovn_revision_numbers_db [None req-6aaf2e38-56c6-4267-a7aa-279ede2135b0 a23178ac534145c0a97cebd6fc671cc5 20364e88c6f3456593930f8270d33b9a - - default default] Successfully bumped revision number for resource f65ff01c-7d6e-4e96-ab2d-f55484d68da5 (type: routers) to 2
2026-05-05 23:21:02.794 9 INFO neutron.wsgi [None req-6aaf2e38-56c6-4267-a7aa-279ede2135b0 a23178ac534145c0a97cebd6fc671cc5 20364e88c6f3456593930f8270d33b9a - - default default] 10.0.0.175 "POST /v2.0/routers HTTP/1.1" status: 201 len: 868 time: 1.5596731
2026-05-05 23:21:02.806 10 INFO neutron.db.ovn_revision_numbers_db [None req-f02d2b3a-bb65-4bf0-ba7a-271d47fb1019 c00bce4d8d394993bb3eeadc8efb1d5f f1071e5275804a1fac79839df0ec2fd2 - - default default] Successfully bumped revision number for resource 69589fb7-c73d-4d0d-a97b-cf86ba1d2b8c (type: ports) to 1
2026-05-05 23:21:02.866 9 INFO neutron.wsgi [None req-16b8201f-9a5c-4c83-9f4c-fd5c44ceed01 a23178ac534145c0a97cebd6fc671cc5 20364e88c6f3456593930f8270d33b9a - - default default] 10.0.0.175 "GET /v2.0/routers/f65ff01c-7d6e-4e96-ab2d-f55484d68da5 HTTP/1.1" status: 200 len: 869 time: 0.0673134
2026-05-05 23:21:02.877 10 INFO neutron.db.ovn_revision_numbers_db [None req-f02d2b3a-bb65-4bf0-ba7a-271d47fb1019 c00bce4d8d394993bb3eeadc8efb1d5f f1071e5275804a1fac79839df0ec2fd2 - - default default] Successfully bumped revision number for resource 6a1c89d1-c98b-4ddd-bb92-ad08c2fcc198 (type: networks) to 1
2026-05-05 23:21:02.994 9 INFO neutron.wsgi [None req-1665b8f7-e213-45d3-9a4a-157c7905665a a23178ac534145c0a97cebd6fc671cc5 20364e88c6f3456593930f8270d33b9a - - default default] 10.0.0.175 "GET /v2.0/routers HTTP/1.1" status: 200 len: 872 time: 0.1224604
2026-05-05 23:21:03.063 10 WARNING neutron.scheduler.dhcp_agent_scheduler [None req-f02d2b3a-bb65-4bf0-ba7a-271d47fb1019 c00bce4d8d394993bb3eeadc8efb1d5f f1071e5275804a1fac79839df0ec2fd2 - - default default] No more DHCP agents
2026-05-05 23:21:03.064 10 WARNING neutron.api.rpc.agentnotifiers.dhcp_rpc_agent_api [None req-f02d2b3a-bb65-4bf0-ba7a-271d47fb1019 c00bce4d8d394993bb3eeadc8efb1d5f f1071e5275804a1fac79839df0ec2fd2 - - default default] Unable to schedule network 6a1c89d1-c98b-4ddd-bb92-ad08c2fcc198: no agents available; will retry on subsequent port and subnet creation events.
2026-05-05 23:21:03.155 10 INFO neutron.db.ovn_revision_numbers_db [None req-f02d2b3a-bb65-4bf0-ba7a-271d47fb1019 c00bce4d8d394993bb3eeadc8efb1d5f f1071e5275804a1fac79839df0ec2fd2 - - default default] Successfully bumped revision number for resource 42ce6dd3-fe78-47c0-908c-576c4df10e6e (type: ports) to 1
2026-05-05 23:21:03.181 10 INFO neutron.wsgi [None req-f02d2b3a-bb65-4bf0-ba7a-271d47fb1019 c00bce4d8d394993bb3eeadc8efb1d5f f1071e5275804a1fac79839df0ec2fd2 - - default default] 10.0.0.175 "POST /v2.0/networks HTTP/1.1" status: 201 len: 1446 time: 1.2387693
2026-05-05 23:21:03.292 10 INFO neutron.wsgi [None req-d6cfc063-6c7b-40b5-966d-25382cfe4512 c00bce4d8d394993bb3eeadc8efb1d5f f1071e5275804a1fac79839df0ec2fd2 - - default default] 10.0.0.175 "GET /v2.0/networks HTTP/1.1" status: 200 len: 2052 time: 0.1055415
2026-05-05 23:21:03.443 9 INFO neutron.db.ovn_revision_numbers_db [None req-b5b761af-cbf9-4ce9-8e69-0265ce81cd0c a23178ac534145c0a97cebd6fc671cc5 20364e88c6f3456593930f8270d33b9a - - default default] Successfully bumped revision number for resource f65ff01c-7d6e-4e96-ab2d-f55484d68da5 (type: routers) to 3
2026-05-05 23:21:03.447 9 INFO neutron.wsgi [None req-b5b761af-cbf9-4ce9-8e69-0265ce81cd0c a23178ac534145c0a97cebd6fc671cc5 20364e88c6f3456593930f8270d33b9a - - default default] 10.0.0.175 "PUT /v2.0/routers/f65ff01c-7d6e-4e96-ab2d-f55484d68da5 HTTP/1.1" status: 200 len: 876 time: 0.4475498
2026-05-05 23:21:03.545 9 INFO neutron.wsgi [None req-c666bfb3-bfd6-499e-9bb8-8e54652b6e51 a23178ac534145c0a97cebd6fc671cc5 20364e88c6f3456593930f8270d33b9a - - default default] 10.0.0.175 "GET /v2.0/routers/f65ff01c-7d6e-4e96-ab2d-f55484d68da5 HTTP/1.1" status: 200 len: 876 time: 0.0880547
2026-05-05 23:21:03.573 9 INFO neutron.wsgi [None req-2e401579-a2d5-4a19-a332-6b1fc6c2224f a23178ac534145c0a97cebd6fc671cc5 20364e88c6f3456593930f8270d33b9a - - default default] 10.0.0.175 "GET /v2.0/ports?device_id=f65ff01c-7d6e-4e96-ab2d-f55484d68da5 HTTP/1.1" status: 200 len: 205 time: 0.0223358
2026-05-05 23:21:03.713 10 INFO neutron.services.segments.plugin [-] Segment ae2636e2-bfbb-4a6a-8d59-c139f8db5e65 resource provider aggregate not found
2026-05-05 23:21:03.724 10 INFO neutron.services.segments.plugin [-] Segment ae2636e2-bfbb-4a6a-8d59-c139f8db5e65 resource provider aggregate not found
2026-05-05 23:21:03.736 10 INFO neutron.services.segments.plugin [-] Segment ae2636e2-bfbb-4a6a-8d59-c139f8db5e65 resource provider not found; error: Placement Client Error (4xx): {"errors": [{"status": 404, "title": "Not Found", "detail": "The resource could not be found.\n\n No resource provider with uuid ae2636e2-bfbb-4a6a-8d59-c139f8db5e65 found for delete ", "request_id": "req-df3e40dd-9d33-4cb5-9ec5-62821241afed"}]}
2026-05-05 23:21:03.746 10 INFO neutron.services.segments.plugin [-] Segment ae2636e2-bfbb-4a6a-8d59-c139f8db5e65 resource provider not found; error: Placement Client Error (4xx): {"errors": [{"status": 404, "title": "Not Found", "detail": "The resource could not be found.\n\n No resource provider with uuid ae2636e2-bfbb-4a6a-8d59-c139f8db5e65 found for delete ", "request_id": "req-bd9bd470-53bb-41da-8224-a832bd90d02d"}]}
2026-05-05 23:21:03.763 10 INFO neutron.wsgi [None req-b2efe2c9-6d02-4668-9221-3bd6e1ebd369 c00bce4d8d394993bb3eeadc8efb1d5f f1071e5275804a1fac79839df0ec2fd2 - - default default] 10.0.0.175 "DELETE /v2.0/networks/d1491ab3-db1f-48ea-a147-73a93fbf2750 HTTP/1.1" status: 204 len: 168 time: 0.4659445
2026-05-05 23:21:04.456 9 INFO neutron.services.segments.plugin [-] Segment 560a8de5-93f9-4d59-9bd6-fdba23a1f885 resource provider aggregate not found
2026-05-05 23:21:04.461 9 INFO neutron.services.segments.plugin [-] Segment 560a8de5-93f9-4d59-9bd6-fdba23a1f885 resource provider aggregate not found
2026-05-05 23:21:04.479 9 INFO neutron.services.segments.plugin [-] Segment 560a8de5-93f9-4d59-9bd6-fdba23a1f885 resource provider not found; error: Placement Client Error (4xx): {"errors": [{"status": 404, "title": "Not Found", "detail": "The resource could not be found.\n\n No resource provider with uuid 560a8de5-93f9-4d59-9bd6-fdba23a1f885 found for delete ", "request_id": "req-d3dee6e1-69da-40e0-9821-1e131f13027a"}]}
2026-05-05 23:21:04.480 9 INFO neutron.services.segments.plugin [-] Segment 560a8de5-93f9-4d59-9bd6-fdba23a1f885 resource provider not found; error: Placement Client Error (4xx): {"errors": [{"status": 404, "title": "Not Found", "detail": "The resource could not be found.\n\n No resource provider with uuid 560a8de5-93f9-4d59-9bd6-fdba23a1f885 found for delete ", "request_id": "req-71cd790b-76c7-4add-98f1-23913398edbc"}]}
2026-05-05 23:21:04.501 9 INFO neutron.wsgi [None req-b136baa6-bc5b-4f4d-8661-713c327aa026 c00bce4d8d394993bb3eeadc8efb1d5f f1071e5275804a1fac79839df0ec2fd2 - - default default] 10.0.0.175 "DELETE /v2.0/networks/6a1c89d1-c98b-4ddd-bb92-ad08c2fcc198 HTTP/1.1" status: 204 len: 168 time: 0.7327943
2026-05-05 23:21:04.579 10 INFO neutron.wsgi [None req-de33548f-d404-4dfd-abc2-e64a761f6815 c00bce4d8d394993bb3eeadc8efb1d5f f1071e5275804a1fac79839df0ec2fd2 - - default default] 10.0.0.175 "GET /v2.0/networks HTTP/1.1" status: 200 len: 845 time: 0.0713420
2026-05-05 23:21:04.604 10 WARNING neutron_lib.context [None req-240930c9-a4ed-4c00-a5f5-7522eacfd8fb c00bce4d8d394993bb3eeadc8efb1d5f f1071e5275804a1fac79839df0ec2fd2 - - default default] Method 'is_advsvc' is deprecated since 2023.2 release (neutron-lib 3.8.0) and will be removed once support for the old RBAC API policies will be removed from Neutron. Please use method 'is_service_role' instead.
2026-05-05 23:21:04.684 10 INFO neutron.db.segments_db [None req-240930c9-a4ed-4c00-a5f5-7522eacfd8fb c00bce4d8d394993bb3eeadc8efb1d5f f1071e5275804a1fac79839df0ec2fd2 - - default default] Added segment 77b443bd-c014-487e-b809-332d5a68c0c9 of type geneve for network e5980f78-494a-4d23-bc2a-c6e9a7ca78ed
2026-05-05 23:21:04.700 9 INFO neutron.wsgi [None req-86cc38b0-77a6-4a4f-a81c-5d66c3ff8b6a a23178ac534145c0a97cebd6fc671cc5 20364e88c6f3456593930f8270d33b9a - - default default] 10.0.0.175 "DELETE /v2.0/routers/f65ff01c-7d6e-4e96-ab2d-f55484d68da5 HTTP/1.1" status: 204 len: 168 time: 1.1226649
2026-05-05 23:21:04.729 9 INFO neutron.wsgi [None req-ff323d75-634d-473a-a263-1bd43c13070f a23178ac534145c0a97cebd6fc671cc5 20364e88c6f3456593930f8270d33b9a - - default default] 10.0.0.175 "GET /v2.0/ports?device_id=f65ff01c-7d6e-4e96-ab2d-f55484d68da5 HTTP/1.1" status: 200 len: 205 time: 0.0213063
2026-05-05 23:21:04.730 9 WARNING neutron.plugins.ml2.drivers.ovn.mech_driver.ovsdb.ovn_client [None req-3477c0ba-b0a4-456f-9ac4-996e9fa5baad - - - - - -] No port found with ID c7596151-c47c-4fff-90b5-b52ce891e0c0: RuntimeError: No port found with ID c7596151-c47c-4fff-90b5-b52ce891e0c0
2026-05-05 23:21:04.762 9 INFO neutron.api.v2.resource [None req-7d41a4f5-dc95-404f-9fd6-1fc20a9fe4e2 a23178ac534145c0a97cebd6fc671cc5 20364e88c6f3456593930f8270d33b9a - - default default] delete failed (client error): The resource could not be found.
2026-05-05 23:21:04.763 9 INFO neutron.wsgi [None req-7d41a4f5-dc95-404f-9fd6-1fc20a9fe4e2 a23178ac534145c0a97cebd6fc671cc5 20364e88c6f3456593930f8270d33b9a - - default default] 10.0.0.175 "DELETE /v2.0/routers/f65ff01c-7d6e-4e96-ab2d-f55484d68da5 HTTP/1.1" status: 404 len: 336 time: 0.0285842
2026-05-05 23:21:04.793 9 INFO neutron.wsgi [None req-73322a00-1c44-4c4d-815a-79409aeea1f6 a23178ac534145c0a97cebd6fc671cc5 20364e88c6f3456593930f8270d33b9a - - default default] 10.0.0.175 "GET /v2.0/ports?device_id=2a1a0e6f-2a10-484d-9924-68548b54c428 HTTP/1.1" status: 200 len: 205 time: 0.0241184
2026-05-05 23:21:04.829 9 INFO neutron.api.v2.resource [None req-8a6beb80-36c5-44b2-bc10-883e0762abf5 a23178ac534145c0a97cebd6fc671cc5 20364e88c6f3456593930f8270d33b9a - - default default] delete failed (client error): The resource could not be found.
2026-05-05 23:21:04.830 9 INFO neutron.wsgi [None req-8a6beb80-36c5-44b2-bc10-883e0762abf5 a23178ac534145c0a97cebd6fc671cc5 20364e88c6f3456593930f8270d33b9a - - default default] 10.0.0.175 "DELETE /v2.0/routers/2a1a0e6f-2a10-484d-9924-68548b54c428 HTTP/1.1" status: 404 len: 336 time: 0.0324497
2026-05-05 23:21:04.852 9 INFO neutron.pecan_wsgi.hooks.translation [None req-3ed3baf3-8608-49b9-9c58-2b9408bdce01 a23178ac534145c0a97cebd6fc671cc5 20364e88c6f3456593930f8270d33b9a - - default default] DELETE failed (client error): The resource could not be found.
2026-05-05 23:21:04.854 9 INFO neutron.wsgi [None req-3ed3baf3-8608-49b9-9c58-2b9408bdce01 a23178ac534145c0a97cebd6fc671cc5 20364e88c6f3456593930f8270d33b9a - - default default] 10.0.0.175 "DELETE /v2.0/subnets/6f0ee54e-5857-4e9d-a7b3-a098ad0a8599 HTTP/1.1" status: 404 len: 337 time: 0.0186794
2026-05-05 23:21:04.857 10 INFO neutron.db.ovn_revision_numbers_db [None req-240930c9-a4ed-4c00-a5f5-7522eacfd8fb c00bce4d8d394993bb3eeadc8efb1d5f f1071e5275804a1fac79839df0ec2fd2 - - default default] Successfully bumped revision number for resource e5980f78-494a-4d23-bc2a-c6e9a7ca78ed (type: networks) to 1
2026-05-05 23:21:04.888 9 INFO neutron.wsgi [None req-8beaa938-996f-4c13-8101-d256e0009326 a23178ac534145c0a97cebd6fc671cc5 20364e88c6f3456593930f8270d33b9a - - default default] 10.0.0.175 "GET /v2.0/ports?device_id=d6be6656-e6cf-4efc-9bf2-cd0aef8dd561 HTTP/1.1" status: 200 len: 205 time: 0.0246656
2026-05-05 23:21:04.917 9 INFO neutron.api.v2.resource [None req-d6eb9709-1bf7-4068-9d3f-be15679be798 a23178ac534145c0a97cebd6fc671cc5 20364e88c6f3456593930f8270d33b9a - - default default] delete failed (client error): The resource could not be found.
2026-05-05 23:21:04.918 9 INFO neutron.wsgi [None req-d6eb9709-1bf7-4068-9d3f-be15679be798 a23178ac534145c0a97cebd6fc671cc5 20364e88c6f3456593930f8270d33b9a - - default default] 10.0.0.175 "DELETE /v2.0/routers/d6be6656-e6cf-4efc-9bf2-cd0aef8dd561 HTTP/1.1" status: 404 len: 336 time: 0.0241263
2026-05-05 23:21:04.936 9 INFO neutron.pecan_wsgi.hooks.translation [None req-6c5cb004-8fbd-4ad5-8686-2b924ab21701 a23178ac534145c0a97cebd6fc671cc5 20364e88c6f3456593930f8270d33b9a - - default default] DELETE failed (client error): The resource could not be found.
2026-05-05 23:21:04.938 9 INFO neutron.wsgi [None req-6c5cb004-8fbd-4ad5-8686-2b924ab21701 a23178ac534145c0a97cebd6fc671cc5 20364e88c6f3456593930f8270d33b9a - - default default] 10.0.0.175 "DELETE /v2.0/subnets/903d09c3-2b34-43df-a1ac-45f62884706c HTTP/1.1" status: 404 len: 337 time: 0.0160973
2026-05-05 23:21:04.964 9 INFO neutron.wsgi [None req-074bc387-c84e-4ede-97de-cff2fdf2b28f a23178ac534145c0a97cebd6fc671cc5 20364e88c6f3456593930f8270d33b9a - - default default] 10.0.0.175 "GET /v2.0/ports?device_id=b0033319-a08d-4423-9593-cbd8ef4a113a HTTP/1.1" status: 200 len: 205 time: 0.0202734
2026-05-05 23:21:04.988 9 INFO neutron.api.v2.resource [None req-f94d4b09-b15c-48bb-9664-ae0cecf5a242 a23178ac534145c0a97cebd6fc671cc5 20364e88c6f3456593930f8270d33b9a - - default default] delete failed (client error): The resource could not be found.
2026-05-05 23:21:04.989 9 INFO neutron.wsgi [None req-f94d4b09-b15c-48bb-9664-ae0cecf5a242 a23178ac534145c0a97cebd6fc671cc5 20364e88c6f3456593930f8270d33b9a - - default default] 10.0.0.175 "DELETE /v2.0/routers/b0033319-a08d-4423-9593-cbd8ef4a113a HTTP/1.1" status: 404 len: 336 time: 0.0210762
2026-05-05 23:21:05.009 9 INFO neutron.pecan_wsgi.hooks.translation [None req-6a91e3c4-e5fb-4822-b88d-b4de9e4cd26c a23178ac534145c0a97cebd6fc671cc5 20364e88c6f3456593930f8270d33b9a - - default default] DELETE failed (client error): The resource could not be found.
2026-05-05 23:21:05.011 9 INFO neutron.wsgi [None req-6a91e3c4-e5fb-4822-b88d-b4de9e4cd26c a23178ac534145c0a97cebd6fc671cc5 20364e88c6f3456593930f8270d33b9a - - default default] 10.0.0.175 "DELETE /v2.0/subnets/9fce9d1e-dbda-4005-a590-96ae428d9eb6 HTTP/1.1" status: 404 len: 337 time: 0.0166304
2026-05-05 23:21:05.038 9 INFO neutron.pecan_wsgi.hooks.translation [None req-9bf7e766-89b2-4ea1-8f54-abe2f5187495 a23178ac534145c0a97cebd6fc671cc5 20364e88c6f3456593930f8270d33b9a - - default default] DELETE failed (client error): The resource could not be found.
2026-05-05 23:21:05.040 9 INFO neutron.wsgi [None req-9bf7e766-89b2-4ea1-8f54-abe2f5187495 a23178ac534145c0a97cebd6fc671cc5 20364e88c6f3456593930f8270d33b9a - - default default] 10.0.0.175 "DELETE /v2.0/subnets/0822a5ad-6203-4b17-bd78-4ee6e7a122e5 HTTP/1.1" status: 404 len: 337 time: 0.0233519
2026-05-05 23:21:05.110 9 INFO neutron.db.ovn_revision_numbers_db [None req-4881be90-0832-4ce8-9ef2-e7306f48b100 cc53ead19fd04f48b9de74174830d004 db474edd8c3f4bc483ef002a4b312d07 - - default default] Successfully bumped revision number for resource 020fbd88-0e5c-4fab-b2b0-a0f0d1f92b67 (type: security_groups) to 1
2026-05-05 23:21:05.115 10 WARNING neutron.scheduler.dhcp_agent_scheduler [None req-240930c9-a4ed-4c00-a5f5-7522eacfd8fb c00bce4d8d394993bb3eeadc8efb1d5f f1071e5275804a1fac79839df0ec2fd2 - - default default] No more DHCP agents
2026-05-05 23:21:05.119 10 WARNING neutron.api.rpc.agentnotifiers.dhcp_rpc_agent_api [None req-240930c9-a4ed-4c00-a5f5-7522eacfd8fb c00bce4d8d394993bb3eeadc8efb1d5f f1071e5275804a1fac79839df0ec2fd2 - - default default] Unable to schedule network e5980f78-494a-4d23-bc2a-c6e9a7ca78ed: no agents available; will retry on subsequent port and subnet creation events.
2026-05-05 23:21:05.123 9 INFO neutron.db.ovn_revision_numbers_db [None req-4881be90-0832-4ce8-9ef2-e7306f48b100 cc53ead19fd04f48b9de74174830d004 db474edd8c3f4bc483ef002a4b312d07 - - default default] Successfully bumped revision number for resource 52aff5ac-de4f-4bc4-8d9d-fcdc75df9a7d (type: security_group_rules) to 0
2026-05-05 23:21:05.138 9 INFO neutron.db.ovn_revision_numbers_db [None req-4881be90-0832-4ce8-9ef2-e7306f48b100 cc53ead19fd04f48b9de74174830d004 db474edd8c3f4bc483ef002a4b312d07 - - default default] Successfully bumped revision number for resource 60ae503c-88a2-4703-a306-691cc956dd43 (type: security_group_rules) to 0
2026-05-05 23:21:05.155 9 INFO neutron.db.ovn_revision_numbers_db [None req-4881be90-0832-4ce8-9ef2-e7306f48b100 cc53ead19fd04f48b9de74174830d004 db474edd8c3f4bc483ef002a4b312d07 - - default default] Successfully bumped revision number for resource 98288858-33bf-4234-a1bd-068d443f189b (type: security_group_rules) to 0
2026-05-05 23:21:05.172 9 INFO neutron.db.ovn_revision_numbers_db [None req-4881be90-0832-4ce8-9ef2-e7306f48b100 cc53ead19fd04f48b9de74174830d004 db474edd8c3f4bc483ef002a4b312d07 - - default default] Successfully bumped revision number for resource ae583936-c765-459a-acee-7d32e20ffa04 (type: security_group_rules) to 0
2026-05-05 23:21:05.202 9 INFO neutron.wsgi [None req-4881be90-0832-4ce8-9ef2-e7306f48b100 cc53ead19fd04f48b9de74174830d004 db474edd8c3f4bc483ef002a4b312d07 - - default default] 10.0.0.175 "GET /v2.0/security-groups?tenant_id=1a686c7fc84846e8bd3243d8e1c2d9fc&name=default HTTP/1.1" status: 200 len: 2996 time: 0.4323096
2026-05-05 23:21:05.220 10 INFO neutron.db.ovn_revision_numbers_db [None req-240930c9-a4ed-4c00-a5f5-7522eacfd8fb c00bce4d8d394993bb3eeadc8efb1d5f f1071e5275804a1fac79839df0ec2fd2 - - default default] Successfully bumped revision number for resource afa97a33-3384-4601-9884-316b2e205b9a (type: ports) to 1
2026-05-05 23:21:05.245 10 INFO neutron.wsgi [None req-240930c9-a4ed-4c00-a5f5-7522eacfd8fb c00bce4d8d394993bb3eeadc8efb1d5f f1071e5275804a1fac79839df0ec2fd2 - - default default] 10.0.0.175 "POST /v2.0/networks HTTP/1.1" status: 201 len: 853 time: 0.6587939
2026-05-05 23:21:05.256 10 WARNING neutron_lib.context [None req-2e1c297f-0672-420a-8f74-d307d5d789f4 c00bce4d8d394993bb3eeadc8efb1d5f f1071e5275804a1fac79839df0ec2fd2 - - default default] Method 'is_advsvc' is deprecated since 2023.2 release (neutron-lib 3.8.0) and will be removed once support for the old RBAC API policies will be removed from Neutron. Please use method 'is_service_role' instead.
2026-05-05 23:21:05.333 10 INFO neutron.db.segments_db [None req-2e1c297f-0672-420a-8f74-d307d5d789f4 c00bce4d8d394993bb3eeadc8efb1d5f f1071e5275804a1fac79839df0ec2fd2 - - default default] Added segment e41486cb-161a-41ab-b391-975c80424f5d of type geneve for network 85bca8ce-8ff9-46d3-93d8-bc0c661df711
2026-05-05 23:21:05.408 9 INFO neutron.wsgi [None req-28b0b866-a48b-4a0b-9959-cebb9beff5c9 cc53ead19fd04f48b9de74174830d004 db474edd8c3f4bc483ef002a4b312d07 - - default default] 10.0.0.175 "DELETE /v2.0/security-groups/020fbd88-0e5c-4fab-b2b0-a0f0d1f92b67 HTTP/1.1" status: 204 len: 168 time: 0.2015967
2026-05-05 23:21:05.486 10 INFO neutron.db.ovn_revision_numbers_db [None req-2e1c297f-0672-420a-8f74-d307d5d789f4 c00bce4d8d394993bb3eeadc8efb1d5f f1071e5275804a1fac79839df0ec2fd2 - - default default] Successfully bumped revision number for resource 85bca8ce-8ff9-46d3-93d8-bc0c661df711 (type: networks) to 1
2026-05-05 23:21:05.650 10 WARNING neutron.scheduler.dhcp_agent_scheduler [None req-2e1c297f-0672-420a-8f74-d307d5d789f4 c00bce4d8d394993bb3eeadc8efb1d5f f1071e5275804a1fac79839df0ec2fd2 - - default default] No more DHCP agents
2026-05-05 23:21:05.653 10 WARNING neutron.api.rpc.agentnotifiers.dhcp_rpc_agent_api [None req-2e1c297f-0672-420a-8f74-d307d5d789f4 c00bce4d8d394993bb3eeadc8efb1d5f f1071e5275804a1fac79839df0ec2fd2 - - default default] Unable to schedule network 85bca8ce-8ff9-46d3-93d8-bc0c661df711: no agents available; will retry on subsequent port and subnet creation events.
2026-05-05 23:21:05.722 10 INFO neutron.db.ovn_revision_numbers_db [None req-2e1c297f-0672-420a-8f74-d307d5d789f4 c00bce4d8d394993bb3eeadc8efb1d5f f1071e5275804a1fac79839df0ec2fd2 - - default default] Successfully bumped revision number for resource f057af0d-9783-490b-91a7-47fe8a8cb64e (type: ports) to 1
2026-05-05 23:21:05.749 10 INFO neutron.wsgi [None req-2e1c297f-0672-420a-8f74-d307d5d789f4 c00bce4d8d394993bb3eeadc8efb1d5f f1071e5275804a1fac79839df0ec2fd2 - - default default] 10.0.0.175 "POST /v2.0/networks HTTP/1.1" status: 201 len: 853 time: 0.4981043
2026-05-05 23:21:05.761 9 WARNING neutron_lib.context [None req-bad4455f-5353-4143-bce6-7bc66b8602e9 c00bce4d8d394993bb3eeadc8efb1d5f f1071e5275804a1fac79839df0ec2fd2 - - default default] Method 'is_advsvc' is deprecated since 2023.2 release (neutron-lib 3.8.0) and will be removed once support for the old RBAC API policies will be removed from Neutron. Please use method 'is_service_role' instead.
2026-05-05 23:21:05.791 10 INFO neutron.wsgi [None req-a38aa189-ed42-402a-83d8-9803a2c86c24 cc53ead19fd04f48b9de74174830d004 db474edd8c3f4bc483ef002a4b312d07 - - default default] 10.0.0.175 "GET /v2.0/security-groups?tenant_id=20364e88c6f3456593930f8270d33b9a&name=default HTTP/1.1" status: 200 len: 2996 time: 0.2642384
2026-05-05 23:21:05.834 9 WARNING neutron_lib.context [None req-bad4455f-5353-4143-bce6-7bc66b8602e9 c00bce4d8d394993bb3eeadc8efb1d5f f1071e5275804a1fac79839df0ec2fd2 - - default default] Method 'is_advsvc' is deprecated since 2023.2 release (neutron-lib 3.8.0) and will be removed once support for the old RBAC API policies will be removed from Neutron. Please use method 'is_service_role' instead.
2026-05-05 23:21:06.004 10 INFO neutron.wsgi [None req-65eaadc3-8b3b-437f-a0ec-88ca7e659aa1 cc53ead19fd04f48b9de74174830d004 db474edd8c3f4bc483ef002a4b312d07 - - default default] 10.0.0.175 "DELETE /v2.0/security-groups/ae49e764-e7c8-457d-87de-0919a4d61c49 HTTP/1.1" status: 204 len: 168 time: 0.2065408
2026-05-05 23:21:06.268 9 WARNING neutron.scheduler.dhcp_agent_scheduler [None req-bad4455f-5353-4143-bce6-7bc66b8602e9 c00bce4d8d394993bb3eeadc8efb1d5f f1071e5275804a1fac79839df0ec2fd2 - - default default] No more DHCP agents
2026-05-05 23:21:06.271 9 WARNING neutron.api.rpc.agentnotifiers.dhcp_rpc_agent_api [None req-bad4455f-5353-4143-bce6-7bc66b8602e9 c00bce4d8d394993bb3eeadc8efb1d5f f1071e5275804a1fac79839df0ec2fd2 - - default default] Unable to schedule network e5980f78-494a-4d23-bc2a-c6e9a7ca78ed: no agents available; will retry on subsequent port and subnet creation events.
2026-05-05 23:21:06.360 9 INFO neutron.db.ovn_revision_numbers_db [None req-bad4455f-5353-4143-bce6-7bc66b8602e9 c00bce4d8d394993bb3eeadc8efb1d5f f1071e5275804a1fac79839df0ec2fd2 - - default default] Successfully bumped revision number for resource 783681dd-c41f-4ee8-af95-e1d673d7f5f7 (type: ports) to 1
2026-05-05 23:21:06.397 9 WARNING neutron.scheduler.dhcp_agent_scheduler [None req-bad4455f-5353-4143-bce6-7bc66b8602e9 c00bce4d8d394993bb3eeadc8efb1d5f f1071e5275804a1fac79839df0ec2fd2 - - default default] No more DHCP agents
2026-05-05 23:21:06.400 9 WARNING neutron.api.rpc.agentnotifiers.dhcp_rpc_agent_api [None req-bad4455f-5353-4143-bce6-7bc66b8602e9 c00bce4d8d394993bb3eeadc8efb1d5f f1071e5275804a1fac79839df0ec2fd2 - - default default] Unable to schedule network 85bca8ce-8ff9-46d3-93d8-bc0c661df711: no agents available; will retry on subsequent port and subnet creation events.
2026-05-05 23:21:06.490 9 INFO neutron.db.ovn_revision_numbers_db [None req-bad4455f-5353-4143-bce6-7bc66b8602e9 c00bce4d8d394993bb3eeadc8efb1d5f f1071e5275804a1fac79839df0ec2fd2 - - default default] Successfully bumped revision number for resource f96786a9-0d1f-4da2-b684-a44b65cc53f9 (type: ports) to 1
2026-05-05 23:21:06.513 9 INFO neutron.wsgi [None req-bad4455f-5353-4143-bce6-7bc66b8602e9 c00bce4d8d394993bb3eeadc8efb1d5f f1071e5275804a1fac79839df0ec2fd2 - - default default] 10.0.0.175 "POST /v2.0/ports HTTP/1.1" status: 201 len: 1704 time: 0.7580533 /var/lib/openstack/lib/python3.10/site-packages/pycadf/identifier.py:71: UserWarning: Invalid uuid: neutron. To ensure interoperability, identifiers should be a valid uuid. warnings.warn(('Invalid uuid: %s. To ensure interoperability, '
2026-05-05 23:21:06.663 9 INFO neutron.wsgi [None req-678510e7-ec8e-446b-854d-c5094c72156f c00bce4d8d394993bb3eeadc8efb1d5f f1071e5275804a1fac79839df0ec2fd2 - - default default] 10.0.0.175 "GET /v2.0/ports HTTP/1.1" status: 200 len: 3211 time: 0.1461055
2026-05-05 23:21:06.879 9 INFO neutron.wsgi [None req-f1136c1b-87f7-4f59-975a-4e551c588579 c00bce4d8d394993bb3eeadc8efb1d5f f1071e5275804a1fac79839df0ec2fd2 - - default default] 10.0.0.175 "DELETE /v2.0/ports/783681dd-c41f-4ee8-af95-e1d673d7f5f7 HTTP/1.1" status: 204 len: 168 time: 0.2116177
2026-05-05 23:21:07.120 9 INFO neutron.wsgi [None req-3be472be-ef8b-4a42-a518-05d8f28bff85 c00bce4d8d394993bb3eeadc8efb1d5f f1071e5275804a1fac79839df0ec2fd2 - - default default] 10.0.0.175 "DELETE /v2.0/ports/f96786a9-0d1f-4da2-b684-a44b65cc53f9 HTTP/1.1" status: 204 len: 168 time: 0.2337790
2026-05-05 23:21:07.170 9 INFO neutron.wsgi [None req-5bdbac19-05d0-45ec-b6b0-24fc72574fcc c00bce4d8d394993bb3eeadc8efb1d5f f1071e5275804a1fac79839df0ec2fd2 - - default default] 10.0.0.175 "GET /v2.0/ports HTTP/1.1" status: 200 len: 1718 time: 0.0447147
2026-05-05 23:21:07.189 9 WARNING neutron_lib.context [None req-329ada2d-24f6-43b2-b33b-01ef1ef098c2 c00bce4d8d394993bb3eeadc8efb1d5f f1071e5275804a1fac79839df0ec2fd2 - - default default] Method 'is_advsvc' is deprecated since 2023.2 release (neutron-lib 3.8.0) and will be removed once support for the old RBAC API policies will be removed from Neutron. Please use method 'is_service_role' instead.
2026-05-05 23:21:07.274 9 INFO neutron.db.segments_db [None req-329ada2d-24f6-43b2-b33b-01ef1ef098c2 c00bce4d8d394993bb3eeadc8efb1d5f f1071e5275804a1fac79839df0ec2fd2 - - default default] Added segment def051b2-c90d-441d-b13a-0616d3c7dbda of type geneve for network 72cacd82-abc4-42fe-b665-638395c8cebb
2026-05-05 23:21:07.452 9 INFO neutron.db.ovn_revision_numbers_db [None req-329ada2d-24f6-43b2-b33b-01ef1ef098c2 c00bce4d8d394993bb3eeadc8efb1d5f f1071e5275804a1fac79839df0ec2fd2 - - default default] Successfully bumped revision number for resource 72cacd82-abc4-42fe-b665-638395c8cebb (type: networks) to 1
2026-05-05 23:21:07.564 10 WARNING neutron.plugins.ml2.drivers.ovn.mech_driver.ovsdb.ovn_client [None req-5af66a4f-525a-41ec-9b3b-bec5e9ec5c38 - - - - - -] No port found with ID 7e958657-3ae1-4082-af32-6011cc04d3cc: RuntimeError: No port found with ID 7e958657-3ae1-4082-af32-6011cc04d3cc
2026-05-05 23:21:07.644 9 WARNING neutron.scheduler.dhcp_agent_scheduler [None req-329ada2d-24f6-43b2-b33b-01ef1ef098c2 c00bce4d8d394993bb3eeadc8efb1d5f f1071e5275804a1fac79839df0ec2fd2 - - default default] No more DHCP agents
2026-05-05 23:21:07.646 9 WARNING neutron.api.rpc.agentnotifiers.dhcp_rpc_agent_api [None req-329ada2d-24f6-43b2-b33b-01ef1ef098c2 c00bce4d8d394993bb3eeadc8efb1d5f f1071e5275804a1fac79839df0ec2fd2 - - default default] Unable to schedule network 72cacd82-abc4-42fe-b665-638395c8cebb: no agents available; will retry on subsequent port and subnet creation events.
2026-05-05 23:21:07.761 9 INFO neutron.db.ovn_revision_numbers_db [None req-329ada2d-24f6-43b2-b33b-01ef1ef098c2 c00bce4d8d394993bb3eeadc8efb1d5f f1071e5275804a1fac79839df0ec2fd2 - - default default] Successfully bumped revision number for resource 5ab1f21c-156a-4c1f-a7d2-1a3cd67086fb (type: ports) to 1
2026-05-05 23:21:07.784 9 INFO neutron.wsgi [None req-329ada2d-24f6-43b2-b33b-01ef1ef098c2 c00bce4d8d394993bb3eeadc8efb1d5f f1071e5275804a1fac79839df0ec2fd2 - - default default] 10.0.0.175 "POST /v2.0/networks HTTP/1.1" status: 201 len: 853 time: 0.6032135
2026-05-05 23:21:07.797 9 WARNING neutron_lib.context [None req-e169e586-9a8a-4cb2-b0ee-6a281d3fb763 c00bce4d8d394993bb3eeadc8efb1d5f f1071e5275804a1fac79839df0ec2fd2 - - default default] Method 'is_advsvc' is deprecated since 2023.2 release (neutron-lib 3.8.0) and will be removed once support for the old RBAC API policies will be removed from Neutron. Please use method 'is_service_role' instead.
2026-05-05 23:21:07.891 9 INFO neutron.db.segments_db [None req-e169e586-9a8a-4cb2-b0ee-6a281d3fb763 c00bce4d8d394993bb3eeadc8efb1d5f f1071e5275804a1fac79839df0ec2fd2 - - default default] Added segment c4ec938b-a111-4ab9-9db8-927a877d9287 of type geneve for network f30fd0dd-60e9-4483-bfc3-31759f202d7f
2026-05-05 23:21:07.945 10 INFO neutron.db.ovn_revision_numbers_db [None req-a0bb63b0-ce02-446a-b1e8-fc1bf628c654 cc53ead19fd04f48b9de74174830d004 db474edd8c3f4bc483ef002a4b312d07 - - default default] Successfully bumped revision number for resource abb05c05-e4cf-4957-b328-db6f835748ce (type: security_groups) to 1
2026-05-05 23:21:07.957 10 INFO neutron.db.ovn_revision_numbers_db [None req-a0bb63b0-ce02-446a-b1e8-fc1bf628c654 cc53ead19fd04f48b9de74174830d004 db474edd8c3f4bc483ef002a4b312d07 - - default default] Successfully bumped revision number for resource d9821fb6-0b9a-495e-ba57-4048d7f4e862 (type: security_group_rules) to 0
2026-05-05 23:21:07.972 10 INFO neutron.db.ovn_revision_numbers_db [None req-a0bb63b0-ce02-446a-b1e8-fc1bf628c654 cc53ead19fd04f48b9de74174830d004 db474edd8c3f4bc483ef002a4b312d07 - - default default] Successfully bumped revision number for resource ecf4c398-19e4-4914-9cee-3afd3eb2ca2f (type: security_group_rules) to 0
2026-05-05 23:21:07.988 10 INFO neutron.db.ovn_revision_numbers_db [None req-a0bb63b0-ce02-446a-b1e8-fc1bf628c654 cc53ead19fd04f48b9de74174830d004 db474edd8c3f4bc483ef002a4b312d07 - - default default] Successfully bumped revision number for resource f2607ab2-acab-4e7f-b125-3bdada3417bf (type: security_group_rules) to 0
2026-05-05 23:21:08.001 10 INFO neutron.db.ovn_revision_numbers_db [None req-a0bb63b0-ce02-446a-b1e8-fc1bf628c654 cc53ead19fd04f48b9de74174830d004 db474edd8c3f4bc483ef002a4b312d07 - - default default] Successfully bumped revision number for resource f70e880b-3a79-4ef8-a147-c629987354b3 (type: security_group_rules) to 0
2026-05-05 23:21:08.024 10 INFO neutron.wsgi [None req-a0bb63b0-ce02-446a-b1e8-fc1bf628c654 cc53ead19fd04f48b9de74174830d004 db474edd8c3f4bc483ef002a4b312d07 - - default default] 10.0.0.175 "GET /v2.0/security-groups?tenant_id=0fb716e41755476c8352990c61171cee&name=default HTTP/1.1" status: 200 len: 2996 time: 0.4650776
2026-05-05 23:21:08.039 9 INFO neutron.db.ovn_revision_numbers_db [None req-e169e586-9a8a-4cb2-b0ee-6a281d3fb763 c00bce4d8d394993bb3eeadc8efb1d5f f1071e5275804a1fac79839df0ec2fd2 - - default default] Successfully bumped revision number for resource f30fd0dd-60e9-4483-bfc3-31759f202d7f (type: networks) to 1
2026-05-05 23:21:08.221 10 INFO neutron.wsgi [None req-1a4fdeed-496c-4de9-8bb2-81a2c2c90bb2 cc53ead19fd04f48b9de74174830d004 db474edd8c3f4bc483ef002a4b312d07 - - default default] 10.0.0.175 "DELETE /v2.0/security-groups/abb05c05-e4cf-4957-b328-db6f835748ce HTTP/1.1" status: 204 len: 168 time: 0.1897383
2026-05-05 23:21:08.232 9 WARNING neutron.scheduler.dhcp_agent_scheduler [None req-e169e586-9a8a-4cb2-b0ee-6a281d3fb763 c00bce4d8d394993bb3eeadc8efb1d5f f1071e5275804a1fac79839df0ec2fd2 - - default default] No more DHCP agents
2026-05-05 23:21:08.234 9 WARNING neutron.api.rpc.agentnotifiers.dhcp_rpc_agent_api [None req-e169e586-9a8a-4cb2-b0ee-6a281d3fb763 c00bce4d8d394993bb3eeadc8efb1d5f f1071e5275804a1fac79839df0ec2fd2 - - default default] Unable to schedule network f30fd0dd-60e9-4483-bfc3-31759f202d7f: no agents available; will retry on subsequent port and subnet creation events.
2026-05-05 23:21:08.281 10 INFO neutron.wsgi [-] 10.0.0.104 "GET / HTTP/1.1" status: 200 len: 246 time: 0.0026317
2026-05-05 23:21:08.284 10 INFO neutron.wsgi [-] 10.0.0.104 "GET / HTTP/1.1" status: 200 len: 246 time: 0.0017588
2026-05-05 23:21:08.335 9 INFO neutron.db.ovn_revision_numbers_db [None req-e169e586-9a8a-4cb2-b0ee-6a281d3fb763 c00bce4d8d394993bb3eeadc8efb1d5f f1071e5275804a1fac79839df0ec2fd2 - - default default] Successfully bumped revision number for resource 326541cb-9b32-4889-9bd2-19efcb4dbfa3 (type: ports) to 1
2026-05-05 23:21:08.360 9 INFO neutron.wsgi [None req-e169e586-9a8a-4cb2-b0ee-6a281d3fb763 c00bce4d8d394993bb3eeadc8efb1d5f f1071e5275804a1fac79839df0ec2fd2 - - default default] 10.0.0.175 "POST /v2.0/networks HTTP/1.1" status: 201 len: 853 time: 0.5693412
2026-05-05 23:21:08.441 10 INFO neutron.db.ovn_revision_numbers_db [None req-d55e06ce-bd21-4740-ae4d-e09ca77ba70f cc53ead19fd04f48b9de74174830d004 db474edd8c3f4bc483ef002a4b312d07 - - default default] Successfully bumped revision number for resource ea981f51-2146-4e77-9e5b-3a0e31a1ff60 (type: security_groups) to 1
2026-05-05 23:21:08.455 10 INFO neutron.db.ovn_revision_numbers_db [None req-d55e06ce-bd21-4740-ae4d-e09ca77ba70f cc53ead19fd04f48b9de74174830d004 db474edd8c3f4bc483ef002a4b312d07 - - default default] Successfully bumped revision number for resource 35d685ab-bf40-49ca-a84e-2a9b59cc97c8 (type: security_group_rules) to 0
2026-05-05 23:21:08.471 10 INFO neutron.db.ovn_revision_numbers_db [None req-d55e06ce-bd21-4740-ae4d-e09ca77ba70f cc53ead19fd04f48b9de74174830d004 db474edd8c3f4bc483ef002a4b312d07 - - default default] Successfully bumped revision number for resource c8065610-fd8d-4331-a6ae-a8fcecd2db70 (type: security_group_rules) to 0
2026-05-05 23:21:08.482 10 INFO neutron.db.ovn_revision_numbers_db [None req-d55e06ce-bd21-4740-ae4d-e09ca77ba70f cc53ead19fd04f48b9de74174830d004 db474edd8c3f4bc483ef002a4b312d07 - - default default] Successfully bumped revision number for resource d038f423-d4fe-4965-ae0d-5215e5ce9e38 (type: security_group_rules) to 0
2026-05-05 23:21:08.492 10 INFO neutron.db.ovn_revision_numbers_db [None req-d55e06ce-bd21-4740-ae4d-e09ca77ba70f cc53ead19fd04f48b9de74174830d004 db474edd8c3f4bc483ef002a4b312d07 - - default default] Successfully bumped revision number for resource f6e124cb-90c4-4c19-9178-fde5f22eddd2 (type: security_group_rules) to 0
2026-05-05 23:21:08.516 10 INFO neutron.wsgi [None req-d55e06ce-bd21-4740-ae4d-e09ca77ba70f cc53ead19fd04f48b9de74174830d004 db474edd8c3f4bc483ef002a4b312d07 - - default default] 10.0.0.175 "GET /v2.0/security-groups?tenant_id=0fad66ebbafe455fb4b0e2ae50919a0f&name=default HTTP/1.1" status: 200 len: 2996 time: 0.1776931
2026-05-05 23:21:08.739 10 INFO neutron.wsgi [None req-2948c13e-503c-477f-b882-c166c6d3193b cc53ead19fd04f48b9de74174830d004 db474edd8c3f4bc483ef002a4b312d07 - - default default] 10.0.0.175 "DELETE /v2.0/security-groups/ea981f51-2146-4e77-9e5b-3a0e31a1ff60 HTTP/1.1" status: 204 len: 168 time: 0.2153115
2026-05-05 23:21:08.845 9 WARNING neutron_lib.context [None req-374c115c-8fcb-4bab-9e97-7de742fba537 c00bce4d8d394993bb3eeadc8efb1d5f f1071e5275804a1fac79839df0ec2fd2 - - default default] Method 'is_advsvc' is deprecated since 2023.2 release (neutron-lib 3.8.0) and will be removed once support for the old RBAC API policies will be removed from Neutron. Please use method 'is_service_role' instead.
2026-05-05 23:21:08.889 9 WARNING neutron_lib.context [None req-374c115c-8fcb-4bab-9e97-7de742fba537 c00bce4d8d394993bb3eeadc8efb1d5f f1071e5275804a1fac79839df0ec2fd2 - - default default] Method 'is_advsvc' is deprecated since 2023.2 release (neutron-lib 3.8.0) and will be removed once support for the old RBAC API policies will be removed from Neutron. Please use method 'is_service_role' instead.
2026-05-05 23:21:09.318 9 WARNING neutron.scheduler.dhcp_agent_scheduler [None req-374c115c-8fcb-4bab-9e97-7de742fba537 c00bce4d8d394993bb3eeadc8efb1d5f f1071e5275804a1fac79839df0ec2fd2 - - default default] No more DHCP agents
2026-05-05 23:21:09.325 9 WARNING neutron.api.rpc.agentnotifiers.dhcp_rpc_agent_api [None req-374c115c-8fcb-4bab-9e97-7de742fba537 c00bce4d8d394993bb3eeadc8efb1d5f f1071e5275804a1fac79839df0ec2fd2 - - default default] Unable to schedule network 72cacd82-abc4-42fe-b665-638395c8cebb: no agents available; will retry on subsequent port and subnet creation events.
2026-05-05 23:21:09.363 9 INFO neutron.db.ovn_revision_numbers_db [None req-374c115c-8fcb-4bab-9e97-7de742fba537 c00bce4d8d394993bb3eeadc8efb1d5f f1071e5275804a1fac79839df0ec2fd2 - - default default] Successfully bumped revision number for resource b91b9330-2ef7-476b-9a5a-8aa05e8775c0 (type: subnets) to 0
2026-05-05 23:21:09.386 9 WARNING neutron.scheduler.dhcp_agent_scheduler [None req-374c115c-8fcb-4bab-9e97-7de742fba537 c00bce4d8d394993bb3eeadc8efb1d5f f1071e5275804a1fac79839df0ec2fd2 - - default default] No more DHCP agents
2026-05-05 23:21:09.389 9 WARNING neutron.api.rpc.agentnotifiers.dhcp_rpc_agent_api [None req-374c115c-8fcb-4bab-9e97-7de742fba537 c00bce4d8d394993bb3eeadc8efb1d5f f1071e5275804a1fac79839df0ec2fd2 - - default default] Unable to schedule network f30fd0dd-60e9-4483-bfc3-31759f202d7f: no agents available; will retry on subsequent port and subnet creation events.
2026-05-05 23:21:09.419 9 INFO neutron.db.ovn_revision_numbers_db [None req-374c115c-8fcb-4bab-9e97-7de742fba537 c00bce4d8d394993bb3eeadc8efb1d5f f1071e5275804a1fac79839df0ec2fd2 - - default default] Successfully bumped revision number for resource f91c2d2b-234c-4b30-9aea-43beed54b303 (type: subnets) to 0
2026-05-05 23:21:09.434 9 INFO neutron.wsgi [None req-374c115c-8fcb-4bab-9e97-7de742fba537 c00bce4d8d394993bb3eeadc8efb1d5f f1071e5275804a1fac79839df0ec2fd2 - - default default] 10.0.0.175 "POST /v2.0/subnets HTTP/1.1" status: 201 len: 1476 time: 0.5978251
2026-05-05 23:21:09.494 9 INFO neutron.wsgi [None req-1af6dcf2-968f-483a-82ea-c6751f1a02f8 c00bce4d8d394993bb3eeadc8efb1d5f f1071e5275804a1fac79839df0ec2fd2 - - default default] 10.0.0.175 "GET /v2.0/subnets HTTP/1.1" status: 200 len: 2084 time: 0.0542302
2026-05-05 23:21:09.695 9 INFO neutron.wsgi [None req-1f54db2b-5cbd-4df6-8f75-40160c237eb6 c00bce4d8d394993bb3eeadc8efb1d5f f1071e5275804a1fac79839df0ec2fd2 - - default default] 10.0.0.175 "DELETE /v2.0/subnets/b91b9330-2ef7-476b-9a5a-8aa05e8775c0 HTTP/1.1" status: 204 len: 168 time: 0.1874433
2026-05-05 23:21:10.089 9 INFO neutron.wsgi [None req-2ec16a77-1e6e-4c33-b941-3d54820aad3b c00bce4d8d394993bb3eeadc8efb1d5f f1071e5275804a1fac79839df0ec2fd2 - - default default] 10.0.0.175 "DELETE /v2.0/subnets/f91c2d2b-234c-4b30-9aea-43beed54b303 HTTP/1.1" status: 204 len: 168 time: 0.3893456
2026-05-05 23:21:10.129 9 INFO neutron.wsgi [None req-393ec818-1738-47a1-b067-98a05cfdc097 c00bce4d8d394993bb3eeadc8efb1d5f f1071e5275804a1fac79839df0ec2fd2 - - default default] 10.0.0.175 "GET /v2.0/subnets HTTP/1.1" status: 200 len: 820 time: 0.0361350
2026-05-05 23:21:10.469 9 INFO neutron.services.segments.plugin [-] Segment c4ec938b-a111-4ab9-9db8-927a877d9287 resource provider aggregate not found
2026-05-05 23:21:10.485 9 INFO neutron.services.segments.plugin [-] Segment c4ec938b-a111-4ab9-9db8-927a877d9287 resource provider aggregate not found
2026-05-05 23:21:10.494 9 INFO neutron.services.segments.plugin [-] Segment c4ec938b-a111-4ab9-9db8-927a877d9287 resource provider not found; error: Placement Client Error (4xx): {"errors": [{"status": 404, "title": "Not Found", "detail": "The resource could not be found.\n\n No resource provider with uuid c4ec938b-a111-4ab9-9db8-927a877d9287 found for delete ", "request_id": "req-19699dd6-c972-4c9b-8ab4-8f0266241f4f"}]}
2026-05-05 23:21:10.507 9 INFO neutron.services.segments.plugin [-] Segment c4ec938b-a111-4ab9-9db8-927a877d9287 resource provider not found; error: Placement Client Error (4xx): {"errors": [{"status": 404, "title": "Not Found", "detail": "The resource could not be found.\n\n No resource provider with uuid c4ec938b-a111-4ab9-9db8-927a877d9287 found for delete ", "request_id": "req-33881073-61ef-4c38-92ff-7ac00c578373"}]}
