2026-05-05 23:21:18.330 9 WARNING neutron.api.rpc.agentnotifiers.dhcp_rpc_agent_api [None req-ef1766af-fe97-4b7e-ae86-cb04ee079810 72a8d9fed0474388a6cd05bf5e88c5fd fe5afad266ec433d879f195bb89ca3c5 - - default default] Unable to schedule network 4083b561-7a39-4a43-bc31-e260c916c041: no agents available; will retry on subsequent port and subnet creation events.
2026-05-05 23:21:18.383 9 WARNING neutron.scheduler.dhcp_agent_scheduler [None req-afd42a8d-238f-4cff-9152-39e507931681 9c4898a76c6945d29f65d7b6c3c1c4fa c0de2976c20d453aa056a5e5bf09a73a - - default default] No more DHCP agents
2026-05-05 23:21:18.390 10 INFO neutron.db.ovn_revision_numbers_db [None req-ec250162-e7f3-4173-91b0-e871cc29eee7 cc53ead19fd04f48b9de74174830d004 db474edd8c3f4bc483ef002a4b312d07 - - default default] Successfully bumped revision number for resource 37152037-fae5-4609-a93c-8b179d27dff5 (type: routers) to 2
2026-05-05 23:21:18.393 9 WARNING neutron.api.rpc.agentnotifiers.dhcp_rpc_agent_api [None req-afd42a8d-238f-4cff-9152-39e507931681 9c4898a76c6945d29f65d7b6c3c1c4fa c0de2976c20d453aa056a5e5bf09a73a - - default default] Unable to schedule network 830f1139-0ea8-4e57-ad70-3335bc1beae9: no agents available; will retry on subsequent port and subnet creation events.
2026-05-05 23:21:18.405 10 INFO neutron.wsgi [None req-ec250162-e7f3-4173-91b0-e871cc29eee7 cc53ead19fd04f48b9de74174830d004 db474edd8c3f4bc483ef002a4b312d07 - - default default] 10.0.0.175 "POST /v2.0/routers HTTP/1.1" status: 201 len: 873 time: 1.6539042
2026-05-05 23:21:18.457 9 INFO neutron.db.ovn_revision_numbers_db [None req-afd42a8d-238f-4cff-9152-39e507931681 9c4898a76c6945d29f65d7b6c3c1c4fa c0de2976c20d453aa056a5e5bf09a73a - - default default] Successfully bumped revision number for resource 9c75eb55-b3ff-468f-b4a3-afa290f97666 (type: subnets) to 0
2026-05-05 23:21:18.466 9 INFO neutron.db.ovn_revision_numbers_db [None req-ef1766af-fe97-4b7e-ae86-cb04ee079810 72a8d9fed0474388a6cd05bf5e88c5fd fe5afad266ec433d879f195bb89ca3c5 - - default default] Successfully bumped revision number for resource 85f5dbf6-da34-436c-b1c9-cc0afb6b9940 (type: ports) to 1
2026-05-05 23:21:18.474 9 INFO neutron.wsgi [None req-afd42a8d-238f-4cff-9152-39e507931681 9c4898a76c6945d29f65d7b6c3c1c4fa c0de2976c20d453aa056a5e5bf09a73a - - default default] 10.0.0.175 "POST /v2.0/subnets HTTP/1.1" status: 201 len: 821 time: 0.7273121
2026-05-05 23:21:18.512 9 INFO neutron.wsgi [None req-ef1766af-fe97-4b7e-ae86-cb04ee079810 72a8d9fed0474388a6cd05bf5e88c5fd fe5afad266ec433d879f195bb89ca3c5 - - default default] 10.0.0.175 "POST /v2.0/networks HTTP/1.1" status: 201 len: 849 time: 1.1417911
2026-05-05 23:21:18.523 9 WARNING neutron_lib.context [None req-5f8000f2-a15f-465c-9ed6-0823bf17ba77 72a8d9fed0474388a6cd05bf5e88c5fd fe5afad266ec433d879f195bb89ca3c5 - - default default] Method 'is_advsvc' is deprecated since 2023.2 release (neutron-lib 3.8.0) and will be removed once support for the old RBAC API policies will be removed from Neutron. Please use method 'is_service_role' instead.
2026-05-05 23:21:18.540 9 INFO neutron.db.ovn_revision_numbers_db [None req-278eb443-1f6a-461b-8b31-8366265e26bc 62a83c49b2204a36b77c858882281080 cfebd505029b4c4b9e1a5e921e60aa71 - - default default] Successfully bumped revision number for resource bcde8ed2-7200-4996-9530-af0eda480555 (type: ports) to 1
2026-05-05 23:21:18.596 9 WARNING neutron_lib.context [None req-5f8000f2-a15f-465c-9ed6-0823bf17ba77 72a8d9fed0474388a6cd05bf5e88c5fd fe5afad266ec433d879f195bb89ca3c5 - - default default] Method 'is_advsvc' is deprecated since 2023.2 release (neutron-lib 3.8.0) and will be removed once support for the old RBAC API policies will be removed from Neutron. Please use method 'is_service_role' instead.
2026-05-05 23:21:18.886 10 INFO neutron.db.ovn_revision_numbers_db [None req-acb46018-1f29-47bb-a280-44a544a035b4 - - - - - -] Successfully bumped revision number for resource 60ff7f0e-dd38-4b6a-9996-9d62f6ad009f (type: ports) to 1
2026-05-05 23:21:18.969 10 WARNING neutron.scheduler.dhcp_agent_scheduler [None req-1d16391e-15cf-44bd-8445-c25f13e2c199 cc53ead19fd04f48b9de74174830d004 db474edd8c3f4bc483ef002a4b312d07 - - default default] No more DHCP agents
2026-05-05 23:21:18.973 10 WARNING neutron.api.rpc.agentnotifiers.dhcp_rpc_agent_api [None req-1d16391e-15cf-44bd-8445-c25f13e2c199 cc53ead19fd04f48b9de74174830d004 db474edd8c3f4bc483ef002a4b312d07 - - default default] Unable to schedule network c8da8f25-cda8-4d7f-a6b5-ecb83b45b983: no agents available; will retry on subsequent port and subnet creation events.
2026-05-05 23:21:19.169 10 INFO neutron.db.ovn_revision_numbers_db [None req-acb46018-1f29-47bb-a280-44a544a035b4 - - - - - -] Successfully bumped revision number for resource 60ff7f0e-dd38-4b6a-9996-9d62f6ad009f (type: router_ports) to 3
2026-05-05 23:21:19.204 10 INFO neutron.db.ovn_revision_numbers_db [None req-1d16391e-15cf-44bd-8445-c25f13e2c199 cc53ead19fd04f48b9de74174830d004 db474edd8c3f4bc483ef002a4b312d07 - - default default] Successfully bumped revision number for resource 06e28905-eaba-4c22-bee6-db18ea2f7042 (type: ports) to 1
2026-05-05 23:21:19.321 9 WARNING neutron.scheduler.dhcp_agent_scheduler [None req-5f8000f2-a15f-465c-9ed6-0823bf17ba77 72a8d9fed0474388a6cd05bf5e88c5fd fe5afad266ec433d879f195bb89ca3c5 - - default default] No more DHCP agents
2026-05-05 23:21:19.333 9 INFO neutron.db.ovn_revision_numbers_db [None req-278eb443-1f6a-461b-8b31-8366265e26bc 62a83c49b2204a36b77c858882281080 cfebd505029b4c4b9e1a5e921e60aa71 - - default default] Successfully bumped revision number for resource bcde8ed2-7200-4996-9530-af0eda480555 (type: router_ports) to 1
2026-05-05 23:21:19.334 9 WARNING neutron.api.rpc.agentnotifiers.dhcp_rpc_agent_api [None req-5f8000f2-a15f-465c-9ed6-0823bf17ba77 72a8d9fed0474388a6cd05bf5e88c5fd fe5afad266ec433d879f195bb89ca3c5 - - default default] Unable to schedule network 295b1da0-9f96-4959-9173-a5b81f3c2c89: no agents available; will retry on subsequent port and subnet creation events.
2026-05-05 23:21:19.367 10 INFO neutron.db.ovn_revision_numbers_db [None req-acb46018-1f29-47bb-a280-44a544a035b4 - - - - - -] Successfully bumped revision number for resource 60ff7f0e-dd38-4b6a-9996-9d62f6ad009f (type: ports) to 2
2026-05-05 23:21:19.513 9 INFO neutron.db.ovn_revision_numbers_db [None req-5f8000f2-a15f-465c-9ed6-0823bf17ba77 72a8d9fed0474388a6cd05bf5e88c5fd fe5afad266ec433d879f195bb89ca3c5 - - default default] Successfully bumped revision number for resource 996d249e-71af-44b4-937e-200c80a57183 (type: ports) to 1
2026-05-05 23:21:19.576 9 WARNING neutron.scheduler.dhcp_agent_scheduler [None req-5f8000f2-a15f-465c-9ed6-0823bf17ba77 72a8d9fed0474388a6cd05bf5e88c5fd fe5afad266ec433d879f195bb89ca3c5 - - default default] No more DHCP agents
2026-05-05 23:21:19.590 9 WARNING neutron.api.rpc.agentnotifiers.dhcp_rpc_agent_api [None req-5f8000f2-a15f-465c-9ed6-0823bf17ba77 72a8d9fed0474388a6cd05bf5e88c5fd fe5afad266ec433d879f195bb89ca3c5 - - default default] Unable to schedule network 4083b561-7a39-4a43-bc31-e260c916c041: no agents available; will retry on subsequent port and subnet creation events.
2026-05-05 23:21:19.663 9 INFO neutron.db.ovn_revision_numbers_db [None req-278eb443-1f6a-461b-8b31-8366265e26bc 62a83c49b2204a36b77c858882281080 cfebd505029b4c4b9e1a5e921e60aa71 - - default default] Successfully bumped revision number for resource bcde8ed2-7200-4996-9530-af0eda480555 (type: ports) to 1
2026-05-05 23:21:19.670 9 INFO neutron.db.ovn_revision_numbers_db [None req-540aed5f-e8d4-44c6-91eb-768f33025314 9c4898a76c6945d29f65d7b6c3c1c4fa c0de2976c20d453aa056a5e5bf09a73a - - default default] Successfully bumped revision number for resource e2a93c9f-2428-4374-9f87-d4303f6358e4 (type: ports) to 2
2026-05-05 23:21:19.903 9 INFO neutron.db.ovn_revision_numbers_db [None req-5f8000f2-a15f-465c-9ed6-0823bf17ba77 72a8d9fed0474388a6cd05bf5e88c5fd fe5afad266ec433d879f195bb89ca3c5 - - default default] Successfully bumped revision number for resource 373985a0-7245-4359-aac0-f243550a0397 (type: ports) to 1
2026-05-05 23:21:19.928 9 INFO neutron.db.ovn_revision_numbers_db [None req-540aed5f-e8d4-44c6-91eb-768f33025314 9c4898a76c6945d29f65d7b6c3c1c4fa c0de2976c20d453aa056a5e5bf09a73a - - default default] Successfully bumped revision number for resource 9c75eb55-b3ff-468f-b4a3-afa290f97666 (type: subnets) to 1
2026-05-05 23:21:19.931 9 INFO neutron.wsgi [None req-540aed5f-e8d4-44c6-91eb-768f33025314 9c4898a76c6945d29f65d7b6c3c1c4fa c0de2976c20d453aa056a5e5bf09a73a - - default default] 10.0.0.175 "PUT /v2.0/subnets/9c75eb55-b3ff-468f-b4a3-afa290f97666 HTTP/1.1" status: 200 len: 826 time: 1.4502728
2026-05-05 23:21:19.938 9 INFO neutron.wsgi [None req-5f8000f2-a15f-465c-9ed6-0823bf17ba77 72a8d9fed0474388a6cd05bf5e88c5fd fe5afad266ec433d879f195bb89ca3c5 - - default default] 10.0.0.175 "POST /v2.0/ports HTTP/1.1" status: 201 len: 1706 time: 1.4194865 /var/lib/openstack/lib/python3.10/site-packages/pycadf/identifier.py:71: UserWarning: Invalid uuid: neutron. To ensure interoperability, identifiers should be a valid uuid. warnings.warn(('Invalid uuid: %s. To ensure interoperability, '
2026-05-05 23:21:19.952 9 WARNING neutron.scheduler.dhcp_agent_scheduler [None req-278eb443-1f6a-461b-8b31-8366265e26bc 62a83c49b2204a36b77c858882281080 cfebd505029b4c4b9e1a5e921e60aa71 - - default default] No more DHCP agents
2026-05-05 23:21:19.959 9 WARNING neutron.api.rpc.agentnotifiers.dhcp_rpc_agent_api [None req-278eb443-1f6a-461b-8b31-8366265e26bc 62a83c49b2204a36b77c858882281080 cfebd505029b4c4b9e1a5e921e60aa71 - - default default] Unable to schedule network 6f0699ea-72f0-402a-9c93-285847a3b6c6: no agents available; will retry on subsequent port and subnet creation events.
2026-05-05 23:21:20.014 10 INFO neutron.db.ovn_revision_numbers_db [None req-1d16391e-15cf-44bd-8445-c25f13e2c199 cc53ead19fd04f48b9de74174830d004 db474edd8c3f4bc483ef002a4b312d07 - - default default] Successfully bumped revision number for resource 06e28905-eaba-4c22-bee6-db18ea2f7042 (type: router_ports) to 1
2026-05-05 23:21:20.029 10 INFO neutron.db.ovn_revision_numbers_db [None req-acb46018-1f29-47bb-a280-44a544a035b4 - - - - - -] Successfully bumped revision number for resource 60ff7f0e-dd38-4b6a-9996-9d62f6ad009f (type: ports) to 4
2026-05-05 23:21:20.174 10 INFO neutron.wsgi [None req-4d8e1a38-c0ad-4a5d-91d8-42faf5c75109 72a8d9fed0474388a6cd05bf5e88c5fd fe5afad266ec433d879f195bb89ca3c5 - - default default] 10.0.0.175 "GET /v2.0/ports HTTP/1.1" status: 200 len: 3213 time: 0.2216971
2026-05-05 23:21:20.264 9 INFO neutron.db.ovn_revision_numbers_db [None req-278eb443-1f6a-461b-8b31-8366265e26bc 62a83c49b2204a36b77c858882281080 cfebd505029b4c4b9e1a5e921e60aa71 - - default default] Successfully bumped revision number for resource bcde8ed2-7200-4996-9530-af0eda480555 (type: router_ports) to 1
2026-05-05 23:21:20.267 9 INFO neutron.wsgi [None req-278eb443-1f6a-461b-8b31-8366265e26bc 62a83c49b2204a36b77c858882281080 cfebd505029b4c4b9e1a5e921e60aa71 - - default default] 10.0.0.175 "PUT /v2.0/routers/f442ad44-a66b-440f-ba45-cc008ab6addc/add_router_interface HTTP/1.1" status: 200 len: 503 time: 3.1883440
2026-05-05 23:21:20.276 9 WARNING neutron_lib.context [None req-6bbbf055-f65b-42f6-a545-7baa94ffe0e9 62a83c49b2204a36b77c858882281080 cfebd505029b4c4b9e1a5e921e60aa71 - - default default] Method 'is_advsvc' is deprecated since 2023.2 release (neutron-lib 3.8.0) and will be removed once support for the old RBAC API policies will be removed from Neutron. Please use method 'is_service_role' instead.
2026-05-05 23:21:20.340 10 INFO neutron.db.ovn_revision_numbers_db [None req-1d16391e-15cf-44bd-8445-c25f13e2c199 cc53ead19fd04f48b9de74174830d004 db474edd8c3f4bc483ef002a4b312d07 - - default default] Successfully bumped revision number for resource 06e28905-eaba-4c22-bee6-db18ea2f7042 (type: ports) to 1
2026-05-05 23:21:20.424 10 INFO neutron.db.ovn_revision_numbers_db [None req-acb46018-1f29-47bb-a280-44a544a035b4 - - - - - -] Successfully bumped revision number for resource 60ff7f0e-dd38-4b6a-9996-9d62f6ad009f (type: router_ports) to 4
2026-05-05 23:21:20.475 10 WARNING neutron.scheduler.dhcp_agent_scheduler [None req-1d16391e-15cf-44bd-8445-c25f13e2c199 cc53ead19fd04f48b9de74174830d004 db474edd8c3f4bc483ef002a4b312d07 - - default default] No more DHCP agents
2026-05-05 23:21:20.476 10 WARNING neutron.api.rpc.agentnotifiers.dhcp_rpc_agent_api [None req-1d16391e-15cf-44bd-8445-c25f13e2c199 cc53ead19fd04f48b9de74174830d004 db474edd8c3f4bc483ef002a4b312d07 - - default default] Unable to schedule network c8da8f25-cda8-4d7f-a6b5-ecb83b45b983: no agents available; will retry on subsequent port and subnet creation events.
2026-05-05 23:21:20.555 10 INFO neutron.wsgi [None req-a9e86a37-b890-423a-837a-ef1042ab34b8 72a8d9fed0474388a6cd05bf5e88c5fd fe5afad266ec433d879f195bb89ca3c5 - - default default] 10.0.0.175 "DELETE /v2.0/ports/996d249e-71af-44b4-937e-200c80a57183 HTTP/1.1" status: 204 len: 168 time: 0.3747060
2026-05-05 23:21:20.562 9 INFO neutron.services.segments.plugin [-] Segment d6be4e5d-6176-4e9d-90f8-271e2fd063c1 resource provider aggregate not found
2026-05-05 23:21:20.577 9 INFO neutron.services.segments.plugin [-] Segment d6be4e5d-6176-4e9d-90f8-271e2fd063c1 resource provider aggregate not found
2026-05-05 23:21:20.582 9 INFO neutron.services.segments.plugin [-] Segment d6be4e5d-6176-4e9d-90f8-271e2fd063c1 resource provider not found; error: Placement Client Error (4xx): {"errors": [{"status": 404, "title": "Not Found", "detail": "The resource could not be found.\n\n No resource provider with uuid d6be4e5d-6176-4e9d-90f8-271e2fd063c1 found for delete ", "request_id": "req-86a4de3c-dfb8-4617-a53c-9edbccd6d253"}]}
2026-05-05 23:21:20.595 9 INFO neutron.services.segments.plugin [-] Segment d6be4e5d-6176-4e9d-90f8-271e2fd063c1 resource provider not found; error: Placement Client Error (4xx): {"errors": [{"status": 404, "title": "Not Found", "detail": "The resource could not be found.\n\n No resource provider with uuid d6be4e5d-6176-4e9d-90f8-271e2fd063c1 found for delete ", "request_id": "req-d294999c-ba6b-4aa1-a6ca-4b99314db94b"}]}
2026-05-05 23:21:20.638 9 INFO neutron.wsgi [None req-e865cc02-a192-4b08-b1db-bede6258d9a7 9c4898a76c6945d29f65d7b6c3c1c4fa c0de2976c20d453aa056a5e5bf09a73a - - default default] 10.0.0.175 "DELETE /v2.0/networks/830f1139-0ea8-4e57-ad70-3335bc1beae9 HTTP/1.1" status: 204 len: 168 time: 0.6978314
2026-05-05 23:21:20.665 9 INFO neutron.pecan_wsgi.hooks.translation [None req-972236cd-320b-4062-b691-da8bd2b8d5dd 9c4898a76c6945d29f65d7b6c3c1c4fa c0de2976c20d453aa056a5e5bf09a73a - - default default] DELETE failed (client error): The resource could not be found.
2026-05-05 23:21:20.667 9 INFO neutron.wsgi [None req-972236cd-320b-4062-b691-da8bd2b8d5dd 9c4898a76c6945d29f65d7b6c3c1c4fa c0de2976c20d453aa056a5e5bf09a73a - - default default] 10.0.0.175 "DELETE /v2.0/networks/830f1139-0ea8-4e57-ad70-3335bc1beae9 HTTP/1.1" status: 404 len: 339 time: 0.0198400
2026-05-05 23:21:20.768 9 WARNING neutron.scheduler.dhcp_agent_scheduler [None req-6bbbf055-f65b-42f6-a545-7baa94ffe0e9 62a83c49b2204a36b77c858882281080 cfebd505029b4c4b9e1a5e921e60aa71 - - default default] No more DHCP agents
2026-05-05 23:21:20.773 9 WARNING neutron.api.rpc.agentnotifiers.dhcp_rpc_agent_api [None req-6bbbf055-f65b-42f6-a545-7baa94ffe0e9 62a83c49b2204a36b77c858882281080 cfebd505029b4c4b9e1a5e921e60aa71 - - default default] Unable to schedule network 6f0699ea-72f0-402a-9c93-285847a3b6c6: no agents available; will retry on subsequent port and subnet creation events.
2026-05-05 23:21:20.795 9 INFO neutron.wsgi [None req-ca8029a1-f9b3-47d0-b8fb-9f34bf395106 9c4898a76c6945d29f65d7b6c3c1c4fa c0de2976c20d453aa056a5e5bf09a73a - - default default] 10.0.0.175 "GET /v2.0/networks?router%3Aexternal=True HTTP/1.1" status: 200 len: 845 time: 0.1201463
2026-05-05 23:21:20.856 10 INFO neutron.wsgi [None req-6fc0fe60-2c57-433c-abe0-9d3d0660aee9 9c4898a76c6945d29f65d7b6c3c1c4fa c0de2976c20d453aa056a5e5bf09a73a - - default default] 10.0.0.175 "GET /v2.0/subnets?network_id=79b80596-acfa-42bc-aac5-ba7ed139b65c HTTP/1.1" status: 200 len: 820 time: 0.0542774
2026-05-05 23:21:20.869 10 INFO neutron.wsgi [None req-cd79420c-b08e-4761-8936-49f8102fe0f4 9c4898a76c6945d29f65d7b6c3c1c4fa c0de2976c20d453aa056a5e5bf09a73a - - default default] 10.0.0.175 "GET /v2.0/extensions HTTP/1.1" status: 200 len: 16975 time: 0.0068364
2026-05-05 23:21:20.873 10 INFO neutron.wsgi [None req-557948ad-4a43-4da0-801c-7547c68f9a50 72a8d9fed0474388a6cd05bf5e88c5fd fe5afad266ec433d879f195bb89ca3c5 - - default default] 10.0.0.175 "DELETE /v2.0/ports/373985a0-7245-4359-aac0-f243550a0397 HTTP/1.1" status: 204 len: 168 time: 0.3124070 /var/lib/openstack/lib/python3.10/site-packages/pycadf/identifier.py:71: UserWarning: Invalid uuid: neutron. To ensure interoperability, identifiers should be a valid uuid. warnings.warn(('Invalid uuid: %s. To ensure interoperability, '
2026-05-05 23:21:20.948 9 INFO neutron.db.ovn_revision_numbers_db [None req-6bbbf055-f65b-42f6-a545-7baa94ffe0e9 62a83c49b2204a36b77c858882281080 cfebd505029b4c4b9e1a5e921e60aa71 - - default default] Successfully bumped revision number for resource ae9cb959-6886-4434-aa46-a19383b6a9c5 (type: ports) to 1
2026-05-05 23:21:20.966 10 INFO neutron.wsgi [None req-57f94ae2-6e12-4a7e-a444-8a37e28fa25a 9c4898a76c6945d29f65d7b6c3c1c4fa c0de2976c20d453aa056a5e5bf09a73a - - default default] 10.0.0.175 "GET /v2.0/networks HTTP/1.1" status: 200 len: 1508 time: 0.0911663
2026-05-05 23:21:21.000 9 INFO neutron.wsgi [None req-6bbbf055-f65b-42f6-a545-7baa94ffe0e9 62a83c49b2204a36b77c858882281080 cfebd505029b4c4b9e1a5e921e60aa71 - - default default] 10.0.0.175 "POST /v2.0/ports HTTP/1.1" status: 201 len: 1153 time: 0.7280006
2026-05-05 23:21:21.017 10 WARNING neutron_lib.context [None req-061a20df-3059-48ea-9596-9ce0d0e594a6 62a83c49b2204a36b77c858882281080 cfebd505029b4c4b9e1a5e921e60aa71 - - default default] Method 'is_advsvc' is deprecated since 2023.2 release (neutron-lib 3.8.0) and will be removed once support for the old RBAC API policies will be removed from Neutron. Please use method 'is_service_role' instead.
2026-05-05 23:21:21.021 9 INFO neutron.wsgi [None req-556bca20-b0ae-44fb-9ab9-98a3d3e150f8 72a8d9fed0474388a6cd05bf5e88c5fd fe5afad266ec433d879f195bb89ca3c5 - - default default] 10.0.0.175 "GET /v2.0/ports HTTP/1.1" status: 200 len: 1718 time: 0.1434584
2026-05-05 23:21:21.025 9 INFO neutron.wsgi [None req-f2bde9b8-331d-43ec-95f1-fe75abf22f17 9c4898a76c6945d29f65d7b6c3c1c4fa c0de2976c20d453aa056a5e5bf09a73a - - default default] 10.0.0.175 "GET /v2.0/subnets HTTP/1.1" status: 200 len: 1460 time: 0.0502193
2026-05-05 23:21:21.030 9 WARNING neutron_lib.context [None req-1cd11b29-6920-42dd-9d59-89bdd594abd7 72a8d9fed0474388a6cd05bf5e88c5fd fe5afad266ec433d879f195bb89ca3c5 - - default default] Method 'is_advsvc' is deprecated since 2023.2 release (neutron-lib 3.8.0) and will be removed once support for the old RBAC API policies will be removed from Neutron. Please use method 'is_service_role' instead.
2026-05-05 23:21:21.106 9 INFO neutron.db.segments_db [None req-1cd11b29-6920-42dd-9d59-89bdd594abd7 72a8d9fed0474388a6cd05bf5e88c5fd fe5afad266ec433d879f195bb89ca3c5 - - default default] Added segment 7db85505-6bf4-4367-bfc8-dd3e21bfdd50 of type geneve for network 01de5985-c0a4-4484-820b-cacc2fd7adc2
2026-05-05 23:21:21.136 10 INFO neutron.wsgi [None req-5ffa43dd-6ac7-4da3-b74d-bd0272fb5824 9c4898a76c6945d29f65d7b6c3c1c4fa c0de2976c20d453aa056a5e5bf09a73a - - default default] 10.0.0.175 "GET /v2.0/networks/d8d2e990-d4de-4ad5-a62d-f81953d74c7f HTTP/1.1" status: 200 len: 867 time: 0.1032052
2026-05-05 23:21:21.203 10 INFO neutron.db.ovn_revision_numbers_db [None req-1d16391e-15cf-44bd-8445-c25f13e2c199 cc53ead19fd04f48b9de74174830d004 db474edd8c3f4bc483ef002a4b312d07 - - default default] Successfully bumped revision number for resource 06e28905-eaba-4c22-bee6-db18ea2f7042 (type: router_ports) to 1
2026-05-05 23:21:21.206 10 INFO neutron.wsgi [None req-1d16391e-15cf-44bd-8445-c25f13e2c199 cc53ead19fd04f48b9de74174830d004 db474edd8c3f4bc483ef002a4b312d07 - - default default] 10.0.0.175 "PUT /v2.0/routers/37152037-fae5-4609-a93c-8b179d27dff5/add_router_interface HTTP/1.1" status: 200 len: 503 time: 2.7932634
2026-05-05 23:21:21.213 10 INFO neutron.wsgi [None req-79121d54-8daf-4f9c-9133-575672140fbe 9c4898a76c6945d29f65d7b6c3c1c4fa c0de2976c20d453aa056a5e5bf09a73a - - default default] 10.0.0.175 "GET /v2.0/subnets/bce43fa6-d324-4cbb-9448-e004b3a58c63 HTTP/1.1" status: 200 len: 843 time: 0.0697448
2026-05-05 23:21:21.252 9 INFO neutron.pecan_wsgi.hooks.translation [None req-9c11b7d1-77d4-45f3-ad53-0786b7b365cf 9c4898a76c6945d29f65d7b6c3c1c4fa c0de2976c20d453aa056a5e5bf09a73a - - default default] DELETE failed (client error): The resource could not be found.
2026-05-05 23:21:21.254 9 INFO neutron.wsgi [None req-9c11b7d1-77d4-45f3-ad53-0786b7b365cf 9c4898a76c6945d29f65d7b6c3c1c4fa c0de2976c20d453aa056a5e5bf09a73a - - default default] 10.0.0.175 "DELETE /v2.0/subnets/9c75eb55-b3ff-468f-b4a3-afa290f97666 HTTP/1.1" status: 404 len: 337 time: 0.0313540
2026-05-05 23:21:21.277 9 INFO neutron.pecan_wsgi.hooks.translation [None req-f2b6d452-fc3c-4f05-a919-85b09bcf2e9c 9c4898a76c6945d29f65d7b6c3c1c4fa c0de2976c20d453aa056a5e5bf09a73a - - default default] DELETE failed (client error): The resource could not be found.
2026-05-05 23:21:21.279 9 INFO neutron.wsgi [None req-f2b6d452-fc3c-4f05-a919-85b09bcf2e9c 9c4898a76c6945d29f65d7b6c3c1c4fa c0de2976c20d453aa056a5e5bf09a73a - - default default] 10.0.0.175 "DELETE /v2.0/networks/830f1139-0ea8-4e57-ad70-3335bc1beae9 HTTP/1.1" status: 404 len: 339 time: 0.0205534
2026-05-05 23:21:21.289 9 INFO neutron.db.ovn_revision_numbers_db [None req-1cd11b29-6920-42dd-9d59-89bdd594abd7 72a8d9fed0474388a6cd05bf5e88c5fd fe5afad266ec433d879f195bb89ca3c5 - - default default] Successfully bumped revision number for resource 01de5985-c0a4-4484-820b-cacc2fd7adc2 (type: networks) to 1
2026-05-05 23:21:21.487 9 WARNING neutron.scheduler.dhcp_agent_scheduler [None req-1cd11b29-6920-42dd-9d59-89bdd594abd7 72a8d9fed0474388a6cd05bf5e88c5fd fe5afad266ec433d879f195bb89ca3c5 - - default default] No more DHCP agents
2026-05-05 23:21:21.492 9 WARNING neutron.api.rpc.agentnotifiers.dhcp_rpc_agent_api [None req-1cd11b29-6920-42dd-9d59-89bdd594abd7 72a8d9fed0474388a6cd05bf5e88c5fd fe5afad266ec433d879f195bb89ca3c5 - - default default] Unable to schedule network 01de5985-c0a4-4484-820b-cacc2fd7adc2: no agents available; will retry on subsequent port and subnet creation events.
2026-05-05 23:21:21.509 9 INFO neutron.wsgi [None req-eb6d54cc-7098-41a0-88e4-f791009012b1 9c4898a76c6945d29f65d7b6c3c1c4fa c0de2976c20d453aa056a5e5bf09a73a - - default default] 10.0.0.175 "DELETE /v2.0/subnets/bce43fa6-d324-4cbb-9448-e004b3a58c63 HTTP/1.1" status: 204 len: 168 time: 0.2255745
2026-05-05 23:21:21.608 9 INFO neutron.db.ovn_revision_numbers_db [None req-1cd11b29-6920-42dd-9d59-89bdd594abd7 72a8d9fed0474388a6cd05bf5e88c5fd fe5afad266ec433d879f195bb89ca3c5 - - default default] Successfully bumped revision number for resource 0808f5a1-5c5a-46d7-9b40-590ebb7208f6 (type: ports) to 1
2026-05-05 23:21:21.639 9 INFO neutron.wsgi [None req-1cd11b29-6920-42dd-9d59-89bdd594abd7 72a8d9fed0474388a6cd05bf5e88c5fd fe5afad266ec433d879f195bb89ca3c5 - - default default] 10.0.0.175 "POST /v2.0/networks HTTP/1.1" status: 201 len: 849 time: 0.6120126
2026-05-05 23:21:21.653 9 WARNING neutron_lib.context [None req-9afe78f4-7f48-4d88-b76d-43946d9f62a9 72a8d9fed0474388a6cd05bf5e88c5fd fe5afad266ec433d879f195bb89ca3c5 - - default default] Method 'is_advsvc' is deprecated since 2023.2 release (neutron-lib 3.8.0) and will be removed once support for the old RBAC API policies will be removed from Neutron. Please use method 'is_service_role' instead.
2026-05-05 23:21:21.764 9 INFO neutron.db.segments_db [None req-9afe78f4-7f48-4d88-b76d-43946d9f62a9 72a8d9fed0474388a6cd05bf5e88c5fd fe5afad266ec433d879f195bb89ca3c5 - - default default] Added segment ee5f952d-c376-40b4-a235-9aab308e898e of type geneve for network 576e6e32-d35a-4424-9bc9-bbca1b41e207
2026-05-05 23:21:21.905 10 WARNING neutron.scheduler.dhcp_agent_scheduler [None req-061a20df-3059-48ea-9596-9ce0d0e594a6 62a83c49b2204a36b77c858882281080 cfebd505029b4c4b9e1a5e921e60aa71 - - default default] No more DHCP agents
2026-05-05 23:21:21.908 10 WARNING neutron.api.rpc.agentnotifiers.dhcp_rpc_agent_api [None req-061a20df-3059-48ea-9596-9ce0d0e594a6 62a83c49b2204a36b77c858882281080 cfebd505029b4c4b9e1a5e921e60aa71 - - default default] Unable to schedule network 6f0699ea-72f0-402a-9c93-285847a3b6c6: no agents available; will retry on subsequent port and subnet creation events.
2026-05-05 23:21:21.944 9 INFO neutron.db.ovn_revision_numbers_db [None req-9afe78f4-7f48-4d88-b76d-43946d9f62a9 72a8d9fed0474388a6cd05bf5e88c5fd fe5afad266ec433d879f195bb89ca3c5 - - default default] Successfully bumped revision number for resource 576e6e32-d35a-4424-9bc9-bbca1b41e207 (type: networks) to 1
2026-05-05 23:21:21.965 9 INFO neutron.wsgi [None req-3de3b0ec-da3b-4c4e-81d0-c6ab8cde4325 9c4898a76c6945d29f65d7b6c3c1c4fa c0de2976c20d453aa056a5e5bf09a73a - - default default] 10.0.0.175 "DELETE /v2.0/networks/d8d2e990-d4de-4ad5-a62d-f81953d74c7f HTTP/1.1" status: 204 len: 168 time: 0.4461143
2026-05-05 23:21:22.099 10 INFO neutron.db.ovn_revision_numbers_db [None req-061a20df-3059-48ea-9596-9ce0d0e594a6 62a83c49b2204a36b77c858882281080 cfebd505029b4c4b9e1a5e921e60aa71 - - default default] Successfully bumped revision number for resource 249fa4e9-4c4a-48a3-9e37-35954d3a537c (type: ports) to 1
2026-05-05 23:21:22.123 9 WARNING neutron.scheduler.dhcp_agent_scheduler [None req-9afe78f4-7f48-4d88-b76d-43946d9f62a9 72a8d9fed0474388a6cd05bf5e88c5fd fe5afad266ec433d879f195bb89ca3c5 - - default default] No more DHCP agents
2026-05-05 23:21:22.123 10 INFO neutron.wsgi [None req-061a20df-3059-48ea-9596-9ce0d0e594a6 62a83c49b2204a36b77c858882281080 cfebd505029b4c4b9e1a5e921e60aa71 - - default default] 10.0.0.175 "POST /v2.0/ports HTTP/1.1" status: 201 len: 1154 time: 1.1151392
2026-05-05 23:21:22.126 9 WARNING neutron.api.rpc.agentnotifiers.dhcp_rpc_agent_api [None req-9afe78f4-7f48-4d88-b76d-43946d9f62a9 72a8d9fed0474388a6cd05bf5e88c5fd fe5afad266ec433d879f195bb89ca3c5 - - default default] Unable to schedule network 576e6e32-d35a-4424-9bc9-bbca1b41e207: no agents available; will retry on subsequent port and subnet creation events. /var/lib/openstack/lib/python3.10/site-packages/pycadf/identifier.py:71: UserWarning: Invalid uuid: neutron. To ensure interoperability, identifiers should be a valid uuid. warnings.warn(('Invalid uuid: %s. To ensure interoperability, '
2026-05-05 23:21:22.135 10 WARNING neutron_lib.context [None req-44cd908f-5e03-4289-b653-99109df4a951 62a83c49b2204a36b77c858882281080 cfebd505029b4c4b9e1a5e921e60aa71 - - default default] Method 'is_advsvc' is deprecated since 2023.2 release (neutron-lib 3.8.0) and will be removed once support for the old RBAC API policies will be removed from Neutron. Please use method 'is_service_role' instead.
2026-05-05 23:21:22.209 9 INFO neutron.db.ovn_revision_numbers_db [None req-9afe78f4-7f48-4d88-b76d-43946d9f62a9 72a8d9fed0474388a6cd05bf5e88c5fd fe5afad266ec433d879f195bb89ca3c5 - - default default] Successfully bumped revision number for resource bdbfce55-5f89-4c65-97c5-9d3ee0dff2fe (type: ports) to 1
2026-05-05 23:21:22.228 9 INFO neutron.wsgi [None req-9afe78f4-7f48-4d88-b76d-43946d9f62a9 72a8d9fed0474388a6cd05bf5e88c5fd fe5afad266ec433d879f195bb89ca3c5 - - default default] 10.0.0.175 "POST /v2.0/networks HTTP/1.1" status: 201 len: 849 time: 0.5783927
2026-05-05 23:21:22.267 9 WARNING neutron_lib.context [None req-8eb8b64e-1ba3-4807-a19e-1d195050a2a2 72a8d9fed0474388a6cd05bf5e88c5fd fe5afad266ec433d879f195bb89ca3c5 - - default default] Method 'is_advsvc' is deprecated since 2023.2 release (neutron-lib 3.8.0) and will be removed once support for the old RBAC API policies will be removed from Neutron. Please use method 'is_service_role' instead.
2026-05-05 23:21:22.402 10 WARNING neutron.scheduler.dhcp_agent_scheduler [None req-44cd908f-5e03-4289-b653-99109df4a951 62a83c49b2204a36b77c858882281080 cfebd505029b4c4b9e1a5e921e60aa71 - - default default] No more DHCP agents
2026-05-05 23:21:22.404 10 WARNING neutron.api.rpc.agentnotifiers.dhcp_rpc_agent_api [None req-44cd908f-5e03-4289-b653-99109df4a951 62a83c49b2204a36b77c858882281080 cfebd505029b4c4b9e1a5e921e60aa71 - - default default] Unable to schedule network 79b80596-acfa-42bc-aac5-ba7ed139b65c: no agents available; will retry on subsequent port and subnet creation events.
2026-05-05 23:21:22.488 9 WARNING neutron_lib.context [None req-8eb8b64e-1ba3-4807-a19e-1d195050a2a2 72a8d9fed0474388a6cd05bf5e88c5fd fe5afad266ec433d879f195bb89ca3c5 - - default default] Method 'is_advsvc' is deprecated since 2023.2 release (neutron-lib 3.8.0) and will be removed once support for the old RBAC API policies will be removed from Neutron. Please use method 'is_service_role' instead.
2026-05-05 23:21:22.601 10 INFO neutron.wsgi [None req-e2e288a0-07d8-4be3-a137-0d809936c38e cc53ead19fd04f48b9de74174830d004 db474edd8c3f4bc483ef002a4b312d07 - - default default] 10.0.0.175 "GET /v2.0/security-groups?tenant_id=c0de2976c20d453aa056a5e5bf09a73a&name=default HTTP/1.1" status: 200 len: 2996 time: 0.1625972
2026-05-05 23:21:22.614 9 INFO neutron.services.segments.plugin [-] Segment c5795c9f-fb69-4fbf-9d1e-340d7bbb2186 resource provider aggregate not found
2026-05-05 23:21:22.619 9 INFO neutron.services.segments.plugin [-] Segment c5795c9f-fb69-4fbf-9d1e-340d7bbb2186 resource provider aggregate not found
2026-05-05 23:21:22.638 9 INFO neutron.services.segments.plugin [-] Segment c5795c9f-fb69-4fbf-9d1e-340d7bbb2186 resource provider not found; error: Placement Client Error (4xx): {"errors": [{"status": 404, "title": "Not Found", "detail": "The resource could not be found.\n\n No resource provider with uuid c5795c9f-fb69-4fbf-9d1e-340d7bbb2186 found for delete ", "request_id": "req-e90c5da4-d2d2-4e0e-bb37-5c7cea209b2d"}]}
2026-05-05 23:21:22.638 9 INFO neutron.services.segments.plugin [-] Segment c5795c9f-fb69-4fbf-9d1e-340d7bbb2186 resource provider not found; error: Placement Client Error (4xx): {"errors": [{"status": 404, "title": "Not Found", "detail": "The resource could not be found.\n\n No resource provider with uuid c5795c9f-fb69-4fbf-9d1e-340d7bbb2186 found for delete ", "request_id": "req-9c3264f0-1ccc-440f-8b7c-1e53ef925e26"}]}
2026-05-05 23:21:22.670 10 WARNING neutron.plugins.ml2.drivers.ovn.mech_driver.ovsdb.ovn_client [None req-5af66a4f-525a-41ec-9b3b-bec5e9ec5c38 - - - - - -] No hosting information found for port d639bc10-fb1c-48d2-bc15-7ecc0d61e793: RuntimeError: No hosting information found for port d639bc10-fb1c-48d2-bc15-7ecc0d61e793
2026-05-05 23:21:22.671 10 INFO neutron.plugins.ml2.drivers.ovn.mech_driver.mech_driver [None req-5af66a4f-525a-41ec-9b3b-bec5e9ec5c38 - - - - - -] OVN reports status up for port: 60ff7f0e-dd38-4b6a-9996-9d62f6ad009f
2026-05-05 23:21:22.692 10 INFO neutron.plugins.ml2.plugin [None req-5af66a4f-525a-41ec-9b3b-bec5e9ec5c38 - - - - - -] Attempt 1 to provision port 60ff7f0e-dd38-4b6a-9996-9d62f6ad009f
2026-05-05 23:21:22.837 10 INFO neutron.plugins.ml2.drivers.ovn.mech_driver.mech_driver [None req-5af66a4f-525a-41ec-9b3b-bec5e9ec5c38 - - - - - -] OVN reports status up for port: bcde8ed2-7200-4996-9530-af0eda480555
2026-05-05 23:21:22.851 10 INFO neutron.plugins.ml2.plugin [None req-5af66a4f-525a-41ec-9b3b-bec5e9ec5c38 - - - - - -] Attempt 1 to provision port bcde8ed2-7200-4996-9530-af0eda480555
2026-05-05 23:21:22.877 9 WARNING neutron.scheduler.dhcp_agent_scheduler [None req-8eb8b64e-1ba3-4807-a19e-1d195050a2a2 72a8d9fed0474388a6cd05bf5e88c5fd fe5afad266ec433d879f195bb89ca3c5 - - default default] No more DHCP agents
2026-05-05 23:21:22.878 9 WARNING neutron.api.rpc.agentnotifiers.dhcp_rpc_agent_api [None req-8eb8b64e-1ba3-4807-a19e-1d195050a2a2 72a8d9fed0474388a6cd05bf5e88c5fd fe5afad266ec433d879f195bb89ca3c5 - - default default] Unable to schedule network 01de5985-c0a4-4484-820b-cacc2fd7adc2: no agents available; will retry on subsequent port and subnet creation events.
2026-05-05 23:21:22.992 10 INFO neutron.db.l3_db [None req-44cd908f-5e03-4289-b653-99109df4a951 62a83c49b2204a36b77c858882281080 cfebd505029b4c4b9e1a5e921e60aa71 - - default default] Floating IP 627db76c-de16-4785-a776-a3cf07db7dc9 associated. External IP: 10.96.250.203, port: 249fa4e9-4c4a-48a3-9e37-35954d3a537c.
2026-05-05 23:21:23.019 10 INFO neutron.wsgi [None req-ddd35b71-ef19-47fd-af5f-f1a4a3fc4216 cc53ead19fd04f48b9de74174830d004 db474edd8c3f4bc483ef002a4b312d07 - - default default] 10.0.0.175 "DELETE /v2.0/security-groups/f79ffd3d-6f77-4d5f-8135-c4acd77ae753 HTTP/1.1" status: 204 len: 168 time: 0.4123151
2026-05-05 23:21:23.258 10 INFO neutron.db.ovn_revision_numbers_db [None req-44cd908f-5e03-4289-b653-99109df4a951 62a83c49b2204a36b77c858882281080 cfebd505029b4c4b9e1a5e921e60aa71 - - default default] Successfully bumped revision number for resource 627db76c-de16-4785-a776-a3cf07db7dc9 (type: floatingips) to 0
2026-05-05 23:21:23.280 10 INFO neutron.wsgi [-] 10.0.0.104 "GET / HTTP/1.1" status: 200 len: 246 time: 0.0013254
2026-05-05 23:21:23.282 10 INFO neutron.wsgi [-] 10.0.0.104 "GET / HTTP/1.1" status: 200 len: 246 time: 0.0010569
2026-05-05 23:21:23.301 10 INFO neutron.db.ovn_revision_numbers_db [None req-5af66a4f-525a-41ec-9b3b-bec5e9ec5c38 - - - - - -] Successfully bumped revision number for resource bcde8ed2-7200-4996-9530-af0eda480555 (type: ports) to 2
2026-05-05 23:21:23.405 10 INFO neutron.db.ovn_revision_numbers_db [None req-5af66a4f-525a-41ec-9b3b-bec5e9ec5c38 - - - - - -] Successfully bumped revision number for resource bcde8ed2-7200-4996-9530-af0eda480555 (type: router_ports) to 2
2026-05-05 23:21:23.410 9 INFO neutron.db.ovn_revision_numbers_db [None req-8eb8b64e-1ba3-4807-a19e-1d195050a2a2 72a8d9fed0474388a6cd05bf5e88c5fd fe5afad266ec433d879f195bb89ca3c5 - - default default] Successfully bumped revision number for resource 0808f5a1-5c5a-46d7-9b40-590ebb7208f6 (type: ports) to 2
2026-05-05 23:21:23.416 10 INFO neutron.db.ovn_revision_numbers_db [None req-44cd908f-5e03-4289-b653-99109df4a951 62a83c49b2204a36b77c858882281080 cfebd505029b4c4b9e1a5e921e60aa71 - - default default] Successfully bumped revision number for resource 627db76c-de16-4785-a776-a3cf07db7dc9 (type: floatingips) to 1
2026-05-05 23:21:23.449 9 INFO neutron.db.ovn_revision_numbers_db [None req-8eb8b64e-1ba3-4807-a19e-1d195050a2a2 72a8d9fed0474388a6cd05bf5e88c5fd fe5afad266ec433d879f195bb89ca3c5 - - default default] Successfully bumped revision number for resource 52a04c72-b5e7-4ff8-a51d-652678e71f08 (type: subnets) to 0
2026-05-05 23:21:23.469 10 INFO neutron.wsgi [None req-44cd908f-5e03-4289-b653-99109df4a951 62a83c49b2204a36b77c858882281080 cfebd505029b4c4b9e1a5e921e60aa71 - - default default] 10.0.0.175 "POST /v2.0/floatingips HTTP/1.1" status: 201 len: 1041 time: 1.3394346
2026-05-05 23:21:23.477 9 WARNING neutron.scheduler.dhcp_agent_scheduler [None req-8eb8b64e-1ba3-4807-a19e-1d195050a2a2 72a8d9fed0474388a6cd05bf5e88c5fd fe5afad266ec433d879f195bb89ca3c5 - - default default] No more DHCP agents
2026-05-05 23:21:23.480 9 WARNING neutron.api.rpc.agentnotifiers.dhcp_rpc_agent_api [None req-8eb8b64e-1ba3-4807-a19e-1d195050a2a2 72a8d9fed0474388a6cd05bf5e88c5fd fe5afad266ec433d879f195bb89ca3c5 - - default default] Unable to schedule network 576e6e32-d35a-4424-9bc9-bbca1b41e207: no agents available; will retry on subsequent port and subnet creation events. /var/lib/openstack/lib/python3.10/site-packages/pycadf/identifier.py:71: UserWarning: Invalid uuid: neutron. To ensure interoperability, identifiers should be a valid uuid. warnings.warn(('Invalid uuid: %s. To ensure interoperability, '
2026-05-05 23:21:23.603 9 INFO neutron.wsgi [req-bdfcf7d9-7483-4313-b71c-dcbebe6d4bf5 req-7d4fda68-08ec-411f-8caf-3e108d9cf7d3 8fb4a4b7d6474d949048bbcaed816bec 607db3273173481fb87b28f7dac832e5 - - default default] 10.0.0.153 "GET /v2.0/networks?id=c8da8f25-cda8-4d7f-a6b5-ecb83b45b983 HTTP/1.1" status: 200 len: 871 time: 0.1077309
2026-05-05 23:21:23.608 10 INFO neutron.db.l3_db [None req-d74e4060-a469-4367-a373-832c072909d8 62a83c49b2204a36b77c858882281080 cfebd505029b4c4b9e1a5e921e60aa71 - - default default] Floating IP 627db76c-de16-4785-a776-a3cf07db7dc9 disassociated. External IP: 10.96.250.203, port: 249fa4e9-4c4a-48a3-9e37-35954d3a537c.
2026-05-05 23:21:23.635 10 INFO neutron.db.ovn_revision_numbers_db [None req-d74e4060-a469-4367-a373-832c072909d8 62a83c49b2204a36b77c858882281080 cfebd505029b4c4b9e1a5e921e60aa71 - - default default] Successfully bumped revision number for resource 627db76c-de16-4785-a776-a3cf07db7dc9 (type: floatingips) to 2 /var/lib/openstack/lib/python3.10/site-packages/pycadf/identifier.py:71: UserWarning: Invalid uuid: neutron. To ensure interoperability, identifiers should be a valid uuid. warnings.warn(('Invalid uuid: %s. To ensure interoperability, '
2026-05-05 23:21:23.653 9 INFO neutron.wsgi [req-bdfcf7d9-7483-4313-b71c-dcbebe6d4bf5 req-5dc450e7-774e-43fc-b950-5d741cf37e2e 8fb4a4b7d6474d949048bbcaed816bec 607db3273173481fb87b28f7dac832e5 - - default default] 10.0.0.153 "GET /v2.0/quotas/607db3273173481fb87b28f7dac832e5 HTTP/1.1" status: 200 len: 386 time: 0.0395401
2026-05-05 23:21:23.691 10 INFO neutron.wsgi [None req-d74e4060-a469-4367-a373-832c072909d8 62a83c49b2204a36b77c858882281080 cfebd505029b4c4b9e1a5e921e60aa71 - - default default] 10.0.0.175 "PUT /v2.0/floatingips/627db76c-de16-4785-a776-a3cf07db7dc9 HTTP/1.1" status: 200 len: 748 time: 0.2113690
2026-05-05 23:21:23.805 9 INFO neutron.wsgi [req-bdfcf7d9-7483-4313-b71c-dcbebe6d4bf5 req-d93887cd-4a44-479b-8b82-36c574e8c3c0 8fb4a4b7d6474d949048bbcaed816bec 607db3273173481fb87b28f7dac832e5 - - default default] 10.0.0.153 "GET /v2.0/ports?tenant_id=607db3273173481fb87b28f7dac832e5&fields=id HTTP/1.1" status: 200 len: 302 time: 0.1410968
2026-05-05 23:21:23.886 9 INFO neutron.wsgi [req-bdfcf7d9-7483-4313-b71c-dcbebe6d4bf5 req-15ac5f64-a663-4781-89f6-f99386d498f5 4a74b8b0fd5548b4b772c0d3fdc7ca7e 60ebc48fb9004c21ba869cbb18ebf9a3 - - 913e957380f04e9ea3dc4b71a8ff958a 913e957380f04e9ea3dc4b71a8ff958a] 10.0.0.153 "GET /v2.0/networks/c8da8f25-cda8-4d7f-a6b5-ecb83b45b983?fields=segments HTTP/1.1" status: 200 len: 212 time: 0.0723734
2026-05-05 23:21:23.970 10 INFO neutron.wsgi [None req-6e4ab43f-5163-4f81-be55-cbf8501c1d01 62a83c49b2204a36b77c858882281080 cfebd505029b4c4b9e1a5e921e60aa71 - - default default] 10.0.0.175 "DELETE /v2.0/floatingips/627db76c-de16-4785-a776-a3cf07db7dc9 HTTP/1.1" status: 204 len: 168 time: 0.2718878
2026-05-05 23:21:23.978 10 WARNING neutron_lib.context [None req-8baf11a1-58f2-4681-9313-175cd2913554 62a83c49b2204a36b77c858882281080 cfebd505029b4c4b9e1a5e921e60aa71 - - default default] Method 'is_advsvc' is deprecated since 2023.2 release (neutron-lib 3.8.0) and will be removed once support for the old RBAC API policies will be removed from Neutron. Please use method 'is_service_role' instead.
2026-05-05 23:21:23.979 9 INFO neutron.wsgi [req-bdfcf7d9-7483-4313-b71c-dcbebe6d4bf5 req-ef4ab06f-cba8-48ae-b34c-a714fe958955 4a74b8b0fd5548b4b772c0d3fdc7ca7e 60ebc48fb9004c21ba869cbb18ebf9a3 - - 913e957380f04e9ea3dc4b71a8ff958a 913e957380f04e9ea3dc4b71a8ff958a] 10.0.0.153 "GET /v2.0/networks/c8da8f25-cda8-4d7f-a6b5-ecb83b45b983?fields=provider%3Aphysical_network&fields=provider%3Anetwork_type HTTP/1.1" status: 200 len: 277 time: 0.0835338
2026-05-05 23:21:24.104 9 INFO neutron.wsgi [req-1a6b8a8c-2c75-4c20-b063-37b7d76fcc41 req-d775ceaf-428a-442b-bf89-9dff4e2be637 8fb4a4b7d6474d949048bbcaed816bec 607db3273173481fb87b28f7dac832e5 - - default default] 10.0.0.153 "GET /v2.0/ports?device_id=921ea27f-7d6c-4be1-a6ea-7dbd6dd72bc1 HTTP/1.1" status: 200 len: 210 time: 0.0234387
2026-05-05 23:21:24.197 9 INFO neutron.db.ovn_revision_numbers_db [None req-8eb8b64e-1ba3-4807-a19e-1d195050a2a2 72a8d9fed0474388a6cd05bf5e88c5fd fe5afad266ec433d879f195bb89ca3c5 - - default default] Successfully bumped revision number for resource bdbfce55-5f89-4c65-97c5-9d3ee0dff2fe (type: ports) to 2
2026-05-05 23:21:24.213 10 WARNING neutron.scheduler.dhcp_agent_scheduler [None req-8baf11a1-58f2-4681-9313-175cd2913554 62a83c49b2204a36b77c858882281080 cfebd505029b4c4b9e1a5e921e60aa71 - - default default] No more DHCP agents
2026-05-05 23:21:24.215 10 WARNING neutron.api.rpc.agentnotifiers.dhcp_rpc_agent_api [None req-8baf11a1-58f2-4681-9313-175cd2913554 62a83c49b2204a36b77c858882281080 cfebd505029b4c4b9e1a5e921e60aa71 - - default default] Unable to schedule network 79b80596-acfa-42bc-aac5-ba7ed139b65c: no agents available; will retry on subsequent port and subnet creation events.
2026-05-05 23:21:24.234 9 INFO neutron.db.ovn_revision_numbers_db [None req-8eb8b64e-1ba3-4807-a19e-1d195050a2a2 72a8d9fed0474388a6cd05bf5e88c5fd fe5afad266ec433d879f195bb89ca3c5 - - default default] Successfully bumped revision number for resource 9d70b63f-c51e-4086-8bbe-d0789aac9b82 (type: subnets) to 0
2026-05-05 23:21:24.252 9 INFO neutron.wsgi [None req-8eb8b64e-1ba3-4807-a19e-1d195050a2a2 72a8d9fed0474388a6cd05bf5e88c5fd fe5afad266ec433d879f195bb89ca3c5 - - default default] 10.0.0.175 "POST /v2.0/subnets HTTP/1.1" status: 201 len: 1424 time: 1.9902241
2026-05-05 23:21:24.312 10 INFO neutron.wsgi [None req-8c1a0fbe-0797-4912-ac40-1399f73365a5 72a8d9fed0474388a6cd05bf5e88c5fd fe5afad266ec433d879f195bb89ca3c5 - - default default] 10.0.0.175 "GET /v2.0/subnets HTTP/1.1" status: 200 len: 2032 time: 0.0552304
2026-05-05 23:21:24.536 9 INFO neutron.wsgi [None req-d21b17bd-ed09-40dc-823a-487b5406c612 72a8d9fed0474388a6cd05bf5e88c5fd fe5afad266ec433d879f195bb89ca3c5 - - default default] 10.0.0.175 "DELETE /v2.0/subnets/52a04c72-b5e7-4ff8-a51d-652678e71f08 HTTP/1.1" status: 204 len: 168 time: 0.2162147
2026-05-05 23:21:24.731 9 INFO neutron.wsgi [-] 10.0.0.175 "GET / HTTP/1.1" status: 200 len: 279 time: 0.0016711
2026-05-05 23:21:24.752 9 INFO neutron.wsgi [None req-5dc1aa2b-311e-4063-81a1-0fff7cec3961 72a8d9fed0474388a6cd05bf5e88c5fd fe5afad266ec433d879f195bb89ca3c5 - - default default] 10.0.0.175 "DELETE /v2.0/subnets/9d70b63f-c51e-4086-8bbe-d0789aac9b82 HTTP/1.1" status: 204 len: 168 time: 0.2111058
2026-05-05 23:21:24.804 9 INFO neutron.wsgi [None req-cea888ac-d12e-4eb6-b18e-b8b948225586 72a8d9fed0474388a6cd05bf5e88c5fd fe5afad266ec433d879f195bb89ca3c5 - - default default] 10.0.0.175 "GET /v2.0/subnets HTTP/1.1" status: 200 len: 820 time: 0.0481939
2026-05-05 23:21:24.824 10 INFO neutron.wsgi [req-bdfcf7d9-7483-4313-b71c-dcbebe6d4bf5 req-1a7f4272-41aa-4707-9c00-617c7bbea2a0 8fb4a4b7d6474d949048bbcaed816bec 607db3273173481fb87b28f7dac832e5 - - default default] 199.204.45.78 "GET /v2.0/networks?id=c8da8f25-cda8-4d7f-a6b5-ecb83b45b983 HTTP/1.1" status: 200 len: 871 time: 0.0744088
2026-05-05 23:21:24.851 10 WARNING neutron_lib.context [req-bdfcf7d9-7483-4313-b71c-dcbebe6d4bf5 req-9ba9ccdb-63cc-4610-81b8-274f2f50d5b1 8fb4a4b7d6474d949048bbcaed816bec 607db3273173481fb87b28f7dac832e5 - - default default] Method 'is_advsvc' is deprecated since 2023.2 release (neutron-lib 3.8.0) and will be removed once support for the old RBAC API policies will be removed from Neutron. Please use method 'is_service_role' instead.
2026-05-05 23:21:24.912 10 INFO neutron.db.l3_db [None req-8baf11a1-58f2-4681-9313-175cd2913554 62a83c49b2204a36b77c858882281080 cfebd505029b4c4b9e1a5e921e60aa71 - - default default] Floating IP 1814fb15-8107-41a1-81c5-ec9e05682ea3 associated. External IP: 10.96.250.204, port: ae9cb959-6886-4434-aa46-a19383b6a9c5.
2026-05-05 23:21:25.057 10 INFO neutron.wsgi [None req-c83744d5-af61-4d8c-8dad-d1d11743d7ae ac6e21d3e1a64f6791e0571d7e2133e6 61266bc25d3d4f118782a8b9b15d148d - - default default] 10.0.0.175 "GET /v2.0/ HTTP/1.1" status: 200 len: 826 time: 0.3211386
2026-05-05 23:21:25.150 10 INFO neutron.db.ovn_revision_numbers_db [None req-8baf11a1-58f2-4681-9313-175cd2913554 62a83c49b2204a36b77c858882281080 cfebd505029b4c4b9e1a5e921e60aa71 - - default default] Successfully bumped revision number for resource 1814fb15-8107-41a1-81c5-ec9e05682ea3 (type: floatingips) to 0 /var/lib/openstack/lib/python3.10/site-packages/pycadf/identifier.py:71: UserWarning: Invalid uuid: neutron. To ensure interoperability, identifiers should be a valid uuid. warnings.warn(('Invalid uuid: %s. To ensure interoperability, '
2026-05-05 23:21:25.203 9 INFO neutron.wsgi [req-82ea3a16-80b1-431d-8568-2c1f11cc0413 req-9375c2d7-61c0-498b-8320-84ec6198600a 8fb4a4b7d6474d949048bbcaed816bec 607db3273173481fb87b28f7dac832e5 - - default default] 10.0.0.153 "GET /v2.0/ports?device_id=921ea27f-7d6c-4be1-a6ea-7dbd6dd72bc1 HTTP/1.1" status: 200 len: 210 time: 0.0251234
2026-05-05 23:21:25.255 9 INFO neutron.services.segments.plugin [-] Segment ee5f952d-c376-40b4-a235-9aab308e898e resource provider aggregate not found
2026-05-05 23:21:25.260 9 INFO neutron.services.segments.plugin [-] Segment ee5f952d-c376-40b4-a235-9aab308e898e resource provider aggregate not found
2026-05-05 23:21:25.269 10 WARNING neutron.scheduler.dhcp_agent_scheduler [req-bdfcf7d9-7483-4313-b71c-dcbebe6d4bf5 req-9ba9ccdb-63cc-4610-81b8-274f2f50d5b1 8fb4a4b7d6474d949048bbcaed816bec 607db3273173481fb87b28f7dac832e5 - - default default] No more DHCP agents
2026-05-05 23:21:25.272 10 WARNING neutron.api.rpc.agentnotifiers.dhcp_rpc_agent_api [req-bdfcf7d9-7483-4313-b71c-dcbebe6d4bf5 req-9ba9ccdb-63cc-4610-81b8-274f2f50d5b1 8fb4a4b7d6474d949048bbcaed816bec 607db3273173481fb87b28f7dac832e5 - - default default] Unable to schedule network c8da8f25-cda8-4d7f-a6b5-ecb83b45b983: no agents available; will retry on subsequent port and subnet creation events.
2026-05-05 23:21:25.276 9 INFO neutron.services.segments.plugin [-] Segment ee5f952d-c376-40b4-a235-9aab308e898e resource provider not found; error: Placement Client Error (4xx): {"errors": [{"status": 404, "title": "Not Found", "detail": "The resource could not be found.\n\n No resource provider with uuid ee5f952d-c376-40b4-a235-9aab308e898e found for delete ", "request_id": "req-a8e79c41-8d79-4ba5-ac68-85ef6523c94a"}]}
2026-05-05 23:21:25.277 9 INFO neutron.services.segments.plugin [-] Segment ee5f952d-c376-40b4-a235-9aab308e898e resource provider not found; error: Placement Client Error (4xx): {"errors": [{"status": 404, "title": "Not Found", "detail": "The resource could not be found.\n\n No resource provider with uuid ee5f952d-c376-40b4-a235-9aab308e898e found for delete ", "request_id": "req-2ada29de-fbc6-406a-8df6-c932fc7c1ac4"}]}
2026-05-05 23:21:25.298 10 INFO neutron.db.ovn_revision_numbers_db [None req-8baf11a1-58f2-4681-9313-175cd2913554 62a83c49b2204a36b77c858882281080 cfebd505029b4c4b9e1a5e921e60aa71 - - default default] Successfully bumped revision number for resource 1814fb15-8107-41a1-81c5-ec9e05682ea3 (type: floatingips) to 1
2026-05-05 23:21:25.304 9 INFO neutron.wsgi [None req-3f5482b6-788d-47c5-a1d5-7b2ecc4978ea 72a8d9fed0474388a6cd05bf5e88c5fd fe5afad266ec433d879f195bb89ca3c5 - - default default] 10.0.0.175 "DELETE /v2.0/networks/576e6e32-d35a-4424-9bc9-bbca1b41e207 HTTP/1.1" status: 204 len: 168 time: 0.4913270
2026-05-05 23:21:25.338 10 INFO neutron.wsgi [None req-8baf11a1-58f2-4681-9313-175cd2913554 62a83c49b2204a36b77c858882281080 cfebd505029b4c4b9e1a5e921e60aa71 - - default default] 10.0.0.175 "POST /v2.0/floatingips HTTP/1.1" status: 201 len: 1040 time: 1.3641672 /var/lib/openstack/lib/python3.10/site-packages/pycadf/identifier.py:71: UserWarning: Invalid uuid: neutron. To ensure interoperability, identifiers should be a valid uuid. warnings.warn(('Invalid uuid: %s. To ensure interoperability, '
2026-05-05 23:21:25.409 10 INFO neutron.wsgi [None req-822627df-16ba-4abe-82f0-3dd581d5d802 62a83c49b2204a36b77c858882281080 cfebd505029b4c4b9e1a5e921e60aa71 - - default default] 10.0.0.175 "GET /v2.0/floatingips/1814fb15-8107-41a1-81c5-ec9e05682ea3 HTTP/1.1" status: 200 len: 1037 time: 0.0622554
2026-05-05 23:21:25.476 10 INFO neutron.wsgi [None req-c3290a5f-c3a1-4f44-9a27-1ce542eec029 62a83c49b2204a36b77c858882281080 cfebd505029b4c4b9e1a5e921e60aa71 - - default default] 10.0.0.175 "GET /v2.0/floatingips HTTP/1.1" status: 200 len: 1040 time: 0.0614488
2026-05-05 23:21:25.514 10 INFO neutron.db.ovn_revision_numbers_db [req-bdfcf7d9-7483-4313-b71c-dcbebe6d4bf5 req-9ba9ccdb-63cc-4610-81b8-274f2f50d5b1 8fb4a4b7d6474d949048bbcaed816bec 607db3273173481fb87b28f7dac832e5 - - default default] Successfully bumped revision number for resource 5206cb69-57d2-42a7-a5cc-670dd883c7cb (type: ports) to 1
2026-05-05 23:21:25.547 10 INFO neutron.wsgi [req-bdfcf7d9-7483-4313-b71c-dcbebe6d4bf5 req-9ba9ccdb-63cc-4610-81b8-274f2f50d5b1 8fb4a4b7d6474d949048bbcaed816bec 607db3273173481fb87b28f7dac832e5 - - default default] 199.204.45.78 "POST /v2.0/ports HTTP/1.1" status: 201 len: 1162 time: 0.7046955
2026-05-05 23:21:25.784 9 INFO neutron.wsgi [None req-b78405db-61c4-4382-9bf9-513ab8f0fe1b 72a8d9fed0474388a6cd05bf5e88c5fd fe5afad266ec433d879f195bb89ca3c5 - - default default] 10.0.0.175 "DELETE /v2.0/networks/01de5985-c0a4-4484-820b-cacc2fd7adc2 HTTP/1.1" status: 204 len: 168 time: 0.4743907
2026-05-05 23:21:25.867 10 INFO neutron.db.l3_db [None req-0b25a319-2e2e-4bae-b217-169638a17373 62a83c49b2204a36b77c858882281080 cfebd505029b4c4b9e1a5e921e60aa71 - - default default] Floating IP 1814fb15-8107-41a1-81c5-ec9e05682ea3 associated. External IP: 10.96.250.204, port: ae9cb959-6886-4434-aa46-a19383b6a9c5.
2026-05-05 23:21:25.871 9 INFO neutron.db.ovn_revision_numbers_db [None req-86ad005a-9c88-4662-ab29-638f419fdba4 cc53ead19fd04f48b9de74174830d004 db474edd8c3f4bc483ef002a4b312d07 - - default default] Successfully bumped revision number for resource 1117647a-7849-45c1-ba5a-94b738acdb22 (type: security_groups) to 1
