2026-05-05 23:21:54.948 10 INFO neutron.wsgi [None req-ea534de6-6630-4005-b69e-dbb7ae8ad01e 2ca952a36639464d81aa0e8cdb8d5877 c7b5a0c6bcb44a5c955c9b4d9811f983 - - default default] 10.0.0.175 "DELETE /v2.0/subnets/be744bdd-d9be-4c3f-8c32-9644651cdbaf/tags/red HTTP/1.1" status: 204 len: 168 time: 0.0719616
2026-05-05 23:21:54.974 9 WARNING neutron_lib.context [None req-05c927dc-0d6b-404f-bcf1-0e6e5c5ad34d 76e8f8fa5fb049d38afcea1c24943dbb 3e082f10b4614697af54979149b88623 - - default default] Method 'is_advsvc' is deprecated since 2023.2 release (neutron-lib 3.8.0) and will be removed once support for the old RBAC API policies will be removed from Neutron. Please use method 'is_service_role' instead.
2026-05-05 23:21:55.025 10 WARNING neutron.plugins.ml2.drivers.ovn.mech_driver.ovsdb.ovn_client [None req-5af66a4f-525a-41ec-9b3b-bec5e9ec5c38 - - - - - -] No port found with ID a2905fc6-1404-4de9-bc83-7a9951475065: RuntimeError: No port found with ID a2905fc6-1404-4de9-bc83-7a9951475065
2026-05-05 23:21:55.025 10 INFO neutron.plugins.ml2.drivers.ovn.mech_driver.mech_driver [None req-5af66a4f-525a-41ec-9b3b-bec5e9ec5c38 - - - - - -] OVN reports status up for port: 93fb986d-7b16-452a-bee0-e7bc1b0d1567
2026-05-05 23:21:55.026 10 INFO neutron.db.ovn_revision_numbers_db [None req-053c3f81-ff6b-47fe-939b-08d7bd87d552 cdc27931c9f84c918b56a393bd73010a 35a94f648cb34aeb85bc99a75106d0ef - - default default] Successfully bumped revision number for resource 93fb986d-7b16-452a-bee0-e7bc1b0d1567 (type: ports) to 2
2026-05-05 23:21:55.026 9 INFO neutron.wsgi [None req-966f0b13-8725-4627-be24-9da1324c7347 2ca952a36639464d81aa0e8cdb8d5877 c7b5a0c6bcb44a5c955c9b4d9811f983 - - default default] 10.0.0.175 "GET /v2.0/subnets/be744bdd-d9be-4c3f-8c32-9644651cdbaf/tags HTTP/1.1" status: 200 len: 223 time: 0.0667806
2026-05-05 23:21:55.032 10 INFO neutron.plugins.ml2.plugin [None req-5af66a4f-525a-41ec-9b3b-bec5e9ec5c38 - - - - - -] Attempt 1 to provision port 93fb986d-7b16-452a-bee0-e7bc1b0d1567
2026-05-05 23:21:55.078 9 INFO neutron.api.v2.resource [None req-20890ce0-40c3-41da-97f1-9b5cc87fb9af 2ca952a36639464d81aa0e8cdb8d5877 c7b5a0c6bcb44a5c955c9b4d9811f983 - - default default] delete failed (client error): The resource could not be found.
2026-05-05 23:21:55.079 9 INFO neutron.wsgi [None req-20890ce0-40c3-41da-97f1-9b5cc87fb9af 2ca952a36639464d81aa0e8cdb8d5877 c7b5a0c6bcb44a5c955c9b4d9811f983 - - default default] 10.0.0.175 "DELETE /v2.0/subnets/be744bdd-d9be-4c3f-8c32-9644651cdbaf/tags/green HTTP/1.1" status: 404 len: 299 time: 0.0481081
2026-05-05 23:21:55.149 9 INFO neutron.db.ovn_revision_numbers_db [None req-05c927dc-0d6b-404f-bcf1-0e6e5c5ad34d 76e8f8fa5fb049d38afcea1c24943dbb 3e082f10b4614697af54979149b88623 - - default default] Successfully bumped revision number for resource 655c8197-ee30-45aa-bae2-84d914c9141c (type: security_groups) to 1
2026-05-05 23:21:55.159 9 INFO neutron.wsgi [None req-18cc161d-3cf6-4d2f-9594-a8c4d98fd5bb 2ca952a36639464d81aa0e8cdb8d5877 c7b5a0c6bcb44a5c955c9b4d9811f983 - - default default] 10.0.0.175 "DELETE /v2.0/subnets/be744bdd-d9be-4c3f-8c32-9644651cdbaf/tags HTTP/1.1" status: 204 len: 168 time: 0.0749431
2026-05-05 23:21:55.172 9 INFO neutron.db.ovn_revision_numbers_db [None req-05c927dc-0d6b-404f-bcf1-0e6e5c5ad34d 76e8f8fa5fb049d38afcea1c24943dbb 3e082f10b4614697af54979149b88623 - - default default] Successfully bumped revision number for resource 759f0547-6a1d-40aa-9114-364bf7439463 (type: security_group_rules) to 0
2026-05-05 23:21:55.196 9 INFO neutron.db.ovn_revision_numbers_db [None req-05c927dc-0d6b-404f-bcf1-0e6e5c5ad34d 76e8f8fa5fb049d38afcea1c24943dbb 3e082f10b4614697af54979149b88623 - - default default] Successfully bumped revision number for resource 7e4be59e-919b-4b07-be5d-775d7ca2539e (type: security_group_rules) to 0
2026-05-05 23:21:55.198 9 INFO neutron.wsgi [None req-fb082cc4-4065-42db-afee-ec778be7b799 2ca952a36639464d81aa0e8cdb8d5877 c7b5a0c6bcb44a5c955c9b4d9811f983 - - default default] 10.0.0.175 "GET /v2.0/subnets/be744bdd-d9be-4c3f-8c32-9644651cdbaf/tags HTTP/1.1" status: 200 len: 205 time: 0.0353479
2026-05-05 23:21:55.210 9 INFO neutron.db.ovn_revision_numbers_db [None req-05c927dc-0d6b-404f-bcf1-0e6e5c5ad34d 76e8f8fa5fb049d38afcea1c24943dbb 3e082f10b4614697af54979149b88623 - - default default] Successfully bumped revision number for resource 91aaa2b9-72aa-4197-aa39-5d4906d6c756 (type: security_group_rules) to 0
2026-05-05 23:21:55.226 9 INFO neutron.db.ovn_revision_numbers_db [None req-05c927dc-0d6b-404f-bcf1-0e6e5c5ad34d 76e8f8fa5fb049d38afcea1c24943dbb 3e082f10b4614697af54979149b88623 - - default default] Successfully bumped revision number for resource bb446bb4-39df-4817-ba36-cf32753085b2 (type: security_group_rules) to 0
2026-05-05 23:21:55.270 9 INFO neutron.db.segments_db [None req-05c927dc-0d6b-404f-bcf1-0e6e5c5ad34d 76e8f8fa5fb049d38afcea1c24943dbb 3e082f10b4614697af54979149b88623 - - default default] Added segment d106c94e-b21a-4203-992c-301080345e09 of type geneve for network a9b30e91-33b2-42e2-927d-009d2f87ae89
2026-05-05 23:21:55.412 9 INFO neutron.db.ovn_revision_numbers_db [None req-05c927dc-0d6b-404f-bcf1-0e6e5c5ad34d 76e8f8fa5fb049d38afcea1c24943dbb 3e082f10b4614697af54979149b88623 - - default default] Successfully bumped revision number for resource a9b30e91-33b2-42e2-927d-009d2f87ae89 (type: networks) to 1
2026-05-05 23:21:55.602 9 WARNING neutron.scheduler.dhcp_agent_scheduler [None req-05c927dc-0d6b-404f-bcf1-0e6e5c5ad34d 76e8f8fa5fb049d38afcea1c24943dbb 3e082f10b4614697af54979149b88623 - - default default] No more DHCP agents
2026-05-05 23:21:55.605 9 WARNING neutron.api.rpc.agentnotifiers.dhcp_rpc_agent_api [None req-05c927dc-0d6b-404f-bcf1-0e6e5c5ad34d 76e8f8fa5fb049d38afcea1c24943dbb 3e082f10b4614697af54979149b88623 - - default default] Unable to schedule network a9b30e91-33b2-42e2-927d-009d2f87ae89: no agents available; will retry on subsequent port and subnet creation events.
2026-05-05 23:21:55.691 9 INFO neutron.db.ovn_revision_numbers_db [None req-05c927dc-0d6b-404f-bcf1-0e6e5c5ad34d 76e8f8fa5fb049d38afcea1c24943dbb 3e082f10b4614697af54979149b88623 - - default default] Successfully bumped revision number for resource eed6f4ad-f0cd-465c-9d6f-827db8c99399 (type: ports) to 1
2026-05-05 23:21:55.711 9 INFO neutron.wsgi [None req-05c927dc-0d6b-404f-bcf1-0e6e5c5ad34d 76e8f8fa5fb049d38afcea1c24943dbb 3e082f10b4614697af54979149b88623 - - default default] 10.0.0.175 "POST /v2.0/networks HTTP/1.1" status: 201 len: 831 time: 0.9710991
2026-05-05 23:21:55.724 9 WARNING neutron_lib.context [None req-bdef1223-6c6a-4965-ae4f-b9441ae506fa 76e8f8fa5fb049d38afcea1c24943dbb 3e082f10b4614697af54979149b88623 - - default default] Method 'is_advsvc' is deprecated since 2023.2 release (neutron-lib 3.8.0) and will be removed once support for the old RBAC API policies will be removed from Neutron. Please use method 'is_service_role' instead.
2026-05-05 23:21:55.777 10 INFO neutron.db.ovn_revision_numbers_db [None req-5af66a4f-525a-41ec-9b3b-bec5e9ec5c38 - - - - - -] Successfully bumped revision number for resource 93fb986d-7b16-452a-bee0-e7bc1b0d1567 (type: ports) to 3
2026-05-05 23:21:55.827 10 INFO neutron.wsgi [None req-35be8018-20ec-43e5-af2d-10071941d14c 2ca952a36639464d81aa0e8cdb8d5877 c7b5a0c6bcb44a5c955c9b4d9811f983 - - default default] 10.0.0.175 "DELETE /v2.0/subnets/be744bdd-d9be-4c3f-8c32-9644651cdbaf HTTP/1.1" status: 204 len: 168 time: 0.6233239
2026-05-05 23:21:55.879 10 INFO neutron.db.ovn_revision_numbers_db [None req-053c3f81-ff6b-47fe-939b-08d7bd87d552 cdc27931c9f84c918b56a393bd73010a 35a94f648cb34aeb85bc99a75106d0ef - - default default] Successfully bumped revision number for resource 93fb986d-7b16-452a-bee0-e7bc1b0d1567 (type: router_ports) to 3
2026-05-05 23:21:55.997 10 INFO neutron.db.ovn_revision_numbers_db [None req-053c3f81-ff6b-47fe-939b-08d7bd87d552 cdc27931c9f84c918b56a393bd73010a 35a94f648cb34aeb85bc99a75106d0ef - - default default] Successfully bumped revision number for resource 93fb986d-7b16-452a-bee0-e7bc1b0d1567 (type: ports) to 3
2026-05-05 23:21:56.058 9 WARNING neutron.scheduler.dhcp_agent_scheduler [None req-bdef1223-6c6a-4965-ae4f-b9441ae506fa 76e8f8fa5fb049d38afcea1c24943dbb 3e082f10b4614697af54979149b88623 - - default default] No more DHCP agents
2026-05-05 23:21:56.061 9 WARNING neutron.api.rpc.agentnotifiers.dhcp_rpc_agent_api [None req-bdef1223-6c6a-4965-ae4f-b9441ae506fa 76e8f8fa5fb049d38afcea1c24943dbb 3e082f10b4614697af54979149b88623 - - default default] Unable to schedule network a9b30e91-33b2-42e2-927d-009d2f87ae89: no agents available; will retry on subsequent port and subnet creation events.
2026-05-05 23:21:56.080 10 WARNING neutron.scheduler.dhcp_agent_scheduler [None req-053c3f81-ff6b-47fe-939b-08d7bd87d552 cdc27931c9f84c918b56a393bd73010a 35a94f648cb34aeb85bc99a75106d0ef - - default default] No more DHCP agents
2026-05-05 23:21:56.081 10 WARNING neutron.api.rpc.agentnotifiers.dhcp_rpc_agent_api [None req-053c3f81-ff6b-47fe-939b-08d7bd87d552 cdc27931c9f84c918b56a393bd73010a 35a94f648cb34aeb85bc99a75106d0ef - - default default] Unable to schedule network 910db782-68a2-41ee-aeb6-9d265e6e647a: no agents available; will retry on subsequent port and subnet creation events. /var/lib/openstack/lib/python3.10/site-packages/pycadf/identifier.py:71: UserWarning: Invalid uuid: neutron. To ensure interoperability, identifiers should be a valid uuid. warnings.warn(('Invalid uuid: %s. To ensure interoperability, '
2026-05-05 23:21:56.184 9 INFO neutron.db.ovn_revision_numbers_db [None req-bdef1223-6c6a-4965-ae4f-b9441ae506fa 76e8f8fa5fb049d38afcea1c24943dbb 3e082f10b4614697af54979149b88623 - - default default] Successfully bumped revision number for resource a134ece9-5b0e-4db9-b7f2-86f79f7f0761 (type: ports) to 1
2026-05-05 23:21:56.233 9 INFO neutron.wsgi [None req-bdef1223-6c6a-4965-ae4f-b9441ae506fa 76e8f8fa5fb049d38afcea1c24943dbb 3e082f10b4614697af54979149b88623 - - default default] 10.0.0.175 "POST /v2.0/ports HTTP/1.1" status: 201 len: 942 time: 0.5132523 /var/lib/openstack/lib/python3.10/site-packages/pycadf/identifier.py:71: UserWarning: Invalid uuid: neutron. To ensure interoperability, identifiers should be a valid uuid. warnings.warn(('Invalid uuid: %s. To ensure interoperability, '
2026-05-05 23:21:56.243 10 WARNING neutron_lib.context [None req-242fa118-7570-4ca1-984a-1e61741e2050 76e8f8fa5fb049d38afcea1c24943dbb 3e082f10b4614697af54979149b88623 - - default default] Method 'is_advsvc' is deprecated since 2023.2 release (neutron-lib 3.8.0) and will be removed once support for the old RBAC API policies will be removed from Neutron. Please use method 'is_service_role' instead.
2026-05-05 23:21:56.246 10 INFO neutron.db.ovn_revision_numbers_db [None req-053c3f81-ff6b-47fe-939b-08d7bd87d552 cdc27931c9f84c918b56a393bd73010a 35a94f648cb34aeb85bc99a75106d0ef - - default default] Successfully bumped revision number for resource 93fb986d-7b16-452a-bee0-e7bc1b0d1567 (type: router_ports) to 3
2026-05-05 23:21:56.248 10 INFO neutron.wsgi [None req-053c3f81-ff6b-47fe-939b-08d7bd87d552 cdc27931c9f84c918b56a393bd73010a 35a94f648cb34aeb85bc99a75106d0ef - - default default] 10.0.0.175 "PUT /v2.0/routers/454dd0d7-bd01-4795-9419-a8e6cd252136/add_router_interface HTTP/1.1" status: 200 len: 503 time: 1.8273704
2026-05-05 23:21:56.311 9 INFO neutron.db.ovn_revision_numbers_db [None req-112060ed-4b37-4dc4-9b5d-638787992ce0 cc53ead19fd04f48b9de74174830d004 db474edd8c3f4bc483ef002a4b312d07 - - default default] Successfully bumped revision number for resource 536347c8-7147-462f-ac2f-12086bb4e96a (type: security_groups) to 1
2026-05-05 23:21:56.338 10 INFO neutron.db.segments_db [None req-242fa118-7570-4ca1-984a-1e61741e2050 76e8f8fa5fb049d38afcea1c24943dbb 3e082f10b4614697af54979149b88623 - - default default] Added segment 81aa821e-51a5-46f7-ad08-af91623ed094 of type geneve for network 6b5a0660-e632-4e0b-9d52-ffab3b2a7721
2026-05-05 23:21:56.355 9 INFO neutron.db.ovn_revision_numbers_db [None req-112060ed-4b37-4dc4-9b5d-638787992ce0 cc53ead19fd04f48b9de74174830d004 db474edd8c3f4bc483ef002a4b312d07 - - default default] Successfully bumped revision number for resource 1decba84-929b-4d77-ab0b-290900856158 (type: security_group_rules) to 0
2026-05-05 23:21:56.373 9 INFO neutron.services.segments.plugin [-] Segment dfb37fd8-8469-4af0-9843-cb2665bd4904 resource provider aggregate not found
2026-05-05 23:21:56.377 9 INFO neutron.services.segments.plugin [-] Segment dfb37fd8-8469-4af0-9843-cb2665bd4904 resource provider aggregate not found
2026-05-05 23:21:56.397 9 INFO neutron.services.segments.plugin [-] Segment dfb37fd8-8469-4af0-9843-cb2665bd4904 resource provider not found; error: Placement Client Error (4xx): {"errors": [{"status": 404, "title": "Not Found", "detail": "The resource could not be found.\n\n No resource provider with uuid dfb37fd8-8469-4af0-9843-cb2665bd4904 found for delete ", "request_id": "req-e215f874-3245-4c28-b7fe-b858f805dc0d"}]}
2026-05-05 23:21:56.398 9 INFO neutron.services.segments.plugin [-] Segment dfb37fd8-8469-4af0-9843-cb2665bd4904 resource provider not found; error: Placement Client Error (4xx): {"errors": [{"status": 404, "title": "Not Found", "detail": "The resource could not be found.\n\n No resource provider with uuid dfb37fd8-8469-4af0-9843-cb2665bd4904 found for delete ", "request_id": "req-0d7d343a-f878-4216-8a41-f003c07eca08"}]}
2026-05-05 23:21:56.399 9 INFO neutron.db.ovn_revision_numbers_db [None req-112060ed-4b37-4dc4-9b5d-638787992ce0 cc53ead19fd04f48b9de74174830d004 db474edd8c3f4bc483ef002a4b312d07 - - default default] Successfully bumped revision number for resource b220d163-bed1-49b5-bf2a-c2c7bcef72eb (type: security_group_rules) to 0
2026-05-05 23:21:56.404 9 INFO neutron.wsgi [None req-aea8168b-84fd-483a-9454-0b6fd446a9e3 cdc27931c9f84c918b56a393bd73010a 35a94f648cb34aeb85bc99a75106d0ef - - default default] 10.0.0.175 "GET /v2.0/ports/93fb986d-7b16-452a-bee0-e7bc1b0d1567 HTTP/1.1" status: 200 len: 1221 time: 0.1495452
2026-05-05 23:21:56.435 9 INFO neutron.db.ovn_revision_numbers_db [None req-112060ed-4b37-4dc4-9b5d-638787992ce0 cc53ead19fd04f48b9de74174830d004 db474edd8c3f4bc483ef002a4b312d07 - - default default] Successfully bumped revision number for resource bbe6bcfb-0778-40d5-9a4f-e369e98b7de5 (type: security_group_rules) to 0
2026-05-05 23:21:56.443 9 INFO neutron.wsgi [None req-e862ec9d-b04f-47d5-b718-30f3c5d2f1d5 2ca952a36639464d81aa0e8cdb8d5877 c7b5a0c6bcb44a5c955c9b4d9811f983 - - default default] 10.0.0.175 "DELETE /v2.0/networks/a277ff11-05cf-441d-8aa6-feb64ea91e51 HTTP/1.1" status: 204 len: 168 time: 0.6109607
2026-05-05 23:21:56.478 9 INFO neutron.db.ovn_revision_numbers_db [None req-112060ed-4b37-4dc4-9b5d-638787992ce0 cc53ead19fd04f48b9de74174830d004 db474edd8c3f4bc483ef002a4b312d07 - - default default] Successfully bumped revision number for resource d6e35c18-2a26-419d-91e8-5e8d2db72171 (type: security_group_rules) to 0
2026-05-05 23:21:56.500 10 INFO neutron.db.ovn_revision_numbers_db [None req-242fa118-7570-4ca1-984a-1e61741e2050 76e8f8fa5fb049d38afcea1c24943dbb 3e082f10b4614697af54979149b88623 - - default default] Successfully bumped revision number for resource 6b5a0660-e632-4e0b-9d52-ffab3b2a7721 (type: networks) to 1
2026-05-05 23:21:56.516 9 INFO neutron.wsgi [None req-112060ed-4b37-4dc4-9b5d-638787992ce0 cc53ead19fd04f48b9de74174830d004 db474edd8c3f4bc483ef002a4b312d07 - - default default] 10.0.0.175 "GET /v2.0/security-groups?tenant_id=8031bbaecefd49c4b27377a1f52c606b&name=default HTTP/1.1" status: 200 len: 2996 time: 0.5689611
2026-05-05 23:21:56.683 10 WARNING neutron.scheduler.dhcp_agent_scheduler [None req-242fa118-7570-4ca1-984a-1e61741e2050 76e8f8fa5fb049d38afcea1c24943dbb 3e082f10b4614697af54979149b88623 - - default default] No more DHCP agents
2026-05-05 23:21:56.685 10 WARNING neutron.api.rpc.agentnotifiers.dhcp_rpc_agent_api [None req-242fa118-7570-4ca1-984a-1e61741e2050 76e8f8fa5fb049d38afcea1c24943dbb 3e082f10b4614697af54979149b88623 - - default default] Unable to schedule network 6b5a0660-e632-4e0b-9d52-ffab3b2a7721: no agents available; will retry on subsequent port and subnet creation events.
2026-05-05 23:21:56.772 10 INFO neutron.db.ovn_revision_numbers_db [None req-242fa118-7570-4ca1-984a-1e61741e2050 76e8f8fa5fb049d38afcea1c24943dbb 3e082f10b4614697af54979149b88623 - - default default] Successfully bumped revision number for resource 0d1e5fb7-676b-4ccb-80fd-cfd63b5dcfc5 (type: ports) to 1
2026-05-05 23:21:56.793 10 INFO neutron.wsgi [None req-242fa118-7570-4ca1-984a-1e61741e2050 76e8f8fa5fb049d38afcea1c24943dbb 3e082f10b4614697af54979149b88623 - - default default] 10.0.0.175 "POST /v2.0/networks HTTP/1.1" status: 201 len: 831 time: 0.5559328
2026-05-05 23:21:56.803 10 WARNING neutron_lib.context [None req-bb75f3c2-a05a-4321-8533-e1bd0346d0f5 76e8f8fa5fb049d38afcea1c24943dbb 3e082f10b4614697af54979149b88623 - - default default] Method 'is_advsvc' is deprecated since 2023.2 release (neutron-lib 3.8.0) and will be removed once support for the old RBAC API policies will be removed from Neutron. Please use method 'is_service_role' instead.
2026-05-05 23:21:56.874 9 INFO neutron.wsgi [None req-c256bb28-f817-4b9e-ab40-efedc7dd93d2 cc53ead19fd04f48b9de74174830d004 db474edd8c3f4bc483ef002a4b312d07 - - default default] 10.0.0.175 "DELETE /v2.0/security-groups/536347c8-7147-462f-ac2f-12086bb4e96a HTTP/1.1" status: 204 len: 168 time: 0.3536921
2026-05-05 23:21:57.041 10 WARNING neutron.scheduler.dhcp_agent_scheduler [None req-bb75f3c2-a05a-4321-8533-e1bd0346d0f5 76e8f8fa5fb049d38afcea1c24943dbb 3e082f10b4614697af54979149b88623 - - default default] No more DHCP agents
2026-05-05 23:21:57.042 10 WARNING neutron.api.rpc.agentnotifiers.dhcp_rpc_agent_api [None req-bb75f3c2-a05a-4321-8533-e1bd0346d0f5 76e8f8fa5fb049d38afcea1c24943dbb 3e082f10b4614697af54979149b88623 - - default default] Unable to schedule network 6b5a0660-e632-4e0b-9d52-ffab3b2a7721: no agents available; will retry on subsequent port and subnet creation events.
2026-05-05 23:21:57.121 10 INFO neutron.db.ovn_revision_numbers_db [None req-bb75f3c2-a05a-4321-8533-e1bd0346d0f5 76e8f8fa5fb049d38afcea1c24943dbb 3e082f10b4614697af54979149b88623 - - default default] Successfully bumped revision number for resource 82992998-a5de-4f90-b073-825ec07e19e2 (type: ports) to 1
2026-05-05 23:21:57.142 9 INFO neutron.wsgi [None req-30a6ada0-6136-4290-820d-a5cf5eed465f cdc27931c9f84c918b56a393bd73010a 35a94f648cb34aeb85bc99a75106d0ef - - default default] 10.0.0.175 "PUT /v2.0/routers/454dd0d7-bd01-4795-9419-a8e6cd252136/remove_router_interface HTTP/1.1" status: 200 len: 503 time: 0.7299352
2026-05-05 23:21:57.148 10 INFO neutron.wsgi [None req-bb75f3c2-a05a-4321-8533-e1bd0346d0f5 76e8f8fa5fb049d38afcea1c24943dbb 3e082f10b4614697af54979149b88623 - - default default] 10.0.0.175 "POST /v2.0/ports HTTP/1.1" status: 201 len: 942 time: 0.3497889 /var/lib/openstack/lib/python3.10/site-packages/pycadf/identifier.py:71: UserWarning: Invalid uuid: neutron. To ensure interoperability, identifiers should be a valid uuid. warnings.warn(('Invalid uuid: %s. To ensure interoperability, ' /var/lib/openstack/lib/python3.10/site-packages/pycadf/identifier.py:71: UserWarning: Invalid uuid: neutron. To ensure interoperability, identifiers should be a valid uuid. warnings.warn(('Invalid uuid: %s. To ensure interoperability, '
2026-05-05 23:21:57.160 10 WARNING neutron_lib.context [None req-4c9cc3d5-9cfa-46ec-9930-0a3287f3b085 76e8f8fa5fb049d38afcea1c24943dbb 3e082f10b4614697af54979149b88623 - - default default] Method 'is_advsvc' is deprecated since 2023.2 release (neutron-lib 3.8.0) and will be removed once support for the old RBAC API policies will be removed from Neutron. Please use method 'is_service_role' instead.
2026-05-05 23:21:57.229 9 INFO neutron.api.v2.resource [None req-67079d0c-bd96-4af2-b018-8b884b07344f cdc27931c9f84c918b56a393bd73010a 35a94f648cb34aeb85bc99a75106d0ef - - default default] remove_router_interface failed (client error): The resource could not be found.
2026-05-05 23:21:57.231 9 INFO neutron.wsgi [None req-67079d0c-bd96-4af2-b018-8b884b07344f cdc27931c9f84c918b56a393bd73010a 35a94f648cb34aeb85bc99a75106d0ef - - default default] 10.0.0.175 "PUT /v2.0/routers/454dd0d7-bd01-4795-9419-a8e6cd252136/remove_router_interface HTTP/1.1" status: 404 len: 398 time: 0.0816307
2026-05-05 23:21:57.242 10 INFO neutron.db.segments_db [None req-4c9cc3d5-9cfa-46ec-9930-0a3287f3b085 76e8f8fa5fb049d38afcea1c24943dbb 3e082f10b4614697af54979149b88623 - - default default] Added segment 6c24b05d-a727-4898-b1e5-02b8d9929b6b of type geneve for network bdb6267c-3aa7-4f34-b442-2a42c3dc36a1
2026-05-05 23:21:57.260 9 INFO neutron.wsgi [None req-3f72d7ca-6ed8-49bb-a5ea-40f20c4fb0f5 cdc27931c9f84c918b56a393bd73010a 35a94f648cb34aeb85bc99a75106d0ef - - default default] 10.0.0.175 "GET /v2.0/ports?device_id=454dd0d7-bd01-4795-9419-a8e6cd252136 HTTP/1.1" status: 200 len: 205 time: 0.0203192
2026-05-05 23:21:57.337 10 INFO neutron.wsgi [None req-1e596512-300f-4bb3-bb64-098bd456e213 cc53ead19fd04f48b9de74174830d004 db474edd8c3f4bc483ef002a4b312d07 - - default default] 10.0.0.175 "GET /v2.0/security-groups?tenant_id=c7b5a0c6bcb44a5c955c9b4d9811f983&name=default HTTP/1.1" status: 200 len: 2996 time: 0.2268560
2026-05-05 23:21:57.413 10 INFO neutron.db.ovn_revision_numbers_db [None req-4c9cc3d5-9cfa-46ec-9930-0a3287f3b085 76e8f8fa5fb049d38afcea1c24943dbb 3e082f10b4614697af54979149b88623 - - default default] Successfully bumped revision number for resource bdb6267c-3aa7-4f34-b442-2a42c3dc36a1 (type: networks) to 1
2026-05-05 23:21:57.533 9 INFO neutron.wsgi [None req-57b3c9c9-ee26-408e-8a17-4e819e5bd845 cdc27931c9f84c918b56a393bd73010a 35a94f648cb34aeb85bc99a75106d0ef - - default default] 10.0.0.175 "DELETE /v2.0/routers/454dd0d7-bd01-4795-9419-a8e6cd252136 HTTP/1.1" status: 204 len: 168 time: 0.2665479
2026-05-05 23:21:57.605 10 WARNING neutron.scheduler.dhcp_agent_scheduler [None req-4c9cc3d5-9cfa-46ec-9930-0a3287f3b085 76e8f8fa5fb049d38afcea1c24943dbb 3e082f10b4614697af54979149b88623 - - default default] No more DHCP agents
2026-05-05 23:21:57.606 10 WARNING neutron.api.rpc.agentnotifiers.dhcp_rpc_agent_api [None req-4c9cc3d5-9cfa-46ec-9930-0a3287f3b085 76e8f8fa5fb049d38afcea1c24943dbb 3e082f10b4614697af54979149b88623 - - default default] Unable to schedule network bdb6267c-3aa7-4f34-b442-2a42c3dc36a1: no agents available; will retry on subsequent port and subnet creation events.
2026-05-05 23:21:57.656 10 INFO neutron.wsgi [None req-a0d40572-6a71-433a-be0f-1fa7459971cc cc53ead19fd04f48b9de74174830d004 db474edd8c3f4bc483ef002a4b312d07 - - default default] 10.0.0.175 "DELETE /v2.0/security-groups/8d00471d-4b5c-4318-a3f2-c723c2a00002 HTTP/1.1" status: 204 len: 168 time: 0.3123462
2026-05-05 23:21:57.696 10 INFO neutron.db.ovn_revision_numbers_db [None req-4c9cc3d5-9cfa-46ec-9930-0a3287f3b085 76e8f8fa5fb049d38afcea1c24943dbb 3e082f10b4614697af54979149b88623 - - default default] Successfully bumped revision number for resource e93c4e12-00cd-4e4d-bf17-2116e2852119 (type: ports) to 1
2026-05-05 23:21:57.711 9 INFO neutron.wsgi [None req-4daf4bf4-9b94-40a6-bf99-67efb444563f cdc27931c9f84c918b56a393bd73010a 35a94f648cb34aeb85bc99a75106d0ef - - default default] 10.0.0.175 "DELETE /v2.0/subnets/ed937c13-18d9-4135-8e65-71ab591755e6 HTTP/1.1" status: 204 len: 168 time: 0.1732736
2026-05-05 23:21:57.719 10 INFO neutron.wsgi [None req-4c9cc3d5-9cfa-46ec-9930-0a3287f3b085 76e8f8fa5fb049d38afcea1c24943dbb 3e082f10b4614697af54979149b88623 - - default default] 10.0.0.175 "POST /v2.0/networks HTTP/1.1" status: 201 len: 831 time: 0.5651567
2026-05-05 23:21:57.730 10 WARNING neutron_lib.context [None req-348a69a5-8f9d-44cd-b0b8-03eed1f2c44c 76e8f8fa5fb049d38afcea1c24943dbb 3e082f10b4614697af54979149b88623 - - default default] Method 'is_advsvc' is deprecated since 2023.2 release (neutron-lib 3.8.0) and will be removed once support for the old RBAC API policies will be removed from Neutron. Please use method 'is_service_role' instead.
2026-05-05 23:21:57.913 9 INFO neutron.db.ovn_revision_numbers_db [None req-8121a22b-0902-433f-9dea-861da3135f8e cc53ead19fd04f48b9de74174830d004 db474edd8c3f4bc483ef002a4b312d07 - - default default] Successfully bumped revision number for resource fe8d7d76-8645-48d4-adb3-c1513f5d9a56 (type: security_groups) to 1
2026-05-05 23:21:57.936 9 INFO neutron.db.ovn_revision_numbers_db [None req-8121a22b-0902-433f-9dea-861da3135f8e cc53ead19fd04f48b9de74174830d004 db474edd8c3f4bc483ef002a4b312d07 - - default default] Successfully bumped revision number for resource 3b429517-d2d6-4a59-bdbb-f5737bf7852d (type: security_group_rules) to 0
2026-05-05 23:21:57.957 10 WARNING neutron.scheduler.dhcp_agent_scheduler [None req-348a69a5-8f9d-44cd-b0b8-03eed1f2c44c 76e8f8fa5fb049d38afcea1c24943dbb 3e082f10b4614697af54979149b88623 - - default default] No more DHCP agents
2026-05-05 23:21:57.960 10 WARNING neutron.api.rpc.agentnotifiers.dhcp_rpc_agent_api [None req-348a69a5-8f9d-44cd-b0b8-03eed1f2c44c 76e8f8fa5fb049d38afcea1c24943dbb 3e082f10b4614697af54979149b88623 - - default default] Unable to schedule network bdb6267c-3aa7-4f34-b442-2a42c3dc36a1: no agents available; will retry on subsequent port and subnet creation events.
2026-05-05 23:21:57.960 9 INFO neutron.db.ovn_revision_numbers_db [None req-8121a22b-0902-433f-9dea-861da3135f8e cc53ead19fd04f48b9de74174830d004 db474edd8c3f4bc483ef002a4b312d07 - - default default] Successfully bumped revision number for resource a6736b10-aa22-4fb7-b44d-3a3d68d43f3a (type: security_group_rules) to 0
2026-05-05 23:21:57.986 9 INFO neutron.db.ovn_revision_numbers_db [None req-8121a22b-0902-433f-9dea-861da3135f8e cc53ead19fd04f48b9de74174830d004 db474edd8c3f4bc483ef002a4b312d07 - - default default] Successfully bumped revision number for resource bd2feefb-7bdb-42f1-bbe1-426e320abddb (type: security_group_rules) to 0
2026-05-05 23:21:58.002 9 INFO neutron.db.ovn_revision_numbers_db [None req-8121a22b-0902-433f-9dea-861da3135f8e cc53ead19fd04f48b9de74174830d004 db474edd8c3f4bc483ef002a4b312d07 - - default default] Successfully bumped revision number for resource dabc9594-d7aa-450a-8086-33b2f23c9c3e (type: security_group_rules) to 0
2026-05-05 23:21:58.033 9 INFO neutron.wsgi [None req-8121a22b-0902-433f-9dea-861da3135f8e cc53ead19fd04f48b9de74174830d004 db474edd8c3f4bc483ef002a4b312d07 - - default default] 10.0.0.175 "GET /v2.0/security-groups?tenant_id=bc91a24fb59a4bef93b963a40425036c&name=default HTTP/1.1" status: 200 len: 2996 time: 0.2643242 /var/lib/openstack/lib/python3.10/site-packages/pycadf/identifier.py:71: UserWarning: Invalid uuid: neutron. To ensure interoperability, identifiers should be a valid uuid. warnings.warn(('Invalid uuid: %s. To ensure interoperability, '
2026-05-05 23:21:58.059 10 INFO neutron.db.ovn_revision_numbers_db [None req-348a69a5-8f9d-44cd-b0b8-03eed1f2c44c 76e8f8fa5fb049d38afcea1c24943dbb 3e082f10b4614697af54979149b88623 - - default default] Successfully bumped revision number for resource be455d9b-9db3-4480-a28a-a0bf18e2ae68 (type: ports) to 1
2026-05-05 23:21:58.096 10 INFO neutron.wsgi [None req-348a69a5-8f9d-44cd-b0b8-03eed1f2c44c 76e8f8fa5fb049d38afcea1c24943dbb 3e082f10b4614697af54979149b88623 - - default default] 10.0.0.175 "POST /v2.0/ports HTTP/1.1" status: 201 len: 942 time: 0.3702896
2026-05-05 23:21:58.098 9 INFO neutron.wsgi [None req-d0fbf3fc-a12b-44a5-a9e6-563cf14ba261 cdc27931c9f84c918b56a393bd73010a 35a94f648cb34aeb85bc99a75106d0ef - - default default] 10.0.0.175 "DELETE /v2.0/networks/910db782-68a2-41ee-aeb6-9d265e6e647a HTTP/1.1" status: 204 len: 168 time: 0.3807039
2026-05-05 23:21:58.111 9 WARNING neutron_lib.context [None req-5d81ba85-7ccc-4ec2-9639-877489e7b0e0 cdc27931c9f84c918b56a393bd73010a 35a94f648cb34aeb85bc99a75106d0ef - - default default] Method 'is_advsvc' is deprecated since 2023.2 release (neutron-lib 3.8.0) and will be removed once support for the old RBAC API policies will be removed from Neutron. Please use method 'is_service_role' instead.
2026-05-05 23:21:58.112 10 WARNING neutron_lib.context [None req-2c488c5e-62d5-4808-8591-22da0d15f527 76e8f8fa5fb049d38afcea1c24943dbb 3e082f10b4614697af54979149b88623 - - default default] Method 'is_advsvc' is deprecated since 2023.2 release (neutron-lib 3.8.0) and will be removed once support for the old RBAC API policies will be removed from Neutron. Please use method 'is_service_role' instead.
2026-05-05 23:21:58.190 9 INFO neutron.db.segments_db [None req-5d81ba85-7ccc-4ec2-9639-877489e7b0e0 cdc27931c9f84c918b56a393bd73010a 35a94f648cb34aeb85bc99a75106d0ef - - default default] Added segment e1005384-8057-4598-af2e-df1f03d98b98 of type geneve for network 49a83754-355d-4582-918a-d2d88293f162
2026-05-05 23:21:58.219 10 INFO neutron.db.segments_db [None req-2c488c5e-62d5-4808-8591-22da0d15f527 76e8f8fa5fb049d38afcea1c24943dbb 3e082f10b4614697af54979149b88623 - - default default] Added segment a663ff8e-19d1-4fca-a687-0e8e8fcd0f57 of type geneve for network d629ea5d-d195-4398-a6c1-ddb365ccb8cb
2026-05-05 23:21:58.328 9 INFO neutron.db.ovn_revision_numbers_db [None req-5d81ba85-7ccc-4ec2-9639-877489e7b0e0 cdc27931c9f84c918b56a393bd73010a 35a94f648cb34aeb85bc99a75106d0ef - - default default] Successfully bumped revision number for resource 49a83754-355d-4582-918a-d2d88293f162 (type: networks) to 1
2026-05-05 23:21:58.373 10 INFO neutron.wsgi [None req-9e9fc70f-d84a-42f0-bb90-884ba82ce031 cc53ead19fd04f48b9de74174830d004 db474edd8c3f4bc483ef002a4b312d07 - - default default] 10.0.0.175 "DELETE /v2.0/security-groups/fe8d7d76-8645-48d4-adb3-c1513f5d9a56 HTTP/1.1" status: 204 len: 168 time: 0.3340237
2026-05-05 23:21:58.381 10 INFO neutron.db.ovn_revision_numbers_db [None req-2c488c5e-62d5-4808-8591-22da0d15f527 76e8f8fa5fb049d38afcea1c24943dbb 3e082f10b4614697af54979149b88623 - - default default] Successfully bumped revision number for resource d629ea5d-d195-4398-a6c1-ddb365ccb8cb (type: networks) to 1
2026-05-05 23:21:58.421 9 INFO neutron.services.segments.plugin [-] Segment 165399d5-0e63-4054-9120-e54717c743f7 resource provider aggregate not found
2026-05-05 23:21:58.428 9 INFO neutron.services.segments.plugin [-] Segment 165399d5-0e63-4054-9120-e54717c743f7 resource provider aggregate not found
2026-05-05 23:21:58.440 9 INFO neutron.services.segments.plugin [-] Segment 165399d5-0e63-4054-9120-e54717c743f7 resource provider not found; error: Placement Client Error (4xx): {"errors": [{"status": 404, "title": "Not Found", "detail": "The resource could not be found.\n\n No resource provider with uuid 165399d5-0e63-4054-9120-e54717c743f7 found for delete ", "request_id": "req-e8c5f9c9-8094-4772-aa9d-714b06f4b053"}]}
2026-05-05 23:21:58.441 9 INFO neutron.services.segments.plugin [-] Segment 165399d5-0e63-4054-9120-e54717c743f7 resource provider not found; error: Placement Client Error (4xx): {"errors": [{"status": 404, "title": "Not Found", "detail": "The resource could not be found.\n\n No resource provider with uuid 165399d5-0e63-4054-9120-e54717c743f7 found for delete ", "request_id": "req-d005d30d-863b-4ef5-b335-e647e2ebff55"}]}
2026-05-05 23:21:58.552 10 WARNING neutron.scheduler.dhcp_agent_scheduler [None req-2c488c5e-62d5-4808-8591-22da0d15f527 76e8f8fa5fb049d38afcea1c24943dbb 3e082f10b4614697af54979149b88623 - - default default] No more DHCP agents
2026-05-05 23:21:58.555 10 WARNING neutron.api.rpc.agentnotifiers.dhcp_rpc_agent_api [None req-2c488c5e-62d5-4808-8591-22da0d15f527 76e8f8fa5fb049d38afcea1c24943dbb 3e082f10b4614697af54979149b88623 - - default default] Unable to schedule network d629ea5d-d195-4398-a6c1-ddb365ccb8cb: no agents available; will retry on subsequent port and subnet creation events.
2026-05-05 23:21:58.632 10 INFO neutron.db.ovn_revision_numbers_db [None req-2c488c5e-62d5-4808-8591-22da0d15f527 76e8f8fa5fb049d38afcea1c24943dbb 3e082f10b4614697af54979149b88623 - - default default] Successfully bumped revision number for resource 7b689510-2f17-4239-82f3-bb383a306e95 (type: ports) to 1
2026-05-05 23:21:58.654 10 INFO neutron.wsgi [None req-2c488c5e-62d5-4808-8591-22da0d15f527 76e8f8fa5fb049d38afcea1c24943dbb 3e082f10b4614697af54979149b88623 - - default default] 10.0.0.175 "POST /v2.0/networks HTTP/1.1" status: 201 len: 831 time: 0.5528846
2026-05-05 23:21:58.666 10 WARNING neutron_lib.context [None req-8c518059-6ca9-4427-ae42-753907a93b33 76e8f8fa5fb049d38afcea1c24943dbb 3e082f10b4614697af54979149b88623 - - default default] Method 'is_advsvc' is deprecated since 2023.2 release (neutron-lib 3.8.0) and will be removed once support for the old RBAC API policies will be removed from Neutron. Please use method 'is_service_role' instead.
2026-05-05 23:21:58.774 9 WARNING neutron.scheduler.dhcp_agent_scheduler [None req-5d81ba85-7ccc-4ec2-9639-877489e7b0e0 cdc27931c9f84c918b56a393bd73010a 35a94f648cb34aeb85bc99a75106d0ef - - default default] No more DHCP agents
2026-05-05 23:21:58.776 9 WARNING neutron.api.rpc.agentnotifiers.dhcp_rpc_agent_api [None req-5d81ba85-7ccc-4ec2-9639-877489e7b0e0 cdc27931c9f84c918b56a393bd73010a 35a94f648cb34aeb85bc99a75106d0ef - - default default] Unable to schedule network 49a83754-355d-4582-918a-d2d88293f162: no agents available; will retry on subsequent port and subnet creation events.
2026-05-05 23:21:58.850 9 INFO neutron.db.ovn_revision_numbers_db [None req-5d81ba85-7ccc-4ec2-9639-877489e7b0e0 cdc27931c9f84c918b56a393bd73010a 35a94f648cb34aeb85bc99a75106d0ef - - default default] Successfully bumped revision number for resource a911e8e6-e640-44d2-aebd-6fb9be713af6 (type: ports) to 1
2026-05-05 23:21:58.867 9 INFO neutron.wsgi [None req-5d81ba85-7ccc-4ec2-9639-877489e7b0e0 cdc27931c9f84c918b56a393bd73010a 35a94f648cb34aeb85bc99a75106d0ef - - default default] 10.0.0.175 "POST /v2.0/networks HTTP/1.1" status: 201 len: 833 time: 0.7597594
2026-05-05 23:21:58.876 9 WARNING neutron_lib.context [None req-f5799985-71b2-420b-97e2-e259069f4217 cdc27931c9f84c918b56a393bd73010a 35a94f648cb34aeb85bc99a75106d0ef - - default default] Method 'is_advsvc' is deprecated since 2023.2 release (neutron-lib 3.8.0) and will be removed once support for the old RBAC API policies will be removed from Neutron. Please use method 'is_service_role' instead.
2026-05-05 23:21:58.888 10 WARNING neutron.scheduler.dhcp_agent_scheduler [None req-8c518059-6ca9-4427-ae42-753907a93b33 76e8f8fa5fb049d38afcea1c24943dbb 3e082f10b4614697af54979149b88623 - - default default] No more DHCP agents
2026-05-05 23:21:58.890 10 WARNING neutron.api.rpc.agentnotifiers.dhcp_rpc_agent_api [None req-8c518059-6ca9-4427-ae42-753907a93b33 76e8f8fa5fb049d38afcea1c24943dbb 3e082f10b4614697af54979149b88623 - - default default] Unable to schedule network d629ea5d-d195-4398-a6c1-ddb365ccb8cb: no agents available; will retry on subsequent port and subnet creation events.
2026-05-05 23:21:58.984 10 INFO neutron.db.ovn_revision_numbers_db [None req-8c518059-6ca9-4427-ae42-753907a93b33 76e8f8fa5fb049d38afcea1c24943dbb 3e082f10b4614697af54979149b88623 - - default default] Successfully bumped revision number for resource 8be2570e-c5ac-4fc9-89fe-4b7903a7a024 (type: ports) to 1
2026-05-05 23:21:59.008 10 INFO neutron.wsgi [None req-8c518059-6ca9-4427-ae42-753907a93b33 76e8f8fa5fb049d38afcea1c24943dbb 3e082f10b4614697af54979149b88623 - - default default] 10.0.0.175 "POST /v2.0/ports HTTP/1.1" status: 201 len: 942 time: 0.3458076 /var/lib/openstack/lib/python3.10/site-packages/pycadf/identifier.py:71: UserWarning: Invalid uuid: neutron. To ensure interoperability, identifiers should be a valid uuid. warnings.warn(('Invalid uuid: %s. To ensure interoperability, '
2026-05-05 23:21:59.017 10 WARNING neutron_lib.context [None req-c757bbb2-c9ba-4aea-b457-66b955f7a65a 76e8f8fa5fb049d38afcea1c24943dbb 3e082f10b4614697af54979149b88623 - - default default] Method 'is_advsvc' is deprecated since 2023.2 release (neutron-lib 3.8.0) and will be removed once support for the old RBAC API policies will be removed from Neutron. Please use method 'is_service_role' instead.
2026-05-05 23:21:59.073 9 WARNING neutron.scheduler.dhcp_agent_scheduler [None req-f5799985-71b2-420b-97e2-e259069f4217 cdc27931c9f84c918b56a393bd73010a 35a94f648cb34aeb85bc99a75106d0ef - - default default] No more DHCP agents
2026-05-05 23:21:59.075 9 WARNING neutron.api.rpc.agentnotifiers.dhcp_rpc_agent_api [None req-f5799985-71b2-420b-97e2-e259069f4217 cdc27931c9f84c918b56a393bd73010a 35a94f648cb34aeb85bc99a75106d0ef - - default default] Unable to schedule network 49a83754-355d-4582-918a-d2d88293f162: no agents available; will retry on subsequent port and subnet creation events.
2026-05-05 23:21:59.114 9 INFO neutron.db.ovn_revision_numbers_db [None req-f5799985-71b2-420b-97e2-e259069f4217 cdc27931c9f84c918b56a393bd73010a 35a94f648cb34aeb85bc99a75106d0ef - - default default] Successfully bumped revision number for resource b52a3f85-b5b0-4269-a79f-724cf03cc2d2 (type: subnets) to 0
2026-05-05 23:21:59.117 10 INFO neutron.db.segments_db [None req-c757bbb2-c9ba-4aea-b457-66b955f7a65a 76e8f8fa5fb049d38afcea1c24943dbb 3e082f10b4614697af54979149b88623 - - default default] Added segment 832bdd44-4556-4b47-8783-9d6090a019d6 of type geneve for network c5d7fa6e-a9b4-4c50-8c80-0cd87f2d59b6
2026-05-05 23:21:59.130 9 INFO neutron.wsgi [None req-f5799985-71b2-420b-97e2-e259069f4217 cdc27931c9f84c918b56a393bd73010a 35a94f648cb34aeb85bc99a75106d0ef - - default default] 10.0.0.175 "POST /v2.0/subnets HTTP/1.1" status: 201 len: 821 time: 0.2580874
2026-05-05 23:21:59.145 10 WARNING neutron_lib.context [None req-ea223219-f4df-4ffd-b503-78dc51175f95 cdc27931c9f84c918b56a393bd73010a 35a94f648cb34aeb85bc99a75106d0ef - - default default] Method 'is_advsvc' is deprecated since 2023.2 release (neutron-lib 3.8.0) and will be removed once support for the old RBAC API policies will be removed from Neutron. Please use method 'is_service_role' instead.
2026-05-05 23:21:59.328 10 INFO neutron.db.ovn_revision_numbers_db [None req-c757bbb2-c9ba-4aea-b457-66b955f7a65a 76e8f8fa5fb049d38afcea1c24943dbb 3e082f10b4614697af54979149b88623 - - default default] Successfully bumped revision number for resource c5d7fa6e-a9b4-4c50-8c80-0cd87f2d59b6 (type: networks) to 1
2026-05-05 23:21:59.369 10 INFO neutron.db.ovn_revision_numbers_db [None req-ea223219-f4df-4ffd-b503-78dc51175f95 cdc27931c9f84c918b56a393bd73010a 35a94f648cb34aeb85bc99a75106d0ef - - default default] Successfully bumped revision number for resource a8d391b8-50e6-4e7d-858a-306f506883be (type: routers) to 1
2026-05-05 23:21:59.383 10 INFO neutron.wsgi [None req-ea223219-f4df-4ffd-b503-78dc51175f95 cdc27931c9f84c918b56a393bd73010a 35a94f648cb34aeb85bc99a75106d0ef - - default default] 10.0.0.175 "POST /v2.0/routers HTTP/1.1" status: 201 len: 690 time: 0.2452164
2026-05-05 23:21:59.534 10 WARNING neutron.scheduler.dhcp_agent_scheduler [None req-c757bbb2-c9ba-4aea-b457-66b955f7a65a 76e8f8fa5fb049d38afcea1c24943dbb 3e082f10b4614697af54979149b88623 - - default default] No more DHCP agents
2026-05-05 23:21:59.536 10 WARNING neutron.api.rpc.agentnotifiers.dhcp_rpc_agent_api [None req-c757bbb2-c9ba-4aea-b457-66b955f7a65a 76e8f8fa5fb049d38afcea1c24943dbb 3e082f10b4614697af54979149b88623 - - default default] Unable to schedule network c5d7fa6e-a9b4-4c50-8c80-0cd87f2d59b6: no agents available; will retry on subsequent port and subnet creation events.
2026-05-05 23:21:59.619 10 INFO neutron.db.ovn_revision_numbers_db [None req-c757bbb2-c9ba-4aea-b457-66b955f7a65a 76e8f8fa5fb049d38afcea1c24943dbb 3e082f10b4614697af54979149b88623 - - default default] Successfully bumped revision number for resource 7441849a-0518-4b1b-a00b-80ba6357ab38 (type: ports) to 1
2026-05-05 23:21:59.640 10 INFO neutron.wsgi [None req-c757bbb2-c9ba-4aea-b457-66b955f7a65a 76e8f8fa5fb049d38afcea1c24943dbb 3e082f10b4614697af54979149b88623 - - default default] 10.0.0.175 "POST /v2.0/networks HTTP/1.1" status: 201 len: 831 time: 0.6271858
2026-05-05 23:21:59.654 9 WARNING neutron_lib.context [None req-cfd6c922-d981-45e2-afb2-ed8265d89229 76e8f8fa5fb049d38afcea1c24943dbb 3e082f10b4614697af54979149b88623 - - default default] Method 'is_advsvc' is deprecated since 2023.2 release (neutron-lib 3.8.0) and will be removed once support for the old RBAC API policies will be removed from Neutron. Please use method 'is_service_role' instead.
2026-05-05 23:21:59.884 9 WARNING neutron.scheduler.dhcp_agent_scheduler [None req-bfc4938e-eeeb-4b08-a535-453c7464420d cdc27931c9f84c918b56a393bd73010a 35a94f648cb34aeb85bc99a75106d0ef - - default default] No more DHCP agents
2026-05-05 23:21:59.891 9 WARNING neutron.api.rpc.agentnotifiers.dhcp_rpc_agent_api [None req-bfc4938e-eeeb-4b08-a535-453c7464420d cdc27931c9f84c918b56a393bd73010a 35a94f648cb34aeb85bc99a75106d0ef - - default default] Unable to schedule network 49a83754-355d-4582-918a-d2d88293f162: no agents available; will retry on subsequent port and subnet creation events.
2026-05-05 23:21:59.976 9 WARNING neutron.scheduler.dhcp_agent_scheduler [None req-cfd6c922-d981-45e2-afb2-ed8265d89229 76e8f8fa5fb049d38afcea1c24943dbb 3e082f10b4614697af54979149b88623 - - default default] No more DHCP agents
2026-05-05 23:21:59.980 9 WARNING neutron.api.rpc.agentnotifiers.dhcp_rpc_agent_api [None req-cfd6c922-d981-45e2-afb2-ed8265d89229 76e8f8fa5fb049d38afcea1c24943dbb 3e082f10b4614697af54979149b88623 - - default default] Unable to schedule network c5d7fa6e-a9b4-4c50-8c80-0cd87f2d59b6: no agents available; will retry on subsequent port and subnet creation events.
2026-05-05 23:22:00.083 9 INFO neutron.db.ovn_revision_numbers_db [None req-bfc4938e-eeeb-4b08-a535-453c7464420d cdc27931c9f84c918b56a393bd73010a 35a94f648cb34aeb85bc99a75106d0ef - - default default] Successfully bumped revision number for resource e6033527-d61b-4502-bea5-f64c8a4728a6 (type: ports) to 1
2026-05-05 23:22:00.092 9 INFO neutron.db.ovn_revision_numbers_db [None req-cfd6c922-d981-45e2-afb2-ed8265d89229 76e8f8fa5fb049d38afcea1c24943dbb 3e082f10b4614697af54979149b88623 - - default default] Successfully bumped revision number for resource ff0490f4-3e7f-4acf-bf16-ba6c9e23e913 (type: ports) to 1
2026-05-05 23:22:00.129 9 INFO neutron.wsgi [None req-cfd6c922-d981-45e2-afb2-ed8265d89229 76e8f8fa5fb049d38afcea1c24943dbb 3e082f10b4614697af54979149b88623 - - default default] 10.0.0.175 "POST /v2.0/ports HTTP/1.1" status: 201 len: 942 time: 0.4796519 /var/lib/openstack/lib/python3.10/site-packages/pycadf/identifier.py:71: UserWarning: Invalid uuid: neutron. To ensure interoperability, identifiers should be a valid uuid. warnings.warn(('Invalid uuid: %s. To ensure interoperability, '
2026-05-05 23:22:00.153 10 WARNING neutron.plugins.ml2.drivers.ovn.mech_driver.ovsdb.ovn_client [None req-5af66a4f-525a-41ec-9b3b-bec5e9ec5c38 - - - - - -] No port found with ID 93fb986d-7b16-452a-bee0-e7bc1b0d1567: RuntimeError: No port found with ID 93fb986d-7b16-452a-bee0-e7bc1b0d1567
2026-05-05 23:22:00.198 9 INFO neutron.wsgi [None req-dbc712d7-40b5-46c5-84f8-a67c83ba0d51 76e8f8fa5fb049d38afcea1c24943dbb 3e082f10b4614697af54979149b88623 - - default default] 10.0.0.175 "PUT /v2.0/ports/a134ece9-5b0e-4db9-b7f2-86f79f7f0761/tags HTTP/1.1" status: 200 len: 210 time: 0.0631926
2026-05-05 23:22:00.266 10 INFO neutron.wsgi [None req-c0a88b56-75a1-4fe3-b5a1-078612afd6ff 76e8f8fa5fb049d38afcea1c24943dbb 3e082f10b4614697af54979149b88623 - - default default] 10.0.0.175 "PUT /v2.0/ports/82992998-a5de-4f90-b073-825ec07e19e2/tags HTTP/1.1" status: 200 len: 218 time: 0.0614445
2026-05-05 23:22:00.318 10 INFO neutron.wsgi [None req-16daf12a-6002-40ab-ae0b-344ac7d1ecdf 76e8f8fa5fb049d38afcea1c24943dbb 3e082f10b4614697af54979149b88623 - - default default] 10.0.0.175 "PUT /v2.0/ports/be455d9b-9db3-4480-a28a-a0bf18e2ae68/tags HTTP/1.1" status: 200 len: 227 time: 0.0477903
2026-05-05 23:22:00.381 10 INFO neutron.wsgi [None req-392c4de9-5aff-44c9-a380-706257a69889 76e8f8fa5fb049d38afcea1c24943dbb 3e082f10b4614697af54979149b88623 - - default default] 10.0.0.175 "PUT /v2.0/ports/8be2570e-c5ac-4fc9-89fe-4b7903a7a024/tags HTTP/1.1" status: 200 len: 212 time: 0.0579960
2026-05-05 23:22:00.480 9 INFO neutron.plugins.ml2.drivers.ovn.mech_driver.mech_driver [None req-3477c0ba-b0a4-456f-9ac4-996e9fa5baad - - - - - -] OVN reports status up for port: e6033527-d61b-4502-bea5-f64c8a4728a6
2026-05-05 23:22:00.506 9 INFO neutron.plugins.ml2.plugin [None req-3477c0ba-b0a4-456f-9ac4-996e9fa5baad - - - - - -] Attempt 1 to provision port e6033527-d61b-4502-bea5-f64c8a4728a6
2026-05-05 23:22:00.516 9 INFO neutron.db.ovn_revision_numbers_db [None req-bfc4938e-eeeb-4b08-a535-453c7464420d cdc27931c9f84c918b56a393bd73010a 35a94f648cb34aeb85bc99a75106d0ef - - default default] Successfully bumped revision number for resource e6033527-d61b-4502-bea5-f64c8a4728a6 (type: router_ports) to 1
2026-05-05 23:22:00.652 10 INFO neutron.wsgi [None req-4fb1cb5c-8da9-4ca7-afb8-ca109564fe1e 76e8f8fa5fb049d38afcea1c24943dbb 3e082f10b4614697af54979149b88623 - - default default] 10.0.0.175 "GET /v2.0/ports?tags=red HTTP/1.1" status: 200 len: 2448 time: 0.2659614
2026-05-05 23:22:00.700 9 INFO neutron.db.ovn_revision_numbers_db [None req-bfc4938e-eeeb-4b08-a535-453c7464420d cdc27931c9f84c918b56a393bd73010a 35a94f648cb34aeb85bc99a75106d0ef - - default default] Successfully bumped revision number for resource e6033527-d61b-4502-bea5-f64c8a4728a6 (type: ports) to 1
2026-05-05 23:22:00.718 10 INFO neutron.wsgi [None req-e4e542c0-033d-4b0a-b78e-226f1f4fd105 76e8f8fa5fb049d38afcea1c24943dbb 3e082f10b4614697af54979149b88623 - - default default] 10.0.0.175 "GET /v2.0/ports?tags=red%2Cblue HTTP/1.1" status: 200 len: 1708 time: 0.0608475
2026-05-05 23:22:00.791 10 INFO neutron.wsgi [None req-7b38baa9-54b7-45e2-9fc0-4c7d0c389355 76e8f8fa5fb049d38afcea1c24943dbb 3e082f10b4614697af54979149b88623 - - default default] 10.0.0.175 "GET /v2.0/ports?tags-any=blue HTTP/1.1" status: 200 len: 1708 time: 0.0675223
2026-05-05 23:22:00.806 9 WARNING neutron.scheduler.dhcp_agent_scheduler [None req-bfc4938e-eeeb-4b08-a535-453c7464420d cdc27931c9f84c918b56a393bd73010a 35a94f648cb34aeb85bc99a75106d0ef - - default default] No more DHCP agents
2026-05-05 23:22:00.810 9 WARNING neutron.api.rpc.agentnotifiers.dhcp_rpc_agent_api [None req-bfc4938e-eeeb-4b08-a535-453c7464420d cdc27931c9f84c918b56a393bd73010a 35a94f648cb34aeb85bc99a75106d0ef - - default default] Unable to schedule network 49a83754-355d-4582-918a-d2d88293f162: no agents available; will retry on subsequent port and subnet creation events.
2026-05-05 23:22:00.841 10 INFO neutron.wsgi [None req-07451711-b9d9-4d23-9f7e-fe3a404a6903 76e8f8fa5fb049d38afcea1c24943dbb 3e082f10b4614697af54979149b88623 - - default default] 10.0.0.175 "GET /v2.0/ports?tags-any=red%2Cblue HTTP/1.1" status: 200 len: 2448 time: 0.0441093
2026-05-05 23:22:00.961 9 INFO neutron.db.ovn_revision_numbers_db [None req-3477c0ba-b0a4-456f-9ac4-996e9fa5baad - - - - - -] Successfully bumped revision number for resource e6033527-d61b-4502-bea5-f64c8a4728a6 (type: ports) to 2
2026-05-05 23:22:00.987 9 INFO neutron.db.ovn_revision_numbers_db [None req-bfc4938e-eeeb-4b08-a535-453c7464420d cdc27931c9f84c918b56a393bd73010a 35a94f648cb34aeb85bc99a75106d0ef - - default default] Successfully bumped revision number for resource e6033527-d61b-4502-bea5-f64c8a4728a6 (type: router_ports) to 2
2026-05-05 23:22:00.990 9 INFO neutron.wsgi [None req-bfc4938e-eeeb-4b08-a535-453c7464420d cdc27931c9f84c918b56a393bd73010a 35a94f648cb34aeb85bc99a75106d0ef - - default default] 10.0.0.175 "PUT /v2.0/routers/a8d391b8-50e6-4e7d-858a-306f506883be/add_router_interface HTTP/1.1" status: 200 len: 503 time: 1.6006818
2026-05-05 23:22:01.043 9 INFO neutron.wsgi [None req-91c8fe14-f137-4876-ab99-5e8804667905 cdc27931c9f84c918b56a393bd73010a 35a94f648cb34aeb85bc99a75106d0ef - - default default] 10.0.0.175 "GET /v2.0/ports/e6033527-d61b-4502-bea5-f64c8a4728a6 HTTP/1.1" status: 200 len: 1141 time: 0.0408974
2026-05-05 23:22:01.082 9 INFO neutron.wsgi [None req-65a1abd7-efcf-4f57-b86b-3cf2de3762cc cdc27931c9f84c918b56a393bd73010a 35a94f648cb34aeb85bc99a75106d0ef - - default default] 10.0.0.175 "GET /v2.0/ports/e6033527-d61b-4502-bea5-f64c8a4728a6 HTTP/1.1" status: 200 len: 1141 time: 0.0318396
2026-05-05 23:22:01.349 10 INFO neutron.wsgi [None req-7001fc24-4263-4e9f-a224-f61876a5493a 76e8f8fa5fb049d38afcea1c24943dbb 3e082f10b4614697af54979149b88623 - - default default] 10.0.0.175 "GET /v2.0/ports?not-tags=red HTTP/1.1" status: 200 len: 5463 time: 0.5020120
2026-05-05 23:22:01.438 10 INFO neutron.wsgi [None req-8fe6a1a6-043d-4d6f-85be-4d11f5bd7b24 76e8f8fa5fb049d38afcea1c24943dbb 3e082f10b4614697af54979149b88623 - - default default] 10.0.0.175 "GET /v2.0/ports?not-tags=red%2Cblue HTTP/1.1" status: 200 len: 6203 time: 0.0848613
2026-05-05 23:22:01.866 9 INFO neutron.wsgi [None req-cf86281f-848f-4662-8ea3-c3bcce6afba3 76e8f8fa5fb049d38afcea1c24943dbb 3e082f10b4614697af54979149b88623 - - default default] 10.0.0.175 "GET /v2.0/ports?not-tags-any=blue HTTP/1.1" status: 200 len: 6203 time: 0.4223347
2026-05-05 23:22:01.916 9 INFO neutron.wsgi [None req-0e49789f-f51d-4292-8dd4-fd21246dc31c cdc27931c9f84c918b56a393bd73010a 35a94f648cb34aeb85bc99a75106d0ef - - default default] 10.0.0.175 "PUT /v2.0/routers/a8d391b8-50e6-4e7d-858a-306f506883be/remove_router_interface HTTP/1.1" status: 200 len: 503 time: 0.8242908 /var/lib/openstack/lib/python3.10/site-packages/pycadf/identifier.py:71: UserWarning: Invalid uuid: neutron. To ensure interoperability, identifiers should be a valid uuid. warnings.warn(('Invalid uuid: %s. To ensure interoperability, '
2026-05-05 23:22:01.946 10 INFO neutron.wsgi [None req-798ee5e8-8c13-414f-a3da-550e45c13d05 76e8f8fa5fb049d38afcea1c24943dbb 3e082f10b4614697af54979149b88623 - - default default] 10.0.0.175 "GET /v2.0/ports?not-tags-any=red%2Cblue HTTP/1.1" status: 200 len: 5463 time: 0.0754981
