2026-05-05 23:21:41.559 10 INFO neutron.db.ovn_revision_numbers_db [None req-90aa3197-8afc-473b-a862-5f0c5e135831 cc53ead19fd04f48b9de74174830d004 db474edd8c3f4bc483ef002a4b312d07 - - default default] Successfully bumped revision number for resource 0218b5fc-70ad-4264-8627-25f82bc6ebe8 (type: security_group_rules) to 0
2026-05-05 23:21:41.560 9 INFO neutron.services.segments.plugin [-] Segment bfb6d6af-5905-42a4-9275-9501348876d1 resource provider aggregate not found
2026-05-05 23:21:41.572 10 INFO neutron.db.ovn_revision_numbers_db [None req-abc25f59-504c-4e0f-862d-cb586f5dce72 c02c932d7939400ca30d42e451168fa5 6426e9a555b74ca38956a9b8f736be1d - - default default] Successfully bumped revision number for resource 605cdb75-b637-4ddb-9197-9dc167c2ee92 (type: ports) to 1
2026-05-05 23:21:41.574 10 INFO neutron.db.ovn_revision_numbers_db [None req-90aa3197-8afc-473b-a862-5f0c5e135831 cc53ead19fd04f48b9de74174830d004 db474edd8c3f4bc483ef002a4b312d07 - - default default] Successfully bumped revision number for resource 2e26b80b-a502-4551-80f8-e1f82a79c1f2 (type: security_group_rules) to 0
2026-05-05 23:21:41.581 9 INFO neutron.services.segments.plugin [-] Segment bfb6d6af-5905-42a4-9275-9501348876d1 resource provider not found; error: Placement Client Error (4xx): {"errors": [{"status": 404, "title": "Not Found", "detail": "The resource could not be found.\n\n No resource provider with uuid bfb6d6af-5905-42a4-9275-9501348876d1 found for delete ", "request_id": "req-2be6988b-5419-4780-8665-fb70a363ec29"}]}
2026-05-05 23:21:41.582 9 INFO neutron.services.segments.plugin [-] Segment bfb6d6af-5905-42a4-9275-9501348876d1 resource provider not found; error: Placement Client Error (4xx): {"errors": [{"status": 404, "title": "Not Found", "detail": "The resource could not be found.\n\n No resource provider with uuid bfb6d6af-5905-42a4-9275-9501348876d1 found for delete ", "request_id": "req-50213279-860d-4730-bd62-e68b46c550d5"}]}
2026-05-05 23:21:41.596 10 INFO neutron.db.ovn_revision_numbers_db [None req-90aa3197-8afc-473b-a862-5f0c5e135831 cc53ead19fd04f48b9de74174830d004 db474edd8c3f4bc483ef002a4b312d07 - - default default] Successfully bumped revision number for resource 44f4aa9d-d765-4732-b427-079552f21d6d (type: security_group_rules) to 0
2026-05-05 23:21:41.601 10 INFO neutron.wsgi [None req-abc25f59-504c-4e0f-862d-cb586f5dce72 c02c932d7939400ca30d42e451168fa5 6426e9a555b74ca38956a9b8f736be1d - - default default] 10.0.0.175 "POST /v2.0/networks HTTP/1.1" status: 201 len: 830 time: 0.9940538
2026-05-05 23:21:41.613 9 WARNING neutron_lib.context [None req-94bf17ed-7d02-4bbe-b008-74143572d57a c02c932d7939400ca30d42e451168fa5 6426e9a555b74ca38956a9b8f736be1d - - default default] Method 'is_advsvc' is deprecated since 2023.2 release (neutron-lib 3.8.0) and will be removed once support for the old RBAC API policies will be removed from Neutron. Please use method 'is_service_role' instead.
2026-05-05 23:21:41.617 10 INFO neutron.db.ovn_revision_numbers_db [None req-90aa3197-8afc-473b-a862-5f0c5e135831 cc53ead19fd04f48b9de74174830d004 db474edd8c3f4bc483ef002a4b312d07 - - default default] Successfully bumped revision number for resource f20d9645-ebca-4454-964e-4b6671dc4cbf (type: security_group_rules) to 0
2026-05-05 23:21:41.643 10 INFO neutron.wsgi [None req-90aa3197-8afc-473b-a862-5f0c5e135831 cc53ead19fd04f48b9de74174830d004 db474edd8c3f4bc483ef002a4b312d07 - - default default] 10.0.0.175 "GET /v2.0/security-groups?tenant_id=ab31b53000b7449094de0052ef9759a0&name=default HTTP/1.1" status: 200 len: 2996 time: 0.4226251
2026-05-05 23:21:41.711 9 INFO neutron.db.segments_db [None req-94bf17ed-7d02-4bbe-b008-74143572d57a c02c932d7939400ca30d42e451168fa5 6426e9a555b74ca38956a9b8f736be1d - - default default] Added segment c7140ec8-168d-47e3-8ef8-e4f648a1a55d of type geneve for network f69a2451-445b-46f0-ab0b-31ffc39a3bc5
2026-05-05 23:21:41.724 9 INFO neutron.db.ovn_revision_numbers_db [None req-680e9499-b63c-46e1-9dd7-e830a53eac89 894ef4dbb18e4795a2bb67e9a06cf05b 55e2256b74264f13aeec15215d51e174 - - default default] Successfully bumped revision number for resource e8694a53-90d2-4f23-b92e-d73ab83982c6 (type: ports) to 1
2026-05-05 23:21:41.759 9 INFO neutron.wsgi [None req-680e9499-b63c-46e1-9dd7-e830a53eac89 894ef4dbb18e4795a2bb67e9a06cf05b 55e2256b74264f13aeec15215d51e174 - - default default] 10.0.0.175 "POST /v2.0/ports HTTP/1.1" status: 201 len: 1114 time: 0.5412498
2026-05-05 23:21:41.852 9 INFO neutron.db.ovn_revision_numbers_db [None req-94bf17ed-7d02-4bbe-b008-74143572d57a c02c932d7939400ca30d42e451168fa5 6426e9a555b74ca38956a9b8f736be1d - - default default] Successfully bumped revision number for resource f69a2451-445b-46f0-ab0b-31ffc39a3bc5 (type: networks) to 1
2026-05-05 23:21:41.907 10 INFO neutron.wsgi [None req-184d5d3d-7ccf-487a-84fb-c8ececa54214 cc53ead19fd04f48b9de74174830d004 db474edd8c3f4bc483ef002a4b312d07 - - default default] 10.0.0.175 "DELETE /v2.0/security-groups/58f12cc3-dca3-4615-b2e2-93cf27f7d94c HTTP/1.1" status: 204 len: 168 time: 0.2589331
2026-05-05 23:21:42.031 9 WARNING neutron.scheduler.dhcp_agent_scheduler [None req-94bf17ed-7d02-4bbe-b008-74143572d57a c02c932d7939400ca30d42e451168fa5 6426e9a555b74ca38956a9b8f736be1d - - default default] No more DHCP agents
2026-05-05 23:21:42.035 9 WARNING neutron.api.rpc.agentnotifiers.dhcp_rpc_agent_api [None req-94bf17ed-7d02-4bbe-b008-74143572d57a c02c932d7939400ca30d42e451168fa5 6426e9a555b74ca38956a9b8f736be1d - - default default] Unable to schedule network f69a2451-445b-46f0-ab0b-31ffc39a3bc5: no agents available; will retry on subsequent port and subnet creation events.
2026-05-05 23:21:42.119 9 INFO neutron.db.ovn_revision_numbers_db [None req-94bf17ed-7d02-4bbe-b008-74143572d57a c02c932d7939400ca30d42e451168fa5 6426e9a555b74ca38956a9b8f736be1d - - default default] Successfully bumped revision number for resource 13a5a8e5-edc4-4748-8039-71c0405bfc16 (type: ports) to 1
2026-05-05 23:21:42.145 10 INFO neutron.wsgi [None req-fd755ccf-bb73-4a86-a7b2-75be21eaab30 894ef4dbb18e4795a2bb67e9a06cf05b 55e2256b74264f13aeec15215d51e174 - - default default] 10.0.0.175 "DELETE /v2.0/ports/e8694a53-90d2-4f23-b92e-d73ab83982c6 HTTP/1.1" status: 204 len: 168 time: 0.3781185
2026-05-05 23:21:42.147 9 INFO neutron.wsgi [None req-94bf17ed-7d02-4bbe-b008-74143572d57a c02c932d7939400ca30d42e451168fa5 6426e9a555b74ca38956a9b8f736be1d - - default default] 10.0.0.175 "POST /v2.0/networks HTTP/1.1" status: 201 len: 831 time: 0.5414727
2026-05-05 23:21:42.157 10 WARNING neutron_lib.context [None req-3ba2cdcb-077a-48c4-9150-caac75450820 c02c932d7939400ca30d42e451168fa5 6426e9a555b74ca38956a9b8f736be1d - - default default] Method 'is_advsvc' is deprecated since 2023.2 release (neutron-lib 3.8.0) and will be removed once support for the old RBAC API policies will be removed from Neutron. Please use method 'is_service_role' instead.
2026-05-05 23:21:42.165 10 INFO neutron.db.ovn_revision_numbers_db [None req-4043540c-db87-4d25-b064-a9ef06d736f7 cc53ead19fd04f48b9de74174830d004 db474edd8c3f4bc483ef002a4b312d07 - - default default] Successfully bumped revision number for resource 3c21ae49-0dd1-48b2-9526-8c485d231f39 (type: security_groups) to 1
2026-05-05 23:21:42.168 9 INFO neutron.pecan_wsgi.hooks.translation [None req-b0d38bf1-6846-4d9d-a1f2-3da2de361f37 894ef4dbb18e4795a2bb67e9a06cf05b 55e2256b74264f13aeec15215d51e174 - - default default] GET failed (client error): The resource could not be found.
2026-05-05 23:21:42.170 9 INFO neutron.wsgi [None req-b0d38bf1-6846-4d9d-a1f2-3da2de361f37 894ef4dbb18e4795a2bb67e9a06cf05b 55e2256b74264f13aeec15215d51e174 - - default default] 10.0.0.175 "GET /v2.0/ports/e8694a53-90d2-4f23-b92e-d73ab83982c6 HTTP/1.1" status: 404 len: 333 time: 0.0208251
2026-05-05 23:21:42.181 10 INFO neutron.db.ovn_revision_numbers_db [None req-4043540c-db87-4d25-b064-a9ef06d736f7 cc53ead19fd04f48b9de74174830d004 db474edd8c3f4bc483ef002a4b312d07 - - default default] Successfully bumped revision number for resource 1f3751b0-4be2-404b-b856-f56e6b7b9a4f (type: security_group_rules) to 0
2026-05-05 23:21:42.205 10 INFO neutron.db.ovn_revision_numbers_db [None req-4043540c-db87-4d25-b064-a9ef06d736f7 cc53ead19fd04f48b9de74174830d004 db474edd8c3f4bc483ef002a4b312d07 - - default default] Successfully bumped revision number for resource 23af329d-3ea4-4e00-ba8f-6a2913cf98ca (type: security_group_rules) to 0
2026-05-05 23:21:42.221 10 INFO neutron.db.ovn_revision_numbers_db [None req-4043540c-db87-4d25-b064-a9ef06d736f7 cc53ead19fd04f48b9de74174830d004 db474edd8c3f4bc483ef002a4b312d07 - - default default] Successfully bumped revision number for resource 5427e99f-3334-46ab-bfec-2076dbb71424 (type: security_group_rules) to 0
2026-05-05 23:21:42.234 10 INFO neutron.db.ovn_revision_numbers_db [None req-4043540c-db87-4d25-b064-a9ef06d736f7 cc53ead19fd04f48b9de74174830d004 db474edd8c3f4bc483ef002a4b312d07 - - default default] Successfully bumped revision number for resource 62262419-b5ce-43b7-a7a1-b72e3cf556a3 (type: security_group_rules) to 0
2026-05-05 23:21:42.264 10 INFO neutron.db.segments_db [None req-3ba2cdcb-077a-48c4-9150-caac75450820 c02c932d7939400ca30d42e451168fa5 6426e9a555b74ca38956a9b8f736be1d - - default default] Added segment 9b6ee999-00cd-401b-8c05-d26a61102a5e of type geneve for network 85f46849-ee55-48d4-9287-3d63d561f7c2
2026-05-05 23:21:42.267 10 INFO neutron.wsgi [None req-4043540c-db87-4d25-b064-a9ef06d736f7 cc53ead19fd04f48b9de74174830d004 db474edd8c3f4bc483ef002a4b312d07 - - default default] 10.0.0.175 "GET /v2.0/security-groups?tenant_id=45c243fa127a4c479b4f9ddec424d9de&name=default HTTP/1.1" status: 200 len: 2996 time: 0.2630486
2026-05-05 23:21:42.374 9 INFO neutron.wsgi [None req-91306a72-744e-45eb-a53e-c1b7bfe2c545 894ef4dbb18e4795a2bb67e9a06cf05b 55e2256b74264f13aeec15215d51e174 - - default default] 10.0.0.175 "DELETE /v2.0/subnets/8d98c78c-15de-4962-9a52-b293597540ba HTTP/1.1" status: 204 len: 168 time: 0.1997805
2026-05-05 23:21:42.402 10 INFO neutron.db.ovn_revision_numbers_db [None req-3ba2cdcb-077a-48c4-9150-caac75450820 c02c932d7939400ca30d42e451168fa5 6426e9a555b74ca38956a9b8f736be1d - - default default] Successfully bumped revision number for resource 85f46849-ee55-48d4-9287-3d63d561f7c2 (type: networks) to 1
2026-05-05 23:21:42.574 10 WARNING neutron.scheduler.dhcp_agent_scheduler [None req-3ba2cdcb-077a-48c4-9150-caac75450820 c02c932d7939400ca30d42e451168fa5 6426e9a555b74ca38956a9b8f736be1d - - default default] No more DHCP agents
2026-05-05 23:21:42.577 10 WARNING neutron.api.rpc.agentnotifiers.dhcp_rpc_agent_api [None req-3ba2cdcb-077a-48c4-9150-caac75450820 c02c932d7939400ca30d42e451168fa5 6426e9a555b74ca38956a9b8f736be1d - - default default] Unable to schedule network 85f46849-ee55-48d4-9287-3d63d561f7c2: no agents available; will retry on subsequent port and subnet creation events.
2026-05-05 23:21:42.577 9 INFO neutron.wsgi [None req-c10ac3e1-0ed3-4e45-b32f-c4b00d25d6d9 cc53ead19fd04f48b9de74174830d004 db474edd8c3f4bc483ef002a4b312d07 - - default default] 10.0.0.175 "DELETE /v2.0/security-groups/3c21ae49-0dd1-48b2-9526-8c485d231f39 HTTP/1.1" status: 204 len: 168 time: 0.3024473
2026-05-05 23:21:42.672 10 INFO neutron.db.ovn_revision_numbers_db [None req-3ba2cdcb-077a-48c4-9150-caac75450820 c02c932d7939400ca30d42e451168fa5 6426e9a555b74ca38956a9b8f736be1d - - default default] Successfully bumped revision number for resource 9153b380-0010-408e-8485-693a6ffa5109 (type: ports) to 1
2026-05-05 23:21:42.694 10 INFO neutron.wsgi [None req-3ba2cdcb-077a-48c4-9150-caac75450820 c02c932d7939400ca30d42e451168fa5 6426e9a555b74ca38956a9b8f736be1d - - default default] 10.0.0.175 "POST /v2.0/networks HTTP/1.1" status: 201 len: 831 time: 0.5426245
2026-05-05 23:21:42.705 9 WARNING neutron_lib.context [None req-a32768dc-8848-4723-b23d-65e89fb70754 c02c932d7939400ca30d42e451168fa5 6426e9a555b74ca38956a9b8f736be1d - - default default] Method 'is_advsvc' is deprecated since 2023.2 release (neutron-lib 3.8.0) and will be removed once support for the old RBAC API policies will be removed from Neutron. Please use method 'is_service_role' instead.
2026-05-05 23:21:42.790 9 INFO neutron.wsgi [None req-a3530ec7-2340-426b-a69e-e3e721e4b68a 894ef4dbb18e4795a2bb67e9a06cf05b 55e2256b74264f13aeec15215d51e174 - - default default] 10.0.0.175 "DELETE /v2.0/networks/5e5f1478-0bb6-41a9-b8d5-d3f30b117a38 HTTP/1.1" status: 204 len: 168 time: 0.4101989
2026-05-05 23:21:42.802 10 WARNING neutron_lib.context [None req-90feb5ee-455c-4f75-9c96-741e601ac1d6 894ef4dbb18e4795a2bb67e9a06cf05b 55e2256b74264f13aeec15215d51e174 - - default default] Method 'is_advsvc' is deprecated since 2023.2 release (neutron-lib 3.8.0) and will be removed once support for the old RBAC API policies will be removed from Neutron. Please use method 'is_service_role' instead.
2026-05-05 23:21:42.822 9 INFO neutron.db.segments_db [None req-a32768dc-8848-4723-b23d-65e89fb70754 c02c932d7939400ca30d42e451168fa5 6426e9a555b74ca38956a9b8f736be1d - - default default] Added segment 5f1af63a-bb88-4174-b3c1-995a54abde65 of type geneve for network acf0834f-3279-4905-8870-452517fe4a06
2026-05-05 23:21:42.981 9 INFO neutron.db.ovn_revision_numbers_db [None req-a32768dc-8848-4723-b23d-65e89fb70754 c02c932d7939400ca30d42e451168fa5 6426e9a555b74ca38956a9b8f736be1d - - default default] Successfully bumped revision number for resource acf0834f-3279-4905-8870-452517fe4a06 (type: networks) to 1
2026-05-05 23:21:43.040 9 WARNING neutron_lib.context [None req-c2b6c46f-852b-488f-a22a-0f666469cf98 cdc27931c9f84c918b56a393bd73010a 35a94f648cb34aeb85bc99a75106d0ef - - default default] Method 'is_advsvc' is deprecated since 2023.2 release (neutron-lib 3.8.0) and will be removed once support for the old RBAC API policies will be removed from Neutron. Please use method 'is_service_role' instead.
2026-05-05 23:21:43.043 10 WARNING neutron.scheduler.dhcp_agent_scheduler [None req-90feb5ee-455c-4f75-9c96-741e601ac1d6 894ef4dbb18e4795a2bb67e9a06cf05b 55e2256b74264f13aeec15215d51e174 - - default default] No more DHCP agents
2026-05-05 23:21:43.046 10 WARNING neutron.api.rpc.agentnotifiers.dhcp_rpc_agent_api [None req-90feb5ee-455c-4f75-9c96-741e601ac1d6 894ef4dbb18e4795a2bb67e9a06cf05b 55e2256b74264f13aeec15215d51e174 - - default default] Unable to schedule network 462a0bf3-ea1c-45a4-acc1-40d3b7771678: no agents available; will retry on subsequent port and subnet creation events.
2026-05-05 23:21:43.123 10 INFO neutron.db.ovn_revision_numbers_db [None req-90feb5ee-455c-4f75-9c96-741e601ac1d6 894ef4dbb18e4795a2bb67e9a06cf05b 55e2256b74264f13aeec15215d51e174 - - default default] Successfully bumped revision number for resource fa475d60-7d41-4bed-8b6f-31408495d34c (type: ports) to 1
2026-05-05 23:21:43.145 10 INFO neutron.wsgi [None req-90feb5ee-455c-4f75-9c96-741e601ac1d6 894ef4dbb18e4795a2bb67e9a06cf05b 55e2256b74264f13aeec15215d51e174 - - default default] 10.0.0.175 "POST /v2.0/ports HTTP/1.1" status: 201 len: 974 time: 0.3470895 /var/lib/openstack/lib/python3.10/site-packages/pycadf/identifier.py:71: UserWarning: Invalid uuid: neutron. To ensure interoperability, identifiers should be a valid uuid. warnings.warn(('Invalid uuid: %s. To ensure interoperability, '
2026-05-05 23:21:43.189 9 WARNING neutron.scheduler.dhcp_agent_scheduler [None req-a32768dc-8848-4723-b23d-65e89fb70754 c02c932d7939400ca30d42e451168fa5 6426e9a555b74ca38956a9b8f736be1d - - default default] No more DHCP agents
2026-05-05 23:21:43.194 9 WARNING neutron.api.rpc.agentnotifiers.dhcp_rpc_agent_api [None req-a32768dc-8848-4723-b23d-65e89fb70754 c02c932d7939400ca30d42e451168fa5 6426e9a555b74ca38956a9b8f736be1d - - default default] Unable to schedule network acf0834f-3279-4905-8870-452517fe4a06: no agents available; will retry on subsequent port and subnet creation events.
2026-05-05 23:21:43.247 9 INFO neutron.db.ovn_revision_numbers_db [None req-c2b6c46f-852b-488f-a22a-0f666469cf98 cdc27931c9f84c918b56a393bd73010a 35a94f648cb34aeb85bc99a75106d0ef - - default default] Successfully bumped revision number for resource 6c2a9cb7-5f5f-44dc-8c28-9e38140c18af (type: security_groups) to 1
2026-05-05 23:21:43.264 9 INFO neutron.db.ovn_revision_numbers_db [None req-c2b6c46f-852b-488f-a22a-0f666469cf98 cdc27931c9f84c918b56a393bd73010a 35a94f648cb34aeb85bc99a75106d0ef - - default default] Successfully bumped revision number for resource 0cb45170-0a25-4da9-b610-2671ccb7c600 (type: security_group_rules) to 0
2026-05-05 23:21:43.290 9 INFO neutron.db.ovn_revision_numbers_db [None req-c2b6c46f-852b-488f-a22a-0f666469cf98 cdc27931c9f84c918b56a393bd73010a 35a94f648cb34aeb85bc99a75106d0ef - - default default] Successfully bumped revision number for resource 1a8a26a4-861c-4dd2-8b3e-0154254a2820 (type: security_group_rules) to 0
2026-05-05 23:21:43.294 9 INFO neutron.db.ovn_revision_numbers_db [None req-a32768dc-8848-4723-b23d-65e89fb70754 c02c932d7939400ca30d42e451168fa5 6426e9a555b74ca38956a9b8f736be1d - - default default] Successfully bumped revision number for resource 5521246e-61eb-4423-a385-9f00951c5739 (type: ports) to 1
2026-05-05 23:21:43.310 9 INFO neutron.db.ovn_revision_numbers_db [None req-c2b6c46f-852b-488f-a22a-0f666469cf98 cdc27931c9f84c918b56a393bd73010a 35a94f648cb34aeb85bc99a75106d0ef - - default default] Successfully bumped revision number for resource 5999ee83-bc54-4abd-97ec-93988e16c7f3 (type: security_group_rules) to 0
2026-05-05 23:21:43.321 9 INFO neutron.wsgi [None req-a32768dc-8848-4723-b23d-65e89fb70754 c02c932d7939400ca30d42e451168fa5 6426e9a555b74ca38956a9b8f736be1d - - default default] 10.0.0.175 "POST /v2.0/networks HTTP/1.1" status: 201 len: 830 time: 0.6216490
2026-05-05 23:21:43.329 9 WARNING neutron_lib.context [None req-5eca0b4b-c703-43c4-ace6-6439e85fc0d0 c02c932d7939400ca30d42e451168fa5 6426e9a555b74ca38956a9b8f736be1d - - default default] Method 'is_advsvc' is deprecated since 2023.2 release (neutron-lib 3.8.0) and will be removed once support for the old RBAC API policies will be removed from Neutron. Please use method 'is_service_role' instead.
2026-05-05 23:21:43.332 9 INFO neutron.db.ovn_revision_numbers_db [None req-c2b6c46f-852b-488f-a22a-0f666469cf98 cdc27931c9f84c918b56a393bd73010a 35a94f648cb34aeb85bc99a75106d0ef - - default default] Successfully bumped revision number for resource f6bfc5bb-37a2-4849-8982-704a25f143a7 (type: security_group_rules) to 0
2026-05-05 23:21:43.380 9 INFO neutron.db.segments_db [None req-c2b6c46f-852b-488f-a22a-0f666469cf98 cdc27931c9f84c918b56a393bd73010a 35a94f648cb34aeb85bc99a75106d0ef - - default default] Added segment 6f8fa35f-a730-4ad6-96f0-1a9e5df9a17c of type geneve for network c5a63633-4e1e-44b5-b817-cdf5649b770d
2026-05-05 23:21:43.403 10 INFO neutron.plugins.ml2.drivers.ovn.mech_driver.mech_driver [None req-5af66a4f-525a-41ec-9b3b-bec5e9ec5c38 - - - - - -] OVN reports status down for port: fa475d60-7d41-4bed-8b6f-31408495d34c
2026-05-05 23:21:43.435 9 INFO neutron.db.segments_db [None req-5eca0b4b-c703-43c4-ace6-6439e85fc0d0 c02c932d7939400ca30d42e451168fa5 6426e9a555b74ca38956a9b8f736be1d - - default default] Added segment bd840455-7e13-44b0-a5a6-ec3e2afa879c of type geneve for network 67b968b4-5899-4c4a-8a05-05f45564388b
2026-05-05 23:21:43.451 10 INFO neutron.db.ovn_revision_numbers_db [None req-c6ed9215-314a-4b6f-81d5-fbf1873fa113 894ef4dbb18e4795a2bb67e9a06cf05b 55e2256b74264f13aeec15215d51e174 - - default default] Successfully bumped revision number for resource fa475d60-7d41-4bed-8b6f-31408495d34c (type: ports) to 2
2026-05-05 23:21:43.480 10 INFO neutron.wsgi [None req-c6ed9215-314a-4b6f-81d5-fbf1873fa113 894ef4dbb18e4795a2bb67e9a06cf05b 55e2256b74264f13aeec15215d51e174 - - default default] 10.0.0.175 "PUT /v2.0/ports/fa475d60-7d41-4bed-8b6f-31408495d34c HTTP/1.1" status: 200 len: 946 time: 0.3288488 /var/lib/openstack/lib/python3.10/site-packages/pycadf/identifier.py:71: UserWarning: Invalid uuid: neutron. To ensure interoperability, identifiers should be a valid uuid. warnings.warn(('Invalid uuid: %s. To ensure interoperability, '
2026-05-05 23:21:43.560 9 INFO neutron.db.ovn_revision_numbers_db [None req-c2b6c46f-852b-488f-a22a-0f666469cf98 cdc27931c9f84c918b56a393bd73010a 35a94f648cb34aeb85bc99a75106d0ef - - default default] Successfully bumped revision number for resource c5a63633-4e1e-44b5-b817-cdf5649b770d (type: networks) to 1
2026-05-05 23:21:43.607 9 INFO neutron.services.segments.plugin [-] Segment 3d338f50-0ec5-4399-a21e-ac3955fdc1c6 resource provider aggregate not found
2026-05-05 23:21:43.617 9 INFO neutron.services.segments.plugin [-] Segment 3d338f50-0ec5-4399-a21e-ac3955fdc1c6 resource provider aggregate not found
2026-05-05 23:21:43.634 9 INFO neutron.services.segments.plugin [-] Segment 3d338f50-0ec5-4399-a21e-ac3955fdc1c6 resource provider not found; error: Placement Client Error (4xx): {"errors": [{"status": 404, "title": "Not Found", "detail": "The resource could not be found.\n\n No resource provider with uuid 3d338f50-0ec5-4399-a21e-ac3955fdc1c6 found for delete ", "request_id": "req-5349393f-9f0a-4c16-91b3-62f5dbb34f14"}]}
2026-05-05 23:21:43.635 9 INFO neutron.services.segments.plugin [-] Segment 3d338f50-0ec5-4399-a21e-ac3955fdc1c6 resource provider not found; error: Placement Client Error (4xx): {"errors": [{"status": 404, "title": "Not Found", "detail": "The resource could not be found.\n\n No resource provider with uuid 3d338f50-0ec5-4399-a21e-ac3955fdc1c6 found for delete ", "request_id": "req-de2c3bad-f733-4ffc-bea2-3bb51c04766b"}]}
2026-05-05 23:21:43.680 9 INFO neutron.db.ovn_revision_numbers_db [None req-5eca0b4b-c703-43c4-ace6-6439e85fc0d0 c02c932d7939400ca30d42e451168fa5 6426e9a555b74ca38956a9b8f736be1d - - default default] Successfully bumped revision number for resource 67b968b4-5899-4c4a-8a05-05f45564388b (type: networks) to 1
2026-05-05 23:21:43.720 10 INFO neutron.wsgi [None req-dd6dbc70-03ea-4af4-bc43-a97e507de857 894ef4dbb18e4795a2bb67e9a06cf05b 55e2256b74264f13aeec15215d51e174 - - default default] 10.0.0.175 "DELETE /v2.0/ports/fa475d60-7d41-4bed-8b6f-31408495d34c HTTP/1.1" status: 204 len: 168 time: 0.2348232
2026-05-05 23:21:43.814 10 INFO neutron.wsgi [None req-665e055a-c925-44a0-8a90-36990617c81f 894ef4dbb18e4795a2bb67e9a06cf05b 55e2256b74264f13aeec15215d51e174 - - default default] 10.0.0.175 "GET /v2.0/ports HTTP/1.1" status: 200 len: 1729 time: 0.0883217
2026-05-05 23:21:43.824 9 WARNING neutron.scheduler.dhcp_agent_scheduler [None req-c2b6c46f-852b-488f-a22a-0f666469cf98 cdc27931c9f84c918b56a393bd73010a 35a94f648cb34aeb85bc99a75106d0ef - - default default] No more DHCP agents
2026-05-05 23:21:43.833 9 WARNING neutron.api.rpc.agentnotifiers.dhcp_rpc_agent_api [None req-c2b6c46f-852b-488f-a22a-0f666469cf98 cdc27931c9f84c918b56a393bd73010a 35a94f648cb34aeb85bc99a75106d0ef - - default default] Unable to schedule network c5a63633-4e1e-44b5-b817-cdf5649b770d: no agents available; will retry on subsequent port and subnet creation events.
2026-05-05 23:21:43.837 10 INFO neutron.pecan_wsgi.hooks.translation [None req-7a219666-241b-42bf-9785-2738a5b9e972 894ef4dbb18e4795a2bb67e9a06cf05b 55e2256b74264f13aeec15215d51e174 - - default default] GET failed (client error): The resource could not be found.
2026-05-05 23:21:43.839 10 INFO neutron.wsgi [None req-7a219666-241b-42bf-9785-2738a5b9e972 894ef4dbb18e4795a2bb67e9a06cf05b 55e2256b74264f13aeec15215d51e174 - - default default] 10.0.0.175 "GET /v2.0/ports/fa475d60-7d41-4bed-8b6f-31408495d34c HTTP/1.1" status: 404 len: 333 time: 0.0185759
2026-05-05 23:21:43.884 10 INFO neutron.wsgi [None req-e9ac8442-5591-4f15-ab29-70e3fc1421c6 894ef4dbb18e4795a2bb67e9a06cf05b 55e2256b74264f13aeec15215d51e174 - - default default] 10.0.0.175 "GET /v2.0/ports HTTP/1.1" status: 200 len: 1729 time: 0.0375192
2026-05-05 23:21:43.898 9 WARNING neutron.scheduler.dhcp_agent_scheduler [None req-5eca0b4b-c703-43c4-ace6-6439e85fc0d0 c02c932d7939400ca30d42e451168fa5 6426e9a555b74ca38956a9b8f736be1d - - default default] No more DHCP agents
2026-05-05 23:21:43.902 9 WARNING neutron.api.rpc.agentnotifiers.dhcp_rpc_agent_api [None req-5eca0b4b-c703-43c4-ace6-6439e85fc0d0 c02c932d7939400ca30d42e451168fa5 6426e9a555b74ca38956a9b8f736be1d - - default default] Unable to schedule network 67b968b4-5899-4c4a-8a05-05f45564388b: no agents available; will retry on subsequent port and subnet creation events.
2026-05-05 23:21:43.927 10 INFO neutron.wsgi [None req-4caf1cec-2c0d-4008-89ec-f55edb60aeb9 894ef4dbb18e4795a2bb67e9a06cf05b 55e2256b74264f13aeec15215d51e174 - - default default] 10.0.0.175 "GET /v2.0/ports/6743d6d6-6011-4097-9e66-021b2e37af4b HTTP/1.1" status: 200 len: 969 time: 0.0377605
2026-05-05 23:21:43.949 10 INFO neutron.pecan_wsgi.hooks.translation [None req-bf18aed7-fbdd-4123-ad87-46a5d5f737a2 894ef4dbb18e4795a2bb67e9a06cf05b 55e2256b74264f13aeec15215d51e174 - - default default] DELETE failed (client error): The resource could not be found.
2026-05-05 23:21:43.951 10 INFO neutron.wsgi [None req-bf18aed7-fbdd-4123-ad87-46a5d5f737a2 894ef4dbb18e4795a2bb67e9a06cf05b 55e2256b74264f13aeec15215d51e174 - - default default] 10.0.0.175 "DELETE /v2.0/ports/e8694a53-90d2-4f23-b92e-d73ab83982c6 HTTP/1.1" status: 404 len: 333 time: 0.0177195
2026-05-05 23:21:43.953 9 INFO neutron.db.ovn_revision_numbers_db [None req-c2b6c46f-852b-488f-a22a-0f666469cf98 cdc27931c9f84c918b56a393bd73010a 35a94f648cb34aeb85bc99a75106d0ef - - default default] Successfully bumped revision number for resource ded0566e-18c1-4bd4-8732-8b5691279a10 (type: ports) to 1
2026-05-05 23:21:43.989 9 INFO neutron.pecan_wsgi.hooks.translation [None req-4aa00b19-a452-4cbb-bfdf-6f6234a412b4 894ef4dbb18e4795a2bb67e9a06cf05b 55e2256b74264f13aeec15215d51e174 - - default default] DELETE failed (client error): The resource could not be found.
2026-05-05 23:21:43.991 9 INFO neutron.wsgi [None req-4aa00b19-a452-4cbb-bfdf-6f6234a412b4 894ef4dbb18e4795a2bb67e9a06cf05b 55e2256b74264f13aeec15215d51e174 - - default default] 10.0.0.175 "DELETE /v2.0/subnets/8d98c78c-15de-4962-9a52-b293597540ba HTTP/1.1" status: 404 len: 337 time: 0.0255365
2026-05-05 23:21:43.994 9 INFO neutron.wsgi [None req-c2b6c46f-852b-488f-a22a-0f666469cf98 cdc27931c9f84c918b56a393bd73010a 35a94f648cb34aeb85bc99a75106d0ef - - default default] 10.0.0.175 "POST /v2.0/networks HTTP/1.1" status: 201 len: 832 time: 1.1829898
2026-05-05 23:21:44.007 9 INFO neutron.db.ovn_revision_numbers_db [None req-5eca0b4b-c703-43c4-ace6-6439e85fc0d0 c02c932d7939400ca30d42e451168fa5 6426e9a555b74ca38956a9b8f736be1d - - default default] Successfully bumped revision number for resource 5d71a94a-994b-4b3a-937b-664d50e96251 (type: ports) to 1
2026-05-05 23:21:44.011 10 WARNING neutron_lib.context [None req-3c4a30b4-1f9c-4149-9a86-1f7895a83654 cdc27931c9f84c918b56a393bd73010a 35a94f648cb34aeb85bc99a75106d0ef - - default default] Method 'is_advsvc' is deprecated since 2023.2 release (neutron-lib 3.8.0) and will be removed once support for the old RBAC API policies will be removed from Neutron. Please use method 'is_service_role' instead.
2026-05-05 23:21:44.020 10 INFO neutron.pecan_wsgi.hooks.translation [None req-d2ef41fd-2557-41d7-afe5-309ec1083247 894ef4dbb18e4795a2bb67e9a06cf05b 55e2256b74264f13aeec15215d51e174 - - default default] DELETE failed (client error): The resource could not be found.
2026-05-05 23:21:44.022 10 INFO neutron.wsgi [None req-d2ef41fd-2557-41d7-afe5-309ec1083247 894ef4dbb18e4795a2bb67e9a06cf05b 55e2256b74264f13aeec15215d51e174 - - default default] 10.0.0.175 "DELETE /v2.0/subnets/f039e849-77fe-476f-9716-8ab4dbab31cb HTTP/1.1" status: 404 len: 337 time: 0.0241156
2026-05-05 23:21:44.027 9 INFO neutron.wsgi [None req-5eca0b4b-c703-43c4-ace6-6439e85fc0d0 c02c932d7939400ca30d42e451168fa5 6426e9a555b74ca38956a9b8f736be1d - - default default] 10.0.0.175 "POST /v2.0/networks HTTP/1.1" status: 201 len: 829 time: 0.7021077
2026-05-05 23:21:44.089 9 INFO neutron.wsgi [None req-fe55ffa5-cdf7-4c1e-9fd1-da05a556d8ae c02c932d7939400ca30d42e451168fa5 6426e9a555b74ca38956a9b8f736be1d - - default default] 10.0.0.175 "PUT /v2.0/networks/6200d509-dc1d-4df7-9a43-9089985ddf7b/tags HTTP/1.1" status: 200 len: 210 time: 0.0568309
2026-05-05 23:21:44.104 10 INFO neutron.db.segments_db [None req-3c4a30b4-1f9c-4149-9a86-1f7895a83654 cdc27931c9f84c918b56a393bd73010a 35a94f648cb34aeb85bc99a75106d0ef - - default default] Added segment f389e9cf-2de3-410b-a5f6-206d07b3cdb7 of type geneve for network 3cde26ad-a048-4d07-ae69-37cd5b3d473d
2026-05-05 23:21:44.140 9 INFO neutron.wsgi [None req-12b95250-44e9-4e20-80db-d1af7f382ab1 c02c932d7939400ca30d42e451168fa5 6426e9a555b74ca38956a9b8f736be1d - - default default] 10.0.0.175 "PUT /v2.0/networks/f69a2451-445b-46f0-ab0b-31ffc39a3bc5/tags HTTP/1.1" status: 200 len: 218 time: 0.0471597
2026-05-05 23:21:44.188 9 INFO neutron.wsgi [None req-a50f18fe-12f6-4c1c-b0a6-aaf90acd8e8f c02c932d7939400ca30d42e451168fa5 6426e9a555b74ca38956a9b8f736be1d - - default default] 10.0.0.175 "PUT /v2.0/networks/85f46849-ee55-48d4-9287-3d63d561f7c2/tags HTTP/1.1" status: 200 len: 227 time: 0.0426185
2026-05-05 23:21:44.244 9 INFO neutron.wsgi [None req-eacfd2b3-7a02-4331-821e-b5a6bc2975ae c02c932d7939400ca30d42e451168fa5 6426e9a555b74ca38956a9b8f736be1d - - default default] 10.0.0.175 "PUT /v2.0/networks/acf0834f-3279-4905-8870-452517fe4a06/tags HTTP/1.1" status: 200 len: 212 time: 0.0518026
2026-05-05 23:21:44.275 10 INFO neutron.db.ovn_revision_numbers_db [None req-3c4a30b4-1f9c-4149-9a86-1f7895a83654 cdc27931c9f84c918b56a393bd73010a 35a94f648cb34aeb85bc99a75106d0ef - - default default] Successfully bumped revision number for resource 3cde26ad-a048-4d07-ae69-37cd5b3d473d (type: networks) to 1
2026-05-05 23:21:44.328 9 INFO neutron.wsgi [None req-275f8a3a-e789-4446-8ff3-bf3eb82a8771 c02c932d7939400ca30d42e451168fa5 6426e9a555b74ca38956a9b8f736be1d - - default default] 10.0.0.175 "GET /v2.0/networks?tags=red HTTP/1.1" status: 200 len: 2069 time: 0.0783186
2026-05-05 23:21:44.333 10 INFO neutron.wsgi [None req-e50ce876-419e-4d1d-bbe6-a4393d4f50fd 894ef4dbb18e4795a2bb67e9a06cf05b 55e2256b74264f13aeec15215d51e174 - - default default] 10.0.0.175 "DELETE /v2.0/ports/6743d6d6-6011-4097-9e66-021b2e37af4b HTTP/1.1" status: 204 len: 168 time: 0.3057823
2026-05-05 23:21:44.500 10 WARNING neutron.scheduler.dhcp_agent_scheduler [None req-3c4a30b4-1f9c-4149-9a86-1f7895a83654 cdc27931c9f84c918b56a393bd73010a 35a94f648cb34aeb85bc99a75106d0ef - - default default] No more DHCP agents
2026-05-05 23:21:44.504 10 WARNING neutron.api.rpc.agentnotifiers.dhcp_rpc_agent_api [None req-3c4a30b4-1f9c-4149-9a86-1f7895a83654 cdc27931c9f84c918b56a393bd73010a 35a94f648cb34aeb85bc99a75106d0ef - - default default] Unable to schedule network 3cde26ad-a048-4d07-ae69-37cd5b3d473d: no agents available; will retry on subsequent port and subnet creation events.
2026-05-05 23:21:44.601 10 INFO neutron.db.ovn_revision_numbers_db [None req-3c4a30b4-1f9c-4149-9a86-1f7895a83654 cdc27931c9f84c918b56a393bd73010a 35a94f648cb34aeb85bc99a75106d0ef - - default default] Successfully bumped revision number for resource 0fd851d1-e506-4d5a-99bf-7588c65d20b5 (type: ports) to 1
2026-05-05 23:21:44.624 9 INFO neutron.wsgi [None req-76a86be2-8fdc-46e7-81af-5922512e3b4f c02c932d7939400ca30d42e451168fa5 6426e9a555b74ca38956a9b8f736be1d - - default default] 10.0.0.175 "GET /v2.0/networks?tags=red%2Cblue HTTP/1.1" status: 200 len: 1457 time: 0.2918143
2026-05-05 23:21:44.637 10 INFO neutron.wsgi [None req-3c4a30b4-1f9c-4149-9a86-1f7895a83654 cdc27931c9f84c918b56a393bd73010a 35a94f648cb34aeb85bc99a75106d0ef - - default default] 10.0.0.175 "POST /v2.0/networks HTTP/1.1" status: 201 len: 833 time: 0.6307263
2026-05-05 23:21:44.649 9 WARNING neutron_lib.context [None req-60883eaf-8570-4384-9599-f82d024de90a cdc27931c9f84c918b56a393bd73010a 35a94f648cb34aeb85bc99a75106d0ef - - default default] Method 'is_advsvc' is deprecated since 2023.2 release (neutron-lib 3.8.0) and will be removed once support for the old RBAC API policies will be removed from Neutron. Please use method 'is_service_role' instead.
2026-05-05 23:21:44.710 10 INFO neutron.wsgi [None req-147fa6af-5477-4934-97af-c801745d8b18 c02c932d7939400ca30d42e451168fa5 6426e9a555b74ca38956a9b8f736be1d - - default default] 10.0.0.175 "GET /v2.0/networks?tags-any=blue HTTP/1.1" status: 200 len: 1457 time: 0.0814886
2026-05-05 23:21:44.775 10 INFO neutron.wsgi [None req-1aa59532-c16f-4db0-bb6e-b7c849a872de c02c932d7939400ca30d42e451168fa5 6426e9a555b74ca38956a9b8f736be1d - - default default] 10.0.0.175 "GET /v2.0/networks?tags-any=red%2Cblue HTTP/1.1" status: 200 len: 2069 time: 0.0603404
2026-05-05 23:21:44.815 10 INFO neutron.services.segments.plugin [-] Segment 4f39f06b-f059-489c-87a8-a2e952923723 resource provider aggregate not found
2026-05-05 23:21:44.831 10 INFO neutron.services.segments.plugin [-] Segment 4f39f06b-f059-489c-87a8-a2e952923723 resource provider aggregate not found
2026-05-05 23:21:44.843 10 INFO neutron.services.segments.plugin [-] Segment 4f39f06b-f059-489c-87a8-a2e952923723 resource provider not found; error: Placement Client Error (4xx): {"errors": [{"status": 404, "title": "Not Found", "detail": "The resource could not be found.\n\n No resource provider with uuid 4f39f06b-f059-489c-87a8-a2e952923723 found for delete ", "request_id": "req-6c991bdb-e43c-41bc-b590-344d852c4d55"}]}
2026-05-05 23:21:44.854 10 INFO neutron.services.segments.plugin [-] Segment 4f39f06b-f059-489c-87a8-a2e952923723 resource provider not found; error: Placement Client Error (4xx): {"errors": [{"status": 404, "title": "Not Found", "detail": "The resource could not be found.\n\n No resource provider with uuid 4f39f06b-f059-489c-87a8-a2e952923723 found for delete ", "request_id": "req-c3e14f3a-f014-4c87-8594-069570c33889"}]}
2026-05-05 23:21:44.895 9 WARNING neutron.scheduler.dhcp_agent_scheduler [None req-60883eaf-8570-4384-9599-f82d024de90a cdc27931c9f84c918b56a393bd73010a 35a94f648cb34aeb85bc99a75106d0ef - - default default] No more DHCP agents
2026-05-05 23:21:44.898 9 WARNING neutron.api.rpc.agentnotifiers.dhcp_rpc_agent_api [None req-60883eaf-8570-4384-9599-f82d024de90a cdc27931c9f84c918b56a393bd73010a 35a94f648cb34aeb85bc99a75106d0ef - - default default] Unable to schedule network c5a63633-4e1e-44b5-b817-cdf5649b770d: no agents available; will retry on subsequent port and subnet creation events.
2026-05-05 23:21:44.915 10 INFO neutron.wsgi [None req-688d66b1-9711-4179-bb07-0e2006fc990b 894ef4dbb18e4795a2bb67e9a06cf05b 55e2256b74264f13aeec15215d51e174 - - default default] 10.0.0.175 "DELETE /v2.0/networks/462a0bf3-ea1c-45a4-acc1-40d3b7771678 HTTP/1.1" status: 204 len: 168 time: 0.5749059
2026-05-05 23:21:44.928 9 INFO neutron.db.ovn_revision_numbers_db [None req-60883eaf-8570-4384-9599-f82d024de90a cdc27931c9f84c918b56a393bd73010a 35a94f648cb34aeb85bc99a75106d0ef - - default default] Successfully bumped revision number for resource ced30e97-a661-42dc-8eb9-80daee2d855a (type: subnets) to 0
2026-05-05 23:21:44.941 10 INFO neutron.wsgi [None req-d563b672-a528-4a3d-874e-8b18b008da4d c02c932d7939400ca30d42e451168fa5 6426e9a555b74ca38956a9b8f736be1d - - default default] 10.0.0.175 "GET /v2.0/networks?not-tags=red HTTP/1.1" status: 200 len: 2066 time: 0.1612782
2026-05-05 23:21:44.946 9 INFO neutron.wsgi [None req-60883eaf-8570-4384-9599-f82d024de90a cdc27931c9f84c918b56a393bd73010a 35a94f648cb34aeb85bc99a75106d0ef - - default default] 10.0.0.175 "POST /v2.0/subnets HTTP/1.1" status: 201 len: 821 time: 0.3033156
2026-05-05 23:21:44.957 9 WARNING neutron_lib.context [None req-d2ac60bf-ba7b-4609-9035-4397cd917b22 cdc27931c9f84c918b56a393bd73010a 35a94f648cb34aeb85bc99a75106d0ef - - default default] Method 'is_advsvc' is deprecated since 2023.2 release (neutron-lib 3.8.0) and will be removed once support for the old RBAC API policies will be removed from Neutron. Please use method 'is_service_role' instead.
2026-05-05 23:21:45.219 9 WARNING neutron.scheduler.dhcp_agent_scheduler [None req-d2ac60bf-ba7b-4609-9035-4397cd917b22 cdc27931c9f84c918b56a393bd73010a 35a94f648cb34aeb85bc99a75106d0ef - - default default] No more DHCP agents
2026-05-05 23:21:45.221 9 WARNING neutron.api.rpc.agentnotifiers.dhcp_rpc_agent_api [None req-d2ac60bf-ba7b-4609-9035-4397cd917b22 cdc27931c9f84c918b56a393bd73010a 35a94f648cb34aeb85bc99a75106d0ef - - default default] Unable to schedule network 3cde26ad-a048-4d07-ae69-37cd5b3d473d: no agents available; will retry on subsequent port and subnet creation events.
2026-05-05 23:21:45.254 9 INFO neutron.db.ovn_revision_numbers_db [None req-d2ac60bf-ba7b-4609-9035-4397cd917b22 cdc27931c9f84c918b56a393bd73010a 35a94f648cb34aeb85bc99a75106d0ef - - default default] Successfully bumped revision number for resource fb4e2fef-e22e-4e06-9f44-41a340fb0249 (type: subnets) to 0
2026-05-05 23:21:45.269 9 INFO neutron.wsgi [None req-d2ac60bf-ba7b-4609-9035-4397cd917b22 cdc27931c9f84c918b56a393bd73010a 35a94f648cb34aeb85bc99a75106d0ef - - default default] 10.0.0.175 "POST /v2.0/subnets HTTP/1.1" status: 201 len: 830 time: 0.3174880
2026-05-05 23:21:45.282 9 WARNING neutron_lib.context [None req-5501b213-6389-4bb5-8761-3f5cb0d05bf6 cdc27931c9f84c918b56a393bd73010a 35a94f648cb34aeb85bc99a75106d0ef - - default default] Method 'is_advsvc' is deprecated since 2023.2 release (neutron-lib 3.8.0) and will be removed once support for the old RBAC API policies will be removed from Neutron. Please use method 'is_service_role' instead.
2026-05-05 23:21:45.286 10 INFO neutron.wsgi [None req-ae5b6f72-852c-45f9-80ca-459f5e29ce51 c02c932d7939400ca30d42e451168fa5 6426e9a555b74ca38956a9b8f736be1d - - default default] 10.0.0.175 "GET /v2.0/networks?not-tags=red%2Cblue HTTP/1.1" status: 200 len: 2678 time: 0.3390777
2026-05-05 23:21:45.400 10 INFO neutron.wsgi [None req-d718445c-37aa-4acd-a9fe-19f82d4f1cdb c02c932d7939400ca30d42e451168fa5 6426e9a555b74ca38956a9b8f736be1d - - default default] 10.0.0.175 "GET /v2.0/networks?not-tags-any=blue HTTP/1.1" status: 200 len: 2678 time: 0.1098857
2026-05-05 23:21:45.443 9 INFO neutron.db.ovn_revision_numbers_db [None req-5501b213-6389-4bb5-8761-3f5cb0d05bf6 cdc27931c9f84c918b56a393bd73010a 35a94f648cb34aeb85bc99a75106d0ef - - default default] Successfully bumped revision number for resource f3d8af02-b96a-4702-adef-c6e12ce8398e (type: routers) to 1
2026-05-05 23:21:45.462 9 INFO neutron.wsgi [None req-5501b213-6389-4bb5-8761-3f5cb0d05bf6 cdc27931c9f84c918b56a393bd73010a 35a94f648cb34aeb85bc99a75106d0ef - - default default] 10.0.0.175 "POST /v2.0/routers HTTP/1.1" status: 201 len: 691 time: 0.1869540
2026-05-05 23:21:45.482 10 INFO neutron.wsgi [None req-37dd1991-3711-403b-ba7b-d790fb9f4dec c02c932d7939400ca30d42e451168fa5 6426e9a555b74ca38956a9b8f736be1d - - default default] 10.0.0.175 "GET /v2.0/networks?not-tags-any=red%2Cblue HTTP/1.1" status: 200 len: 2066 time: 0.0729311
2026-05-05 23:21:45.662 9 INFO neutron.wsgi [None req-eb54c3ad-f4d2-454c-b258-4934027628b2 cc53ead19fd04f48b9de74174830d004 db474edd8c3f4bc483ef002a4b312d07 - - default default] 10.0.0.175 "GET /v2.0/security-groups?tenant_id=55e2256b74264f13aeec15215d51e174&name=default HTTP/1.1" status: 200 len: 2996 time: 0.1908431
2026-05-05 23:21:45.779 9 INFO neutron.wsgi [None req-c2696aca-7d72-4d24-9be7-24213d658776 26e7342cd10b4d6281e3fde7e16ab0f7 65a22bb4c14b461099864a34be8e1d29 - - default default] 10.0.0.175 "POST /v2.0/qos/policies HTTP/1.1" status: 201 len: 558 time: 0.0975604
2026-05-05 23:21:45.834 10 INFO neutron.wsgi [None req-8def1d8f-4c23-4aae-b93c-2390a2bfce19 26e7342cd10b4d6281e3fde7e16ab0f7 65a22bb4c14b461099864a34be8e1d29 - - default default] 10.0.0.175 "PUT /v2.0/policies/f117cf86-4dfa-4290-aea1-5c6f89c3ede3/tags HTTP/1.1" status: 200 len: 218 time: 0.0508690
2026-05-05 23:21:45.865 9 INFO neutron.wsgi [None req-095278b6-9405-42d5-8c61-868e396d7aa8 26e7342cd10b4d6281e3fde7e16ab0f7 65a22bb4c14b461099864a34be8e1d29 - - default default] 10.0.0.175 "GET /v2.0/policies/f117cf86-4dfa-4290-aea1-5c6f89c3ede3/tags HTTP/1.1" status: 200 len: 218 time: 0.0254002
2026-05-05 23:21:45.881 10 INFO neutron.wsgi [None req-c5d30ed6-d2d9-412f-bdcd-6856f11fe599 c02c932d7939400ca30d42e451168fa5 6426e9a555b74ca38956a9b8f736be1d - - default default] 10.0.0.175 "DELETE /v2.0/networks/6200d509-dc1d-4df7-9a43-9089985ddf7b HTTP/1.1" status: 204 len: 168 time: 0.3921232
2026-05-05 23:21:45.903 9 WARNING neutron.scheduler.dhcp_agent_scheduler [None req-769125b4-348c-40be-84a9-20c97837be14 cdc27931c9f84c918b56a393bd73010a 35a94f648cb34aeb85bc99a75106d0ef - - default default] No more DHCP agents
2026-05-05 23:21:45.911 9 WARNING neutron.api.rpc.agentnotifiers.dhcp_rpc_agent_api [None req-769125b4-348c-40be-84a9-20c97837be14 cdc27931c9f84c918b56a393bd73010a 35a94f648cb34aeb85bc99a75106d0ef - - default default] Unable to schedule network c5a63633-4e1e-44b5-b817-cdf5649b770d: no agents available; will retry on subsequent port and subnet creation events.
2026-05-05 23:21:45.927 9 INFO neutron.wsgi [None req-f79cce45-1983-4728-919a-d68c6b124225 26e7342cd10b4d6281e3fde7e16ab0f7 65a22bb4c14b461099864a34be8e1d29 - - default default] 10.0.0.175 "PUT /v2.0/policies/f117cf86-4dfa-4290-aea1-5c6f89c3ede3/tags/green HTTP/1.1" status: 201 len: 201 time: 0.0562499
2026-05-05 23:21:45.955 10 INFO neutron.wsgi [None req-87373b56-5f47-457a-b09d-a188fbdc7a5b 26e7342cd10b4d6281e3fde7e16ab0f7 65a22bb4c14b461099864a34be8e1d29 - - default default] 10.0.0.175 "GET /v2.0/policies/f117cf86-4dfa-4290-aea1-5c6f89c3ede3/tags HTTP/1.1" status: 200 len: 227 time: 0.0213284
2026-05-05 23:21:45.991 10 INFO neutron.wsgi [None req-012a0fb6-47fe-41ed-bfd5-81072c6c8188 26e7342cd10b4d6281e3fde7e16ab0f7 65a22bb4c14b461099864a34be8e1d29 - - default default] 10.0.0.175 "PUT /v2.0/policies/f117cf86-4dfa-4290-aea1-5c6f89c3ede3/tags/red HTTP/1.1" status: 201 len: 201 time: 0.0304689
2026-05-05 23:21:46.004 10 INFO neutron.wsgi [None req-5a1d6ac4-1efb-4be9-8510-53afceb6f1ff cc53ead19fd04f48b9de74174830d004 db474edd8c3f4bc483ef002a4b312d07 - - default default] 10.0.0.175 "DELETE /v2.0/security-groups/9494445e-da2c-4c34-9d40-dd8b6c2685c2 HTTP/1.1" status: 204 len: 168 time: 0.3369308
2026-05-05 23:21:46.033 9 INFO neutron.wsgi [None req-7bb1125c-8a3c-4dab-a0b9-b08398e971e9 26e7342cd10b4d6281e3fde7e16ab0f7 65a22bb4c14b461099864a34be8e1d29 - - default default] 10.0.0.175 "GET /v2.0/policies/f117cf86-4dfa-4290-aea1-5c6f89c3ede3/tags HTTP/1.1" status: 200 len: 227 time: 0.0346732
2026-05-05 23:21:46.034 9 INFO neutron.db.ovn_revision_numbers_db [None req-769125b4-348c-40be-84a9-20c97837be14 cdc27931c9f84c918b56a393bd73010a 35a94f648cb34aeb85bc99a75106d0ef - - default default] Successfully bumped revision number for resource f2ffb79b-0f61-4595-8039-9856ff2a96c3 (type: ports) to 1
2026-05-05 23:21:46.093 9 INFO neutron.wsgi [None req-f5ca7ae7-c8ba-43d2-b993-71d89dc0cbbc 26e7342cd10b4d6281e3fde7e16ab0f7 65a22bb4c14b461099864a34be8e1d29 - - default default] 10.0.0.175 "PUT /v2.0/policies/f117cf86-4dfa-4290-aea1-5c6f89c3ede3/tags/black.or.white HTTP/1.1" status: 201 len: 201 time: 0.0538168
2026-05-05 23:21:46.128 9 INFO neutron.wsgi [None req-ecde1ae9-1a38-4c98-8c41-fb7021487c46 26e7342cd10b4d6281e3fde7e16ab0f7 65a22bb4c14b461099864a34be8e1d29 - - default default] 10.0.0.175 "GET /v2.0/policies/f117cf86-4dfa-4290-aea1-5c6f89c3ede3/tags HTTP/1.1" status: 200 len: 245 time: 0.0294938
2026-05-05 23:21:46.181 9 INFO neutron.wsgi [None req-d020e044-e921-4082-9db4-77e85942f65f 26e7342cd10b4d6281e3fde7e16ab0f7 65a22bb4c14b461099864a34be8e1d29 - - default default] 10.0.0.175 "PUT /v2.0/policies/f117cf86-4dfa-4290-aea1-5c6f89c3ede3/tags HTTP/1.1" status: 200 len: 230 time: 0.0483689
2026-05-05 23:21:46.216 9 INFO neutron.wsgi [None req-9216b6ba-4fc7-4e42-bfaf-86dfc071e26a 26e7342cd10b4d6281e3fde7e16ab0f7 65a22bb4c14b461099864a34be8e1d29 - - default default] 10.0.0.175 "GET /v2.0/policies/f117cf86-4dfa-4290-aea1-5c6f89c3ede3/tags HTTP/1.1" status: 200 len: 230 time: 0.0278752
2026-05-05 23:21:46.268 9 INFO neutron.wsgi [None req-87e2357c-ff83-40e1-920f-75e49a0a1219 26e7342cd10b4d6281e3fde7e16ab0f7 65a22bb4c14b461099864a34be8e1d29 - - default default] 10.0.0.175 "GET /v2.0/policies/f117cf86-4dfa-4290-aea1-5c6f89c3ede3/tags/red HTTP/1.1" status: 204 len: 168 time: 0.0467484
2026-05-05 23:21:46.305 9 INFO neutron.api.v2.resource [None req-e0b9b348-2a09-4352-8ee2-d57f727467c4 26e7342cd10b4d6281e3fde7e16ab0f7 65a22bb4c14b461099864a34be8e1d29 - - default default] show failed (client error): The resource could not be found.
2026-05-05 23:21:46.307 9 INFO neutron.wsgi [None req-e0b9b348-2a09-4352-8ee2-d57f727467c4 26e7342cd10b4d6281e3fde7e16ab0f7 65a22bb4c14b461099864a34be8e1d29 - - default default] 10.0.0.175 "GET /v2.0/policies/f117cf86-4dfa-4290-aea1-5c6f89c3ede3/tags/green HTTP/1.1" status: 404 len: 299 time: 0.0325212
2026-05-05 23:21:46.327 10 INFO neutron.wsgi [None req-552b4b8f-79cc-43f2-a389-347915f20474 c02c932d7939400ca30d42e451168fa5 6426e9a555b74ca38956a9b8f736be1d - - default default] 10.0.0.175 "DELETE /v2.0/networks/f69a2451-445b-46f0-ab0b-31ffc39a3bc5 HTTP/1.1" status: 204 len: 168 time: 0.4388523
2026-05-05 23:21:46.350 10 INFO neutron.wsgi [None req-3dddf6d6-3b0e-4c64-905f-60dd26ce077e 26e7342cd10b4d6281e3fde7e16ab0f7 65a22bb4c14b461099864a34be8e1d29 - - default default] 10.0.0.175 "DELETE /v2.0/policies/f117cf86-4dfa-4290-aea1-5c6f89c3ede3/tags/red HTTP/1.1" status: 204 len: 168 time: 0.0363896
2026-05-05 23:21:46.404 9 INFO neutron.wsgi [None req-36282c1f-e577-467b-beca-630d40e8490e 26e7342cd10b4d6281e3fde7e16ab0f7 65a22bb4c14b461099864a34be8e1d29 - - default default] 10.0.0.175 "GET /v2.0/policies/f117cf86-4dfa-4290-aea1-5c6f89c3ede3/tags HTTP/1.1" status: 200 len: 223 time: 0.0457582
2026-05-05 23:21:46.435 10 INFO neutron.api.v2.resource [None req-4854f989-f572-4401-bd77-c6d9fb7a1838 26e7342cd10b4d6281e3fde7e16ab0f7 65a22bb4c14b461099864a34be8e1d29 - - default default] delete failed (client error): The resource could not be found.
2026-05-05 23:21:46.437 10 INFO neutron.wsgi [None req-4854f989-f572-4401-bd77-c6d9fb7a1838 26e7342cd10b4d6281e3fde7e16ab0f7 65a22bb4c14b461099864a34be8e1d29 - - default default] 10.0.0.175 "DELETE /v2.0/policies/f117cf86-4dfa-4290-aea1-5c6f89c3ede3/tags/green HTTP/1.1" status: 404 len: 299 time: 0.0258799
2026-05-05 23:21:46.471 10 INFO neutron.wsgi [None req-eba42ebe-8ad8-46a1-95b9-41339b87cba0 26e7342cd10b4d6281e3fde7e16ab0f7 65a22bb4c14b461099864a34be8e1d29 - - default default] 10.0.0.175 "DELETE /v2.0/policies/f117cf86-4dfa-4290-aea1-5c6f89c3ede3/tags HTTP/1.1" status: 204 len: 168 time: 0.0273774
2026-05-05 23:21:46.485 9 INFO neutron.plugins.ml2.drivers.ovn.mech_driver.mech_driver [None req-3477c0ba-b0a4-456f-9ac4-996e9fa5baad - - - - - -] OVN reports status up for port: f2ffb79b-0f61-4595-8039-9856ff2a96c3
2026-05-05 23:21:46.514 10 INFO neutron.wsgi [None req-63ad1d9f-1eb4-4c48-8b78-fe02f7377346 26e7342cd10b4d6281e3fde7e16ab0f7 65a22bb4c14b461099864a34be8e1d29 - - default default] 10.0.0.175 "GET /v2.0/policies/f117cf86-4dfa-4290-aea1-5c6f89c3ede3/tags HTTP/1.1" status: 200 len: 205 time: 0.0386524
2026-05-05 23:21:46.515 9 INFO neutron.plugins.ml2.plugin [None req-3477c0ba-b0a4-456f-9ac4-996e9fa5baad - - - - - -] Attempt 1 to provision port f2ffb79b-0f61-4595-8039-9856ff2a96c3
2026-05-05 23:21:46.542 9 INFO neutron.db.ovn_revision_numbers_db [None req-769125b4-348c-40be-84a9-20c97837be14 cdc27931c9f84c918b56a393bd73010a 35a94f648cb34aeb85bc99a75106d0ef - - default default] Successfully bumped revision number for resource f2ffb79b-0f61-4595-8039-9856ff2a96c3 (type: router_ports) to 1
2026-05-05 23:21:46.595 10 INFO neutron.wsgi [None req-1715cc29-c3ee-4f02-904c-974574522ef6 26e7342cd10b4d6281e3fde7e16ab0f7 65a22bb4c14b461099864a34be8e1d29 - - default default] 10.0.0.175 "DELETE /v2.0/qos/policies/f117cf86-4dfa-4290-aea1-5c6f89c3ede3 HTTP/1.1" status: 204 len: 168 time: 0.0745411
2026-05-05 23:21:46.713 9 INFO neutron.db.ovn_revision_numbers_db [None req-769125b4-348c-40be-84a9-20c97837be14 cdc27931c9f84c918b56a393bd73010a 35a94f648cb34aeb85bc99a75106d0ef - - default default] Successfully bumped revision number for resource f2ffb79b-0f61-4595-8039-9856ff2a96c3 (type: ports) to 1
2026-05-05 23:21:46.840 9 WARNING neutron.scheduler.dhcp_agent_scheduler [None req-769125b4-348c-40be-84a9-20c97837be14 cdc27931c9f84c918b56a393bd73010a 35a94f648cb34aeb85bc99a75106d0ef - - default default] No more DHCP agents
2026-05-05 23:21:46.842 9 WARNING neutron.api.rpc.agentnotifiers.dhcp_rpc_agent_api [None req-769125b4-348c-40be-84a9-20c97837be14 cdc27931c9f84c918b56a393bd73010a 35a94f648cb34aeb85bc99a75106d0ef - - default default] Unable to schedule network c5a63633-4e1e-44b5-b817-cdf5649b770d: no agents available; will retry on subsequent port and subnet creation events.
2026-05-05 23:21:46.868 10 INFO neutron.services.segments.plugin [-] Segment 1fe97427-2351-4f61-9c39-15baa86267e9 resource provider aggregate not found
2026-05-05 23:21:46.886 10 INFO neutron.services.segments.plugin [-] Segment 1fe97427-2351-4f61-9c39-15baa86267e9 resource provider aggregate not found
2026-05-05 23:21:46.894 10 INFO neutron.services.segments.plugin [-] Segment 1fe97427-2351-4f61-9c39-15baa86267e9 resource provider not found; error: Placement Client Error (4xx): {"errors": [{"status": 404, "title": "Not Found", "detail": "The resource could not be found.\n\n No resource provider with uuid 1fe97427-2351-4f61-9c39-15baa86267e9 found for delete ", "request_id": "req-8c1ad21a-7fa9-43bb-8c35-1b5663e0ad8b"}]}
2026-05-05 23:21:46.915 9 INFO neutron.services.segments.plugin [-] Segment 9b6ee999-00cd-401b-8c05-d26a61102a5e resource provider aggregate not found
