2026-05-05 23:26:36.158 10 INFO neutron.wsgi [req-4a9b29ba-d783-4e7c-8453-412498c99b88 req-bc533af3-0553-4d0b-8f78-017de0f1b4fe 4a74b8b0fd5548b4b772c0d3fdc7ca7e 60ebc48fb9004c21ba869cbb18ebf9a3 - - 913e957380f04e9ea3dc4b71a8ff958a 913e957380f04e9ea3dc4b71a8ff958a] 199.204.45.78 "GET /v2.0/ports?tenant_id=e7eb4fdb1ccc4e4d8d24a02541eac36c&device_id=08c11e04-01cd-4975-8afa-b175636d3597 HTTP/1.1" status: 200 len: 1638 time: 0.0507960
2026-05-05 23:26:36.227 10 INFO neutron.wsgi [req-4a9b29ba-d783-4e7c-8453-412498c99b88 req-a13c9ca3-6834-44f2-9251-050850768b54 4a74b8b0fd5548b4b772c0d3fdc7ca7e 60ebc48fb9004c21ba869cbb18ebf9a3 - - 913e957380f04e9ea3dc4b71a8ff958a 913e957380f04e9ea3dc4b71a8ff958a] 199.204.45.78 "GET /v2.0/networks?id=c4886295-2b6a-4999-81a7-19932318627a HTTP/1.1" status: 200 len: 1001 time: 0.0639496
2026-05-05 23:26:36.258 10 INFO neutron.wsgi [req-4a9b29ba-d783-4e7c-8453-412498c99b88 req-e3db5e0d-7cae-4225-ba46-9410a3402ac2 4a74b8b0fd5548b4b772c0d3fdc7ca7e 60ebc48fb9004c21ba869cbb18ebf9a3 - - 913e957380f04e9ea3dc4b71a8ff958a 913e957380f04e9ea3dc4b71a8ff958a] 199.204.45.78 "GET /v2.0/floatingips?fixed_ip_address=10.2.2.54&port_id=d236435f-7fdd-40bd-9a9d-fb4851600c4c HTTP/1.1" status: 200 len: 217 time: 0.0231645
2026-05-05 23:26:36.291 10 INFO neutron.plugins.ml2.drivers.ovn.mech_driver.mech_driver [None req-5af66a4f-525a-41ec-9b3b-bec5e9ec5c38 - - - - - -] OVN reports status down for port: d236435f-7fdd-40bd-9a9d-fb4851600c4c
2026-05-05 23:26:36.293 10 INFO neutron.wsgi [req-4a9b29ba-d783-4e7c-8453-412498c99b88 req-e499f0d8-8ef4-41ce-ba36-87da062ec9c9 4a74b8b0fd5548b4b772c0d3fdc7ca7e 60ebc48fb9004c21ba869cbb18ebf9a3 - - 913e957380f04e9ea3dc4b71a8ff958a 913e957380f04e9ea3dc4b71a8ff958a] 199.204.45.78 "GET /v2.0/floatingips?fixed_ip_address=fd77%3A1457%3A4cf0%3A26a8%3A%3A3e6&port_id=d236435f-7fdd-40bd-9a9d-fb4851600c4c HTTP/1.1" status: 200 len: 217 time: 0.0287762
2026-05-05 23:26:36.342 10 INFO neutron.wsgi [req-4a9b29ba-d783-4e7c-8453-412498c99b88 req-729d2963-e3f6-4d87-be96-9ab793fa71b7 4a74b8b0fd5548b4b772c0d3fdc7ca7e 60ebc48fb9004c21ba869cbb18ebf9a3 - - 913e957380f04e9ea3dc4b71a8ff958a 913e957380f04e9ea3dc4b71a8ff958a] 199.204.45.78 "GET /v2.0/subnets?id=0b6f5350-8e2e-4b4d-b871-7f4f39500f3a&id=fdd2f962-185d-4c59-b5b4-623bbc2ca488 HTTP/1.1" status: 200 len: 1565 time: 0.0346072
2026-05-05 23:26:36.379 10 INFO neutron.wsgi [req-4a9b29ba-d783-4e7c-8453-412498c99b88 req-bc689118-bd85-44fc-b1d1-c74de8199715 4a74b8b0fd5548b4b772c0d3fdc7ca7e 60ebc48fb9004c21ba869cbb18ebf9a3 - - 913e957380f04e9ea3dc4b71a8ff958a 913e957380f04e9ea3dc4b71a8ff958a] 199.204.45.78 "GET /v2.0/ports?network_id=c4886295-2b6a-4999-81a7-19932318627a&device_owner=network%3Adhcp HTTP/1.1" status: 200 len: 210 time: 0.0284081
2026-05-05 23:26:36.399 9 INFO neutron.wsgi [req-387b319a-67db-4203-b711-f0a7c655d278 req-8a8c96a5-f3f1-47ea-abb0-bc0308d7f896 2c63deac57c74ec286fd51627227690b e7eb4fdb1ccc4e4d8d24a02541eac36c - - default default] 10.0.0.153 "GET /v2.0/ports?device_id=08c11e04-01cd-4975-8afa-b175636d3597 HTTP/1.1" status: 200 len: 1400 time: 0.1514509
2026-05-05 23:26:36.423 10 INFO neutron.wsgi [req-4a9b29ba-d783-4e7c-8453-412498c99b88 req-4a584412-c483-4e6c-a0a5-6a210c19394f 4a74b8b0fd5548b4b772c0d3fdc7ca7e 60ebc48fb9004c21ba869cbb18ebf9a3 - - 913e957380f04e9ea3dc4b71a8ff958a 913e957380f04e9ea3dc4b71a8ff958a] 199.204.45.78 "GET /v2.0/ports?network_id=c4886295-2b6a-4999-81a7-19932318627a&device_owner=network%3Adhcp HTTP/1.1" status: 200 len: 210 time: 0.0390310
2026-05-05 23:26:36.464 9 INFO neutron.wsgi [req-387b319a-67db-4203-b711-f0a7c655d278 req-601c1bed-ed72-4a1a-8fb8-77b6f74f4869 2c63deac57c74ec286fd51627227690b e7eb4fdb1ccc4e4d8d24a02541eac36c - - default default] 10.0.0.153 "GET /v2.0/security-groups?id=f048f4a8-e6b3-45ad-882f-8ab9d9fe6cfe&fields=id&fields=name HTTP/1.1" status: 200 len: 310 time: 0.0531104
2026-05-05 23:26:36.506 10 INFO neutron.wsgi [req-4a9b29ba-d783-4e7c-8453-412498c99b88 req-7155f395-e9ea-419a-aa44-ececfc720871 4a74b8b0fd5548b4b772c0d3fdc7ca7e 60ebc48fb9004c21ba869cbb18ebf9a3 - - 913e957380f04e9ea3dc4b71a8ff958a 913e957380f04e9ea3dc4b71a8ff958a] 199.204.45.78 "GET /v2.0/networks/c4886295-2b6a-4999-81a7-19932318627a?fields=segments HTTP/1.1" status: 200 len: 212 time: 0.0755973
2026-05-05 23:26:36.603 10 INFO neutron.wsgi [req-4a9b29ba-d783-4e7c-8453-412498c99b88 req-0875642d-3337-4753-b833-746de406e0fc 4a74b8b0fd5548b4b772c0d3fdc7ca7e 60ebc48fb9004c21ba869cbb18ebf9a3 - - 913e957380f04e9ea3dc4b71a8ff958a 913e957380f04e9ea3dc4b71a8ff958a] 199.204.45.78 "GET /v2.0/networks/c4886295-2b6a-4999-81a7-19932318627a?fields=provider%3Aphysical_network&fields=provider%3Anetwork_type HTTP/1.1" status: 200 len: 277 time: 0.0907500
2026-05-05 23:26:36.641 9 INFO neutron.wsgi [req-58ab76c5-5d55-43ca-96ed-15fcc4c40985 req-f90de99b-3c0d-4946-9ba3-13d1c91225eb 2c63deac57c74ec286fd51627227690b e7eb4fdb1ccc4e4d8d24a02541eac36c - - default default] 199.204.45.78 "GET /v2.0/ports?device_id=08c11e04-01cd-4975-8afa-b175636d3597 HTTP/1.1" status: 200 len: 1398 time: 0.0421431
2026-05-05 23:26:36.745 10 INFO neutron.db.ovn_revision_numbers_db [None req-5af66a4f-525a-41ec-9b3b-bec5e9ec5c38 - - - - - -] Successfully bumped revision number for resource d236435f-7fdd-40bd-9a9d-fb4851600c4c (type: ports) to 5
2026-05-05 23:26:37.029 9 INFO neutron.wsgi [req-58ab76c5-5d55-43ca-96ed-15fcc4c40985 req-8dcbee26-d8c6-40aa-a28a-3c55296a6178 2c63deac57c74ec286fd51627227690b e7eb4fdb1ccc4e4d8d24a02541eac36c - - default default] 199.204.45.78 "DELETE /v2.0/ports/d236435f-7fdd-40bd-9a9d-fb4851600c4c HTTP/1.1" status: 204 len: 173 time: 0.3826711
2026-05-05 23:26:37.081 9 INFO neutron.notifiers.nova [-] Nova event matching ['req-c4178a12-7fd8-4b29-b666-9404a82dc53b'] response: {'server_uuid': '08c11e04-01cd-4975-8afa-b175636d3597', 'name': 'network-vif-deleted', 'tag': 'd236435f-7fdd-40bd-9a9d-fb4851600c4c', 'status': 'completed', 'code': 200}
2026-05-05 23:26:38.121 10 INFO neutron.notifiers.nova [-] Nova event matching ['req-d45d2783-8f7b-4554-bbdd-cd42c46904f7'] response: {'server_uuid': '08c11e04-01cd-4975-8afa-b175636d3597', 'name': 'network-vif-unplugged', 'status': 'completed', 'tag': 'd236435f-7fdd-40bd-9a9d-fb4851600c4c', 'code': 200}
2026-05-05 23:26:38.122 10 INFO neutron.notifiers.nova [-] Nova event matching ['req-d45d2783-8f7b-4554-bbdd-cd42c46904f7'] response: {'server_uuid': '08c11e04-01cd-4975-8afa-b175636d3597', 'name': 'network-vif-plugged', 'status': 'completed', 'tag': 'd236435f-7fdd-40bd-9a9d-fb4851600c4c', 'code': 200}
2026-05-05 23:26:38.281 10 INFO neutron.wsgi [-] 10.0.0.104 "GET / HTTP/1.1" status: 200 len: 246 time: 0.0027781
2026-05-05 23:26:38.281 9 INFO neutron.wsgi [-] 10.0.0.104 "GET / HTTP/1.1" status: 200 len: 246 time: 0.0027170
2026-05-05 23:26:42.166 9 INFO neutron.db.l3_db [None req-c94276ba-e7fb-4722-967f-a1867d8c96a9 2c63deac57c74ec286fd51627227690b e7eb4fdb1ccc4e4d8d24a02541eac36c - - default default] Floating IP 7fe5f6b4-7353-4ed5-874a-8e0205d1ac1f disassociated (deleted). External IP: 10.96.250.205, port: 80317a18-8bc3-40fb-b4ce-2351978dfb3e.
2026-05-05 23:26:42.239 9 INFO neutron.wsgi [None req-c94276ba-e7fb-4722-967f-a1867d8c96a9 2c63deac57c74ec286fd51627227690b e7eb4fdb1ccc4e4d8d24a02541eac36c - - default default] 10.0.0.175 "DELETE /v2.0/floatingips/7fe5f6b4-7353-4ed5-874a-8e0205d1ac1f HTTP/1.1" status: 204 len: 168 time: 0.7206464 /var/lib/openstack/lib/python3.10/site-packages/pycadf/identifier.py:71: UserWarning: Invalid uuid: neutron. To ensure interoperability, identifiers should be a valid uuid. warnings.warn(('Invalid uuid: %s. To ensure interoperability, '
2026-05-05 23:26:42.268 10 INFO neutron.api.v2.resource [None req-08651613-fe96-4975-97d3-72e22e489267 2c63deac57c74ec286fd51627227690b e7eb4fdb1ccc4e4d8d24a02541eac36c - - default default] show failed (client error): The resource could not be found.
2026-05-05 23:26:42.269 10 INFO neutron.wsgi [None req-08651613-fe96-4975-97d3-72e22e489267 2c63deac57c74ec286fd51627227690b e7eb4fdb1ccc4e4d8d24a02541eac36c - - default default] 10.0.0.175 "GET /v2.0/floatingips/7fe5f6b4-7353-4ed5-874a-8e0205d1ac1f HTTP/1.1" status: 404 len: 345 time: 0.0233428
2026-05-05 23:26:42.278 9 INFO neutron.notifiers.nova [-] Nova event matching ['req-3fb41667-6793-4f63-bd94-0eaf70b1683d'] response: {'name': 'network-changed', 'server_uuid': '0a3c8294-f6b4-4c4a-8f5b-b83014a45f4d', 'tag': '80317a18-8bc3-40fb-b4ce-2351978dfb3e', 'status': 'completed', 'code': 200} /var/lib/openstack/lib/python3.10/site-packages/pycadf/identifier.py:71: UserWarning: Invalid uuid: neutron. To ensure interoperability, identifiers should be a valid uuid. warnings.warn(('Invalid uuid: %s. To ensure interoperability, '
2026-05-05 23:26:42.347 9 INFO neutron.wsgi [req-2b6e57fa-aac5-4463-afc6-1b8fd392f3d6 req-4a210358-020d-4443-9bc4-b836aedf1a3a 4a74b8b0fd5548b4b772c0d3fdc7ca7e 60ebc48fb9004c21ba869cbb18ebf9a3 - - 913e957380f04e9ea3dc4b71a8ff958a 913e957380f04e9ea3dc4b71a8ff958a] 199.204.45.78 "GET /v2.0/ports?tenant_id=e7eb4fdb1ccc4e4d8d24a02541eac36c&device_id=0a3c8294-f6b4-4c4a-8f5b-b83014a45f4d HTTP/1.1" status: 200 len: 1638 time: 0.0511744
2026-05-05 23:26:42.417 9 INFO neutron.wsgi [req-2b6e57fa-aac5-4463-afc6-1b8fd392f3d6 req-bb0a264f-a44e-4e65-8f72-342259d2d9d2 4a74b8b0fd5548b4b772c0d3fdc7ca7e 60ebc48fb9004c21ba869cbb18ebf9a3 - - 913e957380f04e9ea3dc4b71a8ff958a 913e957380f04e9ea3dc4b71a8ff958a] 199.204.45.78 "GET /v2.0/networks?id=3aa98689-f6b8-4abf-a3de-7bc5bb2461d1 HTTP/1.1" status: 200 len: 1002 time: 0.0611358
2026-05-05 23:26:42.460 9 INFO neutron.plugins.ml2.drivers.ovn.mech_driver.mech_driver [None req-3477c0ba-b0a4-456f-9ac4-996e9fa5baad - - - - - -] OVN reports status down for port: 80317a18-8bc3-40fb-b4ce-2351978dfb3e
2026-05-05 23:26:42.465 9 INFO neutron.wsgi [req-2b6e57fa-aac5-4463-afc6-1b8fd392f3d6 req-e35d367b-7c27-4bc1-b659-258585e5a4da 4a74b8b0fd5548b4b772c0d3fdc7ca7e 60ebc48fb9004c21ba869cbb18ebf9a3 - - 913e957380f04e9ea3dc4b71a8ff958a 913e957380f04e9ea3dc4b71a8ff958a] 199.204.45.78 "GET /v2.0/floatingips?fixed_ip_address=10.2.1.205&port_id=80317a18-8bc3-40fb-b4ce-2351978dfb3e HTTP/1.1" status: 200 len: 217 time: 0.0406027
2026-05-05 23:26:42.501 9 INFO neutron.wsgi [req-2b6e57fa-aac5-4463-afc6-1b8fd392f3d6 req-0a88b46e-e3c9-4f38-ac5f-2a7f870a82cc 4a74b8b0fd5548b4b772c0d3fdc7ca7e 60ebc48fb9004c21ba869cbb18ebf9a3 - - 913e957380f04e9ea3dc4b71a8ff958a 913e957380f04e9ea3dc4b71a8ff958a] 199.204.45.78 "GET /v2.0/floatingips?fixed_ip_address=fd7b%3Af9f7%3Afff%3A4eca%3A%3A323&port_id=80317a18-8bc3-40fb-b4ce-2351978dfb3e HTTP/1.1" status: 200 len: 217 time: 0.0278454
2026-05-05 23:26:42.571 9 INFO neutron.wsgi [req-2b6e57fa-aac5-4463-afc6-1b8fd392f3d6 req-d21a0bc0-9b94-4594-b868-3a6ab49b2ef8 4a74b8b0fd5548b4b772c0d3fdc7ca7e 60ebc48fb9004c21ba869cbb18ebf9a3 - - 913e957380f04e9ea3dc4b71a8ff958a 913e957380f04e9ea3dc4b71a8ff958a] 199.204.45.78 "GET /v2.0/subnets?id=81719ced-4913-44ca-b8a6-33dae5f6a3e9&id=9d387623-c143-44d4-aabe-4f8816488be9 HTTP/1.1" status: 200 len: 1563 time: 0.0621915
2026-05-05 23:26:42.612 9 INFO neutron.wsgi [req-c5dcbf85-c58b-4324-a56e-62106ae4c422 req-c0077daf-7c0e-4bde-929d-6fae836f7a29 2c63deac57c74ec286fd51627227690b e7eb4fdb1ccc4e4d8d24a02541eac36c - - default default] 10.0.0.153 "GET /v2.0/ports?device_id=0a3c8294-f6b4-4c4a-8f5b-b83014a45f4d HTTP/1.1" status: 200 len: 1400 time: 0.1946051
2026-05-05 23:26:42.626 9 INFO neutron.wsgi [req-2b6e57fa-aac5-4463-afc6-1b8fd392f3d6 req-bee4baab-cb69-4fe5-8f3c-c4ff30876701 4a74b8b0fd5548b4b772c0d3fdc7ca7e 60ebc48fb9004c21ba869cbb18ebf9a3 - - 913e957380f04e9ea3dc4b71a8ff958a 913e957380f04e9ea3dc4b71a8ff958a] 199.204.45.78 "GET /v2.0/ports?network_id=3aa98689-f6b8-4abf-a3de-7bc5bb2461d1&device_owner=network%3Adhcp HTTP/1.1" status: 200 len: 210 time: 0.0485873
2026-05-05 23:26:42.667 9 INFO neutron.wsgi [req-2b6e57fa-aac5-4463-afc6-1b8fd392f3d6 req-ac93c5cc-828a-4b4d-8b90-f1b358c8ebae 4a74b8b0fd5548b4b772c0d3fdc7ca7e 60ebc48fb9004c21ba869cbb18ebf9a3 - - 913e957380f04e9ea3dc4b71a8ff958a 913e957380f04e9ea3dc4b71a8ff958a] 199.204.45.78 "GET /v2.0/ports?network_id=3aa98689-f6b8-4abf-a3de-7bc5bb2461d1&device_owner=network%3Adhcp HTTP/1.1" status: 200 len: 210 time: 0.0317543
2026-05-05 23:26:42.680 9 INFO neutron.wsgi [req-c5dcbf85-c58b-4324-a56e-62106ae4c422 req-c8f4a734-6aea-4ef0-b036-919728890981 2c63deac57c74ec286fd51627227690b e7eb4fdb1ccc4e4d8d24a02541eac36c - - default default] 10.0.0.153 "GET /v2.0/security-groups?id=f048f4a8-e6b3-45ad-882f-8ab9d9fe6cfe&fields=id&fields=name HTTP/1.1" status: 200 len: 310 time: 0.0611539
2026-05-05 23:26:42.753 9 INFO neutron.wsgi [req-2b6e57fa-aac5-4463-afc6-1b8fd392f3d6 req-1af5c7de-b88f-4002-8f06-83fdaba16d31 4a74b8b0fd5548b4b772c0d3fdc7ca7e 60ebc48fb9004c21ba869cbb18ebf9a3 - - 913e957380f04e9ea3dc4b71a8ff958a 913e957380f04e9ea3dc4b71a8ff958a] 199.204.45.78 "GET /v2.0/networks/3aa98689-f6b8-4abf-a3de-7bc5bb2461d1?fields=segments HTTP/1.1" status: 200 len: 212 time: 0.0779822
2026-05-05 23:26:42.802 10 INFO neutron.wsgi [req-6a4bfe7b-c2b9-485f-b616-b6325d5a0eec req-dc698c9f-ee82-4157-9b78-c6032c85b517 2c63deac57c74ec286fd51627227690b e7eb4fdb1ccc4e4d8d24a02541eac36c - - default default] 199.204.45.78 "GET /v2.0/ports?device_id=0a3c8294-f6b4-4c4a-8f5b-b83014a45f4d HTTP/1.1" status: 200 len: 1398 time: 0.0809183
2026-05-05 23:26:42.833 9 INFO neutron.wsgi [req-2b6e57fa-aac5-4463-afc6-1b8fd392f3d6 req-070c5093-ec37-4332-92c9-ca522d002dcb 4a74b8b0fd5548b4b772c0d3fdc7ca7e 60ebc48fb9004c21ba869cbb18ebf9a3 - - 913e957380f04e9ea3dc4b71a8ff958a 913e957380f04e9ea3dc4b71a8ff958a] 199.204.45.78 "GET /v2.0/networks/3aa98689-f6b8-4abf-a3de-7bc5bb2461d1?fields=provider%3Aphysical_network&fields=provider%3Anetwork_type HTTP/1.1" status: 200 len: 277 time: 0.0727751
2026-05-05 23:26:42.904 9 INFO neutron.db.ovn_revision_numbers_db [None req-3477c0ba-b0a4-456f-9ac4-996e9fa5baad - - - - - -] Successfully bumped revision number for resource 80317a18-8bc3-40fb-b4ce-2351978dfb3e (type: ports) to 5
2026-05-05 23:26:43.120 10 INFO neutron.wsgi [req-6a4bfe7b-c2b9-485f-b616-b6325d5a0eec req-47f05fe8-1276-4b16-82b6-d816b2880bef 2c63deac57c74ec286fd51627227690b e7eb4fdb1ccc4e4d8d24a02541eac36c - - default default] 199.204.45.78 "DELETE /v2.0/ports/80317a18-8bc3-40fb-b4ce-2351978dfb3e HTTP/1.1" status: 204 len: 173 time: 0.3134024
2026-05-05 23:26:43.156 10 INFO neutron.notifiers.nova [-] Nova event matching ['req-bbebf0c5-ba47-4b17-b037-69abd346cf6c'] response: {'server_uuid': '0a3c8294-f6b4-4c4a-8f5b-b83014a45f4d', 'name': 'network-vif-deleted', 'tag': '80317a18-8bc3-40fb-b4ce-2351978dfb3e', 'status': 'completed', 'code': 200}
2026-05-05 23:26:44.317 9 INFO neutron.notifiers.nova [-] Nova event matching ['req-f1eb935c-116f-40d9-835b-6bd6fcb32341'] response: {'server_uuid': '0a3c8294-f6b4-4c4a-8f5b-b83014a45f4d', 'name': 'network-vif-unplugged', 'status': 'completed', 'tag': '80317a18-8bc3-40fb-b4ce-2351978dfb3e', 'code': 200}
2026-05-05 23:26:44.317 9 INFO neutron.notifiers.nova [-] Nova event matching ['req-f1eb935c-116f-40d9-835b-6bd6fcb32341'] response: {'server_uuid': '0a3c8294-f6b4-4c4a-8f5b-b83014a45f4d', 'name': 'network-vif-plugged', 'status': 'completed', 'tag': '80317a18-8bc3-40fb-b4ce-2351978dfb3e', 'code': 200}
2026-05-05 23:26:47.876 10 INFO neutron.wsgi [None req-50ad4c5d-f019-4548-b96b-304c3d240274 2c63deac57c74ec286fd51627227690b e7eb4fdb1ccc4e4d8d24a02541eac36c - - default default] 10.0.0.175 "DELETE /v2.0/security-group-rules/278ff890-78e0-44ff-b5f6-a969e4c28dfa HTTP/1.1" status: 204 len: 168 time: 0.1418297
2026-05-05 23:26:47.889 10 INFO neutron.api.v2.resource [None req-d2eb2d7f-c1e2-4b35-bc81-cf6ee08f9191 2c63deac57c74ec286fd51627227690b e7eb4fdb1ccc4e4d8d24a02541eac36c - - default default] show failed (client error): The resource could not be found.
2026-05-05 23:26:47.890 10 INFO neutron.wsgi [None req-d2eb2d7f-c1e2-4b35-bc81-cf6ee08f9191 2c63deac57c74ec286fd51627227690b e7eb4fdb1ccc4e4d8d24a02541eac36c - - default default] 10.0.0.175 "GET /v2.0/security-group-rules/278ff890-78e0-44ff-b5f6-a969e4c28dfa HTTP/1.1" status: 404 len: 356 time: 0.0094852
2026-05-05 23:26:48.008 10 INFO neutron.wsgi [None req-604b00fa-0388-4b73-bcad-2f4c81d884e0 2c63deac57c74ec286fd51627227690b e7eb4fdb1ccc4e4d8d24a02541eac36c - - default default] 10.0.0.175 "DELETE /v2.0/security-group-rules/0b67ac75-6542-4e2d-995b-4d2b26380f5b HTTP/1.1" status: 204 len: 168 time: 0.1139367
2026-05-05 23:26:48.022 10 INFO neutron.api.v2.resource [None req-5ab7eefc-0363-4213-b82d-5aa0699bf000 2c63deac57c74ec286fd51627227690b e7eb4fdb1ccc4e4d8d24a02541eac36c - - default default] show failed (client error): The resource could not be found.
2026-05-05 23:26:48.024 10 INFO neutron.wsgi [None req-5ab7eefc-0363-4213-b82d-5aa0699bf000 2c63deac57c74ec286fd51627227690b e7eb4fdb1ccc4e4d8d24a02541eac36c - - default default] 10.0.0.175 "GET /v2.0/security-group-rules/0b67ac75-6542-4e2d-995b-4d2b26380f5b HTTP/1.1" status: 404 len: 356 time: 0.0097604
2026-05-05 23:26:48.150 10 INFO neutron.wsgi [None req-2c3add59-a840-4a7c-8a38-0bd0792f638c 2c63deac57c74ec286fd51627227690b e7eb4fdb1ccc4e4d8d24a02541eac36c - - default default] 10.0.0.175 "DELETE /v2.0/security-group-rules/95f3523e-5577-4cac-9b69-7a093b82ce5e HTTP/1.1" status: 204 len: 168 time: 0.1230938
2026-05-05 23:26:48.164 10 INFO neutron.api.v2.resource [None req-c7053fb4-2baf-4d21-b68e-9e4d7ecae863 2c63deac57c74ec286fd51627227690b e7eb4fdb1ccc4e4d8d24a02541eac36c - - default default] show failed (client error): The resource could not be found.
2026-05-05 23:26:48.166 10 INFO neutron.wsgi [None req-c7053fb4-2baf-4d21-b68e-9e4d7ecae863 2c63deac57c74ec286fd51627227690b e7eb4fdb1ccc4e4d8d24a02541eac36c - - default default] 10.0.0.175 "GET /v2.0/security-group-rules/95f3523e-5577-4cac-9b69-7a093b82ce5e HTTP/1.1" status: 404 len: 356 time: 0.0103722
2026-05-05 23:26:48.289 10 INFO neutron.wsgi [None req-4153a1ef-d556-453e-b9b8-f9fff4695e36 2c63deac57c74ec286fd51627227690b e7eb4fdb1ccc4e4d8d24a02541eac36c - - default default] 10.0.0.175 "DELETE /v2.0/security-group-rules/43b60489-580e-4678-ad82-a599f3631bd8 HTTP/1.1" status: 204 len: 168 time: 0.1185484
2026-05-05 23:26:48.301 10 INFO neutron.api.v2.resource [None req-412d710f-b021-4272-bb3f-8d573a1c334c 2c63deac57c74ec286fd51627227690b e7eb4fdb1ccc4e4d8d24a02541eac36c - - default default] show failed (client error): The resource could not be found.
2026-05-05 23:26:48.303 10 INFO neutron.wsgi [None req-412d710f-b021-4272-bb3f-8d573a1c334c 2c63deac57c74ec286fd51627227690b e7eb4fdb1ccc4e4d8d24a02541eac36c - - default default] 10.0.0.175 "GET /v2.0/security-group-rules/43b60489-580e-4678-ad82-a599f3631bd8 HTTP/1.1" status: 404 len: 356 time: 0.0087523
2026-05-05 23:26:48.436 10 INFO neutron.wsgi [None req-38a9d63a-6e1b-4716-99b2-756ee6f4e196 2c63deac57c74ec286fd51627227690b e7eb4fdb1ccc4e4d8d24a02541eac36c - - default default] 10.0.0.175 "DELETE /v2.0/security-group-rules/58311a16-ca04-42dd-b12f-43c5f456d5bd HTTP/1.1" status: 204 len: 168 time: 0.1295815
2026-05-05 23:26:48.452 10 INFO neutron.api.v2.resource [None req-6a9eeabd-ec88-4b55-9785-e96bb917d23a 2c63deac57c74ec286fd51627227690b e7eb4fdb1ccc4e4d8d24a02541eac36c - - default default] show failed (client error): The resource could not be found.
2026-05-05 23:26:48.453 10 INFO neutron.wsgi [None req-6a9eeabd-ec88-4b55-9785-e96bb917d23a 2c63deac57c74ec286fd51627227690b e7eb4fdb1ccc4e4d8d24a02541eac36c - - default default] 10.0.0.175 "GET /v2.0/security-group-rules/58311a16-ca04-42dd-b12f-43c5f456d5bd HTTP/1.1" status: 404 len: 356 time: 0.0117359
2026-05-05 23:26:48.569 10 INFO neutron.wsgi [None req-de1be0d6-c27f-4e5f-b582-eca3571ee732 2c63deac57c74ec286fd51627227690b e7eb4fdb1ccc4e4d8d24a02541eac36c - - default default] 10.0.0.175 "DELETE /v2.0/security-group-rules/9a698720-4f74-4306-a114-58dca4735eb1 HTTP/1.1" status: 204 len: 168 time: 0.1116140
2026-05-05 23:26:48.581 10 INFO neutron.api.v2.resource [None req-5157b486-7c2f-429d-9d3c-2dec5de0a792 2c63deac57c74ec286fd51627227690b e7eb4fdb1ccc4e4d8d24a02541eac36c - - default default] show failed (client error): The resource could not be found.
2026-05-05 23:26:48.582 10 INFO neutron.wsgi [None req-5157b486-7c2f-429d-9d3c-2dec5de0a792 2c63deac57c74ec286fd51627227690b e7eb4fdb1ccc4e4d8d24a02541eac36c - - default default] 10.0.0.175 "GET /v2.0/security-group-rules/9a698720-4f74-4306-a114-58dca4735eb1 HTTP/1.1" status: 404 len: 356 time: 0.0087659
2026-05-05 23:26:48.693 10 INFO neutron.wsgi [None req-b75d1247-2d60-4b05-a078-a78b1c21c645 2c63deac57c74ec286fd51627227690b e7eb4fdb1ccc4e4d8d24a02541eac36c - - default default] 10.0.0.175 "DELETE /v2.0/security-group-rules/31829603-2fe6-43cc-bb94-cd640380fc61 HTTP/1.1" status: 204 len: 168 time: 0.1071830
2026-05-05 23:26:48.705 10 INFO neutron.api.v2.resource [None req-31e1797b-1260-4d9c-9da0-0887a12453cf 2c63deac57c74ec286fd51627227690b e7eb4fdb1ccc4e4d8d24a02541eac36c - - default default] show failed (client error): The resource could not be found.
2026-05-05 23:26:48.706 10 INFO neutron.wsgi [None req-31e1797b-1260-4d9c-9da0-0887a12453cf 2c63deac57c74ec286fd51627227690b e7eb4fdb1ccc4e4d8d24a02541eac36c - - default default] 10.0.0.175 "GET /v2.0/security-group-rules/31829603-2fe6-43cc-bb94-cd640380fc61 HTTP/1.1" status: 404 len: 356 time: 0.0088668
2026-05-05 23:26:48.821 10 INFO neutron.wsgi [None req-89c6d4dd-f684-4928-869e-dd90abffafed 2c63deac57c74ec286fd51627227690b e7eb4fdb1ccc4e4d8d24a02541eac36c - - default default] 10.0.0.175 "DELETE /v2.0/security-group-rules/fa1ea2e6-9699-4055-ade3-e1b4ade695a7 HTTP/1.1" status: 204 len: 168 time: 0.1106501
2026-05-05 23:26:48.837 10 INFO neutron.api.v2.resource [None req-8c93c689-5786-43a1-86be-db4ca0bb2c96 2c63deac57c74ec286fd51627227690b e7eb4fdb1ccc4e4d8d24a02541eac36c - - default default] show failed (client error): The resource could not be found.
2026-05-05 23:26:48.838 10 INFO neutron.wsgi [None req-8c93c689-5786-43a1-86be-db4ca0bb2c96 2c63deac57c74ec286fd51627227690b e7eb4fdb1ccc4e4d8d24a02541eac36c - - default default] 10.0.0.175 "GET /v2.0/security-group-rules/fa1ea2e6-9699-4055-ade3-e1b4ade695a7 HTTP/1.1" status: 404 len: 356 time: 0.0110002 /var/lib/openstack/lib/python3.10/site-packages/pycadf/identifier.py:71: UserWarning: Invalid uuid: neutron. To ensure interoperability, identifiers should be a valid uuid. warnings.warn(('Invalid uuid: %s. To ensure interoperability, '
2026-05-05 23:26:48.989 9 INFO neutron.wsgi [None req-f10c8a3e-9152-47f8-8f55-7b865eb64fcb 2c63deac57c74ec286fd51627227690b e7eb4fdb1ccc4e4d8d24a02541eac36c - - default default] 10.0.0.175 "DELETE /v2.0/security-group-rules/d1a35303-da85-48b3-9772-03fe703e72d6 HTTP/1.1" status: 204 len: 168 time: 0.1462567
2026-05-05 23:26:49.003 9 INFO neutron.api.v2.resource [None req-afb96a2e-4bf5-4cbb-bcac-704dd8b72c89 2c63deac57c74ec286fd51627227690b e7eb4fdb1ccc4e4d8d24a02541eac36c - - default default] show failed (client error): The resource could not be found.
2026-05-05 23:26:49.005 9 INFO neutron.wsgi [None req-afb96a2e-4bf5-4cbb-bcac-704dd8b72c89 2c63deac57c74ec286fd51627227690b e7eb4fdb1ccc4e4d8d24a02541eac36c - - default default] 10.0.0.175 "GET /v2.0/security-group-rules/d1a35303-da85-48b3-9772-03fe703e72d6 HTTP/1.1" status: 404 len: 356 time: 0.0108445
2026-05-05 23:26:49.129 9 INFO neutron.wsgi [None req-3ebec23d-2e11-4ef2-9e16-21df99362ad9 2c63deac57c74ec286fd51627227690b e7eb4fdb1ccc4e4d8d24a02541eac36c - - default default] 10.0.0.175 "DELETE /v2.0/security-group-rules/1a358253-2a9f-4f21-9735-7ec8209b24da HTTP/1.1" status: 204 len: 168 time: 0.1183665
2026-05-05 23:26:49.142 9 INFO neutron.api.v2.resource [None req-c8645c51-774a-4851-8096-77b07a241501 2c63deac57c74ec286fd51627227690b e7eb4fdb1ccc4e4d8d24a02541eac36c - - default default] show failed (client error): The resource could not be found.
2026-05-05 23:26:49.143 9 INFO neutron.wsgi [None req-c8645c51-774a-4851-8096-77b07a241501 2c63deac57c74ec286fd51627227690b e7eb4fdb1ccc4e4d8d24a02541eac36c - - default default] 10.0.0.175 "GET /v2.0/security-group-rules/1a358253-2a9f-4f21-9735-7ec8209b24da HTTP/1.1" status: 404 len: 356 time: 0.0091650
2026-05-05 23:26:49.266 9 INFO neutron.wsgi [None req-b118c61a-1b08-4e33-9b8d-77adff3b717d 2c63deac57c74ec286fd51627227690b e7eb4fdb1ccc4e4d8d24a02541eac36c - - default default] 10.0.0.175 "DELETE /v2.0/security-group-rules/b6e4dd4b-f391-46d1-8375-06421a3a4158 HTTP/1.1" status: 204 len: 168 time: 0.1189663
2026-05-05 23:26:49.279 9 INFO neutron.api.v2.resource [None req-d7651b2b-a556-44ce-b442-49eccb8545cd 2c63deac57c74ec286fd51627227690b e7eb4fdb1ccc4e4d8d24a02541eac36c - - default default] show failed (client error): The resource could not be found.
2026-05-05 23:26:49.281 9 INFO neutron.wsgi [None req-d7651b2b-a556-44ce-b442-49eccb8545cd 2c63deac57c74ec286fd51627227690b e7eb4fdb1ccc4e4d8d24a02541eac36c - - default default] 10.0.0.175 "GET /v2.0/security-group-rules/b6e4dd4b-f391-46d1-8375-06421a3a4158 HTTP/1.1" status: 404 len: 356 time: 0.0097051
2026-05-05 23:26:49.393 9 INFO neutron.wsgi [None req-f5f6f3b7-32ed-41c5-b65f-72705508bab7 2c63deac57c74ec286fd51627227690b e7eb4fdb1ccc4e4d8d24a02541eac36c - - default default] 10.0.0.175 "DELETE /v2.0/security-groups/f048f4a8-e6b3-45ad-882f-8ab9d9fe6cfe HTTP/1.1" status: 204 len: 168 time: 0.1097145
2026-05-05 23:26:49.410 9 INFO neutron.api.v2.resource [None req-2942995d-888b-4d16-a0c5-89d83e570914 2c63deac57c74ec286fd51627227690b e7eb4fdb1ccc4e4d8d24a02541eac36c - - default default] show failed (client error): The resource could not be found.
2026-05-05 23:26:49.411 9 INFO neutron.wsgi [None req-2942995d-888b-4d16-a0c5-89d83e570914 2c63deac57c74ec286fd51627227690b e7eb4fdb1ccc4e4d8d24a02541eac36c - - default default] 10.0.0.175 "GET /v2.0/security-groups/f048f4a8-e6b3-45ad-882f-8ab9d9fe6cfe HTTP/1.1" status: 404 len: 347 time: 0.0123255
2026-05-05 23:26:50.325 9 INFO neutron.wsgi [None req-34a24814-44d2-4055-ba16-5f23a4fc29fb 2c63deac57c74ec286fd51627227690b e7eb4fdb1ccc4e4d8d24a02541eac36c - - default default] 10.0.0.175 "PUT /v2.0/routers/a3f24c98-4baa-4a57-8f20-6d89f31365ce/remove_router_interface HTTP/1.1" status: 200 len: 503 time: 0.8600013 /var/lib/openstack/lib/python3.10/site-packages/pycadf/identifier.py:71: UserWarning: Invalid uuid: neutron. To ensure interoperability, identifiers should be a valid uuid. warnings.warn(('Invalid uuid: %s. To ensure interoperability, '
2026-05-05 23:26:50.441 9 INFO neutron.api.v2.resource [None req-1d57fa04-bcb2-4aaa-8b1f-1268e55d550c 2c63deac57c74ec286fd51627227690b e7eb4fdb1ccc4e4d8d24a02541eac36c - - default default] remove_router_interface failed (client error): The resource could not be found.
2026-05-05 23:26:50.442 9 INFO neutron.wsgi [None req-1d57fa04-bcb2-4aaa-8b1f-1268e55d550c 2c63deac57c74ec286fd51627227690b e7eb4fdb1ccc4e4d8d24a02541eac36c - - default default] 10.0.0.175 "PUT /v2.0/routers/a3f24c98-4baa-4a57-8f20-6d89f31365ce/remove_router_interface HTTP/1.1" status: 404 len: 399 time: 0.1100624
2026-05-05 23:26:51.557 9 INFO neutron.wsgi [None req-9ac4f175-cd08-4e39-9cca-8d657f01dd5c 2c63deac57c74ec286fd51627227690b e7eb4fdb1ccc4e4d8d24a02541eac36c - - default default] 10.0.0.175 "PUT /v2.0/routers/a3f24c98-4baa-4a57-8f20-6d89f31365ce/remove_router_interface HTTP/1.1" status: 200 len: 503 time: 1.1066589
2026-05-05 23:26:51.666 10 INFO neutron.api.v2.resource [None req-fb2a819f-6c84-4c87-b23a-301563d26fd0 2c63deac57c74ec286fd51627227690b e7eb4fdb1ccc4e4d8d24a02541eac36c - - default default] remove_router_interface failed (client error): The resource could not be found.
2026-05-05 23:26:51.667 10 INFO neutron.wsgi [None req-fb2a819f-6c84-4c87-b23a-301563d26fd0 2c63deac57c74ec286fd51627227690b e7eb4fdb1ccc4e4d8d24a02541eac36c - - default default] 10.0.0.175 "PUT /v2.0/routers/a3f24c98-4baa-4a57-8f20-6d89f31365ce/remove_router_interface HTTP/1.1" status: 404 len: 399 time: 0.1064088
2026-05-05 23:26:52.695 10 INFO neutron.wsgi [None req-70b8dee5-c475-47f4-8011-6980adf14f3f 2c63deac57c74ec286fd51627227690b e7eb4fdb1ccc4e4d8d24a02541eac36c - - default default] 10.0.0.175 "PUT /v2.0/routers/a3f24c98-4baa-4a57-8f20-6d89f31365ce/remove_router_interface HTTP/1.1" status: 200 len: 503 time: 1.0216525 /var/lib/openstack/lib/python3.10/site-packages/pycadf/identifier.py:71: UserWarning: Invalid uuid: neutron. To ensure interoperability, identifiers should be a valid uuid. warnings.warn(('Invalid uuid: %s. To ensure interoperability, '
2026-05-05 23:26:52.809 10 INFO neutron.api.v2.resource [None req-321c3b7b-9922-4011-ac06-8f35629ba49e 2c63deac57c74ec286fd51627227690b e7eb4fdb1ccc4e4d8d24a02541eac36c - - default default] remove_router_interface failed (client error): The resource could not be found.
2026-05-05 23:26:52.811 10 INFO neutron.wsgi [None req-321c3b7b-9922-4011-ac06-8f35629ba49e 2c63deac57c74ec286fd51627227690b e7eb4fdb1ccc4e4d8d24a02541eac36c - - default default] 10.0.0.175 "PUT /v2.0/routers/a3f24c98-4baa-4a57-8f20-6d89f31365ce/remove_router_interface HTTP/1.1" status: 404 len: 399 time: 0.1111007
2026-05-05 23:26:53.279 10 INFO neutron.wsgi [-] 10.0.0.104 "GET / HTTP/1.1" status: 200 len: 246 time: 0.0014277
2026-05-05 23:26:53.282 9 INFO neutron.wsgi [-] 10.0.0.104 "GET / HTTP/1.1" status: 200 len: 246 time: 0.0033770
2026-05-05 23:26:53.631 10 INFO neutron.wsgi [None req-df62444b-aae5-46ca-9770-85f7f53cee40 2c63deac57c74ec286fd51627227690b e7eb4fdb1ccc4e4d8d24a02541eac36c - - default default] 10.0.0.175 "DELETE /v2.0/routers/a3f24c98-4baa-4a57-8f20-6d89f31365ce HTTP/1.1" status: 204 len: 168 time: 0.8156853 /var/lib/openstack/lib/python3.10/site-packages/pycadf/identifier.py:71: UserWarning: Invalid uuid: neutron. To ensure interoperability, identifiers should be a valid uuid. warnings.warn(('Invalid uuid: %s. To ensure interoperability, '
2026-05-05 23:26:53.659 9 INFO neutron.api.v2.resource [None req-14a50a41-ac55-4cd0-8297-26645446b3a3 2c63deac57c74ec286fd51627227690b e7eb4fdb1ccc4e4d8d24a02541eac36c - - default default] show failed (client error): The resource could not be found.
2026-05-05 23:26:53.661 9 INFO neutron.wsgi [None req-14a50a41-ac55-4cd0-8297-26645446b3a3 2c63deac57c74ec286fd51627227690b e7eb4fdb1ccc4e4d8d24a02541eac36c - - default default] 10.0.0.175 "GET /v2.0/routers/a3f24c98-4baa-4a57-8f20-6d89f31365ce HTTP/1.1" status: 404 len: 336 time: 0.0249267
2026-05-05 23:26:53.840 9 INFO neutron.wsgi [None req-68789f9a-1eb3-43ad-8d13-049a5a367bc0 2c63deac57c74ec286fd51627227690b e7eb4fdb1ccc4e4d8d24a02541eac36c - - default default] 10.0.0.175 "DELETE /v2.0/subnets/fdd2f962-185d-4c59-b5b4-623bbc2ca488 HTTP/1.1" status: 204 len: 168 time: 0.1753919
2026-05-05 23:26:53.861 9 INFO neutron.pecan_wsgi.hooks.translation [None req-c8fdf3fc-bb0a-488d-9874-06af808d4e4c 2c63deac57c74ec286fd51627227690b e7eb4fdb1ccc4e4d8d24a02541eac36c - - default default] GET failed (client error): The resource could not be found.
2026-05-05 23:26:53.862 9 INFO neutron.wsgi [None req-c8fdf3fc-bb0a-488d-9874-06af808d4e4c 2c63deac57c74ec286fd51627227690b e7eb4fdb1ccc4e4d8d24a02541eac36c - - default default] 10.0.0.175 "GET /v2.0/subnets/fdd2f962-185d-4c59-b5b4-623bbc2ca488 HTTP/1.1" status: 404 len: 337 time: 0.0178688
2026-05-05 23:26:54.045 9 INFO neutron.wsgi [None req-ac9ce8e2-1e7c-41ee-8f26-dc6cb9fbd63f 2c63deac57c74ec286fd51627227690b e7eb4fdb1ccc4e4d8d24a02541eac36c - - default default] 10.0.0.175 "DELETE /v2.0/subnets/0b6f5350-8e2e-4b4d-b871-7f4f39500f3a HTTP/1.1" status: 204 len: 168 time: 0.1783440
2026-05-05 23:26:54.078 10 INFO neutron.pecan_wsgi.hooks.translation [None req-e2691876-d2a1-49f5-be8b-5108d2a75ddf 2c63deac57c74ec286fd51627227690b e7eb4fdb1ccc4e4d8d24a02541eac36c - - default default] GET failed (client error): The resource could not be found.
2026-05-05 23:26:54.080 10 INFO neutron.wsgi [None req-e2691876-d2a1-49f5-be8b-5108d2a75ddf 2c63deac57c74ec286fd51627227690b e7eb4fdb1ccc4e4d8d24a02541eac36c - - default default] 10.0.0.175 "GET /v2.0/subnets/0b6f5350-8e2e-4b4d-b871-7f4f39500f3a HTTP/1.1" status: 404 len: 337 time: 0.0298944
2026-05-05 23:26:54.477 10 INFO neutron.wsgi [None req-a5728148-bcf2-46f5-96b2-2c4a903bd271 2c63deac57c74ec286fd51627227690b e7eb4fdb1ccc4e4d8d24a02541eac36c - - default default] 10.0.0.175 "DELETE /v2.0/networks/c4886295-2b6a-4999-81a7-19932318627a HTTP/1.1" status: 204 len: 168 time: 0.3929806
2026-05-05 23:26:54.481 10 INFO neutron.services.segments.plugin [-] Segment 77ac5c86-55d8-4e31-851e-b58b7c11ba8b resource provider aggregate not found
2026-05-05 23:26:54.492 10 INFO neutron.services.segments.plugin [-] Segment 77ac5c86-55d8-4e31-851e-b58b7c11ba8b resource provider aggregate not found
2026-05-05 23:26:54.500 9 INFO neutron.pecan_wsgi.hooks.translation [None req-72028dc2-3c8e-49e8-8589-826a32cf9109 2c63deac57c74ec286fd51627227690b e7eb4fdb1ccc4e4d8d24a02541eac36c - - default default] GET failed (client error): The resource could not be found.
2026-05-05 23:26:54.502 9 INFO neutron.wsgi [None req-72028dc2-3c8e-49e8-8589-826a32cf9109 2c63deac57c74ec286fd51627227690b e7eb4fdb1ccc4e4d8d24a02541eac36c - - default default] 10.0.0.175 "GET /v2.0/networks/c4886295-2b6a-4999-81a7-19932318627a HTTP/1.1" status: 404 len: 339 time: 0.0190997
2026-05-05 23:26:54.502 10 INFO neutron.services.segments.plugin [-] Segment 77ac5c86-55d8-4e31-851e-b58b7c11ba8b resource provider not found; error: Placement Client Error (4xx): {"errors": [{"status": 404, "title": "Not Found", "detail": "The resource could not be found.\n\n No resource provider with uuid 77ac5c86-55d8-4e31-851e-b58b7c11ba8b found for delete ", "request_id": "req-64c152c2-070d-4507-9509-6c549664b04c"}]}
2026-05-05 23:26:54.514 10 INFO neutron.services.segments.plugin [-] Segment 77ac5c86-55d8-4e31-851e-b58b7c11ba8b resource provider not found; error: Placement Client Error (4xx): {"errors": [{"status": 404, "title": "Not Found", "detail": "The resource could not be found.\n\n No resource provider with uuid 77ac5c86-55d8-4e31-851e-b58b7c11ba8b found for delete ", "request_id": "req-c2b73289-4551-4f3e-957f-c2babbe11a7d"}]}
2026-05-05 23:26:54.714 10 INFO neutron.wsgi [None req-9d47e26e-aa84-42a4-90a2-a1d6545100a3 2c63deac57c74ec286fd51627227690b e7eb4fdb1ccc4e4d8d24a02541eac36c - - default default] 10.0.0.175 "DELETE /v2.0/subnets/81719ced-4913-44ca-b8a6-33dae5f6a3e9 HTTP/1.1" status: 204 len: 168 time: 0.2063491
2026-05-05 23:26:54.737 10 INFO neutron.pecan_wsgi.hooks.translation [None req-c06749c4-0922-4bc0-97ab-2287dc497bf6 2c63deac57c74ec286fd51627227690b e7eb4fdb1ccc4e4d8d24a02541eac36c - - default default] GET failed (client error): The resource could not be found.
2026-05-05 23:26:54.738 10 INFO neutron.wsgi [None req-c06749c4-0922-4bc0-97ab-2287dc497bf6 2c63deac57c74ec286fd51627227690b e7eb4fdb1ccc4e4d8d24a02541eac36c - - default default] 10.0.0.175 "GET /v2.0/subnets/81719ced-4913-44ca-b8a6-33dae5f6a3e9 HTTP/1.1" status: 404 len: 337 time: 0.0196512
2026-05-05 23:26:54.969 10 INFO neutron.wsgi [None req-927c032e-4021-49cb-a39c-628fdbc9bb58 2c63deac57c74ec286fd51627227690b e7eb4fdb1ccc4e4d8d24a02541eac36c - - default default] 10.0.0.175 "DELETE /v2.0/subnets/9d387623-c143-44d4-aabe-4f8816488be9 HTTP/1.1" status: 204 len: 168 time: 0.2261896
2026-05-05 23:26:54.990 10 INFO neutron.pecan_wsgi.hooks.translation [None req-610112e4-6efc-46bf-ba91-8044f879e863 2c63deac57c74ec286fd51627227690b e7eb4fdb1ccc4e4d8d24a02541eac36c - - default default] GET failed (client error): The resource could not be found.
2026-05-05 23:26:54.991 10 INFO neutron.wsgi [None req-610112e4-6efc-46bf-ba91-8044f879e863 2c63deac57c74ec286fd51627227690b e7eb4fdb1ccc4e4d8d24a02541eac36c - - default default] 10.0.0.175 "GET /v2.0/subnets/9d387623-c143-44d4-aabe-4f8816488be9 HTTP/1.1" status: 404 len: 337 time: 0.0170321
2026-05-05 23:26:55.350 10 INFO neutron.wsgi [None req-166ec244-f0b0-4f87-b1e7-4209a8975bc5 2c63deac57c74ec286fd51627227690b e7eb4fdb1ccc4e4d8d24a02541eac36c - - default default] 10.0.0.175 "DELETE /v2.0/networks/3aa98689-f6b8-4abf-a3de-7bc5bb2461d1 HTTP/1.1" status: 204 len: 168 time: 0.3520753
2026-05-05 23:26:55.371 9 INFO neutron.pecan_wsgi.hooks.translation [None req-5f7cf639-e667-4093-a76d-a23f993d2705 2c63deac57c74ec286fd51627227690b e7eb4fdb1ccc4e4d8d24a02541eac36c - - default default] GET failed (client error): The resource could not be found.
2026-05-05 23:26:55.372 9 INFO neutron.wsgi [None req-5f7cf639-e667-4093-a76d-a23f993d2705 2c63deac57c74ec286fd51627227690b e7eb4fdb1ccc4e4d8d24a02541eac36c - - default default] 10.0.0.175 "GET /v2.0/networks/3aa98689-f6b8-4abf-a3de-7bc5bb2461d1 HTTP/1.1" status: 404 len: 339 time: 0.0169308
2026-05-05 23:26:55.526 9 INFO neutron.wsgi [None req-b9caa266-3c98-4a79-80c7-b9311cdd2675 2c63deac57c74ec286fd51627227690b e7eb4fdb1ccc4e4d8d24a02541eac36c - - default default] 10.0.0.175 "DELETE /v2.0/subnets/71db85ea-5c10-43db-b195-b5ad5ea09569 HTTP/1.1" status: 204 len: 168 time: 0.1492696
2026-05-05 23:26:55.549 9 INFO neutron.pecan_wsgi.hooks.translation [None req-d659d921-adac-4817-ad6a-8c1fda925424 2c63deac57c74ec286fd51627227690b e7eb4fdb1ccc4e4d8d24a02541eac36c - - default default] GET failed (client error): The resource could not be found.
2026-05-05 23:26:55.550 9 INFO neutron.wsgi [None req-d659d921-adac-4817-ad6a-8c1fda925424 2c63deac57c74ec286fd51627227690b e7eb4fdb1ccc4e4d8d24a02541eac36c - - default default] 10.0.0.175 "GET /v2.0/subnets/71db85ea-5c10-43db-b195-b5ad5ea09569 HTTP/1.1" status: 404 len: 337 time: 0.0174723
2026-05-05 23:26:55.754 10 INFO neutron.wsgi [None req-94b71e7d-232e-4b44-acee-6feb86f87a8a 2c63deac57c74ec286fd51627227690b e7eb4fdb1ccc4e4d8d24a02541eac36c - - default default] 10.0.0.175 "DELETE /v2.0/subnets/74762e43-f7b9-477f-a71e-6c8dfa17f85c HTTP/1.1" status: 204 len: 168 time: 0.1982021
2026-05-05 23:26:55.774 10 INFO neutron.pecan_wsgi.hooks.translation [None req-12e2dc5a-047d-40ba-a7cb-fd7797a682ad 2c63deac57c74ec286fd51627227690b e7eb4fdb1ccc4e4d8d24a02541eac36c - - default default] GET failed (client error): The resource could not be found.
2026-05-05 23:26:55.776 10 INFO neutron.wsgi [None req-12e2dc5a-047d-40ba-a7cb-fd7797a682ad 2c63deac57c74ec286fd51627227690b e7eb4fdb1ccc4e4d8d24a02541eac36c - - default default] 10.0.0.175 "GET /v2.0/subnets/74762e43-f7b9-477f-a71e-6c8dfa17f85c HTTP/1.1" status: 404 len: 337 time: 0.0156562
2026-05-05 23:26:56.181 10 INFO neutron.wsgi [None req-6c67c7b7-2fe1-4011-8353-331c2a16cf1c 2c63deac57c74ec286fd51627227690b e7eb4fdb1ccc4e4d8d24a02541eac36c - - default default] 10.0.0.175 "DELETE /v2.0/networks/ba5132ac-ec3b-4e86-97a0-344fbcfa1519 HTTP/1.1" status: 204 len: 168 time: 0.4003277
2026-05-05 23:26:56.208 9 INFO neutron.pecan_wsgi.hooks.translation [None req-48469c33-b9b5-44ab-a461-f92ba733ea32 2c63deac57c74ec286fd51627227690b e7eb4fdb1ccc4e4d8d24a02541eac36c - - default default] GET failed (client error): The resource could not be found.
2026-05-05 23:26:56.210 9 INFO neutron.wsgi [None req-48469c33-b9b5-44ab-a461-f92ba733ea32 2c63deac57c74ec286fd51627227690b e7eb4fdb1ccc4e4d8d24a02541eac36c - - default default] 10.0.0.175 "GET /v2.0/networks/ba5132ac-ec3b-4e86-97a0-344fbcfa1519 HTTP/1.1" status: 404 len: 339 time: 0.0187075
2026-05-05 23:26:56.524 10 INFO neutron.services.segments.plugin [-] Segment 8b4a892c-540b-4b7e-b72a-d2cabdefae46 resource provider aggregate not found
2026-05-05 23:26:56.530 10 INFO neutron.services.segments.plugin [-] Segment 8b4a892c-540b-4b7e-b72a-d2cabdefae46 resource provider aggregate not found
2026-05-05 23:26:56.538 10 INFO neutron.services.segments.plugin [-] Segment 8b4a892c-540b-4b7e-b72a-d2cabdefae46 resource provider not found; error: Placement Client Error (4xx): {"errors": [{"status": 404, "title": "Not Found", "detail": "The resource could not be found.\n\n No resource provider with uuid 8b4a892c-540b-4b7e-b72a-d2cabdefae46 found for delete ", "request_id": "req-bd9d8906-bcea-4497-a8a0-15c34a0b167b"}]}
2026-05-05 23:26:56.543 10 INFO neutron.services.segments.plugin [-] Segment 8b4a892c-540b-4b7e-b72a-d2cabdefae46 resource provider not found; error: Placement Client Error (4xx): {"errors": [{"status": 404, "title": "Not Found", "detail": "The resource could not be found.\n\n No resource provider with uuid 8b4a892c-540b-4b7e-b72a-d2cabdefae46 found for delete ", "request_id": "req-d2a67981-e284-442e-82a9-5ff0aade02ee"}]}
2026-05-05 23:26:56.552 10 INFO neutron.services.segments.plugin [-] Segment 85339da9-8267-4341-af49-1b39f111ec0f resource provider aggregate not found
2026-05-05 23:26:56.557 10 INFO neutron.services.segments.plugin [-] Segment 85339da9-8267-4341-af49-1b39f111ec0f resource provider aggregate not found
2026-05-05 23:26:56.571 10 INFO neutron.services.segments.plugin [-] Segment 85339da9-8267-4341-af49-1b39f111ec0f resource provider not found; error: Placement Client Error (4xx): {"errors": [{"status": 404, "title": "Not Found", "detail": "The resource could not be found.\n\n No resource provider with uuid 85339da9-8267-4341-af49-1b39f111ec0f found for delete ", "request_id": "req-ef37a2bf-d8d4-482c-933e-537c8cdb451c"}]}
2026-05-05 23:26:56.572 10 INFO neutron.services.segments.plugin [-] Segment 85339da9-8267-4341-af49-1b39f111ec0f resource provider not found; error: Placement Client Error (4xx): {"errors": [{"status": 404, "title": "Not Found", "detail": "The resource could not be found.\n\n No resource provider with uuid 85339da9-8267-4341-af49-1b39f111ec0f found for delete ", "request_id": "req-f3472a2e-3fc0-452e-a3bf-e5ddc29280f0"}]}
2026-05-05 23:26:58.488 10 INFO neutron.db.ovn_revision_numbers_db [None req-4b1aa7fa-154b-4e15-a0cc-6cf2fbbf24f1 cc53ead19fd04f48b9de74174830d004 db474edd8c3f4bc483ef002a4b312d07 - - default default] Successfully bumped revision number for resource 74f3056e-a993-4f85-a185-bd7ffc1a30fd (type: security_groups) to 1
2026-05-05 23:26:58.501 10 INFO neutron.db.ovn_revision_numbers_db [None req-4b1aa7fa-154b-4e15-a0cc-6cf2fbbf24f1 cc53ead19fd04f48b9de74174830d004 db474edd8c3f4bc483ef002a4b312d07 - - default default] Successfully bumped revision number for resource 6f67d019-516b-4488-ae03-4b05e2a266c4 (type: security_group_rules) to 0
2026-05-05 23:26:58.515 10 INFO neutron.db.ovn_revision_numbers_db [None req-4b1aa7fa-154b-4e15-a0cc-6cf2fbbf24f1 cc53ead19fd04f48b9de74174830d004 db474edd8c3f4bc483ef002a4b312d07 - - default default] Successfully bumped revision number for resource bc09069b-3020-4d59-96c3-0bdca064e3c4 (type: security_group_rules) to 0
2026-05-05 23:26:58.528 10 INFO neutron.db.ovn_revision_numbers_db [None req-4b1aa7fa-154b-4e15-a0cc-6cf2fbbf24f1 cc53ead19fd04f48b9de74174830d004 db474edd8c3f4bc483ef002a4b312d07 - - default default] Successfully bumped revision number for resource c2c95248-43c9-4588-81da-6504f10afb67 (type: security_group_rules) to 0
2026-05-05 23:26:58.540 10 INFO neutron.db.ovn_revision_numbers_db [None req-4b1aa7fa-154b-4e15-a0cc-6cf2fbbf24f1 cc53ead19fd04f48b9de74174830d004 db474edd8c3f4bc483ef002a4b312d07 - - default default] Successfully bumped revision number for resource fcad95be-5933-4470-897b-9189f750c71a (type: security_group_rules) to 0
2026-05-05 23:26:58.566 10 INFO neutron.wsgi [None req-4b1aa7fa-154b-4e15-a0cc-6cf2fbbf24f1 cc53ead19fd04f48b9de74174830d004 db474edd8c3f4bc483ef002a4b312d07 - - default default] 10.0.0.175 "GET /v2.0/security-groups?tenant_id=a0bed3079ce74816a306612eb7b5c780&name=default HTTP/1.1" status: 200 len: 3000 time: 0.3606336
2026-05-05 23:26:58.760 10 INFO neutron.wsgi [None req-4fd33d48-5e91-4903-81c0-54d18ab6fe96 cc53ead19fd04f48b9de74174830d004 db474edd8c3f4bc483ef002a4b312d07 - - default default] 10.0.0.175 "DELETE /v2.0/security-groups/74f3056e-a993-4f85-a185-bd7ffc1a30fd HTTP/1.1" status: 204 len: 168 time: 0.1884108
2026-05-05 23:26:58.955 10 INFO neutron.db.ovn_revision_numbers_db [None req-cbda04ec-6032-42fd-b92a-db260efaff32 cc53ead19fd04f48b9de74174830d004 db474edd8c3f4bc483ef002a4b312d07 - - default default] Successfully bumped revision number for resource 19e1abbc-29ac-47bd-8bf0-9800507eed85 (type: security_groups) to 1
2026-05-05 23:26:58.968 10 INFO neutron.db.ovn_revision_numbers_db [None req-cbda04ec-6032-42fd-b92a-db260efaff32 cc53ead19fd04f48b9de74174830d004 db474edd8c3f4bc483ef002a4b312d07 - - default default] Successfully bumped revision number for resource 18324cf9-84fc-452c-ae92-43e09ce64773 (type: security_group_rules) to 0
2026-05-05 23:26:58.981 10 INFO neutron.db.ovn_revision_numbers_db [None req-cbda04ec-6032-42fd-b92a-db260efaff32 cc53ead19fd04f48b9de74174830d004 db474edd8c3f4bc483ef002a4b312d07 - - default default] Successfully bumped revision number for resource 6d6b5993-567b-46b1-a0c0-9ce45e6992fe (type: security_group_rules) to 0
2026-05-05 23:26:59.000 10 INFO neutron.db.ovn_revision_numbers_db [None req-cbda04ec-6032-42fd-b92a-db260efaff32 cc53ead19fd04f48b9de74174830d004 db474edd8c3f4bc483ef002a4b312d07 - - default default] Successfully bumped revision number for resource 6f8c69c0-1c73-4ca2-84c7-d89734b7b1e3 (type: security_group_rules) to 0
2026-05-05 23:26:59.017 10 INFO neutron.db.ovn_revision_numbers_db [None req-cbda04ec-6032-42fd-b92a-db260efaff32 cc53ead19fd04f48b9de74174830d004 db474edd8c3f4bc483ef002a4b312d07 - - default default] Successfully bumped revision number for resource ee2953a4-c8bb-4d11-823a-0dc21988c0e7 (type: security_group_rules) to 0
2026-05-05 23:26:59.043 10 INFO neutron.wsgi [None req-cbda04ec-6032-42fd-b92a-db260efaff32 cc53ead19fd04f48b9de74174830d004 db474edd8c3f4bc483ef002a4b312d07 - - default default] 10.0.0.175 "GET /v2.0/security-groups?tenant_id=3ac4bc2bed9f4cbdbaacddccd92e0832&name=default HTTP/1.1" status: 200 len: 3000 time: 0.1956999
2026-05-05 23:26:59.228 10 INFO neutron.wsgi [None req-aa49f5f3-e8d4-4775-9718-75209ace3c27 cc53ead19fd04f48b9de74174830d004 db474edd8c3f4bc483ef002a4b312d07 - - default default] 10.0.0.175 "DELETE /v2.0/security-groups/19e1abbc-29ac-47bd-8bf0-9800507eed85 HTTP/1.1" status: 204 len: 168 time: 0.1799703
2026-05-05 23:26:59.463 9 INFO neutron.db.ovn_revision_numbers_db [None req-ce3b4a13-5d4f-40ff-9542-dd0bcfd26780 cc53ead19fd04f48b9de74174830d004 db474edd8c3f4bc483ef002a4b312d07 - - default default] Successfully bumped revision number for resource 481d298a-6c55-48e1-b715-3889133bc664 (type: security_groups) to 1
2026-05-05 23:26:59.478 9 INFO neutron.db.ovn_revision_numbers_db [None req-ce3b4a13-5d4f-40ff-9542-dd0bcfd26780 cc53ead19fd04f48b9de74174830d004 db474edd8c3f4bc483ef002a4b312d07 - - default default] Successfully bumped revision number for resource 988dcf1b-16c7-4d02-824c-a13cbdf7843c (type: security_group_rules) to 0
2026-05-05 23:26:59.491 9 INFO neutron.db.ovn_revision_numbers_db [None req-ce3b4a13-5d4f-40ff-9542-dd0bcfd26780 cc53ead19fd04f48b9de74174830d004 db474edd8c3f4bc483ef002a4b312d07 - - default default] Successfully bumped revision number for resource bbf71837-2416-4762-85ab-979dd6720b8a (type: security_group_rules) to 0
2026-05-05 23:26:59.511 9 INFO neutron.db.ovn_revision_numbers_db [None req-ce3b4a13-5d4f-40ff-9542-dd0bcfd26780 cc53ead19fd04f48b9de74174830d004 db474edd8c3f4bc483ef002a4b312d07 - - default default] Successfully bumped revision number for resource dca1653d-c747-4804-9873-1411081343a7 (type: security_group_rules) to 0
2026-05-05 23:26:59.527 9 INFO neutron.db.ovn_revision_numbers_db [None req-ce3b4a13-5d4f-40ff-9542-dd0bcfd26780 cc53ead19fd04f48b9de74174830d004 db474edd8c3f4bc483ef002a4b312d07 - - default default] Successfully bumped revision number for resource f99040a7-e44c-4e32-a664-a281930e7b11 (type: security_group_rules) to 0
2026-05-05 23:26:59.546 9 INFO neutron.wsgi [None req-ce3b4a13-5d4f-40ff-9542-dd0bcfd26780 cc53ead19fd04f48b9de74174830d004 db474edd8c3f4bc483ef002a4b312d07 - - default default] 10.0.0.175 "GET /v2.0/security-groups?tenant_id=71357734a1a44ab8a3967389432164f8&name=default HTTP/1.1" status: 200 len: 3000 time: 0.1790619
2026-05-05 23:26:59.730 9 INFO neutron.wsgi [None req-0a79774f-a674-4574-9527-d8190cb30bb1 cc53ead19fd04f48b9de74174830d004 db474edd8c3f4bc483ef002a4b312d07 - - default default] 10.0.0.175 "DELETE /v2.0/security-groups/481d298a-6c55-48e1-b715-3889133bc664 HTTP/1.1" status: 204 len: 168 time: 0.1788638
2026-05-05 23:26:59.947 10 INFO neutron.wsgi [None req-599d0f73-d2ef-48f3-b7d7-97bba612f3b7 cc53ead19fd04f48b9de74174830d004 db474edd8c3f4bc483ef002a4b312d07 - - default default] 10.0.0.175 "GET /v2.0/security-groups?tenant_id=e7eb4fdb1ccc4e4d8d24a02541eac36c&name=default HTTP/1.1" status: 200 len: 2996 time: 0.0342004
2026-05-05 23:27:00.124 10 INFO neutron.wsgi [None req-58f63e69-7844-4881-9a11-1b1fa100c65e cc53ead19fd04f48b9de74174830d004 db474edd8c3f4bc483ef002a4b312d07 - - default default] 10.0.0.175 "DELETE /v2.0/security-groups/258066a7-74df-46e5-af70-98902099ba1b HTTP/1.1" status: 204 len: 168 time: 0.1725254
2026-05-05 23:27:00.408 9 INFO neutron.db.ovn_revision_numbers_db [None req-08f34038-03c8-48a1-a232-4422859bbdd9 cc53ead19fd04f48b9de74174830d004 db474edd8c3f4bc483ef002a4b312d07 - - default default] Successfully bumped revision number for resource e5d0a632-ba03-41d8-840e-3b8eed282a6e (type: security_groups) to 1
2026-05-05 23:27:00.422 9 INFO neutron.db.ovn_revision_numbers_db [None req-08f34038-03c8-48a1-a232-4422859bbdd9 cc53ead19fd04f48b9de74174830d004 db474edd8c3f4bc483ef002a4b312d07 - - default default] Successfully bumped revision number for resource 1e321d7d-688a-4929-9911-29d6313c6724 (type: security_group_rules) to 0
2026-05-05 23:27:00.436 9 INFO neutron.db.ovn_revision_numbers_db [None req-08f34038-03c8-48a1-a232-4422859bbdd9 cc53ead19fd04f48b9de74174830d004 db474edd8c3f4bc483ef002a4b312d07 - - default default] Successfully bumped revision number for resource 391ef75d-ac3c-4139-9cb5-245e59eb7dc0 (type: security_group_rules) to 0
