2026-05-05 23:20:13.209 10 INFO neutron.wsgi [req-e4ff26a2-8e05-4e86-bcaa-beb6cc151334 req-0069e261-9cc0-481c-8b98-18bf77d16684 4a74b8b0fd5548b4b772c0d3fdc7ca7e 60ebc48fb9004c21ba869cbb18ebf9a3 - - 913e957380f04e9ea3dc4b71a8ff958a 913e957380f04e9ea3dc4b71a8ff958a] 199.204.45.78 "GET /v2.0/networks/34f8f995-88a3-411d-b7ec-f3cd72a7c4fa?fields=provider%3Aphysical_network&fields=provider%3Anetwork_type HTTP/1.1" status: 200 len: 277 time: 0.3116193
2026-05-05 23:20:13.273 10 INFO neutron.db.ovn_revision_numbers_db [None req-d508096e-e1f4-4d7a-991a-addb06428992 cc53ead19fd04f48b9de74174830d004 db474edd8c3f4bc483ef002a4b312d07 - - default default] Successfully bumped revision number for resource 14d3a1d0-2405-46d9-a90a-8f9407deec02 (type: security_groups) to 1
2026-05-05 23:20:13.301 10 INFO neutron.db.ovn_revision_numbers_db [None req-d508096e-e1f4-4d7a-991a-addb06428992 cc53ead19fd04f48b9de74174830d004 db474edd8c3f4bc483ef002a4b312d07 - - default default] Successfully bumped revision number for resource 4fc01508-9f44-45c6-89bf-ad8652a23cd1 (type: security_group_rules) to 0
2026-05-05 23:20:13.319 10 INFO neutron.db.ovn_revision_numbers_db [None req-acb46018-1f29-47bb-a280-44a544a035b4 - - - - - -] Successfully bumped revision number for resource e35d45cb-7a8e-41e4-be48-8c711a2d672a (type: router_ports) to 4
2026-05-05 23:20:13.321 10 INFO neutron.db.ovn_revision_numbers_db [None req-d508096e-e1f4-4d7a-991a-addb06428992 cc53ead19fd04f48b9de74174830d004 db474edd8c3f4bc483ef002a4b312d07 - - default default] Successfully bumped revision number for resource 6d8c7a2c-90ed-4c09-9ea2-ff5a132d4a05 (type: security_group_rules) to 0
2026-05-05 23:20:13.343 10 INFO neutron.db.ovn_revision_numbers_db [None req-d508096e-e1f4-4d7a-991a-addb06428992 cc53ead19fd04f48b9de74174830d004 db474edd8c3f4bc483ef002a4b312d07 - - default default] Successfully bumped revision number for resource 9b1b03e0-0c79-49c0-8888-58621fc64ad7 (type: security_group_rules) to 0
2026-05-05 23:20:13.371 10 INFO neutron.db.ovn_revision_numbers_db [None req-d508096e-e1f4-4d7a-991a-addb06428992 cc53ead19fd04f48b9de74174830d004 db474edd8c3f4bc483ef002a4b312d07 - - default default] Successfully bumped revision number for resource c869ec5f-4365-4d55-a77d-a18d438ab002 (type: security_group_rules) to 0
2026-05-05 23:20:13.399 10 INFO neutron.wsgi [None req-d508096e-e1f4-4d7a-991a-addb06428992 cc53ead19fd04f48b9de74174830d004 db474edd8c3f4bc483ef002a4b312d07 - - default default] 10.0.0.175 "GET /v2.0/security-groups?tenant_id=ef4ba4281f7a4bbeb94a522d3b91e231&name=default HTTP/1.1" status: 200 len: 2996 time: 0.7332606
2026-05-05 23:20:13.420 9 INFO neutron.wsgi [req-0ed78c50-248c-4912-8ccc-415975b5c543 req-30085d26-8437-4332-8713-b7be376fee9c f5e0d81dec2c4e48ab1805d30fd42c47 f7c9dee980774493b8fd0156ac95f514 - - default default] 10.0.0.153 "GET /v2.0/ports?device_id=e9d5943d-7bf8-4367-9ff6-6e68202cc5c0 HTTP/1.1" status: 200 len: 1174 time: 0.1534355
2026-05-05 23:20:13.491 9 INFO neutron.wsgi [req-0ed78c50-248c-4912-8ccc-415975b5c543 req-c14aaccb-3c3a-456a-ab70-1a45bebbfda6 f5e0d81dec2c4e48ab1805d30fd42c47 f7c9dee980774493b8fd0156ac95f514 - - default default] 10.0.0.153 "GET /v2.0/security-groups?id=44df35dd-c60f-429a-84c3-2d4d77517e3f&fields=id&fields=name HTTP/1.1" status: 200 len: 312 time: 0.0634062
2026-05-05 23:20:13.608 10 INFO neutron.wsgi [req-17947469-49dd-442b-b4e8-020c59bca4a9 req-95a93dea-db18-4354-b49c-5f7141390cad f5e0d81dec2c4e48ab1805d30fd42c47 f7c9dee980774493b8fd0156ac95f514 - - default default] 199.204.45.78 "GET /v2.0/ports?device_id=e9d5943d-7bf8-4367-9ff6-6e68202cc5c0 HTTP/1.1" status: 200 len: 1174 time: 0.0388722 /var/lib/openstack/lib/python3.10/site-packages/pycadf/identifier.py:71: UserWarning: Invalid uuid: neutron. To ensure interoperability, identifiers should be a valid uuid. warnings.warn(('Invalid uuid: %s. To ensure interoperability, '
2026-05-05 23:20:13.697 10 INFO neutron.wsgi [None req-1f38fa4d-ceef-4ddd-a3c2-2de59b58dd13 cc53ead19fd04f48b9de74174830d004 db474edd8c3f4bc483ef002a4b312d07 - - default default] 10.0.0.175 "DELETE /v2.0/security-groups/14d3a1d0-2405-46d9-a90a-8f9407deec02 HTTP/1.1" status: 204 len: 168 time: 0.2888398
2026-05-05 23:20:13.724 9 INFO neutron.wsgi [req-587ccaf2-4643-4bbc-8630-3040dbe4d1a3 req-edff158f-c83a-47a9-bf84-c9735bc001f5 ded5776b03384b29b7ab1327fe26a058 573f3f331d4845f2989511a6b7a9bc56 - - default default] 10.0.0.153 "GET /v2.0/ports?device_id=afcf6efa-8423-4486-8fe8-5876e945eeae HTTP/1.1" status: 200 len: 1172 time: 0.0452425
2026-05-05 23:20:13.796 9 INFO neutron.wsgi [req-587ccaf2-4643-4bbc-8630-3040dbe4d1a3 req-0a56ab7b-e082-4253-908d-65854cf20bdb ded5776b03384b29b7ab1327fe26a058 573f3f331d4845f2989511a6b7a9bc56 - - default default] 10.0.0.153 "GET /v2.0/security-groups?id=e5a19287-0cea-471b-b7d4-4db99c8938f8&fields=id&fields=name HTTP/1.1" status: 200 len: 313 time: 0.0640478
2026-05-05 23:20:13.799 9 INFO neutron.db.ovn_revision_numbers_db [req-e2e01a68-700e-4f2e-9ad3-4efa968d4ce4 req-d937ebb9-8909-4506-9b8c-f2ed4184b41e 4a74b8b0fd5548b4b772c0d3fdc7ca7e 60ebc48fb9004c21ba869cbb18ebf9a3 - - 913e957380f04e9ea3dc4b71a8ff958a 913e957380f04e9ea3dc4b71a8ff958a] Successfully bumped revision number for resource be20c327-3037-4a69-b323-c1fd69daf142 (type: ports) to 2
2026-05-05 23:20:13.942 10 INFO neutron.db.l3_db [req-17947469-49dd-442b-b4e8-020c59bca4a9 req-ad69eaaf-5a4d-42ee-a295-0114c3b7b358 f5e0d81dec2c4e48ab1805d30fd42c47 f7c9dee980774493b8fd0156ac95f514 - - default default] Floating IP abff3d76-9793-4391-a4ec-15d53435bbc8 disassociated. External IP: 10.96.250.204, port: dbb04bed-e8c7-4324-90b0-d672f62e2a46.
2026-05-05 23:20:13.981 10 INFO neutron.db.ovn_revision_numbers_db [None req-592f5b6d-a6c1-4bf1-ad6c-1312724ec93f cc53ead19fd04f48b9de74174830d004 db474edd8c3f4bc483ef002a4b312d07 - - default default] Successfully bumped revision number for resource 6a0affc5-63d8-403c-93dd-d09d04c11731 (type: security_groups) to 1
2026-05-05 23:20:14.008 10 INFO neutron.db.ovn_revision_numbers_db [None req-592f5b6d-a6c1-4bf1-ad6c-1312724ec93f cc53ead19fd04f48b9de74174830d004 db474edd8c3f4bc483ef002a4b312d07 - - default default] Successfully bumped revision number for resource 43d2287f-1803-4877-ad3b-440ed9baa682 (type: security_group_rules) to 0
2026-05-05 23:20:14.021 10 INFO neutron.db.ovn_revision_numbers_db [None req-592f5b6d-a6c1-4bf1-ad6c-1312724ec93f cc53ead19fd04f48b9de74174830d004 db474edd8c3f4bc483ef002a4b312d07 - - default default] Successfully bumped revision number for resource 9425fd67-8e7d-4afd-95d2-780703dd3440 (type: security_group_rules) to 0
2026-05-05 23:20:14.036 9 INFO neutron.plugins.ml2.drivers.ovn.mech_driver.mech_driver [None req-3477c0ba-b0a4-456f-9ac4-996e9fa5baad - - - - - -] OVN reports status up for port: db651ce1-1884-474e-9f7f-5968be910a24
2026-05-05 23:20:14.037 10 INFO neutron.db.ovn_revision_numbers_db [None req-592f5b6d-a6c1-4bf1-ad6c-1312724ec93f cc53ead19fd04f48b9de74174830d004 db474edd8c3f4bc483ef002a4b312d07 - - default default] Successfully bumped revision number for resource a369cbc1-d959-40b7-b54b-0f77a5f8cc1a (type: security_group_rules) to 0
2026-05-05 23:20:14.051 9 INFO neutron.plugins.ml2.plugin [None req-3477c0ba-b0a4-456f-9ac4-996e9fa5baad - - - - - -] Attempt 1 to provision port db651ce1-1884-474e-9f7f-5968be910a24
2026-05-05 23:20:14.066 10 INFO neutron.db.ovn_revision_numbers_db [None req-592f5b6d-a6c1-4bf1-ad6c-1312724ec93f cc53ead19fd04f48b9de74174830d004 db474edd8c3f4bc483ef002a4b312d07 - - default default] Successfully bumped revision number for resource b9a865fc-fddc-42da-a62e-4b1ab28bbf82 (type: security_group_rules) to 0
2026-05-05 23:20:14.095 10 INFO neutron.wsgi [None req-592f5b6d-a6c1-4bf1-ad6c-1312724ec93f cc53ead19fd04f48b9de74174830d004 db474edd8c3f4bc483ef002a4b312d07 - - default default] 10.0.0.175 "GET /v2.0/security-groups?tenant_id=a62c0cbce83b427da22c1bbae6d4f53d&name=default HTTP/1.1" status: 200 len: 2996 time: 0.2977288
2026-05-05 23:20:14.155 10 INFO neutron.wsgi [req-17947469-49dd-442b-b4e8-020c59bca4a9 req-ad69eaaf-5a4d-42ee-a295-0114c3b7b358 f5e0d81dec2c4e48ab1805d30fd42c47 f7c9dee980774493b8fd0156ac95f514 - - default default] 199.204.45.78 "DELETE /v2.0/ports/dbb04bed-e8c7-4324-90b0-d672f62e2a46 HTTP/1.1" status: 204 len: 173 time: 0.5394311
2026-05-05 23:20:14.207 10 INFO neutron.notifiers.nova [-] Nova event matching ['req-fb4fd85b-3d53-4f68-9940-863668e69ead'] response: {'server_uuid': 'e9d5943d-7bf8-4367-9ff6-6e68202cc5c0', 'name': 'network-vif-deleted', 'tag': 'dbb04bed-e8c7-4324-90b0-d672f62e2a46', 'status': 'completed', 'code': 200}
2026-05-05 23:20:14.254 9 INFO neutron.db.ovn_revision_numbers_db [None req-9def9716-7ca0-41e6-bd16-ae9a39242ca6 cc53ead19fd04f48b9de74174830d004 db474edd8c3f4bc483ef002a4b312d07 - - default default] Successfully bumped revision number for resource db651ce1-1884-474e-9f7f-5968be910a24 (type: router_ports) to 1
2026-05-05 23:20:14.257 9 INFO neutron.wsgi [None req-9def9716-7ca0-41e6-bd16-ae9a39242ca6 cc53ead19fd04f48b9de74174830d004 db474edd8c3f4bc483ef002a4b312d07 - - default default] 10.0.0.175 "PUT /v2.0/routers/f9d5e66b-9c7a-4c75-be62-9c7e6256c376/add_router_interface HTTP/1.1" status: 200 len: 503 time: 2.8777704
2026-05-05 23:20:14.323 9 INFO neutron.db.ovn_revision_numbers_db [req-e2e01a68-700e-4f2e-9ad3-4efa968d4ce4 req-d937ebb9-8909-4506-9b8c-f2ed4184b41e 4a74b8b0fd5548b4b772c0d3fdc7ca7e 60ebc48fb9004c21ba869cbb18ebf9a3 - - 913e957380f04e9ea3dc4b71a8ff958a 913e957380f04e9ea3dc4b71a8ff958a] Successfully bumped revision number for resource be20c327-3037-4a69-b323-c1fd69daf142 (type: ports) to 2
2026-05-05 23:20:14.347 9 INFO neutron.wsgi [req-e2e01a68-700e-4f2e-9ad3-4efa968d4ce4 req-d937ebb9-8909-4506-9b8c-f2ed4184b41e 4a74b8b0fd5548b4b772c0d3fdc7ca7e 60ebc48fb9004c21ba869cbb18ebf9a3 - - 913e957380f04e9ea3dc4b71a8ff958a 913e957380f04e9ea3dc4b71a8ff958a] 199.204.45.78 "PUT /v2.0/ports/be20c327-3037-4a69-b323-c1fd69daf142 HTTP/1.1" status: 200 len: 1380 time: 1.2403023
2026-05-05 23:20:14.365 10 INFO neutron.wsgi [None req-9b84ea16-5643-4a18-8567-b1c0ba5d0fa8 cc53ead19fd04f48b9de74174830d004 db474edd8c3f4bc483ef002a4b312d07 - - default default] 10.0.0.175 "DELETE /v2.0/security-groups/6a0affc5-63d8-403c-93dd-d09d04c11731 HTTP/1.1" status: 204 len: 168 time: 0.2621901 /var/lib/openstack/lib/python3.10/site-packages/pycadf/identifier.py:71: UserWarning: Invalid uuid: neutron. To ensure interoperability, identifiers should be a valid uuid. warnings.warn(('Invalid uuid: %s. To ensure interoperability, '
2026-05-05 23:20:14.392 9 INFO neutron.notifiers.nova [-] Nova event matching ['req-0d278388-44fb-4ea8-b5f5-67a06ca6b2f0'] response: {'name': 'network-changed', 'server_uuid': 'afcf6efa-8423-4486-8fe8-5876e945eeae', 'tag': 'be20c327-3037-4a69-b323-c1fd69daf142', 'status': 'completed', 'code': 200}
2026-05-05 23:20:14.432 9 INFO neutron.wsgi [req-e2e01a68-700e-4f2e-9ad3-4efa968d4ce4 req-cfb866a6-a465-41fd-8af7-81b746c6b05e 4a74b8b0fd5548b4b772c0d3fdc7ca7e 60ebc48fb9004c21ba869cbb18ebf9a3 - - 913e957380f04e9ea3dc4b71a8ff958a 913e957380f04e9ea3dc4b71a8ff958a] 199.204.45.78 "GET /v2.0/ports?tenant_id=573f3f331d4845f2989511a6b7a9bc56&device_id=afcf6efa-8423-4486-8fe8-5876e945eeae HTTP/1.1" status: 200 len: 1411 time: 0.0512137
2026-05-05 23:20:14.478 9 INFO neutron.wsgi [req-e2e01a68-700e-4f2e-9ad3-4efa968d4ce4 req-3e5f823b-19f1-487e-a2b3-4d31e29e9054 4a74b8b0fd5548b4b772c0d3fdc7ca7e 60ebc48fb9004c21ba869cbb18ebf9a3 - - 913e957380f04e9ea3dc4b71a8ff958a 913e957380f04e9ea3dc4b71a8ff958a] 199.204.45.78 "GET /v2.0/floatingips?fixed_ip_address=10.100.0.12&port_id=be20c327-3037-4a69-b323-c1fd69daf142 HTTP/1.1" status: 200 len: 217 time: 0.0308321
2026-05-05 23:20:14.509 9 INFO neutron.db.ovn_revision_numbers_db [None req-3477c0ba-b0a4-456f-9ac4-996e9fa5baad - - - - - -] Successfully bumped revision number for resource db651ce1-1884-474e-9f7f-5968be910a24 (type: ports) to 2
2026-05-05 23:20:14.520 9 INFO neutron.wsgi [req-e2e01a68-700e-4f2e-9ad3-4efa968d4ce4 req-df8543d7-e358-4e73-baf4-ac1328873de2 4a74b8b0fd5548b4b772c0d3fdc7ca7e 60ebc48fb9004c21ba869cbb18ebf9a3 - - 913e957380f04e9ea3dc4b71a8ff958a 913e957380f04e9ea3dc4b71a8ff958a] 199.204.45.78 "GET /v2.0/subnets?id=e515ab30-9ba7-4360-9840-e575d5c9308a HTTP/1.1" status: 200 len: 869 time: 0.0318480
2026-05-05 23:20:14.559 9 INFO neutron.wsgi [req-e2e01a68-700e-4f2e-9ad3-4efa968d4ce4 req-24514d5d-9ed4-4204-b68e-c0698a1fced2 4a74b8b0fd5548b4b772c0d3fdc7ca7e 60ebc48fb9004c21ba869cbb18ebf9a3 - - 913e957380f04e9ea3dc4b71a8ff958a 913e957380f04e9ea3dc4b71a8ff958a] 199.204.45.78 "GET /v2.0/ports?network_id=e0abcea9-4fd6-4241-9965-6887ebf73cfb&device_owner=network%3Adhcp HTTP/1.1" status: 200 len: 210 time: 0.0264645
2026-05-05 23:20:14.635 9 INFO neutron.db.ovn_revision_numbers_db [None req-3477c0ba-b0a4-456f-9ac4-996e9fa5baad - - - - - -] Successfully bumped revision number for resource db651ce1-1884-474e-9f7f-5968be910a24 (type: router_ports) to 2
2026-05-05 23:20:14.676 9 INFO neutron.wsgi [req-e2e01a68-700e-4f2e-9ad3-4efa968d4ce4 req-e92cadf5-dd7b-4276-bea3-e6164f1327cd 4a74b8b0fd5548b4b772c0d3fdc7ca7e 60ebc48fb9004c21ba869cbb18ebf9a3 - - 913e957380f04e9ea3dc4b71a8ff958a 913e957380f04e9ea3dc4b71a8ff958a] 199.204.45.78 "GET /v2.0/networks/e0abcea9-4fd6-4241-9965-6887ebf73cfb?fields=segments HTTP/1.1" status: 200 len: 212 time: 0.1099010
2026-05-05 23:20:14.763 9 INFO neutron.wsgi [req-e2e01a68-700e-4f2e-9ad3-4efa968d4ce4 req-4a0cce4a-2d34-4c22-a63b-f22489ad7ccf 4a74b8b0fd5548b4b772c0d3fdc7ca7e 60ebc48fb9004c21ba869cbb18ebf9a3 - - 913e957380f04e9ea3dc4b71a8ff958a 913e957380f04e9ea3dc4b71a8ff958a] 199.204.45.78 "GET /v2.0/networks/e0abcea9-4fd6-4241-9965-6887ebf73cfb?fields=provider%3Aphysical_network&fields=provider%3Anetwork_type HTTP/1.1" status: 200 len: 277 time: 0.0727456
2026-05-05 23:20:14.800 10 WARNING neutron.plugins.ml2.drivers.ovn.mech_driver.ovsdb.ovn_client [None req-5af66a4f-525a-41ec-9b3b-bec5e9ec5c38 - - - - - -] No hosting information found for port 0698ff01-39d6-4f82-919d-2573c6e70dad: RuntimeError: No hosting information found for port 0698ff01-39d6-4f82-919d-2573c6e70dad
2026-05-05 23:20:14.800 10 INFO neutron.plugins.ml2.drivers.ovn.mech_driver.mech_driver [None req-5af66a4f-525a-41ec-9b3b-bec5e9ec5c38 - - - - - -] OVN reports status down for port: dbb04bed-e8c7-4324-90b0-d672f62e2a46
2026-05-05 23:20:14.806 9 INFO neutron.wsgi [None req-92e76c5c-e267-4307-8913-1e40ab8fd15e f5e0d81dec2c4e48ab1805d30fd42c47 f7c9dee980774493b8fd0156ac95f514 - - default default] 10.0.0.175 "DELETE /v2.0/security-groups/44df35dd-c60f-429a-84c3-2d4d77517e3f HTTP/1.1" status: 204 len: 168 time: 0.2188010
2026-05-05 23:20:14.832 9 INFO neutron.api.v2.resource [None req-670fd704-b14b-4ed9-bb7e-35d43fe7279e f5e0d81dec2c4e48ab1805d30fd42c47 f7c9dee980774493b8fd0156ac95f514 - - default default] show failed (client error): The resource could not be found.
2026-05-05 23:20:14.834 9 INFO neutron.wsgi [None req-670fd704-b14b-4ed9-bb7e-35d43fe7279e f5e0d81dec2c4e48ab1805d30fd42c47 f7c9dee980774493b8fd0156ac95f514 - - default default] 10.0.0.175 "GET /v2.0/security-groups/44df35dd-c60f-429a-84c3-2d4d77517e3f HTTP/1.1" status: 404 len: 347 time: 0.0237780
2026-05-05 23:20:14.850 9 INFO neutron.wsgi [req-17897638-ccae-409a-854a-dc4b3246b806 req-7c9e91be-6598-46a9-8b8c-b66d059d830c 4a74b8b0fd5548b4b772c0d3fdc7ca7e 60ebc48fb9004c21ba869cbb18ebf9a3 - - 913e957380f04e9ea3dc4b71a8ff958a 913e957380f04e9ea3dc4b71a8ff958a] 199.204.45.78 "GET /v2.0/ports?tenant_id=573f3f331d4845f2989511a6b7a9bc56&device_id=afcf6efa-8423-4486-8fe8-5876e945eeae HTTP/1.1" status: 200 len: 1411 time: 0.0391033
2026-05-05 23:20:14.919 9 INFO neutron.wsgi [req-29a147e4-347b-40bc-b28a-1b412edb941d req-0b75ad3b-8416-4f16-a1a2-0286899d33c8 ded5776b03384b29b7ab1327fe26a058 573f3f331d4845f2989511a6b7a9bc56 - - default default] 10.0.0.153 "GET /v2.0/ports?device_id=afcf6efa-8423-4486-8fe8-5876e945eeae HTTP/1.1" status: 200 len: 1172 time: 0.0491984
2026-05-05 23:20:14.941 9 INFO neutron.wsgi [req-17897638-ccae-409a-854a-dc4b3246b806 req-793976ee-0642-4342-8573-48f38e9d16fc 4a74b8b0fd5548b4b772c0d3fdc7ca7e 60ebc48fb9004c21ba869cbb18ebf9a3 - - 913e957380f04e9ea3dc4b71a8ff958a 913e957380f04e9ea3dc4b71a8ff958a] 199.204.45.78 "GET /v2.0/networks?id=e0abcea9-4fd6-4241-9965-6887ebf73cfb HTTP/1.1" status: 200 len: 974 time: 0.0858855
2026-05-05 23:20:14.974 10 INFO neutron.plugins.ml2.drivers.ovn.mech_driver.mech_driver [None req-5af66a4f-525a-41ec-9b3b-bec5e9ec5c38 - - - - - -] OVN reports status up for port: be20c327-3037-4a69-b323-c1fd69daf142
2026-05-05 23:20:14.976 9 INFO neutron.wsgi [req-17897638-ccae-409a-854a-dc4b3246b806 req-d815b912-aac5-4b21-94ad-62afe9bbf131 4a74b8b0fd5548b4b772c0d3fdc7ca7e 60ebc48fb9004c21ba869cbb18ebf9a3 - - 913e957380f04e9ea3dc4b71a8ff958a 913e957380f04e9ea3dc4b71a8ff958a] 199.204.45.78 "GET /v2.0/floatingips?fixed_ip_address=10.100.0.12&port_id=be20c327-3037-4a69-b323-c1fd69daf142 HTTP/1.1" status: 200 len: 217 time: 0.0302217
2026-05-05 23:20:14.991 10 INFO neutron.plugins.ml2.plugin [None req-5af66a4f-525a-41ec-9b3b-bec5e9ec5c38 - - - - - -] Attempt 1 to provision port be20c327-3037-4a69-b323-c1fd69daf142
2026-05-05 23:20:14.996 9 INFO neutron.wsgi [req-29a147e4-347b-40bc-b28a-1b412edb941d req-4174b66e-f265-4635-869f-a3edb9674a00 ded5776b03384b29b7ab1327fe26a058 573f3f331d4845f2989511a6b7a9bc56 - - default default] 10.0.0.153 "GET /v2.0/security-groups?id=e5a19287-0cea-471b-b7d4-4db99c8938f8&fields=id&fields=name HTTP/1.1" status: 200 len: 313 time: 0.0669832
2026-05-05 23:20:15.020 9 INFO neutron.wsgi [req-17897638-ccae-409a-854a-dc4b3246b806 req-f0ba990c-3c9f-4dd6-9002-3a5a214d0278 4a74b8b0fd5548b4b772c0d3fdc7ca7e 60ebc48fb9004c21ba869cbb18ebf9a3 - - 913e957380f04e9ea3dc4b71a8ff958a 913e957380f04e9ea3dc4b71a8ff958a] 199.204.45.78 "GET /v2.0/subnets?id=e515ab30-9ba7-4360-9840-e575d5c9308a HTTP/1.1" status: 200 len: 869 time: 0.0376153
2026-05-05 23:20:15.047 9 INFO neutron.wsgi [req-17897638-ccae-409a-854a-dc4b3246b806 req-f6a1e32f-cef7-4f82-b161-143f649165d2 4a74b8b0fd5548b4b772c0d3fdc7ca7e 60ebc48fb9004c21ba869cbb18ebf9a3 - - 913e957380f04e9ea3dc4b71a8ff958a 913e957380f04e9ea3dc4b71a8ff958a] 199.204.45.78 "GET /v2.0/ports?network_id=e0abcea9-4fd6-4241-9965-6887ebf73cfb&device_owner=network%3Adhcp HTTP/1.1" status: 200 len: 210 time: 0.0218098
2026-05-05 23:20:15.121 9 INFO neutron.wsgi [req-17897638-ccae-409a-854a-dc4b3246b806 req-5f8051f5-eecb-40e7-ac79-6a9ca23e6cda 4a74b8b0fd5548b4b772c0d3fdc7ca7e 60ebc48fb9004c21ba869cbb18ebf9a3 - - 913e957380f04e9ea3dc4b71a8ff958a 913e957380f04e9ea3dc4b71a8ff958a] 199.204.45.78 "GET /v2.0/networks/e0abcea9-4fd6-4241-9965-6887ebf73cfb?fields=segments HTTP/1.1" status: 200 len: 212 time: 0.0643165
2026-05-05 23:20:15.196 9 INFO neutron.wsgi [req-17897638-ccae-409a-854a-dc4b3246b806 req-1d1f4623-bea9-4b92-b72e-62e8c0437196 4a74b8b0fd5548b4b772c0d3fdc7ca7e 60ebc48fb9004c21ba869cbb18ebf9a3 - - 913e957380f04e9ea3dc4b71a8ff958a 913e957380f04e9ea3dc4b71a8ff958a] 199.204.45.78 "GET /v2.0/networks/e0abcea9-4fd6-4241-9965-6887ebf73cfb?fields=provider%3Aphysical_network&fields=provider%3Anetwork_type HTTP/1.1" status: 200 len: 277 time: 0.0641375
2026-05-05 23:20:15.283 9 INFO neutron.wsgi [req-0f3edf3a-bd12-4b05-9ebd-53cc67fbe42d req-e75cb79e-051e-48e2-9db0-6174c824c84c 998ef9b9f9c14965bc4a2483406d167e 6ffe5c9ef23e48d391ed29a5c53f8184 - - default default] 10.0.0.153 "GET /v2.0/networks?id=82b4fbcd-ec5b-41b4-b15f-d3a917edb329 HTTP/1.1" status: 200 len: 876 time: 0.0722532
2026-05-05 23:20:15.294 10 INFO neutron.wsgi [None req-fb2602ef-a261-4068-b3f1-c7a262ad7c06 f5e0d81dec2c4e48ab1805d30fd42c47 f7c9dee980774493b8fd0156ac95f514 - - default default] 10.0.0.175 "DELETE /v2.0/floatingips/abff3d76-9793-4391-a4ec-15d53435bbc8 HTTP/1.1" status: 204 len: 168 time: 0.4547913
2026-05-05 23:20:15.298 9 INFO neutron.wsgi [req-0f3edf3a-bd12-4b05-9ebd-53cc67fbe42d req-9f1be1dc-8371-40b0-936e-06e57120954e 998ef9b9f9c14965bc4a2483406d167e 6ffe5c9ef23e48d391ed29a5c53f8184 - - default default] 10.0.0.153 "GET /v2.0/quotas/6ffe5c9ef23e48d391ed29a5c53f8184 HTTP/1.1" status: 200 len: 386 time: 0.0100179
2026-05-05 23:20:15.366 10 INFO neutron.db.ovn_revision_numbers_db [None req-5af66a4f-525a-41ec-9b3b-bec5e9ec5c38 - - - - - -] Successfully bumped revision number for resource be20c327-3037-4a69-b323-c1fd69daf142 (type: ports) to 4
2026-05-05 23:20:15.400 9 INFO neutron.wsgi [req-0f3edf3a-bd12-4b05-9ebd-53cc67fbe42d req-4707dfd2-e20f-43bc-805a-8e8778b1b671 998ef9b9f9c14965bc4a2483406d167e 6ffe5c9ef23e48d391ed29a5c53f8184 - - default default] 10.0.0.153 "GET /v2.0/ports?tenant_id=6ffe5c9ef23e48d391ed29a5c53f8184&fields=id HTTP/1.1" status: 200 len: 302 time: 0.0902374
2026-05-05 23:20:15.471 9 INFO neutron.wsgi [req-0f3edf3a-bd12-4b05-9ebd-53cc67fbe42d req-c75d8129-5157-49d0-9332-2369cf02f2b6 4a74b8b0fd5548b4b772c0d3fdc7ca7e 60ebc48fb9004c21ba869cbb18ebf9a3 - - 913e957380f04e9ea3dc4b71a8ff958a 913e957380f04e9ea3dc4b71a8ff958a] 10.0.0.153 "GET /v2.0/networks/82b4fbcd-ec5b-41b4-b15f-d3a917edb329?fields=segments HTTP/1.1" status: 200 len: 212 time: 0.0622756
2026-05-05 23:20:15.538 9 INFO neutron.wsgi [req-0f3edf3a-bd12-4b05-9ebd-53cc67fbe42d req-9e5ebfce-1e9d-4ccf-9b36-1c57df3408d0 4a74b8b0fd5548b4b772c0d3fdc7ca7e 60ebc48fb9004c21ba869cbb18ebf9a3 - - 913e957380f04e9ea3dc4b71a8ff958a 913e957380f04e9ea3dc4b71a8ff958a] 10.0.0.153 "GET /v2.0/networks/82b4fbcd-ec5b-41b4-b15f-d3a917edb329?fields=provider%3Aphysical_network&fields=provider%3Anetwork_type HTTP/1.1" status: 200 len: 277 time: 0.0608859
2026-05-05 23:20:15.692 9 INFO neutron.wsgi [req-6aa22d7f-552e-4307-9d5e-909abd900ff0 req-b45bdaf6-b721-4486-ad11-d59a5ce92cd9 998ef9b9f9c14965bc4a2483406d167e 6ffe5c9ef23e48d391ed29a5c53f8184 - - default default] 10.0.0.153 "GET /v2.0/ports?device_id=e5ad11a5-0464-4dc9-a1a4-05137ce9f1ca HTTP/1.1" status: 200 len: 210 time: 0.0275140
2026-05-05 23:20:16.111 9 INFO neutron.wsgi [req-e82f999e-c4aa-46f8-9d85-f58e62899968 req-0b71b549-fd2b-4797-8ce8-20e4d20c1c19 ded5776b03384b29b7ab1327fe26a058 573f3f331d4845f2989511a6b7a9bc56 - - default default] 10.0.0.153 "GET /v2.0/ports?device_id=afcf6efa-8423-4486-8fe8-5876e945eeae HTTP/1.1" status: 200 len: 1174 time: 0.0356953
2026-05-05 23:20:16.171 9 INFO neutron.wsgi [req-e82f999e-c4aa-46f8-9d85-f58e62899968 req-33797285-c93c-4694-9602-4de8d437db1b ded5776b03384b29b7ab1327fe26a058 573f3f331d4845f2989511a6b7a9bc56 - - default default] 10.0.0.153 "GET /v2.0/security-groups?id=e5a19287-0cea-471b-b7d4-4db99c8938f8&fields=id&fields=name HTTP/1.1" status: 200 len: 313 time: 0.0518842
2026-05-05 23:20:16.258 10 INFO neutron.notifiers.nova [-] Nova event matching ['req-c5b76002-c7eb-430d-a93f-4ea7eff50a49'] response: {'server_uuid': 'afcf6efa-8423-4486-8fe8-5876e945eeae', 'name': 'network-vif-plugged', 'status': 'completed', 'tag': 'be20c327-3037-4a69-b323-c1fd69daf142', 'code': 200}
2026-05-05 23:20:16.258 10 INFO neutron.notifiers.nova [-] Nova event matching ['req-c5b76002-c7eb-430d-a93f-4ea7eff50a49'] response: {'server_uuid': 'afcf6efa-8423-4486-8fe8-5876e945eeae', 'name': 'network-vif-plugged', 'status': 'completed', 'tag': 'be20c327-3037-4a69-b323-c1fd69daf142', 'code': 200}
2026-05-05 23:20:16.631 9 INFO neutron.wsgi [req-0f3edf3a-bd12-4b05-9ebd-53cc67fbe42d req-2b602f6b-a701-4711-a122-3a97bc410230 998ef9b9f9c14965bc4a2483406d167e 6ffe5c9ef23e48d391ed29a5c53f8184 - - default default] 199.204.45.78 "GET /v2.0/networks?id=82b4fbcd-ec5b-41b4-b15f-d3a917edb329 HTTP/1.1" status: 200 len: 876 time: 0.0775845
2026-05-05 23:20:16.642 9 WARNING neutron_lib.context [req-0f3edf3a-bd12-4b05-9ebd-53cc67fbe42d req-7b46e196-e799-44e7-9d21-277dc4e468bf 998ef9b9f9c14965bc4a2483406d167e 6ffe5c9ef23e48d391ed29a5c53f8184 - - default default] Method 'is_advsvc' is deprecated since 2023.2 release (neutron-lib 3.8.0) and will be removed once support for the old RBAC API policies will be removed from Neutron. Please use method 'is_service_role' instead.
2026-05-05 23:20:16.688 10 INFO neutron.wsgi [None req-36069c47-5e67-4f8b-974f-c5b5ade5b5ac cc53ead19fd04f48b9de74174830d004 db474edd8c3f4bc483ef002a4b312d07 - - default default] 10.0.0.175 "PUT /v2.0/routers/57ac1337-e05d-4393-90f6-331f9fea2f66/remove_router_interface HTTP/1.1" status: 200 len: 503 time: 1.3201687 /var/lib/openstack/lib/python3.10/site-packages/pycadf/identifier.py:71: UserWarning: Invalid uuid: neutron. To ensure interoperability, identifiers should be a valid uuid. warnings.warn(('Invalid uuid: %s. To ensure interoperability, '
2026-05-05 23:20:16.797 9 INFO neutron.wsgi [req-61e6f7c7-a86f-4160-a974-2e811c4879e0 req-66b01727-e7ef-4a89-9625-d0e4a421d8a2 998ef9b9f9c14965bc4a2483406d167e 6ffe5c9ef23e48d391ed29a5c53f8184 - - default default] 10.0.0.153 "GET /v2.0/ports?device_id=e5ad11a5-0464-4dc9-a1a4-05137ce9f1ca HTTP/1.1" status: 200 len: 210 time: 0.0230815
2026-05-05 23:20:17.036 9 WARNING neutron.scheduler.dhcp_agent_scheduler [req-0f3edf3a-bd12-4b05-9ebd-53cc67fbe42d req-7b46e196-e799-44e7-9d21-277dc4e468bf 998ef9b9f9c14965bc4a2483406d167e 6ffe5c9ef23e48d391ed29a5c53f8184 - - default default] No more DHCP agents
2026-05-05 23:20:17.038 9 WARNING neutron.api.rpc.agentnotifiers.dhcp_rpc_agent_api [req-0f3edf3a-bd12-4b05-9ebd-53cc67fbe42d req-7b46e196-e799-44e7-9d21-277dc4e468bf 998ef9b9f9c14965bc4a2483406d167e 6ffe5c9ef23e48d391ed29a5c53f8184 - - default default] Unable to schedule network 82b4fbcd-ec5b-41b4-b15f-d3a917edb329: no agents available; will retry on subsequent port and subnet creation events.
2026-05-05 23:20:17.211 9 INFO neutron.db.ovn_revision_numbers_db [req-0f3edf3a-bd12-4b05-9ebd-53cc67fbe42d req-7b46e196-e799-44e7-9d21-277dc4e468bf 998ef9b9f9c14965bc4a2483406d167e 6ffe5c9ef23e48d391ed29a5c53f8184 - - default default] Successfully bumped revision number for resource ef656f6c-34e3-43b8-bab0-23b78b23222f (type: ports) to 1
2026-05-05 23:20:17.230 9 INFO neutron.wsgi [req-0f3edf3a-bd12-4b05-9ebd-53cc67fbe42d req-7b46e196-e799-44e7-9d21-277dc4e468bf 998ef9b9f9c14965bc4a2483406d167e 6ffe5c9ef23e48d391ed29a5c53f8184 - - default default] 199.204.45.78 "POST /v2.0/ports HTTP/1.1" status: 201 len: 1162 time: 0.5933106 /var/lib/openstack/lib/python3.10/site-packages/pycadf/identifier.py:71: UserWarning: Invalid uuid: neutron. To ensure interoperability, identifiers should be a valid uuid. warnings.warn(('Invalid uuid: %s. To ensure interoperability, '
2026-05-05 23:20:17.357 9 INFO neutron.wsgi [req-617ee1b5-e89b-464e-a3bd-2266e81d3f31 req-d55db975-8262-4e84-83c2-56ffea956f38 ded5776b03384b29b7ab1327fe26a058 573f3f331d4845f2989511a6b7a9bc56 - - default default] 10.0.0.153 "GET /v2.0/ports?device_id=afcf6efa-8423-4486-8fe8-5876e945eeae HTTP/1.1" status: 200 len: 1174 time: 0.1202219
2026-05-05 23:20:17.421 9 INFO neutron.wsgi [req-617ee1b5-e89b-464e-a3bd-2266e81d3f31 req-5c34f015-7f53-4a54-9a3c-3af753843db8 ded5776b03384b29b7ab1327fe26a058 573f3f331d4845f2989511a6b7a9bc56 - - default default] 10.0.0.153 "GET /v2.0/security-groups?id=e5a19287-0cea-471b-b7d4-4db99c8938f8&fields=id&fields=name HTTP/1.1" status: 200 len: 313 time: 0.0567763
2026-05-05 23:20:17.514 9 INFO neutron.wsgi [req-bfd95405-9df4-4305-8a73-bd44c1cf2687 req-10b2d727-df55-419e-b5b9-989bb9823e12 ded5776b03384b29b7ab1327fe26a058 573f3f331d4845f2989511a6b7a9bc56 - - default default] 10.0.0.153 "GET /v2.0/ports?device_id=afcf6efa-8423-4486-8fe8-5876e945eeae HTTP/1.1" status: 200 len: 1174 time: 0.0398688
2026-05-05 23:20:17.921 10 INFO neutron.wsgi [None req-2bcdf9c9-44d4-43d8-84df-bba36a1cca92 cc53ead19fd04f48b9de74174830d004 db474edd8c3f4bc483ef002a4b312d07 - - default default] 10.0.0.175 "DELETE /v2.0/routers/57ac1337-e05d-4393-90f6-331f9fea2f66 HTTP/1.1" status: 204 len: 168 time: 1.2273240 /var/lib/openstack/lib/python3.10/site-packages/pycadf/identifier.py:71: UserWarning: Invalid uuid: neutron. To ensure interoperability, identifiers should be a valid uuid. warnings.warn(('Invalid uuid: %s. To ensure interoperability, '
2026-05-05 23:20:18.009 9 INFO neutron.wsgi [req-92e1c2d9-4273-4a75-a281-ed8f7192ac21 req-fbd94513-ee13-4c91-9ce3-d3738347a89a 998ef9b9f9c14965bc4a2483406d167e 6ffe5c9ef23e48d391ed29a5c53f8184 - - default default] 10.0.0.153 "GET /v2.0/ports?device_id=e5ad11a5-0464-4dc9-a1a4-05137ce9f1ca HTTP/1.1" status: 200 len: 1172 time: 0.0860593
2026-05-05 23:20:18.145 9 INFO neutron.wsgi [req-92e1c2d9-4273-4a75-a281-ed8f7192ac21 req-051419e0-ee75-4ecc-be86-4c56d1d40203 998ef9b9f9c14965bc4a2483406d167e 6ffe5c9ef23e48d391ed29a5c53f8184 - - default default] 10.0.0.153 "GET /v2.0/security-groups?id=33cc0c1e-49ae-402f-8010-f04591c25956&fields=id&fields=name HTTP/1.1" status: 200 len: 286 time: 0.1254473
2026-05-05 23:20:18.150 9 INFO neutron.db.l3_db [None req-18687104-1a67-43c5-9213-d3c1208b54e1 ded5776b03384b29b7ab1327fe26a058 573f3f331d4845f2989511a6b7a9bc56 - - default default] Floating IP 037cd98b-4957-4951-b93f-9023b297773e associated. External IP: 10.96.250.214, port: be20c327-3037-4a69-b323-c1fd69daf142.
2026-05-05 23:20:18.202 10 INFO neutron.wsgi [None req-9e766f50-80e6-40d2-8b65-75cda6e37ab3 cc53ead19fd04f48b9de74174830d004 db474edd8c3f4bc483ef002a4b312d07 - - default default] 10.0.0.175 "DELETE /v2.0/subnets/3f3033c1-ec2a-43f1-afb5-9607948fb23d HTTP/1.1" status: 204 len: 168 time: 0.2762952
2026-05-05 23:20:18.232 9 INFO neutron.db.ovn_revision_numbers_db [req-0f3edf3a-bd12-4b05-9ebd-53cc67fbe42d req-a8c78c7a-9dc6-4e0b-ba28-829fb67d374b 4a74b8b0fd5548b4b772c0d3fdc7ca7e 60ebc48fb9004c21ba869cbb18ebf9a3 - - 913e957380f04e9ea3dc4b71a8ff958a 913e957380f04e9ea3dc4b71a8ff958a] Successfully bumped revision number for resource ef656f6c-34e3-43b8-bab0-23b78b23222f (type: ports) to 2
2026-05-05 23:20:18.422 9 INFO neutron.db.ovn_revision_numbers_db [None req-18687104-1a67-43c5-9213-d3c1208b54e1 ded5776b03384b29b7ab1327fe26a058 573f3f331d4845f2989511a6b7a9bc56 - - default default] Successfully bumped revision number for resource 037cd98b-4957-4951-b93f-9023b297773e (type: floatingips) to 1
2026-05-05 23:20:18.513 9 INFO neutron.db.ovn_revision_numbers_db [req-0f3edf3a-bd12-4b05-9ebd-53cc67fbe42d req-a8c78c7a-9dc6-4e0b-ba28-829fb67d374b 4a74b8b0fd5548b4b772c0d3fdc7ca7e 60ebc48fb9004c21ba869cbb18ebf9a3 - - 913e957380f04e9ea3dc4b71a8ff958a 913e957380f04e9ea3dc4b71a8ff958a] Successfully bumped revision number for resource ef656f6c-34e3-43b8-bab0-23b78b23222f (type: ports) to 2
2026-05-05 23:20:18.545 10 INFO neutron.services.segments.plugin [-] Segment 3f7a8f60-becb-4581-aaf4-7d23a8366c6a resource provider aggregate not found
2026-05-05 23:20:18.550 10 INFO neutron.services.segments.plugin [-] Segment 3f7a8f60-becb-4581-aaf4-7d23a8366c6a resource provider aggregate not found
2026-05-05 23:20:18.554 9 INFO neutron.wsgi [req-0f3edf3a-bd12-4b05-9ebd-53cc67fbe42d req-a8c78c7a-9dc6-4e0b-ba28-829fb67d374b 4a74b8b0fd5548b4b772c0d3fdc7ca7e 60ebc48fb9004c21ba869cbb18ebf9a3 - - 913e957380f04e9ea3dc4b71a8ff958a 913e957380f04e9ea3dc4b71a8ff958a] 199.204.45.78 "PUT /v2.0/ports/ef656f6c-34e3-43b8-bab0-23b78b23222f HTTP/1.1" status: 200 len: 1380 time: 1.3185768
2026-05-05 23:20:18.568 9 INFO neutron.db.ovn_revision_numbers_db [None req-18687104-1a67-43c5-9213-d3c1208b54e1 ded5776b03384b29b7ab1327fe26a058 573f3f331d4845f2989511a6b7a9bc56 - - default default] Successfully bumped revision number for resource 037cd98b-4957-4951-b93f-9023b297773e (type: floatingips) to 2
2026-05-05 23:20:18.577 10 INFO neutron.services.segments.plugin [-] Segment 3f7a8f60-becb-4581-aaf4-7d23a8366c6a resource provider not found; error: Placement Client Error (4xx): {"errors": [{"status": 404, "title": "Not Found", "detail": "The resource could not be found.\n\n No resource provider with uuid 3f7a8f60-becb-4581-aaf4-7d23a8366c6a found for delete ", "request_id": "req-588ecd6d-fd5d-4fd2-b332-ea2978a1a21b"}]}
2026-05-05 23:20:18.583 10 INFO neutron.services.segments.plugin [-] Segment 3f7a8f60-becb-4581-aaf4-7d23a8366c6a resource provider not found; error: Placement Client Error (4xx): {"errors": [{"status": 404, "title": "Not Found", "detail": "The resource could not be found.\n\n No resource provider with uuid 3f7a8f60-becb-4581-aaf4-7d23a8366c6a found for delete ", "request_id": "req-ffbdecd2-c6e2-4972-b12d-58b54ad51971"}]}
2026-05-05 23:20:18.595 10 INFO neutron.wsgi [None req-b0b4c661-f716-4171-a8c2-f5c1506359f9 cc53ead19fd04f48b9de74174830d004 db474edd8c3f4bc483ef002a4b312d07 - - default default] 10.0.0.175 "DELETE /v2.0/networks/34f8f995-88a3-411d-b7ec-f3cd72a7c4fa HTTP/1.1" status: 204 len: 168 time: 0.3884306
2026-05-05 23:20:18.600 9 INFO neutron.wsgi [None req-18687104-1a67-43c5-9213-d3c1208b54e1 ded5776b03384b29b7ab1327fe26a058 573f3f331d4845f2989511a6b7a9bc56 - - default default] 10.0.0.175 "PUT /v2.0/floatingips/037cd98b-4957-4951-b93f-9023b297773e HTTP/1.1" status: 200 len: 1050 time: 1.0739717 /var/lib/openstack/lib/python3.10/site-packages/pycadf/identifier.py:71: UserWarning: Invalid uuid: neutron. To ensure interoperability, identifiers should be a valid uuid. warnings.warn(('Invalid uuid: %s. To ensure interoperability, '
2026-05-05 23:20:18.610 9 INFO neutron.notifiers.nova [-] Nova event matching ['req-32134789-d959-43f3-8fb1-6aacf7404022'] response: {'name': 'network-changed', 'server_uuid': 'e5ad11a5-0464-4dc9-a1a4-05137ce9f1ca', 'tag': 'ef656f6c-34e3-43b8-bab0-23b78b23222f', 'status': 'completed', 'code': 200}
2026-05-05 23:20:18.636 9 INFO neutron.wsgi [req-0f3edf3a-bd12-4b05-9ebd-53cc67fbe42d req-af0d288f-7a22-45bf-92f5-2f0566328b87 4a74b8b0fd5548b4b772c0d3fdc7ca7e 60ebc48fb9004c21ba869cbb18ebf9a3 - - 913e957380f04e9ea3dc4b71a8ff958a 913e957380f04e9ea3dc4b71a8ff958a] 199.204.45.78 "GET /v2.0/ports?tenant_id=6ffe5c9ef23e48d391ed29a5c53f8184&device_id=e5ad11a5-0464-4dc9-a1a4-05137ce9f1ca HTTP/1.1" status: 200 len: 1411 time: 0.0380733
2026-05-05 23:20:18.668 9 INFO neutron.wsgi [req-0f3edf3a-bd12-4b05-9ebd-53cc67fbe42d req-1cad1afb-6e42-43f0-b07c-6133181cbedd 4a74b8b0fd5548b4b772c0d3fdc7ca7e 60ebc48fb9004c21ba869cbb18ebf9a3 - - 913e957380f04e9ea3dc4b71a8ff958a 913e957380f04e9ea3dc4b71a8ff958a] 199.204.45.78 "GET /v2.0/floatingips?fixed_ip_address=10.100.0.11&port_id=ef656f6c-34e3-43b8-bab0-23b78b23222f HTTP/1.1" status: 200 len: 217 time: 0.0243466
2026-05-05 23:20:18.728 9 INFO neutron.wsgi [req-0f3edf3a-bd12-4b05-9ebd-53cc67fbe42d req-80b983bd-be48-4cd1-afa4-3d5cc0200c5a 4a74b8b0fd5548b4b772c0d3fdc7ca7e 60ebc48fb9004c21ba869cbb18ebf9a3 - - 913e957380f04e9ea3dc4b71a8ff958a 913e957380f04e9ea3dc4b71a8ff958a] 199.204.45.78 "GET /v2.0/subnets?id=b1fbcca1-e6e0-4ab7-9e8e-07c5db4d3667 HTTP/1.1" status: 200 len: 870 time: 0.0526767
2026-05-05 23:20:18.757 9 INFO neutron.wsgi [req-0f3edf3a-bd12-4b05-9ebd-53cc67fbe42d req-1fd5cc9d-042f-4afb-8919-116b4394adc5 4a74b8b0fd5548b4b772c0d3fdc7ca7e 60ebc48fb9004c21ba869cbb18ebf9a3 - - 913e957380f04e9ea3dc4b71a8ff958a 913e957380f04e9ea3dc4b71a8ff958a] 199.204.45.78 "GET /v2.0/ports?network_id=82b4fbcd-ec5b-41b4-b15f-d3a917edb329&device_owner=network%3Adhcp HTTP/1.1" status: 200 len: 210 time: 0.0215387
2026-05-05 23:20:18.830 9 INFO neutron.wsgi [req-0f3edf3a-bd12-4b05-9ebd-53cc67fbe42d req-d72f6eab-3389-449a-b187-e4143f1a321d 4a74b8b0fd5548b4b772c0d3fdc7ca7e 60ebc48fb9004c21ba869cbb18ebf9a3 - - 913e957380f04e9ea3dc4b71a8ff958a 913e957380f04e9ea3dc4b71a8ff958a] 199.204.45.78 "GET /v2.0/networks/82b4fbcd-ec5b-41b4-b15f-d3a917edb329?fields=segments HTTP/1.1" status: 200 len: 212 time: 0.0678110
2026-05-05 23:20:18.891 9 INFO neutron.wsgi [req-0f3edf3a-bd12-4b05-9ebd-53cc67fbe42d req-24c65576-26b4-4ee3-b998-2544c06dad77 4a74b8b0fd5548b4b772c0d3fdc7ca7e 60ebc48fb9004c21ba869cbb18ebf9a3 - - 913e957380f04e9ea3dc4b71a8ff958a 913e957380f04e9ea3dc4b71a8ff958a] 199.204.45.78 "GET /v2.0/networks/82b4fbcd-ec5b-41b4-b15f-d3a917edb329?fields=provider%3Aphysical_network&fields=provider%3Anetwork_type HTTP/1.1" status: 200 len: 277 time: 0.0566072
2026-05-05 23:20:18.897 10 INFO neutron.wsgi [None req-039a15ff-e3d5-4a3b-bb06-cf019fc1b1f5 cc53ead19fd04f48b9de74174830d004 db474edd8c3f4bc483ef002a4b312d07 - - default default] 10.0.0.175 "GET /v2.0/security-groups?tenant_id=f7c9dee980774493b8fd0156ac95f514&name=default HTTP/1.1" status: 200 len: 2992 time: 0.0351923
2026-05-05 23:20:18.982 9 INFO neutron.wsgi [req-a18972e5-d4e8-4c68-b6d8-0519e5717b17 req-bebb97de-d4c7-422d-82d3-b0c8cfd6ba6e 4a74b8b0fd5548b4b772c0d3fdc7ca7e 60ebc48fb9004c21ba869cbb18ebf9a3 - - 913e957380f04e9ea3dc4b71a8ff958a 913e957380f04e9ea3dc4b71a8ff958a] 199.204.45.78 "GET /v2.0/ports?tenant_id=6ffe5c9ef23e48d391ed29a5c53f8184&device_id=e5ad11a5-0464-4dc9-a1a4-05137ce9f1ca HTTP/1.1" status: 200 len: 1411 time: 0.0408959
2026-05-05 23:20:19.083 9 INFO neutron.wsgi [req-a18972e5-d4e8-4c68-b6d8-0519e5717b17 req-064c45cf-1e08-4620-b15f-b4ec930763f2 4a74b8b0fd5548b4b772c0d3fdc7ca7e 60ebc48fb9004c21ba869cbb18ebf9a3 - - 913e957380f04e9ea3dc4b71a8ff958a 913e957380f04e9ea3dc4b71a8ff958a] 199.204.45.78 "GET /v2.0/networks?id=82b4fbcd-ec5b-41b4-b15f-d3a917edb329 HTTP/1.1" status: 200 len: 975 time: 0.0975637
2026-05-05 23:20:19.134 10 INFO neutron.plugins.ml2.drivers.ovn.mech_driver.mech_driver [None req-5af66a4f-525a-41ec-9b3b-bec5e9ec5c38 - - - - - -] OVN reports status up for port: ef656f6c-34e3-43b8-bab0-23b78b23222f
2026-05-05 23:20:19.138 9 INFO neutron.wsgi [req-a18972e5-d4e8-4c68-b6d8-0519e5717b17 req-d472c803-bf2e-4e2b-9ea1-8dae880917bb 4a74b8b0fd5548b4b772c0d3fdc7ca7e 60ebc48fb9004c21ba869cbb18ebf9a3 - - 913e957380f04e9ea3dc4b71a8ff958a 913e957380f04e9ea3dc4b71a8ff958a] 199.204.45.78 "GET /v2.0/floatingips?fixed_ip_address=10.100.0.11&port_id=ef656f6c-34e3-43b8-bab0-23b78b23222f HTTP/1.1" status: 200 len: 217 time: 0.0392582
2026-05-05 23:20:19.146 10 INFO neutron.plugins.ml2.plugin [None req-5af66a4f-525a-41ec-9b3b-bec5e9ec5c38 - - - - - -] Attempt 1 to provision port ef656f6c-34e3-43b8-bab0-23b78b23222f
2026-05-05 23:20:19.191 9 INFO neutron.wsgi [req-a18972e5-d4e8-4c68-b6d8-0519e5717b17 req-05fb0ba1-e2cc-4926-bb51-7e7371abdb50 4a74b8b0fd5548b4b772c0d3fdc7ca7e 60ebc48fb9004c21ba869cbb18ebf9a3 - - 913e957380f04e9ea3dc4b71a8ff958a 913e957380f04e9ea3dc4b71a8ff958a] 199.204.45.78 "GET /v2.0/subnets?id=b1fbcca1-e6e0-4ab7-9e8e-07c5db4d3667 HTTP/1.1" status: 200 len: 870 time: 0.0462105
2026-05-05 23:20:19.216 9 INFO neutron.wsgi [req-a18972e5-d4e8-4c68-b6d8-0519e5717b17 req-323df6ab-87ee-4cc5-8d37-e0d8b404c24c 4a74b8b0fd5548b4b772c0d3fdc7ca7e 60ebc48fb9004c21ba869cbb18ebf9a3 - - 913e957380f04e9ea3dc4b71a8ff958a 913e957380f04e9ea3dc4b71a8ff958a] 199.204.45.78 "GET /v2.0/ports?network_id=82b4fbcd-ec5b-41b4-b15f-d3a917edb329&device_owner=network%3Adhcp HTTP/1.1" status: 200 len: 210 time: 0.0202446
2026-05-05 23:20:19.287 9 INFO neutron.wsgi [req-27bb8345-f682-47e7-b0f7-92d039795a90 req-ac19bfe9-6c73-4f46-9101-480c289e03e8 998ef9b9f9c14965bc4a2483406d167e 6ffe5c9ef23e48d391ed29a5c53f8184 - - default default] 10.0.0.153 "GET /v2.0/ports?device_id=e5ad11a5-0464-4dc9-a1a4-05137ce9f1ca HTTP/1.1" status: 200 len: 1172 time: 0.0577600
2026-05-05 23:20:19.315 10 INFO neutron.notifiers.nova [-] Nova event matching ['req-24cbdeda-e396-4619-b86e-f4a8b6616fbc'] response: {'server_uuid': 'e5ad11a5-0464-4dc9-a1a4-05137ce9f1ca', 'name': 'network-vif-plugged', 'status': 'completed', 'tag': 'ef656f6c-34e3-43b8-bab0-23b78b23222f', 'code': 200}
2026-05-05 23:20:19.322 9 INFO neutron.wsgi [req-a18972e5-d4e8-4c68-b6d8-0519e5717b17 req-ac3d933f-8edd-433c-b2dd-d7e3e3858ce7 4a74b8b0fd5548b4b772c0d3fdc7ca7e 60ebc48fb9004c21ba869cbb18ebf9a3 - - 913e957380f04e9ea3dc4b71a8ff958a 913e957380f04e9ea3dc4b71a8ff958a] 199.204.45.78 "GET /v2.0/networks/82b4fbcd-ec5b-41b4-b15f-d3a917edb329?fields=segments HTTP/1.1" status: 200 len: 212 time: 0.1012917
2026-05-05 23:20:19.338 9 INFO neutron.wsgi [None req-9eec6331-56c8-40bf-a149-36545f70d7d4 cc53ead19fd04f48b9de74174830d004 db474edd8c3f4bc483ef002a4b312d07 - - default default] 10.0.0.175 "DELETE /v2.0/security-groups/6f89c380-535d-408e-b2e9-ee561f3eeda1 HTTP/1.1" status: 204 len: 168 time: 0.4356411
2026-05-05 23:20:19.354 9 INFO neutron.wsgi [req-27bb8345-f682-47e7-b0f7-92d039795a90 req-159c231f-3fbe-446a-a353-7fc392504b8d 998ef9b9f9c14965bc4a2483406d167e 6ffe5c9ef23e48d391ed29a5c53f8184 - - default default] 10.0.0.153 "GET /v2.0/security-groups?id=33cc0c1e-49ae-402f-8010-f04591c25956&fields=id&fields=name HTTP/1.1" status: 200 len: 286 time: 0.0611517
2026-05-05 23:20:19.398 9 INFO neutron.wsgi [req-a18972e5-d4e8-4c68-b6d8-0519e5717b17 req-e4dad831-d0e7-42b3-8cc4-5f3176e14a8f 4a74b8b0fd5548b4b772c0d3fdc7ca7e 60ebc48fb9004c21ba869cbb18ebf9a3 - - 913e957380f04e9ea3dc4b71a8ff958a 913e957380f04e9ea3dc4b71a8ff958a] 199.204.45.78 "GET /v2.0/networks/82b4fbcd-ec5b-41b4-b15f-d3a917edb329?fields=provider%3Aphysical_network&fields=provider%3Anetwork_type HTTP/1.1" status: 200 len: 277 time: 0.0729558
2026-05-05 23:20:19.487 10 INFO neutron.db.ovn_revision_numbers_db [None req-5af66a4f-525a-41ec-9b3b-bec5e9ec5c38 - - - - - -] Successfully bumped revision number for resource ef656f6c-34e3-43b8-bab0-23b78b23222f (type: ports) to 4
2026-05-05 23:20:19.564 9 WARNING neutron.plugins.ml2.drivers.ovn.mech_driver.ovsdb.ovn_client [None req-3477c0ba-b0a4-456f-9ac4-996e9fa5baad - - - - - -] No hosting information found for port db651ce1-1884-474e-9f7f-5968be910a24: RuntimeError: No hosting information found for port db651ce1-1884-474e-9f7f-5968be910a24 /var/lib/openstack/lib/python3.10/site-packages/pycadf/identifier.py:71: UserWarning: Invalid uuid: neutron. To ensure interoperability, identifiers should be a valid uuid. warnings.warn(('Invalid uuid: %s. To ensure interoperability, '
2026-05-05 23:20:20.523 9 INFO neutron.wsgi [req-107e564b-bc2b-4e64-86cd-181c48182132 req-2efe22ea-77ad-4d12-af15-8b0bf6f46b5e 998ef9b9f9c14965bc4a2483406d167e 6ffe5c9ef23e48d391ed29a5c53f8184 - - default default] 10.0.0.153 "GET /v2.0/ports?device_id=e5ad11a5-0464-4dc9-a1a4-05137ce9f1ca HTTP/1.1" status: 200 len: 1174 time: 0.1091125
2026-05-05 23:20:20.569 9 INFO neutron.wsgi [req-107e564b-bc2b-4e64-86cd-181c48182132 req-88bf8a20-fb73-4cfe-8c96-d62f4fba4b02 998ef9b9f9c14965bc4a2483406d167e 6ffe5c9ef23e48d391ed29a5c53f8184 - - default default] 10.0.0.153 "GET /v2.0/security-groups?id=33cc0c1e-49ae-402f-8010-f04591c25956&fields=id&fields=name HTTP/1.1" status: 200 len: 286 time: 0.0406165
2026-05-05 23:20:20.651 9 INFO neutron.notifiers.nova [-] Nova event matching ['req-59e03101-6449-4501-a1d7-b3a9b36c22a9'] response: {'name': 'network-changed', 'server_uuid': 'afcf6efa-8423-4486-8fe8-5876e945eeae', 'tag': 'be20c327-3037-4a69-b323-c1fd69daf142', 'status': 'completed', 'code': 200}
2026-05-05 23:20:20.719 9 INFO neutron.wsgi [req-4cebc792-8fb0-4cf9-8e14-b54dc54c5646 req-3756b3d2-df82-4752-8609-7c7271a4a1e4 4a74b8b0fd5548b4b772c0d3fdc7ca7e 60ebc48fb9004c21ba869cbb18ebf9a3 - - 913e957380f04e9ea3dc4b71a8ff958a 913e957380f04e9ea3dc4b71a8ff958a] 199.204.45.78 "GET /v2.0/ports?tenant_id=573f3f331d4845f2989511a6b7a9bc56&device_id=afcf6efa-8423-4486-8fe8-5876e945eeae HTTP/1.1" status: 200 len: 1413 time: 0.0510333
2026-05-05 23:20:20.790 9 INFO neutron.wsgi [req-4cebc792-8fb0-4cf9-8e14-b54dc54c5646 req-fffe7aa3-0c8e-444b-9231-3d3fc45fe3aa 4a74b8b0fd5548b4b772c0d3fdc7ca7e 60ebc48fb9004c21ba869cbb18ebf9a3 - - 913e957380f04e9ea3dc4b71a8ff958a 913e957380f04e9ea3dc4b71a8ff958a] 199.204.45.78 "GET /v2.0/networks?id=e0abcea9-4fd6-4241-9965-6887ebf73cfb HTTP/1.1" status: 200 len: 974 time: 0.0628407
2026-05-05 23:20:20.860 9 INFO neutron.wsgi [req-4cebc792-8fb0-4cf9-8e14-b54dc54c5646 req-54ebd72e-04d8-414d-93c0-da7db9985811 4a74b8b0fd5548b4b772c0d3fdc7ca7e 60ebc48fb9004c21ba869cbb18ebf9a3 - - 913e957380f04e9ea3dc4b71a8ff958a 913e957380f04e9ea3dc4b71a8ff958a] 199.204.45.78 "GET /v2.0/floatingips?fixed_ip_address=10.100.0.12&port_id=be20c327-3037-4a69-b323-c1fd69daf142 HTTP/1.1" status: 200 len: 1060 time: 0.0616698
2026-05-05 23:20:20.904 9 INFO neutron.wsgi [req-4cebc792-8fb0-4cf9-8e14-b54dc54c5646 req-360055f0-59e5-410c-a630-68d6ae3e32d0 4a74b8b0fd5548b4b772c0d3fdc7ca7e 60ebc48fb9004c21ba869cbb18ebf9a3 - - 913e957380f04e9ea3dc4b71a8ff958a 913e957380f04e9ea3dc4b71a8ff958a] 199.204.45.78 "GET /v2.0/subnets?id=e515ab30-9ba7-4360-9840-e575d5c9308a HTTP/1.1" status: 200 len: 869 time: 0.0350108
2026-05-05 23:20:20.922 10 INFO neutron.plugins.ml2.drivers.ovn.mech_driver.mech_driver [None req-5af66a4f-525a-41ec-9b3b-bec5e9ec5c38 - - - - - -] OVN reports status down for port: ef656f6c-34e3-43b8-bab0-23b78b23222f
2026-05-05 23:20:20.937 9 INFO neutron.wsgi [req-4cebc792-8fb0-4cf9-8e14-b54dc54c5646 req-1eb138d7-f99c-44e1-b65f-f843c20a0694 4a74b8b0fd5548b4b772c0d3fdc7ca7e 60ebc48fb9004c21ba869cbb18ebf9a3 - - 913e957380f04e9ea3dc4b71a8ff958a 913e957380f04e9ea3dc4b71a8ff958a] 199.204.45.78 "GET /v2.0/ports?network_id=e0abcea9-4fd6-4241-9965-6887ebf73cfb&device_owner=network%3Adhcp HTTP/1.1" status: 200 len: 210 time: 0.0197029
2026-05-05 23:20:20.942 9 INFO neutron.wsgi [req-455b830a-1db3-4999-bd6e-263863936056 req-0dc52ef0-2225-49ec-ab9e-3d867f948fe8 998ef9b9f9c14965bc4a2483406d167e 6ffe5c9ef23e48d391ed29a5c53f8184 - - default default] 10.0.0.153 "GET /v2.0/ports?device_id=e5ad11a5-0464-4dc9-a1a4-05137ce9f1ca HTTP/1.1" status: 200 len: 1174 time: 0.0505157
2026-05-05 23:20:21.186 9 INFO neutron.wsgi [req-4cebc792-8fb0-4cf9-8e14-b54dc54c5646 req-3ae73805-c353-42a6-9ddc-f573a1adc329 4a74b8b0fd5548b4b772c0d3fdc7ca7e 60ebc48fb9004c21ba869cbb18ebf9a3 - - 913e957380f04e9ea3dc4b71a8ff958a 913e957380f04e9ea3dc4b71a8ff958a] 199.204.45.78 "GET /v2.0/networks/e0abcea9-4fd6-4241-9965-6887ebf73cfb?fields=segments HTTP/1.1" status: 200 len: 212 time: 0.2430146
2026-05-05 23:20:21.197 9 INFO neutron.wsgi [req-455b830a-1db3-4999-bd6e-263863936056 req-7d1a6dbb-9b8e-433c-a3a9-7a0011ae6dec 998ef9b9f9c14965bc4a2483406d167e 6ffe5c9ef23e48d391ed29a5c53f8184 - - default default] 10.0.0.153 "GET /v2.0/security-groups?id=33cc0c1e-49ae-402f-8010-f04591c25956&fields=id&fields=name HTTP/1.1" status: 200 len: 286 time: 0.2432420 /var/lib/openstack/lib/python3.10/site-packages/pycadf/identifier.py:71: UserWarning: Invalid uuid: neutron. To ensure interoperability, identifiers should be a valid uuid. warnings.warn(('Invalid uuid: %s. To ensure interoperability, '
2026-05-05 23:20:21.250 10 INFO neutron.db.ovn_revision_numbers_db [None req-5af66a4f-525a-41ec-9b3b-bec5e9ec5c38 - - - - - -] Successfully bumped revision number for resource ef656f6c-34e3-43b8-bab0-23b78b23222f (type: ports) to 5
2026-05-05 23:20:21.260 9 INFO neutron.wsgi [req-4cebc792-8fb0-4cf9-8e14-b54dc54c5646 req-b94e3664-14ff-4d5e-b01f-a3b5ec5f81e4 4a74b8b0fd5548b4b772c0d3fdc7ca7e 60ebc48fb9004c21ba869cbb18ebf9a3 - - 913e957380f04e9ea3dc4b71a8ff958a 913e957380f04e9ea3dc4b71a8ff958a] 199.204.45.78 "GET /v2.0/networks/e0abcea9-4fd6-4241-9965-6887ebf73cfb?fields=provider%3Aphysical_network&fields=provider%3Anetwork_type HTTP/1.1" status: 200 len: 277 time: 0.0671225
2026-05-05 23:20:21.302 9 INFO neutron.db.ovn_revision_numbers_db [None req-fb2ed919-cc29-481e-8bd4-81672f3e0cf4 cc53ead19fd04f48b9de74174830d004 db474edd8c3f4bc483ef002a4b312d07 - - default default] Successfully bumped revision number for resource 558695cf-488b-4f7f-bca0-21ca2c39d57f (type: security_groups) to 1
2026-05-05 23:20:21.322 9 INFO neutron.db.ovn_revision_numbers_db [None req-fb2ed919-cc29-481e-8bd4-81672f3e0cf4 cc53ead19fd04f48b9de74174830d004 db474edd8c3f4bc483ef002a4b312d07 - - default default] Successfully bumped revision number for resource 3eeab406-5685-4d07-add6-4fbc28799a41 (type: security_group_rules) to 0
2026-05-05 23:20:21.330 10 INFO neutron.wsgi [req-024c1dc8-d587-4d80-8d16-2ae247e8edb1 req-291a5686-101e-48c2-9513-f2da491a1d10 998ef9b9f9c14965bc4a2483406d167e 6ffe5c9ef23e48d391ed29a5c53f8184 - - default default] 199.204.45.78 "GET /v2.0/ports?device_id=e5ad11a5-0464-4dc9-a1a4-05137ce9f1ca HTTP/1.1" status: 200 len: 1172 time: 0.1243498
2026-05-05 23:20:21.338 9 INFO neutron.db.ovn_revision_numbers_db [None req-fb2ed919-cc29-481e-8bd4-81672f3e0cf4 cc53ead19fd04f48b9de74174830d004 db474edd8c3f4bc483ef002a4b312d07 - - default default] Successfully bumped revision number for resource 86aeb496-aba7-4556-b6a0-b26d7171ad45 (type: security_group_rules) to 0 /var/lib/openstack/lib/python3.10/site-packages/pycadf/identifier.py:71: UserWarning: Invalid uuid: neutron. To ensure interoperability, identifiers should be a valid uuid. warnings.warn(('Invalid uuid: %s. To ensure interoperability, '
2026-05-05 23:20:21.351 9 INFO neutron.db.ovn_revision_numbers_db [None req-fb2ed919-cc29-481e-8bd4-81672f3e0cf4 cc53ead19fd04f48b9de74174830d004 db474edd8c3f4bc483ef002a4b312d07 - - default default] Successfully bumped revision number for resource c0b31616-5d02-4dcc-8266-44ce519182fd (type: security_group_rules) to 0
2026-05-05 23:20:21.361 10 INFO neutron.notifiers.nova [-] Nova event matching ['req-1268075b-e7bf-499f-92e0-eabbcb5c53e6'] response: {'server_uuid': 'e5ad11a5-0464-4dc9-a1a4-05137ce9f1ca', 'name': 'network-vif-plugged', 'status': 'completed', 'tag': 'ef656f6c-34e3-43b8-bab0-23b78b23222f', 'code': 200}
2026-05-05 23:20:21.362 10 INFO neutron.notifiers.nova [-] Nova event matching ['req-1268075b-e7bf-499f-92e0-eabbcb5c53e6'] response: {'server_uuid': 'e5ad11a5-0464-4dc9-a1a4-05137ce9f1ca', 'name': 'network-vif-unplugged', 'status': 'completed', 'tag': 'ef656f6c-34e3-43b8-bab0-23b78b23222f', 'code': 200}
2026-05-05 23:20:21.362 10 INFO neutron.notifiers.nova [-] Nova event matching ['req-1268075b-e7bf-499f-92e0-eabbcb5c53e6'] response: {'server_uuid': 'e5ad11a5-0464-4dc9-a1a4-05137ce9f1ca', 'name': 'network-vif-plugged', 'status': 'completed', 'tag': 'ef656f6c-34e3-43b8-bab0-23b78b23222f', 'code': 200}
2026-05-05 23:20:21.372 9 INFO neutron.db.ovn_revision_numbers_db [None req-fb2ed919-cc29-481e-8bd4-81672f3e0cf4 cc53ead19fd04f48b9de74174830d004 db474edd8c3f4bc483ef002a4b312d07 - - default default] Successfully bumped revision number for resource e3715b66-88c5-4df6-a66e-5bfe76f27360 (type: security_group_rules) to 0
