2026-05-05 23:20:33.050 9 INFO neutron.wsgi [None req-38cc0402-2ff5-4f4e-a41e-97efeefa834b cc53ead19fd04f48b9de74174830d004 db474edd8c3f4bc483ef002a4b312d07 - - default default] 10.0.0.57 "GET /v2.0/agents HTTP/1.1" status: 200 len: 997 time: 0.0093274
2026-05-05 23:20:33.092 9 INFO neutron.wsgi [None req-1a6c8524-e80d-4b2e-bf85-0d0b9b28065d cc53ead19fd04f48b9de74174830d004 db474edd8c3f4bc483ef002a4b312d07 - - default default] 10.0.0.57 "GET /v2.0/floatingips HTTP/1.1" status: 200 len: 1575 time: 0.0412042
2026-05-05 23:20:33.190 9 INFO neutron.wsgi [None req-4707ec77-54fe-4341-a1a4-5a57707ac731 cc53ead19fd04f48b9de74174830d004 db474edd8c3f4bc483ef002a4b312d07 - - default default] 10.0.0.57 "GET /v2.0/routers HTTP/1.1" status: 200 len: 1540 time: 0.0966523
2026-05-05 23:20:33.204 9 INFO neutron.wsgi [None req-55acc4d6-89a5-48a0-940b-1973ccab774f cc53ead19fd04f48b9de74174830d004 db474edd8c3f4bc483ef002a4b312d07 - - default default] 10.0.0.57 "GET /v2.0/agents?binary=ovn-controller HTTP/1.1" status: 200 len: 591 time: 0.0110016
2026-05-05 23:20:33.939 10 WARNING neutron_lib.context [None req-cd708c67-3878-4748-987e-90a716302e2f a23178ac534145c0a97cebd6fc671cc5 20364e88c6f3456593930f8270d33b9a - - default default] Method 'is_advsvc' is deprecated since 2023.2 release (neutron-lib 3.8.0) and will be removed once support for the old RBAC API policies will be removed from Neutron. Please use method 'is_service_role' instead.
2026-05-05 23:20:34.104 10 INFO neutron.db.ovn_revision_numbers_db [None req-cd708c67-3878-4748-987e-90a716302e2f a23178ac534145c0a97cebd6fc671cc5 20364e88c6f3456593930f8270d33b9a - - default default] Successfully bumped revision number for resource ae49e764-e7c8-457d-87de-0919a4d61c49 (type: security_groups) to 1
2026-05-05 23:20:34.120 10 INFO neutron.db.ovn_revision_numbers_db [None req-cd708c67-3878-4748-987e-90a716302e2f a23178ac534145c0a97cebd6fc671cc5 20364e88c6f3456593930f8270d33b9a - - default default] Successfully bumped revision number for resource 459c28dd-5dd1-42fc-92f9-cc373858d26b (type: security_group_rules) to 0
2026-05-05 23:20:34.134 10 INFO neutron.db.ovn_revision_numbers_db [None req-cd708c67-3878-4748-987e-90a716302e2f a23178ac534145c0a97cebd6fc671cc5 20364e88c6f3456593930f8270d33b9a - - default default] Successfully bumped revision number for resource 50e91a29-b800-4726-ad74-8f1f762bfec7 (type: security_group_rules) to 0
2026-05-05 23:20:34.150 10 INFO neutron.db.ovn_revision_numbers_db [None req-cd708c67-3878-4748-987e-90a716302e2f a23178ac534145c0a97cebd6fc671cc5 20364e88c6f3456593930f8270d33b9a - - default default] Successfully bumped revision number for resource 5e6bf0ca-a57c-4082-b6da-5b90b94b0cc3 (type: security_group_rules) to 0
2026-05-05 23:20:34.159 9 INFO neutron.wsgi [req-01c47ee2-2cfd-4ce6-9573-59657d55e449 req-24cb991f-d4dc-468b-929b-4987eeef0b34 ded5776b03384b29b7ab1327fe26a058 573f3f331d4845f2989511a6b7a9bc56 - - default default] 10.0.0.153 "GET /v2.0/ports?device_id=afcf6efa-8423-4486-8fe8-5876e945eeae HTTP/1.1" status: 200 len: 1174 time: 0.1086202
2026-05-05 23:20:34.166 10 INFO neutron.db.ovn_revision_numbers_db [None req-cd708c67-3878-4748-987e-90a716302e2f a23178ac534145c0a97cebd6fc671cc5 20364e88c6f3456593930f8270d33b9a - - default default] Successfully bumped revision number for resource acf5b8a0-064e-4214-8e93-6465d398cd1d (type: security_group_rules) to 0
2026-05-05 23:20:34.202 9 INFO neutron.wsgi [req-01c47ee2-2cfd-4ce6-9573-59657d55e449 req-a103a114-7b75-4609-ab6e-33d5f1e3b441 ded5776b03384b29b7ab1327fe26a058 573f3f331d4845f2989511a6b7a9bc56 - - default default] 10.0.0.153 "GET /v2.0/security-groups?id=e5a19287-0cea-471b-b7d4-4db99c8938f8&fields=id&fields=name HTTP/1.1" status: 200 len: 313 time: 0.0364285
2026-05-05 23:20:34.219 10 INFO neutron.db.segments_db [None req-cd708c67-3878-4748-987e-90a716302e2f a23178ac534145c0a97cebd6fc671cc5 20364e88c6f3456593930f8270d33b9a - - default default] Added segment 347d22da-61a0-4ec5-b6c9-1f078668fad8 of type geneve for network 656ee6dc-8858-42c5-9686-5b4ecc7de3fb
2026-05-05 23:20:34.297 9 INFO neutron.wsgi [req-d7afcc88-8f78-4ea4-8bcd-20f6bf2810fb req-69a6ec98-f07f-437e-b92e-37866ca106b0 ded5776b03384b29b7ab1327fe26a058 573f3f331d4845f2989511a6b7a9bc56 - - default default] 10.0.0.153 "GET /v2.0/ports?device_id=afcf6efa-8423-4486-8fe8-5876e945eeae HTTP/1.1" status: 200 len: 1174 time: 0.0377798
2026-05-05 23:20:34.345 9 INFO neutron.wsgi [req-d7afcc88-8f78-4ea4-8bcd-20f6bf2810fb req-af21d269-fa5a-4fd7-95e7-b608b92111df ded5776b03384b29b7ab1327fe26a058 573f3f331d4845f2989511a6b7a9bc56 - - default default] 10.0.0.153 "GET /v2.0/security-groups?id=e5a19287-0cea-471b-b7d4-4db99c8938f8&fields=id&fields=name HTTP/1.1" status: 200 len: 313 time: 0.0402150
2026-05-05 23:20:34.394 10 INFO neutron.db.ovn_revision_numbers_db [None req-cd708c67-3878-4748-987e-90a716302e2f a23178ac534145c0a97cebd6fc671cc5 20364e88c6f3456593930f8270d33b9a - - default default] Successfully bumped revision number for resource 656ee6dc-8858-42c5-9686-5b4ecc7de3fb (type: networks) to 1
2026-05-05 23:20:34.570 10 WARNING neutron.scheduler.dhcp_agent_scheduler [None req-cd708c67-3878-4748-987e-90a716302e2f a23178ac534145c0a97cebd6fc671cc5 20364e88c6f3456593930f8270d33b9a - - default default] No more DHCP agents
2026-05-05 23:20:34.573 10 WARNING neutron.api.rpc.agentnotifiers.dhcp_rpc_agent_api [None req-cd708c67-3878-4748-987e-90a716302e2f a23178ac534145c0a97cebd6fc671cc5 20364e88c6f3456593930f8270d33b9a - - default default] Unable to schedule network 656ee6dc-8858-42c5-9686-5b4ecc7de3fb: no agents available; will retry on subsequent port and subnet creation events.
2026-05-05 23:20:34.664 10 INFO neutron.db.ovn_revision_numbers_db [None req-cd708c67-3878-4748-987e-90a716302e2f a23178ac534145c0a97cebd6fc671cc5 20364e88c6f3456593930f8270d33b9a - - default default] Successfully bumped revision number for resource e40a3bcc-8c3d-433a-8b10-de7f0c54e769 (type: ports) to 1
2026-05-05 23:20:34.688 10 INFO neutron.wsgi [None req-cd708c67-3878-4748-987e-90a716302e2f a23178ac534145c0a97cebd6fc671cc5 20364e88c6f3456593930f8270d33b9a - - default default] 10.0.0.175 "POST /v2.0/networks HTTP/1.1" status: 201 len: 826 time: 0.9605649
2026-05-05 23:20:34.698 10 WARNING neutron_lib.context [None req-152de2e6-5f72-4b98-8f46-916ec438748f a23178ac534145c0a97cebd6fc671cc5 20364e88c6f3456593930f8270d33b9a - - default default] Method 'is_advsvc' is deprecated since 2023.2 release (neutron-lib 3.8.0) and will be removed once support for the old RBAC API policies will be removed from Neutron. Please use method 'is_service_role' instead.
2026-05-05 23:20:34.715 9 INFO neutron.wsgi [req-dc9ae428-058d-4491-ba79-d258370017d2 req-43d31e54-d370-4a9c-8cc3-7707a53e53da ded5776b03384b29b7ab1327fe26a058 573f3f331d4845f2989511a6b7a9bc56 - - default default] 10.0.0.153 "GET /v2.0/ports?device_id=afcf6efa-8423-4486-8fe8-5876e945eeae HTTP/1.1" status: 200 len: 1174 time: 0.0420322
2026-05-05 23:20:34.766 9 INFO neutron.wsgi [req-dc9ae428-058d-4491-ba79-d258370017d2 req-6fa38ef4-f201-41f7-8ea9-ae66d4b410e8 ded5776b03384b29b7ab1327fe26a058 573f3f331d4845f2989511a6b7a9bc56 - - default default] 10.0.0.153 "GET /v2.0/security-groups?id=e5a19287-0cea-471b-b7d4-4db99c8938f8&fields=id&fields=name HTTP/1.1" status: 200 len: 313 time: 0.0467093
2026-05-05 23:20:34.771 9 INFO neutron.wsgi [req-8570d782-1b5f-4432-b1ec-2aa55ce2daac req-439cbe1c-7bdc-4041-9399-460aabcd5c20 a8bb97a0276e4a7da605a4fe498f4301 3704cd421a2a4eadbae530c9d0a70e4a - - default default] 10.0.0.153 "GET /v2.0/security-groups?name=tempest-securitygroup--1513323398&fields=id&tenant_id=3704cd421a2a4eadbae530c9d0a70e4a HTTP/1.1" status: 200 len: 267 time: 0.0455449
2026-05-05 23:20:34.781 10 INFO neutron.wsgi [req-1c2f045d-3562-4e41-be4a-725ea971d13a req-d00179ec-b71a-4f6f-8999-3c7299bd7bfc 4a74b8b0fd5548b4b772c0d3fdc7ca7e 60ebc48fb9004c21ba869cbb18ebf9a3 - - 913e957380f04e9ea3dc4b71a8ff958a 913e957380f04e9ea3dc4b71a8ff958a] 199.204.45.78 "GET /v2.0/ports?tenant_id=573f3f331d4845f2989511a6b7a9bc56&device_id=afcf6efa-8423-4486-8fe8-5876e945eeae HTTP/1.1" status: 200 len: 1413 time: 0.0420837
2026-05-05 23:20:34.784 10 INFO neutron.db.segments_db [None req-152de2e6-5f72-4b98-8f46-916ec438748f a23178ac534145c0a97cebd6fc671cc5 20364e88c6f3456593930f8270d33b9a - - default default] Added segment 95aabfe9-9e46-43c4-92b5-64a185b2ed35 of type geneve for network 551bd2b6-1ce7-446a-8d3a-3a8c2f3beeb5
2026-05-05 23:20:34.859 9 INFO neutron.wsgi [req-8570d782-1b5f-4432-b1ec-2aa55ce2daac req-8ede10a9-665f-451d-8d08-421888f8ea76 a8bb97a0276e4a7da605a4fe498f4301 3704cd421a2a4eadbae530c9d0a70e4a - - default default] 10.0.0.153 "GET /v2.0/networks?id=3da1c7a9-55fe-4a7d-beea-05226b79ce2a HTTP/1.1" status: 200 len: 878 time: 0.0799267
2026-05-05 23:20:34.877 9 INFO neutron.wsgi [req-8570d782-1b5f-4432-b1ec-2aa55ce2daac req-6018e603-4aea-4508-a1f1-285f2938611b a8bb97a0276e4a7da605a4fe498f4301 3704cd421a2a4eadbae530c9d0a70e4a - - default default] 10.0.0.153 "GET /v2.0/quotas/3704cd421a2a4eadbae530c9d0a70e4a HTTP/1.1" status: 200 len: 386 time: 0.0105376
2026-05-05 23:20:34.895 10 INFO neutron.wsgi [req-1c2f045d-3562-4e41-be4a-725ea971d13a req-e16ad307-905d-48cc-8aa8-34ab8da69e2a 4a74b8b0fd5548b4b772c0d3fdc7ca7e 60ebc48fb9004c21ba869cbb18ebf9a3 - - 913e957380f04e9ea3dc4b71a8ff958a 913e957380f04e9ea3dc4b71a8ff958a] 199.204.45.78 "GET /v2.0/networks?id=e0abcea9-4fd6-4241-9965-6887ebf73cfb HTTP/1.1" status: 200 len: 974 time: 0.1053803
2026-05-05 23:20:34.957 9 INFO neutron.wsgi [req-8570d782-1b5f-4432-b1ec-2aa55ce2daac req-927f98db-6a00-4025-a290-67bdce433d8c a8bb97a0276e4a7da605a4fe498f4301 3704cd421a2a4eadbae530c9d0a70e4a - - default default] 10.0.0.153 "GET /v2.0/ports?tenant_id=3704cd421a2a4eadbae530c9d0a70e4a&fields=id HTTP/1.1" status: 200 len: 302 time: 0.0757065
2026-05-05 23:20:34.984 10 INFO neutron.wsgi [req-1c2f045d-3562-4e41-be4a-725ea971d13a req-107d3e74-28d7-4c3f-8251-60b6e3869c18 4a74b8b0fd5548b4b772c0d3fdc7ca7e 60ebc48fb9004c21ba869cbb18ebf9a3 - - 913e957380f04e9ea3dc4b71a8ff958a 913e957380f04e9ea3dc4b71a8ff958a] 199.204.45.78 "GET /v2.0/floatingips?fixed_ip_address=10.100.0.12&port_id=be20c327-3037-4a69-b323-c1fd69daf142 HTTP/1.1" status: 200 len: 1060 time: 0.0841601
2026-05-05 23:20:34.992 10 INFO neutron.db.ovn_revision_numbers_db [None req-152de2e6-5f72-4b98-8f46-916ec438748f a23178ac534145c0a97cebd6fc671cc5 20364e88c6f3456593930f8270d33b9a - - default default] Successfully bumped revision number for resource 551bd2b6-1ce7-446a-8d3a-3a8c2f3beeb5 (type: networks) to 1
2026-05-05 23:20:35.033 9 INFO neutron.wsgi [req-8570d782-1b5f-4432-b1ec-2aa55ce2daac req-e01c12c8-ec20-44f7-ba25-6e421a90262a 4a74b8b0fd5548b4b772c0d3fdc7ca7e 60ebc48fb9004c21ba869cbb18ebf9a3 - - 913e957380f04e9ea3dc4b71a8ff958a 913e957380f04e9ea3dc4b71a8ff958a] 10.0.0.153 "GET /v2.0/networks/3da1c7a9-55fe-4a7d-beea-05226b79ce2a?fields=segments HTTP/1.1" status: 200 len: 212 time: 0.0468347
2026-05-05 23:20:35.038 10 INFO neutron.wsgi [req-1c2f045d-3562-4e41-be4a-725ea971d13a req-e2d9e51e-9e73-4620-8c5d-df79a2f33265 4a74b8b0fd5548b4b772c0d3fdc7ca7e 60ebc48fb9004c21ba869cbb18ebf9a3 - - 913e957380f04e9ea3dc4b71a8ff958a 913e957380f04e9ea3dc4b71a8ff958a] 199.204.45.78 "GET /v2.0/subnets?id=e515ab30-9ba7-4360-9840-e575d5c9308a HTTP/1.1" status: 200 len: 869 time: 0.0497088
2026-05-05 23:20:35.070 10 INFO neutron.wsgi [req-1c2f045d-3562-4e41-be4a-725ea971d13a req-57383565-5f37-4e97-a71a-49836c7f298d 4a74b8b0fd5548b4b772c0d3fdc7ca7e 60ebc48fb9004c21ba869cbb18ebf9a3 - - 913e957380f04e9ea3dc4b71a8ff958a 913e957380f04e9ea3dc4b71a8ff958a] 199.204.45.78 "GET /v2.0/ports?network_id=e0abcea9-4fd6-4241-9965-6887ebf73cfb&device_owner=network%3Adhcp HTTP/1.1" status: 200 len: 210 time: 0.0241094
2026-05-05 23:20:35.090 9 INFO neutron.wsgi [req-8570d782-1b5f-4432-b1ec-2aa55ce2daac req-1a868c80-7402-4848-a105-a8a786955864 4a74b8b0fd5548b4b772c0d3fdc7ca7e 60ebc48fb9004c21ba869cbb18ebf9a3 - - 913e957380f04e9ea3dc4b71a8ff958a 913e957380f04e9ea3dc4b71a8ff958a] 10.0.0.153 "GET /v2.0/networks/3da1c7a9-55fe-4a7d-beea-05226b79ce2a?fields=provider%3Aphysical_network&fields=provider%3Anetwork_type HTTP/1.1" status: 200 len: 277 time: 0.0507739
2026-05-05 23:20:35.178 10 INFO neutron.wsgi [req-1c2f045d-3562-4e41-be4a-725ea971d13a req-0767f1a1-6846-4841-bfcd-c9e7e16f06c9 4a74b8b0fd5548b4b772c0d3fdc7ca7e 60ebc48fb9004c21ba869cbb18ebf9a3 - - 913e957380f04e9ea3dc4b71a8ff958a 913e957380f04e9ea3dc4b71a8ff958a] 199.204.45.78 "GET /v2.0/networks/e0abcea9-4fd6-4241-9965-6887ebf73cfb?fields=segments HTTP/1.1" status: 200 len: 212 time: 0.0990510
2026-05-05 23:20:35.259 10 WARNING neutron.scheduler.dhcp_agent_scheduler [None req-152de2e6-5f72-4b98-8f46-916ec438748f a23178ac534145c0a97cebd6fc671cc5 20364e88c6f3456593930f8270d33b9a - - default default] No more DHCP agents
2026-05-05 23:20:35.264 10 INFO neutron.wsgi [req-1c2f045d-3562-4e41-be4a-725ea971d13a req-b24eed51-c79a-4e15-ac4f-f63696afaf6b 4a74b8b0fd5548b4b772c0d3fdc7ca7e 60ebc48fb9004c21ba869cbb18ebf9a3 - - 913e957380f04e9ea3dc4b71a8ff958a 913e957380f04e9ea3dc4b71a8ff958a] 199.204.45.78 "GET /v2.0/networks/e0abcea9-4fd6-4241-9965-6887ebf73cfb?fields=provider%3Aphysical_network&fields=provider%3Anetwork_type HTTP/1.1" status: 200 len: 277 time: 0.0811608
2026-05-05 23:20:35.266 10 WARNING neutron.api.rpc.agentnotifiers.dhcp_rpc_agent_api [None req-152de2e6-5f72-4b98-8f46-916ec438748f a23178ac534145c0a97cebd6fc671cc5 20364e88c6f3456593930f8270d33b9a - - default default] Unable to schedule network 551bd2b6-1ce7-446a-8d3a-3a8c2f3beeb5: no agents available; will retry on subsequent port and subnet creation events.
2026-05-05 23:20:35.363 10 INFO neutron.db.ovn_revision_numbers_db [None req-152de2e6-5f72-4b98-8f46-916ec438748f a23178ac534145c0a97cebd6fc671cc5 20364e88c6f3456593930f8270d33b9a - - default default] Successfully bumped revision number for resource 9d1c5eab-3545-48ce-8562-9116fb32b46a (type: ports) to 1
2026-05-05 23:20:35.387 10 INFO neutron.wsgi [None req-152de2e6-5f72-4b98-8f46-916ec438748f a23178ac534145c0a97cebd6fc671cc5 20364e88c6f3456593930f8270d33b9a - - default default] 10.0.0.175 "POST /v2.0/networks HTTP/1.1" status: 201 len: 829 time: 0.6937780
2026-05-05 23:20:35.398 9 WARNING neutron_lib.context [None req-6c96c9d9-5eed-4e62-9712-bb78c9a64bb3 a23178ac534145c0a97cebd6fc671cc5 20364e88c6f3456593930f8270d33b9a - - default default] Method 'is_advsvc' is deprecated since 2023.2 release (neutron-lib 3.8.0) and will be removed once support for the old RBAC API policies will be removed from Neutron. Please use method 'is_service_role' instead.
2026-05-05 23:20:35.438 9 INFO neutron.wsgi [req-441e0064-2884-47e5-8416-f1376f93919b req-26011a60-a480-49cc-9139-b7e7254cc44f a8bb97a0276e4a7da605a4fe498f4301 3704cd421a2a4eadbae530c9d0a70e4a - - default default] 10.0.0.153 "GET /v2.0/ports?device_id=d49c8f46-3a3c-47ff-9d98-a26cfda5b7c8 HTTP/1.1" status: 200 len: 210 time: 0.0452352
2026-05-05 23:20:35.494 10 INFO neutron.plugins.ml2.drivers.ovn.mech_driver.mech_driver [None req-5af66a4f-525a-41ec-9b3b-bec5e9ec5c38 - - - - - -] OVN reports status down for port: be20c327-3037-4a69-b323-c1fd69daf142
2026-05-05 23:20:35.643 10 INFO neutron.notifiers.nova [-] Nova event matching ['req-9142265b-5658-400e-a0cc-32b56e15a773'] response: {'server_uuid': 'afcf6efa-8423-4486-8fe8-5876e945eeae', 'name': 'network-vif-unplugged', 'status': 'completed', 'tag': 'be20c327-3037-4a69-b323-c1fd69daf142', 'code': 200}
2026-05-05 23:20:35.729 9 WARNING neutron.scheduler.dhcp_agent_scheduler [None req-6c96c9d9-5eed-4e62-9712-bb78c9a64bb3 a23178ac534145c0a97cebd6fc671cc5 20364e88c6f3456593930f8270d33b9a - - default default] No more DHCP agents
2026-05-05 23:20:35.733 9 WARNING neutron.api.rpc.agentnotifiers.dhcp_rpc_agent_api [None req-6c96c9d9-5eed-4e62-9712-bb78c9a64bb3 a23178ac534145c0a97cebd6fc671cc5 20364e88c6f3456593930f8270d33b9a - - default default] Unable to schedule network 656ee6dc-8858-42c5-9686-5b4ecc7de3fb: no agents available; will retry on subsequent port and subnet creation events.
2026-05-05 23:20:35.859 10 INFO neutron.db.ovn_revision_numbers_db [None req-5af66a4f-525a-41ec-9b3b-bec5e9ec5c38 - - - - - -] Successfully bumped revision number for resource be20c327-3037-4a69-b323-c1fd69daf142 (type: ports) to 5
2026-05-05 23:20:35.928 9 INFO neutron.wsgi [req-c2520698-ced6-4d78-a3d8-ee41aa4ad80f req-2310a701-eaf7-44b6-a9b8-5828523b0069 ded5776b03384b29b7ab1327fe26a058 573f3f331d4845f2989511a6b7a9bc56 - - default default] 10.0.0.153 "GET /v2.0/ports?device_id=afcf6efa-8423-4486-8fe8-5876e945eeae HTTP/1.1" status: 200 len: 1172 time: 0.0748000
2026-05-05 23:20:36.000 9 INFO neutron.wsgi [req-c2520698-ced6-4d78-a3d8-ee41aa4ad80f req-372128b7-a3d9-4ab0-8530-0118b7162f3c ded5776b03384b29b7ab1327fe26a058 573f3f331d4845f2989511a6b7a9bc56 - - default default] 10.0.0.153 "GET /v2.0/security-groups?id=e5a19287-0cea-471b-b7d4-4db99c8938f8&fields=id&fields=name HTTP/1.1" status: 200 len: 313 time: 0.0652843
2026-05-05 23:20:36.133 10 INFO neutron.plugins.ml2.drivers.ovn.mech_driver.mech_driver [None req-5af66a4f-525a-41ec-9b3b-bec5e9ec5c38 - - - - - -] OVN reports status up for port: be20c327-3037-4a69-b323-c1fd69daf142
2026-05-05 23:20:36.147 10 INFO neutron.plugins.ml2.plugin [None req-5af66a4f-525a-41ec-9b3b-bec5e9ec5c38 - - - - - -] Attempt 1 to provision port be20c327-3037-4a69-b323-c1fd69daf142 /var/lib/openstack/lib/python3.10/site-packages/pycadf/identifier.py:71: UserWarning: Invalid uuid: neutron. To ensure interoperability, identifiers should be a valid uuid. warnings.warn(('Invalid uuid: %s. To ensure interoperability, '
2026-05-05 23:20:36.281 10 INFO neutron.wsgi [req-8570d782-1b5f-4432-b1ec-2aa55ce2daac req-9f54500e-32a5-400c-a229-6d026c3edd16 a8bb97a0276e4a7da605a4fe498f4301 3704cd421a2a4eadbae530c9d0a70e4a - - default default] 199.204.45.78 "GET /v2.0/networks?id=3da1c7a9-55fe-4a7d-beea-05226b79ce2a HTTP/1.1" status: 200 len: 878 time: 0.0831039
2026-05-05 23:20:36.343 10 INFO neutron.wsgi [req-8570d782-1b5f-4432-b1ec-2aa55ce2daac req-d4a95d16-a225-454d-9a37-64ebd46d0d93 a8bb97a0276e4a7da605a4fe498f4301 3704cd421a2a4eadbae530c9d0a70e4a - - default default] 199.204.45.78 "GET /v2.0/security-groups?fields=id&fields=name&tenant_id=3704cd421a2a4eadbae530c9d0a70e4a HTTP/1.1" status: 200 len: 380 time: 0.0550985
2026-05-05 23:20:36.355 10 WARNING neutron_lib.context [req-8570d782-1b5f-4432-b1ec-2aa55ce2daac req-ad69d0c4-5a52-4366-8596-acf1279cb062 a8bb97a0276e4a7da605a4fe498f4301 3704cd421a2a4eadbae530c9d0a70e4a - - default default] Method 'is_advsvc' is deprecated since 2023.2 release (neutron-lib 3.8.0) and will be removed once support for the old RBAC API policies will be removed from Neutron. Please use method 'is_service_role' instead.
2026-05-05 23:20:36.397 9 INFO neutron.db.ovn_revision_numbers_db [None req-6c96c9d9-5eed-4e62-9712-bb78c9a64bb3 a23178ac534145c0a97cebd6fc671cc5 20364e88c6f3456593930f8270d33b9a - - default default] Successfully bumped revision number for resource e40a3bcc-8c3d-433a-8b10-de7f0c54e769 (type: ports) to 2
2026-05-05 23:20:36.430 9 INFO neutron.db.ovn_revision_numbers_db [None req-6c96c9d9-5eed-4e62-9712-bb78c9a64bb3 a23178ac534145c0a97cebd6fc671cc5 20364e88c6f3456593930f8270d33b9a - - default default] Successfully bumped revision number for resource 0822a5ad-6203-4b17-bd78-4ee6e7a122e5 (type: subnets) to 0
2026-05-05 23:20:36.443 9 INFO neutron.wsgi [None req-6c96c9d9-5eed-4e62-9712-bb78c9a64bb3 a23178ac534145c0a97cebd6fc671cc5 20364e88c6f3456593930f8270d33b9a - - default default] 10.0.0.175 "POST /v2.0/subnets HTTP/1.1" status: 201 len: 801 time: 1.0505519
2026-05-05 23:20:36.454 9 WARNING neutron_lib.context [None req-03aa607e-4f53-45a2-8d2e-a88945cc322f a23178ac534145c0a97cebd6fc671cc5 20364e88c6f3456593930f8270d33b9a - - default default] Method 'is_advsvc' is deprecated since 2023.2 release (neutron-lib 3.8.0) and will be removed once support for the old RBAC API policies will be removed from Neutron. Please use method 'is_service_role' instead.
2026-05-05 23:20:36.523 10 INFO neutron.db.ovn_revision_numbers_db [None req-5af66a4f-525a-41ec-9b3b-bec5e9ec5c38 - - - - - -] Successfully bumped revision number for resource be20c327-3037-4a69-b323-c1fd69daf142 (type: ports) to 6
2026-05-05 23:20:36.541 9 INFO neutron.wsgi [req-6cde3cde-6d54-40a1-8876-ca799253f18d req-e328c7c8-a71f-41c7-b290-fd223015cbb3 a8bb97a0276e4a7da605a4fe498f4301 3704cd421a2a4eadbae530c9d0a70e4a - - default default] 10.0.0.153 "GET /v2.0/ports?device_id=d49c8f46-3a3c-47ff-9d98-a26cfda5b7c8 HTTP/1.1" status: 200 len: 210 time: 0.0388598
2026-05-05 23:20:36.703 9 WARNING neutron.scheduler.dhcp_agent_scheduler [None req-03aa607e-4f53-45a2-8d2e-a88945cc322f a23178ac534145c0a97cebd6fc671cc5 20364e88c6f3456593930f8270d33b9a - - default default] No more DHCP agents
2026-05-05 23:20:36.706 9 WARNING neutron.api.rpc.agentnotifiers.dhcp_rpc_agent_api [None req-03aa607e-4f53-45a2-8d2e-a88945cc322f a23178ac534145c0a97cebd6fc671cc5 20364e88c6f3456593930f8270d33b9a - - default default] Unable to schedule network 551bd2b6-1ce7-446a-8d3a-3a8c2f3beeb5: no agents available; will retry on subsequent port and subnet creation events.
2026-05-05 23:20:36.717 10 WARNING neutron.scheduler.dhcp_agent_scheduler [req-8570d782-1b5f-4432-b1ec-2aa55ce2daac req-ad69d0c4-5a52-4366-8596-acf1279cb062 a8bb97a0276e4a7da605a4fe498f4301 3704cd421a2a4eadbae530c9d0a70e4a - - default default] No more DHCP agents
2026-05-05 23:20:36.720 10 WARNING neutron.api.rpc.agentnotifiers.dhcp_rpc_agent_api [req-8570d782-1b5f-4432-b1ec-2aa55ce2daac req-ad69d0c4-5a52-4366-8596-acf1279cb062 a8bb97a0276e4a7da605a4fe498f4301 3704cd421a2a4eadbae530c9d0a70e4a - - default default] Unable to schedule network 3da1c7a9-55fe-4a7d-beea-05226b79ce2a: no agents available; will retry on subsequent port and subnet creation events.
2026-05-05 23:20:36.925 10 INFO neutron.db.ovn_revision_numbers_db [req-8570d782-1b5f-4432-b1ec-2aa55ce2daac req-ad69d0c4-5a52-4366-8596-acf1279cb062 a8bb97a0276e4a7da605a4fe498f4301 3704cd421a2a4eadbae530c9d0a70e4a - - default default] Successfully bumped revision number for resource 4e48a9ad-9505-4b42-a847-ed563dcef564 (type: ports) to 1
2026-05-05 23:20:36.948 10 INFO neutron.wsgi [req-8570d782-1b5f-4432-b1ec-2aa55ce2daac req-ad69d0c4-5a52-4366-8596-acf1279cb062 a8bb97a0276e4a7da605a4fe498f4301 3704cd421a2a4eadbae530c9d0a70e4a - - default default] 199.204.45.78 "POST /v2.0/ports HTTP/1.1" status: 201 len: 1158 time: 0.5988119 /var/lib/openstack/lib/python3.10/site-packages/pycadf/identifier.py:71: UserWarning: Invalid uuid: neutron. To ensure interoperability, identifiers should be a valid uuid. warnings.warn(('Invalid uuid: %s. To ensure interoperability, '
2026-05-05 23:20:37.105 9 INFO neutron.wsgi [req-b101384b-662a-43ab-a980-070612bbe558 req-3b4c8ec9-e424-4aab-8852-dbbf6b934f0d ded5776b03384b29b7ab1327fe26a058 573f3f331d4845f2989511a6b7a9bc56 - - default default] 10.0.0.153 "GET /v2.0/ports?device_id=afcf6efa-8423-4486-8fe8-5876e945eeae HTTP/1.1" status: 200 len: 1174 time: 0.0459247
2026-05-05 23:20:37.154 10 INFO neutron.db.ovn_revision_numbers_db [None req-9bafcaa0-1c60-4f8c-899d-d3d11fb1a501 cc53ead19fd04f48b9de74174830d004 db474edd8c3f4bc483ef002a4b312d07 - - default default] Successfully bumped revision number for resource 7825bcdf-7f4f-4ddc-a471-e494bcf6e11a (type: security_groups) to 1
2026-05-05 23:20:37.172 10 INFO neutron.db.ovn_revision_numbers_db [None req-9bafcaa0-1c60-4f8c-899d-d3d11fb1a501 cc53ead19fd04f48b9de74174830d004 db474edd8c3f4bc483ef002a4b312d07 - - default default] Successfully bumped revision number for resource 038339c6-0751-4183-8cf0-07835b3796c7 (type: security_group_rules) to 0
2026-05-05 23:20:37.196 10 INFO neutron.db.ovn_revision_numbers_db [None req-9bafcaa0-1c60-4f8c-899d-d3d11fb1a501 cc53ead19fd04f48b9de74174830d004 db474edd8c3f4bc483ef002a4b312d07 - - default default] Successfully bumped revision number for resource 1da5a26e-8f66-4819-b29e-d872d1740adb (type: security_group_rules) to 0
2026-05-05 23:20:37.216 10 INFO neutron.db.ovn_revision_numbers_db [None req-9bafcaa0-1c60-4f8c-899d-d3d11fb1a501 cc53ead19fd04f48b9de74174830d004 db474edd8c3f4bc483ef002a4b312d07 - - default default] Successfully bumped revision number for resource 3a4a4f1e-1fd2-43b3-b062-f69cadbeb1b1 (type: security_group_rules) to 0
2026-05-05 23:20:37.232 10 INFO neutron.db.ovn_revision_numbers_db [None req-9bafcaa0-1c60-4f8c-899d-d3d11fb1a501 cc53ead19fd04f48b9de74174830d004 db474edd8c3f4bc483ef002a4b312d07 - - default default] Successfully bumped revision number for resource f14aab29-d32f-4fe6-96a6-857cf186e527 (type: security_group_rules) to 0
2026-05-05 23:20:37.274 10 INFO neutron.wsgi [None req-9bafcaa0-1c60-4f8c-899d-d3d11fb1a501 cc53ead19fd04f48b9de74174830d004 db474edd8c3f4bc483ef002a4b312d07 - - default default] 10.0.0.175 "GET /v2.0/security-groups?tenant_id=be09092c509c46c5b3af4b3ddf3e684c&name=default HTTP/1.1" status: 200 len: 2996 time: 0.4921155
2026-05-05 23:20:37.392 9 INFO neutron.wsgi [req-b101384b-662a-43ab-a980-070612bbe558 req-e2a53a51-b23d-4faf-b090-4ed60d082b47 ded5776b03384b29b7ab1327fe26a058 573f3f331d4845f2989511a6b7a9bc56 - - default default] 10.0.0.153 "GET /v2.0/security-groups?id=e5a19287-0cea-471b-b7d4-4db99c8938f8&fields=id&fields=name HTTP/1.1" status: 200 len: 313 time: 0.2652569
2026-05-05 23:20:37.483 9 INFO neutron.db.ovn_revision_numbers_db [None req-03aa607e-4f53-45a2-8d2e-a88945cc322f a23178ac534145c0a97cebd6fc671cc5 20364e88c6f3456593930f8270d33b9a - - default default] Successfully bumped revision number for resource 9d1c5eab-3545-48ce-8562-9116fb32b46a (type: ports) to 2
2026-05-05 23:20:37.490 10 INFO neutron.db.ovn_revision_numbers_db [req-8570d782-1b5f-4432-b1ec-2aa55ce2daac req-db698a32-0dc0-4673-b900-6ae14f5990de 4a74b8b0fd5548b4b772c0d3fdc7ca7e 60ebc48fb9004c21ba869cbb18ebf9a3 - - 913e957380f04e9ea3dc4b71a8ff958a 913e957380f04e9ea3dc4b71a8ff958a] Successfully bumped revision number for resource 4e48a9ad-9505-4b42-a847-ed563dcef564 (type: ports) to 2
2026-05-05 23:20:37.521 9 INFO neutron.db.ovn_revision_numbers_db [None req-03aa607e-4f53-45a2-8d2e-a88945cc322f a23178ac534145c0a97cebd6fc671cc5 20364e88c6f3456593930f8270d33b9a - - default default] Successfully bumped revision number for resource 9fce9d1e-dbda-4005-a590-96ae428d9eb6 (type: subnets) to 0
2026-05-05 23:20:37.563 9 INFO neutron.wsgi [None req-03aa607e-4f53-45a2-8d2e-a88945cc322f a23178ac534145c0a97cebd6fc671cc5 20364e88c6f3456593930f8270d33b9a - - default default] 10.0.0.175 "POST /v2.0/subnets HTTP/1.1" status: 201 len: 801 time: 1.1143956 /var/lib/openstack/lib/python3.10/site-packages/pycadf/identifier.py:71: UserWarning: Invalid uuid: neutron. To ensure interoperability, identifiers should be a valid uuid. warnings.warn(('Invalid uuid: %s. To ensure interoperability, '
2026-05-05 23:20:37.575 10 WARNING neutron_lib.context [None req-62aaddf6-0449-45b6-8758-c45afca64ff0 a23178ac534145c0a97cebd6fc671cc5 20364e88c6f3456593930f8270d33b9a - - default default] Method 'is_advsvc' is deprecated since 2023.2 release (neutron-lib 3.8.0) and will be removed once support for the old RBAC API policies will be removed from Neutron. Please use method 'is_service_role' instead.
2026-05-05 23:20:37.634 10 INFO neutron.wsgi [None req-17116cde-337f-4dd7-af63-3a84054cc982 cc53ead19fd04f48b9de74174830d004 db474edd8c3f4bc483ef002a4b312d07 - - default default] 10.0.0.175 "DELETE /v2.0/security-groups/7825bcdf-7f4f-4ddc-a471-e494bcf6e11a HTTP/1.1" status: 204 len: 168 time: 0.3556387
2026-05-05 23:20:37.645 9 INFO neutron.wsgi [req-4695b0d5-2cd2-4a60-856b-bed68f498b6a req-f64798d1-3fc2-430d-968d-d45e1942590d a8bb97a0276e4a7da605a4fe498f4301 3704cd421a2a4eadbae530c9d0a70e4a - - default default] 10.0.0.153 "GET /v2.0/ports?device_id=d49c8f46-3a3c-47ff-9d98-a26cfda5b7c8 HTTP/1.1" status: 200 len: 1168 time: 0.0360594
2026-05-05 23:20:37.682 9 INFO neutron.wsgi [req-4695b0d5-2cd2-4a60-856b-bed68f498b6a req-e8c39748-3b09-4e01-90a9-80243e27f380 a8bb97a0276e4a7da605a4fe498f4301 3704cd421a2a4eadbae530c9d0a70e4a - - default default] 10.0.0.153 "GET /v2.0/security-groups?id=b8e71051-4ae3-423b-b1aa-254414904852&fields=id&fields=name HTTP/1.1" status: 200 len: 313 time: 0.0312827
2026-05-05 23:20:37.842 9 INFO neutron.db.ovn_revision_numbers_db [None req-f32de727-8afe-4654-bd67-7d92b033a05d cc53ead19fd04f48b9de74174830d004 db474edd8c3f4bc483ef002a4b312d07 - - default default] Successfully bumped revision number for resource 25aa36e6-bc01-4c32-a2fa-fc7a7902363d (type: security_groups) to 1
2026-05-05 23:20:37.854 9 INFO neutron.db.ovn_revision_numbers_db [None req-f32de727-8afe-4654-bd67-7d92b033a05d cc53ead19fd04f48b9de74174830d004 db474edd8c3f4bc483ef002a4b312d07 - - default default] Successfully bumped revision number for resource 75020854-a9c9-40ec-a58f-d72f8a13bed1 (type: security_group_rules) to 0
2026-05-05 23:20:37.872 9 INFO neutron.db.ovn_revision_numbers_db [None req-f32de727-8afe-4654-bd67-7d92b033a05d cc53ead19fd04f48b9de74174830d004 db474edd8c3f4bc483ef002a4b312d07 - - default default] Successfully bumped revision number for resource 91570e3b-b3ca-408b-b59d-ccd232aa5711 (type: security_group_rules) to 0
2026-05-05 23:20:37.885 9 INFO neutron.db.ovn_revision_numbers_db [None req-f32de727-8afe-4654-bd67-7d92b033a05d cc53ead19fd04f48b9de74174830d004 db474edd8c3f4bc483ef002a4b312d07 - - default default] Successfully bumped revision number for resource 96997725-151d-4b1b-a011-db9ef27e2a88 (type: security_group_rules) to 0
2026-05-05 23:20:37.896 9 INFO neutron.db.ovn_revision_numbers_db [None req-f32de727-8afe-4654-bd67-7d92b033a05d cc53ead19fd04f48b9de74174830d004 db474edd8c3f4bc483ef002a4b312d07 - - default default] Successfully bumped revision number for resource e0ff8681-595c-419a-8ada-b4324b9bcb18 (type: security_group_rules) to 0
2026-05-05 23:20:37.920 9 INFO neutron.wsgi [None req-f32de727-8afe-4654-bd67-7d92b033a05d cc53ead19fd04f48b9de74174830d004 db474edd8c3f4bc483ef002a4b312d07 - - default default] 10.0.0.175 "GET /v2.0/security-groups?tenant_id=fcfe0ce50d2e4a249efb28b5f4d3679f&name=default HTTP/1.1" status: 200 len: 2996 time: 0.1735823
2026-05-05 23:20:37.937 10 INFO neutron.notifiers.nova [-] Nova event matching ['req-88ff3a99-5f25-4729-a596-363794ec293d'] response: {'server_uuid': 'afcf6efa-8423-4486-8fe8-5876e945eeae', 'name': 'network-vif-plugged', 'status': 'completed', 'tag': 'be20c327-3037-4a69-b323-c1fd69daf142', 'code': 200}
2026-05-05 23:20:37.937 10 INFO neutron.notifiers.nova [-] Nova event matching ['req-88ff3a99-5f25-4729-a596-363794ec293d'] response: {'server_uuid': 'afcf6efa-8423-4486-8fe8-5876e945eeae', 'name': 'network-vif-plugged', 'status': 'completed', 'tag': 'be20c327-3037-4a69-b323-c1fd69daf142', 'code': 200}
2026-05-05 23:20:37.937 10 INFO neutron.notifiers.nova [-] Nova event matching ['req-88ff3a99-5f25-4729-a596-363794ec293d'] response: {'server_uuid': 'afcf6efa-8423-4486-8fe8-5876e945eeae', 'name': 'network-vif-plugged', 'status': 'completed', 'tag': 'be20c327-3037-4a69-b323-c1fd69daf142', 'code': 200}
2026-05-05 23:20:38.033 10 INFO neutron.db.ovn_revision_numbers_db [None req-62aaddf6-0449-45b6-8758-c45afca64ff0 a23178ac534145c0a97cebd6fc671cc5 20364e88c6f3456593930f8270d33b9a - - default default] Successfully bumped revision number for resource b0033319-a08d-4423-9593-cbd8ef4a113a (type: routers) to 1
2026-05-05 23:20:38.039 10 INFO neutron.db.ovn_revision_numbers_db [req-8570d782-1b5f-4432-b1ec-2aa55ce2daac req-db698a32-0dc0-4673-b900-6ae14f5990de 4a74b8b0fd5548b4b772c0d3fdc7ca7e 60ebc48fb9004c21ba869cbb18ebf9a3 - - 913e957380f04e9ea3dc4b71a8ff958a 913e957380f04e9ea3dc4b71a8ff958a] Successfully bumped revision number for resource 4e48a9ad-9505-4b42-a847-ed563dcef564 (type: ports) to 2
2026-05-05 23:20:38.047 10 INFO neutron.wsgi [None req-62aaddf6-0449-45b6-8758-c45afca64ff0 a23178ac534145c0a97cebd6fc671cc5 20364e88c6f3456593930f8270d33b9a - - default default] 10.0.0.175 "POST /v2.0/routers HTTP/1.1" status: 201 len: 686 time: 0.4786913
2026-05-05 23:20:38.056 10 INFO neutron.wsgi [req-8570d782-1b5f-4432-b1ec-2aa55ce2daac req-db698a32-0dc0-4673-b900-6ae14f5990de 4a74b8b0fd5548b4b772c0d3fdc7ca7e 60ebc48fb9004c21ba869cbb18ebf9a3 - - 913e957380f04e9ea3dc4b71a8ff958a 913e957380f04e9ea3dc4b71a8ff958a] 199.204.45.78 "PUT /v2.0/ports/4e48a9ad-9505-4b42-a847-ed563dcef564 HTTP/1.1" status: 200 len: 1376 time: 1.0995343 /var/lib/openstack/lib/python3.10/site-packages/pycadf/identifier.py:71: UserWarning: Invalid uuid: neutron. To ensure interoperability, identifiers should be a valid uuid. warnings.warn(('Invalid uuid: %s. To ensure interoperability, '
2026-05-05 23:20:38.131 10 INFO neutron.wsgi [req-8570d782-1b5f-4432-b1ec-2aa55ce2daac req-0e5eb975-b64a-498f-8f06-5ba5dfe36289 4a74b8b0fd5548b4b772c0d3fdc7ca7e 60ebc48fb9004c21ba869cbb18ebf9a3 - - 913e957380f04e9ea3dc4b71a8ff958a 913e957380f04e9ea3dc4b71a8ff958a] 199.204.45.78 "GET /v2.0/ports?tenant_id=3704cd421a2a4eadbae530c9d0a70e4a&device_id=d49c8f46-3a3c-47ff-9d98-a26cfda5b7c8 HTTP/1.1" status: 200 len: 1407 time: 0.0316746
2026-05-05 23:20:38.157 10 INFO neutron.wsgi [req-8570d782-1b5f-4432-b1ec-2aa55ce2daac req-83a2062b-b524-4564-b751-b7d6aba1e279 4a74b8b0fd5548b4b772c0d3fdc7ca7e 60ebc48fb9004c21ba869cbb18ebf9a3 - - 913e957380f04e9ea3dc4b71a8ff958a 913e957380f04e9ea3dc4b71a8ff958a] 199.204.45.78 "GET /v2.0/floatingips?fixed_ip_address=10.100.0.6&port_id=4e48a9ad-9505-4b42-a847-ed563dcef564 HTTP/1.1" status: 200 len: 217 time: 0.0182917
2026-05-05 23:20:38.192 9 INFO neutron.wsgi [None req-235ac8a5-e637-49ba-8ebc-ea9e639e1278 cc53ead19fd04f48b9de74174830d004 db474edd8c3f4bc483ef002a4b312d07 - - default default] 10.0.0.175 "DELETE /v2.0/security-groups/25aa36e6-bc01-4c32-a2fa-fc7a7902363d HTTP/1.1" status: 204 len: 168 time: 0.2666233
2026-05-05 23:20:38.195 10 INFO neutron.wsgi [req-8570d782-1b5f-4432-b1ec-2aa55ce2daac req-4cca3487-54c5-4271-afed-730124cc3988 4a74b8b0fd5548b4b772c0d3fdc7ca7e 60ebc48fb9004c21ba869cbb18ebf9a3 - - 913e957380f04e9ea3dc4b71a8ff958a 913e957380f04e9ea3dc4b71a8ff958a] 199.204.45.78 "GET /v2.0/subnets?id=a6404f99-bed3-41be-b295-0e02cc136fd2 HTTP/1.1" status: 200 len: 872 time: 0.0315139
2026-05-05 23:20:38.225 10 INFO neutron.wsgi [req-8570d782-1b5f-4432-b1ec-2aa55ce2daac req-85a88d34-7219-4180-8c03-f2c21d03a812 4a74b8b0fd5548b4b772c0d3fdc7ca7e 60ebc48fb9004c21ba869cbb18ebf9a3 - - 913e957380f04e9ea3dc4b71a8ff958a 913e957380f04e9ea3dc4b71a8ff958a] 199.204.45.78 "GET /v2.0/ports?network_id=3da1c7a9-55fe-4a7d-beea-05226b79ce2a&device_owner=network%3Adhcp HTTP/1.1" status: 200 len: 210 time: 0.0218737
2026-05-05 23:20:38.280 10 INFO neutron.wsgi [-] 10.0.0.104 "GET / HTTP/1.1" status: 200 len: 246 time: 0.0017240
2026-05-05 23:20:38.283 10 INFO neutron.wsgi [-] 10.0.0.104 "GET / HTTP/1.1" status: 200 len: 246 time: 0.0017617
2026-05-05 23:20:38.293 10 INFO neutron.wsgi [req-8570d782-1b5f-4432-b1ec-2aa55ce2daac req-e5939e4c-b509-4731-ae9c-d44568e8356e 4a74b8b0fd5548b4b772c0d3fdc7ca7e 60ebc48fb9004c21ba869cbb18ebf9a3 - - 913e957380f04e9ea3dc4b71a8ff958a 913e957380f04e9ea3dc4b71a8ff958a] 199.204.45.78 "GET /v2.0/networks/3da1c7a9-55fe-4a7d-beea-05226b79ce2a?fields=segments HTTP/1.1" status: 200 len: 212 time: 0.0607915
2026-05-05 23:20:38.353 10 INFO neutron.wsgi [req-8570d782-1b5f-4432-b1ec-2aa55ce2daac req-f6187c0e-162b-4523-b136-a52cf619da31 4a74b8b0fd5548b4b772c0d3fdc7ca7e 60ebc48fb9004c21ba869cbb18ebf9a3 - - 913e957380f04e9ea3dc4b71a8ff958a 913e957380f04e9ea3dc4b71a8ff958a] 199.204.45.78 "GET /v2.0/networks/3da1c7a9-55fe-4a7d-beea-05226b79ce2a?fields=provider%3Aphysical_network&fields=provider%3Anetwork_type HTTP/1.1" status: 200 len: 277 time: 0.0550237
2026-05-05 23:20:38.458 9 WARNING neutron.scheduler.dhcp_agent_scheduler [None req-760222b6-eae6-4dad-9b39-54a8c133b2f2 a23178ac534145c0a97cebd6fc671cc5 20364e88c6f3456593930f8270d33b9a - - default default] No more DHCP agents
2026-05-05 23:20:38.460 9 WARNING neutron.api.rpc.agentnotifiers.dhcp_rpc_agent_api [None req-760222b6-eae6-4dad-9b39-54a8c133b2f2 a23178ac534145c0a97cebd6fc671cc5 20364e88c6f3456593930f8270d33b9a - - default default] Unable to schedule network 656ee6dc-8858-42c5-9686-5b4ecc7de3fb: no agents available; will retry on subsequent port and subnet creation events.
2026-05-05 23:20:38.520 9 INFO neutron.wsgi [req-b48de2d5-b452-4ae1-9100-ea8e6471d61e req-b0277df6-9ea6-4e09-aadc-89157d11f1c2 ded5776b03384b29b7ab1327fe26a058 573f3f331d4845f2989511a6b7a9bc56 - - default default] 10.0.0.153 "GET /v2.0/ports?device_id=afcf6efa-8423-4486-8fe8-5876e945eeae HTTP/1.1" status: 200 len: 1174 time: 0.0513668
2026-05-05 23:20:38.576 9 INFO neutron.wsgi [req-b48de2d5-b452-4ae1-9100-ea8e6471d61e req-da09b38a-3b43-4b95-a0d7-3ac70c702c16 ded5776b03384b29b7ab1327fe26a058 573f3f331d4845f2989511a6b7a9bc56 - - default default] 10.0.0.153 "GET /v2.0/security-groups?id=e5a19287-0cea-471b-b7d4-4db99c8938f8&fields=id&fields=name HTTP/1.1" status: 200 len: 313 time: 0.0471272
2026-05-05 23:20:38.696 9 INFO neutron.db.ovn_revision_numbers_db [None req-760222b6-eae6-4dad-9b39-54a8c133b2f2 a23178ac534145c0a97cebd6fc671cc5 20364e88c6f3456593930f8270d33b9a - - default default] Successfully bumped revision number for resource 1fcbac9d-bae6-4fe1-81bd-7d35350114a7 (type: ports) to 1
2026-05-05 23:20:38.797 9 INFO neutron.wsgi [req-9aac2f1c-a1e9-4364-be46-25cb0313e608 req-e9ea211f-60ed-42fb-a05a-b79a199b47fb a8bb97a0276e4a7da605a4fe498f4301 3704cd421a2a4eadbae530c9d0a70e4a - - default default] 10.0.0.153 "GET /v2.0/ports?device_id=d49c8f46-3a3c-47ff-9d98-a26cfda5b7c8 HTTP/1.1" status: 200 len: 1168 time: 0.0438876
2026-05-05 23:20:38.842 9 INFO neutron.wsgi [req-9aac2f1c-a1e9-4364-be46-25cb0313e608 req-56ce6cbe-150c-4d2c-96d1-1d581e846dd7 a8bb97a0276e4a7da605a4fe498f4301 3704cd421a2a4eadbae530c9d0a70e4a - - default default] 10.0.0.153 "GET /v2.0/security-groups?id=b8e71051-4ae3-423b-b1aa-254414904852&fields=id&fields=name HTTP/1.1" status: 200 len: 313 time: 0.0341725
2026-05-05 23:20:39.045 10 INFO neutron.plugins.ml2.drivers.ovn.mech_driver.mech_driver [None req-5af66a4f-525a-41ec-9b3b-bec5e9ec5c38 - - - - - -] OVN reports status up for port: 1fcbac9d-bae6-4fe1-81bd-7d35350114a7
2026-05-05 23:20:39.053 10 INFO neutron.plugins.ml2.plugin [None req-5af66a4f-525a-41ec-9b3b-bec5e9ec5c38 - - - - - -] Attempt 1 to provision port 1fcbac9d-bae6-4fe1-81bd-7d35350114a7
2026-05-05 23:20:39.060 9 INFO neutron.db.ovn_revision_numbers_db [None req-760222b6-eae6-4dad-9b39-54a8c133b2f2 a23178ac534145c0a97cebd6fc671cc5 20364e88c6f3456593930f8270d33b9a - - default default] Successfully bumped revision number for resource 1fcbac9d-bae6-4fe1-81bd-7d35350114a7 (type: router_ports) to 1
2026-05-05 23:20:39.217 9 INFO neutron.db.ovn_revision_numbers_db [None req-760222b6-eae6-4dad-9b39-54a8c133b2f2 a23178ac534145c0a97cebd6fc671cc5 20364e88c6f3456593930f8270d33b9a - - default default] Successfully bumped revision number for resource 1fcbac9d-bae6-4fe1-81bd-7d35350114a7 (type: ports) to 1
2026-05-05 23:20:39.297 9 WARNING neutron.scheduler.dhcp_agent_scheduler [None req-760222b6-eae6-4dad-9b39-54a8c133b2f2 a23178ac534145c0a97cebd6fc671cc5 20364e88c6f3456593930f8270d33b9a - - default default] No more DHCP agents
2026-05-05 23:20:39.298 9 WARNING neutron.api.rpc.agentnotifiers.dhcp_rpc_agent_api [None req-760222b6-eae6-4dad-9b39-54a8c133b2f2 a23178ac534145c0a97cebd6fc671cc5 20364e88c6f3456593930f8270d33b9a - - default default] Unable to schedule network 656ee6dc-8858-42c5-9686-5b4ecc7de3fb: no agents available; will retry on subsequent port and subnet creation events.
2026-05-05 23:20:39.418 10 INFO neutron.db.ovn_revision_numbers_db [None req-5af66a4f-525a-41ec-9b3b-bec5e9ec5c38 - - - - - -] Successfully bumped revision number for resource 1fcbac9d-bae6-4fe1-81bd-7d35350114a7 (type: ports) to 2
2026-05-05 23:20:39.517 9 INFO neutron.db.ovn_revision_numbers_db [None req-760222b6-eae6-4dad-9b39-54a8c133b2f2 a23178ac534145c0a97cebd6fc671cc5 20364e88c6f3456593930f8270d33b9a - - default default] Successfully bumped revision number for resource 1fcbac9d-bae6-4fe1-81bd-7d35350114a7 (type: router_ports) to 2
2026-05-05 23:20:39.520 9 INFO neutron.wsgi [None req-760222b6-eae6-4dad-9b39-54a8c133b2f2 a23178ac534145c0a97cebd6fc671cc5 20364e88c6f3456593930f8270d33b9a - - default default] 10.0.0.175 "PUT /v2.0/routers/b0033319-a08d-4423-9593-cbd8ef4a113a/add_router_interface HTTP/1.1" status: 200 len: 503 time: 1.4681630
2026-05-05 23:20:39.541 10 INFO neutron.db.ovn_revision_numbers_db [None req-5af66a4f-525a-41ec-9b3b-bec5e9ec5c38 - - - - - -] Successfully bumped revision number for resource 1fcbac9d-bae6-4fe1-81bd-7d35350114a7 (type: router_ports) to 2
2026-05-05 23:20:39.641 10 INFO neutron.wsgi [None req-6b600d96-3f59-47e4-96b4-465943cfcef2 a23178ac534145c0a97cebd6fc671cc5 20364e88c6f3456593930f8270d33b9a - - default default] 10.0.0.175 "GET /v2.0/ports/1fcbac9d-bae6-4fe1-81bd-7d35350114a7 HTTP/1.1" status: 200 len: 1137 time: 0.1171739
2026-05-05 23:20:39.985 10 INFO neutron.notifiers.nova [-] Nova event matching ['req-f5bf6d5f-1880-4b22-93b4-8b2c6204373f'] response: {'name': 'network-changed', 'server_uuid': 'd49c8f46-3a3c-47ff-9d98-a26cfda5b7c8', 'tag': '4e48a9ad-9505-4b42-a847-ed563dcef564', 'status': 'completed', 'code': 200}
2026-05-05 23:20:40.026 9 INFO neutron.wsgi [req-21618195-98a1-45a8-8d5a-c910c1b5712d req-b6299830-877f-46f6-af6c-696a622fa138 a8bb97a0276e4a7da605a4fe498f4301 3704cd421a2a4eadbae530c9d0a70e4a - - default default] 10.0.0.153 "GET /v2.0/ports?device_id=d49c8f46-3a3c-47ff-9d98-a26cfda5b7c8 HTTP/1.1" status: 200 len: 1168 time: 0.1204271
2026-05-05 23:20:40.067 10 INFO neutron.wsgi [req-a9251dc1-35f4-4cc1-bcda-0194b05fa6dc req-6a2ba40c-1f75-45bb-8ea4-f57e3adb3e6e 4a74b8b0fd5548b4b772c0d3fdc7ca7e 60ebc48fb9004c21ba869cbb18ebf9a3 - - 913e957380f04e9ea3dc4b71a8ff958a 913e957380f04e9ea3dc4b71a8ff958a] 199.204.45.78 "GET /v2.0/ports?tenant_id=3704cd421a2a4eadbae530c9d0a70e4a&device_id=d49c8f46-3a3c-47ff-9d98-a26cfda5b7c8 HTTP/1.1" status: 200 len: 1407 time: 0.0599794
2026-05-05 23:20:40.081 9 INFO neutron.wsgi [req-21618195-98a1-45a8-8d5a-c910c1b5712d req-7d51a7a5-267f-4a7d-ae8a-6d053c1fe1b5 a8bb97a0276e4a7da605a4fe498f4301 3704cd421a2a4eadbae530c9d0a70e4a - - default default] 10.0.0.153 "GET /v2.0/security-groups?id=b8e71051-4ae3-423b-b1aa-254414904852&fields=id&fields=name HTTP/1.1" status: 200 len: 313 time: 0.0475824
2026-05-05 23:20:40.155 10 INFO neutron.wsgi [req-a9251dc1-35f4-4cc1-bcda-0194b05fa6dc req-84261ccb-cf89-476d-9fb9-f032c3795bc1 4a74b8b0fd5548b4b772c0d3fdc7ca7e 60ebc48fb9004c21ba869cbb18ebf9a3 - - 913e957380f04e9ea3dc4b71a8ff958a 913e957380f04e9ea3dc4b71a8ff958a] 199.204.45.78 "GET /v2.0/networks?id=3da1c7a9-55fe-4a7d-beea-05226b79ce2a HTTP/1.1" status: 200 len: 977 time: 0.0822279
2026-05-05 23:20:40.191 10 INFO neutron.wsgi [req-a9251dc1-35f4-4cc1-bcda-0194b05fa6dc req-1c0185d1-df26-49b7-82ac-e97ec3670faf 4a74b8b0fd5548b4b772c0d3fdc7ca7e 60ebc48fb9004c21ba869cbb18ebf9a3 - - 913e957380f04e9ea3dc4b71a8ff958a 913e957380f04e9ea3dc4b71a8ff958a] 199.204.45.78 "GET /v2.0/floatingips?fixed_ip_address=10.100.0.6&port_id=4e48a9ad-9505-4b42-a847-ed563dcef564 HTTP/1.1" status: 200 len: 217 time: 0.0220008
2026-05-05 23:20:40.239 10 INFO neutron.wsgi [req-a9251dc1-35f4-4cc1-bcda-0194b05fa6dc req-2f937423-a098-410c-8757-d97a844c0e45 4a74b8b0fd5548b4b772c0d3fdc7ca7e 60ebc48fb9004c21ba869cbb18ebf9a3 - - 913e957380f04e9ea3dc4b71a8ff958a 913e957380f04e9ea3dc4b71a8ff958a] 199.204.45.78 "GET /v2.0/subnets?id=a6404f99-bed3-41be-b295-0e02cc136fd2 HTTP/1.1" status: 200 len: 872 time: 0.0404806
2026-05-05 23:20:40.272 10 INFO neutron.wsgi [req-a9251dc1-35f4-4cc1-bcda-0194b05fa6dc req-1a76eb2b-9bec-4490-800f-2586ca2bc6eb 4a74b8b0fd5548b4b772c0d3fdc7ca7e 60ebc48fb9004c21ba869cbb18ebf9a3 - - 913e957380f04e9ea3dc4b71a8ff958a 913e957380f04e9ea3dc4b71a8ff958a] 199.204.45.78 "GET /v2.0/ports?network_id=3da1c7a9-55fe-4a7d-beea-05226b79ce2a&device_owner=network%3Adhcp HTTP/1.1" status: 200 len: 210 time: 0.0195277
2026-05-05 23:20:40.335 10 WARNING neutron.scheduler.dhcp_agent_scheduler [None req-78afc9e1-c1fb-4764-8c53-3116c53705e0 a23178ac534145c0a97cebd6fc671cc5 20364e88c6f3456593930f8270d33b9a - - default default] No more DHCP agents
2026-05-05 23:20:40.339 10 WARNING neutron.api.rpc.agentnotifiers.dhcp_rpc_agent_api [None req-78afc9e1-c1fb-4764-8c53-3116c53705e0 a23178ac534145c0a97cebd6fc671cc5 20364e88c6f3456593930f8270d33b9a - - default default] Unable to schedule network 551bd2b6-1ce7-446a-8d3a-3a8c2f3beeb5: no agents available; will retry on subsequent port and subnet creation events.
2026-05-05 23:20:40.364 10 INFO neutron.wsgi [req-a9251dc1-35f4-4cc1-bcda-0194b05fa6dc req-6b5aec50-9c3c-40b0-8bf1-59d81a68231c 4a74b8b0fd5548b4b772c0d3fdc7ca7e 60ebc48fb9004c21ba869cbb18ebf9a3 - - 913e957380f04e9ea3dc4b71a8ff958a 913e957380f04e9ea3dc4b71a8ff958a] 199.204.45.78 "GET /v2.0/networks/3da1c7a9-55fe-4a7d-beea-05226b79ce2a?fields=segments HTTP/1.1" status: 200 len: 212 time: 0.0848172
2026-05-05 23:20:40.442 10 INFO neutron.wsgi [req-a9251dc1-35f4-4cc1-bcda-0194b05fa6dc req-cc1b60e9-3fb3-4a16-a389-4d2c9053ee4c 4a74b8b0fd5548b4b772c0d3fdc7ca7e 60ebc48fb9004c21ba869cbb18ebf9a3 - - 913e957380f04e9ea3dc4b71a8ff958a 913e957380f04e9ea3dc4b71a8ff958a] 199.204.45.78 "GET /v2.0/networks/3da1c7a9-55fe-4a7d-beea-05226b79ce2a?fields=provider%3Aphysical_network&fields=provider%3Anetwork_type HTTP/1.1" status: 200 len: 277 time: 0.0688362
2026-05-05 23:20:40.534 10 INFO neutron.db.ovn_revision_numbers_db [None req-78afc9e1-c1fb-4764-8c53-3116c53705e0 a23178ac534145c0a97cebd6fc671cc5 20364e88c6f3456593930f8270d33b9a - - default default] Successfully bumped revision number for resource 68eab723-a3ac-4578-aff7-9304906510c1 (type: ports) to 1
2026-05-05 23:20:40.970 10 INFO neutron.db.ovn_revision_numbers_db [None req-78afc9e1-c1fb-4764-8c53-3116c53705e0 a23178ac534145c0a97cebd6fc671cc5 20364e88c6f3456593930f8270d33b9a - - default default] Successfully bumped revision number for resource 68eab723-a3ac-4578-aff7-9304906510c1 (type: router_ports) to 1
2026-05-05 23:20:41.137 10 INFO neutron.db.ovn_revision_numbers_db [None req-78afc9e1-c1fb-4764-8c53-3116c53705e0 a23178ac534145c0a97cebd6fc671cc5 20364e88c6f3456593930f8270d33b9a - - default default] Successfully bumped revision number for resource 68eab723-a3ac-4578-aff7-9304906510c1 (type: ports) to 1
2026-05-05 23:20:41.189 9 INFO neutron.wsgi [req-1b21f8a6-107d-4665-bb80-9afe622d55f1 req-78ef2bba-d691-4542-8403-3cdbf09e3f2d a8bb97a0276e4a7da605a4fe498f4301 3704cd421a2a4eadbae530c9d0a70e4a - - default default] 10.0.0.153 "GET /v2.0/ports?device_id=d49c8f46-3a3c-47ff-9d98-a26cfda5b7c8 HTTP/1.1" status: 200 len: 1168 time: 0.0424061
2026-05-05 23:20:41.210 10 WARNING neutron.scheduler.dhcp_agent_scheduler [None req-78afc9e1-c1fb-4764-8c53-3116c53705e0 a23178ac534145c0a97cebd6fc671cc5 20364e88c6f3456593930f8270d33b9a - - default default] No more DHCP agents
2026-05-05 23:20:41.212 10 WARNING neutron.api.rpc.agentnotifiers.dhcp_rpc_agent_api [None req-78afc9e1-c1fb-4764-8c53-3116c53705e0 a23178ac534145c0a97cebd6fc671cc5 20364e88c6f3456593930f8270d33b9a - - default default] Unable to schedule network 551bd2b6-1ce7-446a-8d3a-3a8c2f3beeb5: no agents available; will retry on subsequent port and subnet creation events.
2026-05-05 23:20:41.227 9 INFO neutron.wsgi [req-1b21f8a6-107d-4665-bb80-9afe622d55f1 req-bc06caf0-f5dc-4885-948d-539e7968c5fa a8bb97a0276e4a7da605a4fe498f4301 3704cd421a2a4eadbae530c9d0a70e4a - - default default] 10.0.0.153 "GET /v2.0/security-groups?id=b8e71051-4ae3-423b-b1aa-254414904852&fields=id&fields=name HTTP/1.1" status: 200 len: 313 time: 0.0314445
2026-05-05 23:20:41.364 10 INFO neutron.db.ovn_revision_numbers_db [None req-78afc9e1-c1fb-4764-8c53-3116c53705e0 a23178ac534145c0a97cebd6fc671cc5 20364e88c6f3456593930f8270d33b9a - - default default] Successfully bumped revision number for resource 68eab723-a3ac-4578-aff7-9304906510c1 (type: router_ports) to 1
2026-05-05 23:20:41.367 10 INFO neutron.wsgi [None req-78afc9e1-c1fb-4764-8c53-3116c53705e0 a23178ac534145c0a97cebd6fc671cc5 20364e88c6f3456593930f8270d33b9a - - default default] 10.0.0.175 "PUT /v2.0/routers/b0033319-a08d-4423-9593-cbd8ef4a113a/add_router_interface HTTP/1.1" status: 200 len: 503 time: 1.7224030
2026-05-05 23:20:41.448 10 INFO neutron.wsgi [None req-4420aba8-79c4-4746-bab9-8e898360cad2 a23178ac534145c0a97cebd6fc671cc5 20364e88c6f3456593930f8270d33b9a - - default default] 10.0.0.175 "GET /v2.0/ports/68eab723-a3ac-4578-aff7-9304906510c1 HTTP/1.1" status: 200 len: 1135 time: 0.0748639
2026-05-05 23:20:41.488 10 INFO neutron.wsgi [None req-10de2d26-c5f9-4906-a13c-14a31a921721 a23178ac534145c0a97cebd6fc671cc5 20364e88c6f3456593930f8270d33b9a - - default default] 10.0.0.175 "GET /v2.0/ports/68eab723-a3ac-4578-aff7-9304906510c1 HTTP/1.1" status: 200 len: 1135 time: 0.0348103
2026-05-05 23:20:42.327 9 INFO neutron.wsgi [req-7d84db38-43d4-48e0-91e1-a6f1146d063e req-4b6f7cd9-ea78-4800-a2ee-49460307b42a a8bb97a0276e4a7da605a4fe498f4301 3704cd421a2a4eadbae530c9d0a70e4a - - default default] 10.0.0.153 "GET /v2.0/ports?device_id=d49c8f46-3a3c-47ff-9d98-a26cfda5b7c8 HTTP/1.1" status: 200 len: 1168 time: 0.0387518
2026-05-05 23:20:42.364 9 INFO neutron.wsgi [req-7d84db38-43d4-48e0-91e1-a6f1146d063e req-de40683b-20e1-4dbe-ac61-51cec939bf42 a8bb97a0276e4a7da605a4fe498f4301 3704cd421a2a4eadbae530c9d0a70e4a - - default default] 10.0.0.153 "GET /v2.0/security-groups?id=b8e71051-4ae3-423b-b1aa-254414904852&fields=id&fields=name HTTP/1.1" status: 200 len: 313 time: 0.0337977
2026-05-05 23:20:42.555 9 INFO neutron.db.ovn_revision_numbers_db [None req-1c45ef33-e643-4d18-84a8-b83951f67d18 cc53ead19fd04f48b9de74174830d004 db474edd8c3f4bc483ef002a4b312d07 - - default default] Successfully bumped revision number for resource 1424516d-46eb-4371-a68f-77ca56284e92 (type: security_groups) to 1
