2026-05-05 23:21:10.534 9 INFO neutron.wsgi [None req-e1340e51-1a5c-4ef6-8e51-9d9a8119b231 c00bce4d8d394993bb3eeadc8efb1d5f f1071e5275804a1fac79839df0ec2fd2 - - default default] 10.0.0.175 "DELETE /v2.0/networks/f30fd0dd-60e9-4483-bfc3-31759f202d7f HTTP/1.1" status: 204 len: 168 time: 0.3993764
2026-05-05 23:21:10.920 10 INFO neutron.services.segments.plugin [-] Segment def051b2-c90d-441d-b13a-0616d3c7dbda resource provider aggregate not found
2026-05-05 23:21:10.925 10 INFO neutron.services.segments.plugin [-] Segment def051b2-c90d-441d-b13a-0616d3c7dbda resource provider aggregate not found
2026-05-05 23:21:10.941 10 INFO neutron.services.segments.plugin [-] Segment def051b2-c90d-441d-b13a-0616d3c7dbda resource provider not found; error: Placement Client Error (4xx): {"errors": [{"status": 404, "title": "Not Found", "detail": "The resource could not be found.\n\n No resource provider with uuid def051b2-c90d-441d-b13a-0616d3c7dbda found for delete ", "request_id": "req-e016e02d-85b9-49c2-8815-6fbe30ab7521"}]}
2026-05-05 23:21:10.945 10 INFO neutron.services.segments.plugin [-] Segment def051b2-c90d-441d-b13a-0616d3c7dbda resource provider not found; error: Placement Client Error (4xx): {"errors": [{"status": 404, "title": "Not Found", "detail": "The resource could not be found.\n\n No resource provider with uuid def051b2-c90d-441d-b13a-0616d3c7dbda found for delete ", "request_id": "req-e4bfd8dd-797d-49b2-a3c1-38ccdfc70189"}]}
2026-05-05 23:21:10.964 10 INFO neutron.wsgi [None req-e604b2bc-c4f0-49dc-863a-3da401aaca3d c00bce4d8d394993bb3eeadc8efb1d5f f1071e5275804a1fac79839df0ec2fd2 - - default default] 10.0.0.175 "DELETE /v2.0/networks/72cacd82-abc4-42fe-b665-638395c8cebb HTTP/1.1" status: 204 len: 168 time: 0.4195232
2026-05-05 23:21:11.080 9 INFO neutron.db.ovn_revision_numbers_db [None req-2295350e-e13f-48ec-99b7-5fc315be7a72 cc53ead19fd04f48b9de74174830d004 db474edd8c3f4bc483ef002a4b312d07 - - default default] Successfully bumped revision number for resource 542d0e61-9f78-4ef8-b3e1-81b03998e35b (type: security_groups) to 1
2026-05-05 23:21:11.105 9 INFO neutron.db.ovn_revision_numbers_db [None req-2295350e-e13f-48ec-99b7-5fc315be7a72 cc53ead19fd04f48b9de74174830d004 db474edd8c3f4bc483ef002a4b312d07 - - default default] Successfully bumped revision number for resource 0cbec159-5efe-42ed-8b7e-d01bcf0bed5c (type: security_group_rules) to 0
2026-05-05 23:21:11.140 9 INFO neutron.db.ovn_revision_numbers_db [None req-2295350e-e13f-48ec-99b7-5fc315be7a72 cc53ead19fd04f48b9de74174830d004 db474edd8c3f4bc483ef002a4b312d07 - - default default] Successfully bumped revision number for resource 170f5eae-4176-489e-9b83-115322b978be (type: security_group_rules) to 0
2026-05-05 23:21:11.170 9 INFO neutron.db.ovn_revision_numbers_db [None req-2295350e-e13f-48ec-99b7-5fc315be7a72 cc53ead19fd04f48b9de74174830d004 db474edd8c3f4bc483ef002a4b312d07 - - default default] Successfully bumped revision number for resource c12355cd-c635-4f97-8f23-af469cd1549f (type: security_group_rules) to 0
2026-05-05 23:21:11.189 9 INFO neutron.db.ovn_revision_numbers_db [None req-2295350e-e13f-48ec-99b7-5fc315be7a72 cc53ead19fd04f48b9de74174830d004 db474edd8c3f4bc483ef002a4b312d07 - - default default] Successfully bumped revision number for resource dbf630c4-12c8-4814-9136-81a16af5d043 (type: security_group_rules) to 0
2026-05-05 23:21:11.222 9 INFO neutron.wsgi [None req-2295350e-e13f-48ec-99b7-5fc315be7a72 cc53ead19fd04f48b9de74174830d004 db474edd8c3f4bc483ef002a4b312d07 - - default default] 10.0.0.175 "GET /v2.0/security-groups?tenant_id=2f41f8b0d3444a92a71f627ffcca254d&name=default HTTP/1.1" status: 200 len: 2996 time: 0.5354829
2026-05-05 23:21:11.323 9 INFO neutron.db.ovn_revision_numbers_db [None req-7961d4ff-39dd-48bd-86d2-a39932d7923a cc53ead19fd04f48b9de74174830d004 db474edd8c3f4bc483ef002a4b312d07 - - default default] Successfully bumped revision number for resource fae3f299-2448-476f-aec3-34bb9181d1ef (type: security_groups) to 1
2026-05-05 23:21:11.347 9 INFO neutron.db.ovn_revision_numbers_db [None req-7961d4ff-39dd-48bd-86d2-a39932d7923a cc53ead19fd04f48b9de74174830d004 db474edd8c3f4bc483ef002a4b312d07 - - default default] Successfully bumped revision number for resource 58554f58-a4ce-41e8-92cb-666187fd903b (type: security_group_rules) to 0
2026-05-05 23:21:11.369 9 INFO neutron.db.ovn_revision_numbers_db [None req-7961d4ff-39dd-48bd-86d2-a39932d7923a cc53ead19fd04f48b9de74174830d004 db474edd8c3f4bc483ef002a4b312d07 - - default default] Successfully bumped revision number for resource a326758c-19d2-48e8-92bb-b007482ee2cb (type: security_group_rules) to 0
2026-05-05 23:21:11.396 9 INFO neutron.db.ovn_revision_numbers_db [None req-7961d4ff-39dd-48bd-86d2-a39932d7923a cc53ead19fd04f48b9de74174830d004 db474edd8c3f4bc483ef002a4b312d07 - - default default] Successfully bumped revision number for resource b80ddd25-143f-4e54-a8f3-d2c0257cd929 (type: security_group_rules) to 0
2026-05-05 23:21:11.415 9 INFO neutron.db.ovn_revision_numbers_db [None req-7961d4ff-39dd-48bd-86d2-a39932d7923a cc53ead19fd04f48b9de74174830d004 db474edd8c3f4bc483ef002a4b312d07 - - default default] Successfully bumped revision number for resource bb30ae71-5d5e-48fc-8d84-7fa225984d4e (type: security_group_rules) to 0
2026-05-05 23:21:11.437 9 INFO neutron.wsgi [None req-9d56f2d1-e3b2-4e88-9085-5117650585d8 c00bce4d8d394993bb3eeadc8efb1d5f f1071e5275804a1fac79839df0ec2fd2 - - default default] 10.0.0.175 "DELETE /v2.0/networks/85bca8ce-8ff9-46d3-93d8-bc0c661df711 HTTP/1.1" status: 204 len: 168 time: 0.4670389
2026-05-05 23:21:11.444 9 INFO neutron.wsgi [None req-7961d4ff-39dd-48bd-86d2-a39932d7923a cc53ead19fd04f48b9de74174830d004 db474edd8c3f4bc483ef002a4b312d07 - - default default] 10.0.0.175 "GET /v2.0/security-groups?tenant_id=bebc347980774f4e8d6f40914491ae16&name=default HTTP/1.1" status: 200 len: 2996 time: 0.3850963
2026-05-05 23:21:11.500 10 INFO neutron.wsgi [None req-a264758c-bfc5-4427-a40d-adbf5daabab4 cc53ead19fd04f48b9de74174830d004 db474edd8c3f4bc483ef002a4b312d07 - - default default] 10.0.0.175 "DELETE /v2.0/security-groups/542d0e61-9f78-4ef8-b3e1-81b03998e35b HTTP/1.1" status: 204 len: 168 time: 0.2660255
2026-05-05 23:21:11.697 9 INFO neutron.db.ovn_revision_numbers_db [None req-ed38627e-2554-4a80-9998-f40b2412a8eb cc53ead19fd04f48b9de74174830d004 db474edd8c3f4bc483ef002a4b312d07 - - default default] Successfully bumped revision number for resource f207527a-7d49-4d1d-a6f8-e5a1cbba23ec (type: security_groups) to 1
2026-05-05 23:21:11.706 10 INFO neutron.wsgi [None req-e27e7453-1b70-41c1-8889-dfa03b2d6338 cc53ead19fd04f48b9de74174830d004 db474edd8c3f4bc483ef002a4b312d07 - - default default] 10.0.0.175 "DELETE /v2.0/security-groups/fae3f299-2448-476f-aec3-34bb9181d1ef HTTP/1.1" status: 204 len: 168 time: 0.2552855
2026-05-05 23:21:11.709 9 INFO neutron.db.ovn_revision_numbers_db [None req-ed38627e-2554-4a80-9998-f40b2412a8eb cc53ead19fd04f48b9de74174830d004 db474edd8c3f4bc483ef002a4b312d07 - - default default] Successfully bumped revision number for resource 1746bae7-01b7-491f-9569-787787081db2 (type: security_group_rules) to 0
2026-05-05 23:21:11.724 9 INFO neutron.db.ovn_revision_numbers_db [None req-ed38627e-2554-4a80-9998-f40b2412a8eb cc53ead19fd04f48b9de74174830d004 db474edd8c3f4bc483ef002a4b312d07 - - default default] Successfully bumped revision number for resource 1b22de57-deb6-4a6b-9a7b-a0d94560b9da (type: security_group_rules) to 0
2026-05-05 23:21:11.737 9 INFO neutron.db.ovn_revision_numbers_db [None req-ed38627e-2554-4a80-9998-f40b2412a8eb cc53ead19fd04f48b9de74174830d004 db474edd8c3f4bc483ef002a4b312d07 - - default default] Successfully bumped revision number for resource 93dca0ff-4876-4e20-a1ea-6474009cd1bc (type: security_group_rules) to 0
2026-05-05 23:21:11.751 9 INFO neutron.db.ovn_revision_numbers_db [None req-ed38627e-2554-4a80-9998-f40b2412a8eb cc53ead19fd04f48b9de74174830d004 db474edd8c3f4bc483ef002a4b312d07 - - default default] Successfully bumped revision number for resource dac82939-8b5d-4aeb-be24-70d563a4f547 (type: security_group_rules) to 0
2026-05-05 23:21:11.774 9 INFO neutron.wsgi [None req-ed38627e-2554-4a80-9998-f40b2412a8eb cc53ead19fd04f48b9de74174830d004 db474edd8c3f4bc483ef002a4b312d07 - - default default] 10.0.0.175 "GET /v2.0/security-groups?tenant_id=b617c1bb46d34005b4d0a96ab51c0dba&name=default HTTP/1.1" status: 200 len: 2996 time: 0.2771428
2026-05-05 23:21:11.825 10 INFO neutron.wsgi [None req-d8cc5a81-3224-4996-b5ea-9c2d24d1d56a c00bce4d8d394993bb3eeadc8efb1d5f f1071e5275804a1fac79839df0ec2fd2 - - default default] 10.0.0.175 "DELETE /v2.0/networks/e5980f78-494a-4d23-bc2a-c6e9a7ca78ed HTTP/1.1" status: 204 len: 168 time: 0.3808725
2026-05-05 23:21:11.962 9 INFO neutron.wsgi [None req-41dff480-f589-4f03-b441-2cc165b6ee31 cc53ead19fd04f48b9de74174830d004 db474edd8c3f4bc483ef002a4b312d07 - - default default] 10.0.0.175 "DELETE /v2.0/security-groups/f207527a-7d49-4d1d-a6f8-e5a1cbba23ec HTTP/1.1" status: 204 len: 168 time: 0.1831794
2026-05-05 23:21:12.177 10 INFO neutron.db.ovn_revision_numbers_db [None req-44616537-60e5-4944-a81c-59471c7c66a0 cc53ead19fd04f48b9de74174830d004 db474edd8c3f4bc483ef002a4b312d07 - - default default] Successfully bumped revision number for resource 8314560c-a02a-48dd-8cd6-a004ef1dd682 (type: security_groups) to 1
2026-05-05 23:21:12.191 10 INFO neutron.db.ovn_revision_numbers_db [None req-44616537-60e5-4944-a81c-59471c7c66a0 cc53ead19fd04f48b9de74174830d004 db474edd8c3f4bc483ef002a4b312d07 - - default default] Successfully bumped revision number for resource 0300c697-2cb7-46d2-8d85-e53dbfc3981a (type: security_group_rules) to 0
2026-05-05 23:21:12.205 10 INFO neutron.db.ovn_revision_numbers_db [None req-44616537-60e5-4944-a81c-59471c7c66a0 cc53ead19fd04f48b9de74174830d004 db474edd8c3f4bc483ef002a4b312d07 - - default default] Successfully bumped revision number for resource 91382f14-d17c-48b4-95e8-065db22e69d1 (type: security_group_rules) to 0
2026-05-05 23:21:12.220 10 INFO neutron.db.ovn_revision_numbers_db [None req-44616537-60e5-4944-a81c-59471c7c66a0 cc53ead19fd04f48b9de74174830d004 db474edd8c3f4bc483ef002a4b312d07 - - default default] Successfully bumped revision number for resource e2aed236-a0e3-4e60-a44f-5fd609ca70c9 (type: security_group_rules) to 0
2026-05-05 23:21:12.236 10 INFO neutron.db.ovn_revision_numbers_db [None req-44616537-60e5-4944-a81c-59471c7c66a0 cc53ead19fd04f48b9de74174830d004 db474edd8c3f4bc483ef002a4b312d07 - - default default] Successfully bumped revision number for resource e4b65a65-f435-47f1-8955-7f2d0b37e04d (type: security_group_rules) to 0
2026-05-05 23:21:12.262 10 INFO neutron.wsgi [None req-44616537-60e5-4944-a81c-59471c7c66a0 cc53ead19fd04f48b9de74174830d004 db474edd8c3f4bc483ef002a4b312d07 - - default default] 10.0.0.175 "GET /v2.0/security-groups?tenant_id=094c8a5846f44135bc54d8802d97d16f&name=default HTTP/1.1" status: 200 len: 2996 time: 0.1910884
2026-05-05 23:21:12.481 10 INFO neutron.wsgi [None req-f0db9240-8b7c-47ea-88d7-49af70ebfce1 cc53ead19fd04f48b9de74174830d004 db474edd8c3f4bc483ef002a4b312d07 - - default default] 10.0.0.175 "DELETE /v2.0/security-groups/8314560c-a02a-48dd-8cd6-a004ef1dd682 HTTP/1.1" status: 204 len: 168 time: 0.2151060
2026-05-05 23:21:12.484 10 INFO neutron.wsgi [None req-50918a43-950c-4e1f-be43-2c6b6826c667 cc53ead19fd04f48b9de74174830d004 db474edd8c3f4bc483ef002a4b312d07 - - default default] 10.0.0.175 "GET /v2.0/security-groups?tenant_id=f1071e5275804a1fac79839df0ec2fd2&name=default HTTP/1.1" status: 200 len: 2996 time: 0.1945689
2026-05-05 23:21:12.516 9 INFO neutron.services.segments.plugin [-] Segment e41486cb-161a-41ab-b391-975c80424f5d resource provider aggregate not found
2026-05-05 23:21:12.527 9 INFO neutron.services.segments.plugin [-] Segment e41486cb-161a-41ab-b391-975c80424f5d resource provider not found; error: Placement Client Error (4xx): {"errors": [{"status": 404, "title": "Not Found", "detail": "The resource could not be found.\n\n No resource provider with uuid e41486cb-161a-41ab-b391-975c80424f5d found for delete ", "request_id": "req-23a4da19-63ab-410e-b8e8-c6b4ea82cd75"}]}
2026-05-05 23:21:12.529 9 INFO neutron.services.segments.plugin [-] Segment e41486cb-161a-41ab-b391-975c80424f5d resource provider aggregate not found
2026-05-05 23:21:12.545 9 INFO neutron.services.segments.plugin [-] Segment e41486cb-161a-41ab-b391-975c80424f5d resource provider not found; error: Placement Client Error (4xx): {"errors": [{"status": 404, "title": "Not Found", "detail": "The resource could not be found.\n\n No resource provider with uuid e41486cb-161a-41ab-b391-975c80424f5d found for delete ", "request_id": "req-e485eaad-bcea-44cb-9289-8b83210ee616"}]}
2026-05-05 23:21:12.703 10 INFO neutron.wsgi [None req-592102ef-44e9-4205-89b3-bb7af65c9c1d cc53ead19fd04f48b9de74174830d004 db474edd8c3f4bc483ef002a4b312d07 - - default default] 10.0.0.175 "DELETE /v2.0/security-groups/6b77019d-ad60-468f-be23-81b3ee42c4c7 HTTP/1.1" status: 204 len: 168 time: 0.2156143
2026-05-05 23:21:12.962 10 INFO neutron.services.segments.plugin [-] Segment 77b443bd-c014-487e-b809-332d5a68c0c9 resource provider aggregate not found
2026-05-05 23:21:12.967 10 INFO neutron.services.segments.plugin [-] Segment 77b443bd-c014-487e-b809-332d5a68c0c9 resource provider aggregate not found
2026-05-05 23:21:12.977 10 INFO neutron.services.segments.plugin [-] Segment 77b443bd-c014-487e-b809-332d5a68c0c9 resource provider not found; error: Placement Client Error (4xx): {"errors": [{"status": 404, "title": "Not Found", "detail": "The resource could not be found.\n\n No resource provider with uuid 77b443bd-c014-487e-b809-332d5a68c0c9 found for delete ", "request_id": "req-3ebff0e5-df9a-43b5-8977-47216e833413"}]}
2026-05-05 23:21:12.981 10 INFO neutron.services.segments.plugin [-] Segment 77b443bd-c014-487e-b809-332d5a68c0c9 resource provider not found; error: Placement Client Error (4xx): {"errors": [{"status": 404, "title": "Not Found", "detail": "The resource could not be found.\n\n No resource provider with uuid 77b443bd-c014-487e-b809-332d5a68c0c9 found for delete ", "request_id": "req-de5ee9ba-e61e-4bd7-9b44-6084d006892e"}]}
2026-05-05 23:21:13.483 9 WARNING neutron_lib.context [None req-6ccb475d-d0ff-400e-89a0-d04099a14e85 72a8d9fed0474388a6cd05bf5e88c5fd fe5afad266ec433d879f195bb89ca3c5 - - default default] Method 'is_advsvc' is deprecated since 2023.2 release (neutron-lib 3.8.0) and will be removed once support for the old RBAC API policies will be removed from Neutron. Please use method 'is_service_role' instead.
2026-05-05 23:21:13.484 9 WARNING neutron_lib.context [None req-6ccb475d-d0ff-400e-89a0-d04099a14e85 72a8d9fed0474388a6cd05bf5e88c5fd fe5afad266ec433d879f195bb89ca3c5 - - default default] Method 'is_advsvc' is deprecated since 2023.2 release (neutron-lib 3.8.0) and will be removed once support for the old RBAC API policies will be removed from Neutron. Please use method 'is_service_role' instead.
2026-05-05 23:21:13.520 10 WARNING neutron_lib.context [None req-9d49c9ab-927f-4c42-90bb-bb33d86cb95c 62a83c49b2204a36b77c858882281080 cfebd505029b4c4b9e1a5e921e60aa71 - - default default] Method 'is_advsvc' is deprecated since 2023.2 release (neutron-lib 3.8.0) and will be removed once support for the old RBAC API policies will be removed from Neutron. Please use method 'is_service_role' instead.
2026-05-05 23:21:13.604 9 INFO neutron.db.ovn_revision_numbers_db [None req-6ccb475d-d0ff-400e-89a0-d04099a14e85 72a8d9fed0474388a6cd05bf5e88c5fd fe5afad266ec433d879f195bb89ca3c5 - - default default] Successfully bumped revision number for resource bfa888e5-95bb-4673-b37d-c6d07b781848 (type: security_groups) to 1
2026-05-05 23:21:13.618 9 INFO neutron.db.ovn_revision_numbers_db [None req-6ccb475d-d0ff-400e-89a0-d04099a14e85 72a8d9fed0474388a6cd05bf5e88c5fd fe5afad266ec433d879f195bb89ca3c5 - - default default] Successfully bumped revision number for resource 001a6715-37c3-4912-ada6-d0ff1439d0a6 (type: security_group_rules) to 0
2026-05-05 23:21:13.631 9 INFO neutron.db.ovn_revision_numbers_db [None req-6ccb475d-d0ff-400e-89a0-d04099a14e85 72a8d9fed0474388a6cd05bf5e88c5fd fe5afad266ec433d879f195bb89ca3c5 - - default default] Successfully bumped revision number for resource 08c675c1-a603-4282-b3b1-63bcfa67fdb2 (type: security_group_rules) to 0
2026-05-05 23:21:13.647 9 INFO neutron.db.ovn_revision_numbers_db [None req-6ccb475d-d0ff-400e-89a0-d04099a14e85 72a8d9fed0474388a6cd05bf5e88c5fd fe5afad266ec433d879f195bb89ca3c5 - - default default] Successfully bumped revision number for resource 4114aaa1-d87b-4ef0-aedb-2d38b5c22d20 (type: security_group_rules) to 0
2026-05-05 23:21:13.661 9 INFO neutron.db.ovn_revision_numbers_db [None req-6ccb475d-d0ff-400e-89a0-d04099a14e85 72a8d9fed0474388a6cd05bf5e88c5fd fe5afad266ec433d879f195bb89ca3c5 - - default default] Successfully bumped revision number for resource c65d017d-cb8c-44f2-96a8-c7f0ed8c0dd3 (type: security_group_rules) to 0
2026-05-05 23:21:13.734 9 INFO neutron.db.segments_db [None req-6ccb475d-d0ff-400e-89a0-d04099a14e85 72a8d9fed0474388a6cd05bf5e88c5fd fe5afad266ec433d879f195bb89ca3c5 - - default default] Added segment 3fe72b0b-aebf-48bb-a905-1173cbf11713 of type geneve for network f51d0cc8-f6b8-4762-940b-ca111754324c
2026-05-05 23:21:13.848 9 INFO neutron.db.segments_db [None req-6ccb475d-d0ff-400e-89a0-d04099a14e85 72a8d9fed0474388a6cd05bf5e88c5fd fe5afad266ec433d879f195bb89ca3c5 - - default default] Added segment 8115570a-6f8d-4544-88fe-40ecfaf13c05 of type geneve for network d8ccd1ad-739b-4be3-9d98-b9f52c467f37
2026-05-05 23:21:13.889 10 INFO neutron.db.ovn_revision_numbers_db [None req-9d49c9ab-927f-4c42-90bb-bb33d86cb95c 62a83c49b2204a36b77c858882281080 cfebd505029b4c4b9e1a5e921e60aa71 - - default default] Successfully bumped revision number for resource 4eb3b544-f9ed-4a83-8bf8-3f27343b8648 (type: security_groups) to 1
2026-05-05 23:21:13.916 10 INFO neutron.db.ovn_revision_numbers_db [None req-9d49c9ab-927f-4c42-90bb-bb33d86cb95c 62a83c49b2204a36b77c858882281080 cfebd505029b4c4b9e1a5e921e60aa71 - - default default] Successfully bumped revision number for resource 63ab601a-58f0-459f-8286-ad0ee0f6a8c1 (type: security_group_rules) to 0
2026-05-05 23:21:13.932 10 INFO neutron.db.ovn_revision_numbers_db [None req-9d49c9ab-927f-4c42-90bb-bb33d86cb95c 62a83c49b2204a36b77c858882281080 cfebd505029b4c4b9e1a5e921e60aa71 - - default default] Successfully bumped revision number for resource 6f708f55-be14-4892-bda0-c2f707ef8d1e (type: security_group_rules) to 0
2026-05-05 23:21:13.963 10 INFO neutron.db.ovn_revision_numbers_db [None req-9d49c9ab-927f-4c42-90bb-bb33d86cb95c 62a83c49b2204a36b77c858882281080 cfebd505029b4c4b9e1a5e921e60aa71 - - default default] Successfully bumped revision number for resource eaab7258-96df-49dd-9cab-f873f226fd7f (type: security_group_rules) to 0
2026-05-05 23:21:13.979 10 INFO neutron.db.ovn_revision_numbers_db [None req-9d49c9ab-927f-4c42-90bb-bb33d86cb95c 62a83c49b2204a36b77c858882281080 cfebd505029b4c4b9e1a5e921e60aa71 - - default default] Successfully bumped revision number for resource fad4bfee-f894-401c-ae4a-b9e2da334633 (type: security_group_rules) to 0
2026-05-05 23:21:13.984 9 INFO neutron.db.ovn_revision_numbers_db [None req-6ccb475d-d0ff-400e-89a0-d04099a14e85 72a8d9fed0474388a6cd05bf5e88c5fd fe5afad266ec433d879f195bb89ca3c5 - - default default] Successfully bumped revision number for resource f51d0cc8-f6b8-4762-940b-ca111754324c (type: networks) to 1
2026-05-05 23:21:14.037 10 INFO neutron.db.segments_db [None req-9d49c9ab-927f-4c42-90bb-bb33d86cb95c 62a83c49b2204a36b77c858882281080 cfebd505029b4c4b9e1a5e921e60aa71 - - default default] Added segment 0f8024d7-8a59-4feb-9489-45f779a60b66 of type geneve for network 6f0699ea-72f0-402a-9c93-285847a3b6c6
2026-05-05 23:21:14.156 9 WARNING neutron.scheduler.dhcp_agent_scheduler [None req-6ccb475d-d0ff-400e-89a0-d04099a14e85 72a8d9fed0474388a6cd05bf5e88c5fd fe5afad266ec433d879f195bb89ca3c5 - - default default] No more DHCP agents
2026-05-05 23:21:14.157 9 WARNING neutron.api.rpc.agentnotifiers.dhcp_rpc_agent_api [None req-6ccb475d-d0ff-400e-89a0-d04099a14e85 72a8d9fed0474388a6cd05bf5e88c5fd fe5afad266ec433d879f195bb89ca3c5 - - default default] Unable to schedule network f51d0cc8-f6b8-4762-940b-ca111754324c: no agents available; will retry on subsequent port and subnet creation events.
2026-05-05 23:21:14.175 10 INFO neutron.db.ovn_revision_numbers_db [None req-9d49c9ab-927f-4c42-90bb-bb33d86cb95c 62a83c49b2204a36b77c858882281080 cfebd505029b4c4b9e1a5e921e60aa71 - - default default] Successfully bumped revision number for resource 6f0699ea-72f0-402a-9c93-285847a3b6c6 (type: networks) to 1
2026-05-05 23:21:14.254 9 INFO neutron.db.ovn_revision_numbers_db [None req-6ccb475d-d0ff-400e-89a0-d04099a14e85 72a8d9fed0474388a6cd05bf5e88c5fd fe5afad266ec433d879f195bb89ca3c5 - - default default] Successfully bumped revision number for resource a7918fd6-2076-40f4-96fc-1fd8f6b33cc5 (type: ports) to 1
2026-05-05 23:21:14.365 9 INFO neutron.db.ovn_revision_numbers_db [None req-6ccb475d-d0ff-400e-89a0-d04099a14e85 72a8d9fed0474388a6cd05bf5e88c5fd fe5afad266ec433d879f195bb89ca3c5 - - default default] Successfully bumped revision number for resource d8ccd1ad-739b-4be3-9d98-b9f52c467f37 (type: networks) to 1
2026-05-05 23:21:14.392 10 WARNING neutron.scheduler.dhcp_agent_scheduler [None req-9d49c9ab-927f-4c42-90bb-bb33d86cb95c 62a83c49b2204a36b77c858882281080 cfebd505029b4c4b9e1a5e921e60aa71 - - default default] No more DHCP agents
2026-05-05 23:21:14.395 10 WARNING neutron.api.rpc.agentnotifiers.dhcp_rpc_agent_api [None req-9d49c9ab-927f-4c42-90bb-bb33d86cb95c 62a83c49b2204a36b77c858882281080 cfebd505029b4c4b9e1a5e921e60aa71 - - default default] Unable to schedule network 6f0699ea-72f0-402a-9c93-285847a3b6c6: no agents available; will retry on subsequent port and subnet creation events.
2026-05-05 23:21:14.449 9 INFO neutron.db.ovn_revision_numbers_db [None req-d4b41c75-2080-4407-8d24-7b7050b558ca cc53ead19fd04f48b9de74174830d004 db474edd8c3f4bc483ef002a4b312d07 - - default default] Successfully bumped revision number for resource a589cd98-a11c-4bb0-9120-605f96da0c02 (type: security_groups) to 1
2026-05-05 23:21:14.491 10 INFO neutron.db.ovn_revision_numbers_db [None req-9d49c9ab-927f-4c42-90bb-bb33d86cb95c 62a83c49b2204a36b77c858882281080 cfebd505029b4c4b9e1a5e921e60aa71 - - default default] Successfully bumped revision number for resource 3ce2b0f8-7ae9-4591-9d48-2f4ac1eca5ca (type: ports) to 1
2026-05-05 23:21:14.499 9 INFO neutron.db.ovn_revision_numbers_db [None req-d4b41c75-2080-4407-8d24-7b7050b558ca cc53ead19fd04f48b9de74174830d004 db474edd8c3f4bc483ef002a4b312d07 - - default default] Successfully bumped revision number for resource 0e0a06ba-f271-4b59-b167-e0523244ee7e (type: security_group_rules) to 0
2026-05-05 23:21:14.516 10 INFO neutron.wsgi [None req-9d49c9ab-927f-4c42-90bb-bb33d86cb95c 62a83c49b2204a36b77c858882281080 cfebd505029b4c4b9e1a5e921e60aa71 - - default default] 10.0.0.175 "POST /v2.0/networks HTTP/1.1" status: 201 len: 849 time: 1.0567021
2026-05-05 23:21:14.526 10 WARNING neutron_lib.context [None req-b2ab2ce0-bb13-4d21-96a7-b2de34563712 62a83c49b2204a36b77c858882281080 cfebd505029b4c4b9e1a5e921e60aa71 - - default default] Method 'is_advsvc' is deprecated since 2023.2 release (neutron-lib 3.8.0) and will be removed once support for the old RBAC API policies will be removed from Neutron. Please use method 'is_service_role' instead.
2026-05-05 23:21:14.530 9 INFO neutron.db.ovn_revision_numbers_db [None req-d4b41c75-2080-4407-8d24-7b7050b558ca cc53ead19fd04f48b9de74174830d004 db474edd8c3f4bc483ef002a4b312d07 - - default default] Successfully bumped revision number for resource 4f4ac755-d7ed-404e-864d-95b5171eb877 (type: security_group_rules) to 0
2026-05-05 23:21:14.551 9 INFO neutron.db.ovn_revision_numbers_db [None req-d4b41c75-2080-4407-8d24-7b7050b558ca cc53ead19fd04f48b9de74174830d004 db474edd8c3f4bc483ef002a4b312d07 - - default default] Successfully bumped revision number for resource 9c80e209-6790-4b70-8450-55311e1ff562 (type: security_group_rules) to 0
2026-05-05 23:21:14.556 9 WARNING neutron_lib.context [None req-7cc1a370-cbcc-4e52-a14e-f3d5ab6fda3e 9c4898a76c6945d29f65d7b6c3c1c4fa c0de2976c20d453aa056a5e5bf09a73a - - default default] Method 'is_advsvc' is deprecated since 2023.2 release (neutron-lib 3.8.0) and will be removed once support for the old RBAC API policies will be removed from Neutron. Please use method 'is_service_role' instead.
2026-05-05 23:21:14.588 9 INFO neutron.db.ovn_revision_numbers_db [None req-d4b41c75-2080-4407-8d24-7b7050b558ca cc53ead19fd04f48b9de74174830d004 db474edd8c3f4bc483ef002a4b312d07 - - default default] Successfully bumped revision number for resource c250ba39-85d7-444f-bef1-6142056e7a14 (type: security_group_rules) to 0
2026-05-05 23:21:14.611 9 WARNING neutron.scheduler.dhcp_agent_scheduler [None req-6ccb475d-d0ff-400e-89a0-d04099a14e85 72a8d9fed0474388a6cd05bf5e88c5fd fe5afad266ec433d879f195bb89ca3c5 - - default default] No more DHCP agents
2026-05-05 23:21:14.618 9 WARNING neutron.api.rpc.agentnotifiers.dhcp_rpc_agent_api [None req-6ccb475d-d0ff-400e-89a0-d04099a14e85 72a8d9fed0474388a6cd05bf5e88c5fd fe5afad266ec433d879f195bb89ca3c5 - - default default] Unable to schedule network d8ccd1ad-739b-4be3-9d98-b9f52c467f37: no agents available; will retry on subsequent port and subnet creation events.
2026-05-05 23:21:14.660 9 INFO neutron.db.segments_db [None req-d4b41c75-2080-4407-8d24-7b7050b558ca cc53ead19fd04f48b9de74174830d004 db474edd8c3f4bc483ef002a4b312d07 - - default default] Added segment c5c479f5-2d0c-45cb-b1d8-cde30173a6ed of type geneve for network c8da8f25-cda8-4d7f-a6b5-ecb83b45b983
2026-05-05 23:21:14.763 10 WARNING neutron.scheduler.dhcp_agent_scheduler [None req-b2ab2ce0-bb13-4d21-96a7-b2de34563712 62a83c49b2204a36b77c858882281080 cfebd505029b4c4b9e1a5e921e60aa71 - - default default] No more DHCP agents
2026-05-05 23:21:14.766 10 WARNING neutron.api.rpc.agentnotifiers.dhcp_rpc_agent_api [None req-b2ab2ce0-bb13-4d21-96a7-b2de34563712 62a83c49b2204a36b77c858882281080 cfebd505029b4c4b9e1a5e921e60aa71 - - default default] Unable to schedule network 6f0699ea-72f0-402a-9c93-285847a3b6c6: no agents available; will retry on subsequent port and subnet creation events.
2026-05-05 23:21:14.782 9 INFO neutron.db.ovn_revision_numbers_db [None req-6ccb475d-d0ff-400e-89a0-d04099a14e85 72a8d9fed0474388a6cd05bf5e88c5fd fe5afad266ec433d879f195bb89ca3c5 - - default default] Successfully bumped revision number for resource 761f27fb-42a1-4d0c-9215-3190fbf8b1f7 (type: ports) to 1
2026-05-05 23:21:14.796 10 INFO neutron.db.ovn_revision_numbers_db [None req-b2ab2ce0-bb13-4d21-96a7-b2de34563712 62a83c49b2204a36b77c858882281080 cfebd505029b4c4b9e1a5e921e60aa71 - - default default] Successfully bumped revision number for resource 6057ff02-54ea-4afd-bffd-1a5237b1a68f (type: subnets) to 0
2026-05-05 23:21:14.812 10 INFO neutron.wsgi [None req-b2ab2ce0-bb13-4d21-96a7-b2de34563712 62a83c49b2204a36b77c858882281080 cfebd505029b4c4b9e1a5e921e60aa71 - - default default] 10.0.0.175 "POST /v2.0/subnets HTTP/1.1" status: 201 len: 802 time: 0.2906196
2026-05-05 23:21:14.821 9 INFO neutron.wsgi [None req-6ccb475d-d0ff-400e-89a0-d04099a14e85 72a8d9fed0474388a6cd05bf5e88c5fd fe5afad266ec433d879f195bb89ca3c5 - - default default] 10.0.0.175 "POST /v2.0/networks HTTP/1.1" status: 201 len: 1446 time: 1.5713713
2026-05-05 23:21:14.823 10 WARNING neutron_lib.context [None req-d547638d-c507-4d4a-875a-889882be3814 62a83c49b2204a36b77c858882281080 cfebd505029b4c4b9e1a5e921e60aa71 - - default default] Method 'is_advsvc' is deprecated since 2023.2 release (neutron-lib 3.8.0) and will be removed once support for the old RBAC API policies will be removed from Neutron. Please use method 'is_service_role' instead.
2026-05-05 23:21:14.948 9 INFO neutron.db.ovn_revision_numbers_db [None req-7cc1a370-cbcc-4e52-a14e-f3d5ab6fda3e 9c4898a76c6945d29f65d7b6c3c1c4fa c0de2976c20d453aa056a5e5bf09a73a - - default default] Successfully bumped revision number for resource f79ffd3d-6f77-4d5f-8135-c4acd77ae753 (type: security_groups) to 1
2026-05-05 23:21:14.949 9 INFO neutron.db.ovn_revision_numbers_db [None req-d4b41c75-2080-4407-8d24-7b7050b558ca cc53ead19fd04f48b9de74174830d004 db474edd8c3f4bc483ef002a4b312d07 - - default default] Successfully bumped revision number for resource c8da8f25-cda8-4d7f-a6b5-ecb83b45b983 (type: networks) to 1
2026-05-05 23:21:14.987 9 INFO neutron.wsgi [None req-d43b8848-2094-42e7-a519-76c282151307 72a8d9fed0474388a6cd05bf5e88c5fd fe5afad266ec433d879f195bb89ca3c5 - - default default] 10.0.0.175 "GET /v2.0/networks HTTP/1.1" status: 200 len: 2052 time: 0.1614540
2026-05-05 23:21:14.989 9 INFO neutron.db.ovn_revision_numbers_db [None req-7cc1a370-cbcc-4e52-a14e-f3d5ab6fda3e 9c4898a76c6945d29f65d7b6c3c1c4fa c0de2976c20d453aa056a5e5bf09a73a - - default default] Successfully bumped revision number for resource 19b764fd-d33a-42c0-bf0e-6a9e0555c281 (type: security_group_rules) to 0
2026-05-05 23:21:15.010 9 INFO neutron.db.ovn_revision_numbers_db [None req-7cc1a370-cbcc-4e52-a14e-f3d5ab6fda3e 9c4898a76c6945d29f65d7b6c3c1c4fa c0de2976c20d453aa056a5e5bf09a73a - - default default] Successfully bumped revision number for resource 3ba729bb-de34-4366-9408-eca7286cd05d (type: security_group_rules) to 0
2026-05-05 23:21:15.042 9 INFO neutron.db.ovn_revision_numbers_db [None req-7cc1a370-cbcc-4e52-a14e-f3d5ab6fda3e 9c4898a76c6945d29f65d7b6c3c1c4fa c0de2976c20d453aa056a5e5bf09a73a - - default default] Successfully bumped revision number for resource 6c6b8a71-8fc3-49d6-98fe-d5685635c9e7 (type: security_group_rules) to 0
2026-05-05 23:21:15.066 9 INFO neutron.db.ovn_revision_numbers_db [None req-7cc1a370-cbcc-4e52-a14e-f3d5ab6fda3e 9c4898a76c6945d29f65d7b6c3c1c4fa c0de2976c20d453aa056a5e5bf09a73a - - default default] Successfully bumped revision number for resource f9dc44a6-12e2-4e54-85cd-30e207a8d3a4 (type: security_group_rules) to 0
2026-05-05 23:21:15.129 9 INFO neutron.db.segments_db [None req-7cc1a370-cbcc-4e52-a14e-f3d5ab6fda3e 9c4898a76c6945d29f65d7b6c3c1c4fa c0de2976c20d453aa056a5e5bf09a73a - - default default] Added segment c5795c9f-fb69-4fbf-9d1e-340d7bbb2186 of type geneve for network d8d2e990-d4de-4ad5-a62d-f81953d74c7f
2026-05-05 23:21:15.172 9 WARNING neutron.scheduler.dhcp_agent_scheduler [None req-d4b41c75-2080-4407-8d24-7b7050b558ca cc53ead19fd04f48b9de74174830d004 db474edd8c3f4bc483ef002a4b312d07 - - default default] No more DHCP agents
2026-05-05 23:21:15.177 9 WARNING neutron.api.rpc.agentnotifiers.dhcp_rpc_agent_api [None req-d4b41c75-2080-4407-8d24-7b7050b558ca cc53ead19fd04f48b9de74174830d004 db474edd8c3f4bc483ef002a4b312d07 - - default default] Unable to schedule network c8da8f25-cda8-4d7f-a6b5-ecb83b45b983: no agents available; will retry on subsequent port and subnet creation events.
2026-05-05 23:21:15.312 9 INFO neutron.db.ovn_revision_numbers_db [None req-d4b41c75-2080-4407-8d24-7b7050b558ca cc53ead19fd04f48b9de74174830d004 db474edd8c3f4bc483ef002a4b312d07 - - default default] Successfully bumped revision number for resource d48efeca-cbbf-4bcc-8f85-916ba8377a7a (type: ports) to 1
2026-05-05 23:21:15.319 9 INFO neutron.db.ovn_revision_numbers_db [None req-7cc1a370-cbcc-4e52-a14e-f3d5ab6fda3e 9c4898a76c6945d29f65d7b6c3c1c4fa c0de2976c20d453aa056a5e5bf09a73a - - default default] Successfully bumped revision number for resource d8d2e990-d4de-4ad5-a62d-f81953d74c7f (type: networks) to 1
2026-05-05 23:21:15.341 9 INFO neutron.wsgi [None req-d4b41c75-2080-4407-8d24-7b7050b558ca cc53ead19fd04f48b9de74174830d004 db474edd8c3f4bc483ef002a4b312d07 - - default default] 10.0.0.175 "POST /v2.0/networks HTTP/1.1" status: 201 len: 941 time: 1.3398104
2026-05-05 23:21:15.432 10 WARNING neutron.scheduler.dhcp_agent_scheduler [None req-d547638d-c507-4d4a-875a-889882be3814 62a83c49b2204a36b77c858882281080 cfebd505029b4c4b9e1a5e921e60aa71 - - default default] No more DHCP agents
2026-05-05 23:21:15.441 10 WARNING neutron.api.rpc.agentnotifiers.dhcp_rpc_agent_api [None req-d547638d-c507-4d4a-875a-889882be3814 62a83c49b2204a36b77c858882281080 cfebd505029b4c4b9e1a5e921e60aa71 - - default default] Unable to schedule network 79b80596-acfa-42bc-aac5-ba7ed139b65c: no agents available; will retry on subsequent port and subnet creation events.
2026-05-05 23:21:15.493 9 WARNING neutron.scheduler.dhcp_agent_scheduler [None req-7cc1a370-cbcc-4e52-a14e-f3d5ab6fda3e 9c4898a76c6945d29f65d7b6c3c1c4fa c0de2976c20d453aa056a5e5bf09a73a - - default default] No more DHCP agents
2026-05-05 23:21:15.495 9 WARNING neutron.api.rpc.agentnotifiers.dhcp_rpc_agent_api [None req-7cc1a370-cbcc-4e52-a14e-f3d5ab6fda3e 9c4898a76c6945d29f65d7b6c3c1c4fa c0de2976c20d453aa056a5e5bf09a73a - - default default] Unable to schedule network d8d2e990-d4de-4ad5-a62d-f81953d74c7f: no agents available; will retry on subsequent port and subnet creation events.
2026-05-05 23:21:15.572 10 INFO neutron.services.segments.plugin [-] Segment 3fe72b0b-aebf-48bb-a905-1173cbf11713 resource provider aggregate not found
2026-05-05 23:21:15.578 10 INFO neutron.services.segments.plugin [-] Segment 3fe72b0b-aebf-48bb-a905-1173cbf11713 resource provider aggregate not found
2026-05-05 23:21:15.594 10 INFO neutron.services.segments.plugin [-] Segment 3fe72b0b-aebf-48bb-a905-1173cbf11713 resource provider not found; error: Placement Client Error (4xx): {"errors": [{"status": 404, "title": "Not Found", "detail": "The resource could not be found.\n\n No resource provider with uuid 3fe72b0b-aebf-48bb-a905-1173cbf11713 found for delete ", "request_id": "req-58ea01b6-9751-4b42-a2d4-9d0850e15ea1"}]}
2026-05-05 23:21:15.601 10 INFO neutron.services.segments.plugin [-] Segment 3fe72b0b-aebf-48bb-a905-1173cbf11713 resource provider not found; error: Placement Client Error (4xx): {"errors": [{"status": 404, "title": "Not Found", "detail": "The resource could not be found.\n\n No resource provider with uuid 3fe72b0b-aebf-48bb-a905-1173cbf11713 found for delete ", "request_id": "req-27e18886-7edd-49f0-9787-4be058926e77"}]}
2026-05-05 23:21:15.638 10 WARNING neutron.scheduler.dhcp_agent_scheduler [None req-67d5fb89-bcd1-48e0-847e-b9727d1688b8 cc53ead19fd04f48b9de74174830d004 db474edd8c3f4bc483ef002a4b312d07 - - default default] No more DHCP agents
2026-05-05 23:21:15.643 10 WARNING neutron.api.rpc.agentnotifiers.dhcp_rpc_agent_api [None req-67d5fb89-bcd1-48e0-847e-b9727d1688b8 cc53ead19fd04f48b9de74174830d004 db474edd8c3f4bc483ef002a4b312d07 - - default default] Unable to schedule network c8da8f25-cda8-4d7f-a6b5-ecb83b45b983: no agents available; will retry on subsequent port and subnet creation events.
2026-05-05 23:21:15.657 10 INFO neutron.wsgi [None req-c6c97e2b-a046-4c40-b841-8c98fd3adff4 72a8d9fed0474388a6cd05bf5e88c5fd fe5afad266ec433d879f195bb89ca3c5 - - default default] 10.0.0.175 "DELETE /v2.0/networks/f51d0cc8-f6b8-4762-940b-ca111754324c HTTP/1.1" status: 204 len: 168 time: 0.6625841
2026-05-05 23:21:15.750 10 INFO neutron.db.ovn_revision_numbers_db [None req-d547638d-c507-4d4a-875a-889882be3814 62a83c49b2204a36b77c858882281080 cfebd505029b4c4b9e1a5e921e60aa71 - - default default] Successfully bumped revision number for resource d639bc10-fb1c-48d2-bc15-7ecc0d61e793 (type: ports) to 1
2026-05-05 23:21:15.765 9 INFO neutron.db.ovn_revision_numbers_db [None req-7cc1a370-cbcc-4e52-a14e-f3d5ab6fda3e 9c4898a76c6945d29f65d7b6c3c1c4fa c0de2976c20d453aa056a5e5bf09a73a - - default default] Successfully bumped revision number for resource 7b811b67-59e1-47fa-b885-5d49b9ce0d6b (type: ports) to 1
2026-05-05 23:21:15.786 9 INFO neutron.wsgi [None req-7cc1a370-cbcc-4e52-a14e-f3d5ab6fda3e 9c4898a76c6945d29f65d7b6c3c1c4fa c0de2976c20d453aa056a5e5bf09a73a - - default default] 10.0.0.175 "POST /v2.0/networks HTTP/1.1" status: 201 len: 847 time: 1.3654518
2026-05-05 23:21:16.283 9 WARNING neutron_lib.context [None req-46a3666a-c80b-454a-b91f-251044953d80 9c4898a76c6945d29f65d7b6c3c1c4fa c0de2976c20d453aa056a5e5bf09a73a - - default default] Method 'is_advsvc' is deprecated since 2023.2 release (neutron-lib 3.8.0) and will be removed once support for the old RBAC API policies will be removed from Neutron. Please use method 'is_service_role' instead.
2026-05-05 23:21:16.545 9 WARNING neutron.scheduler.dhcp_agent_scheduler [None req-46a3666a-c80b-454a-b91f-251044953d80 9c4898a76c6945d29f65d7b6c3c1c4fa c0de2976c20d453aa056a5e5bf09a73a - - default default] No more DHCP agents
2026-05-05 23:21:16.547 9 WARNING neutron.api.rpc.agentnotifiers.dhcp_rpc_agent_api [None req-46a3666a-c80b-454a-b91f-251044953d80 9c4898a76c6945d29f65d7b6c3c1c4fa c0de2976c20d453aa056a5e5bf09a73a - - default default] Unable to schedule network d8d2e990-d4de-4ad5-a62d-f81953d74c7f: no agents available; will retry on subsequent port and subnet creation events.
2026-05-05 23:21:16.549 10 INFO neutron.wsgi [None req-c680dc0f-1d63-4f03-a47a-f932ee367a9c 72a8d9fed0474388a6cd05bf5e88c5fd fe5afad266ec433d879f195bb89ca3c5 - - default default] 10.0.0.175 "DELETE /v2.0/networks/d8ccd1ad-739b-4be3-9d98-b9f52c467f37 HTTP/1.1" status: 204 len: 168 time: 0.8826737
2026-05-05 23:21:16.601 9 INFO neutron.db.ovn_revision_numbers_db [None req-46a3666a-c80b-454a-b91f-251044953d80 9c4898a76c6945d29f65d7b6c3c1c4fa c0de2976c20d453aa056a5e5bf09a73a - - default default] Successfully bumped revision number for resource bce43fa6-d324-4cbb-9448-e004b3a58c63 (type: subnets) to 0
2026-05-05 23:21:16.619 9 INFO neutron.wsgi [None req-46a3666a-c80b-454a-b91f-251044953d80 9c4898a76c6945d29f65d7b6c3c1c4fa c0de2976c20d453aa056a5e5bf09a73a - - default default] 10.0.0.175 "POST /v2.0/subnets HTTP/1.1" status: 201 len: 848 time: 0.3400536
2026-05-05 23:21:16.630 9 WARNING neutron_lib.context [None req-8d8982a9-5dc4-4f6e-9678-f1a628529f10 9c4898a76c6945d29f65d7b6c3c1c4fa c0de2976c20d453aa056a5e5bf09a73a - - default default] Method 'is_advsvc' is deprecated since 2023.2 release (neutron-lib 3.8.0) and will be removed once support for the old RBAC API policies will be removed from Neutron. Please use method 'is_service_role' instead.
2026-05-05 23:21:16.636 9 INFO neutron.wsgi [None req-d82a750d-9298-4db5-9948-e6b354f77389 72a8d9fed0474388a6cd05bf5e88c5fd fe5afad266ec433d879f195bb89ca3c5 - - default default] 10.0.0.175 "GET /v2.0/networks HTTP/1.1" status: 200 len: 845 time: 0.0714607
2026-05-05 23:21:16.649 9 WARNING neutron_lib.context [None req-5ba94da5-27a3-4c5f-8dec-987506e5039e 72a8d9fed0474388a6cd05bf5e88c5fd fe5afad266ec433d879f195bb89ca3c5 - - default default] Method 'is_advsvc' is deprecated since 2023.2 release (neutron-lib 3.8.0) and will be removed once support for the old RBAC API policies will be removed from Neutron. Please use method 'is_service_role' instead.
2026-05-05 23:21:16.686 10 INFO neutron.db.ovn_revision_numbers_db [None req-67d5fb89-bcd1-48e0-847e-b9727d1688b8 cc53ead19fd04f48b9de74174830d004 db474edd8c3f4bc483ef002a4b312d07 - - default default] Successfully bumped revision number for resource d48efeca-cbbf-4bcc-8f85-916ba8377a7a (type: ports) to 2
2026-05-05 23:21:16.723 10 INFO neutron.db.ovn_revision_numbers_db [None req-67d5fb89-bcd1-48e0-847e-b9727d1688b8 cc53ead19fd04f48b9de74174830d004 db474edd8c3f4bc483ef002a4b312d07 - - default default] Successfully bumped revision number for resource 8ec7745b-6746-4b7d-a98a-02e68138e264 (type: subnets) to 0
2026-05-05 23:21:16.731 9 INFO neutron.db.segments_db [None req-5ba94da5-27a3-4c5f-8dec-987506e5039e 72a8d9fed0474388a6cd05bf5e88c5fd fe5afad266ec433d879f195bb89ca3c5 - - default default] Added segment d9b5d35c-c599-42f7-b397-26769ec27585 of type geneve for network 295b1da0-9f96-4959-9173-a5b81f3c2c89
2026-05-05 23:21:16.732 9 INFO neutron.db.segments_db [None req-8d8982a9-5dc4-4f6e-9678-f1a628529f10 9c4898a76c6945d29f65d7b6c3c1c4fa c0de2976c20d453aa056a5e5bf09a73a - - default default] Added segment d6be4e5d-6176-4e9d-90f8-271e2fd063c1 of type geneve for network 830f1139-0ea8-4e57-ad70-3335bc1beae9
2026-05-05 23:21:16.747 10 INFO neutron.wsgi [None req-67d5fb89-bcd1-48e0-847e-b9727d1688b8 cc53ead19fd04f48b9de74174830d004 db474edd8c3f4bc483ef002a4b312d07 - - default default] 10.0.0.175 "POST /v2.0/subnets HTTP/1.1" status: 201 len: 862 time: 1.3990438
2026-05-05 23:21:16.856 10 INFO neutron.plugins.ml2.drivers.ovn.mech_driver.mech_driver [None req-5af66a4f-525a-41ec-9b3b-bec5e9ec5c38 - - - - - -] OVN reports status up for port: d639bc10-fb1c-48d2-bc15-7ecc0d61e793
2026-05-05 23:21:16.884 10 INFO neutron.plugins.ml2.plugin [None req-5af66a4f-525a-41ec-9b3b-bec5e9ec5c38 - - - - - -] Attempt 1 to provision port d639bc10-fb1c-48d2-bc15-7ecc0d61e793
2026-05-05 23:21:16.926 10 INFO neutron.db.ovn_revision_numbers_db [None req-d547638d-c507-4d4a-875a-889882be3814 62a83c49b2204a36b77c858882281080 cfebd505029b4c4b9e1a5e921e60aa71 - - default default] Successfully bumped revision number for resource d639bc10-fb1c-48d2-bc15-7ecc0d61e793 (type: router_ports) to 1
2026-05-05 23:21:16.927 9 INFO neutron.db.ovn_revision_numbers_db [None req-5ba94da5-27a3-4c5f-8dec-987506e5039e 72a8d9fed0474388a6cd05bf5e88c5fd fe5afad266ec433d879f195bb89ca3c5 - - default default] Successfully bumped revision number for resource 295b1da0-9f96-4959-9173-a5b81f3c2c89 (type: networks) to 1
2026-05-05 23:21:16.936 9 INFO neutron.db.ovn_revision_numbers_db [None req-8d8982a9-5dc4-4f6e-9678-f1a628529f10 9c4898a76c6945d29f65d7b6c3c1c4fa c0de2976c20d453aa056a5e5bf09a73a - - default default] Successfully bumped revision number for resource 830f1139-0ea8-4e57-ad70-3335bc1beae9 (type: networks) to 1
2026-05-05 23:21:17.053 10 INFO neutron.db.ovn_revision_numbers_db [None req-d547638d-c507-4d4a-875a-889882be3814 62a83c49b2204a36b77c858882281080 cfebd505029b4c4b9e1a5e921e60aa71 - - default default] Successfully bumped revision number for resource f442ad44-a66b-440f-ba45-cc008ab6addc (type: routers) to 2
2026-05-05 23:21:17.071 10 INFO neutron.wsgi [None req-d547638d-c507-4d4a-875a-889882be3814 62a83c49b2204a36b77c858882281080 cfebd505029b4c4b9e1a5e921e60aa71 - - default default] 10.0.0.175 "POST /v2.0/routers HTTP/1.1" status: 201 len: 874 time: 2.2524488
2026-05-05 23:21:17.156 9 WARNING neutron.scheduler.dhcp_agent_scheduler [None req-5ba94da5-27a3-4c5f-8dec-987506e5039e 72a8d9fed0474388a6cd05bf5e88c5fd fe5afad266ec433d879f195bb89ca3c5 - - default default] No more DHCP agents
2026-05-05 23:21:17.161 9 WARNING neutron.api.rpc.agentnotifiers.dhcp_rpc_agent_api [None req-5ba94da5-27a3-4c5f-8dec-987506e5039e 72a8d9fed0474388a6cd05bf5e88c5fd fe5afad266ec433d879f195bb89ca3c5 - - default default] Unable to schedule network 295b1da0-9f96-4959-9173-a5b81f3c2c89: no agents available; will retry on subsequent port and subnet creation events.
2026-05-05 23:21:17.192 9 WARNING neutron.scheduler.dhcp_agent_scheduler [None req-8d8982a9-5dc4-4f6e-9678-f1a628529f10 9c4898a76c6945d29f65d7b6c3c1c4fa c0de2976c20d453aa056a5e5bf09a73a - - default default] No more DHCP agents
2026-05-05 23:21:17.200 9 WARNING neutron.api.rpc.agentnotifiers.dhcp_rpc_agent_api [None req-8d8982a9-5dc4-4f6e-9678-f1a628529f10 9c4898a76c6945d29f65d7b6c3c1c4fa c0de2976c20d453aa056a5e5bf09a73a - - default default] Unable to schedule network 830f1139-0ea8-4e57-ad70-3335bc1beae9: no agents available; will retry on subsequent port and subnet creation events.
2026-05-05 23:21:17.225 10 WARNING neutron.scheduler.dhcp_agent_scheduler [None req-ec250162-e7f3-4173-91b0-e871cc29eee7 cc53ead19fd04f48b9de74174830d004 db474edd8c3f4bc483ef002a4b312d07 - - default default] No more DHCP agents
2026-05-05 23:21:17.227 10 WARNING neutron.api.rpc.agentnotifiers.dhcp_rpc_agent_api [None req-ec250162-e7f3-4173-91b0-e871cc29eee7 cc53ead19fd04f48b9de74174830d004 db474edd8c3f4bc483ef002a4b312d07 - - default default] Unable to schedule network 79b80596-acfa-42bc-aac5-ba7ed139b65c: no agents available; will retry on subsequent port and subnet creation events.
2026-05-05 23:21:17.321 9 INFO neutron.db.ovn_revision_numbers_db [None req-5ba94da5-27a3-4c5f-8dec-987506e5039e 72a8d9fed0474388a6cd05bf5e88c5fd fe5afad266ec433d879f195bb89ca3c5 - - default default] Successfully bumped revision number for resource a44c9f67-d1b6-4ec2-b7be-1727503a76d6 (type: ports) to 1
2026-05-05 23:21:17.360 9 INFO neutron.wsgi [None req-5ba94da5-27a3-4c5f-8dec-987506e5039e 72a8d9fed0474388a6cd05bf5e88c5fd fe5afad266ec433d879f195bb89ca3c5 - - default default] 10.0.0.175 "POST /v2.0/networks HTTP/1.1" status: 201 len: 849 time: 0.7147722
2026-05-05 23:21:17.364 9 INFO neutron.db.ovn_revision_numbers_db [None req-8d8982a9-5dc4-4f6e-9678-f1a628529f10 9c4898a76c6945d29f65d7b6c3c1c4fa c0de2976c20d453aa056a5e5bf09a73a - - default default] Successfully bumped revision number for resource e2a93c9f-2428-4374-9f87-d4303f6358e4 (type: ports) to 1
2026-05-05 23:21:17.375 9 WARNING neutron_lib.context [None req-ef1766af-fe97-4b7e-ae86-cb04ee079810 72a8d9fed0474388a6cd05bf5e88c5fd fe5afad266ec433d879f195bb89ca3c5 - - default default] Method 'is_advsvc' is deprecated since 2023.2 release (neutron-lib 3.8.0) and will be removed once support for the old RBAC API policies will be removed from Neutron. Please use method 'is_service_role' instead.
2026-05-05 23:21:17.402 10 INFO neutron.db.ovn_revision_numbers_db [None req-ec250162-e7f3-4173-91b0-e871cc29eee7 cc53ead19fd04f48b9de74174830d004 db474edd8c3f4bc483ef002a4b312d07 - - default default] Successfully bumped revision number for resource 60ff7f0e-dd38-4b6a-9996-9d62f6ad009f (type: ports) to 1
2026-05-05 23:21:17.409 9 INFO neutron.wsgi [None req-8d8982a9-5dc4-4f6e-9678-f1a628529f10 9c4898a76c6945d29f65d7b6c3c1c4fa c0de2976c20d453aa056a5e5bf09a73a - - default default] 10.0.0.175 "POST /v2.0/networks HTTP/1.1" status: 201 len: 846 time: 0.7834704
2026-05-05 23:21:17.511 9 INFO neutron.db.segments_db [None req-ef1766af-fe97-4b7e-ae86-cb04ee079810 72a8d9fed0474388a6cd05bf5e88c5fd fe5afad266ec433d879f195bb89ca3c5 - - default default] Added segment f3d10e11-ef84-461d-b0f5-251b38e0a650 of type geneve for network 4083b561-7a39-4a43-bc31-e260c916c041
2026-05-05 23:21:17.614 10 INFO neutron.services.segments.plugin [-] Segment 8115570a-6f8d-4544-88fe-40ecfaf13c05 resource provider aggregate not found
2026-05-05 23:21:17.629 10 INFO neutron.services.segments.plugin [-] Segment 8115570a-6f8d-4544-88fe-40ecfaf13c05 resource provider not found; error: Placement Client Error (4xx): {"errors": [{"status": 404, "title": "Not Found", "detail": "The resource could not be found.\n\n No resource provider with uuid 8115570a-6f8d-4544-88fe-40ecfaf13c05 found for delete ", "request_id": "req-c4eb4eef-177f-4095-94c6-1c8248e6eae4"}]}
2026-05-05 23:21:17.633 10 INFO neutron.services.segments.plugin [-] Segment 8115570a-6f8d-4544-88fe-40ecfaf13c05 resource provider aggregate not found
2026-05-05 23:21:17.649 10 INFO neutron.services.segments.plugin [-] Segment 8115570a-6f8d-4544-88fe-40ecfaf13c05 resource provider not found; error: Placement Client Error (4xx): {"errors": [{"status": 404, "title": "Not Found", "detail": "The resource could not be found.\n\n No resource provider with uuid 8115570a-6f8d-4544-88fe-40ecfaf13c05 found for delete ", "request_id": "req-8cd6600f-4246-4ec7-b6fe-217087bf7591"}]}
2026-05-05 23:21:17.736 9 INFO neutron.db.ovn_revision_numbers_db [None req-206e8809-c61c-4f14-8c5e-f4b4041ae1c5 9c4898a76c6945d29f65d7b6c3c1c4fa c0de2976c20d453aa056a5e5bf09a73a - - default default] Successfully bumped revision number for resource 830f1139-0ea8-4e57-ad70-3335bc1beae9 (type: networks) to 2
2026-05-05 23:21:17.740 9 INFO neutron.wsgi [None req-206e8809-c61c-4f14-8c5e-f4b4041ae1c5 9c4898a76c6945d29f65d7b6c3c1c4fa c0de2976c20d453aa056a5e5bf09a73a - - default default] 10.0.0.175 "PUT /v2.0/networks/830f1139-0ea8-4e57-ad70-3335bc1beae9 HTTP/1.1" status: 200 len: 792 time: 0.3246219
2026-05-05 23:21:17.759 9 WARNING neutron_lib.context [None req-afd42a8d-238f-4cff-9152-39e507931681 9c4898a76c6945d29f65d7b6c3c1c4fa c0de2976c20d453aa056a5e5bf09a73a - - default default] Method 'is_advsvc' is deprecated since 2023.2 release (neutron-lib 3.8.0) and will be removed once support for the old RBAC API policies will be removed from Neutron. Please use method 'is_service_role' instead.
2026-05-05 23:21:17.790 9 INFO neutron.db.ovn_revision_numbers_db [None req-ef1766af-fe97-4b7e-ae86-cb04ee079810 72a8d9fed0474388a6cd05bf5e88c5fd fe5afad266ec433d879f195bb89ca3c5 - - default default] Successfully bumped revision number for resource 4083b561-7a39-4a43-bc31-e260c916c041 (type: networks) to 1
2026-05-05 23:21:18.213 9 WARNING neutron.scheduler.dhcp_agent_scheduler [None req-278eb443-1f6a-461b-8b31-8366265e26bc 62a83c49b2204a36b77c858882281080 cfebd505029b4c4b9e1a5e921e60aa71 - - default default] No more DHCP agents
2026-05-05 23:21:18.227 9 WARNING neutron.api.rpc.agentnotifiers.dhcp_rpc_agent_api [None req-278eb443-1f6a-461b-8b31-8366265e26bc 62a83c49b2204a36b77c858882281080 cfebd505029b4c4b9e1a5e921e60aa71 - - default default] Unable to schedule network 6f0699ea-72f0-402a-9c93-285847a3b6c6: no agents available; will retry on subsequent port and subnet creation events.
2026-05-05 23:21:18.248 10 INFO neutron.plugins.ml2.drivers.ovn.mech_driver.ovsdb.ovsdb_monitor [None req-acb46018-1f29-47bb-a280-44a544a035b4 - - - - - -] Router 37152037-fae5-4609-a93c-8b179d27dff5 is bound to host instance
2026-05-05 23:21:18.286 10 INFO neutron.db.ovn_revision_numbers_db [None req-ec250162-e7f3-4173-91b0-e871cc29eee7 cc53ead19fd04f48b9de74174830d004 db474edd8c3f4bc483ef002a4b312d07 - - default default] Successfully bumped revision number for resource 60ff7f0e-dd38-4b6a-9996-9d62f6ad009f (type: router_ports) to 1
2026-05-05 23:21:18.326 9 WARNING neutron.scheduler.dhcp_agent_scheduler [None req-ef1766af-fe97-4b7e-ae86-cb04ee079810 72a8d9fed0474388a6cd05bf5e88c5fd fe5afad266ec433d879f195bb89ca3c5 - - default default] No more DHCP agents
