2026-05-05 23:22:56.702 9 INFO neutron.wsgi [None req-628e968a-79c8-4a04-851c-097a34cdb20d cc53ead19fd04f48b9de74174830d004 db474edd8c3f4bc483ef002a4b312d07 - - default default] 10.0.0.175 "DELETE /v2.0/security-groups/391f6c72-729f-46e9-935c-fa5a306f8b85 HTTP/1.1" status: 204 len: 168 time: 0.2093580
2026-05-05 23:22:57.026 10 INFO neutron.db.ovn_revision_numbers_db [None req-8ba74a16-9b9a-476c-92ad-087e38b2ea80 cc53ead19fd04f48b9de74174830d004 db474edd8c3f4bc483ef002a4b312d07 - - default default] Successfully bumped revision number for resource 224bdacd-e615-492e-990b-1dc282afe92d (type: security_groups) to 1
2026-05-05 23:22:57.042 10 INFO neutron.db.ovn_revision_numbers_db [None req-8ba74a16-9b9a-476c-92ad-087e38b2ea80 cc53ead19fd04f48b9de74174830d004 db474edd8c3f4bc483ef002a4b312d07 - - default default] Successfully bumped revision number for resource 4e4ee552-3d2a-4cee-b7ba-a2dba3f01883 (type: security_group_rules) to 0
2026-05-05 23:22:57.054 10 INFO neutron.db.ovn_revision_numbers_db [None req-8ba74a16-9b9a-476c-92ad-087e38b2ea80 cc53ead19fd04f48b9de74174830d004 db474edd8c3f4bc483ef002a4b312d07 - - default default] Successfully bumped revision number for resource 9de171a9-a15d-4088-a0fc-d3a419835267 (type: security_group_rules) to 0
2026-05-05 23:22:57.069 10 INFO neutron.db.ovn_revision_numbers_db [None req-8ba74a16-9b9a-476c-92ad-087e38b2ea80 cc53ead19fd04f48b9de74174830d004 db474edd8c3f4bc483ef002a4b312d07 - - default default] Successfully bumped revision number for resource bd4940c6-5cab-403b-a9bf-c03d8f0888da (type: security_group_rules) to 0
2026-05-05 23:22:57.085 10 INFO neutron.db.ovn_revision_numbers_db [None req-8ba74a16-9b9a-476c-92ad-087e38b2ea80 cc53ead19fd04f48b9de74174830d004 db474edd8c3f4bc483ef002a4b312d07 - - default default] Successfully bumped revision number for resource d1899dfb-92de-4844-90a8-bf7653e45157 (type: security_group_rules) to 0
2026-05-05 23:22:57.113 10 INFO neutron.wsgi [None req-8ba74a16-9b9a-476c-92ad-087e38b2ea80 cc53ead19fd04f48b9de74174830d004 db474edd8c3f4bc483ef002a4b312d07 - - default default] 10.0.0.175 "GET /v2.0/security-groups?tenant_id=850e91b059d843a18a4116debc3c141f&name=default HTTP/1.1" status: 200 len: 2996 time: 0.2164497
2026-05-05 23:22:57.305 10 INFO neutron.wsgi [None req-8f18e2e4-752c-41e8-8d16-78272b0f8151 cc53ead19fd04f48b9de74174830d004 db474edd8c3f4bc483ef002a4b312d07 - - default default] 10.0.0.175 "DELETE /v2.0/security-groups/224bdacd-e615-492e-990b-1dc282afe92d HTTP/1.1" status: 204 len: 168 time: 0.1866996
2026-05-05 23:22:57.918 9 INFO neutron.wsgi [None req-89ead98b-5e98-4204-87d5-b99d89c9da60 13a5b1c423504164ad26948761ec9996 8a8ff7bd623645198a3d6ec350d86372 - - default default] 10.0.0.175 "GET /v2.0/ports?project_id=5568c5f01d8e44f68cbede90512e1604&network_id=53086881-f07d-4cc3-82d5-5a25f337917b HTTP/1.1" status: 200 len: 3510 time: 0.0523767
2026-05-05 23:22:58.245 9 INFO neutron.wsgi [None req-7ced82fc-9fc7-4abe-934e-52cae09d98fb 13a5b1c423504164ad26948761ec9996 8a8ff7bd623645198a3d6ec350d86372 - - default default] 10.0.0.175 "GET /v2.0/subnets?network_id=79b80596-acfa-42bc-aac5-ba7ed139b65c HTTP/1.1" status: 200 len: 838 time: 0.0338066
2026-05-05 23:22:58.519 9 INFO neutron.db.l3_db [None req-4a6b52e0-3eeb-470d-b063-b8f8ec28fe28 93a5ff30217b440796c86b7f185c388c 5568c5f01d8e44f68cbede90512e1604 - - default default] Floating IP adc28931-2d2e-48f5-a84e-ddefc8cbe746 disassociated. External IP: 10.96.250.208, port: cec00f3d-3e25-4fe5-b239-1ba8865b819a.
2026-05-05 23:22:58.580 9 INFO neutron.db.ovn_revision_numbers_db [None req-4a6b52e0-3eeb-470d-b063-b8f8ec28fe28 93a5ff30217b440796c86b7f185c388c 5568c5f01d8e44f68cbede90512e1604 - - default default] Successfully bumped revision number for resource adc28931-2d2e-48f5-a84e-ddefc8cbe746 (type: floatingips) to 2
2026-05-05 23:22:58.646 9 INFO neutron.wsgi [None req-4a6b52e0-3eeb-470d-b063-b8f8ec28fe28 93a5ff30217b440796c86b7f185c388c 5568c5f01d8e44f68cbede90512e1604 - - default default] 10.0.0.175 "PUT /v2.0/floatingips/adc28931-2d2e-48f5-a84e-ddefc8cbe746 HTTP/1.1" status: 200 len: 748 time: 0.2671463
2026-05-05 23:22:58.683 9 INFO neutron.notifiers.nova [-] Nova event matching ['req-d8ef666f-e7ae-455d-b72b-d2ecc0253b4e'] response: {'name': 'network-changed', 'server_uuid': '8f10d9ab-37df-45c7-82e4-c44bb152c524', 'tag': 'cec00f3d-3e25-4fe5-b239-1ba8865b819a', 'status': 'completed', 'code': 200}
2026-05-05 23:22:58.690 10 INFO neutron.wsgi [None req-eee35b2c-411e-44ed-a2b2-701d117ccef9 93a5ff30217b440796c86b7f185c388c 5568c5f01d8e44f68cbede90512e1604 - - default default] 10.0.0.175 "GET /v2.0/floatingips/adc28931-2d2e-48f5-a84e-ddefc8cbe746 HTTP/1.1" status: 200 len: 746 time: 0.0376475
2026-05-05 23:22:58.746 10 INFO neutron.wsgi [req-fb953ae2-611d-4a6f-8fb2-adcb876e1eed req-4d42a100-1eaf-4d6a-bf75-7b6d36b5e8b4 4a74b8b0fd5548b4b772c0d3fdc7ca7e 60ebc48fb9004c21ba869cbb18ebf9a3 - - 913e957380f04e9ea3dc4b71a8ff958a 913e957380f04e9ea3dc4b71a8ff958a] 199.204.45.78 "GET /v2.0/ports?tenant_id=5568c5f01d8e44f68cbede90512e1604&device_id=8f10d9ab-37df-45c7-82e4-c44bb152c524 HTTP/1.1" status: 200 len: 1409 time: 0.0395999
2026-05-05 23:22:58.812 10 INFO neutron.wsgi [req-fb953ae2-611d-4a6f-8fb2-adcb876e1eed req-3b42c7ef-463c-439b-9e6d-86c02a5f7345 4a74b8b0fd5548b4b772c0d3fdc7ca7e 60ebc48fb9004c21ba869cbb18ebf9a3 - - 913e957380f04e9ea3dc4b71a8ff958a 913e957380f04e9ea3dc4b71a8ff958a] 199.204.45.78 "GET /v2.0/networks?id=53086881-f07d-4cc3-82d5-5a25f337917b HTTP/1.1" status: 200 len: 957 time: 0.0594766
2026-05-05 23:22:58.847 10 INFO neutron.wsgi [req-fb953ae2-611d-4a6f-8fb2-adcb876e1eed req-723d1f01-5eba-48db-ab18-67a4abafbaad 4a74b8b0fd5548b4b772c0d3fdc7ca7e 60ebc48fb9004c21ba869cbb18ebf9a3 - - 913e957380f04e9ea3dc4b71a8ff958a 913e957380f04e9ea3dc4b71a8ff958a] 199.204.45.78 "GET /v2.0/floatingips?fixed_ip_address=10.100.0.6&port_id=cec00f3d-3e25-4fe5-b239-1ba8865b819a HTTP/1.1" status: 200 len: 217 time: 0.0235062
2026-05-05 23:22:58.887 10 INFO neutron.wsgi [req-fb953ae2-611d-4a6f-8fb2-adcb876e1eed req-b784e538-e27e-4bb8-9f8a-ce7672624d94 4a74b8b0fd5548b4b772c0d3fdc7ca7e 60ebc48fb9004c21ba869cbb18ebf9a3 - - 913e957380f04e9ea3dc4b71a8ff958a 913e957380f04e9ea3dc4b71a8ff958a] 199.204.45.78 "GET /v2.0/subnets?id=164a2584-1503-4219-99f2-bdc0080086f0 HTTP/1.1" status: 200 len: 853 time: 0.0330606
2026-05-05 23:22:58.920 10 INFO neutron.wsgi [req-fb953ae2-611d-4a6f-8fb2-adcb876e1eed req-bcbbf361-39b4-46f2-8036-05d1c4b320bf 4a74b8b0fd5548b4b772c0d3fdc7ca7e 60ebc48fb9004c21ba869cbb18ebf9a3 - - 913e957380f04e9ea3dc4b71a8ff958a 913e957380f04e9ea3dc4b71a8ff958a] 199.204.45.78 "GET /v2.0/ports?network_id=53086881-f07d-4cc3-82d5-5a25f337917b&device_owner=network%3Adhcp HTTP/1.1" status: 200 len: 210 time: 0.0260463
2026-05-05 23:22:58.984 10 INFO neutron.wsgi [req-fb953ae2-611d-4a6f-8fb2-adcb876e1eed req-7af749cf-601c-4729-b3ec-284cb032fd82 4a74b8b0fd5548b4b772c0d3fdc7ca7e 60ebc48fb9004c21ba869cbb18ebf9a3 - - 913e957380f04e9ea3dc4b71a8ff958a 913e957380f04e9ea3dc4b71a8ff958a] 199.204.45.78 "GET /v2.0/networks/53086881-f07d-4cc3-82d5-5a25f337917b?fields=segments HTTP/1.1" status: 200 len: 212 time: 0.0567062
2026-05-05 23:22:59.054 10 INFO neutron.wsgi [req-fb953ae2-611d-4a6f-8fb2-adcb876e1eed req-8a72afab-4902-480c-a407-3c235c456568 4a74b8b0fd5548b4b772c0d3fdc7ca7e 60ebc48fb9004c21ba869cbb18ebf9a3 - - 913e957380f04e9ea3dc4b71a8ff958a 913e957380f04e9ea3dc4b71a8ff958a] 199.204.45.78 "GET /v2.0/networks/53086881-f07d-4cc3-82d5-5a25f337917b?fields=provider%3Aphysical_network&fields=provider%3Anetwork_type HTTP/1.1" status: 200 len: 277 time: 0.0631461 /var/lib/openstack/lib/python3.10/site-packages/pycadf/identifier.py:71: UserWarning: Invalid uuid: neutron. To ensure interoperability, identifiers should be a valid uuid. warnings.warn(('Invalid uuid: %s. To ensure interoperability, '
2026-05-05 23:22:59.758 9 WARNING neutron_lib.context [None req-c85e916e-4604-4f34-b00d-056fb63236f3 93a5ff30217b440796c86b7f185c388c 5568c5f01d8e44f68cbede90512e1604 - - default default] Method 'is_advsvc' is deprecated since 2023.2 release (neutron-lib 3.8.0) and will be removed once support for the old RBAC API policies will be removed from Neutron. Please use method 'is_service_role' instead.
2026-05-05 23:22:59.870 9 INFO neutron.db.ovn_revision_numbers_db [None req-c85e916e-4604-4f34-b00d-056fb63236f3 93a5ff30217b440796c86b7f185c388c 5568c5f01d8e44f68cbede90512e1604 - - default default] Successfully bumped revision number for resource b3e941d6-0b81-45f4-8e69-d9b9fb120362 (type: security_groups) to 1
2026-05-05 23:22:59.883 9 INFO neutron.db.ovn_revision_numbers_db [None req-c85e916e-4604-4f34-b00d-056fb63236f3 93a5ff30217b440796c86b7f185c388c 5568c5f01d8e44f68cbede90512e1604 - - default default] Successfully bumped revision number for resource aee31c3d-01ed-44f3-b794-9ea527856a91 (type: security_group_rules) to 0
2026-05-05 23:22:59.895 9 INFO neutron.db.ovn_revision_numbers_db [None req-c85e916e-4604-4f34-b00d-056fb63236f3 93a5ff30217b440796c86b7f185c388c 5568c5f01d8e44f68cbede90512e1604 - - default default] Successfully bumped revision number for resource ddbe00ff-439e-4cfb-ad8c-1e5f452c6b3d (type: security_group_rules) to 0
2026-05-05 23:22:59.917 9 INFO neutron.wsgi [None req-c85e916e-4604-4f34-b00d-056fb63236f3 93a5ff30217b440796c86b7f185c388c 5568c5f01d8e44f68cbede90512e1604 - - default default] 10.0.0.175 "POST /v2.0/security-groups HTTP/1.1" status: 201 len: 1811 time: 0.1677077
2026-05-05 23:22:59.925 9 WARNING neutron_lib.context [None req-8f60fdfc-bdd3-425b-bc5b-eab0542c4592 93a5ff30217b440796c86b7f185c388c 5568c5f01d8e44f68cbede90512e1604 - - default default] Method 'is_advsvc' is deprecated since 2023.2 release (neutron-lib 3.8.0) and will be removed once support for the old RBAC API policies will be removed from Neutron. Please use method 'is_service_role' instead.
2026-05-05 23:23:00.026 9 INFO neutron.db.ovn_revision_numbers_db [None req-8f60fdfc-bdd3-425b-bc5b-eab0542c4592 93a5ff30217b440796c86b7f185c388c 5568c5f01d8e44f68cbede90512e1604 - - default default] Successfully bumped revision number for resource ac2f1880-00b8-481d-87b2-2cd7486b472b (type: security_group_rules) to 0
2026-05-05 23:23:00.055 9 INFO neutron.wsgi [None req-8f60fdfc-bdd3-425b-bc5b-eab0542c4592 93a5ff30217b440796c86b7f185c388c 5568c5f01d8e44f68cbede90512e1604 - - default default] 10.0.0.175 "POST /v2.0/security-group-rules HTTP/1.1" status: 201 len: 764 time: 0.1330662
2026-05-05 23:23:00.066 9 WARNING neutron_lib.context [None req-429b4099-f13c-4dce-9b3c-a47caf550b7b 93a5ff30217b440796c86b7f185c388c 5568c5f01d8e44f68cbede90512e1604 - - default default] Method 'is_advsvc' is deprecated since 2023.2 release (neutron-lib 3.8.0) and will be removed once support for the old RBAC API policies will be removed from Neutron. Please use method 'is_service_role' instead.
2026-05-05 23:23:00.168 9 INFO neutron.db.ovn_revision_numbers_db [None req-429b4099-f13c-4dce-9b3c-a47caf550b7b 93a5ff30217b440796c86b7f185c388c 5568c5f01d8e44f68cbede90512e1604 - - default default] Successfully bumped revision number for resource 13f9ead6-211c-490d-9b43-62fb15eee256 (type: security_group_rules) to 0
2026-05-05 23:23:00.191 9 INFO neutron.wsgi [None req-429b4099-f13c-4dce-9b3c-a47caf550b7b 93a5ff30217b440796c86b7f185c388c 5568c5f01d8e44f68cbede90512e1604 - - default default] 10.0.0.175 "POST /v2.0/security-group-rules HTTP/1.1" status: 201 len: 763 time: 0.1301055
2026-05-05 23:23:00.201 9 WARNING neutron_lib.context [None req-8845ca6f-b61f-404a-ac16-368a882dfa46 93a5ff30217b440796c86b7f185c388c 5568c5f01d8e44f68cbede90512e1604 - - default default] Method 'is_advsvc' is deprecated since 2023.2 release (neutron-lib 3.8.0) and will be removed once support for the old RBAC API policies will be removed from Neutron. Please use method 'is_service_role' instead.
2026-05-05 23:23:00.309 9 INFO neutron.db.ovn_revision_numbers_db [None req-8845ca6f-b61f-404a-ac16-368a882dfa46 93a5ff30217b440796c86b7f185c388c 5568c5f01d8e44f68cbede90512e1604 - - default default] Successfully bumped revision number for resource 06006d91-bf56-4b18-a7d7-d30b25513f09 (type: security_group_rules) to 0
2026-05-05 23:23:00.332 9 INFO neutron.wsgi [None req-8845ca6f-b61f-404a-ac16-368a882dfa46 93a5ff30217b440796c86b7f185c388c 5568c5f01d8e44f68cbede90512e1604 - - default default] 10.0.0.175 "POST /v2.0/security-group-rules HTTP/1.1" status: 201 len: 769 time: 0.1355057
2026-05-05 23:23:00.341 9 WARNING neutron_lib.context [None req-dcfdc1f7-f615-4b78-85ad-f87ff7f2f4f5 93a5ff30217b440796c86b7f185c388c 5568c5f01d8e44f68cbede90512e1604 - - default default] Method 'is_advsvc' is deprecated since 2023.2 release (neutron-lib 3.8.0) and will be removed once support for the old RBAC API policies will be removed from Neutron. Please use method 'is_service_role' instead.
2026-05-05 23:23:00.448 9 INFO neutron.db.ovn_revision_numbers_db [None req-dcfdc1f7-f615-4b78-85ad-f87ff7f2f4f5 93a5ff30217b440796c86b7f185c388c 5568c5f01d8e44f68cbede90512e1604 - - default default] Successfully bumped revision number for resource bd816227-8eaf-4772-9198-edca3548a468 (type: security_group_rules) to 0
2026-05-05 23:23:00.473 9 INFO neutron.wsgi [None req-dcfdc1f7-f615-4b78-85ad-f87ff7f2f4f5 93a5ff30217b440796c86b7f185c388c 5568c5f01d8e44f68cbede90512e1604 - - default default] 10.0.0.175 "POST /v2.0/security-group-rules HTTP/1.1" status: 201 len: 768 time: 0.1367576
2026-05-05 23:23:00.484 9 WARNING neutron_lib.context [None req-6fe4e492-92ac-402c-a49b-a2ce20301533 93a5ff30217b440796c86b7f185c388c 5568c5f01d8e44f68cbede90512e1604 - - default default] Method 'is_advsvc' is deprecated since 2023.2 release (neutron-lib 3.8.0) and will be removed once support for the old RBAC API policies will be removed from Neutron. Please use method 'is_service_role' instead.
2026-05-05 23:23:00.500 9 INFO neutron.db.securitygroups_db [None req-6fe4e492-92ac-402c-a49b-a2ce20301533 93a5ff30217b440796c86b7f185c388c 5568c5f01d8e44f68cbede90512e1604 - - default default] Project 5568c5f01d8e44f68cbede90512e1604 added a security group rule with legacy IPv6 ICMP protocol name icmp, ipv6-icmp should be used instead. It was automatically converted.
2026-05-05 23:23:00.601 9 INFO neutron.db.ovn_revision_numbers_db [None req-6fe4e492-92ac-402c-a49b-a2ce20301533 93a5ff30217b440796c86b7f185c388c 5568c5f01d8e44f68cbede90512e1604 - - default default] Successfully bumped revision number for resource 337d0344-98cd-45c5-a744-d0063faddf86 (type: security_group_rules) to 0
2026-05-05 23:23:00.625 9 INFO neutron.wsgi [None req-6fe4e492-92ac-402c-a49b-a2ce20301533 93a5ff30217b440796c86b7f185c388c 5568c5f01d8e44f68cbede90512e1604 - - default default] 10.0.0.175 "POST /v2.0/security-group-rules HTTP/1.1" status: 201 len: 774 time: 0.1455803
2026-05-05 23:23:00.634 9 WARNING neutron_lib.context [None req-7cce885d-a61f-420f-b903-a24bf6566821 93a5ff30217b440796c86b7f185c388c 5568c5f01d8e44f68cbede90512e1604 - - default default] Method 'is_advsvc' is deprecated since 2023.2 release (neutron-lib 3.8.0) and will be removed once support for the old RBAC API policies will be removed from Neutron. Please use method 'is_service_role' instead.
2026-05-05 23:23:00.647 9 INFO neutron.db.securitygroups_db [None req-7cce885d-a61f-420f-b903-a24bf6566821 93a5ff30217b440796c86b7f185c388c 5568c5f01d8e44f68cbede90512e1604 - - default default] Project 5568c5f01d8e44f68cbede90512e1604 added a security group rule with legacy IPv6 ICMP protocol name icmp, ipv6-icmp should be used instead. It was automatically converted.
2026-05-05 23:23:00.669 10 WARNING neutron_lib.context [None req-df0c355c-72fa-40a5-8c4a-6a70effc50e2 90b209bdf79845c19f5bbd7d5b94280b dedd699e9b1a4da2be040b115b19213e - - default default] Method 'is_advsvc' is deprecated since 2023.2 release (neutron-lib 3.8.0) and will be removed once support for the old RBAC API policies will be removed from Neutron. Please use method 'is_service_role' instead.
2026-05-05 23:23:00.738 9 INFO neutron.db.ovn_revision_numbers_db [None req-7cce885d-a61f-420f-b903-a24bf6566821 93a5ff30217b440796c86b7f185c388c 5568c5f01d8e44f68cbede90512e1604 - - default default] Successfully bumped revision number for resource 6f4a4c8a-f250-4b6c-b3f1-0c17eaa453f9 (type: security_group_rules) to 0
2026-05-05 23:23:00.761 9 INFO neutron.wsgi [None req-7cce885d-a61f-420f-b903-a24bf6566821 93a5ff30217b440796c86b7f185c388c 5568c5f01d8e44f68cbede90512e1604 - - default default] 10.0.0.175 "POST /v2.0/security-group-rules HTTP/1.1" status: 201 len: 773 time: 0.1305912
2026-05-05 23:23:00.793 10 INFO neutron.db.ovn_revision_numbers_db [None req-df0c355c-72fa-40a5-8c4a-6a70effc50e2 90b209bdf79845c19f5bbd7d5b94280b dedd699e9b1a4da2be040b115b19213e - - default default] Successfully bumped revision number for resource 77ceff90-2211-4873-a58e-a67553eccc27 (type: security_groups) to 1
2026-05-05 23:23:00.806 10 INFO neutron.db.ovn_revision_numbers_db [None req-df0c355c-72fa-40a5-8c4a-6a70effc50e2 90b209bdf79845c19f5bbd7d5b94280b dedd699e9b1a4da2be040b115b19213e - - default default] Successfully bumped revision number for resource 06e04570-f474-4ab9-b33a-f0d1e434ea6f (type: security_group_rules) to 0
2026-05-05 23:23:00.819 10 INFO neutron.db.ovn_revision_numbers_db [None req-df0c355c-72fa-40a5-8c4a-6a70effc50e2 90b209bdf79845c19f5bbd7d5b94280b dedd699e9b1a4da2be040b115b19213e - - default default] Successfully bumped revision number for resource 0e253de3-3daf-40b3-8e3d-c6ab7182410d (type: security_group_rules) to 0
2026-05-05 23:23:00.834 10 INFO neutron.db.ovn_revision_numbers_db [None req-df0c355c-72fa-40a5-8c4a-6a70effc50e2 90b209bdf79845c19f5bbd7d5b94280b dedd699e9b1a4da2be040b115b19213e - - default default] Successfully bumped revision number for resource a91e92c6-3339-4ee5-8361-8306d245e616 (type: security_group_rules) to 0
2026-05-05 23:23:00.846 10 INFO neutron.db.ovn_revision_numbers_db [None req-df0c355c-72fa-40a5-8c4a-6a70effc50e2 90b209bdf79845c19f5bbd7d5b94280b dedd699e9b1a4da2be040b115b19213e - - default default] Successfully bumped revision number for resource d0e25123-c094-4f97-b402-8d78808abf14 (type: security_group_rules) to 0
2026-05-05 23:23:00.895 10 INFO neutron.db.segments_db [None req-df0c355c-72fa-40a5-8c4a-6a70effc50e2 90b209bdf79845c19f5bbd7d5b94280b dedd699e9b1a4da2be040b115b19213e - - default default] Added segment abc155b6-779a-4eac-84c2-1c8e451597e1 of type geneve for network f0d565c0-a4f6-4da0-bcca-4ac1fd2fe169
2026-05-05 23:23:01.032 10 INFO neutron.db.ovn_revision_numbers_db [None req-df0c355c-72fa-40a5-8c4a-6a70effc50e2 90b209bdf79845c19f5bbd7d5b94280b dedd699e9b1a4da2be040b115b19213e - - default default] Successfully bumped revision number for resource f0d565c0-a4f6-4da0-bcca-4ac1fd2fe169 (type: networks) to 1
2026-05-05 23:23:01.211 10 WARNING neutron.scheduler.dhcp_agent_scheduler [None req-df0c355c-72fa-40a5-8c4a-6a70effc50e2 90b209bdf79845c19f5bbd7d5b94280b dedd699e9b1a4da2be040b115b19213e - - default default] No more DHCP agents
2026-05-05 23:23:01.212 10 WARNING neutron.api.rpc.agentnotifiers.dhcp_rpc_agent_api [None req-df0c355c-72fa-40a5-8c4a-6a70effc50e2 90b209bdf79845c19f5bbd7d5b94280b dedd699e9b1a4da2be040b115b19213e - - default default] Unable to schedule network f0d565c0-a4f6-4da0-bcca-4ac1fd2fe169: no agents available; will retry on subsequent port and subnet creation events.
2026-05-05 23:23:01.261 9 INFO neutron.wsgi [None req-81fb9ceb-b719-4e6f-8d10-4e06731b9391 93a5ff30217b440796c86b7f185c388c 5568c5f01d8e44f68cbede90512e1604 - - default default] 10.0.0.175 "GET /v2.0/networks HTTP/1.1" status: 200 len: 1491 time: 0.1358883
2026-05-05 23:23:01.293 10 INFO neutron.db.ovn_revision_numbers_db [None req-df0c355c-72fa-40a5-8c4a-6a70effc50e2 90b209bdf79845c19f5bbd7d5b94280b dedd699e9b1a4da2be040b115b19213e - - default default] Successfully bumped revision number for resource bf6570a3-0b04-4604-a95d-4d8b60cc7fea (type: ports) to 1
2026-05-05 23:23:01.317 10 INFO neutron.wsgi [None req-df0c355c-72fa-40a5-8c4a-6a70effc50e2 90b209bdf79845c19f5bbd7d5b94280b dedd699e9b1a4da2be040b115b19213e - - default default] 10.0.0.175 "POST /v2.0/networks HTTP/1.1" status: 201 len: 831 time: 0.8205540
2026-05-05 23:23:01.396 9 INFO neutron.wsgi [req-95249b5d-9df3-4f0d-b120-6b3a38863b9a req-feb87fb9-3701-4571-8170-49f1036a0b2f 93a5ff30217b440796c86b7f185c388c 5568c5f01d8e44f68cbede90512e1604 - - default default] 10.0.0.153 "GET /v2.0/security-groups?name=tempest-secgroup-smoke-1949190883&fields=id&tenant_id=5568c5f01d8e44f68cbede90512e1604 HTTP/1.1" status: 200 len: 267 time: 0.0625451
2026-05-05 23:23:01.401 9 INFO neutron.wsgi [None req-b3bc19c6-c52b-4724-8f04-0493f772c5b8 90b209bdf79845c19f5bbd7d5b94280b dedd699e9b1a4da2be040b115b19213e - - default default] 10.0.0.175 "PUT /v2.0/networks/f0d565c0-a4f6-4da0-bcca-4ac1fd2fe169/tags HTTP/1.1" status: 200 len: 218 time: 0.0761876
2026-05-05 23:23:01.457 10 INFO neutron.wsgi [None req-f0f4561d-bdc8-4a2a-ae8d-9f80df1f70d9 90b209bdf79845c19f5bbd7d5b94280b dedd699e9b1a4da2be040b115b19213e - - default default] 10.0.0.175 "GET /v2.0/networks/f0d565c0-a4f6-4da0-bcca-4ac1fd2fe169/tags HTTP/1.1" status: 200 len: 218 time: 0.0495315
2026-05-05 23:23:01.471 9 INFO neutron.wsgi [req-95249b5d-9df3-4f0d-b120-6b3a38863b9a req-d562e66d-8b99-45e9-b5ff-44ee3ab77ee5 93a5ff30217b440796c86b7f185c388c 5568c5f01d8e44f68cbede90512e1604 - - default default] 10.0.0.153 "GET /v2.0/networks?id=53086881-f07d-4cc3-82d5-5a25f337917b HTTP/1.1" status: 200 len: 858 time: 0.0662630
2026-05-05 23:23:01.493 9 INFO neutron.wsgi [req-95249b5d-9df3-4f0d-b120-6b3a38863b9a req-b393694b-95a8-4ace-a75a-6f950e8a5381 93a5ff30217b440796c86b7f185c388c 5568c5f01d8e44f68cbede90512e1604 - - default default] 10.0.0.153 "GET /v2.0/quotas/5568c5f01d8e44f68cbede90512e1604 HTTP/1.1" status: 200 len: 386 time: 0.0123279
2026-05-05 23:23:01.514 10 INFO neutron.wsgi [None req-75316433-c08b-4bda-9164-8877f18835d9 90b209bdf79845c19f5bbd7d5b94280b dedd699e9b1a4da2be040b115b19213e - - default default] 10.0.0.175 "PUT /v2.0/networks/f0d565c0-a4f6-4da0-bcca-4ac1fd2fe169/tags/green HTTP/1.1" status: 201 len: 201 time: 0.0531921
2026-05-05 23:23:01.559 10 INFO neutron.wsgi [None req-60506ced-ef99-43ae-8218-95c2004982de 90b209bdf79845c19f5bbd7d5b94280b dedd699e9b1a4da2be040b115b19213e - - default default] 10.0.0.175 "GET /v2.0/networks/f0d565c0-a4f6-4da0-bcca-4ac1fd2fe169/tags HTTP/1.1" status: 200 len: 227 time: 0.0402129
2026-05-05 23:23:01.581 9 INFO neutron.wsgi [req-95249b5d-9df3-4f0d-b120-6b3a38863b9a req-bcab4f85-5ef1-47ea-bdac-1768aee16da2 93a5ff30217b440796c86b7f185c388c 5568c5f01d8e44f68cbede90512e1604 - - default default] 10.0.0.153 "GET /v2.0/ports?tenant_id=5568c5f01d8e44f68cbede90512e1604&fields=id HTTP/1.1" status: 200 len: 348 time: 0.0828142
2026-05-05 23:23:01.609 10 INFO neutron.wsgi [None req-cfa6838e-64af-4414-b8ae-6d268ee79382 90b209bdf79845c19f5bbd7d5b94280b dedd699e9b1a4da2be040b115b19213e - - default default] 10.0.0.175 "PUT /v2.0/networks/f0d565c0-a4f6-4da0-bcca-4ac1fd2fe169/tags/red HTTP/1.1" status: 201 len: 201 time: 0.0444593
2026-05-05 23:23:01.660 10 INFO neutron.wsgi [None req-fe4deaf9-583e-4d3c-b849-6489b36bb664 90b209bdf79845c19f5bbd7d5b94280b dedd699e9b1a4da2be040b115b19213e - - default default] 10.0.0.175 "GET /v2.0/networks/f0d565c0-a4f6-4da0-bcca-4ac1fd2fe169/tags HTTP/1.1" status: 200 len: 227 time: 0.0462880
2026-05-05 23:23:01.664 9 INFO neutron.wsgi [req-95249b5d-9df3-4f0d-b120-6b3a38863b9a req-36f131b4-16a7-4667-8d14-c1628bf4a5d3 4a74b8b0fd5548b4b772c0d3fdc7ca7e 60ebc48fb9004c21ba869cbb18ebf9a3 - - 913e957380f04e9ea3dc4b71a8ff958a 913e957380f04e9ea3dc4b71a8ff958a] 10.0.0.153 "GET /v2.0/networks/53086881-f07d-4cc3-82d5-5a25f337917b?fields=segments HTTP/1.1" status: 200 len: 212 time: 0.0706408
2026-05-05 23:23:01.756 9 INFO neutron.wsgi [None req-b2782914-abcd-47a5-b210-7a4dd0f57ff8 90b209bdf79845c19f5bbd7d5b94280b dedd699e9b1a4da2be040b115b19213e - - default default] 10.0.0.175 "PUT /v2.0/networks/f0d565c0-a4f6-4da0-bcca-4ac1fd2fe169/tags/black.or.white HTTP/1.1" status: 201 len: 201 time: 0.0874951
2026-05-05 23:23:01.765 9 INFO neutron.wsgi [req-95249b5d-9df3-4f0d-b120-6b3a38863b9a req-f6c8cf45-82c2-4922-8f54-4e3ba1cf2c00 4a74b8b0fd5548b4b772c0d3fdc7ca7e 60ebc48fb9004c21ba869cbb18ebf9a3 - - 913e957380f04e9ea3dc4b71a8ff958a 913e957380f04e9ea3dc4b71a8ff958a] 10.0.0.153 "GET /v2.0/networks/53086881-f07d-4cc3-82d5-5a25f337917b?fields=provider%3Aphysical_network&fields=provider%3Anetwork_type HTTP/1.1" status: 200 len: 277 time: 0.0914283
2026-05-05 23:23:01.804 9 INFO neutron.wsgi [None req-411c20cc-6dd6-42b2-80dd-8d822375c933 90b209bdf79845c19f5bbd7d5b94280b dedd699e9b1a4da2be040b115b19213e - - default default] 10.0.0.175 "GET /v2.0/networks/f0d565c0-a4f6-4da0-bcca-4ac1fd2fe169/tags HTTP/1.1" status: 200 len: 245 time: 0.0433729
2026-05-05 23:23:01.868 9 INFO neutron.wsgi [None req-f4822069-2713-40c1-95cb-e1f65f0f17a1 90b209bdf79845c19f5bbd7d5b94280b dedd699e9b1a4da2be040b115b19213e - - default default] 10.0.0.175 "PUT /v2.0/networks/f0d565c0-a4f6-4da0-bcca-4ac1fd2fe169/tags HTTP/1.1" status: 200 len: 230 time: 0.0588775
2026-05-05 23:23:01.888 9 INFO neutron.wsgi [req-7c0d9c99-b754-4016-86ae-e01fdaf1e673 req-045414a4-9e13-4582-bd88-daa4e69c23e5 93a5ff30217b440796c86b7f185c388c 5568c5f01d8e44f68cbede90512e1604 - - default default] 10.0.0.153 "GET /v2.0/ports?device_id=c5425193-3090-4f09-9d9b-914b6428909b HTTP/1.1" status: 200 len: 210 time: 0.0193572
2026-05-05 23:23:01.918 10 INFO neutron.wsgi [None req-12f33d3f-f0b4-418e-9586-50a12152372c 90b209bdf79845c19f5bbd7d5b94280b dedd699e9b1a4da2be040b115b19213e - - default default] 10.0.0.175 "GET /v2.0/networks/f0d565c0-a4f6-4da0-bcca-4ac1fd2fe169/tags HTTP/1.1" status: 200 len: 230 time: 0.0454454
2026-05-05 23:23:01.977 10 INFO neutron.wsgi [None req-43d9fda0-db8f-4ece-a525-94f12dab4386 90b209bdf79845c19f5bbd7d5b94280b dedd699e9b1a4da2be040b115b19213e - - default default] 10.0.0.175 "GET /v2.0/networks/f0d565c0-a4f6-4da0-bcca-4ac1fd2fe169/tags/red HTTP/1.1" status: 204 len: 168 time: 0.0540767
2026-05-05 23:23:02.038 10 INFO neutron.api.v2.resource [None req-362a81fd-a266-45a2-a989-2aaecfe1f613 90b209bdf79845c19f5bbd7d5b94280b dedd699e9b1a4da2be040b115b19213e - - default default] show failed (client error): The resource could not be found.
2026-05-05 23:23:02.040 10 INFO neutron.wsgi [None req-362a81fd-a266-45a2-a989-2aaecfe1f613 90b209bdf79845c19f5bbd7d5b94280b dedd699e9b1a4da2be040b115b19213e - - default default] 10.0.0.175 "GET /v2.0/networks/f0d565c0-a4f6-4da0-bcca-4ac1fd2fe169/tags/green HTTP/1.1" status: 404 len: 299 time: 0.0588391
2026-05-05 23:23:02.097 9 INFO neutron.wsgi [None req-c8f77000-f422-4041-9d4b-aee58a0d1edf 90b209bdf79845c19f5bbd7d5b94280b dedd699e9b1a4da2be040b115b19213e - - default default] 10.0.0.175 "DELETE /v2.0/networks/f0d565c0-a4f6-4da0-bcca-4ac1fd2fe169/tags/red HTTP/1.1" status: 204 len: 168 time: 0.0529556
2026-05-05 23:23:02.142 9 INFO neutron.wsgi [None req-e2cbcb44-f476-472a-a47b-67c779dc1269 90b209bdf79845c19f5bbd7d5b94280b dedd699e9b1a4da2be040b115b19213e - - default default] 10.0.0.175 "GET /v2.0/networks/f0d565c0-a4f6-4da0-bcca-4ac1fd2fe169/tags HTTP/1.1" status: 200 len: 223 time: 0.0398102
2026-05-05 23:23:02.191 9 INFO neutron.api.v2.resource [None req-a83a6e94-fcdb-40b7-b8d9-e99a796dd68d 90b209bdf79845c19f5bbd7d5b94280b dedd699e9b1a4da2be040b115b19213e - - default default] delete failed (client error): The resource could not be found.
2026-05-05 23:23:02.192 9 INFO neutron.wsgi [None req-a83a6e94-fcdb-40b7-b8d9-e99a796dd68d 90b209bdf79845c19f5bbd7d5b94280b dedd699e9b1a4da2be040b115b19213e - - default default] 10.0.0.175 "DELETE /v2.0/networks/f0d565c0-a4f6-4da0-bcca-4ac1fd2fe169/tags/green HTTP/1.1" status: 404 len: 299 time: 0.0454149
2026-05-05 23:23:02.256 9 INFO neutron.wsgi [None req-12927e3b-1eae-4d35-a44d-e9a0d011339d 90b209bdf79845c19f5bbd7d5b94280b dedd699e9b1a4da2be040b115b19213e - - default default] 10.0.0.175 "DELETE /v2.0/networks/f0d565c0-a4f6-4da0-bcca-4ac1fd2fe169/tags HTTP/1.1" status: 204 len: 168 time: 0.0593259
2026-05-05 23:23:02.316 9 INFO neutron.wsgi [None req-2c71a7a6-000d-47d0-88c4-92f40f2def05 90b209bdf79845c19f5bbd7d5b94280b dedd699e9b1a4da2be040b115b19213e - - default default] 10.0.0.175 "GET /v2.0/networks/f0d565c0-a4f6-4da0-bcca-4ac1fd2fe169/tags HTTP/1.1" status: 200 len: 205 time: 0.0544343
2026-05-05 23:23:02.574 10 INFO neutron.wsgi [req-95249b5d-9df3-4f0d-b120-6b3a38863b9a req-b88f5871-95f1-4091-8411-650db0c4320c 93a5ff30217b440796c86b7f185c388c 5568c5f01d8e44f68cbede90512e1604 - - default default] 199.204.45.78 "GET /v2.0/networks?id=53086881-f07d-4cc3-82d5-5a25f337917b HTTP/1.1" status: 200 len: 858 time: 0.0615764
2026-05-05 23:23:02.626 10 INFO neutron.wsgi [req-95249b5d-9df3-4f0d-b120-6b3a38863b9a req-aceddb20-aba9-4344-bff2-0198fbf8d8b8 93a5ff30217b440796c86b7f185c388c 5568c5f01d8e44f68cbede90512e1604 - - default default] 199.204.45.78 "GET /v2.0/security-groups?fields=id&fields=name&tenant_id=5568c5f01d8e44f68cbede90512e1604 HTTP/1.1" status: 200 len: 473 time: 0.0462995
2026-05-05 23:23:02.636 10 WARNING neutron_lib.context [req-95249b5d-9df3-4f0d-b120-6b3a38863b9a req-2873e1c6-2b18-411f-a6a7-78558c0dfc36 93a5ff30217b440796c86b7f185c388c 5568c5f01d8e44f68cbede90512e1604 - - default default] Method 'is_advsvc' is deprecated since 2023.2 release (neutron-lib 3.8.0) and will be removed once support for the old RBAC API policies will be removed from Neutron. Please use method 'is_service_role' instead.
2026-05-05 23:23:02.645 9 INFO neutron.services.segments.plugin [-] Segment abc155b6-779a-4eac-84c2-1c8e451597e1 resource provider aggregate not found
2026-05-05 23:23:02.650 9 INFO neutron.services.segments.plugin [-] Segment abc155b6-779a-4eac-84c2-1c8e451597e1 resource provider aggregate not found
2026-05-05 23:23:02.665 9 INFO neutron.services.segments.plugin [-] Segment abc155b6-779a-4eac-84c2-1c8e451597e1 resource provider not found; error: Placement Client Error (4xx): {"errors": [{"status": 404, "title": "Not Found", "detail": "The resource could not be found.\n\n No resource provider with uuid abc155b6-779a-4eac-84c2-1c8e451597e1 found for delete ", "request_id": "req-0c030824-e245-4c63-8b5c-9a854d2be815"}]}
2026-05-05 23:23:02.667 9 INFO neutron.services.segments.plugin [-] Segment abc155b6-779a-4eac-84c2-1c8e451597e1 resource provider not found; error: Placement Client Error (4xx): {"errors": [{"status": 404, "title": "Not Found", "detail": "The resource could not be found.\n\n No resource provider with uuid abc155b6-779a-4eac-84c2-1c8e451597e1 found for delete ", "request_id": "req-af92b0cd-e77d-4842-9306-7b4f3ca2f134"}]}
2026-05-05 23:23:02.687 9 INFO neutron.wsgi [None req-9462fdad-2a68-4185-8945-0ce7f306aee4 90b209bdf79845c19f5bbd7d5b94280b dedd699e9b1a4da2be040b115b19213e - - default default] 10.0.0.175 "DELETE /v2.0/networks/f0d565c0-a4f6-4da0-bcca-4ac1fd2fe169 HTTP/1.1" status: 204 len: 168 time: 0.3650067
2026-05-05 23:23:02.953 10 WARNING neutron.scheduler.dhcp_agent_scheduler [req-95249b5d-9df3-4f0d-b120-6b3a38863b9a req-2873e1c6-2b18-411f-a6a7-78558c0dfc36 93a5ff30217b440796c86b7f185c388c 5568c5f01d8e44f68cbede90512e1604 - - default default] No more DHCP agents
2026-05-05 23:23:02.955 10 WARNING neutron.api.rpc.agentnotifiers.dhcp_rpc_agent_api [req-95249b5d-9df3-4f0d-b120-6b3a38863b9a req-2873e1c6-2b18-411f-a6a7-78558c0dfc36 93a5ff30217b440796c86b7f185c388c 5568c5f01d8e44f68cbede90512e1604 - - default default] Unable to schedule network 53086881-f07d-4cc3-82d5-5a25f337917b: no agents available; will retry on subsequent port and subnet creation events.
2026-05-05 23:23:02.990 9 INFO neutron.wsgi [req-ca64e66a-6fa8-4023-811a-2a0c85a2061f req-c01d785b-ad1e-4445-b453-eee8223eb44e 93a5ff30217b440796c86b7f185c388c 5568c5f01d8e44f68cbede90512e1604 - - default default] 10.0.0.153 "GET /v2.0/ports?device_id=c5425193-3090-4f09-9d9b-914b6428909b HTTP/1.1" status: 200 len: 1160 time: 0.0399313
2026-05-05 23:23:03.036 9 INFO neutron.wsgi [req-ca64e66a-6fa8-4023-811a-2a0c85a2061f req-3114845d-4aed-45f1-87dc-c1b589cbad38 93a5ff30217b440796c86b7f185c388c 5568c5f01d8e44f68cbede90512e1604 - - default default] 10.0.0.153 "GET /v2.0/security-groups?id=b3e941d6-0b81-45f4-8e69-d9b9fb120362&fields=id&fields=name HTTP/1.1" status: 200 len: 313 time: 0.0392368
2026-05-05 23:23:03.134 10 INFO neutron.db.ovn_revision_numbers_db [req-95249b5d-9df3-4f0d-b120-6b3a38863b9a req-2873e1c6-2b18-411f-a6a7-78558c0dfc36 93a5ff30217b440796c86b7f185c388c 5568c5f01d8e44f68cbede90512e1604 - - default default] Successfully bumped revision number for resource e52b6f07-576f-44a2-ab17-711e0a6bb147 (type: ports) to 1
2026-05-05 23:23:03.157 10 INFO neutron.wsgi [req-95249b5d-9df3-4f0d-b120-6b3a38863b9a req-2873e1c6-2b18-411f-a6a7-78558c0dfc36 93a5ff30217b440796c86b7f185c388c 5568c5f01d8e44f68cbede90512e1604 - - default default] 199.204.45.78 "POST /v2.0/ports HTTP/1.1" status: 201 len: 1162 time: 0.5267835 /var/lib/openstack/lib/python3.10/site-packages/pycadf/identifier.py:71: UserWarning: Invalid uuid: neutron. To ensure interoperability, identifiers should be a valid uuid. warnings.warn(('Invalid uuid: %s. To ensure interoperability, '
2026-05-05 23:23:03.449 9 INFO neutron.wsgi [None req-d7f3b4f5-0346-494f-a5fb-5c3dd6aba29f cc53ead19fd04f48b9de74174830d004 db474edd8c3f4bc483ef002a4b312d07 - - default default] 10.0.0.175 "GET /v2.0/security-groups?tenant_id=dedd699e9b1a4da2be040b115b19213e&name=default HTTP/1.1" status: 200 len: 2996 time: 0.1137638
2026-05-05 23:23:03.553 10 INFO neutron.db.ovn_revision_numbers_db [req-95249b5d-9df3-4f0d-b120-6b3a38863b9a req-4425021a-88c3-411a-8df8-8b367df0cb49 4a74b8b0fd5548b4b772c0d3fdc7ca7e 60ebc48fb9004c21ba869cbb18ebf9a3 - - 913e957380f04e9ea3dc4b71a8ff958a 913e957380f04e9ea3dc4b71a8ff958a] Successfully bumped revision number for resource e52b6f07-576f-44a2-ab17-711e0a6bb147 (type: ports) to 2
2026-05-05 23:23:03.899 9 INFO neutron.wsgi [None req-41755bff-5d15-4833-9bc6-fdae3f2ebc02 cc53ead19fd04f48b9de74174830d004 db474edd8c3f4bc483ef002a4b312d07 - - default default] 10.0.0.175 "DELETE /v2.0/security-groups/77ceff90-2211-4873-a58e-a67553eccc27 HTTP/1.1" status: 204 len: 168 time: 0.4451702
2026-05-05 23:23:03.929 10 INFO neutron.db.ovn_revision_numbers_db [req-95249b5d-9df3-4f0d-b120-6b3a38863b9a req-4425021a-88c3-411a-8df8-8b367df0cb49 4a74b8b0fd5548b4b772c0d3fdc7ca7e 60ebc48fb9004c21ba869cbb18ebf9a3 - - 913e957380f04e9ea3dc4b71a8ff958a 913e957380f04e9ea3dc4b71a8ff958a] Successfully bumped revision number for resource e52b6f07-576f-44a2-ab17-711e0a6bb147 (type: ports) to 2
2026-05-05 23:23:03.945 10 INFO neutron.wsgi [req-95249b5d-9df3-4f0d-b120-6b3a38863b9a req-4425021a-88c3-411a-8df8-8b367df0cb49 4a74b8b0fd5548b4b772c0d3fdc7ca7e 60ebc48fb9004c21ba869cbb18ebf9a3 - - 913e957380f04e9ea3dc4b71a8ff958a 913e957380f04e9ea3dc4b71a8ff958a] 199.204.45.78 "PUT /v2.0/ports/e52b6f07-576f-44a2-ab17-711e0a6bb147 HTTP/1.1" status: 200 len: 1380 time: 0.7768860 /var/lib/openstack/lib/python3.10/site-packages/pycadf/identifier.py:71: UserWarning: Invalid uuid: neutron. To ensure interoperability, identifiers should be a valid uuid. warnings.warn(('Invalid uuid: %s. To ensure interoperability, '
2026-05-05 23:23:03.985 10 INFO neutron.notifiers.nova [-] Nova event matching ['req-88d1c91c-1910-4eab-b24d-bda1f03a5e0b'] response: {'name': 'network-changed', 'server_uuid': 'c5425193-3090-4f09-9d9b-914b6428909b', 'tag': 'e52b6f07-576f-44a2-ab17-711e0a6bb147', 'status': 'completed', 'code': 200}
2026-05-05 23:23:04.024 10 INFO neutron.wsgi [req-95249b5d-9df3-4f0d-b120-6b3a38863b9a req-e8a1acfe-6bcc-499b-afa8-7bd40155d97a 4a74b8b0fd5548b4b772c0d3fdc7ca7e 60ebc48fb9004c21ba869cbb18ebf9a3 - - 913e957380f04e9ea3dc4b71a8ff958a 913e957380f04e9ea3dc4b71a8ff958a] 199.204.45.78 "GET /v2.0/ports?tenant_id=5568c5f01d8e44f68cbede90512e1604&device_id=c5425193-3090-4f09-9d9b-914b6428909b HTTP/1.1" status: 200 len: 1411 time: 0.0508189
2026-05-05 23:23:04.052 10 INFO neutron.wsgi [req-95249b5d-9df3-4f0d-b120-6b3a38863b9a req-d43d2761-c9d9-4677-8b6d-d2357f668c11 4a74b8b0fd5548b4b772c0d3fdc7ca7e 60ebc48fb9004c21ba869cbb18ebf9a3 - - 913e957380f04e9ea3dc4b71a8ff958a 913e957380f04e9ea3dc4b71a8ff958a] 199.204.45.78 "GET /v2.0/floatingips?fixed_ip_address=10.100.0.14&port_id=e52b6f07-576f-44a2-ab17-711e0a6bb147 HTTP/1.1" status: 200 len: 217 time: 0.0219407
2026-05-05 23:23:04.101 10 INFO neutron.wsgi [req-95249b5d-9df3-4f0d-b120-6b3a38863b9a req-7f36f879-1808-423b-b2ab-2c09a04e631e 4a74b8b0fd5548b4b772c0d3fdc7ca7e 60ebc48fb9004c21ba869cbb18ebf9a3 - - 913e957380f04e9ea3dc4b71a8ff958a 913e957380f04e9ea3dc4b71a8ff958a] 199.204.45.78 "GET /v2.0/subnets?id=164a2584-1503-4219-99f2-bdc0080086f0 HTTP/1.1" status: 200 len: 853 time: 0.0442557
2026-05-05 23:23:04.124 9 INFO neutron.db.ovn_revision_numbers_db [None req-a5751a1c-3ee5-4350-abff-5e193fff2dba cc53ead19fd04f48b9de74174830d004 db474edd8c3f4bc483ef002a4b312d07 - - default default] Successfully bumped revision number for resource ca3c703b-dc32-42a5-8363-91bbb000d1ec (type: security_groups) to 1
2026-05-05 23:23:04.128 10 INFO neutron.wsgi [req-95249b5d-9df3-4f0d-b120-6b3a38863b9a req-35b173f3-bef1-48f7-9723-be0d87f1f469 4a74b8b0fd5548b4b772c0d3fdc7ca7e 60ebc48fb9004c21ba869cbb18ebf9a3 - - 913e957380f04e9ea3dc4b71a8ff958a 913e957380f04e9ea3dc4b71a8ff958a] 199.204.45.78 "GET /v2.0/ports?network_id=53086881-f07d-4cc3-82d5-5a25f337917b&device_owner=network%3Adhcp HTTP/1.1" status: 200 len: 210 time: 0.0200951
2026-05-05 23:23:04.135 9 INFO neutron.wsgi [req-161d3c24-ea11-416c-8c8d-f8dde11e9865 req-905a23b6-39f8-4cfc-bf5f-ac8d2bf8a236 93a5ff30217b440796c86b7f185c388c 5568c5f01d8e44f68cbede90512e1604 - - default default] 10.0.0.153 "GET /v2.0/ports?device_id=c5425193-3090-4f09-9d9b-914b6428909b HTTP/1.1" status: 200 len: 1172 time: 0.0401342
2026-05-05 23:23:04.143 9 INFO neutron.db.ovn_revision_numbers_db [None req-a5751a1c-3ee5-4350-abff-5e193fff2dba cc53ead19fd04f48b9de74174830d004 db474edd8c3f4bc483ef002a4b312d07 - - default default] Successfully bumped revision number for resource 0525b3d4-8871-4938-982d-a899348e7abc (type: security_group_rules) to 0
2026-05-05 23:23:04.165 9 INFO neutron.db.ovn_revision_numbers_db [None req-a5751a1c-3ee5-4350-abff-5e193fff2dba cc53ead19fd04f48b9de74174830d004 db474edd8c3f4bc483ef002a4b312d07 - - default default] Successfully bumped revision number for resource 363773b5-1c4c-4804-827e-6d2ec6d6914a (type: security_group_rules) to 0
2026-05-05 23:23:04.183 9 INFO neutron.wsgi [req-161d3c24-ea11-416c-8c8d-f8dde11e9865 req-ef6c3719-3260-4e05-92e3-ac5dd56fa9b5 93a5ff30217b440796c86b7f185c388c 5568c5f01d8e44f68cbede90512e1604 - - default default] 10.0.0.153 "GET /v2.0/security-groups?id=b3e941d6-0b81-45f4-8e69-d9b9fb120362&fields=id&fields=name HTTP/1.1" status: 200 len: 313 time: 0.0400298
2026-05-05 23:23:04.183 9 INFO neutron.db.ovn_revision_numbers_db [None req-a5751a1c-3ee5-4350-abff-5e193fff2dba cc53ead19fd04f48b9de74174830d004 db474edd8c3f4bc483ef002a4b312d07 - - default default] Successfully bumped revision number for resource 436eba8e-1ad9-47b1-9bbc-550be9514a48 (type: security_group_rules) to 0
2026-05-05 23:23:04.192 10 INFO neutron.wsgi [req-95249b5d-9df3-4f0d-b120-6b3a38863b9a req-03bc62fe-5932-4477-905a-c3d4b286d342 4a74b8b0fd5548b4b772c0d3fdc7ca7e 60ebc48fb9004c21ba869cbb18ebf9a3 - - 913e957380f04e9ea3dc4b71a8ff958a 913e957380f04e9ea3dc4b71a8ff958a] 199.204.45.78 "GET /v2.0/networks/53086881-f07d-4cc3-82d5-5a25f337917b?fields=segments HTTP/1.1" status: 200 len: 212 time: 0.0561080
2026-05-05 23:23:04.193 9 INFO neutron.db.ovn_revision_numbers_db [None req-a5751a1c-3ee5-4350-abff-5e193fff2dba cc53ead19fd04f48b9de74174830d004 db474edd8c3f4bc483ef002a4b312d07 - - default default] Successfully bumped revision number for resource 7bd3d579-8f9c-47cc-ae98-99083e786189 (type: security_group_rules) to 0
2026-05-05 23:23:04.214 9 INFO neutron.wsgi [None req-a5751a1c-3ee5-4350-abff-5e193fff2dba cc53ead19fd04f48b9de74174830d004 db474edd8c3f4bc483ef002a4b312d07 - - default default] 10.0.0.175 "GET /v2.0/security-groups?tenant_id=f8632b406cf840c29613fb6102a476b2&name=default HTTP/1.1" status: 200 len: 2996 time: 0.2019062
2026-05-05 23:23:04.262 10 INFO neutron.wsgi [req-95249b5d-9df3-4f0d-b120-6b3a38863b9a req-ef8c6f08-a67d-4c5f-8c8b-eae9af247966 4a74b8b0fd5548b4b772c0d3fdc7ca7e 60ebc48fb9004c21ba869cbb18ebf9a3 - - 913e957380f04e9ea3dc4b71a8ff958a 913e957380f04e9ea3dc4b71a8ff958a] 199.204.45.78 "GET /v2.0/networks/53086881-f07d-4cc3-82d5-5a25f337917b?fields=provider%3Aphysical_network&fields=provider%3Anetwork_type HTTP/1.1" status: 200 len: 277 time: 0.0643778
2026-05-05 23:23:04.350 10 INFO neutron.wsgi [req-5a37d4d1-9757-4260-8b3c-32cec4d5ff61 req-2b042776-a07c-43a3-9945-765aa50243ea 4a74b8b0fd5548b4b772c0d3fdc7ca7e 60ebc48fb9004c21ba869cbb18ebf9a3 - - 913e957380f04e9ea3dc4b71a8ff958a 913e957380f04e9ea3dc4b71a8ff958a] 199.204.45.78 "GET /v2.0/ports?tenant_id=5568c5f01d8e44f68cbede90512e1604&device_id=c5425193-3090-4f09-9d9b-914b6428909b HTTP/1.1" status: 200 len: 1411 time: 0.0447252
2026-05-05 23:23:04.414 9 INFO neutron.wsgi [None req-f2e4d635-b4c0-443f-913f-6ed8b9b5bf07 cc53ead19fd04f48b9de74174830d004 db474edd8c3f4bc483ef002a4b312d07 - - default default] 10.0.0.175 "DELETE /v2.0/security-groups/ca3c703b-dc32-42a5-8363-91bbb000d1ec HTTP/1.1" status: 204 len: 168 time: 0.1963985
2026-05-05 23:23:04.438 10 INFO neutron.wsgi [req-5a37d4d1-9757-4260-8b3c-32cec4d5ff61 req-0eb3778c-3a35-4a2b-87da-9b455a5f6cfa 4a74b8b0fd5548b4b772c0d3fdc7ca7e 60ebc48fb9004c21ba869cbb18ebf9a3 - - 913e957380f04e9ea3dc4b71a8ff958a 913e957380f04e9ea3dc4b71a8ff958a] 199.204.45.78 "GET /v2.0/networks?id=53086881-f07d-4cc3-82d5-5a25f337917b HTTP/1.1" status: 200 len: 957 time: 0.0805304
2026-05-05 23:23:04.444 10 INFO neutron.plugins.ml2.drivers.ovn.mech_driver.mech_driver [None req-5af66a4f-525a-41ec-9b3b-bec5e9ec5c38 - - - - - -] OVN reports status up for port: e52b6f07-576f-44a2-ab17-711e0a6bb147
2026-05-05 23:23:04.470 10 INFO neutron.wsgi [req-5a37d4d1-9757-4260-8b3c-32cec4d5ff61 req-ec5e5ea9-9ecd-4e6d-ab3f-c5558ffd0f12 4a74b8b0fd5548b4b772c0d3fdc7ca7e 60ebc48fb9004c21ba869cbb18ebf9a3 - - 913e957380f04e9ea3dc4b71a8ff958a 913e957380f04e9ea3dc4b71a8ff958a] 199.204.45.78 "GET /v2.0/floatingips?fixed_ip_address=10.100.0.14&port_id=e52b6f07-576f-44a2-ab17-711e0a6bb147 HTTP/1.1" status: 200 len: 217 time: 0.0226352
2026-05-05 23:23:04.474 10 INFO neutron.plugins.ml2.plugin [None req-5af66a4f-525a-41ec-9b3b-bec5e9ec5c38 - - - - - -] Attempt 1 to provision port e52b6f07-576f-44a2-ab17-711e0a6bb147
2026-05-05 23:23:04.521 10 INFO neutron.wsgi [req-5a37d4d1-9757-4260-8b3c-32cec4d5ff61 req-e8299052-6c2a-44cf-b1e6-0a3685d0c2e2 4a74b8b0fd5548b4b772c0d3fdc7ca7e 60ebc48fb9004c21ba869cbb18ebf9a3 - - 913e957380f04e9ea3dc4b71a8ff958a 913e957380f04e9ea3dc4b71a8ff958a] 199.204.45.78 "GET /v2.0/subnets?id=164a2584-1503-4219-99f2-bdc0080086f0 HTTP/1.1" status: 200 len: 853 time: 0.0440180
2026-05-05 23:23:04.558 10 INFO neutron.wsgi [req-5a37d4d1-9757-4260-8b3c-32cec4d5ff61 req-7700f9cf-887d-43d3-9540-3286ae0713a1 4a74b8b0fd5548b4b772c0d3fdc7ca7e 60ebc48fb9004c21ba869cbb18ebf9a3 - - 913e957380f04e9ea3dc4b71a8ff958a 913e957380f04e9ea3dc4b71a8ff958a] 199.204.45.78 "GET /v2.0/ports?network_id=53086881-f07d-4cc3-82d5-5a25f337917b&device_owner=network%3Adhcp HTTP/1.1" status: 200 len: 210 time: 0.0197742
2026-05-05 23:23:04.641 10 INFO neutron.wsgi [req-5a37d4d1-9757-4260-8b3c-32cec4d5ff61 req-2c1a16cb-0a1f-4d7c-b0d0-adf798b74070 4a74b8b0fd5548b4b772c0d3fdc7ca7e 60ebc48fb9004c21ba869cbb18ebf9a3 - - 913e957380f04e9ea3dc4b71a8ff958a 913e957380f04e9ea3dc4b71a8ff958a] 199.204.45.78 "GET /v2.0/networks/53086881-f07d-4cc3-82d5-5a25f337917b?fields=segments HTTP/1.1" status: 200 len: 212 time: 0.0781775
2026-05-05 23:23:04.717 10 INFO neutron.wsgi [req-5a37d4d1-9757-4260-8b3c-32cec4d5ff61 req-b2404bf0-4a82-4be6-91ad-26b3cd31a29e 4a74b8b0fd5548b4b772c0d3fdc7ca7e 60ebc48fb9004c21ba869cbb18ebf9a3 - - 913e957380f04e9ea3dc4b71a8ff958a 913e957380f04e9ea3dc4b71a8ff958a] 199.204.45.78 "GET /v2.0/networks/53086881-f07d-4cc3-82d5-5a25f337917b?fields=provider%3Aphysical_network&fields=provider%3Anetwork_type HTTP/1.1" status: 200 len: 277 time: 0.0686910
2026-05-05 23:23:04.813 10 INFO neutron.db.ovn_revision_numbers_db [None req-5af66a4f-525a-41ec-9b3b-bec5e9ec5c38 - - - - - -] Successfully bumped revision number for resource e52b6f07-576f-44a2-ab17-711e0a6bb147 (type: ports) to 4 /var/lib/openstack/lib/python3.10/site-packages/pycadf/identifier.py:71: UserWarning: Invalid uuid: neutron. To ensure interoperability, identifiers should be a valid uuid. warnings.warn(('Invalid uuid: %s. To ensure interoperability, '
2026-05-05 23:23:05.250 10 INFO neutron.wsgi [req-9c7106fb-0907-4c0e-8a2c-6a1acc8efe8a req-00fef855-4463-46a8-8d89-34159fe48851 4a74b8b0fd5548b4b772c0d3fdc7ca7e 60ebc48fb9004c21ba869cbb18ebf9a3 - - 913e957380f04e9ea3dc4b71a8ff958a 913e957380f04e9ea3dc4b71a8ff958a] 199.204.45.78 "GET /v2.0/ports?device_id=8f10d9ab-37df-45c7-82e4-c44bb152c524&fields=binding%3Ahost_id&fields=binding%3Avif_type HTTP/1.1" status: 200 len: 265 time: 0.0358136
2026-05-05 23:23:05.282 9 INFO neutron.wsgi [req-c9c16665-5381-4e12-aa2b-ac4ecee777d0 req-6f98ae38-92fe-41bb-85af-35222358b149 93a5ff30217b440796c86b7f185c388c 5568c5f01d8e44f68cbede90512e1604 - - default default] 10.0.0.153 "GET /v2.0/ports?device_id=c5425193-3090-4f09-9d9b-914b6428909b HTTP/1.1" status: 200 len: 1174 time: 0.0371296
2026-05-05 23:23:05.336 10 INFO neutron.wsgi [req-9c7106fb-0907-4c0e-8a2c-6a1acc8efe8a req-ace0f659-8eda-4f08-b9a7-37c1f4728bff 4a74b8b0fd5548b4b772c0d3fdc7ca7e 60ebc48fb9004c21ba869cbb18ebf9a3 - - 913e957380f04e9ea3dc4b71a8ff958a 913e957380f04e9ea3dc4b71a8ff958a] 199.204.45.78 "GET /v2.0/ports?tenant_id=5568c5f01d8e44f68cbede90512e1604&device_id=8f10d9ab-37df-45c7-82e4-c44bb152c524 HTTP/1.1" status: 200 len: 1409 time: 0.0486364
2026-05-05 23:23:05.337 9 INFO neutron.wsgi [req-c9c16665-5381-4e12-aa2b-ac4ecee777d0 req-f9255387-4408-48cd-bb9f-7a61979b5077 93a5ff30217b440796c86b7f185c388c 5568c5f01d8e44f68cbede90512e1604 - - default default] 10.0.0.153 "GET /v2.0/security-groups?id=b3e941d6-0b81-45f4-8e69-d9b9fb120362&fields=id&fields=name HTTP/1.1" status: 200 len: 313 time: 0.0477498
2026-05-05 23:23:05.427 10 INFO neutron.wsgi [req-9c7106fb-0907-4c0e-8a2c-6a1acc8efe8a req-a0f75881-f74f-4357-a32f-3f15e20095a5 4a74b8b0fd5548b4b772c0d3fdc7ca7e 60ebc48fb9004c21ba869cbb18ebf9a3 - - 913e957380f04e9ea3dc4b71a8ff958a 913e957380f04e9ea3dc4b71a8ff958a] 199.204.45.78 "GET /v2.0/networks?id=53086881-f07d-4cc3-82d5-5a25f337917b HTTP/1.1" status: 200 len: 957 time: 0.0707395
2026-05-05 23:23:05.455 10 INFO neutron.wsgi [req-9c7106fb-0907-4c0e-8a2c-6a1acc8efe8a req-ca7cf23d-a372-406f-8253-76de47544daa 4a74b8b0fd5548b4b772c0d3fdc7ca7e 60ebc48fb9004c21ba869cbb18ebf9a3 - - 913e957380f04e9ea3dc4b71a8ff958a 913e957380f04e9ea3dc4b71a8ff958a] 199.204.45.78 "GET /v2.0/floatingips?fixed_ip_address=10.100.0.6&port_id=cec00f3d-3e25-4fe5-b239-1ba8865b819a HTTP/1.1" status: 200 len: 217 time: 0.0186021
2026-05-05 23:23:05.492 10 INFO neutron.wsgi [req-9c7106fb-0907-4c0e-8a2c-6a1acc8efe8a req-e405d246-91db-4c34-9aca-2928f9f92a9b 4a74b8b0fd5548b4b772c0d3fdc7ca7e 60ebc48fb9004c21ba869cbb18ebf9a3 - - 913e957380f04e9ea3dc4b71a8ff958a 913e957380f04e9ea3dc4b71a8ff958a] 199.204.45.78 "GET /v2.0/subnets?id=164a2584-1503-4219-99f2-bdc0080086f0 HTTP/1.1" status: 200 len: 853 time: 0.0301309
2026-05-05 23:23:05.517 10 INFO neutron.wsgi [req-9c7106fb-0907-4c0e-8a2c-6a1acc8efe8a req-1faac4a3-b348-4ead-81a3-650d344bb72c 4a74b8b0fd5548b4b772c0d3fdc7ca7e 60ebc48fb9004c21ba869cbb18ebf9a3 - - 913e957380f04e9ea3dc4b71a8ff958a 913e957380f04e9ea3dc4b71a8ff958a] 199.204.45.78 "GET /v2.0/ports?network_id=53086881-f07d-4cc3-82d5-5a25f337917b&device_owner=network%3Adhcp HTTP/1.1" status: 200 len: 210 time: 0.0193751
2026-05-05 23:23:05.583 10 INFO neutron.wsgi [req-9c7106fb-0907-4c0e-8a2c-6a1acc8efe8a req-3bb96b4a-c0b9-486f-92c2-56d8c2adf696 4a74b8b0fd5548b4b772c0d3fdc7ca7e 60ebc48fb9004c21ba869cbb18ebf9a3 - - 913e957380f04e9ea3dc4b71a8ff958a 913e957380f04e9ea3dc4b71a8ff958a] 199.204.45.78 "GET /v2.0/networks/53086881-f07d-4cc3-82d5-5a25f337917b?fields=segments HTTP/1.1" status: 200 len: 212 time: 0.0579088
2026-05-05 23:23:05.647 10 INFO neutron.wsgi [req-9c7106fb-0907-4c0e-8a2c-6a1acc8efe8a req-8444129d-b96b-4d0c-afd7-cbc93df4add6 4a74b8b0fd5548b4b772c0d3fdc7ca7e 60ebc48fb9004c21ba869cbb18ebf9a3 - - 913e957380f04e9ea3dc4b71a8ff958a 913e957380f04e9ea3dc4b71a8ff958a] 199.204.45.78 "GET /v2.0/networks/53086881-f07d-4cc3-82d5-5a25f337917b?fields=provider%3Aphysical_network&fields=provider%3Anetwork_type HTTP/1.1" status: 200 len: 277 time: 0.0566971
2026-05-05 23:23:06.028 10 INFO neutron.notifiers.nova [-] Nova event matching ['req-421c130f-4e4c-4375-b86c-2f99721244b6'] response: {'server_uuid': 'c5425193-3090-4f09-9d9b-914b6428909b', 'name': 'network-vif-plugged', 'status': 'completed', 'tag': 'e52b6f07-576f-44a2-ab17-711e0a6bb147', 'code': 200}
2026-05-05 23:23:06.029 10 INFO neutron.notifiers.nova [-] Nova event matching ['req-421c130f-4e4c-4375-b86c-2f99721244b6'] response: {'server_uuid': 'c5425193-3090-4f09-9d9b-914b6428909b', 'name': 'network-vif-plugged', 'status': 'completed', 'tag': 'e52b6f07-576f-44a2-ab17-711e0a6bb147', 'code': 200}
2026-05-05 23:23:06.486 9 INFO neutron.wsgi [req-3ef1dc8a-9558-4eca-a9c2-1bdf34b0dc26 req-d6d237b8-9c63-4392-9629-0903f79ddf31 93a5ff30217b440796c86b7f185c388c 5568c5f01d8e44f68cbede90512e1604 - - default default] 10.0.0.153 "GET /v2.0/ports?device_id=c5425193-3090-4f09-9d9b-914b6428909b HTTP/1.1" status: 200 len: 1174 time: 0.0514209
