2026-05-05 22:48:43.518 9 INFO neutron.db.ovn_revision_numbers_db [None req-ebd6553c-eafc-455f-816b-7c8fdfa341d0 cc53ead19fd04f48b9de74174830d004 db474edd8c3f4bc483ef002a4b312d07 - - default default] Successfully bumped revision number for resource c1cf3431-fd8c-4532-9111-06162d563652 (type: subnets) to 0
2026-05-05 22:48:43.531 9 INFO neutron.wsgi [None req-ebd6553c-eafc-455f-816b-7c8fdfa341d0 cc53ead19fd04f48b9de74174830d004 db474edd8c3f4bc483ef002a4b312d07 - - default default] 199.204.45.78,10.0.0.104 "POST /v2.0/subnets HTTP/1.1" status: 201 len: 821 time: 0.9318025
2026-05-05 22:48:45.538 15 INFO neutron.plugins.ml2.drivers.ovn.mech_driver.ovsdb.extensions.qos [None req-69a379bc-0b83-45eb-9094-1456c6c2c770 - - - - - -] Starting OVNClientQosExtension
2026-05-05 22:48:45.562 15 INFO neutron.plugins.ml2.drivers.ovn.mech_driver.ovsdb.extensions.qos [None req-69a379bc-0b83-45eb-9094-1456c6c2c770 - - - - - -] Starting OVNClientQosExtension
2026-05-05 22:48:53.280 10 INFO neutron.wsgi [-] 10.0.0.104 "GET / HTTP/1.1" status: 200 len: 246 time: 0.0018835
2026-05-05 22:49:08.281 9 INFO neutron.wsgi [-] 10.0.0.104 "GET / HTTP/1.1" status: 200 len: 246 time: 0.0028217
2026-05-05 22:49:23.281 9 INFO neutron.wsgi [-] 10.0.0.104 "GET / HTTP/1.1" status: 200 len: 246 time: 0.0032408
2026-05-05 22:49:38.281 9 INFO neutron.wsgi [-] 10.0.0.104 "GET / HTTP/1.1" status: 200 len: 246 time: 0.0024304
2026-05-05 22:49:38.282 10 INFO neutron.wsgi [-] 10.0.0.104 "GET / HTTP/1.1" status: 200 len: 246 time: 0.0030470
2026-05-05 22:49:53.281 9 INFO neutron.wsgi [-] 10.0.0.104 "GET / HTTP/1.1" status: 200 len: 246 time: 0.0026476
2026-05-05 22:49:53.283 10 INFO neutron.wsgi [-] 10.0.0.104 "GET / HTTP/1.1" status: 200 len: 246 time: 0.0042317
2026-05-05 22:50:08.283 9 INFO neutron.wsgi [-] 10.0.0.104 "GET / HTTP/1.1" status: 200 len: 246 time: 0.0044630
2026-05-05 22:50:08.286 9 INFO neutron.wsgi [-] 10.0.0.104 "GET / HTTP/1.1" status: 200 len: 246 time: 0.0022204
2026-05-05 22:50:23.280 10 INFO neutron.wsgi [-] 10.0.0.104 "GET / HTTP/1.1" status: 200 len: 246 time: 0.0023019
2026-05-05 22:50:23.288 9 INFO neutron.wsgi [-] 10.0.0.104 "GET / HTTP/1.1" status: 200 len: 246 time: 0.0054789
2026-05-05 22:50:38.281 9 INFO neutron.wsgi [-] 10.0.0.104 "GET / HTTP/1.1" status: 200 len: 246 time: 0.0025117
2026-05-05 22:50:38.281 10 INFO neutron.wsgi [-] 10.0.0.104 "GET / HTTP/1.1" status: 200 len: 246 time: 0.0022466
2026-05-05 22:50:53.281 10 INFO neutron.wsgi [-] 10.0.0.104 "GET / HTTP/1.1" status: 200 len: 246 time: 0.0018504
2026-05-05 22:50:53.282 10 INFO neutron.wsgi [-] 10.0.0.104 "GET / HTTP/1.1" status: 200 len: 246 time: 0.0011473
2026-05-05 22:51:08.280 10 INFO neutron.wsgi [-] 10.0.0.104 "GET / HTTP/1.1" status: 200 len: 246 time: 0.0021970
2026-05-05 22:51:08.281 9 INFO neutron.wsgi [-] 10.0.0.104 "GET / HTTP/1.1" status: 200 len: 246 time: 0.0027885
2026-05-05 22:51:23.280 9 INFO neutron.wsgi [-] 10.0.0.104 "GET / HTTP/1.1" status: 200 len: 246 time: 0.0017157
2026-05-05 22:51:23.285 10 INFO neutron.wsgi [-] 10.0.0.104 "GET / HTTP/1.1" status: 200 len: 246 time: 0.0060484
2026-05-05 22:51:38.281 10 INFO neutron.wsgi [-] 10.0.0.104 "GET / HTTP/1.1" status: 200 len: 246 time: 0.0023518
2026-05-05 22:51:38.281 9 INFO neutron.wsgi [-] 10.0.0.104 "GET / HTTP/1.1" status: 200 len: 246 time: 0.0026042
2026-05-05 22:51:53.281 9 INFO neutron.wsgi [-] 10.0.0.104 "GET / HTTP/1.1" status: 200 len: 246 time: 0.0024509
2026-05-05 22:51:53.283 9 INFO neutron.wsgi [-] 10.0.0.104 "GET / HTTP/1.1" status: 200 len: 246 time: 0.0009832
2026-05-05 22:52:08.281 9 INFO neutron.wsgi [-] 10.0.0.104 "GET / HTTP/1.1" status: 200 len: 246 time: 0.0024583
2026-05-05 22:52:08.282 10 INFO neutron.wsgi [-] 10.0.0.104 "GET / HTTP/1.1" status: 200 len: 246 time: 0.0035162
2026-05-05 22:52:23.281 10 INFO neutron.wsgi [-] 10.0.0.104 "GET / HTTP/1.1" status: 200 len: 246 time: 0.0025148
2026-05-05 22:52:23.282 9 INFO neutron.wsgi [-] 10.0.0.104 "GET / HTTP/1.1" status: 200 len: 246 time: 0.0034013
2026-05-05 22:52:38.279 9 INFO neutron.wsgi [-] 10.0.0.104 "GET / HTTP/1.1" status: 200 len: 246 time: 0.0016584
2026-05-05 22:52:38.280 10 INFO neutron.wsgi [-] 10.0.0.104 "GET / HTTP/1.1" status: 200 len: 246 time: 0.0024922
2026-05-05 22:52:53.281 9 INFO neutron.wsgi [-] 10.0.0.104 "GET / HTTP/1.1" status: 200 len: 246 time: 0.0025036
2026-05-05 22:52:53.281 10 INFO neutron.wsgi [-] 10.0.0.104 "GET / HTTP/1.1" status: 200 len: 246 time: 0.0027604
2026-05-05 22:53:08.281 9 INFO neutron.wsgi [-] 10.0.0.104 "GET / HTTP/1.1" status: 200 len: 246 time: 0.0026946
2026-05-05 22:53:08.284 9 INFO neutron.wsgi [-] 10.0.0.104 "GET / HTTP/1.1" status: 200 len: 246 time: 0.0019641
2026-05-05 22:53:10.040 9 INFO neutron.pecan_wsgi.hooks.translation [None req-42d3dd45-4295-4cbe-9c88-5099c88193d1 cc53ead19fd04f48b9de74174830d004 db474edd8c3f4bc483ef002a4b312d07 - - default default] GET failed (client error): The resource could not be found.
2026-05-05 22:53:10.041 9 INFO neutron.wsgi [None req-42d3dd45-4295-4cbe-9c88-5099c88193d1 cc53ead19fd04f48b9de74174830d004 db474edd8c3f4bc483ef002a4b312d07 - - default default] 199.204.45.78,10.0.0.104 "GET /v2.0/networks/lb-mgmt-net HTTP/1.1" status: 404 len: 295 time: 0.1409085
2026-05-05 22:53:10.060 9 INFO neutron.wsgi [None req-a76ed083-efda-4018-9479-f584f1806562 cc53ead19fd04f48b9de74174830d004 db474edd8c3f4bc483ef002a4b312d07 - - default default] 199.204.45.78,10.0.0.104 "GET /v2.0/networks?name=lb-mgmt-net HTTP/1.1" status: 200 len: 189 time: 0.0140018
2026-05-05 22:53:10.150 9 INFO neutron.db.segments_db [None req-5025ce7c-433a-404e-a026-cc1a77a8f856 cc53ead19fd04f48b9de74174830d004 db474edd8c3f4bc483ef002a4b312d07 - - default default] Added segment b3a3a735-eb9e-4704-a4aa-29c40791c4f9 of type geneve for network 261255df-33fd-4ba4-9a78-5c8cbe40f2d6
2026-05-05 22:53:10.297 9 INFO neutron.db.ovn_revision_numbers_db [None req-5025ce7c-433a-404e-a026-cc1a77a8f856 cc53ead19fd04f48b9de74174830d004 db474edd8c3f4bc483ef002a4b312d07 - - default default] Successfully bumped revision number for resource 261255df-33fd-4ba4-9a78-5c8cbe40f2d6 (type: networks) to 1
2026-05-05 22:53:10.449 9 WARNING neutron.scheduler.dhcp_agent_scheduler [None req-5025ce7c-433a-404e-a026-cc1a77a8f856 cc53ead19fd04f48b9de74174830d004 db474edd8c3f4bc483ef002a4b312d07 - - default default] No more DHCP agents
2026-05-05 22:53:10.450 9 WARNING neutron.api.rpc.agentnotifiers.dhcp_rpc_agent_api [None req-5025ce7c-433a-404e-a026-cc1a77a8f856 cc53ead19fd04f48b9de74174830d004 db474edd8c3f4bc483ef002a4b312d07 - - default default] Unable to schedule network 261255df-33fd-4ba4-9a78-5c8cbe40f2d6: no agents available; will retry on subsequent port and subnet creation events.
2026-05-05 22:53:10.517 9 INFO neutron.db.ovn_revision_numbers_db [None req-5025ce7c-433a-404e-a026-cc1a77a8f856 cc53ead19fd04f48b9de74174830d004 db474edd8c3f4bc483ef002a4b312d07 - - default default] Successfully bumped revision number for resource 85c8c4ff-1c60-4cb3-b39e-3c63ed660c00 (type: ports) to 1
2026-05-05 22:53:10.535 9 INFO neutron.wsgi [None req-5025ce7c-433a-404e-a026-cc1a77a8f856 cc53ead19fd04f48b9de74174830d004 db474edd8c3f4bc483ef002a4b312d07 - - default default] 199.204.45.78,10.0.0.104 "POST /v2.0/networks HTTP/1.1" status: 201 len: 890 time: 0.4682784
2026-05-05 22:53:11.456 9 INFO neutron.pecan_wsgi.hooks.translation [None req-d9a5afd9-6248-4491-a6a8-8bf23235b8be cc53ead19fd04f48b9de74174830d004 db474edd8c3f4bc483ef002a4b312d07 - - default default] GET failed (client error): The resource could not be found.
2026-05-05 22:53:11.458 9 INFO neutron.wsgi [None req-d9a5afd9-6248-4491-a6a8-8bf23235b8be cc53ead19fd04f48b9de74174830d004 db474edd8c3f4bc483ef002a4b312d07 - - default default] 199.204.45.78,10.0.0.104 "GET /v2.0/networks/lb-mgmt-net HTTP/1.1" status: 404 len: 295 time: 0.0535750
2026-05-05 22:53:11.505 9 INFO neutron.wsgi [None req-d9681683-a698-4aac-a21d-fb67c8e430aa cc53ead19fd04f48b9de74174830d004 db474edd8c3f4bc483ef002a4b312d07 - - default default] 199.204.45.78,10.0.0.104 "GET /v2.0/networks?name=lb-mgmt-net HTTP/1.1" status: 200 len: 875 time: 0.0397425
2026-05-05 22:53:11.533 9 INFO neutron.pecan_wsgi.hooks.translation [None req-626b6ba2-fd48-4a72-8b43-999d34675c03 cc53ead19fd04f48b9de74174830d004 db474edd8c3f4bc483ef002a4b312d07 - - default default] GET failed (client error): The resource could not be found.
2026-05-05 22:53:11.534 9 INFO neutron.wsgi [None req-626b6ba2-fd48-4a72-8b43-999d34675c03 cc53ead19fd04f48b9de74174830d004 db474edd8c3f4bc483ef002a4b312d07 - - default default] 199.204.45.78,10.0.0.104 "GET /v2.0/subnets/lb-mgmt-subnet?network_id=261255df-33fd-4ba4-9a78-5c8cbe40f2d6 HTTP/1.1" status: 404 len: 296 time: 0.0185919
2026-05-05 22:53:11.554 9 INFO neutron.wsgi [None req-42b25eb7-41fe-48b6-bd27-289fcef43a66 cc53ead19fd04f48b9de74174830d004 db474edd8c3f4bc483ef002a4b312d07 - - default default] 199.204.45.78,10.0.0.104 "GET /v2.0/subnets?name=lb-mgmt-subnet&network_id=261255df-33fd-4ba4-9a78-5c8cbe40f2d6 HTTP/1.1" status: 200 len: 188 time: 0.0161440
2026-05-05 22:53:11.695 9 WARNING neutron.scheduler.dhcp_agent_scheduler [None req-03c1973b-aed2-4a1b-95d2-789a743d2b2b cc53ead19fd04f48b9de74174830d004 db474edd8c3f4bc483ef002a4b312d07 - - default default] No more DHCP agents
2026-05-05 22:53:11.696 9 WARNING neutron.api.rpc.agentnotifiers.dhcp_rpc_agent_api [None req-03c1973b-aed2-4a1b-95d2-789a743d2b2b cc53ead19fd04f48b9de74174830d004 db474edd8c3f4bc483ef002a4b312d07 - - default default] Unable to schedule network 261255df-33fd-4ba4-9a78-5c8cbe40f2d6: no agents available; will retry on subsequent port and subnet creation events.
2026-05-05 22:53:12.231 9 INFO neutron.db.ovn_revision_numbers_db [None req-03c1973b-aed2-4a1b-95d2-789a743d2b2b cc53ead19fd04f48b9de74174830d004 db474edd8c3f4bc483ef002a4b312d07 - - default default] Successfully bumped revision number for resource 85c8c4ff-1c60-4cb3-b39e-3c63ed660c00 (type: ports) to 2
2026-05-05 22:53:12.265 9 INFO neutron.db.ovn_revision_numbers_db [None req-03c1973b-aed2-4a1b-95d2-789a743d2b2b cc53ead19fd04f48b9de74174830d004 db474edd8c3f4bc483ef002a4b312d07 - - default default] Successfully bumped revision number for resource 50fdcea5-4125-413c-b03d-d004736052bd (type: subnets) to 0
2026-05-05 22:53:12.281 9 INFO neutron.wsgi [None req-03c1973b-aed2-4a1b-95d2-789a743d2b2b cc53ead19fd04f48b9de74174830d004 db474edd8c3f4bc483ef002a4b312d07 - - default default] 199.204.45.78,10.0.0.104 "POST /v2.0/subnets HTTP/1.1" status: 201 len: 807 time: 0.7218258
2026-05-05 22:53:13.356 9 INFO neutron.api.v2.resource [None req-cacf818f-c93e-43d2-acb6-96a45083927a cc53ead19fd04f48b9de74174830d004 db474edd8c3f4bc483ef002a4b312d07 - - default default] show failed (client error): The resource could not be found.
2026-05-05 22:53:13.358 9 INFO neutron.wsgi [None req-cacf818f-c93e-43d2-acb6-96a45083927a cc53ead19fd04f48b9de74174830d004 db474edd8c3f4bc483ef002a4b312d07 - - default default] 199.204.45.78,10.0.0.104 "GET /v2.0/security-groups/lb-health-mgr-sec-grp HTTP/1.1" status: 404 len: 313 time: 0.0457456
2026-05-05 22:53:13.385 9 INFO neutron.wsgi [None req-9a376313-db51-4eb3-a70f-3f31e7026e80 cc53ead19fd04f48b9de74174830d004 db474edd8c3f4bc483ef002a4b312d07 - - default default] 199.204.45.78,10.0.0.104 "GET /v2.0/security-groups?name=lb-health-mgr-sec-grp HTTP/1.1" status: 200 len: 197 time: 0.0237513
2026-05-05 22:53:13.514 9 INFO neutron.db.ovn_revision_numbers_db [None req-ddcdcdc7-b84a-42d7-b08b-5d9abaa83e4f cc53ead19fd04f48b9de74174830d004 db474edd8c3f4bc483ef002a4b312d07 - - default default] Successfully bumped revision number for resource e9af065b-225d-44f7-80bd-111ca408f827 (type: security_groups) to 1
2026-05-05 22:53:13.527 9 INFO neutron.db.ovn_revision_numbers_db [None req-ddcdcdc7-b84a-42d7-b08b-5d9abaa83e4f cc53ead19fd04f48b9de74174830d004 db474edd8c3f4bc483ef002a4b312d07 - - default default] Successfully bumped revision number for resource 8663db4f-bafc-496f-9681-bf0dfca99af5 (type: security_group_rules) to 0
2026-05-05 22:53:13.540 9 INFO neutron.db.ovn_revision_numbers_db [None req-ddcdcdc7-b84a-42d7-b08b-5d9abaa83e4f cc53ead19fd04f48b9de74174830d004 db474edd8c3f4bc483ef002a4b312d07 - - default default] Successfully bumped revision number for resource f0f9e079-4d39-49d4-9b8d-cab8b6382bab (type: security_group_rules) to 0
2026-05-05 22:53:13.556 9 INFO neutron.wsgi [None req-ddcdcdc7-b84a-42d7-b08b-5d9abaa83e4f cc53ead19fd04f48b9de74174830d004 db474edd8c3f4bc483ef002a4b312d07 - - default default] 199.204.45.78,10.0.0.104 "POST /v2.0/security-groups HTTP/1.1" status: 201 len: 1733 time: 0.1652331
2026-05-05 22:53:14.684 9 INFO neutron.wsgi [None req-96335c8b-8ab9-4cd0-8d07-49eedaa4f04e cc53ead19fd04f48b9de74174830d004 db474edd8c3f4bc483ef002a4b312d07 - - default default] 199.204.45.78,10.0.0.104 "GET /v2.0/security-groups/e9af065b-225d-44f7-80bd-111ca408f827 HTTP/1.1" status: 200 len: 1728 time: 0.0728738
2026-05-05 22:53:14.723 9 INFO neutron.wsgi [None req-4c2a6618-2578-4259-87ab-588e49a604d8 cc53ead19fd04f48b9de74174830d004 db474edd8c3f4bc483ef002a4b312d07 - - default default] 199.204.45.78,10.0.0.104 "GET /v2.0/security-groups/e9af065b-225d-44f7-80bd-111ca408f827 HTTP/1.1" status: 200 len: 1728 time: 0.0305648
2026-05-05 22:53:14.757 9 INFO neutron.wsgi [None req-ec220b92-cf48-42c9-9cad-c61eecb6c241 cc53ead19fd04f48b9de74174830d004 db474edd8c3f4bc483ef002a4b312d07 - - default default] 199.204.45.78,10.0.0.104 "GET /v2.0/security-groups/e9af065b-225d-44f7-80bd-111ca408f827 HTTP/1.1" status: 200 len: 1728 time: 0.0250993
2026-05-05 22:53:14.882 9 INFO neutron.db.ovn_revision_numbers_db [None req-417ac884-0b18-4563-a5b2-fc9b9f8e11fc cc53ead19fd04f48b9de74174830d004 db474edd8c3f4bc483ef002a4b312d07 - - default default] Successfully bumped revision number for resource 0cf5f7a5-293b-4717-819d-d20eb824f40f (type: security_group_rules) to 0
2026-05-05 22:53:14.915 9 INFO neutron.wsgi [None req-417ac884-0b18-4563-a5b2-fc9b9f8e11fc cc53ead19fd04f48b9de74174830d004 db474edd8c3f4bc483ef002a4b312d07 - - default default] 199.204.45.78,10.0.0.104 "POST /v2.0/security-group-rules HTTP/1.1" status: 201 len: 749 time: 0.1534371
2026-05-05 22:53:15.796 9 INFO neutron.wsgi [None req-f3ececdb-1c8b-48a7-be62-d800d660ebdf cc53ead19fd04f48b9de74174830d004 db474edd8c3f4bc483ef002a4b312d07 - - default default] 199.204.45.78,10.0.0.104 "GET /v2.0/security-groups/e9af065b-225d-44f7-80bd-111ca408f827 HTTP/1.1" status: 200 len: 2310 time: 0.0680535
2026-05-05 22:53:15.837 9 INFO neutron.wsgi [None req-e380bcce-8506-4db2-af6c-7e2f0c5c155a cc53ead19fd04f48b9de74174830d004 db474edd8c3f4bc483ef002a4b312d07 - - default default] 199.204.45.78,10.0.0.104 "GET /v2.0/security-groups/e9af065b-225d-44f7-80bd-111ca408f827 HTTP/1.1" status: 200 len: 2310 time: 0.0331099
2026-05-05 22:53:15.874 9 INFO neutron.wsgi [None req-14946b9c-a25f-46a1-94b6-0164b7eec35e cc53ead19fd04f48b9de74174830d004 db474edd8c3f4bc483ef002a4b312d07 - - default default] 199.204.45.78,10.0.0.104 "GET /v2.0/security-groups/e9af065b-225d-44f7-80bd-111ca408f827 HTTP/1.1" status: 200 len: 2310 time: 0.0281467
2026-05-05 22:53:16.023 9 INFO neutron.db.ovn_revision_numbers_db [None req-72589c6e-9b8a-4a37-b354-a5f6db078b34 cc53ead19fd04f48b9de74174830d004 db474edd8c3f4bc483ef002a4b312d07 - - default default] Successfully bumped revision number for resource 6a4b2fae-ee38-4dbe-871f-742b8b15a54c (type: security_group_rules) to 0
2026-05-05 22:53:16.056 9 INFO neutron.wsgi [None req-72589c6e-9b8a-4a37-b354-a5f6db078b34 cc53ead19fd04f48b9de74174830d004 db474edd8c3f4bc483ef002a4b312d07 - - default default] 199.204.45.78,10.0.0.104 "POST /v2.0/security-group-rules HTTP/1.1" status: 201 len: 751 time: 0.1737595
2026-05-05 22:53:16.944 9 INFO neutron.wsgi [None req-69f93000-efcd-4112-b4bb-ca2261aaf7be cc53ead19fd04f48b9de74174830d004 db474edd8c3f4bc483ef002a4b312d07 - - default default] 199.204.45.78,10.0.0.104 "GET /v2.0/security-groups/e9af065b-225d-44f7-80bd-111ca408f827 HTTP/1.1" status: 200 len: 2894 time: 0.0763261
2026-05-05 22:53:16.983 9 INFO neutron.wsgi [None req-3a9b0bf6-c340-4705-9aa5-557c1018663e cc53ead19fd04f48b9de74174830d004 db474edd8c3f4bc483ef002a4b312d07 - - default default] 199.204.45.78,10.0.0.104 "GET /v2.0/security-groups/e9af065b-225d-44f7-80bd-111ca408f827 HTTP/1.1" status: 200 len: 2894 time: 0.0311720
2026-05-05 22:53:17.025 9 INFO neutron.wsgi [None req-9b3bd106-35be-4010-b3fb-45361a480f0c cc53ead19fd04f48b9de74174830d004 db474edd8c3f4bc483ef002a4b312d07 - - default default] 199.204.45.78,10.0.0.104 "GET /v2.0/security-groups/e9af065b-225d-44f7-80bd-111ca408f827 HTTP/1.1" status: 200 len: 2894 time: 0.0366111
2026-05-05 22:53:17.158 9 INFO neutron.db.ovn_revision_numbers_db [None req-a0fff9be-6e0f-4933-8a4d-5aead57571f1 cc53ead19fd04f48b9de74174830d004 db474edd8c3f4bc483ef002a4b312d07 - - default default] Successfully bumped revision number for resource ba7d6228-884a-495c-82f9-e2daa8d4b198 (type: security_group_rules) to 0
2026-05-05 22:53:17.181 9 INFO neutron.wsgi [None req-a0fff9be-6e0f-4933-8a4d-5aead57571f1 cc53ead19fd04f48b9de74174830d004 db474edd8c3f4bc483ef002a4b312d07 - - default default] 199.204.45.78,10.0.0.104 "POST /v2.0/security-group-rules HTTP/1.1" status: 201 len: 751 time: 0.1491027
2026-05-05 22:53:18.068 9 INFO neutron.wsgi [None req-10585c45-5598-41ab-83fb-493809f9270b cc53ead19fd04f48b9de74174830d004 db474edd8c3f4bc483ef002a4b312d07 - - default default] 199.204.45.78,10.0.0.104 "GET /v2.0/security-groups/e9af065b-225d-44f7-80bd-111ca408f827 HTTP/1.1" status: 200 len: 3478 time: 0.0639532
2026-05-05 22:53:18.106 9 INFO neutron.wsgi [None req-737fc035-fb6d-4d97-8f95-659f82647a35 cc53ead19fd04f48b9de74174830d004 db474edd8c3f4bc483ef002a4b312d07 - - default default] 199.204.45.78,10.0.0.104 "GET /v2.0/security-groups/e9af065b-225d-44f7-80bd-111ca408f827 HTTP/1.1" status: 200 len: 3478 time: 0.0327728
2026-05-05 22:53:18.143 9 INFO neutron.wsgi [None req-be2da5f1-e144-4936-9396-3ebde207f37a cc53ead19fd04f48b9de74174830d004 db474edd8c3f4bc483ef002a4b312d07 - - default default] 199.204.45.78,10.0.0.104 "GET /v2.0/security-groups/e9af065b-225d-44f7-80bd-111ca408f827 HTTP/1.1" status: 200 len: 3478 time: 0.0305409
2026-05-05 22:53:18.260 9 INFO neutron.db.ovn_revision_numbers_db [None req-3ccf199e-9e63-486a-b98e-a85099656ccd cc53ead19fd04f48b9de74174830d004 db474edd8c3f4bc483ef002a4b312d07 - - default default] Successfully bumped revision number for resource 87fb629a-74f1-41e3-9965-33346e7cf8e1 (type: security_group_rules) to 0
2026-05-05 22:53:18.280 9 INFO neutron.wsgi [None req-3ccf199e-9e63-486a-b98e-a85099656ccd cc53ead19fd04f48b9de74174830d004 db474edd8c3f4bc483ef002a4b312d07 - - default default] 199.204.45.78,10.0.0.104 "POST /v2.0/security-group-rules HTTP/1.1" status: 201 len: 751 time: 0.1305606
2026-05-05 22:53:19.163 9 INFO neutron.wsgi [None req-46a4ab67-6f78-49b9-8e82-66a5face0f9a cc53ead19fd04f48b9de74174830d004 db474edd8c3f4bc483ef002a4b312d07 - - default default] 199.204.45.78,10.0.0.104 "GET /v2.0/security-groups/e9af065b-225d-44f7-80bd-111ca408f827 HTTP/1.1" status: 200 len: 4062 time: 0.0697036
2026-05-05 22:53:19.203 9 INFO neutron.wsgi [None req-db2fbe81-113a-4ebb-83ba-489fea74d673 cc53ead19fd04f48b9de74174830d004 db474edd8c3f4bc483ef002a4b312d07 - - default default] 199.204.45.78,10.0.0.104 "GET /v2.0/security-groups/e9af065b-225d-44f7-80bd-111ca408f827 HTTP/1.1" status: 200 len: 4062 time: 0.0320373
2026-05-05 22:53:19.237 9 INFO neutron.wsgi [None req-1dcd52d2-b8c8-4d9b-b01e-43cdec41f95f cc53ead19fd04f48b9de74174830d004 db474edd8c3f4bc483ef002a4b312d07 - - default default] 199.204.45.78,10.0.0.104 "GET /v2.0/security-groups/e9af065b-225d-44f7-80bd-111ca408f827 HTTP/1.1" status: 200 len: 4062 time: 0.0250838
2026-05-05 22:53:19.377 9 INFO neutron.db.ovn_revision_numbers_db [None req-58cd3ed0-1219-4732-b039-d70a123cabb7 cc53ead19fd04f48b9de74174830d004 db474edd8c3f4bc483ef002a4b312d07 - - default default] Successfully bumped revision number for resource ef2984c3-f5a2-4acc-ab54-62b2170111cb (type: security_group_rules) to 0
2026-05-05 22:53:19.401 9 INFO neutron.wsgi [None req-58cd3ed0-1219-4732-b039-d70a123cabb7 cc53ead19fd04f48b9de74174830d004 db474edd8c3f4bc483ef002a4b312d07 - - default default] 199.204.45.78,10.0.0.104 "POST /v2.0/security-group-rules HTTP/1.1" status: 201 len: 751 time: 0.1546171
2026-05-05 22:53:20.755 9 INFO neutron.wsgi [None req-84e2ce74-45bb-477b-9287-02a555710958 cc53ead19fd04f48b9de74174830d004 db474edd8c3f4bc483ef002a4b312d07 - - default default] 199.204.45.78,10.0.0.104 "GET /v2.0/networks/261255df-33fd-4ba4-9a78-5c8cbe40f2d6 HTTP/1.1" status: 200 len: 910 time: 0.0924423
2026-05-05 22:53:20.780 9 INFO neutron.pecan_wsgi.hooks.translation [None req-c3f620b5-33f5-4e2a-8de9-39b6ff34a235 cc53ead19fd04f48b9de74174830d004 db474edd8c3f4bc483ef002a4b312d07 - - default default] GET failed (client error): The resource could not be found.
2026-05-05 22:53:20.781 9 INFO neutron.wsgi [None req-c3f620b5-33f5-4e2a-8de9-39b6ff34a235 cc53ead19fd04f48b9de74174830d004 db474edd8c3f4bc483ef002a4b312d07 - - default default] 199.204.45.78,10.0.0.104 "GET /v2.0/ports/octavia-health-manager-port-instance?network_id=261255df-33fd-4ba4-9a78-5c8cbe40f2d6 HTTP/1.1" status: 404 len: 314 time: 0.0212474
2026-05-05 22:53:20.813 9 INFO neutron.wsgi [None req-e80f66e3-afe8-441d-881e-8cd9b6a9fcdc cc53ead19fd04f48b9de74174830d004 db474edd8c3f4bc483ef002a4b312d07 - - default default] 199.204.45.78,10.0.0.104 "GET /v2.0/ports?name=octavia-health-manager-port-instance&network_id=261255df-33fd-4ba4-9a78-5c8cbe40f2d6 HTTP/1.1" status: 200 len: 186 time: 0.0291479
2026-05-05 22:53:20.843 9 INFO neutron.wsgi [None req-05612f0a-ec36-4151-b7b7-cd9a9a0365b6 cc53ead19fd04f48b9de74174830d004 db474edd8c3f4bc483ef002a4b312d07 - - default default] 199.204.45.78,10.0.0.104 "GET /v2.0/security-groups/e9af065b-225d-44f7-80bd-111ca408f827 HTTP/1.1" status: 200 len: 4646 time: 0.0279665
2026-05-05 22:53:21.077 9 WARNING neutron.scheduler.dhcp_agent_scheduler [None req-57f05159-c902-48c1-86a2-45122d46fa9e cc53ead19fd04f48b9de74174830d004 db474edd8c3f4bc483ef002a4b312d07 - - default default] No more DHCP agents
2026-05-05 22:53:21.078 9 WARNING neutron.api.rpc.agentnotifiers.dhcp_rpc_agent_api [None req-57f05159-c902-48c1-86a2-45122d46fa9e cc53ead19fd04f48b9de74174830d004 db474edd8c3f4bc483ef002a4b312d07 - - default default] Unable to schedule network 261255df-33fd-4ba4-9a78-5c8cbe40f2d6: no agents available; will retry on subsequent port and subnet creation events.
2026-05-05 22:53:21.249 9 INFO neutron.db.ovn_revision_numbers_db [None req-57f05159-c902-48c1-86a2-45122d46fa9e cc53ead19fd04f48b9de74174830d004 db474edd8c3f4bc483ef002a4b312d07 - - default default] Successfully bumped revision number for resource b0ee498f-bd3d-4ffe-9617-9bde8b39b682 (type: ports) to 1
2026-05-05 22:53:21.267 9 INFO neutron.wsgi [None req-57f05159-c902-48c1-86a2-45122d46fa9e cc53ead19fd04f48b9de74174830d004 db474edd8c3f4bc483ef002a4b312d07 - - default default] 199.204.45.78,10.0.0.104 "POST /v2.0/ports HTTP/1.1" status: 201 len: 1281 time: 0.4193544
2026-05-05 22:53:23.281 10 INFO neutron.wsgi [-] 10.0.0.104 "GET / HTTP/1.1" status: 200 len: 246 time: 0.0029068
2026-05-05 22:53:23.281 9 INFO neutron.wsgi [-] 10.0.0.104 "GET / HTTP/1.1" status: 200 len: 246 time: 0.0027070 /var/lib/openstack/lib/python3.10/site-packages/pycadf/identifier.py:71: UserWarning: Invalid uuid: unknown. To ensure interoperability, identifiers should be a valid uuid. warnings.warn(('Invalid uuid: %s. To ensure interoperability, '
2026-05-05 22:53:26.889 9 INFO neutron.pecan_wsgi.hooks.translation [None req-52c95943-37ad-40c2-a9a6-d5312a18bb78 cc53ead19fd04f48b9de74174830d004 db474edd8c3f4bc483ef002a4b312d07 - - default default] GET failed (client error): The resource could not be found.
2026-05-05 22:53:26.890 9 INFO neutron.wsgi [None req-52c95943-37ad-40c2-a9a6-d5312a18bb78 cc53ead19fd04f48b9de74174830d004 db474edd8c3f4bc483ef002a4b312d07 - - default default] 199.204.45.78,10.0.0.104 "GET /v2.0/ports/octavia-health-manager-port-instance HTTP/1.1" status: 404 len: 314 time: 0.0561695
2026-05-05 22:53:26.935 9 INFO neutron.wsgi [None req-9af88d7e-9ab7-4446-93c6-fc3c3feab7ad cc53ead19fd04f48b9de74174830d004 db474edd8c3f4bc483ef002a4b312d07 - - default default] 199.204.45.78,10.0.0.104 "GET /v2.0/ports?name=octavia-health-manager-port-instance HTTP/1.1" status: 200 len: 1279 time: 0.0424693
2026-05-05 22:53:27.333 9 INFO neutron.db.ovn_revision_numbers_db [None req-230845ee-7552-480e-9342-656d9757471a cc53ead19fd04f48b9de74174830d004 db474edd8c3f4bc483ef002a4b312d07 - - default default] Successfully bumped revision number for resource b0ee498f-bd3d-4ffe-9617-9bde8b39b682 (type: ports) to 1
2026-05-05 22:53:27.565 9 INFO neutron.db.ovn_revision_numbers_db [None req-230845ee-7552-480e-9342-656d9757471a cc53ead19fd04f48b9de74174830d004 db474edd8c3f4bc483ef002a4b312d07 - - default default] Successfully bumped revision number for resource b0ee498f-bd3d-4ffe-9617-9bde8b39b682 (type: ports) to 2
2026-05-05 22:53:27.583 9 INFO neutron.wsgi [None req-230845ee-7552-480e-9342-656d9757471a cc53ead19fd04f48b9de74174830d004 db474edd8c3f4bc483ef002a4b312d07 - - default default] 199.204.45.78,10.0.0.104 "PUT /v2.0/ports/b0ee498f-bd3d-4ffe-9617-9bde8b39b682 HTTP/1.1" status: 200 len: 1366 time: 0.6428661 /var/lib/openstack/lib/python3.10/site-packages/pycadf/identifier.py:71: UserWarning: Invalid uuid: unknown. To ensure interoperability, identifiers should be a valid uuid. warnings.warn(('Invalid uuid: %s. To ensure interoperability, '
2026-05-05 22:53:29.107 9 INFO neutron.wsgi [None req-fd87ffd4-8a89-4986-9d4b-ac07cc01a62d cc53ead19fd04f48b9de74174830d004 db474edd8c3f4bc483ef002a4b312d07 - - default default] 199.204.45.78,10.0.0.104 "GET /v2.0/ports HTTP/1.1" status: 200 len: 3511 time: 0.0909770
2026-05-05 22:53:30.108 9 INFO neutron.api.v2.resource [None req-871daed4-b3e3-473e-8978-6b93e81e29f4 cc53ead19fd04f48b9de74174830d004 db474edd8c3f4bc483ef002a4b312d07 - - default default] show failed (client error): The resource could not be found.
2026-05-05 22:53:30.110 9 INFO neutron.wsgi [None req-871daed4-b3e3-473e-8978-6b93e81e29f4 cc53ead19fd04f48b9de74174830d004 db474edd8c3f4bc483ef002a4b312d07 - - default default] 199.204.45.78,10.0.0.104 "GET /v2.0/security-groups/lb-mgmt-sec-grp HTTP/1.1" status: 404 len: 307 time: 0.0421612
2026-05-05 22:53:30.133 9 INFO neutron.wsgi [None req-4757d746-b3c5-441e-b313-287675b2caf1 cc53ead19fd04f48b9de74174830d004 db474edd8c3f4bc483ef002a4b312d07 - - default default] 199.204.45.78,10.0.0.104 "GET /v2.0/security-groups?name=lb-mgmt-sec-grp HTTP/1.1" status: 200 len: 197 time: 0.0198417
2026-05-05 22:53:30.240 9 INFO neutron.db.ovn_revision_numbers_db [None req-c94268b4-9c16-4de0-9cb9-efc72c48c604 cc53ead19fd04f48b9de74174830d004 db474edd8c3f4bc483ef002a4b312d07 - - default default] Successfully bumped revision number for resource f91a4e7f-95b5-4d31-ab0e-64aed834350d (type: security_groups) to 1
2026-05-05 22:53:30.253 9 INFO neutron.db.ovn_revision_numbers_db [None req-c94268b4-9c16-4de0-9cb9-efc72c48c604 cc53ead19fd04f48b9de74174830d004 db474edd8c3f4bc483ef002a4b312d07 - - default default] Successfully bumped revision number for resource 5634cfc8-82b2-4e8a-8d6f-e07fb4996ab8 (type: security_group_rules) to 0
2026-05-05 22:53:30.266 9 INFO neutron.db.ovn_revision_numbers_db [None req-c94268b4-9c16-4de0-9cb9-efc72c48c604 cc53ead19fd04f48b9de74174830d004 db474edd8c3f4bc483ef002a4b312d07 - - default default] Successfully bumped revision number for resource e0ec8a4c-4010-41fd-a8c7-a1f34d833c6f (type: security_group_rules) to 0
2026-05-05 22:53:30.283 9 INFO neutron.wsgi [None req-c94268b4-9c16-4de0-9cb9-efc72c48c604 cc53ead19fd04f48b9de74174830d004 db474edd8c3f4bc483ef002a4b312d07 - - default default] 199.204.45.78,10.0.0.104 "POST /v2.0/security-groups HTTP/1.1" status: 201 len: 1727 time: 0.1445131
2026-05-05 22:53:31.245 9 INFO neutron.wsgi [None req-8695e732-ae30-4ef5-b69e-369767799918 cc53ead19fd04f48b9de74174830d004 db474edd8c3f4bc483ef002a4b312d07 - - default default] 199.204.45.78,10.0.0.104 "GET /v2.0/security-groups/f91a4e7f-95b5-4d31-ab0e-64aed834350d HTTP/1.1" status: 200 len: 1722 time: 0.0651498
2026-05-05 22:53:31.280 9 INFO neutron.wsgi [None req-c34eabcb-19ba-4a7c-a626-a7977d691ceb cc53ead19fd04f48b9de74174830d004 db474edd8c3f4bc483ef002a4b312d07 - - default default] 199.204.45.78,10.0.0.104 "GET /v2.0/security-groups/f91a4e7f-95b5-4d31-ab0e-64aed834350d HTTP/1.1" status: 200 len: 1722 time: 0.0265799
2026-05-05 22:53:31.313 9 INFO neutron.wsgi [None req-313e5134-5c24-481a-8bed-9967f5d275e5 cc53ead19fd04f48b9de74174830d004 db474edd8c3f4bc483ef002a4b312d07 - - default default] 199.204.45.78,10.0.0.104 "GET /v2.0/security-groups/f91a4e7f-95b5-4d31-ab0e-64aed834350d HTTP/1.1" status: 200 len: 1722 time: 0.0265141
2026-05-05 22:53:31.433 9 INFO neutron.db.ovn_revision_numbers_db [None req-e7f33aae-25ec-4b8e-a2aa-70ffaa101cea cc53ead19fd04f48b9de74174830d004 db474edd8c3f4bc483ef002a4b312d07 - - default default] Successfully bumped revision number for resource c065c5da-07b9-4fd7-b1d3-539312b8a066 (type: security_group_rules) to 0
2026-05-05 22:53:31.453 9 INFO neutron.wsgi [None req-e7f33aae-25ec-4b8e-a2aa-70ffaa101cea cc53ead19fd04f48b9de74174830d004 db474edd8c3f4bc483ef002a4b312d07 - - default default] 199.204.45.78,10.0.0.104 "POST /v2.0/security-group-rules HTTP/1.1" status: 201 len: 771 time: 0.1320643
2026-05-05 22:53:32.334 9 INFO neutron.wsgi [None req-d5ff48dd-c037-4011-8fcb-a7f76216d9bf cc53ead19fd04f48b9de74174830d004 db474edd8c3f4bc483ef002a4b312d07 - - default default] 199.204.45.78,10.0.0.104 "GET /v2.0/security-groups/f91a4e7f-95b5-4d31-ab0e-64aed834350d HTTP/1.1" status: 200 len: 2326 time: 0.0662930
2026-05-05 22:53:32.366 9 INFO neutron.wsgi [None req-6ac4a633-468c-4aa2-85c0-84a0fbc2cdf8 cc53ead19fd04f48b9de74174830d004 db474edd8c3f4bc483ef002a4b312d07 - - default default] 199.204.45.78,10.0.0.104 "GET /v2.0/security-groups/f91a4e7f-95b5-4d31-ab0e-64aed834350d HTTP/1.1" status: 200 len: 2326 time: 0.0245125
2026-05-05 22:53:32.403 9 INFO neutron.wsgi [None req-b4eca9b1-d958-432c-a3fc-8e3914d61588 cc53ead19fd04f48b9de74174830d004 db474edd8c3f4bc483ef002a4b312d07 - - default default] 199.204.45.78,10.0.0.104 "GET /v2.0/security-groups/f91a4e7f-95b5-4d31-ab0e-64aed834350d HTTP/1.1" status: 200 len: 2326 time: 0.0303943
2026-05-05 22:53:32.516 9 INFO neutron.db.ovn_revision_numbers_db [None req-50ae3405-4089-4efb-9ae8-583328c793b2 cc53ead19fd04f48b9de74174830d004 db474edd8c3f4bc483ef002a4b312d07 - - default default] Successfully bumped revision number for resource a5a890f3-0c8d-482a-b547-6ddb1a6e4031 (type: security_group_rules) to 0
2026-05-05 22:53:32.538 9 INFO neutron.wsgi [None req-50ae3405-4089-4efb-9ae8-583328c793b2 cc53ead19fd04f48b9de74174830d004 db474edd8c3f4bc483ef002a4b312d07 - - default default] 199.204.45.78,10.0.0.104 "POST /v2.0/security-group-rules HTTP/1.1" status: 201 len: 775 time: 0.1282208
2026-05-05 22:53:35.342 15 INFO neutron.db.ovn_revision_numbers_db [None req-60bffb7c-c8e9-4a6d-aed8-019d2b532136 - - - - - -] Successfully bumped revision number for resource 79b80596-acfa-42bc-aac5-ba7ed139b65c (type: networks) to 2
2026-05-05 22:53:35.343 15 INFO neutron.plugins.ml2.drivers.ovn.mech_driver.ovsdb.maintenance [None req-60bffb7c-c8e9-4a6d-aed8-019d2b532136 - - - - - -] Maintenance task: Synchronization finished (took 0.15 seconds)
2026-05-05 22:53:38.281 10 INFO neutron.wsgi [-] 10.0.0.104 "GET / HTTP/1.1" status: 200 len: 246 time: 0.0024652
2026-05-05 22:53:38.283 10 INFO neutron.wsgi [-] 10.0.0.104 "GET / HTTP/1.1" status: 200 len: 246 time: 0.0017941
2026-05-05 22:53:53.282 9 INFO neutron.wsgi [-] 10.0.0.104 "GET / HTTP/1.1" status: 200 len: 246 time: 0.0029397
2026-05-05 22:53:53.285 10 INFO neutron.wsgi [-] 10.0.0.104 "GET / HTTP/1.1" status: 200 len: 246 time: 0.0059867
2026-05-05 22:54:08.281 10 INFO neutron.wsgi [-] 10.0.0.104 "GET / HTTP/1.1" status: 200 len: 246 time: 0.0023255
2026-05-05 22:54:08.281 9 INFO neutron.wsgi [-] 10.0.0.104 "GET / HTTP/1.1" status: 200 len: 246 time: 0.0026348
2026-05-05 22:54:23.280 10 INFO neutron.wsgi [-] 10.0.0.104 "GET / HTTP/1.1" status: 200 len: 246 time: 0.0019987
2026-05-05 22:54:23.281 9 INFO neutron.wsgi [-] 10.0.0.104 "GET / HTTP/1.1" status: 200 len: 246 time: 0.0026658
2026-05-05 22:54:38.279 10 INFO neutron.wsgi [-] 10.0.0.104 "GET / HTTP/1.1" status: 200 len: 246 time: 0.0014040
2026-05-05 22:54:38.281 10 INFO neutron.wsgi [-] 10.0.0.104 "GET / HTTP/1.1" status: 200 len: 246 time: 0.0014074
2026-05-05 22:54:42.332 9 INFO neutron.wsgi [None req-4dafb039-d354-4927-82b9-1e662312caeb cc53ead19fd04f48b9de74174830d004 db474edd8c3f4bc483ef002a4b312d07 - - default default] 199.204.45.78,10.0.0.104 "GET /v2.0/quotas/db474edd8c3f4bc483ef002a4b312d07 HTTP/1.1" status: 200 len: 362 time: 0.0130556 /var/lib/openstack/lib/python3.10/site-packages/neutron/extensions/quotasv2.py:139: UserWarning: Neutron quota engine will require "--force" parameter to set a quota limit without checking the resource usage. warnings.warn('Neutron quota engine will require "--force" '
2026-05-05 22:54:42.714 9 INFO neutron.wsgi [None req-23ba846e-356b-43ad-b876-5a466e1b6516 cc53ead19fd04f48b9de74174830d004 db474edd8c3f4bc483ef002a4b312d07 - - default default] 199.204.45.78,10.0.0.104 "PUT /v2.0/quotas/db474edd8c3f4bc483ef002a4b312d07 HTTP/1.1" status: 200 len: 361 time: 0.0298710
2026-05-05 22:54:53.279 10 INFO neutron.wsgi [-] 10.0.0.104 "GET / HTTP/1.1" status: 200 len: 246 time: 0.0015786
2026-05-05 22:54:53.280 9 INFO neutron.wsgi [-] 10.0.0.104 "GET / HTTP/1.1" status: 200 len: 246 time: 0.0023785
2026-05-05 22:55:08.281 9 INFO neutron.wsgi [-] 10.0.0.104 "GET / HTTP/1.1" status: 200 len: 246 time: 0.0026710
2026-05-05 22:55:08.284 9 INFO neutron.wsgi [-] 10.0.0.104 "GET / HTTP/1.1" status: 200 len: 246 time: 0.0026560
2026-05-05 22:55:23.281 9 INFO neutron.wsgi [-] 10.0.0.104 "GET / HTTP/1.1" status: 200 len: 246 time: 0.0026250
2026-05-05 22:55:23.282 10 INFO neutron.wsgi [-] 10.0.0.104 "GET / HTTP/1.1" status: 200 len: 246 time: 0.0029211
2026-05-05 22:55:38.280 10 INFO neutron.wsgi [-] 10.0.0.104 "GET / HTTP/1.1" status: 200 len: 246 time: 0.0014775
2026-05-05 22:55:38.283 9 INFO neutron.wsgi [-] 10.0.0.104 "GET / HTTP/1.1" status: 200 len: 246 time: 0.0033238
2026-05-05 22:55:53.281 9 INFO neutron.wsgi [-] 10.0.0.104 "GET / HTTP/1.1" status: 200 len: 246 time: 0.0026860
2026-05-05 22:55:53.283 9 INFO neutron.wsgi [-] 10.0.0.104 "GET / HTTP/1.1" status: 200 len: 246 time: 0.0013301
2026-05-05 22:56:08.280 9 INFO neutron.wsgi [-] 10.0.0.104 "GET / HTTP/1.1" status: 200 len: 246 time: 0.0024791
2026-05-05 22:56:08.281 10 INFO neutron.wsgi [-] 10.0.0.104 "GET / HTTP/1.1" status: 200 len: 246 time: 0.0029328
2026-05-05 22:56:23.280 10 INFO neutron.wsgi [-] 10.0.0.104 "GET / HTTP/1.1" status: 200 len: 246 time: 0.0022717
2026-05-05 22:56:23.280 9 INFO neutron.wsgi [-] 10.0.0.104 "GET / HTTP/1.1" status: 200 len: 246 time: 0.0024934
2026-05-05 22:56:38.281 10 INFO neutron.wsgi [-] 10.0.0.104 "GET / HTTP/1.1" status: 200 len: 246 time: 0.0030973
2026-05-05 22:56:38.282 9 INFO neutron.wsgi [-] 10.0.0.104 "GET / HTTP/1.1" status: 200 len: 246 time: 0.0033083 /var/lib/openstack/lib/python3.10/site-packages/pycadf/identifier.py:71: UserWarning: Invalid uuid: neutron. To ensure interoperability, identifiers should be a valid uuid. warnings.warn(('Invalid uuid: %s. To ensure interoperability, '
2026-05-05 22:56:52.092 9 INFO neutron.pecan_wsgi.hooks.translation [None req-6ffa6667-e584-4437-bce1-172798de6181 cc53ead19fd04f48b9de74174830d004 db474edd8c3f4bc483ef002a4b312d07 - - default default] GET failed (client error): The resource could not be found.
2026-05-05 22:56:52.093 9 INFO neutron.wsgi [None req-6ffa6667-e584-4437-bce1-172798de6181 cc53ead19fd04f48b9de74174830d004 db474edd8c3f4bc483ef002a4b312d07 - - default default] 199.204.45.78 "GET /v2.0/ports/octavia-health-manager-port-instance HTTP/1.1" status: 404 len: 338 time: 0.1981330
2026-05-05 22:56:52.131 9 INFO neutron.wsgi [None req-12e3f310-6bc5-46e1-b7da-f47c1cc0d528 cc53ead19fd04f48b9de74174830d004 db474edd8c3f4bc483ef002a4b312d07 - - default default] 199.204.45.78 "GET /v2.0/ports?name=octavia-health-manager-port-instance HTTP/1.1" status: 200 len: 1421 time: 0.0333722
2026-05-05 22:56:53.279 10 INFO neutron.wsgi [-] 10.0.0.104 "GET / HTTP/1.1" status: 200 len: 246 time: 0.0012121
2026-05-05 22:56:53.281 10 INFO neutron.wsgi [-] 10.0.0.104 "GET / HTTP/1.1" status: 200 len: 246 time: 0.0012674
2026-05-05 22:56:53.851 9 INFO neutron.pecan_wsgi.hooks.translation [None req-898ae6c7-d293-4904-bb03-5610cc2afaac cc53ead19fd04f48b9de74174830d004 db474edd8c3f4bc483ef002a4b312d07 - - default default] GET failed (client error): The resource could not be found.
2026-05-05 22:56:53.854 9 INFO neutron.wsgi [None req-898ae6c7-d293-4904-bb03-5610cc2afaac cc53ead19fd04f48b9de74174830d004 db474edd8c3f4bc483ef002a4b312d07 - - default default] 199.204.45.78 "GET /v2.0/ports/octavia-health-manager-port-instance HTTP/1.1" status: 404 len: 338 time: 0.0673337
2026-05-05 22:56:53.895 9 INFO neutron.wsgi [None req-1b988c4a-6ebf-4a21-bfa3-d85dae1cc328 cc53ead19fd04f48b9de74174830d004 db474edd8c3f4bc483ef002a4b312d07 - - default default] 199.204.45.78 "GET /v2.0/ports?name=octavia-health-manager-port-instance HTTP/1.1" status: 200 len: 1421 time: 0.0356324
2026-05-05 22:56:54.922 10 INFO neutron.plugins.ml2.drivers.ovn.mech_driver.mech_driver [-] OVN reports status up for port: b0ee498f-bd3d-4ffe-9617-9bde8b39b682
2026-05-05 22:56:54.940 10 INFO neutron.plugins.ml2.plugin [None req-5af66a4f-525a-41ec-9b3b-bec5e9ec5c38 - - - - - -] Attempt 1 to provision port b0ee498f-bd3d-4ffe-9617-9bde8b39b682
2026-05-05 22:56:55.270 10 INFO neutron.plugins.ml2.drivers.ovn.mech_driver.ovsdb.extensions.qos [None req-5af66a4f-525a-41ec-9b3b-bec5e9ec5c38 - - - - - -] Starting OVNClientQosExtension
2026-05-05 22:56:55.271 10 INFO neutron.plugins.ml2.drivers.ovn.mech_driver.ovsdb.extensions.placement [None req-5af66a4f-525a-41ec-9b3b-bec5e9ec5c38 - - - - - -] Starting OVNClientPlacementExtension
2026-05-05 22:56:55.422 10 INFO neutron.db.ovn_revision_numbers_db [None req-5af66a4f-525a-41ec-9b3b-bec5e9ec5c38 - - - - - -] Successfully bumped revision number for resource b0ee498f-bd3d-4ffe-9617-9bde8b39b682 (type: ports) to 4
2026-05-05 22:57:08.282 10 INFO neutron.wsgi [-] 10.0.0.104 "GET / HTTP/1.1" status: 200 len: 246 time: 0.0024815
2026-05-05 22:57:08.282 9 INFO neutron.wsgi [-] 10.0.0.104 "GET / HTTP/1.1" status: 200 len: 246 time: 0.0029693
2026-05-05 22:57:23.281 9 INFO neutron.wsgi [-] 10.0.0.104 "GET / HTTP/1.1" status: 200 len: 246 time: 0.0025094
2026-05-05 22:57:23.285 9 INFO neutron.wsgi [-] 10.0.0.104 "GET / HTTP/1.1" status: 200 len: 246 time: 0.0027463
2026-05-05 22:57:38.281 9 INFO neutron.wsgi [-] 10.0.0.104 "GET / HTTP/1.1" status: 200 len: 246 time: 0.0025120
2026-05-05 22:57:38.282 10 INFO neutron.wsgi [-] 10.0.0.104 "GET / HTTP/1.1" status: 200 len: 246 time: 0.0026691
2026-05-05 22:57:53.283 10 INFO neutron.wsgi [-] 10.0.0.104 "GET / HTTP/1.1" status: 200 len: 246 time: 0.0044179
2026-05-05 22:57:53.287 10 INFO neutron.wsgi [-] 10.0.0.104 "GET / HTTP/1.1" status: 200 len: 246 time: 0.0027995
2026-05-05 22:58:08.281 9 INFO neutron.wsgi [-] 10.0.0.104 "GET / HTTP/1.1" status: 200 len: 246 time: 0.0024295
2026-05-05 22:58:08.284 9 INFO neutron.wsgi [-] 10.0.0.104 "GET / HTTP/1.1" status: 200 len: 246 time: 0.0017614
2026-05-05 22:58:23.281 9 INFO neutron.wsgi [-] 10.0.0.104 "GET / HTTP/1.1" status: 200 len: 246 time: 0.0022860
2026-05-05 22:58:23.283 9 INFO neutron.wsgi [-] 10.0.0.104 "GET / HTTP/1.1" status: 200 len: 246 time: 0.0012512
2026-05-05 22:58:35.349 15 INFO neutron.db.ovn_revision_numbers_db [None req-60bffb7c-c8e9-4a6d-aed8-019d2b532136 - - - - - -] Successfully bumped revision number for resource 261255df-33fd-4ba4-9a78-5c8cbe40f2d6 (type: networks) to 2
2026-05-05 22:58:35.408 15 INFO neutron.db.ovn_revision_numbers_db [None req-60bffb7c-c8e9-4a6d-aed8-019d2b532136 - - - - - -] Successfully bumped revision number for resource e9af065b-225d-44f7-80bd-111ca408f827 (type: security_groups) to 6
2026-05-05 22:58:35.462 15 INFO neutron.db.ovn_revision_numbers_db [None req-60bffb7c-c8e9-4a6d-aed8-019d2b532136 - - - - - -] Successfully bumped revision number for resource f91a4e7f-95b5-4d31-ab0e-64aed834350d (type: security_groups) to 3
2026-05-05 22:58:35.463 15 INFO neutron.plugins.ml2.drivers.ovn.mech_driver.ovsdb.maintenance [None req-60bffb7c-c8e9-4a6d-aed8-019d2b532136 - - - - - -] Maintenance task: Synchronization finished (took 0.23 seconds)
2026-05-05 22:58:38.281 9 INFO neutron.wsgi [-] 10.0.0.104 "GET / HTTP/1.1" status: 200 len: 246 time: 0.0027361
2026-05-05 22:58:38.281 10 INFO neutron.wsgi [-] 10.0.0.104 "GET / HTTP/1.1" status: 200 len: 246 time: 0.0030880
2026-05-05 22:58:53.281 9 INFO neutron.wsgi [-] 10.0.0.104 "GET / HTTP/1.1" status: 200 len: 246 time: 0.0024025
2026-05-05 22:58:53.282 10 INFO neutron.wsgi [-] 10.0.0.104 "GET / HTTP/1.1" status: 200 len: 246 time: 0.0032697
2026-05-05 22:59:08.281 10 INFO neutron.wsgi [-] 10.0.0.104 "GET / HTTP/1.1" status: 200 len: 246 time: 0.0024745
2026-05-05 22:59:08.281 9 INFO neutron.wsgi [-] 10.0.0.104 "GET / HTTP/1.1" status: 200 len: 246 time: 0.0024676
2026-05-05 22:59:23.280 10 INFO neutron.wsgi [-] 10.0.0.104 "GET / HTTP/1.1" status: 200 len: 246 time: 0.0018997
2026-05-05 22:59:23.281 9 INFO neutron.wsgi [-] 10.0.0.104 "GET / HTTP/1.1" status: 200 len: 246 time: 0.0029411
2026-05-05 22:59:38.281 9 INFO neutron.wsgi [-] 10.0.0.104 "GET / HTTP/1.1" status: 200 len: 246 time: 0.0024652
2026-05-05 22:59:38.282 9 INFO neutron.wsgi [-] 10.0.0.104 "GET / HTTP/1.1" status: 200 len: 246 time: 0.0010467
2026-05-05 22:59:53.280 9 INFO neutron.wsgi [-] 10.0.0.104 "GET / HTTP/1.1" status: 200 len: 246 time: 0.0016563
2026-05-05 22:59:53.281 10 INFO neutron.wsgi [-] 10.0.0.104 "GET / HTTP/1.1" status: 200 len: 246 time: 0.0032351
2026-05-05 23:00:08.282 9 INFO neutron.wsgi [-] 10.0.0.104 "GET / HTTP/1.1" status: 200 len: 246 time: 0.0031736
2026-05-05 23:00:08.286 9 INFO neutron.wsgi [-] 10.0.0.104 "GET / HTTP/1.1" status: 200 len: 246 time: 0.0020971
2026-05-05 23:00:23.281 9 INFO neutron.wsgi [-] 10.0.0.104 "GET / HTTP/1.1" status: 200 len: 246 time: 0.0027375
2026-05-05 23:00:23.284 9 INFO neutron.wsgi [-] 10.0.0.104 "GET / HTTP/1.1" status: 200 len: 246 time: 0.0013609
2026-05-05 23:00:38.279 10 INFO neutron.wsgi [-] 10.0.0.104 "GET / HTTP/1.1" status: 200 len: 246 time: 0.0017717
2026-05-05 23:00:38.282 9 INFO neutron.wsgi [-] 10.0.0.104 "GET / HTTP/1.1" status: 200 len: 246 time: 0.0039957
2026-05-05 23:00:53.281 10 INFO neutron.wsgi [-] 10.0.0.104 "GET / HTTP/1.1" status: 200 len: 246 time: 0.0023284
2026-05-05 23:00:53.281 9 INFO neutron.wsgi [-] 10.0.0.104 "GET / HTTP/1.1" status: 200 len: 246 time: 0.0027671
2026-05-05 23:01:08.282 9 INFO neutron.wsgi [-] 10.0.0.104 "GET / HTTP/1.1" status: 200 len: 246 time: 0.0035059
2026-05-05 23:01:08.284 10 INFO neutron.wsgi [-] 10.0.0.104 "GET / HTTP/1.1" status: 200 len: 246 time: 0.0016730
2026-05-05 23:01:23.280 10 INFO neutron.wsgi [-] 10.0.0.104 "GET / HTTP/1.1" status: 200 len: 246 time: 0.0016870
2026-05-05 23:01:23.282 9 INFO neutron.wsgi [-] 10.0.0.104 "GET / HTTP/1.1" status: 200 len: 246 time: 0.0039024
2026-05-05 23:01:38.282 9 INFO neutron.wsgi [-] 10.0.0.104 "GET / HTTP/1.1" status: 200 len: 246 time: 0.0031312
2026-05-05 23:01:38.282 10 INFO neutron.wsgi [-] 10.0.0.104 "GET / HTTP/1.1" status: 200 len: 246 time: 0.0031044
2026-05-05 23:01:53.283 10 INFO neutron.wsgi [-] 10.0.0.104 "GET / HTTP/1.1" status: 200 len: 246 time: 0.0027845
2026-05-05 23:01:53.283 9 INFO neutron.wsgi [-] 10.0.0.104 "GET / HTTP/1.1" status: 200 len: 246 time: 0.0046692
2026-05-05 23:02:08.280 10 INFO neutron.wsgi [-] 10.0.0.104 "GET / HTTP/1.1" status: 200 len: 246 time: 0.0023544
2026-05-05 23:02:08.281 9 INFO neutron.wsgi [-] 10.0.0.104 "GET / HTTP/1.1" status: 200 len: 246 time: 0.0025494
2026-05-05 23:02:23.280 10 INFO neutron.wsgi [-] 10.0.0.104 "GET / HTTP/1.1" status: 200 len: 246 time: 0.0015481
2026-05-05 23:02:23.283 9 INFO neutron.wsgi [-] 10.0.0.104 "GET / HTTP/1.1" status: 200 len: 246 time: 0.0033622
2026-05-05 23:02:38.280 10 INFO neutron.wsgi [-] 10.0.0.104 "GET / HTTP/1.1" status: 200 len: 246 time: 0.0015979
2026-05-05 23:02:38.282 9 INFO neutron.wsgi [-] 10.0.0.104 "GET / HTTP/1.1" status: 200 len: 246 time: 0.0032561
2026-05-05 23:02:48.289 9 INFO neutron.api.v2.resource [None req-b1400372-2f4e-41d4-a533-4dca402d6011 cc53ead19fd04f48b9de74174830d004 db474edd8c3f4bc483ef002a4b312d07 - - default default] show failed (client error): The resource could not be found.
2026-05-05 23:02:48.290 9 INFO neutron.wsgi [None req-b1400372-2f4e-41d4-a533-4dca402d6011 cc53ead19fd04f48b9de74174830d004 db474edd8c3f4bc483ef002a4b312d07 - - default default] 199.204.45.78,10.0.0.104 "GET /v2.0/security-groups/manila-service-security-group?project_id=60ebc48fb9004c21ba869cbb18ebf9a3 HTTP/1.1" status: 404 len: 321 time: 0.1373057
2026-05-05 23:02:48.409 9 INFO neutron.db.ovn_revision_numbers_db [None req-d885dc4a-f4b9-4abf-abfd-8829d65bed59 cc53ead19fd04f48b9de74174830d004 db474edd8c3f4bc483ef002a4b312d07 - - default default] Successfully bumped revision number for resource 0bae00d4-5740-465b-824f-62823ae500f6 (type: security_groups) to 1
2026-05-05 23:02:48.424 9 INFO neutron.db.ovn_revision_numbers_db [None req-d885dc4a-f4b9-4abf-abfd-8829d65bed59 cc53ead19fd04f48b9de74174830d004 db474edd8c3f4bc483ef002a4b312d07 - - default default] Successfully bumped revision number for resource 1463fcf2-0820-497c-9fe9-6f2c1e4ac425 (type: security_group_rules) to 0
2026-05-05 23:02:48.438 9 INFO neutron.db.ovn_revision_numbers_db [None req-d885dc4a-f4b9-4abf-abfd-8829d65bed59 cc53ead19fd04f48b9de74174830d004 db474edd8c3f4bc483ef002a4b312d07 - - default default] Successfully bumped revision number for resource 1bac20cc-916b-49bd-abae-9896b46f0f98 (type: security_group_rules) to 0
2026-05-05 23:02:48.451 9 INFO neutron.db.ovn_revision_numbers_db [None req-d885dc4a-f4b9-4abf-abfd-8829d65bed59 cc53ead19fd04f48b9de74174830d004 db474edd8c3f4bc483ef002a4b312d07 - - default default] Successfully bumped revision number for resource e6e37292-f8f7-4cef-b7dd-e81bb4b829ae (type: security_group_rules) to 0
2026-05-05 23:02:48.465 9 INFO neutron.db.ovn_revision_numbers_db [None req-d885dc4a-f4b9-4abf-abfd-8829d65bed59 cc53ead19fd04f48b9de74174830d004 db474edd8c3f4bc483ef002a4b312d07 - - default default] Successfully bumped revision number for resource ea38fd0b-bc6b-4e95-9840-0ea48284e55a (type: security_group_rules) to 0
2026-05-05 23:02:48.476 9 INFO neutron.wsgi [None req-d885dc4a-f4b9-4abf-abfd-8829d65bed59 cc53ead19fd04f48b9de74174830d004 db474edd8c3f4bc483ef002a4b312d07 - - default default] 199.204.45.78,10.0.0.104 "GET /v2.0/security-groups?name=manila-service-security-group&project_id=60ebc48fb9004c21ba869cbb18ebf9a3 HTTP/1.1" status: 200 len: 197 time: 0.1818829
2026-05-05 23:02:48.664 9 INFO neutron.db.ovn_revision_numbers_db [None req-f74fe547-5c1c-4276-b492-542d973f0a18 cc53ead19fd04f48b9de74174830d004 db474edd8c3f4bc483ef002a4b312d07 - - default default] Successfully bumped revision number for resource b446126b-f8b7-4949-84d6-4fb8239fca07 (type: security_groups) to 1
2026-05-05 23:02:48.679 9 INFO neutron.db.ovn_revision_numbers_db [None req-f74fe547-5c1c-4276-b492-542d973f0a18 cc53ead19fd04f48b9de74174830d004 db474edd8c3f4bc483ef002a4b312d07 - - default default] Successfully bumped revision number for resource 63557b06-43b1-44ee-a0df-bce0337201e5 (type: security_group_rules) to 0
2026-05-05 23:02:48.695 9 INFO neutron.db.ovn_revision_numbers_db [None req-f74fe547-5c1c-4276-b492-542d973f0a18 cc53ead19fd04f48b9de74174830d004 db474edd8c3f4bc483ef002a4b312d07 - - default default] Successfully bumped revision number for resource 726c35f7-77a1-4c2b-890d-95c653e277ae (type: security_group_rules) to 0
2026-05-05 23:02:48.715 9 INFO neutron.wsgi [None req-f74fe547-5c1c-4276-b492-542d973f0a18 cc53ead19fd04f48b9de74174830d004 db474edd8c3f4bc483ef002a4b312d07 - - default default] 199.204.45.78,10.0.0.104 "POST /v2.0/security-groups HTTP/1.1" status: 201 len: 1741 time: 0.1565356
2026-05-05 23:02:49.736 9 INFO neutron.wsgi [None req-89d2d9d4-055f-4f8e-b5b6-994924009692 cc53ead19fd04f48b9de74174830d004 db474edd8c3f4bc483ef002a4b312d07 - - default default] 199.204.45.78,10.0.0.104 "GET /v2.0/security-groups/b446126b-f8b7-4949-84d6-4fb8239fca07?project_id=60ebc48fb9004c21ba869cbb18ebf9a3 HTTP/1.1" status: 200 len: 1736 time: 0.0743680
2026-05-05 23:02:49.773 9 INFO neutron.wsgi [None req-078c9294-84cf-44c4-8129-61dc83b7b37c cc53ead19fd04f48b9de74174830d004 db474edd8c3f4bc483ef002a4b312d07 - - default default] 199.204.45.78,10.0.0.104 "GET /v2.0/security-groups/b446126b-f8b7-4949-84d6-4fb8239fca07 HTTP/1.1" status: 200 len: 1736 time: 0.0309463
2026-05-05 23:02:49.880 9 INFO neutron.wsgi [None req-33d19c0f-4647-4716-9e81-be91f26a8f7d cc53ead19fd04f48b9de74174830d004 db474edd8c3f4bc483ef002a4b312d07 - - default default] 199.204.45.78,10.0.0.104 "GET /v2.0/security-groups/b446126b-f8b7-4949-84d6-4fb8239fca07?project_id=60ebc48fb9004c21ba869cbb18ebf9a3 HTTP/1.1" status: 200 len: 1736 time: 0.0267684
2026-05-05 23:02:50.029 9 INFO neutron.db.ovn_revision_numbers_db [None req-9cb7949f-64ea-4fda-8959-1ee85d0dcd72 cc53ead19fd04f48b9de74174830d004 db474edd8c3f4bc483ef002a4b312d07 - - default default] Successfully bumped revision number for resource 88b01480-9a17-466d-8ae4-422c128615f4 (type: security_group_rules) to 0
