2026-05-05 23:19:48.430 9 INFO neutron.wsgi [req-98de7661-db53-4520-ae21-0aeb6ea672be req-1bc7134e-04e1-4370-ab49-af3203206502 4a74b8b0fd5548b4b772c0d3fdc7ca7e 60ebc48fb9004c21ba869cbb18ebf9a3 - - 913e957380f04e9ea3dc4b71a8ff958a 913e957380f04e9ea3dc4b71a8ff958a] 199.204.45.78 "GET /v2.0/subnets?id=3f3033c1-ec2a-43f1-afb5-9607948fb23d HTTP/1.1" status: 200 len: 877 time: 0.0628390
2026-05-05 23:19:48.479 9 INFO neutron.wsgi [req-98de7661-db53-4520-ae21-0aeb6ea672be req-4e96eff1-35d7-4dd2-87bd-ba7d10feb570 4a74b8b0fd5548b4b772c0d3fdc7ca7e 60ebc48fb9004c21ba869cbb18ebf9a3 - - 913e957380f04e9ea3dc4b71a8ff958a 913e957380f04e9ea3dc4b71a8ff958a] 199.204.45.78 "GET /v2.0/ports?network_id=34f8f995-88a3-411d-b7ec-f3cd72a7c4fa&device_owner=network%3Adhcp HTTP/1.1" status: 200 len: 210 time: 0.0384798
2026-05-05 23:19:48.515 9 INFO neutron.services.segments.plugin [-] Segment f6ad198f-c040-45fd-98c8-e3f054754a8c resource provider aggregate not found
2026-05-05 23:19:48.538 9 INFO neutron.services.segments.plugin [-] Segment f6ad198f-c040-45fd-98c8-e3f054754a8c resource provider not found; error: Placement Client Error (4xx): {"errors": [{"status": 404, "title": "Not Found", "detail": "The resource could not be found.\n\n No resource provider with uuid f6ad198f-c040-45fd-98c8-e3f054754a8c found for delete ", "request_id": "req-f8ce9aa0-7857-4803-ac79-d930d5ef875d"}]}
2026-05-05 23:19:48.591 9 INFO neutron.services.segments.plugin [-] Segment f6ad198f-c040-45fd-98c8-e3f054754a8c resource provider aggregate not found
2026-05-05 23:19:48.603 9 INFO neutron.wsgi [req-98de7661-db53-4520-ae21-0aeb6ea672be req-023a2681-2430-4b09-ac31-ea9aaa0bfd0f 4a74b8b0fd5548b4b772c0d3fdc7ca7e 60ebc48fb9004c21ba869cbb18ebf9a3 - - 913e957380f04e9ea3dc4b71a8ff958a 913e957380f04e9ea3dc4b71a8ff958a] 199.204.45.78 "GET /v2.0/networks/34f8f995-88a3-411d-b7ec-f3cd72a7c4fa?fields=segments HTTP/1.1" status: 200 len: 212 time: 0.1106391
2026-05-05 23:19:48.609 9 INFO neutron.services.segments.plugin [-] Segment f6ad198f-c040-45fd-98c8-e3f054754a8c resource provider not found; error: Placement Client Error (4xx): {"errors": [{"status": 404, "title": "Not Found", "detail": "The resource could not be found.\n\n No resource provider with uuid f6ad198f-c040-45fd-98c8-e3f054754a8c found for delete ", "request_id": "req-9f9be6e9-de8b-4f2a-beeb-c48f8c47c2ef"}]}
2026-05-05 23:19:48.627 10 INFO neutron.wsgi [req-888a3007-51a8-492e-8ce6-8647ec62db48 req-f5dce4ad-89b5-4c0b-a238-2685cc5bf486 0823ded503f44a8690c874ed781a629f e75a2e42262c4edbbd96035d9d7ebfbd - - default default] 199.204.45.78 "GET /v2.0/networks?id=48853a16-4dcb-4dba-8808-57c922bf149b HTTP/1.1" status: 200 len: 875 time: 0.0690730
2026-05-05 23:19:48.630 9 INFO neutron.wsgi [None req-1a4d3b1d-bfb5-47a2-b78c-ffe4045179d7 cc53ead19fd04f48b9de74174830d004 db474edd8c3f4bc483ef002a4b312d07 - - default default] 10.0.0.175 "DELETE /v2.0/security-groups/d4831186-7eb4-4db0-b5ec-2f2480340a62 HTTP/1.1" status: 204 len: 168 time: 0.3722675
2026-05-05 23:19:48.673 9 INFO neutron.wsgi [req-98de7661-db53-4520-ae21-0aeb6ea672be req-05574e6a-24ac-4663-894c-dd6522dc6fbc 4a74b8b0fd5548b4b772c0d3fdc7ca7e 60ebc48fb9004c21ba869cbb18ebf9a3 - - 913e957380f04e9ea3dc4b71a8ff958a 913e957380f04e9ea3dc4b71a8ff958a] 199.204.45.78 "GET /v2.0/networks/34f8f995-88a3-411d-b7ec-f3cd72a7c4fa?fields=provider%3Aphysical_network&fields=provider%3Anetwork_type HTTP/1.1" status: 200 len: 277 time: 0.0623984
2026-05-05 23:19:48.685 10 INFO neutron.wsgi [req-888a3007-51a8-492e-8ce6-8647ec62db48 req-79354950-31a0-4f65-a573-e6650953d21b 0823ded503f44a8690c874ed781a629f e75a2e42262c4edbbd96035d9d7ebfbd - - default default] 199.204.45.78 "GET /v2.0/security-groups?fields=id&fields=name&tenant_id=e75a2e42262c4edbbd96035d9d7ebfbd HTTP/1.1" status: 200 len: 380 time: 0.0513537
2026-05-05 23:19:48.691 9 INFO neutron.notifiers.nova [-] Nova event matching ['req-a1301e1d-d81e-42be-899a-7c9e0134f851'] response: {'name': 'network-changed', 'server_uuid': 'e9d5943d-7bf8-4367-9ff6-6e68202cc5c0', 'tag': 'dbb04bed-e8c7-4324-90b0-d672f62e2a46', 'status': 'completed', 'code': 200}
2026-05-05 23:19:48.693 10 WARNING neutron_lib.context [req-888a3007-51a8-492e-8ce6-8647ec62db48 req-c3a3dc7d-8f9a-4339-b695-6669f0f9be74 0823ded503f44a8690c874ed781a629f e75a2e42262c4edbbd96035d9d7ebfbd - - default default] Method 'is_advsvc' is deprecated since 2023.2 release (neutron-lib 3.8.0) and will be removed once support for the old RBAC API policies will be removed from Neutron. Please use method 'is_service_role' instead.
2026-05-05 23:19:48.775 9 INFO neutron.wsgi [req-7b7a7213-58eb-4405-a9f2-1d1f7c13535b req-3e7fb187-6e9c-4ff2-8bfb-1369d04ea53a 4a74b8b0fd5548b4b772c0d3fdc7ca7e 60ebc48fb9004c21ba869cbb18ebf9a3 - - 913e957380f04e9ea3dc4b71a8ff958a 913e957380f04e9ea3dc4b71a8ff958a] 199.204.45.78 "GET /v2.0/ports?tenant_id=f7c9dee980774493b8fd0156ac95f514&device_id=e9d5943d-7bf8-4367-9ff6-6e68202cc5c0 HTTP/1.1" status: 200 len: 1411 time: 0.0466228
2026-05-05 23:19:48.844 9 INFO neutron.wsgi [req-c3a6d589-5d68-4d59-9025-7d7a433f03f1 req-f39f97cd-8ad7-4f40-90db-d0a95a4c7daf 0823ded503f44a8690c874ed781a629f e75a2e42262c4edbbd96035d9d7ebfbd - - default default] 10.0.0.153 "GET /v2.0/ports?device_id=a3d06992-bcb9-43b5-bd44-3e4fab96a72d HTTP/1.1" status: 200 len: 210 time: 0.0244606
2026-05-05 23:19:48.875 9 INFO neutron.wsgi [req-7b7a7213-58eb-4405-a9f2-1d1f7c13535b req-d8cdb6c9-e8d4-413e-942d-3deb426ca760 4a74b8b0fd5548b4b772c0d3fdc7ca7e 60ebc48fb9004c21ba869cbb18ebf9a3 - - 913e957380f04e9ea3dc4b71a8ff958a 913e957380f04e9ea3dc4b71a8ff958a] 199.204.45.78 "GET /v2.0/networks?id=34f8f995-88a3-411d-b7ec-f3cd72a7c4fa HTTP/1.1" status: 200 len: 982 time: 0.0856683
2026-05-05 23:19:48.907 9 INFO neutron.wsgi [req-7b7a7213-58eb-4405-a9f2-1d1f7c13535b req-f78ef7a6-5c38-4198-9346-3d6340369f6f 4a74b8b0fd5548b4b772c0d3fdc7ca7e 60ebc48fb9004c21ba869cbb18ebf9a3 - - 913e957380f04e9ea3dc4b71a8ff958a 913e957380f04e9ea3dc4b71a8ff958a] 199.204.45.78 "GET /v2.0/floatingips?fixed_ip_address=10.100.0.10&port_id=dbb04bed-e8c7-4324-90b0-d672f62e2a46 HTTP/1.1" status: 200 len: 217 time: 0.0220473
2026-05-05 23:19:48.942 9 INFO neutron.wsgi [req-7b7a7213-58eb-4405-a9f2-1d1f7c13535b req-351af175-34e9-4ba6-bd0a-b703c064447e 4a74b8b0fd5548b4b772c0d3fdc7ca7e 60ebc48fb9004c21ba869cbb18ebf9a3 - - 913e957380f04e9ea3dc4b71a8ff958a 913e957380f04e9ea3dc4b71a8ff958a] 199.204.45.78 "GET /v2.0/subnets?id=3f3033c1-ec2a-43f1-afb5-9607948fb23d HTTP/1.1" status: 200 len: 877 time: 0.0285599
2026-05-05 23:19:48.970 9 INFO neutron.wsgi [req-7b7a7213-58eb-4405-a9f2-1d1f7c13535b req-3de13118-7f84-410c-869a-a6ccf3be7149 4a74b8b0fd5548b4b772c0d3fdc7ca7e 60ebc48fb9004c21ba869cbb18ebf9a3 - - 913e957380f04e9ea3dc4b71a8ff958a 913e957380f04e9ea3dc4b71a8ff958a] 199.204.45.78 "GET /v2.0/ports?network_id=34f8f995-88a3-411d-b7ec-f3cd72a7c4fa&device_owner=network%3Adhcp HTTP/1.1" status: 200 len: 210 time: 0.0225635
2026-05-05 23:19:49.034 10 WARNING neutron.scheduler.dhcp_agent_scheduler [req-888a3007-51a8-492e-8ce6-8647ec62db48 req-c3a3dc7d-8f9a-4339-b695-6669f0f9be74 0823ded503f44a8690c874ed781a629f e75a2e42262c4edbbd96035d9d7ebfbd - - default default] No more DHCP agents
2026-05-05 23:19:49.037 10 WARNING neutron.api.rpc.agentnotifiers.dhcp_rpc_agent_api [req-888a3007-51a8-492e-8ce6-8647ec62db48 req-c3a3dc7d-8f9a-4339-b695-6669f0f9be74 0823ded503f44a8690c874ed781a629f e75a2e42262c4edbbd96035d9d7ebfbd - - default default] Unable to schedule network 48853a16-4dcb-4dba-8808-57c922bf149b: no agents available; will retry on subsequent port and subnet creation events.
2026-05-05 23:19:49.042 9 INFO neutron.wsgi [req-219af734-6a84-44f1-9869-eeec291733a8 req-8e46b0ff-cd65-4336-b6d9-203bcf06cc54 f5e0d81dec2c4e48ab1805d30fd42c47 f7c9dee980774493b8fd0156ac95f514 - - default default] 10.0.0.153 "GET /v2.0/ports?device_id=e9d5943d-7bf8-4367-9ff6-6e68202cc5c0 HTTP/1.1" status: 200 len: 1172 time: 0.0414145
2026-05-05 23:19:49.047 9 INFO neutron.wsgi [req-7b7a7213-58eb-4405-a9f2-1d1f7c13535b req-48e80984-f7c9-4310-8e69-2908d7f0ba8a 4a74b8b0fd5548b4b772c0d3fdc7ca7e 60ebc48fb9004c21ba869cbb18ebf9a3 - - 913e957380f04e9ea3dc4b71a8ff958a 913e957380f04e9ea3dc4b71a8ff958a] 199.204.45.78 "GET /v2.0/networks/34f8f995-88a3-411d-b7ec-f3cd72a7c4fa?fields=segments HTTP/1.1" status: 200 len: 212 time: 0.0693538
2026-05-05 23:19:49.113 9 INFO neutron.wsgi [req-219af734-6a84-44f1-9869-eeec291733a8 req-6ab792cb-6d67-4c58-963e-cdcbc276d91a f5e0d81dec2c4e48ab1805d30fd42c47 f7c9dee980774493b8fd0156ac95f514 - - default default] 10.0.0.153 "GET /v2.0/security-groups?id=44df35dd-c60f-429a-84c3-2d4d77517e3f&fields=id&fields=name HTTP/1.1" status: 200 len: 312 time: 0.0630276
2026-05-05 23:19:49.136 9 INFO neutron.wsgi [req-7b7a7213-58eb-4405-a9f2-1d1f7c13535b req-2e2b5bfe-11e3-4f66-916e-132cf4b0756e 4a74b8b0fd5548b4b772c0d3fdc7ca7e 60ebc48fb9004c21ba869cbb18ebf9a3 - - 913e957380f04e9ea3dc4b71a8ff958a 913e957380f04e9ea3dc4b71a8ff958a] 199.204.45.78 "GET /v2.0/networks/34f8f995-88a3-411d-b7ec-f3cd72a7c4fa?fields=provider%3Aphysical_network&fields=provider%3Anetwork_type HTTP/1.1" status: 200 len: 277 time: 0.0809343
2026-05-05 23:19:49.169 10 INFO neutron.db.ovn_revision_numbers_db [req-888a3007-51a8-492e-8ce6-8647ec62db48 req-c3a3dc7d-8f9a-4339-b695-6669f0f9be74 0823ded503f44a8690c874ed781a629f e75a2e42262c4edbbd96035d9d7ebfbd - - default default] Successfully bumped revision number for resource 83e0088d-cc07-4eef-8436-cfed4118edce (type: ports) to 1
2026-05-05 23:19:49.191 10 INFO neutron.wsgi [req-888a3007-51a8-492e-8ce6-8647ec62db48 req-c3a3dc7d-8f9a-4339-b695-6669f0f9be74 0823ded503f44a8690c874ed781a629f e75a2e42262c4edbbd96035d9d7ebfbd - - default default] 199.204.45.78 "POST /v2.0/ports HTTP/1.1" status: 201 len: 1162 time: 0.5014820 /var/lib/openstack/lib/python3.10/site-packages/pycadf/identifier.py:71: UserWarning: Invalid uuid: neutron. To ensure interoperability, identifiers should be a valid uuid. warnings.warn(('Invalid uuid: %s. To ensure interoperability, '
2026-05-05 23:19:49.516 9 INFO neutron.wsgi [req-4c7b2049-4313-49f6-9954-526cfcc53195 req-10566e01-75cc-4d03-b4e9-5a7d5f5af7b5 0b1dba47b80b457a93e6f8d6e50b6bc9 1e90fbc033fd4d54abb95fe16b82230c - - default default] 10.0.0.153 "GET /v2.0/ports?device_id=e411a0da-0651-4ab2-b07c-bef1446d78dc HTTP/1.1" status: 200 len: 1168 time: 0.0317504
2026-05-05 23:19:49.571 9 INFO neutron.wsgi [req-4c7b2049-4313-49f6-9954-526cfcc53195 req-5d818ecc-8ea7-49d5-b795-01ef17bb898e 0b1dba47b80b457a93e6f8d6e50b6bc9 1e90fbc033fd4d54abb95fe16b82230c - - default default] 10.0.0.153 "GET /v2.0/security-groups?id=10284f3b-4ecb-47bb-af6c-bf4f7788656a&fields=id&fields=name HTTP/1.1" status: 200 len: 312 time: 0.0435040
2026-05-05 23:19:49.754 10 INFO neutron.db.ovn_revision_numbers_db [req-888a3007-51a8-492e-8ce6-8647ec62db48 req-9a08de8b-8f0c-41ef-8ccb-f0d43ba5e6ac 4a74b8b0fd5548b4b772c0d3fdc7ca7e 60ebc48fb9004c21ba869cbb18ebf9a3 - - 913e957380f04e9ea3dc4b71a8ff958a 913e957380f04e9ea3dc4b71a8ff958a] Successfully bumped revision number for resource 83e0088d-cc07-4eef-8436-cfed4118edce (type: ports) to 2
2026-05-05 23:19:49.955 9 INFO neutron.wsgi [req-30d51a40-3562-44ae-85f2-d869f4991c19 req-9d5f69b8-a23f-44ec-bd79-b1227bf928db 0823ded503f44a8690c874ed781a629f e75a2e42262c4edbbd96035d9d7ebfbd - - default default] 10.0.0.153 "GET /v2.0/ports?device_id=a3d06992-bcb9-43b5-bd44-3e4fab96a72d HTTP/1.1" status: 200 len: 1172 time: 0.0441635
2026-05-05 23:19:49.957 10 INFO neutron.db.ovn_revision_numbers_db [req-888a3007-51a8-492e-8ce6-8647ec62db48 req-9a08de8b-8f0c-41ef-8ccb-f0d43ba5e6ac 4a74b8b0fd5548b4b772c0d3fdc7ca7e 60ebc48fb9004c21ba869cbb18ebf9a3 - - 913e957380f04e9ea3dc4b71a8ff958a 913e957380f04e9ea3dc4b71a8ff958a] Successfully bumped revision number for resource 83e0088d-cc07-4eef-8436-cfed4118edce (type: ports) to 2
2026-05-05 23:19:49.971 10 INFO neutron.wsgi [req-888a3007-51a8-492e-8ce6-8647ec62db48 req-9a08de8b-8f0c-41ef-8ccb-f0d43ba5e6ac 4a74b8b0fd5548b4b772c0d3fdc7ca7e 60ebc48fb9004c21ba869cbb18ebf9a3 - - 913e957380f04e9ea3dc4b71a8ff958a 913e957380f04e9ea3dc4b71a8ff958a] 199.204.45.78 "PUT /v2.0/ports/83e0088d-cc07-4eef-8436-cfed4118edce HTTP/1.1" status: 200 len: 1380 time: 0.7725382
2026-05-05 23:19:50.007 9 INFO neutron.wsgi [req-30d51a40-3562-44ae-85f2-d869f4991c19 req-2cdbbeca-f614-415e-b4ce-a9ea1026e822 0823ded503f44a8690c874ed781a629f e75a2e42262c4edbbd96035d9d7ebfbd - - default default] 10.0.0.153 "GET /v2.0/security-groups?id=e977b8c7-a3d9-4b80-813c-7f2943d4c8f9&fields=id&fields=name HTTP/1.1" status: 200 len: 313 time: 0.0442235
2026-05-05 23:19:50.014 10 INFO neutron.notifiers.nova [-] Nova event matching ['req-61d5198d-3d51-4a77-b797-0961e24a36c6'] response: {'name': 'network-changed', 'server_uuid': 'a3d06992-bcb9-43b5-bd44-3e4fab96a72d', 'tag': '83e0088d-cc07-4eef-8436-cfed4118edce', 'status': 'completed', 'code': 200} /var/lib/openstack/lib/python3.10/site-packages/pycadf/identifier.py:71: UserWarning: Invalid uuid: neutron. To ensure interoperability, identifiers should be a valid uuid. warnings.warn(('Invalid uuid: %s. To ensure interoperability, '
2026-05-05 23:19:50.062 10 INFO neutron.wsgi [req-888a3007-51a8-492e-8ce6-8647ec62db48 req-1e1d6921-a9cd-4653-af48-ec1eb6d16606 4a74b8b0fd5548b4b772c0d3fdc7ca7e 60ebc48fb9004c21ba869cbb18ebf9a3 - - 913e957380f04e9ea3dc4b71a8ff958a 913e957380f04e9ea3dc4b71a8ff958a] 199.204.45.78 "GET /v2.0/ports?tenant_id=e75a2e42262c4edbbd96035d9d7ebfbd&device_id=a3d06992-bcb9-43b5-bd44-3e4fab96a72d HTTP/1.1" status: 200 len: 1411 time: 0.0425794
2026-05-05 23:19:50.091 10 INFO neutron.wsgi [req-888a3007-51a8-492e-8ce6-8647ec62db48 req-38b6424e-526f-4e8e-934d-6934fe7756eb 4a74b8b0fd5548b4b772c0d3fdc7ca7e 60ebc48fb9004c21ba869cbb18ebf9a3 - - 913e957380f04e9ea3dc4b71a8ff958a 913e957380f04e9ea3dc4b71a8ff958a] 199.204.45.78 "GET /v2.0/floatingips?fixed_ip_address=10.100.0.13&port_id=83e0088d-cc07-4eef-8436-cfed4118edce HTTP/1.1" status: 200 len: 217 time: 0.0229774
2026-05-05 23:19:50.127 10 INFO neutron.wsgi [req-888a3007-51a8-492e-8ce6-8647ec62db48 req-5e311ca1-8221-4c34-a0da-48d2c22e0c55 4a74b8b0fd5548b4b772c0d3fdc7ca7e 60ebc48fb9004c21ba869cbb18ebf9a3 - - 913e957380f04e9ea3dc4b71a8ff958a 913e957380f04e9ea3dc4b71a8ff958a] 199.204.45.78 "GET /v2.0/subnets?id=f61e5cf2-a96e-4b4d-bd37-f4b1bb2b96b2 HTTP/1.1" status: 200 len: 869 time: 0.0299203
2026-05-05 23:19:50.151 10 INFO neutron.wsgi [req-888a3007-51a8-492e-8ce6-8647ec62db48 req-7e3b4a84-211c-49e4-8c49-e217483ef1ab 4a74b8b0fd5548b4b772c0d3fdc7ca7e 60ebc48fb9004c21ba869cbb18ebf9a3 - - 913e957380f04e9ea3dc4b71a8ff958a 913e957380f04e9ea3dc4b71a8ff958a] 199.204.45.78 "GET /v2.0/ports?network_id=48853a16-4dcb-4dba-8808-57c922bf149b&device_owner=network%3Adhcp HTTP/1.1" status: 200 len: 210 time: 0.0193999
2026-05-05 23:19:50.214 10 INFO neutron.wsgi [req-888a3007-51a8-492e-8ce6-8647ec62db48 req-1c4918a9-6fcf-4fc2-98e1-2a485cb2c7e6 4a74b8b0fd5548b4b772c0d3fdc7ca7e 60ebc48fb9004c21ba869cbb18ebf9a3 - - 913e957380f04e9ea3dc4b71a8ff958a 913e957380f04e9ea3dc4b71a8ff958a] 199.204.45.78 "GET /v2.0/networks/48853a16-4dcb-4dba-8808-57c922bf149b?fields=segments HTTP/1.1" status: 200 len: 212 time: 0.0569749
2026-05-05 23:19:50.270 9 INFO neutron.wsgi [req-e6ba7aff-5beb-4b22-8e7a-f43a1e7c09b7 req-4d91f225-d3b8-4249-8467-9fb6bbf8605a f5e0d81dec2c4e48ab1805d30fd42c47 f7c9dee980774493b8fd0156ac95f514 - - default default] 10.0.0.153 "GET /v2.0/ports?device_id=e9d5943d-7bf8-4367-9ff6-6e68202cc5c0 HTTP/1.1" status: 200 len: 1172 time: 0.0916226
2026-05-05 23:19:50.278 10 INFO neutron.wsgi [req-888a3007-51a8-492e-8ce6-8647ec62db48 req-9ae6f272-c122-4e10-a34e-ef8b933126b3 4a74b8b0fd5548b4b772c0d3fdc7ca7e 60ebc48fb9004c21ba869cbb18ebf9a3 - - 913e957380f04e9ea3dc4b71a8ff958a 913e957380f04e9ea3dc4b71a8ff958a] 199.204.45.78 "GET /v2.0/networks/48853a16-4dcb-4dba-8808-57c922bf149b?fields=provider%3Aphysical_network&fields=provider%3Anetwork_type HTTP/1.1" status: 200 len: 277 time: 0.0581560
2026-05-05 23:19:50.327 9 INFO neutron.wsgi [req-e6ba7aff-5beb-4b22-8e7a-f43a1e7c09b7 req-68f3728b-f647-469c-a873-b9fc7500dcc7 f5e0d81dec2c4e48ab1805d30fd42c47 f7c9dee980774493b8fd0156ac95f514 - - default default] 10.0.0.153 "GET /v2.0/security-groups?id=44df35dd-c60f-429a-84c3-2d4d77517e3f&fields=id&fields=name HTTP/1.1" status: 200 len: 312 time: 0.0490482
2026-05-05 23:19:50.370 10 INFO neutron.wsgi [req-7a99d0c4-6ee5-4510-92f5-bc37179ff6c6 req-30cf73c6-5b03-43c6-9dc9-01e5af537c68 4a74b8b0fd5548b4b772c0d3fdc7ca7e 60ebc48fb9004c21ba869cbb18ebf9a3 - - 913e957380f04e9ea3dc4b71a8ff958a 913e957380f04e9ea3dc4b71a8ff958a] 199.204.45.78 "GET /v2.0/ports?tenant_id=e75a2e42262c4edbbd96035d9d7ebfbd&device_id=a3d06992-bcb9-43b5-bd44-3e4fab96a72d HTTP/1.1" status: 200 len: 1411 time: 0.0432007
2026-05-05 23:19:50.422 10 INFO neutron.wsgi [req-7a99d0c4-6ee5-4510-92f5-bc37179ff6c6 req-c1395590-e7a3-452c-b578-b7b78a5dd7ec 4a74b8b0fd5548b4b772c0d3fdc7ca7e 60ebc48fb9004c21ba869cbb18ebf9a3 - - 913e957380f04e9ea3dc4b71a8ff958a 913e957380f04e9ea3dc4b71a8ff958a] 199.204.45.78 "GET /v2.0/networks?id=48853a16-4dcb-4dba-8808-57c922bf149b HTTP/1.1" status: 200 len: 973 time: 0.0486603
2026-05-05 23:19:50.451 10 INFO neutron.wsgi [req-7a99d0c4-6ee5-4510-92f5-bc37179ff6c6 req-d87de786-6657-4cbd-bf8b-aebc46fed743 4a74b8b0fd5548b4b772c0d3fdc7ca7e 60ebc48fb9004c21ba869cbb18ebf9a3 - - 913e957380f04e9ea3dc4b71a8ff958a 913e957380f04e9ea3dc4b71a8ff958a] 199.204.45.78 "GET /v2.0/floatingips?fixed_ip_address=10.100.0.13&port_id=83e0088d-cc07-4eef-8436-cfed4118edce HTTP/1.1" status: 200 len: 217 time: 0.0256951
2026-05-05 23:19:50.490 10 INFO neutron.wsgi [req-7a99d0c4-6ee5-4510-92f5-bc37179ff6c6 req-6d938356-a50d-46d9-ae01-226764a750da 4a74b8b0fd5548b4b772c0d3fdc7ca7e 60ebc48fb9004c21ba869cbb18ebf9a3 - - 913e957380f04e9ea3dc4b71a8ff958a 913e957380f04e9ea3dc4b71a8ff958a] 199.204.45.78 "GET /v2.0/subnets?id=f61e5cf2-a96e-4b4d-bd37-f4b1bb2b96b2 HTTP/1.1" status: 200 len: 869 time: 0.0365181
2026-05-05 23:19:50.526 10 INFO neutron.wsgi [req-7a99d0c4-6ee5-4510-92f5-bc37179ff6c6 req-07428168-8184-4ce4-baed-889714c1ab1b 4a74b8b0fd5548b4b772c0d3fdc7ca7e 60ebc48fb9004c21ba869cbb18ebf9a3 - - 913e957380f04e9ea3dc4b71a8ff958a 913e957380f04e9ea3dc4b71a8ff958a] 199.204.45.78 "GET /v2.0/ports?network_id=48853a16-4dcb-4dba-8808-57c922bf149b&device_owner=network%3Adhcp HTTP/1.1" status: 200 len: 210 time: 0.0289233
2026-05-05 23:19:50.594 10 INFO neutron.wsgi [req-7a99d0c4-6ee5-4510-92f5-bc37179ff6c6 req-0dd11fc1-f669-4b2d-93e6-cbc1d40fdf90 4a74b8b0fd5548b4b772c0d3fdc7ca7e 60ebc48fb9004c21ba869cbb18ebf9a3 - - 913e957380f04e9ea3dc4b71a8ff958a 913e957380f04e9ea3dc4b71a8ff958a] 199.204.45.78 "GET /v2.0/networks/48853a16-4dcb-4dba-8808-57c922bf149b?fields=segments HTTP/1.1" status: 200 len: 212 time: 0.0614381
2026-05-05 23:19:50.685 10 INFO neutron.wsgi [req-7a99d0c4-6ee5-4510-92f5-bc37179ff6c6 req-d919041b-d776-41d9-b52d-6571e367f8e3 4a74b8b0fd5548b4b772c0d3fdc7ca7e 60ebc48fb9004c21ba869cbb18ebf9a3 - - 913e957380f04e9ea3dc4b71a8ff958a 913e957380f04e9ea3dc4b71a8ff958a] 199.204.45.78 "GET /v2.0/networks/48853a16-4dcb-4dba-8808-57c922bf149b?fields=provider%3Aphysical_network&fields=provider%3Anetwork_type HTTP/1.1" status: 200 len: 277 time: 0.0811877
2026-05-05 23:19:50.748 9 INFO neutron.wsgi [req-b087410b-fb2c-4c3b-a574-8cbd37edca71 req-ca7c1089-d70f-4fba-8a71-11c3f30e7fce 0b1dba47b80b457a93e6f8d6e50b6bc9 1e90fbc033fd4d54abb95fe16b82230c - - default default] 10.0.0.153 "GET /v2.0/ports?device_id=e411a0da-0651-4ab2-b07c-bef1446d78dc HTTP/1.1" status: 200 len: 1168 time: 0.0797031
2026-05-05 23:19:50.776 9 INFO neutron.plugins.ml2.drivers.ovn.mech_driver.mech_driver [None req-3477c0ba-b0a4-456f-9ac4-996e9fa5baad - - - - - -] OVN reports status up for port: da646817-0542-4b94-a736-8e9d4da6a7dd
2026-05-05 23:19:50.796 9 INFO neutron.plugins.ml2.plugin [None req-3477c0ba-b0a4-456f-9ac4-996e9fa5baad - - - - - -] Attempt 1 to provision port da646817-0542-4b94-a736-8e9d4da6a7dd
2026-05-05 23:19:50.829 9 INFO neutron.wsgi [req-b087410b-fb2c-4c3b-a574-8cbd37edca71 req-397361dd-8a65-46da-a483-47c6c08ff318 0b1dba47b80b457a93e6f8d6e50b6bc9 1e90fbc033fd4d54abb95fe16b82230c - - default default] 10.0.0.153 "GET /v2.0/security-groups?id=10284f3b-4ecb-47bb-af6c-bf4f7788656a&fields=id&fields=name HTTP/1.1" status: 200 len: 312 time: 0.0709291
2026-05-05 23:19:50.923 9 INFO neutron.db.ovn_revision_numbers_db [None req-0c5ae2c4-7d9c-48a3-8a56-59c006d84567 cc53ead19fd04f48b9de74174830d004 db474edd8c3f4bc483ef002a4b312d07 - - default default] Successfully bumped revision number for resource ab52037d-2dbb-4cae-bf08-95863c841190 (type: security_groups) to 1
2026-05-05 23:19:50.954 9 INFO neutron.db.ovn_revision_numbers_db [None req-0c5ae2c4-7d9c-48a3-8a56-59c006d84567 cc53ead19fd04f48b9de74174830d004 db474edd8c3f4bc483ef002a4b312d07 - - default default] Successfully bumped revision number for resource 2f3090df-7c46-4522-a958-8c4770b3b0c7 (type: security_group_rules) to 0
2026-05-05 23:19:50.972 9 INFO neutron.notifiers.nova [-] Nova event matching ['req-eab39db8-f098-4da8-b77c-e7270b0b1caa'] response: {'server_uuid': 'e411a0da-0651-4ab2-b07c-bef1446d78dc', 'name': 'network-vif-plugged', 'status': 'completed', 'tag': 'da646817-0542-4b94-a736-8e9d4da6a7dd', 'code': 200}
2026-05-05 23:19:50.996 9 INFO neutron.db.ovn_revision_numbers_db [None req-0c5ae2c4-7d9c-48a3-8a56-59c006d84567 cc53ead19fd04f48b9de74174830d004 db474edd8c3f4bc483ef002a4b312d07 - - default default] Successfully bumped revision number for resource 83dc2e47-aae0-4d26-8eb3-a06c484b60cb (type: security_group_rules) to 0
2026-05-05 23:19:51.019 9 INFO neutron.db.ovn_revision_numbers_db [None req-0c5ae2c4-7d9c-48a3-8a56-59c006d84567 cc53ead19fd04f48b9de74174830d004 db474edd8c3f4bc483ef002a4b312d07 - - default default] Successfully bumped revision number for resource 93cee6ea-98d9-486d-a982-8c0f996a9e23 (type: security_group_rules) to 0
2026-05-05 23:19:51.047 9 INFO neutron.db.ovn_revision_numbers_db [None req-0c5ae2c4-7d9c-48a3-8a56-59c006d84567 cc53ead19fd04f48b9de74174830d004 db474edd8c3f4bc483ef002a4b312d07 - - default default] Successfully bumped revision number for resource ad1b3a0c-90a7-4554-b276-476ddcab3ee0 (type: security_group_rules) to 0
2026-05-05 23:19:51.128 9 INFO neutron.db.segments_db [None req-0c5ae2c4-7d9c-48a3-8a56-59c006d84567 cc53ead19fd04f48b9de74174830d004 db474edd8c3f4bc483ef002a4b312d07 - - default default] Added segment e8cc2643-560a-4c8c-93eb-ec88ad068d9d of type geneve for network 3b943ecf-7292-493d-a84b-fbeb89529e03
2026-05-05 23:19:51.158 9 INFO neutron.wsgi [req-23fd42b5-8e3b-4d09-9822-dba2c9774966 req-0b59700a-17c6-4cee-8152-f1b0822a235d 0823ded503f44a8690c874ed781a629f e75a2e42262c4edbbd96035d9d7ebfbd - - default default] 10.0.0.153 "GET /v2.0/ports?device_id=a3d06992-bcb9-43b5-bd44-3e4fab96a72d HTTP/1.1" status: 200 len: 1172 time: 0.0662222
2026-05-05 23:19:51.444 9 INFO neutron.wsgi [req-23fd42b5-8e3b-4d09-9822-dba2c9774966 req-2f93bc21-6628-4a5a-b1b4-17c82a3d3eda 0823ded503f44a8690c874ed781a629f e75a2e42262c4edbbd96035d9d7ebfbd - - default default] 10.0.0.153 "GET /v2.0/security-groups?id=e977b8c7-a3d9-4b80-813c-7f2943d4c8f9&fields=id&fields=name HTTP/1.1" status: 200 len: 313 time: 0.2752893
2026-05-05 23:19:51.451 9 INFO neutron.db.ovn_revision_numbers_db [None req-3477c0ba-b0a4-456f-9ac4-996e9fa5baad - - - - - -] Successfully bumped revision number for resource da646817-0542-4b94-a736-8e9d4da6a7dd (type: ports) to 4
2026-05-05 23:19:51.509 9 INFO neutron.wsgi [req-b40f5e2f-1e74-4921-91d0-a23e7710fd50 req-5f827eba-9215-4ce4-9e29-a763309621ba f5e0d81dec2c4e48ab1805d30fd42c47 f7c9dee980774493b8fd0156ac95f514 - - default default] 10.0.0.153 "GET /v2.0/ports?device_id=e9d5943d-7bf8-4367-9ff6-6e68202cc5c0 HTTP/1.1" status: 200 len: 1172 time: 0.0885170
2026-05-05 23:19:51.590 9 INFO neutron.wsgi [req-b40f5e2f-1e74-4921-91d0-a23e7710fd50 req-0a741860-2ab5-4ad6-b08b-906d04783f16 f5e0d81dec2c4e48ab1805d30fd42c47 f7c9dee980774493b8fd0156ac95f514 - - default default] 10.0.0.153 "GET /v2.0/security-groups?id=44df35dd-c60f-429a-84c3-2d4d77517e3f&fields=id&fields=name HTTP/1.1" status: 200 len: 312 time: 0.0677948
2026-05-05 23:19:51.591 9 INFO neutron.db.ovn_revision_numbers_db [None req-0c5ae2c4-7d9c-48a3-8a56-59c006d84567 cc53ead19fd04f48b9de74174830d004 db474edd8c3f4bc483ef002a4b312d07 - - default default] Successfully bumped revision number for resource 3b943ecf-7292-493d-a84b-fbeb89529e03 (type: networks) to 1
2026-05-05 23:19:51.741 9 WARNING neutron.scheduler.dhcp_agent_scheduler [None req-0c5ae2c4-7d9c-48a3-8a56-59c006d84567 cc53ead19fd04f48b9de74174830d004 db474edd8c3f4bc483ef002a4b312d07 - - default default] No more DHCP agents
2026-05-05 23:19:51.746 9 WARNING neutron.api.rpc.agentnotifiers.dhcp_rpc_agent_api [None req-0c5ae2c4-7d9c-48a3-8a56-59c006d84567 cc53ead19fd04f48b9de74174830d004 db474edd8c3f4bc483ef002a4b312d07 - - default default] Unable to schedule network 3b943ecf-7292-493d-a84b-fbeb89529e03: no agents available; will retry on subsequent port and subnet creation events.
2026-05-05 23:19:51.828 9 INFO neutron.db.ovn_revision_numbers_db [None req-0c5ae2c4-7d9c-48a3-8a56-59c006d84567 cc53ead19fd04f48b9de74174830d004 db474edd8c3f4bc483ef002a4b312d07 - - default default] Successfully bumped revision number for resource b3f774d6-9a54-4b52-900b-ba1e384cb9c3 (type: ports) to 1
2026-05-05 23:19:51.862 9 INFO neutron.wsgi [None req-0c5ae2c4-7d9c-48a3-8a56-59c006d84567 cc53ead19fd04f48b9de74174830d004 db474edd8c3f4bc483ef002a4b312d07 - - default default] 10.0.0.175 "POST /v2.0/networks HTTP/1.1" status: 201 len: 946 time: 1.3919957 /var/lib/openstack/lib/python3.10/site-packages/pycadf/identifier.py:71: UserWarning: Invalid uuid: neutron. To ensure interoperability, identifiers should be a valid uuid. warnings.warn(('Invalid uuid: %s. To ensure interoperability, '
2026-05-05 23:19:51.952 9 INFO neutron.wsgi [req-a272764d-fad0-45cf-bcba-555b387ec055 req-de184836-c570-4317-84d6-b91491d335be 0b1dba47b80b457a93e6f8d6e50b6bc9 1e90fbc033fd4d54abb95fe16b82230c - - default default] 10.0.0.153 "GET /v2.0/ports?device_id=e411a0da-0651-4ab2-b07c-bef1446d78dc HTTP/1.1" status: 200 len: 1170 time: 0.0483737
2026-05-05 23:19:51.999 9 INFO neutron.wsgi [req-a272764d-fad0-45cf-bcba-555b387ec055 req-466e5563-7f75-4511-aa47-9b0bf488e4e1 0b1dba47b80b457a93e6f8d6e50b6bc9 1e90fbc033fd4d54abb95fe16b82230c - - default default] 10.0.0.153 "GET /v2.0/security-groups?id=10284f3b-4ecb-47bb-af6c-bf4f7788656a&fields=id&fields=name HTTP/1.1" status: 200 len: 312 time: 0.0403533
2026-05-05 23:19:52.057 9 WARNING neutron.scheduler.dhcp_agent_scheduler [None req-29682f92-ca2e-44f2-ae52-b477b4b19549 cc53ead19fd04f48b9de74174830d004 db474edd8c3f4bc483ef002a4b312d07 - - default default] No more DHCP agents
2026-05-05 23:19:52.059 9 WARNING neutron.api.rpc.agentnotifiers.dhcp_rpc_agent_api [None req-29682f92-ca2e-44f2-ae52-b477b4b19549 cc53ead19fd04f48b9de74174830d004 db474edd8c3f4bc483ef002a4b312d07 - - default default] Unable to schedule network 3b943ecf-7292-493d-a84b-fbeb89529e03: no agents available; will retry on subsequent port and subnet creation events.
2026-05-05 23:19:52.138 9 INFO neutron.wsgi [req-71c21fe7-34bb-4319-b955-a169beee5f8e req-2578fe21-7e95-471a-b8e9-e65f1659891d 0b1dba47b80b457a93e6f8d6e50b6bc9 1e90fbc033fd4d54abb95fe16b82230c - - default default] 10.0.0.153 "GET /v2.0/ports?device_id=e411a0da-0651-4ab2-b07c-bef1446d78dc HTTP/1.1" status: 200 len: 1170 time: 0.0454066
2026-05-05 23:19:52.453 10 INFO neutron.db.l3_db [None req-7f5c8ce8-a15f-4b49-a120-2fc897cdd4ca 0b1dba47b80b457a93e6f8d6e50b6bc9 1e90fbc033fd4d54abb95fe16b82230c - - default default] Floating IP 5787c964-9a6d-45d7-a310-1eb2aec7dae1 associated. External IP: 10.96.250.214, port: da646817-0542-4b94-a736-8e9d4da6a7dd.
2026-05-05 23:19:52.622 9 INFO neutron.wsgi [req-a4e3ea91-ee20-4d78-ba8d-007081edf969 req-8690331f-7a3e-43cc-af64-94cf6ad91304 0823ded503f44a8690c874ed781a629f e75a2e42262c4edbbd96035d9d7ebfbd - - default default] 10.0.0.153 "GET /v2.0/ports?device_id=a3d06992-bcb9-43b5-bd44-3e4fab96a72d HTTP/1.1" status: 200 len: 1172 time: 0.0914743
2026-05-05 23:19:52.623 9 INFO neutron.db.ovn_revision_numbers_db [None req-29682f92-ca2e-44f2-ae52-b477b4b19549 cc53ead19fd04f48b9de74174830d004 db474edd8c3f4bc483ef002a4b312d07 - - default default] Successfully bumped revision number for resource b3f774d6-9a54-4b52-900b-ba1e384cb9c3 (type: ports) to 2 /var/lib/openstack/lib/python3.10/site-packages/pycadf/identifier.py:71: UserWarning: Invalid uuid: neutron. To ensure interoperability, identifiers should be a valid uuid. warnings.warn(('Invalid uuid: %s. To ensure interoperability, '
2026-05-05 23:19:52.732 9 INFO neutron.wsgi [req-a4e3ea91-ee20-4d78-ba8d-007081edf969 req-867a8eac-cc7a-4d83-86d5-6480c103ee3f 0823ded503f44a8690c874ed781a629f e75a2e42262c4edbbd96035d9d7ebfbd - - default default] 10.0.0.153 "GET /v2.0/security-groups?id=e977b8c7-a3d9-4b80-813c-7f2943d4c8f9&fields=id&fields=name HTTP/1.1" status: 200 len: 313 time: 0.0976706
2026-05-05 23:19:52.749 9 INFO neutron.wsgi [req-05052116-17db-4040-b951-794a63bb74ae req-7f2793d0-044a-4a1c-87ca-bd93bfdea1ea f5e0d81dec2c4e48ab1805d30fd42c47 f7c9dee980774493b8fd0156ac95f514 - - default default] 10.0.0.153 "GET /v2.0/ports?device_id=e9d5943d-7bf8-4367-9ff6-6e68202cc5c0 HTTP/1.1" status: 200 len: 1172 time: 0.0622194
2026-05-05 23:19:52.749 9 INFO neutron.db.ovn_revision_numbers_db [None req-29682f92-ca2e-44f2-ae52-b477b4b19549 cc53ead19fd04f48b9de74174830d004 db474edd8c3f4bc483ef002a4b312d07 - - default default] Successfully bumped revision number for resource a745727f-af4c-4143-bd88-2a0bc338b58a (type: subnets) to 0
2026-05-05 23:19:52.767 9 INFO neutron.wsgi [None req-29682f92-ca2e-44f2-ae52-b477b4b19549 cc53ead19fd04f48b9de74174830d004 db474edd8c3f4bc483ef002a4b312d07 - - default default] 10.0.0.175 "POST /v2.0/subnets HTTP/1.1" status: 201 len: 866 time: 0.8967783
2026-05-05 23:19:52.804 9 INFO neutron.wsgi [req-05052116-17db-4040-b951-794a63bb74ae req-0247599c-ee7f-4e31-b5e2-f214f5b6294f f5e0d81dec2c4e48ab1805d30fd42c47 f7c9dee980774493b8fd0156ac95f514 - - default default] 10.0.0.153 "GET /v2.0/security-groups?id=44df35dd-c60f-429a-84c3-2d4d77517e3f&fields=id&fields=name HTTP/1.1" status: 200 len: 312 time: 0.0465276
2026-05-05 23:19:52.895 10 INFO neutron.db.ovn_revision_numbers_db [None req-7f5c8ce8-a15f-4b49-a120-2fc897cdd4ca 0b1dba47b80b457a93e6f8d6e50b6bc9 1e90fbc033fd4d54abb95fe16b82230c - - default default] Successfully bumped revision number for resource 5787c964-9a6d-45d7-a310-1eb2aec7dae1 (type: floatingips) to 1
2026-05-05 23:19:53.012 10 INFO neutron.db.ovn_revision_numbers_db [None req-7f5c8ce8-a15f-4b49-a120-2fc897cdd4ca 0b1dba47b80b457a93e6f8d6e50b6bc9 1e90fbc033fd4d54abb95fe16b82230c - - default default] Successfully bumped revision number for resource 5787c964-9a6d-45d7-a310-1eb2aec7dae1 (type: floatingips) to 2
2026-05-05 23:19:53.021 9 INFO neutron.notifiers.nova [-] Nova event matching ['req-b088b923-d57d-470d-a25c-00984ff52d78'] response: {'server_uuid': 'e411a0da-0651-4ab2-b07c-bef1446d78dc', 'name': 'network-vif-plugged', 'status': 'completed', 'tag': 'da646817-0542-4b94-a736-8e9d4da6a7dd', 'code': 200}
2026-05-05 23:19:53.040 10 INFO neutron.wsgi [None req-7f5c8ce8-a15f-4b49-a120-2fc897cdd4ca 0b1dba47b80b457a93e6f8d6e50b6bc9 1e90fbc033fd4d54abb95fe16b82230c - - default default] 10.0.0.175 "PUT /v2.0/floatingips/5787c964-9a6d-45d7-a310-1eb2aec7dae1 HTTP/1.1" status: 200 len: 1049 time: 0.8877683
2026-05-05 23:19:53.085 10 INFO neutron.notifiers.nova [-] Nova event matching ['req-64fc5f0f-6b64-4ccd-9012-b75775f08d24'] response: {'name': 'network-changed', 'server_uuid': 'e411a0da-0651-4ab2-b07c-bef1446d78dc', 'tag': 'da646817-0542-4b94-a736-8e9d4da6a7dd', 'status': 'completed', 'code': 200}
2026-05-05 23:19:53.147 10 INFO neutron.wsgi [req-b1b9e332-5de2-4567-b8c6-3d3605dac1a6 req-0a2f01f4-81b5-454e-a736-ec2579ce2b89 4a74b8b0fd5548b4b772c0d3fdc7ca7e 60ebc48fb9004c21ba869cbb18ebf9a3 - - 913e957380f04e9ea3dc4b71a8ff958a 913e957380f04e9ea3dc4b71a8ff958a] 199.204.45.78 "GET /v2.0/ports?tenant_id=1e90fbc033fd4d54abb95fe16b82230c&device_id=e411a0da-0651-4ab2-b07c-bef1446d78dc HTTP/1.1" status: 200 len: 1409 time: 0.0463793
2026-05-05 23:19:53.166 9 INFO neutron.wsgi [req-2cbf2a43-951c-4d68-82c6-e041699a979c req-fd82bd0d-74ab-47e8-a4c7-08bfddaf240b 0b1dba47b80b457a93e6f8d6e50b6bc9 1e90fbc033fd4d54abb95fe16b82230c - - default default] 10.0.0.153 "GET /v2.0/ports?device_id=e411a0da-0651-4ab2-b07c-bef1446d78dc HTTP/1.1" status: 200 len: 1170 time: 0.0566485
2026-05-05 23:19:53.219 9 INFO neutron.wsgi [req-2cbf2a43-951c-4d68-82c6-e041699a979c req-932cd725-8709-4007-9883-8c122376e26f 0b1dba47b80b457a93e6f8d6e50b6bc9 1e90fbc033fd4d54abb95fe16b82230c - - default default] 10.0.0.153 "GET /v2.0/security-groups?id=10284f3b-4ecb-47bb-af6c-bf4f7788656a&fields=id&fields=name HTTP/1.1" status: 200 len: 312 time: 0.0425947
2026-05-05 23:19:53.233 10 INFO neutron.wsgi [req-b1b9e332-5de2-4567-b8c6-3d3605dac1a6 req-7c16421b-e8f0-4ce2-9e4a-4be73d1cb13a 4a74b8b0fd5548b4b772c0d3fdc7ca7e 60ebc48fb9004c21ba869cbb18ebf9a3 - - 913e957380f04e9ea3dc4b71a8ff958a 913e957380f04e9ea3dc4b71a8ff958a] 199.204.45.78 "GET /v2.0/networks?id=8f52756a-1e91-488a-8c8e-39411a29351f HTTP/1.1" status: 200 len: 967 time: 0.0807300
2026-05-05 23:19:53.281 9 INFO neutron.wsgi [-] 10.0.0.104 "GET / HTTP/1.1" status: 200 len: 246 time: 0.0026824
2026-05-05 23:19:53.283 9 INFO neutron.wsgi [-] 10.0.0.104 "GET / HTTP/1.1" status: 200 len: 246 time: 0.0012493
2026-05-05 23:19:53.305 10 INFO neutron.wsgi [req-b1b9e332-5de2-4567-b8c6-3d3605dac1a6 req-149a603f-1880-4f7e-80d9-8c8eb7f01769 4a74b8b0fd5548b4b772c0d3fdc7ca7e 60ebc48fb9004c21ba869cbb18ebf9a3 - - 913e957380f04e9ea3dc4b71a8ff958a 913e957380f04e9ea3dc4b71a8ff958a] 199.204.45.78 "GET /v2.0/floatingips?fixed_ip_address=10.100.0.6&port_id=da646817-0542-4b94-a736-8e9d4da6a7dd HTTP/1.1" status: 200 len: 1059 time: 0.0645807
2026-05-05 23:19:53.343 10 INFO neutron.wsgi [req-b1b9e332-5de2-4567-b8c6-3d3605dac1a6 req-18a44008-d6d8-4ed2-b21a-8c7f83be7922 4a74b8b0fd5548b4b772c0d3fdc7ca7e 60ebc48fb9004c21ba869cbb18ebf9a3 - - 913e957380f04e9ea3dc4b71a8ff958a 913e957380f04e9ea3dc4b71a8ff958a] 199.204.45.78 "GET /v2.0/subnets?id=d48c30e1-bcb3-4631-bdbf-99568ca57f5d HTTP/1.1" status: 200 len: 862 time: 0.0313401
2026-05-05 23:19:53.358 9 WARNING neutron.scheduler.dhcp_agent_scheduler [None req-6c7c5426-76ca-4d5d-ac5f-4bc78a336a7c cc53ead19fd04f48b9de74174830d004 db474edd8c3f4bc483ef002a4b312d07 - - default default] No more DHCP agents
2026-05-05 23:19:53.360 9 WARNING neutron.api.rpc.agentnotifiers.dhcp_rpc_agent_api [None req-6c7c5426-76ca-4d5d-ac5f-4bc78a336a7c cc53ead19fd04f48b9de74174830d004 db474edd8c3f4bc483ef002a4b312d07 - - default default] Unable to schedule network 79b80596-acfa-42bc-aac5-ba7ed139b65c: no agents available; will retry on subsequent port and subnet creation events.
2026-05-05 23:19:53.371 10 INFO neutron.wsgi [req-b1b9e332-5de2-4567-b8c6-3d3605dac1a6 req-f3a28d79-84bf-4e81-9acb-706eedc847f3 4a74b8b0fd5548b4b772c0d3fdc7ca7e 60ebc48fb9004c21ba869cbb18ebf9a3 - - 913e957380f04e9ea3dc4b71a8ff958a 913e957380f04e9ea3dc4b71a8ff958a] 199.204.45.78 "GET /v2.0/ports?network_id=8f52756a-1e91-488a-8c8e-39411a29351f&device_owner=network%3Adhcp HTTP/1.1" status: 200 len: 210 time: 0.0207715
2026-05-05 23:19:53.433 10 INFO neutron.wsgi [req-b1b9e332-5de2-4567-b8c6-3d3605dac1a6 req-3b719662-927c-4232-8b54-6500a15acb69 4a74b8b0fd5548b4b772c0d3fdc7ca7e 60ebc48fb9004c21ba869cbb18ebf9a3 - - 913e957380f04e9ea3dc4b71a8ff958a 913e957380f04e9ea3dc4b71a8ff958a] 199.204.45.78 "GET /v2.0/networks/8f52756a-1e91-488a-8c8e-39411a29351f?fields=segments HTTP/1.1" status: 200 len: 212 time: 0.0542669
2026-05-05 23:19:53.497 10 WARNING neutron.plugins.ml2.drivers.ovn.mech_driver.ovsdb.ovn_client [None req-5af66a4f-525a-41ec-9b3b-bec5e9ec5c38 - - - - - -] No hosting information found for port c61ca171-d617-453b-b63b-3d07b724cd1d: RuntimeError: No hosting information found for port c61ca171-d617-453b-b63b-3d07b724cd1d
2026-05-05 23:19:53.498 10 INFO neutron.plugins.ml2.drivers.ovn.mech_driver.mech_driver [None req-5af66a4f-525a-41ec-9b3b-bec5e9ec5c38 - - - - - -] OVN reports status up for port: dbb04bed-e8c7-4324-90b0-d672f62e2a46
2026-05-05 23:19:53.515 10 INFO neutron.plugins.ml2.plugin [None req-5af66a4f-525a-41ec-9b3b-bec5e9ec5c38 - - - - - -] Attempt 1 to provision port dbb04bed-e8c7-4324-90b0-d672f62e2a46
2026-05-05 23:19:53.521 9 INFO neutron.db.ovn_revision_numbers_db [None req-6c7c5426-76ca-4d5d-ac5f-4bc78a336a7c cc53ead19fd04f48b9de74174830d004 db474edd8c3f4bc483ef002a4b312d07 - - default default] Successfully bumped revision number for resource 16d07ea0-58c7-428b-8f44-de7b1c13b91a (type: ports) to 1
2026-05-05 23:19:53.522 10 INFO neutron.wsgi [req-b1b9e332-5de2-4567-b8c6-3d3605dac1a6 req-509f80d1-c9fd-4773-bb9c-42e41927ab20 4a74b8b0fd5548b4b772c0d3fdc7ca7e 60ebc48fb9004c21ba869cbb18ebf9a3 - - 913e957380f04e9ea3dc4b71a8ff958a 913e957380f04e9ea3dc4b71a8ff958a] 199.204.45.78 "GET /v2.0/networks/8f52756a-1e91-488a-8c8e-39411a29351f?fields=provider%3Aphysical_network&fields=provider%3Anetwork_type HTTP/1.1" status: 200 len: 277 time: 0.0820107
2026-05-05 23:19:53.596 9 INFO neutron.plugins.ml2.drivers.ovn.mech_driver.mech_driver [None req-3477c0ba-b0a4-456f-9ac4-996e9fa5baad - - - - - -] OVN reports status down for port: da646817-0542-4b94-a736-8e9d4da6a7dd
2026-05-05 23:19:53.726 9 INFO neutron.wsgi [req-ad915d8c-e36e-44dc-950e-df320aa08d21 req-2f1cd36c-d37d-4d72-87f6-afc50040dd1c 0b1dba47b80b457a93e6f8d6e50b6bc9 1e90fbc033fd4d54abb95fe16b82230c - - default default] 10.0.0.153 "GET /v2.0/ports?device_id=e411a0da-0651-4ab2-b07c-bef1446d78dc HTTP/1.1" status: 200 len: 1170 time: 0.1783278
2026-05-05 23:19:53.838 10 INFO neutron.db.ovn_revision_numbers_db [None req-5af66a4f-525a-41ec-9b3b-bec5e9ec5c38 - - - - - -] Successfully bumped revision number for resource dbb04bed-e8c7-4324-90b0-d672f62e2a46 (type: ports) to 4
2026-05-05 23:19:53.891 10 INFO neutron.plugins.ml2.drivers.ovn.mech_driver.mech_driver [None req-5af66a4f-525a-41ec-9b3b-bec5e9ec5c38 - - - - - -] OVN reports status up for port: 83e0088d-cc07-4eef-8436-cfed4118edce
2026-05-05 23:19:53.901 10 INFO neutron.plugins.ml2.plugin [None req-5af66a4f-525a-41ec-9b3b-bec5e9ec5c38 - - - - - -] Attempt 1 to provision port 83e0088d-cc07-4eef-8436-cfed4118edce /var/lib/openstack/lib/python3.10/site-packages/pycadf/identifier.py:71: UserWarning: Invalid uuid: neutron. To ensure interoperability, identifiers should be a valid uuid. warnings.warn(('Invalid uuid: %s. To ensure interoperability, '
2026-05-05 23:19:54.013 9 INFO neutron.wsgi [req-ad915d8c-e36e-44dc-950e-df320aa08d21 req-1460f0a2-bde6-4f54-80af-252c6b357996 0b1dba47b80b457a93e6f8d6e50b6bc9 1e90fbc033fd4d54abb95fe16b82230c - - default default] 10.0.0.153 "GET /v2.0/security-groups?id=10284f3b-4ecb-47bb-af6c-bf4f7788656a&fields=id&fields=name HTTP/1.1" status: 200 len: 312 time: 0.2764273
2026-05-05 23:19:54.020 10 INFO neutron.wsgi [req-8e9ae230-8271-4681-abb8-edf82024d1f9 req-7ae435af-6795-4c6c-9fcc-83d0d5a73871 0b1dba47b80b457a93e6f8d6e50b6bc9 1e90fbc033fd4d54abb95fe16b82230c - - default default] 199.204.45.78 "GET /v2.0/ports?device_id=e411a0da-0651-4ab2-b07c-bef1446d78dc HTTP/1.1" status: 200 len: 1170 time: 0.1068234
2026-05-05 23:19:54.038 9 INFO neutron.wsgi [req-1328f744-d3bb-4ed5-b590-2d781e222de5 req-3527e21a-44ea-4b3a-95c2-bba749289ee6 0823ded503f44a8690c874ed781a629f e75a2e42262c4edbbd96035d9d7ebfbd - - default default] 10.0.0.153 "GET /v2.0/ports?device_id=a3d06992-bcb9-43b5-bd44-3e4fab96a72d HTTP/1.1" status: 200 len: 1172 time: 0.2305214
2026-05-05 23:19:54.130 9 INFO neutron.wsgi [req-1328f744-d3bb-4ed5-b590-2d781e222de5 req-d259ea46-b160-46bf-950e-9a86c3f37a8d 0823ded503f44a8690c874ed781a629f e75a2e42262c4edbbd96035d9d7ebfbd - - default default] 10.0.0.153 "GET /v2.0/security-groups?id=e977b8c7-a3d9-4b80-813c-7f2943d4c8f9&fields=id&fields=name HTTP/1.1" status: 200 len: 313 time: 0.0842226
2026-05-05 23:19:54.137 9 INFO neutron.wsgi [req-b8654565-3b9a-4796-8c5f-2b9823056e02 req-8d642560-20e7-4138-af00-279301f8e976 f5e0d81dec2c4e48ab1805d30fd42c47 f7c9dee980774493b8fd0156ac95f514 - - default default] 10.0.0.153 "GET /v2.0/ports?device_id=e9d5943d-7bf8-4367-9ff6-6e68202cc5c0 HTTP/1.1" status: 200 len: 1174 time: 0.0672896
2026-05-05 23:19:54.211 9 INFO neutron.wsgi [req-b8654565-3b9a-4796-8c5f-2b9823056e02 req-ed697d01-3231-4afb-bfe9-ade3754d1bfe f5e0d81dec2c4e48ab1805d30fd42c47 f7c9dee980774493b8fd0156ac95f514 - - default default] 10.0.0.153 "GET /v2.0/security-groups?id=44df35dd-c60f-429a-84c3-2d4d77517e3f&fields=id&fields=name HTTP/1.1" status: 200 len: 312 time: 0.0560362
2026-05-05 23:19:54.303 10 INFO neutron.db.ovn_revision_numbers_db [None req-5af66a4f-525a-41ec-9b3b-bec5e9ec5c38 - - - - - -] Successfully bumped revision number for resource 83e0088d-cc07-4eef-8436-cfed4118edce (type: ports) to 4
2026-05-05 23:19:54.319 9 INFO neutron.db.ovn_revision_numbers_db [None req-3477c0ba-b0a4-456f-9ac4-996e9fa5baad - - - - - -] Successfully bumped revision number for resource da646817-0542-4b94-a736-8e9d4da6a7dd (type: ports) to 5
2026-05-05 23:19:54.415 10 INFO neutron.db.l3_db [req-8e9ae230-8271-4681-abb8-edf82024d1f9 req-d7780400-796c-4f8f-ae71-681fbc231618 0b1dba47b80b457a93e6f8d6e50b6bc9 1e90fbc033fd4d54abb95fe16b82230c - - default default] Floating IP 5787c964-9a6d-45d7-a310-1eb2aec7dae1 disassociated. External IP: 10.96.250.214, port: da646817-0542-4b94-a736-8e9d4da6a7dd.
2026-05-05 23:19:54.556 9 INFO neutron.plugins.ml2.drivers.ovn.mech_driver.mech_driver [None req-3477c0ba-b0a4-456f-9ac4-996e9fa5baad - - - - - -] OVN reports status up for port: 16d07ea0-58c7-428b-8f44-de7b1c13b91a
2026-05-05 23:19:54.563 10 INFO neutron.plugins.ml2.drivers.ovn.mech_driver.ovsdb.ovsdb_monitor [None req-acb46018-1f29-47bb-a280-44a544a035b4 - - - - - -] Router cd4edc6e-2363-4579-a82b-28102d2a4834 is bound to host instance
2026-05-05 23:19:54.576 9 INFO neutron.plugins.ml2.plugin [None req-3477c0ba-b0a4-456f-9ac4-996e9fa5baad - - - - - -] Attempt 1 to provision port 16d07ea0-58c7-428b-8f44-de7b1c13b91a
2026-05-05 23:19:54.580 10 INFO neutron.wsgi [req-8e9ae230-8271-4681-abb8-edf82024d1f9 req-d7780400-796c-4f8f-ae71-681fbc231618 0b1dba47b80b457a93e6f8d6e50b6bc9 1e90fbc033fd4d54abb95fe16b82230c - - default default] 199.204.45.78 "DELETE /v2.0/ports/da646817-0542-4b94-a736-8e9d4da6a7dd HTTP/1.1" status: 204 len: 173 time: 0.5542088
2026-05-05 23:19:54.588 9 INFO neutron.db.ovn_revision_numbers_db [None req-6c7c5426-76ca-4d5d-ac5f-4bc78a336a7c cc53ead19fd04f48b9de74174830d004 db474edd8c3f4bc483ef002a4b312d07 - - default default] Successfully bumped revision number for resource 16d07ea0-58c7-428b-8f44-de7b1c13b91a (type: router_ports) to 1
2026-05-05 23:19:54.671 9 INFO neutron.db.ovn_revision_numbers_db [None req-6c7c5426-76ca-4d5d-ac5f-4bc78a336a7c cc53ead19fd04f48b9de74174830d004 db474edd8c3f4bc483ef002a4b312d07 - - default default] Successfully bumped revision number for resource cd4edc6e-2363-4579-a82b-28102d2a4834 (type: routers) to 2
2026-05-05 23:19:54.687 9 INFO neutron.wsgi [None req-6c7c5426-76ca-4d5d-ac5f-4bc78a336a7c cc53ead19fd04f48b9de74174830d004 db474edd8c3f4bc483ef002a4b312d07 - - default default] 10.0.0.175 "POST /v2.0/routers HTTP/1.1" status: 201 len: 877 time: 1.9126425 /var/lib/openstack/lib/python3.10/site-packages/pycadf/identifier.py:71: UserWarning: Invalid uuid: neutron. To ensure interoperability, identifiers should be a valid uuid. warnings.warn(('Invalid uuid: %s. To ensure interoperability, '
2026-05-05 23:19:55.062 9 INFO neutron.notifiers.nova [-] Nova event matching ['req-0a8dc043-32cc-439a-bd35-7275505caea4'] response: {'server_uuid': 'e411a0da-0651-4ab2-b07c-bef1446d78dc', 'name': 'network-vif-unplugged', 'status': 'completed', 'tag': 'da646817-0542-4b94-a736-8e9d4da6a7dd', 'code': 200}
2026-05-05 23:19:55.062 9 INFO neutron.notifiers.nova [-] Nova event matching ['req-0a8dc043-32cc-439a-bd35-7275505caea4'] response: {'server_uuid': 'e411a0da-0651-4ab2-b07c-bef1446d78dc', 'name': 'network-vif-plugged', 'status': 'completed', 'tag': 'da646817-0542-4b94-a736-8e9d4da6a7dd', 'code': 200} /var/lib/openstack/lib/python3.10/site-packages/pycadf/identifier.py:71: UserWarning: Invalid uuid: neutron. To ensure interoperability, identifiers should be a valid uuid. warnings.warn(('Invalid uuid: %s. To ensure interoperability, '
2026-05-05 23:19:55.123 10 INFO neutron.notifiers.nova [-] Nova event matching ['req-303ef886-b720-453a-9315-666dd1925173'] response: {'server_uuid': 'e9d5943d-7bf8-4367-9ff6-6e68202cc5c0', 'name': 'network-vif-plugged', 'status': 'completed', 'tag': 'dbb04bed-e8c7-4324-90b0-d672f62e2a46', 'code': 200}
2026-05-05 23:19:55.123 10 INFO neutron.notifiers.nova [-] Nova event matching ['req-303ef886-b720-453a-9315-666dd1925173'] response: {'server_uuid': 'e9d5943d-7bf8-4367-9ff6-6e68202cc5c0', 'name': 'network-vif-plugged', 'status': 'completed', 'tag': 'dbb04bed-e8c7-4324-90b0-d672f62e2a46', 'code': 200}
2026-05-05 23:19:55.123 10 INFO neutron.notifiers.nova [-] Nova event matching ['req-303ef886-b720-453a-9315-666dd1925173'] response: {'server_uuid': 'a3d06992-bcb9-43b5-bd44-3e4fab96a72d', 'name': 'network-vif-plugged', 'status': 'completed', 'tag': '83e0088d-cc07-4eef-8436-cfed4118edce', 'code': 200}
2026-05-05 23:19:55.123 10 INFO neutron.notifiers.nova [-] Nova event matching ['req-303ef886-b720-453a-9315-666dd1925173'] response: {'server_uuid': 'a3d06992-bcb9-43b5-bd44-3e4fab96a72d', 'name': 'network-vif-plugged', 'status': 'completed', 'tag': '83e0088d-cc07-4eef-8436-cfed4118edce', 'code': 200}
2026-05-05 23:19:55.123 10 INFO neutron.notifiers.nova [-] Nova event matching ['req-303ef886-b720-453a-9315-666dd1925173'] response: {'server_uuid': 'e411a0da-0651-4ab2-b07c-bef1446d78dc', 'name': 'network-vif-deleted', 'tag': 'da646817-0542-4b94-a736-8e9d4da6a7dd', 'status': 'completed', 'code': 200}
2026-05-05 23:19:55.154 9 WARNING neutron.scheduler.dhcp_agent_scheduler [None req-39e08e55-e533-49ea-b36e-114d082505b2 cc53ead19fd04f48b9de74174830d004 db474edd8c3f4bc483ef002a4b312d07 - - default default] No more DHCP agents
2026-05-05 23:19:55.155 9 WARNING neutron.api.rpc.agentnotifiers.dhcp_rpc_agent_api [None req-39e08e55-e533-49ea-b36e-114d082505b2 cc53ead19fd04f48b9de74174830d004 db474edd8c3f4bc483ef002a4b312d07 - - default default] Unable to schedule network 3b943ecf-7292-493d-a84b-fbeb89529e03: no agents available; will retry on subsequent port and subnet creation events.
2026-05-05 23:19:55.247 9 INFO neutron.wsgi [req-bb684a77-18a3-44a0-aff6-8970fcaa1c81 req-52a8fadc-f5fd-4d45-926e-91e3e536aba8 0823ded503f44a8690c874ed781a629f e75a2e42262c4edbbd96035d9d7ebfbd - - default default] 10.0.0.153 "GET /v2.0/ports?device_id=a3d06992-bcb9-43b5-bd44-3e4fab96a72d HTTP/1.1" status: 200 len: 1174 time: 0.0450599
2026-05-05 23:19:55.270 10 INFO neutron.db.ovn_revision_numbers_db [None req-acb46018-1f29-47bb-a280-44a544a035b4 - - - - - -] Successfully bumped revision number for resource 16d07ea0-58c7-428b-8f44-de7b1c13b91a (type: ports) to 1
2026-05-05 23:19:55.274 10 INFO neutron.wsgi [None req-24880cda-6d17-4cec-9fd5-f3b4bd9f23fc 0b1dba47b80b457a93e6f8d6e50b6bc9 1e90fbc033fd4d54abb95fe16b82230c - - default default] 10.0.0.175 "DELETE /v2.0/security-groups/10284f3b-4ecb-47bb-af6c-bf4f7788656a HTTP/1.1" status: 204 len: 168 time: 0.1792514
2026-05-05 23:19:55.290 10 INFO neutron.api.v2.resource [None req-f7a85f55-6219-4bae-9c0d-b37f3876cab3 0b1dba47b80b457a93e6f8d6e50b6bc9 1e90fbc033fd4d54abb95fe16b82230c - - default default] show failed (client error): The resource could not be found.
2026-05-05 23:19:55.291 10 INFO neutron.wsgi [None req-f7a85f55-6219-4bae-9c0d-b37f3876cab3 0b1dba47b80b457a93e6f8d6e50b6bc9 1e90fbc033fd4d54abb95fe16b82230c - - default default] 10.0.0.175 "GET /v2.0/security-groups/10284f3b-4ecb-47bb-af6c-bf4f7788656a HTTP/1.1" status: 404 len: 347 time: 0.0094430
2026-05-05 23:19:55.327 9 INFO neutron.wsgi [req-bb684a77-18a3-44a0-aff6-8970fcaa1c81 req-a6bb04db-b88c-4f53-8bc9-b543b904fea2 0823ded503f44a8690c874ed781a629f e75a2e42262c4edbbd96035d9d7ebfbd - - default default] 10.0.0.153 "GET /v2.0/security-groups?id=e977b8c7-a3d9-4b80-813c-7f2943d4c8f9&fields=id&fields=name HTTP/1.1" status: 200 len: 313 time: 0.0654016
2026-05-05 23:19:55.403 9 INFO neutron.wsgi [req-06531c78-5498-42f7-9378-15a3aefd9f76 req-20290133-0d62-4a90-a8b0-5cc9ea34549f f5e0d81dec2c4e48ab1805d30fd42c47 f7c9dee980774493b8fd0156ac95f514 - - default default] 10.0.0.153 "GET /v2.0/ports?device_id=e9d5943d-7bf8-4367-9ff6-6e68202cc5c0 HTTP/1.1" status: 200 len: 1174 time: 0.1229970
2026-05-05 23:19:55.403 9 INFO neutron.db.ovn_revision_numbers_db [None req-39e08e55-e533-49ea-b36e-114d082505b2 cc53ead19fd04f48b9de74174830d004 db474edd8c3f4bc483ef002a4b312d07 - - default default] Successfully bumped revision number for resource 79a63c00-1221-4db9-915e-496c990a56ab (type: ports) to 1
2026-05-05 23:19:55.454 9 INFO neutron.wsgi [req-06531c78-5498-42f7-9378-15a3aefd9f76 req-1d735df9-78a0-4fd4-9601-e5c1eff677f8 f5e0d81dec2c4e48ab1805d30fd42c47 f7c9dee980774493b8fd0156ac95f514 - - default default] 10.0.0.153 "GET /v2.0/security-groups?id=44df35dd-c60f-429a-84c3-2d4d77517e3f&fields=id&fields=name HTTP/1.1" status: 200 len: 312 time: 0.0451233
2026-05-05 23:19:55.594 10 INFO neutron.db.ovn_revision_numbers_db [None req-acb46018-1f29-47bb-a280-44a544a035b4 - - - - - -] Successfully bumped revision number for resource 16d07ea0-58c7-428b-8f44-de7b1c13b91a (type: router_ports) to 3
2026-05-05 23:19:55.730 10 INFO neutron.wsgi [None req-c7b12c6a-ea15-455e-9aa4-46a84cdd673b 0b1dba47b80b457a93e6f8d6e50b6bc9 1e90fbc033fd4d54abb95fe16b82230c - - default default] 10.0.0.175 "DELETE /v2.0/floatingips/5787c964-9a6d-45d7-a310-1eb2aec7dae1 HTTP/1.1" status: 204 len: 168 time: 0.4325809
