2026-05-05 23:20:04.969 9 WARNING neutron.scheduler.dhcp_agent_scheduler [None req-522a280e-d6e2-4054-b559-f19b25021461 cc53ead19fd04f48b9de74174830d004 db474edd8c3f4bc483ef002a4b312d07 - - default default] No more DHCP agents
2026-05-05 23:20:04.971 9 WARNING neutron.api.rpc.agentnotifiers.dhcp_rpc_agent_api [None req-522a280e-d6e2-4054-b559-f19b25021461 cc53ead19fd04f48b9de74174830d004 db474edd8c3f4bc483ef002a4b312d07 - - default default] Unable to schedule network 79b80596-acfa-42bc-aac5-ba7ed139b65c: no agents available; will retry on subsequent port and subnet creation events.
2026-05-05 23:20:05.104 10 INFO neutron.wsgi [None req-bcad4b3b-1122-436a-b62a-24f1a3441ebf cc53ead19fd04f48b9de74174830d004 db474edd8c3f4bc483ef002a4b312d07 - - default default] 10.0.0.175 "DELETE /v2.0/security-groups/a6dd9516-1b95-45dd-99ef-8d84cd9635da HTTP/1.1" status: 204 len: 168 time: 0.2587082
2026-05-05 23:20:05.162 10 INFO neutron.services.segments.plugin [-] Segment eccb69bc-d256-414f-827d-87f9d3595ef4 resource provider aggregate not found
2026-05-05 23:20:05.167 9 INFO neutron.db.ovn_revision_numbers_db [None req-522a280e-d6e2-4054-b559-f19b25021461 cc53ead19fd04f48b9de74174830d004 db474edd8c3f4bc483ef002a4b312d07 - - default default] Successfully bumped revision number for resource 3585424a-6a0a-4851-9a18-cf3ae1ac63e1 (type: ports) to 1
2026-05-05 23:20:05.185 10 INFO neutron.services.segments.plugin [-] Segment eccb69bc-d256-414f-827d-87f9d3595ef4 resource provider not found; error: Placement Client Error (4xx): {"errors": [{"status": 404, "title": "Not Found", "detail": "The resource could not be found.\n\n No resource provider with uuid eccb69bc-d256-414f-827d-87f9d3595ef4 found for delete ", "request_id": "req-af882c34-fcb5-4aba-9901-543f9a53fffb"}]}
2026-05-05 23:20:05.212 10 INFO neutron.services.segments.plugin [-] Segment eccb69bc-d256-414f-827d-87f9d3595ef4 resource provider aggregate not found
2026-05-05 23:20:05.234 10 INFO neutron.services.segments.plugin [-] Segment eccb69bc-d256-414f-827d-87f9d3595ef4 resource provider not found; error: Placement Client Error (4xx): {"errors": [{"status": 404, "title": "Not Found", "detail": "The resource could not be found.\n\n No resource provider with uuid eccb69bc-d256-414f-827d-87f9d3595ef4 found for delete ", "request_id": "req-2ca07a59-cd55-4920-b125-b3501454c4b7"}]}
2026-05-05 23:20:05.923 10 INFO neutron.plugins.ml2.drivers.ovn.mech_driver.mech_driver [None req-5af66a4f-525a-41ec-9b3b-bec5e9ec5c38 - - - - - -] OVN reports status up for port: 3585424a-6a0a-4851-9a18-cf3ae1ac63e1
2026-05-05 23:20:05.942 10 INFO neutron.plugins.ml2.drivers.ovn.mech_driver.ovsdb.ovsdb_monitor [None req-acb46018-1f29-47bb-a280-44a544a035b4 - - - - - -] Router efbd34fe-a3e9-4728-abc1-07fdf0fabfcc is bound to host instance
2026-05-05 23:20:05.952 10 INFO neutron.plugins.ml2.plugin [None req-5af66a4f-525a-41ec-9b3b-bec5e9ec5c38 - - - - - -] Attempt 1 to provision port 3585424a-6a0a-4851-9a18-cf3ae1ac63e1
2026-05-05 23:20:05.971 9 INFO neutron.db.ovn_revision_numbers_db [None req-522a280e-d6e2-4054-b559-f19b25021461 cc53ead19fd04f48b9de74174830d004 db474edd8c3f4bc483ef002a4b312d07 - - default default] Successfully bumped revision number for resource 3585424a-6a0a-4851-9a18-cf3ae1ac63e1 (type: router_ports) to 1
2026-05-05 23:20:06.050 9 INFO neutron.db.ovn_revision_numbers_db [None req-522a280e-d6e2-4054-b559-f19b25021461 cc53ead19fd04f48b9de74174830d004 db474edd8c3f4bc483ef002a4b312d07 - - default default] Successfully bumped revision number for resource efbd34fe-a3e9-4728-abc1-07fdf0fabfcc (type: routers) to 2
2026-05-05 23:20:06.067 9 INFO neutron.wsgi [None req-522a280e-d6e2-4054-b559-f19b25021461 cc53ead19fd04f48b9de74174830d004 db474edd8c3f4bc483ef002a4b312d07 - - default default] 10.0.0.175 "POST /v2.0/routers HTTP/1.1" status: 201 len: 877 time: 1.5880711
2026-05-05 23:20:06.326 10 INFO neutron.wsgi [req-ccbf6c94-1571-4807-b8b1-ec0eca681063 req-ac3fa025-03f9-41f4-86d9-7784df9648ac 4a74b8b0fd5548b4b772c0d3fdc7ca7e 60ebc48fb9004c21ba869cbb18ebf9a3 - - 913e957380f04e9ea3dc4b71a8ff958a 913e957380f04e9ea3dc4b71a8ff958a] 10.0.0.140 "GET /v2.0/ports?device_id=e9d5943d-7bf8-4367-9ff6-6e68202cc5c0 HTTP/1.1" status: 200 len: 1413 time: 0.1836834
2026-05-05 23:20:06.375 10 INFO neutron.wsgi [req-ccbf6c94-1571-4807-b8b1-ec0eca681063 req-225638d0-7648-4bb4-9360-6cff185d97a5 4a74b8b0fd5548b4b772c0d3fdc7ca7e 60ebc48fb9004c21ba869cbb18ebf9a3 - - 913e957380f04e9ea3dc4b71a8ff958a 913e957380f04e9ea3dc4b71a8ff958a] 10.0.0.140 "GET /v2.0/security-groups?id=44df35dd-c60f-429a-84c3-2d4d77517e3f&fields=id&fields=name HTTP/1.1" status: 200 len: 312 time: 0.0423903
2026-05-05 23:20:06.585 10 INFO neutron.db.ovn_revision_numbers_db [None req-acb46018-1f29-47bb-a280-44a544a035b4 - - - - - -] Successfully bumped revision number for resource 3585424a-6a0a-4851-9a18-cf3ae1ac63e1 (type: ports) to 1
2026-05-05 23:20:06.626 9 WARNING neutron.scheduler.dhcp_agent_scheduler [None req-12619fab-e857-4573-9c99-508645f06e66 cc53ead19fd04f48b9de74174830d004 db474edd8c3f4bc483ef002a4b312d07 - - default default] No more DHCP agents
2026-05-05 23:20:06.630 9 WARNING neutron.api.rpc.agentnotifiers.dhcp_rpc_agent_api [None req-12619fab-e857-4573-9c99-508645f06e66 cc53ead19fd04f48b9de74174830d004 db474edd8c3f4bc483ef002a4b312d07 - - default default] Unable to schedule network e0abcea9-4fd6-4241-9965-6887ebf73cfb: no agents available; will retry on subsequent port and subnet creation events.
2026-05-05 23:20:06.794 9 INFO neutron.db.ovn_revision_numbers_db [None req-12619fab-e857-4573-9c99-508645f06e66 cc53ead19fd04f48b9de74174830d004 db474edd8c3f4bc483ef002a4b312d07 - - default default] Successfully bumped revision number for resource 0698ff01-39d6-4f82-919d-2573c6e70dad (type: ports) to 1
2026-05-05 23:20:06.881 10 INFO neutron.db.ovn_revision_numbers_db [None req-acb46018-1f29-47bb-a280-44a544a035b4 - - - - - -] Successfully bumped revision number for resource 3585424a-6a0a-4851-9a18-cf3ae1ac63e1 (type: router_ports) to 3
2026-05-05 23:20:07.078 10 INFO neutron.db.ovn_revision_numbers_db [None req-acb46018-1f29-47bb-a280-44a544a035b4 - - - - - -] Successfully bumped revision number for resource 3585424a-6a0a-4851-9a18-cf3ae1ac63e1 (type: ports) to 2
2026-05-05 23:20:07.215 9 INFO neutron.db.ovn_revision_numbers_db [None req-12619fab-e857-4573-9c99-508645f06e66 cc53ead19fd04f48b9de74174830d004 db474edd8c3f4bc483ef002a4b312d07 - - default default] Successfully bumped revision number for resource 0698ff01-39d6-4f82-919d-2573c6e70dad (type: router_ports) to 1
2026-05-05 23:20:07.260 10 INFO neutron.db.ovn_revision_numbers_db [None req-77ea7f9e-fc19-4e1c-93ff-64c3b312221c cc53ead19fd04f48b9de74174830d004 db474edd8c3f4bc483ef002a4b312d07 - - default default] Successfully bumped revision number for resource 1008a833-e2e6-4d28-9e46-e6b19e2b03d2 (type: security_groups) to 1
2026-05-05 23:20:07.282 10 INFO neutron.db.ovn_revision_numbers_db [None req-77ea7f9e-fc19-4e1c-93ff-64c3b312221c cc53ead19fd04f48b9de74174830d004 db474edd8c3f4bc483ef002a4b312d07 - - default default] Successfully bumped revision number for resource 4d7494a6-351a-47a8-8b14-1d334f521733 (type: security_group_rules) to 0
2026-05-05 23:20:07.308 10 INFO neutron.db.ovn_revision_numbers_db [None req-77ea7f9e-fc19-4e1c-93ff-64c3b312221c cc53ead19fd04f48b9de74174830d004 db474edd8c3f4bc483ef002a4b312d07 - - default default] Successfully bumped revision number for resource 5c0f9896-f645-45a7-935d-1883340e4a8e (type: security_group_rules) to 0
2026-05-05 23:20:07.336 10 INFO neutron.db.ovn_revision_numbers_db [None req-eeb77b84-5046-4038-b867-0b9e6bf3949e cc53ead19fd04f48b9de74174830d004 db474edd8c3f4bc483ef002a4b312d07 - - default default] Successfully bumped revision number for resource 33cc0c1e-49ae-402f-8010-f04591c25956 (type: security_groups) to 1
2026-05-05 23:20:07.338 10 INFO neutron.db.ovn_revision_numbers_db [None req-77ea7f9e-fc19-4e1c-93ff-64c3b312221c cc53ead19fd04f48b9de74174830d004 db474edd8c3f4bc483ef002a4b312d07 - - default default] Successfully bumped revision number for resource 7611d30b-d6de-470d-8e42-1f99e851d351 (type: security_group_rules) to 0
2026-05-05 23:20:07.359 10 INFO neutron.db.ovn_revision_numbers_db [None req-eeb77b84-5046-4038-b867-0b9e6bf3949e cc53ead19fd04f48b9de74174830d004 db474edd8c3f4bc483ef002a4b312d07 - - default default] Successfully bumped revision number for resource 41f43ce7-6c78-4fa3-ba0a-46760ed57500 (type: security_group_rules) to 0
2026-05-05 23:20:07.370 10 INFO neutron.db.ovn_revision_numbers_db [None req-77ea7f9e-fc19-4e1c-93ff-64c3b312221c cc53ead19fd04f48b9de74174830d004 db474edd8c3f4bc483ef002a4b312d07 - - default default] Successfully bumped revision number for resource 840d7e0e-af77-4c79-9ac9-86fb868e0098 (type: security_group_rules) to 0
2026-05-05 23:20:07.398 10 INFO neutron.db.ovn_revision_numbers_db [None req-eeb77b84-5046-4038-b867-0b9e6bf3949e cc53ead19fd04f48b9de74174830d004 db474edd8c3f4bc483ef002a4b312d07 - - default default] Successfully bumped revision number for resource 5d8cf1b0-51eb-40c8-8033-c1434963cea8 (type: security_group_rules) to 0
2026-05-05 23:20:07.407 10 INFO neutron.wsgi [None req-77ea7f9e-fc19-4e1c-93ff-64c3b312221c cc53ead19fd04f48b9de74174830d004 db474edd8c3f4bc483ef002a4b312d07 - - default default] 10.0.0.175 "GET /v2.0/security-groups?tenant_id=ae11017500074ea9ba0eea2bd07a8b55&name=default HTTP/1.1" status: 200 len: 2996 time: 0.5952206
2026-05-05 23:20:07.413 9 INFO neutron.db.ovn_revision_numbers_db [None req-12619fab-e857-4573-9c99-508645f06e66 cc53ead19fd04f48b9de74174830d004 db474edd8c3f4bc483ef002a4b312d07 - - default default] Successfully bumped revision number for resource 0698ff01-39d6-4f82-919d-2573c6e70dad (type: ports) to 1
2026-05-05 23:20:07.425 10 INFO neutron.db.ovn_revision_numbers_db [None req-acb46018-1f29-47bb-a280-44a544a035b4 - - - - - -] Successfully bumped revision number for resource 3585424a-6a0a-4851-9a18-cf3ae1ac63e1 (type: ports) to 4
2026-05-05 23:20:07.427 10 INFO neutron.db.ovn_revision_numbers_db [None req-eeb77b84-5046-4038-b867-0b9e6bf3949e cc53ead19fd04f48b9de74174830d004 db474edd8c3f4bc483ef002a4b312d07 - - default default] Successfully bumped revision number for resource 6d48ed9e-7300-4647-9b2f-4594da89e288 (type: security_group_rules) to 0
2026-05-05 23:20:07.445 10 INFO neutron.db.ovn_revision_numbers_db [None req-eeb77b84-5046-4038-b867-0b9e6bf3949e cc53ead19fd04f48b9de74174830d004 db474edd8c3f4bc483ef002a4b312d07 - - default default] Successfully bumped revision number for resource bf067c24-1ea3-4af7-9c4a-b252db6da314 (type: security_group_rules) to 0
2026-05-05 23:20:07.508 9 WARNING neutron.scheduler.dhcp_agent_scheduler [None req-12619fab-e857-4573-9c99-508645f06e66 cc53ead19fd04f48b9de74174830d004 db474edd8c3f4bc483ef002a4b312d07 - - default default] No more DHCP agents
2026-05-05 23:20:07.517 9 WARNING neutron.api.rpc.agentnotifiers.dhcp_rpc_agent_api [None req-12619fab-e857-4573-9c99-508645f06e66 cc53ead19fd04f48b9de74174830d004 db474edd8c3f4bc483ef002a4b312d07 - - default default] Unable to schedule network e0abcea9-4fd6-4241-9965-6887ebf73cfb: no agents available; will retry on subsequent port and subnet creation events.
2026-05-05 23:20:07.518 10 INFO neutron.db.segments_db [None req-eeb77b84-5046-4038-b867-0b9e6bf3949e cc53ead19fd04f48b9de74174830d004 db474edd8c3f4bc483ef002a4b312d07 - - default default] Added segment e63e4781-28ea-4848-a2e6-239abf5a60a1 of type geneve for network 82b4fbcd-ec5b-41b4-b15f-d3a917edb329
2026-05-05 23:20:07.675 10 INFO neutron.db.ovn_revision_numbers_db [None req-eeb77b84-5046-4038-b867-0b9e6bf3949e cc53ead19fd04f48b9de74174830d004 db474edd8c3f4bc483ef002a4b312d07 - - default default] Successfully bumped revision number for resource 82b4fbcd-ec5b-41b4-b15f-d3a917edb329 (type: networks) to 1
2026-05-05 23:20:07.711 10 INFO neutron.db.ovn_revision_numbers_db [None req-acb46018-1f29-47bb-a280-44a544a035b4 - - - - - -] Successfully bumped revision number for resource 3585424a-6a0a-4851-9a18-cf3ae1ac63e1 (type: router_ports) to 4
2026-05-05 23:20:07.743 9 INFO neutron.wsgi [None req-95371522-4d76-4653-90e9-4dea9b11a9c9 cc53ead19fd04f48b9de74174830d004 db474edd8c3f4bc483ef002a4b312d07 - - default default] 10.0.0.175 "DELETE /v2.0/security-groups/1008a833-e2e6-4d28-9e46-e6b19e2b03d2 HTTP/1.1" status: 204 len: 168 time: 0.3275163
2026-05-05 23:20:07.897 10 WARNING neutron.scheduler.dhcp_agent_scheduler [None req-eeb77b84-5046-4038-b867-0b9e6bf3949e cc53ead19fd04f48b9de74174830d004 db474edd8c3f4bc483ef002a4b312d07 - - default default] No more DHCP agents
2026-05-05 23:20:07.901 10 WARNING neutron.api.rpc.agentnotifiers.dhcp_rpc_agent_api [None req-eeb77b84-5046-4038-b867-0b9e6bf3949e cc53ead19fd04f48b9de74174830d004 db474edd8c3f4bc483ef002a4b312d07 - - default default] Unable to schedule network 82b4fbcd-ec5b-41b4-b15f-d3a917edb329: no agents available; will retry on subsequent port and subnet creation events.
2026-05-05 23:20:08.013 10 INFO neutron.db.ovn_revision_numbers_db [None req-eeb77b84-5046-4038-b867-0b9e6bf3949e cc53ead19fd04f48b9de74174830d004 db474edd8c3f4bc483ef002a4b312d07 - - default default] Successfully bumped revision number for resource 00037629-aadb-42e0-b51e-9470df08f203 (type: ports) to 1
2026-05-05 23:20:08.042 10 INFO neutron.wsgi [None req-eeb77b84-5046-4038-b867-0b9e6bf3949e cc53ead19fd04f48b9de74174830d004 db474edd8c3f4bc483ef002a4b312d07 - - default default] 10.0.0.175 "POST /v2.0/networks HTTP/1.1" status: 201 len: 947 time: 1.0566947
2026-05-05 23:20:08.192 10 INFO neutron.plugins.ml2.drivers.ovn.mech_driver.mech_driver [None req-5af66a4f-525a-41ec-9b3b-bec5e9ec5c38 - - - - - -] OVN reports status up for port: 0698ff01-39d6-4f82-919d-2573c6e70dad
2026-05-05 23:20:08.212 10 INFO neutron.plugins.ml2.plugin [None req-5af66a4f-525a-41ec-9b3b-bec5e9ec5c38 - - - - - -] Attempt 1 to provision port 0698ff01-39d6-4f82-919d-2573c6e70dad
2026-05-05 23:20:08.222 9 INFO neutron.db.ovn_revision_numbers_db [None req-12619fab-e857-4573-9c99-508645f06e66 cc53ead19fd04f48b9de74174830d004 db474edd8c3f4bc483ef002a4b312d07 - - default default] Successfully bumped revision number for resource 0698ff01-39d6-4f82-919d-2573c6e70dad (type: router_ports) to 1
2026-05-05 23:20:08.224 9 INFO neutron.wsgi [None req-12619fab-e857-4573-9c99-508645f06e66 cc53ead19fd04f48b9de74174830d004 db474edd8c3f4bc483ef002a4b312d07 - - default default] 10.0.0.175 "PUT /v2.0/routers/efbd34fe-a3e9-4728-abc1-07fdf0fabfcc/add_router_interface HTTP/1.1" status: 200 len: 503 time: 2.1536672
2026-05-05 23:20:08.283 9 INFO neutron.wsgi [-] 10.0.0.104 "GET / HTTP/1.1" status: 200 len: 246 time: 0.0039172
2026-05-05 23:20:08.285 9 INFO neutron.wsgi [-] 10.0.0.104 "GET / HTTP/1.1" status: 200 len: 246 time: 0.0020678
2026-05-05 23:20:08.300 9 INFO neutron.wsgi [req-b172608e-9e1e-4c1e-92ac-bd97f881941f req-8a8f22e8-803d-4600-93e9-58bfa1394b8b f5e0d81dec2c4e48ab1805d30fd42c47 f7c9dee980774493b8fd0156ac95f514 - - default default] 10.0.0.153 "GET /v2.0/ports?device_id=e9d5943d-7bf8-4367-9ff6-6e68202cc5c0 HTTP/1.1" status: 200 len: 1174 time: 0.1033454
2026-05-05 23:20:08.415 9 INFO neutron.wsgi [req-7920e819-cd57-4b83-affc-5c88053397cc req-0b916f66-9a9e-4a3e-97b4-95a1f41ccfce f5e0d81dec2c4e48ab1805d30fd42c47 f7c9dee980774493b8fd0156ac95f514 - - default default] 10.0.0.153 "GET /v2.0/ports/dbb04bed-e8c7-4324-90b0-d672f62e2a46 HTTP/1.1" status: 200 len: 1171 time: 0.0633070
2026-05-05 23:20:08.533 10 WARNING neutron.scheduler.dhcp_agent_scheduler [None req-fa4914e6-8010-4060-8ce7-e5f2d53f086f cc53ead19fd04f48b9de74174830d004 db474edd8c3f4bc483ef002a4b312d07 - - default default] No more DHCP agents
2026-05-05 23:20:08.536 10 WARNING neutron.api.rpc.agentnotifiers.dhcp_rpc_agent_api [None req-fa4914e6-8010-4060-8ce7-e5f2d53f086f cc53ead19fd04f48b9de74174830d004 db474edd8c3f4bc483ef002a4b312d07 - - default default] Unable to schedule network 82b4fbcd-ec5b-41b4-b15f-d3a917edb329: no agents available; will retry on subsequent port and subnet creation events.
2026-05-05 23:20:08.639 10 INFO neutron.wsgi [req-0505421a-827b-444d-b0ed-7256a6467aa4 req-ef4452b6-5871-4bb8-b452-b995cdcb473d f5e0d81dec2c4e48ab1805d30fd42c47 f7c9dee980774493b8fd0156ac95f514 - - default default] 199.204.45.78 "GET /v2.0/subnets?network_id=34f8f995-88a3-411d-b7ec-f3cd72a7c4fa HTTP/1.1" status: 200 len: 859 time: 0.0709019
2026-05-05 23:20:08.858 10 INFO neutron.wsgi [req-0505421a-827b-444d-b0ed-7256a6467aa4 req-03aa7eef-be6f-44d4-b6ac-020067b1372a f5e0d81dec2c4e48ab1805d30fd42c47 f7c9dee980774493b8fd0156ac95f514 - - default default] 199.204.45.78 "GET /v2.0/ports?device_id=e9d5943d-7bf8-4367-9ff6-6e68202cc5c0&device_owner=compute%3Anova&network_id=34f8f995-88a3-411d-b7ec-f3cd72a7c4fa HTTP/1.1" status: 200 len: 1174 time: 0.2097080
2026-05-05 23:20:08.936 9 WARNING neutron_lib.context [None req-cd299b2b-c858-4996-a175-b42a6692ac1b ded5776b03384b29b7ab1327fe26a058 573f3f331d4845f2989511a6b7a9bc56 - - default default] Method 'is_advsvc' is deprecated since 2023.2 release (neutron-lib 3.8.0) and will be removed once support for the old RBAC API policies will be removed from Neutron. Please use method 'is_service_role' instead.
2026-05-05 23:20:09.033 10 INFO neutron.db.ovn_revision_numbers_db [None req-5af66a4f-525a-41ec-9b3b-bec5e9ec5c38 - - - - - -] Successfully bumped revision number for resource 0698ff01-39d6-4f82-919d-2573c6e70dad (type: ports) to 2
2026-05-05 23:20:09.095 9 INFO neutron.db.ovn_revision_numbers_db [None req-cd299b2b-c858-4996-a175-b42a6692ac1b ded5776b03384b29b7ab1327fe26a058 573f3f331d4845f2989511a6b7a9bc56 - - default default] Successfully bumped revision number for resource e5a19287-0cea-471b-b7d4-4db99c8938f8 (type: security_groups) to 1
2026-05-05 23:20:09.109 9 INFO neutron.db.ovn_revision_numbers_db [None req-cd299b2b-c858-4996-a175-b42a6692ac1b ded5776b03384b29b7ab1327fe26a058 573f3f331d4845f2989511a6b7a9bc56 - - default default] Successfully bumped revision number for resource 857ea6d1-13d3-4c72-914b-b88040285a9b (type: security_group_rules) to 0
2026-05-05 23:20:09.125 9 INFO neutron.db.ovn_revision_numbers_db [None req-cd299b2b-c858-4996-a175-b42a6692ac1b ded5776b03384b29b7ab1327fe26a058 573f3f331d4845f2989511a6b7a9bc56 - - default default] Successfully bumped revision number for resource 954a4672-a736-4eda-bc82-3efa6a197e6b (type: security_group_rules) to 0
2026-05-05 23:20:09.149 9 INFO neutron.wsgi [None req-cd299b2b-c858-4996-a175-b42a6692ac1b ded5776b03384b29b7ab1327fe26a058 573f3f331d4845f2989511a6b7a9bc56 - - default default] 10.0.0.175 "POST /v2.0/security-groups HTTP/1.1" status: 201 len: 1796 time: 0.2205877
2026-05-05 23:20:09.162 9 WARNING neutron_lib.context [None req-bd55045c-6f86-44e5-ac8d-2cc1b95cf706 ded5776b03384b29b7ab1327fe26a058 573f3f331d4845f2989511a6b7a9bc56 - - default default] Method 'is_advsvc' is deprecated since 2023.2 release (neutron-lib 3.8.0) and will be removed once support for the old RBAC API policies will be removed from Neutron. Please use method 'is_service_role' instead.
2026-05-05 23:20:09.214 10 INFO neutron.db.ovn_revision_numbers_db [None req-5af66a4f-525a-41ec-9b3b-bec5e9ec5c38 - - - - - -] Successfully bumped revision number for resource 0698ff01-39d6-4f82-919d-2573c6e70dad (type: router_ports) to 2
2026-05-05 23:20:09.275 9 INFO neutron.db.ovn_revision_numbers_db [None req-bd55045c-6f86-44e5-ac8d-2cc1b95cf706 ded5776b03384b29b7ab1327fe26a058 573f3f331d4845f2989511a6b7a9bc56 - - default default] Successfully bumped revision number for resource c1b8212f-9902-42d0-b539-88cd4c97a10d (type: security_group_rules) to 0
2026-05-05 23:20:09.301 9 INFO neutron.wsgi [None req-bd55045c-6f86-44e5-ac8d-2cc1b95cf706 ded5776b03384b29b7ab1327fe26a058 573f3f331d4845f2989511a6b7a9bc56 - - default default] 10.0.0.175 "POST /v2.0/security-group-rules HTTP/1.1" status: 201 len: 764 time: 0.1424234
2026-05-05 23:20:09.313 9 WARNING neutron_lib.context [None req-30380346-e1c1-474b-9de5-6f6104cb173f ded5776b03384b29b7ab1327fe26a058 573f3f331d4845f2989511a6b7a9bc56 - - default default] Method 'is_advsvc' is deprecated since 2023.2 release (neutron-lib 3.8.0) and will be removed once support for the old RBAC API policies will be removed from Neutron. Please use method 'is_service_role' instead.
2026-05-05 23:20:09.407 9 INFO neutron.db.ovn_revision_numbers_db [None req-30380346-e1c1-474b-9de5-6f6104cb173f ded5776b03384b29b7ab1327fe26a058 573f3f331d4845f2989511a6b7a9bc56 - - default default] Successfully bumped revision number for resource 32f0a95a-4bbb-4bd7-a2af-00a00d374da0 (type: security_group_rules) to 0
2026-05-05 23:20:09.430 9 INFO neutron.wsgi [None req-30380346-e1c1-474b-9de5-6f6104cb173f ded5776b03384b29b7ab1327fe26a058 573f3f331d4845f2989511a6b7a9bc56 - - default default] 10.0.0.175 "POST /v2.0/security-group-rules HTTP/1.1" status: 201 len: 769 time: 0.1240501
2026-05-05 23:20:09.439 9 WARNING neutron_lib.context [None req-90e511d2-3093-4a9b-835e-698a71022375 ded5776b03384b29b7ab1327fe26a058 573f3f331d4845f2989511a6b7a9bc56 - - default default] Method 'is_advsvc' is deprecated since 2023.2 release (neutron-lib 3.8.0) and will be removed once support for the old RBAC API policies will be removed from Neutron. Please use method 'is_service_role' instead.
2026-05-05 23:20:09.480 10 INFO neutron.db.ovn_revision_numbers_db [None req-fa4914e6-8010-4060-8ce7-e5f2d53f086f cc53ead19fd04f48b9de74174830d004 db474edd8c3f4bc483ef002a4b312d07 - - default default] Successfully bumped revision number for resource 00037629-aadb-42e0-b51e-9470df08f203 (type: ports) to 2
2026-05-05 23:20:09.543 10 INFO neutron.db.ovn_revision_numbers_db [None req-fa4914e6-8010-4060-8ce7-e5f2d53f086f cc53ead19fd04f48b9de74174830d004 db474edd8c3f4bc483ef002a4b312d07 - - default default] Successfully bumped revision number for resource b1fbcca1-e6e0-4ab7-9e8e-07c5db4d3667 (type: subnets) to 0
2026-05-05 23:20:09.568 10 INFO neutron.wsgi [None req-fa4914e6-8010-4060-8ce7-e5f2d53f086f cc53ead19fd04f48b9de74174830d004 db474edd8c3f4bc483ef002a4b312d07 - - default default] 10.0.0.175 "POST /v2.0/subnets HTTP/1.1" status: 201 len: 867 time: 1.5194335
2026-05-05 23:20:09.631 10 INFO neutron.db.ovn_revision_numbers_db [req-0505421a-827b-444d-b0ed-7256a6467aa4 req-7baea0b5-fb5c-422a-ab0a-09f760bd474c f5e0d81dec2c4e48ab1805d30fd42c47 f7c9dee980774493b8fd0156ac95f514 - - default default] Successfully bumped revision number for resource dbb04bed-e8c7-4324-90b0-d672f62e2a46 (type: ports) to 5
2026-05-05 23:20:09.645 10 INFO neutron.wsgi [req-0505421a-827b-444d-b0ed-7256a6467aa4 req-7baea0b5-fb5c-422a-ab0a-09f760bd474c f5e0d81dec2c4e48ab1805d30fd42c47 f7c9dee980774493b8fd0156ac95f514 - - default default] 199.204.45.78 "PUT /v2.0/ports/dbb04bed-e8c7-4324-90b0-d672f62e2a46 HTTP/1.1" status: 200 len: 1349 time: 0.7740405 /var/lib/openstack/lib/python3.10/site-packages/pycadf/identifier.py:71: UserWarning: Invalid uuid: neutron. To ensure interoperability, identifiers should be a valid uuid. warnings.warn(('Invalid uuid: %s. To ensure interoperability, '
2026-05-05 23:20:09.687 10 INFO neutron.notifiers.nova [-] Nova event matching ['req-8cce54f8-e732-474a-b376-aa2b74b736a2'] response: {'name': 'network-changed', 'server_uuid': 'e9d5943d-7bf8-4367-9ff6-6e68202cc5c0', 'tag': 'dbb04bed-e8c7-4324-90b0-d672f62e2a46', 'status': 'completed', 'code': 200}
2026-05-05 23:20:09.718 10 INFO neutron.wsgi [req-0505421a-827b-444d-b0ed-7256a6467aa4 req-388f320b-1858-46d4-b383-b519beebb87e 4a74b8b0fd5548b4b772c0d3fdc7ca7e 60ebc48fb9004c21ba869cbb18ebf9a3 - - 913e957380f04e9ea3dc4b71a8ff958a 913e957380f04e9ea3dc4b71a8ff958a] 199.204.45.78 "GET /v2.0/ports?tenant_id=f7c9dee980774493b8fd0156ac95f514&device_id=e9d5943d-7bf8-4367-9ff6-6e68202cc5c0 HTTP/1.1" status: 200 len: 1590 time: 0.0461464
2026-05-05 23:20:09.764 9 WARNING neutron.scheduler.dhcp_agent_scheduler [None req-90e511d2-3093-4a9b-835e-698a71022375 ded5776b03384b29b7ab1327fe26a058 573f3f331d4845f2989511a6b7a9bc56 - - default default] No more DHCP agents
2026-05-05 23:20:09.768 9 WARNING neutron.api.rpc.agentnotifiers.dhcp_rpc_agent_api [None req-90e511d2-3093-4a9b-835e-698a71022375 ded5776b03384b29b7ab1327fe26a058 573f3f331d4845f2989511a6b7a9bc56 - - default default] Unable to schedule network 79b80596-acfa-42bc-aac5-ba7ed139b65c: no agents available; will retry on subsequent port and subnet creation events.
2026-05-05 23:20:09.780 10 INFO neutron.wsgi [req-0505421a-827b-444d-b0ed-7256a6467aa4 req-beb977cd-1807-49bf-994f-2e5eeca3efe0 4a74b8b0fd5548b4b772c0d3fdc7ca7e 60ebc48fb9004c21ba869cbb18ebf9a3 - - 913e957380f04e9ea3dc4b71a8ff958a 913e957380f04e9ea3dc4b71a8ff958a] 199.204.45.78 "GET /v2.0/networks?id=34f8f995-88a3-411d-b7ec-f3cd72a7c4fa HTTP/1.1" status: 200 len: 982 time: 0.0578406
2026-05-05 23:20:09.840 10 INFO neutron.wsgi [req-0505421a-827b-444d-b0ed-7256a6467aa4 req-888061ad-6b50-42ff-8ad6-b79ecaf1045c 4a74b8b0fd5548b4b772c0d3fdc7ca7e 60ebc48fb9004c21ba869cbb18ebf9a3 - - 913e957380f04e9ea3dc4b71a8ff958a 913e957380f04e9ea3dc4b71a8ff958a] 199.204.45.78 "GET /v2.0/floatingips?fixed_ip_address=10.100.0.10&port_id=dbb04bed-e8c7-4324-90b0-d672f62e2a46 HTTP/1.1" status: 200 len: 1060 time: 0.0470073
2026-05-05 23:20:09.873 10 INFO neutron.wsgi [req-0505421a-827b-444d-b0ed-7256a6467aa4 req-943b670b-3590-4b6b-87ac-1abe12eadf7f 4a74b8b0fd5548b4b772c0d3fdc7ca7e 60ebc48fb9004c21ba869cbb18ebf9a3 - - 913e957380f04e9ea3dc4b71a8ff958a 913e957380f04e9ea3dc4b71a8ff958a] 199.204.45.78 "GET /v2.0/floatingips?fixed_ip_address=10.100.0.9&port_id=dbb04bed-e8c7-4324-90b0-d672f62e2a46 HTTP/1.1" status: 200 len: 217 time: 0.0246353
2026-05-05 23:20:09.913 10 INFO neutron.wsgi [req-0505421a-827b-444d-b0ed-7256a6467aa4 req-2f225276-1a2d-41f8-8f43-7269c6ba5a88 4a74b8b0fd5548b4b772c0d3fdc7ca7e 60ebc48fb9004c21ba869cbb18ebf9a3 - - 913e957380f04e9ea3dc4b71a8ff958a 913e957380f04e9ea3dc4b71a8ff958a] 199.204.45.78 "GET /v2.0/subnets?id=3f3033c1-ec2a-43f1-afb5-9607948fb23d HTTP/1.1" status: 200 len: 877 time: 0.0340250
2026-05-05 23:20:09.944 10 INFO neutron.wsgi [req-0505421a-827b-444d-b0ed-7256a6467aa4 req-cd8bda14-f898-4a22-9583-dab2ac06e330 4a74b8b0fd5548b4b772c0d3fdc7ca7e 60ebc48fb9004c21ba869cbb18ebf9a3 - - 913e957380f04e9ea3dc4b71a8ff958a 913e957380f04e9ea3dc4b71a8ff958a] 199.204.45.78 "GET /v2.0/ports?network_id=34f8f995-88a3-411d-b7ec-f3cd72a7c4fa&device_owner=network%3Adhcp HTTP/1.1" status: 200 len: 210 time: 0.0232251
2026-05-05 23:20:10.014 10 INFO neutron.wsgi [req-0505421a-827b-444d-b0ed-7256a6467aa4 req-ad834903-2552-4a9f-ae16-1e1c2f46b55d 4a74b8b0fd5548b4b772c0d3fdc7ca7e 60ebc48fb9004c21ba869cbb18ebf9a3 - - 913e957380f04e9ea3dc4b71a8ff958a 913e957380f04e9ea3dc4b71a8ff958a] 199.204.45.78 "GET /v2.0/networks/34f8f995-88a3-411d-b7ec-f3cd72a7c4fa?fields=segments HTTP/1.1" status: 200 len: 212 time: 0.0584652
2026-05-05 23:20:10.111 10 INFO neutron.wsgi [req-0505421a-827b-444d-b0ed-7256a6467aa4 req-a174d9cc-1494-4510-bbb4-3f2421e16cd7 4a74b8b0fd5548b4b772c0d3fdc7ca7e 60ebc48fb9004c21ba869cbb18ebf9a3 - - 913e957380f04e9ea3dc4b71a8ff958a 913e957380f04e9ea3dc4b71a8ff958a] 199.204.45.78 "GET /v2.0/networks/34f8f995-88a3-411d-b7ec-f3cd72a7c4fa?fields=provider%3Aphysical_network&fields=provider%3Anetwork_type HTTP/1.1" status: 200 len: 277 time: 0.0870931
2026-05-05 23:20:10.193 10 INFO neutron.wsgi [req-7310c2ce-a6f3-4f2b-8e2e-b329b2b10c48 req-20ed3316-d7f5-4acc-a273-90fa83de9c31 4a74b8b0fd5548b4b772c0d3fdc7ca7e 60ebc48fb9004c21ba869cbb18ebf9a3 - - 913e957380f04e9ea3dc4b71a8ff958a 913e957380f04e9ea3dc4b71a8ff958a] 199.204.45.78 "GET /v2.0/ports?tenant_id=f7c9dee980774493b8fd0156ac95f514&device_id=e9d5943d-7bf8-4367-9ff6-6e68202cc5c0 HTTP/1.1" status: 200 len: 1590 time: 0.0343647
2026-05-05 23:20:10.256 10 INFO neutron.wsgi [req-7310c2ce-a6f3-4f2b-8e2e-b329b2b10c48 req-6a12c5ee-895a-4c4c-a679-097bbcbc9866 4a74b8b0fd5548b4b772c0d3fdc7ca7e 60ebc48fb9004c21ba869cbb18ebf9a3 - - 913e957380f04e9ea3dc4b71a8ff958a 913e957380f04e9ea3dc4b71a8ff958a] 199.204.45.78 "GET /v2.0/networks?id=34f8f995-88a3-411d-b7ec-f3cd72a7c4fa HTTP/1.1" status: 200 len: 982 time: 0.0581553
2026-05-05 23:20:10.261 9 WARNING neutron.scheduler.dhcp_agent_scheduler [None req-9e732a9b-6ff9-4c27-a560-4ffb9274ef10 cc53ead19fd04f48b9de74174830d004 db474edd8c3f4bc483ef002a4b312d07 - - default default] No more DHCP agents
2026-05-05 23:20:10.262 9 WARNING neutron.api.rpc.agentnotifiers.dhcp_rpc_agent_api [None req-9e732a9b-6ff9-4c27-a560-4ffb9274ef10 cc53ead19fd04f48b9de74174830d004 db474edd8c3f4bc483ef002a4b312d07 - - default default] Unable to schedule network 79b80596-acfa-42bc-aac5-ba7ed139b65c: no agents available; will retry on subsequent port and subnet creation events.
2026-05-05 23:20:10.305 10 INFO neutron.wsgi [req-7310c2ce-a6f3-4f2b-8e2e-b329b2b10c48 req-8b466b83-1c1f-435a-bf9b-f6c1ed5780c0 4a74b8b0fd5548b4b772c0d3fdc7ca7e 60ebc48fb9004c21ba869cbb18ebf9a3 - - 913e957380f04e9ea3dc4b71a8ff958a 913e957380f04e9ea3dc4b71a8ff958a] 199.204.45.78 "GET /v2.0/floatingips?fixed_ip_address=10.100.0.10&port_id=dbb04bed-e8c7-4324-90b0-d672f62e2a46 HTTP/1.1" status: 200 len: 1060 time: 0.0407782
2026-05-05 23:20:10.333 10 INFO neutron.wsgi [req-7310c2ce-a6f3-4f2b-8e2e-b329b2b10c48 req-836dd423-3903-4a24-800d-2ca8d3be9384 4a74b8b0fd5548b4b772c0d3fdc7ca7e 60ebc48fb9004c21ba869cbb18ebf9a3 - - 913e957380f04e9ea3dc4b71a8ff958a 913e957380f04e9ea3dc4b71a8ff958a] 199.204.45.78 "GET /v2.0/floatingips?fixed_ip_address=10.100.0.9&port_id=dbb04bed-e8c7-4324-90b0-d672f62e2a46 HTTP/1.1" status: 200 len: 217 time: 0.0203998
2026-05-05 23:20:10.336 9 INFO neutron.db.ovn_revision_numbers_db [None req-90e511d2-3093-4a9b-835e-698a71022375 ded5776b03384b29b7ab1327fe26a058 573f3f331d4845f2989511a6b7a9bc56 - - default default] Successfully bumped revision number for resource 037cd98b-4957-4951-b93f-9023b297773e (type: floatingips) to 0
2026-05-05 23:20:10.357 9 INFO neutron.wsgi [None req-90e511d2-3093-4a9b-835e-698a71022375 ded5776b03384b29b7ab1327fe26a058 573f3f331d4845f2989511a6b7a9bc56 - - default default] 10.0.0.175 "POST /v2.0/floatingips HTTP/1.1" status: 201 len: 751 time: 0.9229290
2026-05-05 23:20:10.377 10 INFO neutron.wsgi [req-7310c2ce-a6f3-4f2b-8e2e-b329b2b10c48 req-f1b299a1-52a7-437a-8d42-be932185a1ff 4a74b8b0fd5548b4b772c0d3fdc7ca7e 60ebc48fb9004c21ba869cbb18ebf9a3 - - 913e957380f04e9ea3dc4b71a8ff958a 913e957380f04e9ea3dc4b71a8ff958a] 199.204.45.78 "GET /v2.0/subnets?id=3f3033c1-ec2a-43f1-afb5-9607948fb23d HTTP/1.1" status: 200 len: 877 time: 0.0375862
2026-05-05 23:20:10.468 9 INFO neutron.db.ovn_revision_numbers_db [None req-9e732a9b-6ff9-4c27-a560-4ffb9274ef10 cc53ead19fd04f48b9de74174830d004 db474edd8c3f4bc483ef002a4b312d07 - - default default] Successfully bumped revision number for resource e35d45cb-7a8e-41e4-be48-8c711a2d672a (type: ports) to 1
2026-05-05 23:20:10.623 10 INFO neutron.wsgi [req-7310c2ce-a6f3-4f2b-8e2e-b329b2b10c48 req-be923e89-107a-4a0d-9c08-3c1dba2ed0db 4a74b8b0fd5548b4b772c0d3fdc7ca7e 60ebc48fb9004c21ba869cbb18ebf9a3 - - 913e957380f04e9ea3dc4b71a8ff958a 913e957380f04e9ea3dc4b71a8ff958a] 199.204.45.78 "GET /v2.0/ports?network_id=34f8f995-88a3-411d-b7ec-f3cd72a7c4fa&device_owner=network%3Adhcp HTTP/1.1" status: 200 len: 210 time: 0.2366250
2026-05-05 23:20:10.681 10 INFO neutron.wsgi [req-7310c2ce-a6f3-4f2b-8e2e-b329b2b10c48 req-6f0e1c7c-c48f-47c2-bb3e-39748154b313 4a74b8b0fd5548b4b772c0d3fdc7ca7e 60ebc48fb9004c21ba869cbb18ebf9a3 - - 913e957380f04e9ea3dc4b71a8ff958a 913e957380f04e9ea3dc4b71a8ff958a] 199.204.45.78 "GET /v2.0/networks/34f8f995-88a3-411d-b7ec-f3cd72a7c4fa?fields=segments HTTP/1.1" status: 200 len: 212 time: 0.0519438
2026-05-05 23:20:10.748 10 INFO neutron.wsgi [req-7310c2ce-a6f3-4f2b-8e2e-b329b2b10c48 req-076a40f6-d804-42c0-9d46-c03434725350 4a74b8b0fd5548b4b772c0d3fdc7ca7e 60ebc48fb9004c21ba869cbb18ebf9a3 - - 913e957380f04e9ea3dc4b71a8ff958a 913e957380f04e9ea3dc4b71a8ff958a] 199.204.45.78 "GET /v2.0/networks/34f8f995-88a3-411d-b7ec-f3cd72a7c4fa?fields=provider%3Aphysical_network&fields=provider%3Anetwork_type HTTP/1.1" status: 200 len: 277 time: 0.0602744
2026-05-05 23:20:10.762 9 INFO neutron.wsgi [req-8dec619a-b404-4c4b-81bd-6e818295d996 req-6057f68b-89ce-4a4f-a34b-71baed12c6de f5e0d81dec2c4e48ab1805d30fd42c47 f7c9dee980774493b8fd0156ac95f514 - - default default] 10.0.0.153 "GET /v2.0/ports?device_id=e9d5943d-7bf8-4367-9ff6-6e68202cc5c0 HTTP/1.1" status: 200 len: 1352 time: 0.0689850
2026-05-05 23:20:10.845 9 INFO neutron.wsgi [req-8dec619a-b404-4c4b-81bd-6e818295d996 req-7a23bb23-1ec2-4bdc-9862-3ff601b065a7 f5e0d81dec2c4e48ab1805d30fd42c47 f7c9dee980774493b8fd0156ac95f514 - - default default] 10.0.0.153 "GET /v2.0/security-groups?id=44df35dd-c60f-429a-84c3-2d4d77517e3f&fields=id&fields=name HTTP/1.1" status: 200 len: 312 time: 0.0745726
2026-05-05 23:20:10.867 9 INFO neutron.wsgi [req-e2e01a68-700e-4f2e-9ad3-4efa968d4ce4 req-22e2a766-1a32-4658-a491-0261fdc11da1 ded5776b03384b29b7ab1327fe26a058 573f3f331d4845f2989511a6b7a9bc56 - - default default] 10.0.0.153 "GET /v2.0/security-groups?name=tempest-securitygroup--1559582415&fields=id&tenant_id=573f3f331d4845f2989511a6b7a9bc56 HTTP/1.1" status: 200 len: 267 time: 0.0646610
2026-05-05 23:20:10.961 9 INFO neutron.wsgi [req-e2e01a68-700e-4f2e-9ad3-4efa968d4ce4 req-2ab35f13-6bc5-45f3-8774-6d42dbe76c24 ded5776b03384b29b7ab1327fe26a058 573f3f331d4845f2989511a6b7a9bc56 - - default default] 10.0.0.153 "GET /v2.0/networks?id=e0abcea9-4fd6-4241-9965-6887ebf73cfb HTTP/1.1" status: 200 len: 875 time: 0.0796847
2026-05-05 23:20:10.979 9 INFO neutron.wsgi [req-e2e01a68-700e-4f2e-9ad3-4efa968d4ce4 req-6f6cb53b-f189-429d-baae-3b5f4b3d7279 ded5776b03384b29b7ab1327fe26a058 573f3f331d4845f2989511a6b7a9bc56 - - default default] 10.0.0.153 "GET /v2.0/quotas/573f3f331d4845f2989511a6b7a9bc56 HTTP/1.1" status: 200 len: 386 time: 0.0120399
2026-05-05 23:20:11.044 10 INFO neutron.wsgi [req-7fe118c8-fc9a-42c4-93e2-9738ca93182f req-cf44b1f7-af93-497d-b8f9-a40def83d1a7 f5e0d81dec2c4e48ab1805d30fd42c47 f7c9dee980774493b8fd0156ac95f514 - - default default] 199.204.45.78 "GET /v2.0/ports?device_id=e9d5943d-7bf8-4367-9ff6-6e68202cc5c0&device_owner=compute%3Anova&fixed_ips=ip_address%3D10.100.0.9 HTTP/1.1" status: 200 len: 1352 time: 0.0825944
2026-05-05 23:20:11.132 9 INFO neutron.wsgi [req-e2e01a68-700e-4f2e-9ad3-4efa968d4ce4 req-232c797d-22d7-4a04-97c8-3cec6e51b1a1 ded5776b03384b29b7ab1327fe26a058 573f3f331d4845f2989511a6b7a9bc56 - - default default] 10.0.0.153 "GET /v2.0/ports?tenant_id=573f3f331d4845f2989511a6b7a9bc56&fields=id HTTP/1.1" status: 200 len: 302 time: 0.1416090
2026-05-05 23:20:11.178 9 INFO neutron.plugins.ml2.drivers.ovn.mech_driver.mech_driver [None req-3477c0ba-b0a4-456f-9ac4-996e9fa5baad - - - - - -] OVN reports status up for port: e35d45cb-7a8e-41e4-be48-8c711a2d672a
2026-05-05 23:20:11.188 10 INFO neutron.plugins.ml2.drivers.ovn.mech_driver.ovsdb.ovsdb_monitor [None req-acb46018-1f29-47bb-a280-44a544a035b4 - - - - - -] Router f9d5e66b-9c7a-4c75-be62-9c7e6256c376 is bound to host instance
2026-05-05 23:20:11.204 9 INFO neutron.plugins.ml2.plugin [None req-3477c0ba-b0a4-456f-9ac4-996e9fa5baad - - - - - -] Attempt 1 to provision port e35d45cb-7a8e-41e4-be48-8c711a2d672a
2026-05-05 23:20:11.236 9 INFO neutron.db.ovn_revision_numbers_db [None req-9e732a9b-6ff9-4c27-a560-4ffb9274ef10 cc53ead19fd04f48b9de74174830d004 db474edd8c3f4bc483ef002a4b312d07 - - default default] Successfully bumped revision number for resource e35d45cb-7a8e-41e4-be48-8c711a2d672a (type: router_ports) to 1
2026-05-05 23:20:11.240 9 INFO neutron.wsgi [req-e2e01a68-700e-4f2e-9ad3-4efa968d4ce4 req-908ebee4-3952-4885-8e3a-f766c490428d 4a74b8b0fd5548b4b772c0d3fdc7ca7e 60ebc48fb9004c21ba869cbb18ebf9a3 - - 913e957380f04e9ea3dc4b71a8ff958a 913e957380f04e9ea3dc4b71a8ff958a] 10.0.0.153 "GET /v2.0/networks/e0abcea9-4fd6-4241-9965-6887ebf73cfb?fields=segments HTTP/1.1" status: 200 len: 212 time: 0.0940149
2026-05-05 23:20:11.348 9 INFO neutron.wsgi [req-e2e01a68-700e-4f2e-9ad3-4efa968d4ce4 req-88c98e83-c953-4a12-a150-b7dbe269e338 4a74b8b0fd5548b4b772c0d3fdc7ca7e 60ebc48fb9004c21ba869cbb18ebf9a3 - - 913e957380f04e9ea3dc4b71a8ff958a 913e957380f04e9ea3dc4b71a8ff958a] 10.0.0.153 "GET /v2.0/networks/e0abcea9-4fd6-4241-9965-6887ebf73cfb?fields=provider%3Aphysical_network&fields=provider%3Anetwork_type HTTP/1.1" status: 200 len: 277 time: 0.0889928
2026-05-05 23:20:11.351 9 INFO neutron.db.ovn_revision_numbers_db [None req-9e732a9b-6ff9-4c27-a560-4ffb9274ef10 cc53ead19fd04f48b9de74174830d004 db474edd8c3f4bc483ef002a4b312d07 - - default default] Successfully bumped revision number for resource f9d5e66b-9c7a-4c75-be62-9c7e6256c376 (type: routers) to 2
2026-05-05 23:20:11.367 9 INFO neutron.wsgi [None req-9e732a9b-6ff9-4c27-a560-4ffb9274ef10 cc53ead19fd04f48b9de74174830d004 db474edd8c3f4bc483ef002a4b312d07 - - default default] 10.0.0.175 "POST /v2.0/routers HTTP/1.1" status: 201 len: 878 time: 1.7946353
2026-05-05 23:20:11.496 9 INFO neutron.wsgi [req-735fe282-05e5-4397-a64b-aa3b3dd5e166 req-cd03dc90-920c-4ca9-89ec-b46b4dfe1157 ded5776b03384b29b7ab1327fe26a058 573f3f331d4845f2989511a6b7a9bc56 - - default default] 10.0.0.153 "GET /v2.0/ports?device_id=afcf6efa-8423-4486-8fe8-5876e945eeae HTTP/1.1" status: 200 len: 210 time: 0.0185041
2026-05-05 23:20:11.722 10 INFO neutron.db.ovn_revision_numbers_db [req-7fe118c8-fc9a-42c4-93e2-9738ca93182f req-0c575bbb-b474-420d-9ede-a9d00e6f3f8c f5e0d81dec2c4e48ab1805d30fd42c47 f7c9dee980774493b8fd0156ac95f514 - - default default] Successfully bumped revision number for resource dbb04bed-e8c7-4324-90b0-d672f62e2a46 (type: ports) to 6
2026-05-05 23:20:11.737 10 INFO neutron.wsgi [req-7fe118c8-fc9a-42c4-93e2-9738ca93182f req-0c575bbb-b474-420d-9ede-a9d00e6f3f8c f5e0d81dec2c4e48ab1805d30fd42c47 f7c9dee980774493b8fd0156ac95f514 - - default default] 199.204.45.78 "PUT /v2.0/ports/dbb04bed-e8c7-4324-90b0-d672f62e2a46 HTTP/1.1" status: 200 len: 1171 time: 0.6862566 /var/lib/openstack/lib/python3.10/site-packages/pycadf/identifier.py:71: UserWarning: Invalid uuid: neutron. To ensure interoperability, identifiers should be a valid uuid. warnings.warn(('Invalid uuid: %s. To ensure interoperability, '
2026-05-05 23:20:11.776 10 INFO neutron.notifiers.nova [-] Nova event matching ['req-d14a1c62-5a8b-4328-8289-c5f5470886cb'] response: {'name': 'network-changed', 'server_uuid': 'e9d5943d-7bf8-4367-9ff6-6e68202cc5c0', 'tag': 'dbb04bed-e8c7-4324-90b0-d672f62e2a46', 'status': 'completed', 'code': 200}
2026-05-05 23:20:11.814 10 INFO neutron.wsgi [req-7fe118c8-fc9a-42c4-93e2-9738ca93182f req-154f9100-f2d0-4800-93df-8be4e43dbabe 4a74b8b0fd5548b4b772c0d3fdc7ca7e 60ebc48fb9004c21ba869cbb18ebf9a3 - - 913e957380f04e9ea3dc4b71a8ff958a 913e957380f04e9ea3dc4b71a8ff958a] 199.204.45.78 "GET /v2.0/ports?tenant_id=f7c9dee980774493b8fd0156ac95f514&device_id=e9d5943d-7bf8-4367-9ff6-6e68202cc5c0 HTTP/1.1" status: 200 len: 1413 time: 0.0487695
2026-05-05 23:20:11.848 9 WARNING neutron.scheduler.dhcp_agent_scheduler [None req-9def9716-7ca0-41e6-bd16-ae9a39242ca6 cc53ead19fd04f48b9de74174830d004 db474edd8c3f4bc483ef002a4b312d07 - - default default] No more DHCP agents
2026-05-05 23:20:11.851 9 WARNING neutron.api.rpc.agentnotifiers.dhcp_rpc_agent_api [None req-9def9716-7ca0-41e6-bd16-ae9a39242ca6 cc53ead19fd04f48b9de74174830d004 db474edd8c3f4bc483ef002a4b312d07 - - default default] Unable to schedule network 82b4fbcd-ec5b-41b4-b15f-d3a917edb329: no agents available; will retry on subsequent port and subnet creation events.
2026-05-05 23:20:11.877 10 INFO neutron.db.ovn_revision_numbers_db [None req-acb46018-1f29-47bb-a280-44a544a035b4 - - - - - -] Successfully bumped revision number for resource e35d45cb-7a8e-41e4-be48-8c711a2d672a (type: ports) to 1
2026-05-05 23:20:11.904 10 INFO neutron.wsgi [req-7fe118c8-fc9a-42c4-93e2-9738ca93182f req-adfde7ad-5b95-47c3-90c2-79c960e41055 4a74b8b0fd5548b4b772c0d3fdc7ca7e 60ebc48fb9004c21ba869cbb18ebf9a3 - - 913e957380f04e9ea3dc4b71a8ff958a 913e957380f04e9ea3dc4b71a8ff958a] 199.204.45.78 "GET /v2.0/networks?id=34f8f995-88a3-411d-b7ec-f3cd72a7c4fa HTTP/1.1" status: 200 len: 982 time: 0.0829644
2026-05-05 23:20:11.985 10 INFO neutron.wsgi [req-7fe118c8-fc9a-42c4-93e2-9738ca93182f req-89608258-b99c-412d-abfd-3738934bc151 4a74b8b0fd5548b4b772c0d3fdc7ca7e 60ebc48fb9004c21ba869cbb18ebf9a3 - - 913e957380f04e9ea3dc4b71a8ff958a 913e957380f04e9ea3dc4b71a8ff958a] 199.204.45.78 "GET /v2.0/floatingips?fixed_ip_address=10.100.0.10&port_id=dbb04bed-e8c7-4324-90b0-d672f62e2a46 HTTP/1.1" status: 200 len: 1060 time: 0.0726709
2026-05-05 23:20:12.065 10 INFO neutron.wsgi [req-7fe118c8-fc9a-42c4-93e2-9738ca93182f req-12e0467b-d730-49a5-b4c7-561058717291 4a74b8b0fd5548b4b772c0d3fdc7ca7e 60ebc48fb9004c21ba869cbb18ebf9a3 - - 913e957380f04e9ea3dc4b71a8ff958a 913e957380f04e9ea3dc4b71a8ff958a] 199.204.45.78 "GET /v2.0/subnets?id=3f3033c1-ec2a-43f1-afb5-9607948fb23d HTTP/1.1" status: 200 len: 877 time: 0.0710325
2026-05-05 23:20:12.114 10 INFO neutron.wsgi [req-7fe118c8-fc9a-42c4-93e2-9738ca93182f req-98c0acac-4617-4468-8dbb-cdee54902fd5 4a74b8b0fd5548b4b772c0d3fdc7ca7e 60ebc48fb9004c21ba869cbb18ebf9a3 - - 913e957380f04e9ea3dc4b71a8ff958a 913e957380f04e9ea3dc4b71a8ff958a] 199.204.45.78 "GET /v2.0/ports?network_id=34f8f995-88a3-411d-b7ec-f3cd72a7c4fa&device_owner=network%3Adhcp HTTP/1.1" status: 200 len: 210 time: 0.0307493
2026-05-05 23:20:12.207 10 INFO neutron.wsgi [req-7fe118c8-fc9a-42c4-93e2-9738ca93182f req-35d200cc-a546-45c9-b798-b9c87cb9e0e5 4a74b8b0fd5548b4b772c0d3fdc7ca7e 60ebc48fb9004c21ba869cbb18ebf9a3 - - 913e957380f04e9ea3dc4b71a8ff958a 913e957380f04e9ea3dc4b71a8ff958a] 199.204.45.78 "GET /v2.0/networks/34f8f995-88a3-411d-b7ec-f3cd72a7c4fa?fields=segments HTTP/1.1" status: 200 len: 212 time: 0.0836897
2026-05-05 23:20:12.221 10 INFO neutron.db.ovn_revision_numbers_db [None req-acb46018-1f29-47bb-a280-44a544a035b4 - - - - - -] Successfully bumped revision number for resource e35d45cb-7a8e-41e4-be48-8c711a2d672a (type: router_ports) to 3
2026-05-05 23:20:12.225 9 INFO neutron.db.ovn_revision_numbers_db [None req-9def9716-7ca0-41e6-bd16-ae9a39242ca6 cc53ead19fd04f48b9de74174830d004 db474edd8c3f4bc483ef002a4b312d07 - - default default] Successfully bumped revision number for resource db651ce1-1884-474e-9f7f-5968be910a24 (type: ports) to 1
2026-05-05 23:20:12.262 9 INFO neutron.wsgi [req-e2e01a68-700e-4f2e-9ad3-4efa968d4ce4 req-38745226-7e51-4f63-811f-49436f70f654 ded5776b03384b29b7ab1327fe26a058 573f3f331d4845f2989511a6b7a9bc56 - - default default] 199.204.45.78 "GET /v2.0/networks?id=e0abcea9-4fd6-4241-9965-6887ebf73cfb HTTP/1.1" status: 200 len: 875 time: 0.1082098
2026-05-05 23:20:12.363 9 INFO neutron.wsgi [req-e2e01a68-700e-4f2e-9ad3-4efa968d4ce4 req-ab015910-8b41-4355-b98a-360ce1f873bb ded5776b03384b29b7ab1327fe26a058 573f3f331d4845f2989511a6b7a9bc56 - - default default] 199.204.45.78 "GET /v2.0/security-groups?fields=id&fields=name&tenant_id=573f3f331d4845f2989511a6b7a9bc56 HTTP/1.1" status: 200 len: 380 time: 0.0545297
2026-05-05 23:20:12.376 9 WARNING neutron_lib.context [req-e2e01a68-700e-4f2e-9ad3-4efa968d4ce4 req-b7cf3c87-d150-4b1a-9b7d-6bc76f50992a ded5776b03384b29b7ab1327fe26a058 573f3f331d4845f2989511a6b7a9bc56 - - default default] Method 'is_advsvc' is deprecated since 2023.2 release (neutron-lib 3.8.0) and will be removed once support for the old RBAC API policies will be removed from Neutron. Please use method 'is_service_role' instead.
2026-05-05 23:20:12.417 10 INFO neutron.wsgi [req-7fe118c8-fc9a-42c4-93e2-9738ca93182f req-9c95c87a-43f5-4f6a-8907-03fa296a8100 4a74b8b0fd5548b4b772c0d3fdc7ca7e 60ebc48fb9004c21ba869cbb18ebf9a3 - - 913e957380f04e9ea3dc4b71a8ff958a 913e957380f04e9ea3dc4b71a8ff958a] 199.204.45.78 "GET /v2.0/networks/34f8f995-88a3-411d-b7ec-f3cd72a7c4fa?fields=provider%3Aphysical_network&fields=provider%3Anetwork_type HTTP/1.1" status: 200 len: 277 time: 0.1054797
2026-05-05 23:20:12.446 10 INFO neutron.db.ovn_revision_numbers_db [None req-acb46018-1f29-47bb-a280-44a544a035b4 - - - - - -] Successfully bumped revision number for resource e35d45cb-7a8e-41e4-be48-8c711a2d672a (type: ports) to 2
2026-05-05 23:20:12.534 10 INFO neutron.wsgi [req-e4ff26a2-8e05-4e86-bcaa-beb6cc151334 req-e480228a-5856-47ce-9202-c40edc63d47b 4a74b8b0fd5548b4b772c0d3fdc7ca7e 60ebc48fb9004c21ba869cbb18ebf9a3 - - 913e957380f04e9ea3dc4b71a8ff958a 913e957380f04e9ea3dc4b71a8ff958a] 199.204.45.78 "GET /v2.0/ports?tenant_id=f7c9dee980774493b8fd0156ac95f514&device_id=e9d5943d-7bf8-4367-9ff6-6e68202cc5c0 HTTP/1.1" status: 200 len: 1413 time: 0.0559726
2026-05-05 23:20:12.605 9 INFO neutron.wsgi [req-6eb2bd37-b5ff-4c26-879d-8d1cbcaa41ed req-68adf2b3-bf4f-4c96-a6ed-fda63dc505fa ded5776b03384b29b7ab1327fe26a058 573f3f331d4845f2989511a6b7a9bc56 - - default default] 10.0.0.153 "GET /v2.0/ports?device_id=afcf6efa-8423-4486-8fe8-5876e945eeae HTTP/1.1" status: 200 len: 210 time: 0.0294621
2026-05-05 23:20:12.633 10 INFO neutron.wsgi [req-e4ff26a2-8e05-4e86-bcaa-beb6cc151334 req-0d25f3ce-d7a1-4b9d-b709-6b792bae4dd4 4a74b8b0fd5548b4b772c0d3fdc7ca7e 60ebc48fb9004c21ba869cbb18ebf9a3 - - 913e957380f04e9ea3dc4b71a8ff958a 913e957380f04e9ea3dc4b71a8ff958a] 199.204.45.78 "GET /v2.0/networks?id=34f8f995-88a3-411d-b7ec-f3cd72a7c4fa HTTP/1.1" status: 200 len: 982 time: 0.0819857
2026-05-05 23:20:12.701 10 INFO neutron.wsgi [req-e4ff26a2-8e05-4e86-bcaa-beb6cc151334 req-377babaf-7ec7-479a-8be0-e1619950ffbc 4a74b8b0fd5548b4b772c0d3fdc7ca7e 60ebc48fb9004c21ba869cbb18ebf9a3 - - 913e957380f04e9ea3dc4b71a8ff958a 913e957380f04e9ea3dc4b71a8ff958a] 199.204.45.78 "GET /v2.0/floatingips?fixed_ip_address=10.100.0.10&port_id=dbb04bed-e8c7-4324-90b0-d672f62e2a46 HTTP/1.1" status: 200 len: 1060 time: 0.0616624
2026-05-05 23:20:12.746 10 INFO neutron.wsgi [req-e4ff26a2-8e05-4e86-bcaa-beb6cc151334 req-cfdaf100-7db4-4ee4-a934-3a279aa8980d 4a74b8b0fd5548b4b772c0d3fdc7ca7e 60ebc48fb9004c21ba869cbb18ebf9a3 - - 913e957380f04e9ea3dc4b71a8ff958a 913e957380f04e9ea3dc4b71a8ff958a] 199.204.45.78 "GET /v2.0/subnets?id=3f3033c1-ec2a-43f1-afb5-9607948fb23d HTTP/1.1" status: 200 len: 877 time: 0.0372705
2026-05-05 23:20:12.788 10 INFO neutron.wsgi [req-e4ff26a2-8e05-4e86-bcaa-beb6cc151334 req-cd1dcc28-ad2b-49d3-8bd8-a4dbabd305ee 4a74b8b0fd5548b4b772c0d3fdc7ca7e 60ebc48fb9004c21ba869cbb18ebf9a3 - - 913e957380f04e9ea3dc4b71a8ff958a 913e957380f04e9ea3dc4b71a8ff958a] 199.204.45.78 "GET /v2.0/ports?network_id=34f8f995-88a3-411d-b7ec-f3cd72a7c4fa&device_owner=network%3Adhcp HTTP/1.1" status: 200 len: 210 time: 0.0342135
2026-05-05 23:20:12.801 10 INFO neutron.db.ovn_revision_numbers_db [None req-acb46018-1f29-47bb-a280-44a544a035b4 - - - - - -] Successfully bumped revision number for resource e35d45cb-7a8e-41e4-be48-8c711a2d672a (type: ports) to 4
2026-05-05 23:20:12.804 9 INFO neutron.db.ovn_revision_numbers_db [None req-9def9716-7ca0-41e6-bd16-ae9a39242ca6 cc53ead19fd04f48b9de74174830d004 db474edd8c3f4bc483ef002a4b312d07 - - default default] Successfully bumped revision number for resource db651ce1-1884-474e-9f7f-5968be910a24 (type: router_ports) to 1
2026-05-05 23:20:12.873 9 WARNING neutron.scheduler.dhcp_agent_scheduler [req-e2e01a68-700e-4f2e-9ad3-4efa968d4ce4 req-b7cf3c87-d150-4b1a-9b7d-6bc76f50992a ded5776b03384b29b7ab1327fe26a058 573f3f331d4845f2989511a6b7a9bc56 - - default default] No more DHCP agents
2026-05-05 23:20:12.880 10 INFO neutron.wsgi [req-e4ff26a2-8e05-4e86-bcaa-beb6cc151334 req-2690a241-347e-433d-a02b-04038489f236 4a74b8b0fd5548b4b772c0d3fdc7ca7e 60ebc48fb9004c21ba869cbb18ebf9a3 - - 913e957380f04e9ea3dc4b71a8ff958a 913e957380f04e9ea3dc4b71a8ff958a] 199.204.45.78 "GET /v2.0/networks/34f8f995-88a3-411d-b7ec-f3cd72a7c4fa?fields=segments HTTP/1.1" status: 200 len: 212 time: 0.0840728
2026-05-05 23:20:12.881 9 WARNING neutron.api.rpc.agentnotifiers.dhcp_rpc_agent_api [req-e2e01a68-700e-4f2e-9ad3-4efa968d4ce4 req-b7cf3c87-d150-4b1a-9b7d-6bc76f50992a ded5776b03384b29b7ab1327fe26a058 573f3f331d4845f2989511a6b7a9bc56 - - default default] Unable to schedule network e0abcea9-4fd6-4241-9965-6887ebf73cfb: no agents available; will retry on subsequent port and subnet creation events.
2026-05-05 23:20:13.003 9 INFO neutron.db.ovn_revision_numbers_db [None req-9def9716-7ca0-41e6-bd16-ae9a39242ca6 cc53ead19fd04f48b9de74174830d004 db474edd8c3f4bc483ef002a4b312d07 - - default default] Successfully bumped revision number for resource db651ce1-1884-474e-9f7f-5968be910a24 (type: ports) to 1
2026-05-05 23:20:13.064 9 INFO neutron.db.ovn_revision_numbers_db [req-e2e01a68-700e-4f2e-9ad3-4efa968d4ce4 req-b7cf3c87-d150-4b1a-9b7d-6bc76f50992a ded5776b03384b29b7ab1327fe26a058 573f3f331d4845f2989511a6b7a9bc56 - - default default] Successfully bumped revision number for resource be20c327-3037-4a69-b323-c1fd69daf142 (type: ports) to 1
2026-05-05 23:20:13.093 9 INFO neutron.wsgi [req-e2e01a68-700e-4f2e-9ad3-4efa968d4ce4 req-b7cf3c87-d150-4b1a-9b7d-6bc76f50992a ded5776b03384b29b7ab1327fe26a058 573f3f331d4845f2989511a6b7a9bc56 - - default default] 199.204.45.78 "POST /v2.0/ports HTTP/1.1" status: 201 len: 1162 time: 0.7214475
2026-05-05 23:20:13.103 9 WARNING neutron.scheduler.dhcp_agent_scheduler [None req-9def9716-7ca0-41e6-bd16-ae9a39242ca6 cc53ead19fd04f48b9de74174830d004 db474edd8c3f4bc483ef002a4b312d07 - - default default] No more DHCP agents /var/lib/openstack/lib/python3.10/site-packages/pycadf/identifier.py:71: UserWarning: Invalid uuid: neutron. To ensure interoperability, identifiers should be a valid uuid. warnings.warn(('Invalid uuid: %s. To ensure interoperability, '
2026-05-05 23:20:13.117 9 WARNING neutron.api.rpc.agentnotifiers.dhcp_rpc_agent_api [None req-9def9716-7ca0-41e6-bd16-ae9a39242ca6 cc53ead19fd04f48b9de74174830d004 db474edd8c3f4bc483ef002a4b312d07 - - default default] Unable to schedule network 82b4fbcd-ec5b-41b4-b15f-d3a917edb329: no agents available; will retry on subsequent port and subnet creation events.
