+ exec neutron-ovn-metadata-agent --config-file /etc/neutron/neutron.conf --config-file /etc/neutron/ovn_metadata_agent.ini --config-file /tmp/pod-shared/neutron-agent.ini --config-file /tmp/pod-shared/ovn.ini /var/lib/openstack/lib/python3.10/site-packages/neutron/common/utils.py:54: UserWarning: pkg_resources is deprecated as an API. See https://setuptools.pypa.io/en/latest/pkg_resources.html. The pkg_resources package is slated for removal as early as 2025-11-30. Refrain from using this package or pin to Setuptools<81. import pkg_resources
2026-05-05 22:49:30.885 47 INFO neutron.common.config [-] Logging enabled!
2026-05-05 22:49:30.885 47 INFO neutron.common.config [-] /var/lib/openstack/bin/neutron-ovn-metadata-agent version 23.5.0
2026-05-05 22:49:30.917 47 INFO ovsdbapp.backend.ovs_idl.vlog [-] unix:/run/openvswitch/db.sock: connecting...
2026-05-05 22:49:30.917 47 INFO ovsdbapp.backend.ovs_idl.vlog [-] unix:/run/openvswitch/db.sock: connected
2026-05-05 22:49:30.994 47 INFO neutron.agent.ovn.metadata.ovsdb [-] Getting OvsdbSbOvnIdl for MetadataAgent with retry
2026-05-05 22:49:30.995 47 INFO ovsdbapp.backend.ovs_idl.vlog [-] tcp:10.109.123.36:6642: connecting...
2026-05-05 22:49:30.996 47 INFO ovsdbapp.backend.ovs_idl.vlog [-] tcp:10.109.123.36:6642: connected
2026-05-05 22:49:31.027 47 INFO oslo_service.service [-] Starting 2 workers
2026-05-05 22:49:31.032 47 INFO oslo.privsep.daemon [-] Running privsep helper: ['sudo', '/var/lib/openstack/bin/neutron-rootwrap', '/etc/neutron/rootwrap.conf', 'privsep-helper', '--config-file', '/etc/neutron/neutron.conf', '--config-file', '/etc/neutron/ovn_metadata_agent.ini', '--config-file', '/tmp/pod-shared/neutron-agent.ini', '--config-file', '/tmp/pod-shared/ovn.ini', '--privsep_context', 'neutron.privileged.namespace_cmd', '--privsep_sock_path', '/tmp/tmp41w15j7_/privsep.sock']
2026-05-05 22:49:31.065 56 INFO neutron.agent.ovn.metadata.ovsdb [-] Getting OvsdbSbOvnIdl for MetadataAgent with retry
2026-05-05 22:49:31.066 56 INFO ovsdbapp.backend.ovs_idl.vlog [-] tcp:10.109.123.36:6642: connecting...
2026-05-05 22:49:31.066 55 INFO neutron.agent.ovn.metadata.ovsdb [-] Getting OvsdbSbOvnIdl for MetadataAgent with retry
2026-05-05 22:49:31.067 55 INFO ovsdbapp.backend.ovs_idl.vlog [-] tcp:10.109.123.36:6642: connecting...
2026-05-05 22:49:31.068 56 INFO ovsdbapp.backend.ovs_idl.vlog [-] tcp:10.109.123.36:6642: connected
2026-05-05 22:49:31.069 55 INFO ovsdbapp.backend.ovs_idl.vlog [-] tcp:10.109.123.36:6642: connected
2026-05-05 22:49:31.098 56 INFO eventlet.wsgi.server [-] (56) wsgi starting up on http:/var/lib/neutron/openstack-helm/metadata_proxy
2026-05-05 22:49:31.105 55 INFO eventlet.wsgi.server [-] (55) wsgi starting up on http:/var/lib/neutron/openstack-helm/metadata_proxy
2026-05-05 22:49:32.636 47 INFO oslo.privsep.daemon [-] Spawned new privsep daemon via rootwrap
2026-05-05 22:49:32.471 60 INFO oslo.privsep.daemon [-] privsep daemon starting
2026-05-05 22:49:32.477 60 INFO oslo.privsep.daemon [-] privsep process running with uid/gid: 0/0
2026-05-05 22:49:32.481 60 INFO oslo.privsep.daemon [-] privsep process running with capabilities (eff/prm/inh): CAP_SYS_ADMIN/CAP_SYS_ADMIN/none
2026-05-05 22:49:32.481 60 INFO oslo.privsep.daemon [-] privsep daemon running as pid 60
2026-05-05 22:49:34.289 47 WARNING oslo.privsep.daemon [-] privsep log: /var/lib/openstack/lib/python3.10/site-packages/neutron/common/utils.py:54: UserWarning: pkg_resources is deprecated as an API. See https://setuptools.pypa.io/en/latest/pkg_resources.html. The pkg_resources package is slated for removal as early as 2025-11-30. Refrain from using this package or pin to Setuptools<81.
2026-05-05 22:49:34.290 47 WARNING oslo.privsep.daemon [-] privsep log: import pkg_resources
2026-05-05 22:50:41.456 55 ERROR neutron.agent.ovn.metadata.server [-] No port found in network None with IP address 169.254.169.254
2026-05-05 22:50:41.458 55 INFO eventlet.wsgi.server [-] 169.254.169.254, "GET / HTTP/1.1" status: 404 len: 176 time: 0.0023341
2026-05-05 22:52:43.710 55 ERROR neutron.agent.ovn.metadata.server [-] No port found in network None with IP address 169.254.169.254
2026-05-05 22:52:43.711 55 INFO eventlet.wsgi.server [-] 169.254.169.254, "GET / HTTP/1.1" status: 404 len: 176 time: 0.0010285
2026-05-05 22:55:53.734 55 ERROR neutron.agent.ovn.metadata.server [-] No port found in network None with IP address 169.254.169.254
2026-05-05 22:55:53.735 55 INFO eventlet.wsgi.server [-] 169.254.169.254, "GET / HTTP/1.1" status: 404 len: 176 time: 0.0007114
2026-05-05 22:56:23.723 55 ERROR neutron.agent.ovn.metadata.server [-] No port found in network None with IP address 169.254.169.254
2026-05-05 22:56:23.724 55 INFO eventlet.wsgi.server [-] 169.254.169.254, "GET / HTTP/1.1" status: 404 len: 176 time: 0.0012391
2026-05-05 22:56:54.837 47 INFO neutron.agent.ovn.metadata.agent [-] Port b0ee498f-bd3d-4ffe-9617-9bde8b39b682 in datapath 261255df-33fd-4ba4-9a78-5c8cbe40f2d6 bound to our chassis
2026-05-05 22:56:54.839 47 INFO neutron.agent.ovn.metadata.agent [-] Provisioning metadata for network 261255df-33fd-4ba4-9a78-5c8cbe40f2d6
2026-05-05 22:56:54.840 47 INFO oslo.privsep.daemon [-] Running privsep helper: ['sudo', '/var/lib/openstack/bin/neutron-rootwrap', '/etc/neutron/rootwrap.conf', 'privsep-helper', '--config-file', '/etc/neutron/neutron.conf', '--config-file', '/etc/neutron/ovn_metadata_agent.ini', '--config-file', '/tmp/pod-shared/neutron-agent.ini', '--config-file', '/tmp/pod-shared/ovn.ini', '--privsep_context', 'neutron.privileged.default', '--privsep_sock_path', '/tmp/tmpeaq58dlt/privsep.sock']
2026-05-05 22:56:55.633 47 INFO oslo.privsep.daemon [-] Spawned new privsep daemon via rootwrap
2026-05-05 22:56:55.495 91 INFO oslo.privsep.daemon [-] privsep daemon starting
2026-05-05 22:56:55.500 91 INFO oslo.privsep.daemon [-] privsep process running with uid/gid: 0/0
2026-05-05 22:56:55.504 91 INFO oslo.privsep.daemon [-] privsep process running with capabilities (eff/prm/inh): CAP_DAC_OVERRIDE|CAP_DAC_READ_SEARCH|CAP_NET_ADMIN|CAP_SYS_ADMIN|CAP_SYS_PTRACE/CAP_DAC_OVERRIDE|CAP_DAC_READ_SEARCH|CAP_NET_ADMIN|CAP_SYS_ADMIN|CAP_SYS_PTRACE/none
2026-05-05 22:56:55.504 91 INFO oslo.privsep.daemon [-] privsep daemon running as pid 91
2026-05-05 22:56:56.133 47 WARNING oslo.privsep.daemon [-] privsep log: /var/lib/openstack/lib/python3.10/site-packages/neutron/common/utils.py:54: UserWarning: pkg_resources is deprecated as an API. See https://setuptools.pypa.io/en/latest/pkg_resources.html. The pkg_resources package is slated for removal as early as 2025-11-30. Refrain from using this package or pin to Setuptools<81.
2026-05-05 22:56:56.134 47 WARNING oslo.privsep.daemon [-] privsep log: import pkg_resources
2026-05-05 22:56:56.419 47 INFO oslo.privsep.daemon [-] Running privsep helper: ['sudo', '/var/lib/openstack/bin/neutron-rootwrap', '/etc/neutron/rootwrap.conf', 'privsep-helper', '--config-file', '/etc/neutron/neutron.conf', '--config-file', '/etc/neutron/ovn_metadata_agent.ini', '--config-file', '/tmp/pod-shared/neutron-agent.ini', '--config-file', '/tmp/pod-shared/ovn.ini', '--privsep_context', 'neutron.privileged.link_cmd', '--privsep_sock_path', '/tmp/tmp8d8vxdqo/privsep.sock']
2026-05-05 22:56:57.247 47 INFO oslo.privsep.daemon [-] Spawned new privsep daemon via rootwrap
2026-05-05 22:56:57.106 103 INFO oslo.privsep.daemon [-] privsep daemon starting
2026-05-05 22:56:57.112 103 INFO oslo.privsep.daemon [-] privsep process running with uid/gid: 0/0
2026-05-05 22:56:57.114 103 INFO oslo.privsep.daemon [-] privsep process running with capabilities (eff/prm/inh): CAP_NET_ADMIN|CAP_SYS_ADMIN/CAP_NET_ADMIN|CAP_SYS_ADMIN/none
2026-05-05 22:56:57.115 103 INFO oslo.privsep.daemon [-] privsep daemon running as pid 103
2026-05-05 22:56:57.726 47 WARNING oslo.privsep.daemon [-] privsep log: /var/lib/openstack/lib/python3.10/site-packages/neutron/common/utils.py:54: UserWarning: pkg_resources is deprecated as an API. See https://setuptools.pypa.io/en/latest/pkg_resources.html. The pkg_resources package is slated for removal as early as 2025-11-30. Refrain from using this package or pin to Setuptools<81.
2026-05-05 22:56:57.726 47 WARNING oslo.privsep.daemon [-] privsep log: import pkg_resources
2026-05-05 22:56:58.539 47 INFO oslo_rootwrap.client [-] Spawned new rootwrap daemon process with pid=125
2026-05-05 22:59:03.721 55 ERROR neutron.agent.ovn.metadata.server [-] No port found in network None with IP address 169.254.169.254
2026-05-05 22:59:03.722 55 INFO eventlet.wsgi.server [-] 169.254.169.254, "GET / HTTP/1.1" status: 404 len: 176 time: 0.0015004
2026-05-05 23:02:13.747 56 ERROR neutron.agent.ovn.metadata.server [-] No port found in network None with IP address 169.254.169.254
2026-05-05 23:02:13.748 56 INFO eventlet.wsgi.server [-] 169.254.169.254, "GET / HTTP/1.1" status: 404 len: 176 time: 0.0012226
2026-05-05 23:05:03.457 47 INFO neutron.agent.ovn.metadata.agent [-] Port 57a33437-2f41-48fd-9ed6-25cd6b63e4c3 in datapath d2221d1c-803e-4fc3-8ecc-536667a212f7 bound to our chassis
2026-05-05 23:05:23.748 55 ERROR neutron.agent.ovn.metadata.server [-] No port found in network None with IP address 169.254.169.254
2026-05-05 23:05:23.749 55 INFO eventlet.wsgi.server [-] 169.254.169.254, "GET / HTTP/1.1" status: 404 len: 176 time: 0.0016494
2026-05-05 23:06:23.752 55 ERROR neutron.agent.ovn.metadata.server [-] No port found in network None with IP address 169.254.169.254
2026-05-05 23:06:23.752 55 INFO eventlet.wsgi.server [-] 169.254.169.254, "GET / HTTP/1.1" status: 404 len: 176 time: 0.0015528
2026-05-05 23:06:59.609 47 INFO oslo_rootwrap.client [-] Rootwrap daemon process exit with status: 0
2026-05-05 23:08:33.729 56 ERROR neutron.agent.ovn.metadata.server [-] No port found in network None with IP address 169.254.169.254
2026-05-05 23:08:33.730 56 INFO eventlet.wsgi.server [-] 169.254.169.254, "GET / HTTP/1.1" status: 404 len: 176 time: 0.0015380
2026-05-05 23:11:43.723 56 ERROR neutron.agent.ovn.metadata.server [-] No port found in network None with IP address 169.254.169.254
2026-05-05 23:11:43.724 56 INFO eventlet.wsgi.server [-] 169.254.169.254, "GET / HTTP/1.1" status: 404 len: 176 time: 0.0016103
2026-05-05 23:14:53.719 56 ERROR neutron.agent.ovn.metadata.server [-] No port found in network None with IP address 169.254.169.254
2026-05-05 23:14:53.719 56 INFO eventlet.wsgi.server [-] 169.254.169.254, "GET / HTTP/1.1" status: 404 len: 176 time: 0.0010886
2026-05-05 23:16:23.698 55 ERROR neutron.agent.ovn.metadata.server [-] No port found in network None with IP address 169.254.169.254
2026-05-05 23:16:23.698 55 INFO eventlet.wsgi.server [-] 169.254.169.254, "GET / HTTP/1.1" status: 404 len: 176 time: 0.0017042
2026-05-05 23:18:03.748 56 ERROR neutron.agent.ovn.metadata.server [-] No port found in network None with IP address 169.254.169.254
2026-05-05 23:18:03.749 56 INFO eventlet.wsgi.server [-] 169.254.169.254, "GET / HTTP/1.1" status: 404 len: 176 time: 0.0017498
2026-05-05 23:19:50.682 47 INFO neutron.agent.ovn.metadata.agent [-] Port dbb04bed-e8c7-4324-90b0-d672f62e2a46 in datapath 34f8f995-88a3-411d-b7ec-f3cd72a7c4fa bound to our chassis
2026-05-05 23:19:50.683 47 INFO neutron.agent.ovn.metadata.agent [-] Provisioning metadata for network 34f8f995-88a3-411d-b7ec-f3cd72a7c4fa
2026-05-05 23:19:51.041 47 WARNING oslo_rootwrap.client [-] Leaving behind already spawned process with pid 125, root should kill it if it's still there (I can't)
2026-05-05 23:19:51.341 47 INFO oslo_rootwrap.client [-] Spawned new rootwrap daemon process with pid=228
2026-05-05 23:19:51.379 47 INFO neutron.agent.ovn.metadata.agent [-] Port 83e0088d-cc07-4eef-8436-cfed4118edce in datapath 48853a16-4dcb-4dba-8808-57c922bf149b unbound from our chassis
2026-05-05 23:19:51.382 47 INFO neutron.agent.ovn.metadata.agent [-] Provisioning metadata for network 48853a16-4dcb-4dba-8808-57c922bf149b
2026-05-05 23:19:51.801 47 INFO neutron.agent.ovn.metadata.agent [-] Port da646817-0542-4b94-a736-8e9d4da6a7dd in datapath 8f52756a-1e91-488a-8c8e-39411a29351f unbound from our chassis
2026-05-05 23:19:51.805 47 INFO neutron.agent.ovn.metadata.agent [-] Provisioning metadata for network 8f52756a-1e91-488a-8c8e-39411a29351f
2026-05-05 23:19:53.593 47 INFO neutron.agent.ovn.metadata.agent [-] Port da646817-0542-4b94-a736-8e9d4da6a7dd in datapath 8f52756a-1e91-488a-8c8e-39411a29351f unbound from our chassis
2026-05-05 23:19:53.596 47 INFO neutron.agent.ovn.metadata.agent [-] Cleaning up ovnmeta-8f52756a-1e91-488a-8c8e-39411a29351f namespace which is not needed anymore
2026-05-05 23:19:58.763 47 INFO neutron.agent.ovn.metadata.agent [-] Port 83e0088d-cc07-4eef-8436-cfed4118edce in datapath 48853a16-4dcb-4dba-8808-57c922bf149b unbound from our chassis
2026-05-05 23:19:58.766 47 INFO neutron.agent.ovn.metadata.agent [-] Cleaning up ovnmeta-48853a16-4dcb-4dba-8808-57c922bf149b namespace which is not needed anymore
2026-05-05 23:20:06.385 55 INFO eventlet.wsgi.server [-] 10.100.0.10, "GET /2009-04-04/meta-data/instance-id HTTP/1.1" status: 200 len: 146 time: 1.1165113
2026-05-05 23:20:06.424 56 INFO eventlet.wsgi.server [-] 10.100.0.10, "GET /2009-04-04/meta-data/public-keys HTTP/1.1" status: 200 len: 163 time: 0.0292251
2026-05-05 23:20:06.446 56 INFO eventlet.wsgi.server [-] 10.100.0.10, "GET /2009-04-04/meta-data/public-keys/0/openssh-key HTTP/1.1" status: 200 len: 341 time: 0.0139258
2026-05-05 23:20:06.491 55 INFO eventlet.wsgi.server [-] 10.100.0.10, "GET /2009-04-04/meta-data/instance-id HTTP/1.1" status: 200 len: 146 time: 0.0272524
2026-05-05 23:20:06.515 55 INFO eventlet.wsgi.server [-] 10.100.0.10, "GET /2009-04-04/meta-data/ami-launch-index HTTP/1.1" status: 200 len: 136 time: 0.0155790
2026-05-05 23:20:06.533 56 INFO eventlet.wsgi.server [-] 10.100.0.10, "GET /2009-04-04/meta-data/instance-type HTTP/1.1" status: 200 len: 142 time: 0.0121553
2026-05-05 23:20:06.556 56 INFO eventlet.wsgi.server [-] 10.100.0.10, "GET /2009-04-04/meta-data/local-ipv4 HTTP/1.1" status: 200 len: 147 time: 0.0134473
2026-05-05 23:20:06.575 56 INFO eventlet.wsgi.server [-] 10.100.0.10, "GET /2009-04-04/meta-data/public-ipv4 HTTP/1.1" status: 200 len: 149 time: 0.0141594
2026-05-05 23:20:06.592 56 INFO eventlet.wsgi.server [-] 10.100.0.10, "GET /2009-04-04/meta-data/hostname HTTP/1.1" status: 200 len: 201 time: 0.0100753
2026-05-05 23:20:06.610 56 INFO eventlet.wsgi.server [-] 10.100.0.10, "GET /2009-04-04/meta-data/local-hostname HTTP/1.1" status: 200 len: 201 time: 0.0112593
2026-05-05 23:20:06.629 56 INFO eventlet.wsgi.server [-] 10.100.0.10, "GET /2009-04-04/user-data HTTP/1.1" status: 200 len: 231 time: 0.0137157
2026-05-05 23:20:06.681 55 INFO eventlet.wsgi.server [-] 10.100.0.10, "GET /2009-04-04/meta-data/block-device-mapping HTTP/1.1" status: 200 len: 143 time: 0.0153439
2026-05-05 23:20:06.695 55 INFO eventlet.wsgi.server [-] 10.100.0.10, "GET /2009-04-04/meta-data/block-device-mapping/ami HTTP/1.1" status: 200 len: 138 time: 0.0097539
2026-05-05 23:20:06.713 56 INFO eventlet.wsgi.server [-] 10.100.0.10, "GET /2009-04-04/meta-data/block-device-mapping/root HTTP/1.1" status: 200 len: 143 time: 0.0135105
2026-05-05 23:20:06.732 55 INFO eventlet.wsgi.server [-] 10.100.0.10, "GET /2009-04-04/meta-data/public-hostname HTTP/1.1" status: 200 len: 201 time: 0.0127199
2026-05-05 23:20:06.747 55 INFO eventlet.wsgi.server [-] 10.100.0.10, "GET /2009-04-04/meta-data/placement/availability-zone HTTP/1.1" status: 200 len: 139 time: 0.0084884
2026-05-05 23:20:13.298 47 INFO neutron.agent.ovn.metadata.agent [-] Port dbb04bed-e8c7-4324-90b0-d672f62e2a46 in datapath 34f8f995-88a3-411d-b7ec-f3cd72a7c4fa unbound from our chassis
2026-05-05 23:20:13.301 47 INFO neutron.agent.ovn.metadata.agent [-] Cleaning up ovnmeta-34f8f995-88a3-411d-b7ec-f3cd72a7c4fa namespace which is not needed anymore
2026-05-05 23:20:14.938 47 INFO neutron.agent.ovn.metadata.agent [-] Port be20c327-3037-4a69-b323-c1fd69daf142 in datapath e0abcea9-4fd6-4241-9965-6887ebf73cfb bound to our chassis
2026-05-05 23:20:14.940 47 INFO neutron.agent.ovn.metadata.agent [-] Provisioning metadata for network e0abcea9-4fd6-4241-9965-6887ebf73cfb
2026-05-05 23:20:19.094 47 INFO neutron.agent.ovn.metadata.agent [-] Port ef656f6c-34e3-43b8-bab0-23b78b23222f in datapath 82b4fbcd-ec5b-41b4-b15f-d3a917edb329 bound to our chassis
2026-05-05 23:20:19.096 47 INFO neutron.agent.ovn.metadata.agent [-] Provisioning metadata for network 82b4fbcd-ec5b-41b4-b15f-d3a917edb329
2026-05-05 23:20:20.926 47 INFO neutron.agent.ovn.metadata.agent [-] Port ef656f6c-34e3-43b8-bab0-23b78b23222f in datapath 82b4fbcd-ec5b-41b4-b15f-d3a917edb329 unbound from our chassis
2026-05-05 23:20:20.930 47 INFO neutron.agent.ovn.metadata.agent [-] Cleaning up ovnmeta-82b4fbcd-ec5b-41b4-b15f-d3a917edb329 namespace which is not needed anymore
2026-05-05 23:20:28.525 55 INFO eventlet.wsgi.server [-] 10.100.0.12, "GET /2009-04-04/meta-data/instance-id HTTP/1.1" status: 200 len: 146 time: 0.1763217
2026-05-05 23:20:28.548 56 INFO eventlet.wsgi.server [-] 10.100.0.12, "GET /2009-04-04/meta-data/public-keys HTTP/1.1" status: 200 len: 163 time: 0.0110564
2026-05-05 23:20:28.561 56 INFO eventlet.wsgi.server [-] 10.100.0.12, "GET /2009-04-04/meta-data/public-keys/0/openssh-key HTTP/1.1" status: 200 len: 341 time: 0.0086932
2026-05-05 23:20:28.578 56 INFO eventlet.wsgi.server [-] 10.100.0.12, "GET /2009-04-04/meta-data/instance-id HTTP/1.1" status: 200 len: 146 time: 0.0084345
2026-05-05 23:20:28.596 56 INFO eventlet.wsgi.server [-] 10.100.0.12, "GET /2009-04-04/meta-data/ami-launch-index HTTP/1.1" status: 200 len: 136 time: 0.0099578
2026-05-05 23:20:28.616 56 INFO eventlet.wsgi.server [-] 10.100.0.12, "GET /2009-04-04/meta-data/instance-type HTTP/1.1" status: 200 len: 142 time: 0.0104260
2026-05-05 23:20:28.638 55 INFO eventlet.wsgi.server [-] 10.100.0.12, "GET /2009-04-04/meta-data/local-ipv4 HTTP/1.1" status: 200 len: 147 time: 0.0119472
2026-05-05 23:20:28.658 55 INFO eventlet.wsgi.server [-] 10.100.0.12, "GET /2009-04-04/meta-data/public-ipv4 HTTP/1.1" status: 200 len: 149 time: 0.0103207
2026-05-05 23:20:28.674 55 INFO eventlet.wsgi.server [-] 10.100.0.12, "GET /2009-04-04/meta-data/hostname HTTP/1.1" status: 200 len: 193 time: 0.0105329
2026-05-05 23:20:28.692 56 INFO eventlet.wsgi.server [-] 10.100.0.12, "GET /2009-04-04/meta-data/local-hostname HTTP/1.1" status: 200 len: 193 time: 0.0098474
2026-05-05 23:20:28.709 56 INFO eventlet.wsgi.server [-] 10.100.0.12, "GET /2009-04-04/user-data HTTP/1.1" status: 200 len: 231 time: 0.0110514
2026-05-05 23:20:28.740 55 INFO eventlet.wsgi.server [-] 10.100.0.12, "GET /2009-04-04/meta-data/block-device-mapping HTTP/1.1" status: 200 len: 143 time: 0.0107157
2026-05-05 23:20:28.754 55 INFO eventlet.wsgi.server [-] 10.100.0.12, "GET /2009-04-04/meta-data/block-device-mapping/ami HTTP/1.1" status: 200 len: 138 time: 0.0090270
2026-05-05 23:20:28.766 55 INFO eventlet.wsgi.server [-] 10.100.0.12, "GET /2009-04-04/meta-data/block-device-mapping/root HTTP/1.1" status: 200 len: 143 time: 0.0078382
2026-05-05 23:20:28.780 55 INFO eventlet.wsgi.server [-] 10.100.0.12, "GET /2009-04-04/meta-data/public-hostname HTTP/1.1" status: 200 len: 193 time: 0.0087230
2026-05-05 23:20:28.799 55 INFO eventlet.wsgi.server [-] 10.100.0.12, "GET /2009-04-04/meta-data/placement/availability-zone HTTP/1.1" status: 200 len: 139 time: 0.0097227
2026-05-05 23:20:35.492 47 INFO neutron.agent.ovn.metadata.agent [-] Port be20c327-3037-4a69-b323-c1fd69daf142 in datapath e0abcea9-4fd6-4241-9965-6887ebf73cfb unbound from our chassis
2026-05-05 23:20:35.494 47 INFO neutron.agent.ovn.metadata.agent [-] Cleaning up ovnmeta-e0abcea9-4fd6-4241-9965-6887ebf73cfb namespace which is not needed anymore
2026-05-05 23:20:36.104 47 INFO neutron.agent.ovn.metadata.agent [-] Port be20c327-3037-4a69-b323-c1fd69daf142 in datapath e0abcea9-4fd6-4241-9965-6887ebf73cfb bound to our chassis
2026-05-05 23:20:36.106 47 INFO neutron.agent.ovn.metadata.agent [-] Provisioning metadata for network e0abcea9-4fd6-4241-9965-6887ebf73cfb
2026-05-05 23:20:39.458 47 INFO neutron.agent.ovn.metadata.agent [-] Port 4e48a9ad-9505-4b42-a847-ed563dcef564 in datapath 3da1c7a9-55fe-4a7d-beea-05226b79ce2a bound to our chassis
2026-05-05 23:20:39.460 47 INFO neutron.agent.ovn.metadata.agent [-] Provisioning metadata for network 3da1c7a9-55fe-4a7d-beea-05226b79ce2a
2026-05-05 23:20:47.385 47 INFO neutron.agent.ovn.metadata.agent [-] Port 4e48a9ad-9505-4b42-a847-ed563dcef564 in datapath 3da1c7a9-55fe-4a7d-beea-05226b79ce2a unbound from our chassis
2026-05-05 23:20:47.388 47 INFO neutron.agent.ovn.metadata.agent [-] Cleaning up ovnmeta-3da1c7a9-55fe-4a7d-beea-05226b79ce2a namespace which is not needed anymore
2026-05-05 23:20:49.098 55 INFO eventlet.wsgi.server [-] 10.100.0.12, "GET /2009-04-04/meta-data/instance-id HTTP/1.1" status: 200 len: 146 time: 0.2115583
2026-05-05 23:20:49.120 56 INFO eventlet.wsgi.server [-] 10.100.0.12, "GET /2009-04-04/meta-data/public-keys HTTP/1.1" status: 200 len: 163 time: 0.0123143
2026-05-05 23:20:49.134 56 INFO eventlet.wsgi.server [-] 10.100.0.12, "GET /2009-04-04/meta-data/public-keys/0/openssh-key HTTP/1.1" status: 200 len: 341 time: 0.0106959
2026-05-05 23:20:49.150 55 INFO eventlet.wsgi.server [-] 10.100.0.12, "GET /2009-04-04/meta-data/instance-id HTTP/1.1" status: 200 len: 146 time: 0.0110261
2026-05-05 23:20:49.163 55 INFO eventlet.wsgi.server [-] 10.100.0.12, "GET /2009-04-04/meta-data/ami-launch-index HTTP/1.1" status: 200 len: 136 time: 0.0092463
2026-05-05 23:20:49.180 55 INFO eventlet.wsgi.server [-] 10.100.0.12, "GET /2009-04-04/meta-data/instance-type HTTP/1.1" status: 200 len: 142 time: 0.0112038
2026-05-05 23:20:49.198 55 INFO eventlet.wsgi.server [-] 10.100.0.12, "GET /2009-04-04/meta-data/local-ipv4 HTTP/1.1" status: 200 len: 147 time: 0.0100203
2026-05-05 23:20:49.217 55 INFO eventlet.wsgi.server [-] 10.100.0.12, "GET /2009-04-04/meta-data/public-ipv4 HTTP/1.1" status: 200 len: 149 time: 0.0117178
2026-05-05 23:20:49.233 55 INFO eventlet.wsgi.server [-] 10.100.0.12, "GET /2009-04-04/meta-data/hostname HTTP/1.1" status: 200 len: 193 time: 0.0086422
2026-05-05 23:20:49.251 55 INFO eventlet.wsgi.server [-] 10.100.0.12, "GET /2009-04-04/meta-data/local-hostname HTTP/1.1" status: 200 len: 193 time: 0.0116010
2026-05-05 23:20:49.267 55 INFO eventlet.wsgi.server [-] 10.100.0.12, "GET /2009-04-04/user-data HTTP/1.1" status: 200 len: 231 time: 0.0082800
2026-05-05 23:20:49.307 55 INFO eventlet.wsgi.server [-] 10.100.0.12, "GET /2009-04-04/meta-data/block-device-mapping HTTP/1.1" status: 200 len: 143 time: 0.0096166
2026-05-05 23:20:49.320 55 INFO eventlet.wsgi.server [-] 10.100.0.12, "GET /2009-04-04/meta-data/block-device-mapping/ami HTTP/1.1" status: 200 len: 138 time: 0.0081451
2026-05-05 23:20:49.333 55 INFO eventlet.wsgi.server [-] 10.100.0.12, "GET /2009-04-04/meta-data/block-device-mapping/root HTTP/1.1" status: 200 len: 143 time: 0.0085003
2026-05-05 23:20:49.346 55 INFO eventlet.wsgi.server [-] 10.100.0.12, "GET /2009-04-04/meta-data/public-hostname HTTP/1.1" status: 200 len: 193 time: 0.0078623
2026-05-05 23:20:49.360 55 INFO eventlet.wsgi.server [-] 10.100.0.12, "GET /2009-04-04/meta-data/placement/availability-zone HTTP/1.1" status: 200 len: 139 time: 0.0091665
2026-05-05 23:20:54.480 47 INFO neutron.agent.ovn.metadata.agent [-] Port be20c327-3037-4a69-b323-c1fd69daf142 in datapath e0abcea9-4fd6-4241-9965-6887ebf73cfb unbound from our chassis
2026-05-05 23:20:54.483 47 INFO neutron.agent.ovn.metadata.agent [-] Cleaning up ovnmeta-e0abcea9-4fd6-4241-9965-6887ebf73cfb namespace which is not needed anymore
2026-05-05 23:21:13.704 55 ERROR neutron.agent.ovn.metadata.server [-] No port found in network None with IP address 169.254.169.254
2026-05-05 23:21:13.705 55 INFO eventlet.wsgi.server [-] 169.254.169.254, "GET / HTTP/1.1" status: 404 len: 176 time: 0.0017619
2026-05-05 23:21:27.490 47 INFO neutron.agent.ovn.metadata.agent [-] Port 5206cb69-57d2-42a7-a5cc-670dd883c7cb in datapath c8da8f25-cda8-4d7f-a6b5-ecb83b45b983 bound to our chassis
2026-05-05 23:21:27.492 47 INFO neutron.agent.ovn.metadata.agent [-] Provisioning metadata for network c8da8f25-cda8-4d7f-a6b5-ecb83b45b983
2026-05-05 23:21:29.272 47 INFO neutron.agent.ovn.metadata.agent [-] Port 5206cb69-57d2-42a7-a5cc-670dd883c7cb in datapath c8da8f25-cda8-4d7f-a6b5-ecb83b45b983 unbound from our chassis
2026-05-05 23:21:29.275 47 INFO neutron.agent.ovn.metadata.agent [-] Cleaning up ovnmeta-c8da8f25-cda8-4d7f-a6b5-ecb83b45b983 namespace which is not needed anymore
2026-05-05 23:22:40.720 47 INFO neutron.agent.ovn.metadata.agent [-] Port cec00f3d-3e25-4fe5-b239-1ba8865b819a in datapath 53086881-f07d-4cc3-82d5-5a25f337917b bound to our chassis
2026-05-05 23:22:40.721 47 INFO neutron.agent.ovn.metadata.agent [-] Provisioning metadata for network 53086881-f07d-4cc3-82d5-5a25f337917b
2026-05-05 23:22:53.812 47 INFO neutron.agent.ovn.metadata.agent [-] Port fd2d7d85-791a-4ad8-914e-bad883a8cb33 in datapath 7e714b28-6ae9-4425-bc96-a5836950e034 bound to our chassis
2026-05-05 23:22:53.815 47 INFO neutron.agent.ovn.metadata.agent [-] Provisioning metadata for network 7e714b28-6ae9-4425-bc96-a5836950e034
2026-05-05 23:22:54.462 56 INFO eventlet.wsgi.server [-] 10.100.0.6, "GET /2009-04-04/meta-data/instance-id HTTP/1.1" status: 200 len: 146 time: 0.1777377
2026-05-05 23:22:54.490 55 INFO eventlet.wsgi.server [-] 10.100.0.6, "GET /2009-04-04/meta-data/public-keys HTTP/1.1" status: 200 len: 176 time: 0.0184360
2026-05-05 23:22:54.508 55 INFO eventlet.wsgi.server [-] 10.100.0.6, "GET /2009-04-04/meta-data/public-keys/0/openssh-key HTTP/1.1" status: 200 len: 341 time: 0.0144653
2026-05-05 23:22:54.523 55 INFO eventlet.wsgi.server [-] 10.100.0.6, "GET /2009-04-04/meta-data/instance-id HTTP/1.1" status: 200 len: 146 time: 0.0103881
2026-05-05 23:22:54.535 56 INFO eventlet.wsgi.server [-] 10.100.0.6, "GET /2009-04-04/meta-data/ami-launch-index HTTP/1.1" status: 200 len: 136 time: 0.0083869
2026-05-05 23:22:54.548 56 INFO eventlet.wsgi.server [-] 10.100.0.6, "GET /2009-04-04/meta-data/instance-type HTTP/1.1" status: 200 len: 142 time: 0.0075505
2026-05-05 23:22:54.563 55 INFO eventlet.wsgi.server [-] 10.100.0.6, "GET /2009-04-04/meta-data/local-ipv4 HTTP/1.1" status: 200 len: 146 time: 0.0104218
2026-05-05 23:22:54.581 55 INFO eventlet.wsgi.server [-] 10.100.0.6, "GET /2009-04-04/meta-data/public-ipv4 HTTP/1.1" status: 200 len: 149 time: 0.0103564
2026-05-05 23:22:54.601 55 INFO eventlet.wsgi.server [-] 10.100.0.6, "GET /2009-04-04/meta-data/hostname HTTP/1.1" status: 200 len: 191 time: 0.0120027
2026-05-05 23:22:54.620 55 INFO eventlet.wsgi.server [-] 10.100.0.6, "GET /2009-04-04/meta-data/local-hostname HTTP/1.1" status: 200 len: 191 time: 0.0116024
2026-05-05 23:22:54.640 55 INFO eventlet.wsgi.server [-] 10.100.0.6, "GET /2009-04-04/user-data HTTP/1.1" status: 404 len: 297 time: 0.0113978
2026-05-05 23:22:54.680 55 INFO eventlet.wsgi.server [-] 10.100.0.6, "GET /2009-04-04/meta-data/block-device-mapping HTTP/1.1" status: 200 len: 143 time: 0.0144830
2026-05-05 23:22:54.699 55 INFO eventlet.wsgi.server [-] 10.100.0.6, "GET /2009-04-04/meta-data/block-device-mapping/ami HTTP/1.1" status: 200 len: 138 time: 0.0121143
2026-05-05 23:22:54.714 55 INFO eventlet.wsgi.server [-] 10.100.0.6, "GET /2009-04-04/meta-data/block-device-mapping/root HTTP/1.1" status: 200 len: 143 time: 0.0093596
2026-05-05 23:22:54.730 55 INFO eventlet.wsgi.server [-] 10.100.0.6, "GET /2009-04-04/meta-data/public-hostname HTTP/1.1" status: 200 len: 191 time: 0.0105669
2026-05-05 23:22:54.751 55 INFO eventlet.wsgi.server [-] 10.100.0.6, "GET /2009-04-04/meta-data/placement/availability-zone HTTP/1.1" status: 200 len: 139 time: 0.0153477
2026-05-05 23:23:04.419 47 INFO neutron.agent.ovn.metadata.agent [-] Port e52b6f07-576f-44a2-ab17-711e0a6bb147 in datapath 53086881-f07d-4cc3-82d5-5a25f337917b bound to our chassis
2026-05-05 23:23:04.421 47 INFO neutron.agent.ovn.metadata.agent [-] Provisioning metadata for network 53086881-f07d-4cc3-82d5-5a25f337917b
2026-05-05 23:23:12.567 56 INFO eventlet.wsgi.server [-] 10.100.0.7, "GET /latest/meta-data/public-ipv4 HTTP/1.1" status: 200 len: 149 time: 0.1537447
2026-05-05 23:23:12.905 56 INFO eventlet.wsgi.server [-] 10.100.0.7, "POST /openstack/2013-10-17/password HTTP/1.1" status: 200 len: 134 time: 0.2195425
2026-05-05 23:23:14.617 47 INFO neutron.agent.ovn.metadata.agent [-] Port fd2d7d85-791a-4ad8-914e-bad883a8cb33 in datapath 7e714b28-6ae9-4425-bc96-a5836950e034 unbound from our chassis
2026-05-05 23:23:14.621 47 INFO neutron.agent.ovn.metadata.agent [-] Cleaning up ovnmeta-7e714b28-6ae9-4425-bc96-a5836950e034 namespace which is not needed anymore
2026-05-05 23:23:16.210 56 INFO eventlet.wsgi.server [-] 10.100.0.14, "GET /2009-04-04/meta-data/instance-id HTTP/1.1" status: 200 len: 146 time: 0.1609623
2026-05-05 23:23:16.231 56 INFO eventlet.wsgi.server [-] 10.100.0.14, "GET /2009-04-04/meta-data/public-keys HTTP/1.1" status: 200 len: 176 time: 0.0114937
2026-05-05 23:23:16.250 56 INFO eventlet.wsgi.server [-] 10.100.0.14, "GET /2009-04-04/meta-data/public-keys/0/openssh-key HTTP/1.1" status: 200 len: 341 time: 0.0099909
2026-05-05 23:23:16.263 56 INFO eventlet.wsgi.server [-] 10.100.0.14, "GET /2009-04-04/meta-data/instance-id HTTP/1.1" status: 200 len: 146 time: 0.0080514
2026-05-05 23:23:16.279 56 INFO eventlet.wsgi.server [-] 10.100.0.14, "GET /2009-04-04/meta-data/ami-launch-index HTTP/1.1" status: 200 len: 136 time: 0.0094237
2026-05-05 23:23:16.295 56 INFO eventlet.wsgi.server [-] 10.100.0.14, "GET /2009-04-04/meta-data/instance-type HTTP/1.1" status: 200 len: 142 time: 0.0090213
2026-05-05 23:23:16.317 55 INFO eventlet.wsgi.server [-] 10.100.0.14, "GET /2009-04-04/meta-data/local-ipv4 HTTP/1.1" status: 200 len: 147 time: 0.0121825
2026-05-05 23:23:16.332 55 INFO eventlet.wsgi.server [-] 10.100.0.14, "GET /2009-04-04/meta-data/public-ipv4 HTTP/1.1" status: 200 len: 149 time: 0.0078642
2026-05-05 23:23:16.346 55 INFO eventlet.wsgi.server [-] 10.100.0.14, "GET /2009-04-04/meta-data/hostname HTTP/1.1" status: 200 len: 189 time: 0.0095217
2026-05-05 23:23:16.366 55 INFO eventlet.wsgi.server [-] 10.100.0.14, "GET /2009-04-04/meta-data/local-hostname HTTP/1.1" status: 200 len: 189 time: 0.0106184
2026-05-05 23:23:16.381 55 INFO eventlet.wsgi.server [-] 10.100.0.14, "GET /2009-04-04/user-data HTTP/1.1" status: 404 len: 297 time: 0.0083480
2026-05-05 23:23:16.399 56 INFO eventlet.wsgi.server [-] 10.100.0.14, "GET /2009-04-04/meta-data/block-device-mapping HTTP/1.1" status: 200 len: 143 time: 0.0091512
2026-05-05 23:23:16.412 56 INFO eventlet.wsgi.server [-] 10.100.0.14, "GET /2009-04-04/meta-data/block-device-mapping/ami HTTP/1.1" status: 200 len: 138 time: 0.0071683
2026-05-05 23:23:16.424 56 INFO eventlet.wsgi.server [-] 10.100.0.14, "GET /2009-04-04/meta-data/block-device-mapping/root HTTP/1.1" status: 200 len: 143 time: 0.0071774
2026-05-05 23:23:16.436 56 INFO eventlet.wsgi.server [-] 10.100.0.14, "GET /2009-04-04/meta-data/public-hostname HTTP/1.1" status: 200 len: 189 time: 0.0072007
2026-05-05 23:23:16.447 56 INFO eventlet.wsgi.server [-] 10.100.0.14, "GET /2009-04-04/meta-data/placement/availability-zone HTTP/1.1" status: 200 len: 139 time: 0.0068710
2026-05-05 23:23:17.974 47 INFO neutron.agent.ovn.metadata.agent [-] Port e52b6f07-576f-44a2-ab17-711e0a6bb147 in datapath 53086881-f07d-4cc3-82d5-5a25f337917b unbound from our chassis
2026-05-05 23:23:17.976 47 INFO neutron.agent.ovn.metadata.agent [-] Provisioning metadata for network 53086881-f07d-4cc3-82d5-5a25f337917b
2026-05-05 23:23:21.302 47 INFO neutron.agent.ovn.metadata.agent [-] Port cec00f3d-3e25-4fe5-b239-1ba8865b819a in datapath 53086881-f07d-4cc3-82d5-5a25f337917b unbound from our chassis
2026-05-05 23:23:21.310 47 INFO neutron.agent.ovn.metadata.agent [-] Cleaning up ovnmeta-53086881-f07d-4cc3-82d5-5a25f337917b namespace which is not needed anymore
2026-05-05 23:23:52.357 47 INFO neutron.agent.ovn.metadata.agent [-] Port 80317a18-8bc3-40fb-b4ce-2351978dfb3e in datapath 3aa98689-f6b8-4abf-a3de-7bc5bb2461d1 bound to our chassis
2026-05-05 23:23:52.359 47 INFO neutron.agent.ovn.metadata.agent [-] Provisioning metadata for network 3aa98689-f6b8-4abf-a3de-7bc5bb2461d1
2026-05-05 23:24:00.271 47 INFO neutron.agent.ovn.metadata.agent [-] Port d236435f-7fdd-40bd-9a9d-fb4851600c4c in datapath c4886295-2b6a-4999-81a7-19932318627a bound to our chassis
2026-05-05 23:24:00.274 47 INFO neutron.agent.ovn.metadata.agent [-] Provisioning metadata for network c4886295-2b6a-4999-81a7-19932318627a
2026-05-05 23:24:03.487 55 INFO eventlet.wsgi.server [-] 10.2.1.205, "GET /2009-04-04/meta-data/instance-id HTTP/1.1" status: 200 len: 146 time: 0.1685727
2026-05-05 23:24:03.507 56 INFO eventlet.wsgi.server [-] 10.2.1.205, "GET /2009-04-04/meta-data/public-keys HTTP/1.1" status: 200 len: 173 time: 0.0092380
2026-05-05 23:24:03.522 56 INFO eventlet.wsgi.server [-] 10.2.1.205, "GET /2009-04-04/meta-data/public-keys/0/openssh-key HTTP/1.1" status: 200 len: 341 time: 0.0114617
2026-05-05 23:24:03.541 56 INFO eventlet.wsgi.server [-] 10.2.1.205, "GET /2009-04-04/meta-data/instance-id HTTP/1.1" status: 200 len: 146 time: 0.0100572
2026-05-05 23:24:03.570 56 INFO eventlet.wsgi.server [-] 10.2.1.205, "GET /2009-04-04/meta-data/ami-launch-index HTTP/1.1" status: 200 len: 136 time: 0.0192642
2026-05-05 23:24:03.586 55 INFO eventlet.wsgi.server [-] 10.2.1.205, "GET /2009-04-04/meta-data/instance-type HTTP/1.1" status: 200 len: 142 time: 0.0112221
2026-05-05 23:24:03.603 56 INFO eventlet.wsgi.server [-] 10.2.1.205, "GET /2009-04-04/meta-data/local-ipv4 HTTP/1.1" status: 200 len: 146 time: 0.0088358
2026-05-05 23:24:03.619 56 INFO eventlet.wsgi.server [-] 10.2.1.205, "GET /2009-04-04/meta-data/public-ipv4 HTTP/1.1" status: 200 len: 149 time: 0.0078244
2026-05-05 23:24:03.631 56 INFO eventlet.wsgi.server [-] 10.2.1.205, "GET /2009-04-04/meta-data/hostname HTTP/1.1" status: 200 len: 184 time: 0.0074420
2026-05-05 23:24:03.643 56 INFO eventlet.wsgi.server [-] 10.2.1.205, "GET /2009-04-04/meta-data/local-hostname HTTP/1.1" status: 200 len: 184 time: 0.0074291
2026-05-05 23:24:03.656 56 INFO eventlet.wsgi.server [-] 10.2.1.205, "GET /2009-04-04/user-data HTTP/1.1" status: 404 len: 297 time: 0.0066779
2026-05-05 23:24:03.685 56 INFO eventlet.wsgi.server [-] 10.2.1.205, "GET /2009-04-04/meta-data/block-device-mapping HTTP/1.1" status: 200 len: 143 time: 0.0155115
2026-05-05 23:24:03.704 55 INFO eventlet.wsgi.server [-] 10.2.1.205, "GET /2009-04-04/meta-data/block-device-mapping/ami HTTP/1.1" status: 200 len: 138 time: 0.0139730
2026-05-05 23:24:03.717 55 INFO eventlet.wsgi.server [-] 10.2.1.205, "GET /2009-04-04/meta-data/block-device-mapping/root HTTP/1.1" status: 200 len: 143 time: 0.0079026
2026-05-05 23:24:03.740 55 INFO eventlet.wsgi.server [-] 10.2.1.205, "GET /2009-04-04/meta-data/public-hostname HTTP/1.1" status: 200 len: 184 time: 0.0101378
2026-05-05 23:24:03.765 55 INFO eventlet.wsgi.server [-] 10.2.1.205, "GET /2009-04-04/meta-data/placement/availability-zone HTTP/1.1" status: 200 len: 139 time: 0.0175552
2026-05-05 23:24:13.907 55 INFO eventlet.wsgi.server [-] 10.2.2.54, "GET /2009-04-04/meta-data/instance-id HTTP/1.1" status: 200 len: 146 time: 0.1470139
2026-05-05 23:24:13.933 56 INFO eventlet.wsgi.server [-] 10.2.2.54, "GET /2009-04-04/meta-data/public-keys HTTP/1.1" status: 200 len: 173 time: 0.0125899
2026-05-05 23:24:13.950 56 INFO eventlet.wsgi.server [-] 10.2.2.54, "GET /2009-04-04/meta-data/public-keys/0/openssh-key HTTP/1.1" status: 200 len: 341 time: 0.0100844
2026-05-05 23:24:13.965 56 INFO eventlet.wsgi.server [-] 10.2.2.54, "GET /2009-04-04/meta-data/instance-id HTTP/1.1" status: 200 len: 146 time: 0.0100722
2026-05-05 23:24:13.981 55 INFO eventlet.wsgi.server [-] 10.2.2.54, "GET /2009-04-04/meta-data/ami-launch-index HTTP/1.1" status: 200 len: 136 time: 0.0101540
2026-05-05 23:24:13.995 55 INFO eventlet.wsgi.server [-] 10.2.2.54, "GET /2009-04-04/meta-data/instance-type HTTP/1.1" status: 200 len: 142 time: 0.0087178
2026-05-05 23:24:14.014 56 INFO eventlet.wsgi.server [-] 10.2.2.54, "GET /2009-04-04/meta-data/local-ipv4 HTTP/1.1" status: 200 len: 144 time: 0.0114911
2026-05-05 23:24:14.031 56 INFO eventlet.wsgi.server [-] 10.2.2.54, "GET /2009-04-04/meta-data/public-ipv4 HTTP/1.1" status: 200 len: 149 time: 0.0106866
2026-05-05 23:24:14.050 55 INFO eventlet.wsgi.server [-] 10.2.2.54, "GET /2009-04-04/meta-data/hostname HTTP/1.1" status: 200 len: 184 time: 0.0107236
2026-05-05 23:24:14.065 55 INFO eventlet.wsgi.server [-] 10.2.2.54, "GET /2009-04-04/meta-data/local-hostname HTTP/1.1" status: 200 len: 184 time: 0.0111520
2026-05-05 23:24:14.084 55 INFO eventlet.wsgi.server [-] 10.2.2.54, "GET /2009-04-04/user-data HTTP/1.1" status: 404 len: 297 time: 0.0112081
2026-05-05 23:24:14.126 55 INFO eventlet.wsgi.server [-] 10.2.2.54, "GET /2009-04-04/meta-data/block-device-mapping HTTP/1.1" status: 200 len: 143 time: 0.0122473
2026-05-05 23:24:14.141 55 INFO eventlet.wsgi.server [-] 10.2.2.54, "GET /2009-04-04/meta-data/block-device-mapping/ami HTTP/1.1" status: 200 len: 138 time: 0.0085013
2026-05-05 23:24:14.155 55 INFO eventlet.wsgi.server [-] 10.2.2.54, "GET /2009-04-04/meta-data/block-device-mapping/root HTTP/1.1" status: 200 len: 143 time: 0.0089767
2026-05-05 23:24:14.174 56 INFO eventlet.wsgi.server [-] 10.2.2.54, "GET /2009-04-04/meta-data/public-hostname HTTP/1.1" status: 200 len: 184 time: 0.0084662
2026-05-05 23:24:14.193 56 INFO eventlet.wsgi.server [-] 10.2.2.54, "GET /2009-04-04/meta-data/placement/availability-zone HTTP/1.1" status: 200 len: 139 time: 0.0110424
2026-05-05 23:24:23.730 55 ERROR neutron.agent.ovn.metadata.server [-] No port found in network None with IP address 169.254.169.254
2026-05-05 23:24:23.730 55 INFO eventlet.wsgi.server [-] 169.254.169.254, "GET / HTTP/1.1" status: 404 len: 176 time: 0.0020442
2026-05-05 23:24:34.365 47 INFO neutron.agent.ovn.metadata.agent [-] Port a6dedb51-f734-4b24-aad5-e16e36d0b637 in datapath 261255df-33fd-4ba4-9a78-5c8cbe40f2d6 bound to our chassis
2026-05-05 23:24:34.368 47 INFO neutron.agent.ovn.metadata.agent [-] Provisioning metadata for network 261255df-33fd-4ba4-9a78-5c8cbe40f2d6
2026-05-05 23:25:13.645 47 INFO neutron.agent.ovn.metadata.agent [-] Port a0c9167c-e839-43ca-95fe-f144adb555b0 in datapath ba5132ac-ec3b-4e86-97a0-344fbcfa1519 bound to our chassis
2026-05-05 23:25:13.647 47 INFO neutron.agent.ovn.metadata.agent [-] Provisioning metadata for network ba5132ac-ec3b-4e86-97a0-344fbcfa1519
2026-05-05 23:25:37.995 47 INFO neutron.agent.ovn.metadata.agent [-] Port 9d939ef9-6ef5-4433-8251-55157833a3ef in datapath 3aa98689-f6b8-4abf-a3de-7bc5bb2461d1 bound to our chassis
2026-05-05 23:25:37.997 47 INFO neutron.agent.ovn.metadata.agent [-] Provisioning metadata for network 3aa98689-f6b8-4abf-a3de-7bc5bb2461d1
2026-05-05 23:25:50.580 47 INFO neutron.agent.ovn.metadata.agent [-] Port 364f1e80-f89d-4873-9154-88f6024cd0b2 in datapath c4886295-2b6a-4999-81a7-19932318627a bound to our chassis
2026-05-05 23:25:50.583 47 INFO neutron.agent.ovn.metadata.agent [-] Provisioning metadata for network c4886295-2b6a-4999-81a7-19932318627a
2026-05-05 23:26:05.971 47 INFO neutron.agent.ovn.metadata.agent [-] Port 364f1e80-f89d-4873-9154-88f6024cd0b2 in datapath c4886295-2b6a-4999-81a7-19932318627a unbound from our chassis
2026-05-05 23:26:05.973 47 INFO neutron.agent.ovn.metadata.agent [-] Provisioning metadata for network c4886295-2b6a-4999-81a7-19932318627a
2026-05-05 23:26:11.068 47 INFO neutron.agent.ovn.metadata.agent [-] Port 9d939ef9-6ef5-4433-8251-55157833a3ef in datapath 3aa98689-f6b8-4abf-a3de-7bc5bb2461d1 unbound from our chassis
2026-05-05 23:26:11.072 47 INFO neutron.agent.ovn.metadata.agent [-] Provisioning metadata for network 3aa98689-f6b8-4abf-a3de-7bc5bb2461d1
2026-05-05 23:26:23.728 55 ERROR neutron.agent.ovn.metadata.server [-] No port found in network None with IP address 169.254.169.254
2026-05-05 23:26:23.729 55 INFO eventlet.wsgi.server [-] 169.254.169.254, "GET / HTTP/1.1" status: 404 len: 176 time: 0.0014060
2026-05-05 23:26:26.886 47 INFO neutron.agent.ovn.metadata.agent [-] Port a0c9167c-e839-43ca-95fe-f144adb555b0 in datapath ba5132ac-ec3b-4e86-97a0-344fbcfa1519 unbound from our chassis
2026-05-05 23:26:26.890 47 INFO neutron.agent.ovn.metadata.agent [-] Cleaning up ovnmeta-ba5132ac-ec3b-4e86-97a0-344fbcfa1519 namespace which is not needed anymore
2026-05-05 23:26:31.082 47 INFO neutron.agent.ovn.metadata.agent [-] Port a6dedb51-f734-4b24-aad5-e16e36d0b637 in datapath 261255df-33fd-4ba4-9a78-5c8cbe40f2d6 unbound from our chassis
2026-05-05 23:26:31.085 47 INFO neutron.agent.ovn.metadata.agent [-] Provisioning metadata for network 261255df-33fd-4ba4-9a78-5c8cbe40f2d6
2026-05-05 23:26:36.291 47 INFO neutron.agent.ovn.metadata.agent [-] Port d236435f-7fdd-40bd-9a9d-fb4851600c4c in datapath c4886295-2b6a-4999-81a7-19932318627a unbound from our chassis
2026-05-05 23:26:36.297 47 INFO neutron.agent.ovn.metadata.agent [-] Cleaning up ovnmeta-c4886295-2b6a-4999-81a7-19932318627a namespace which is not needed anymore
2026-05-05 23:26:42.445 47 INFO neutron.agent.ovn.metadata.agent [-] Port 80317a18-8bc3-40fb-b4ce-2351978dfb3e in datapath 3aa98689-f6b8-4abf-a3de-7bc5bb2461d1 unbound from our chassis
2026-05-05 23:26:42.447 47 INFO neutron.agent.ovn.metadata.agent [-] Cleaning up ovnmeta-3aa98689-f6b8-4abf-a3de-7bc5bb2461d1 namespace which is not needed anymore
2026-05-05 23:27:33.736 55 ERROR neutron.agent.ovn.metadata.server [-] No port found in network None with IP address 169.254.169.254
2026-05-05 23:27:33.736 55 INFO eventlet.wsgi.server [-] 169.254.169.254, "GET / HTTP/1.1" status: 404 len: 176 time: 0.0008144
2026-05-05 23:30:43.712 55 ERROR neutron.agent.ovn.metadata.server [-] No port found in network None with IP address 169.254.169.254
2026-05-05 23:30:43.713 55 INFO eventlet.wsgi.server [-] 169.254.169.254, "GET / HTTP/1.1" status: 404 len: 176 time: 0.0012734