Apr 02 10:36:45.928735 np0000162859 neutron-periodic-workers[103810]: DEBUG cotyledon.oslo_config_glue [-] ml2.tunnelled_network_rp_name = rp_tunnelled {{(pid=103810) log_opt_values /opt/stack/data/venv/lib/python3.12/site-packages/oslo_config/cfg.py:3006}}
Apr 02 10:36:45.928782 np0000162859 neutron-periodic-workers[103810]: DEBUG cotyledon.oslo_config_glue [-] ml2.type_drivers = ['local', 'flat', 'vlan', 'geneve'] {{(pid=103810) log_opt_values /opt/stack/data/venv/lib/python3.12/site-packages/oslo_config/cfg.py:3006}}
Apr 02 10:36:45.929080 np0000162859 neutron-periodic-workers[103810]: DEBUG cotyledon.oslo_config_glue [-] ml2_type_flat.flat_networks = ['public'] {{(pid=103810) log_opt_values /opt/stack/data/venv/lib/python3.12/site-packages/oslo_config/cfg.py:3006}}
Apr 02 10:36:45.929130 np0000162859 neutron-periodic-workers[103810]: DEBUG cotyledon.oslo_config_glue [-] ml2_type_geneve.max_header_size = 38 {{(pid=103810) log_opt_values /opt/stack/data/venv/lib/python3.12/site-packages/oslo_config/cfg.py:3006}}
Apr 02 10:36:45.929156 np0000162859 neutron-periodic-workers[103810]: DEBUG cotyledon.oslo_config_glue [-] ml2_type_geneve.vni_ranges = ['1:65536'] {{(pid=103810) log_opt_values /opt/stack/data/venv/lib/python3.12/site-packages/oslo_config/cfg.py:3006}}
Apr 02 10:36:45.929205 np0000162859 neutron-periodic-workers[103810]: DEBUG cotyledon.oslo_config_glue [-] ml2_type_vlan.network_vlan_ranges = ['public'] {{(pid=103810) log_opt_values /opt/stack/data/venv/lib/python3.12/site-packages/oslo_config/cfg.py:3006}}
Apr 02 10:36:45.929284 np0000162859 neutron-periodic-workers[103810]: DEBUG cotyledon.oslo_config_glue [-] network_log.burst_limit = 25 {{(pid=103810) log_opt_values /opt/stack/data/venv/lib/python3.12/site-packages/oslo_config/cfg.py:3006}}
Apr 02 10:36:45.929319 np0000162859 neutron-periodic-workers[103810]: DEBUG cotyledon.oslo_config_glue [-] network_log.local_output_log_base = None {{(pid=103810) log_opt_values /opt/stack/data/venv/lib/python3.12/site-packages/oslo_config/cfg.py:3006}}
Apr 02 10:36:45.929350 np0000162859 neutron-periodic-workers[103810]: DEBUG cotyledon.oslo_config_glue [-] network_log.rate_limit = 100 {{(pid=103810) log_opt_values /opt/stack/data/venv/lib/python3.12/site-packages/oslo_config/cfg.py:3006}}
Apr 02 10:36:45.929430 np0000162859 neutron-periodic-workers[103810]: DEBUG cotyledon.oslo_config_glue [-] database.asyncio_connection = **** {{(pid=103810) log_opt_values /opt/stack/data/venv/lib/python3.12/site-packages/oslo_config/cfg.py:3006}}
Apr 02 10:36:45.929475 np0000162859 neutron-periodic-workers[103810]: DEBUG cotyledon.oslo_config_glue [-] database.asyncio_slave_connection = **** {{(pid=103810) log_opt_values /opt/stack/data/venv/lib/python3.12/site-packages/oslo_config/cfg.py:3006}}
Apr 02 10:36:45.929524 np0000162859 neutron-periodic-workers[103810]: DEBUG cotyledon.oslo_config_glue [-] database.backend = sqlalchemy {{(pid=103810) log_opt_values /opt/stack/data/venv/lib/python3.12/site-packages/oslo_config/cfg.py:3006}}
Apr 02 10:36:45.929566 np0000162859 neutron-periodic-workers[103810]: DEBUG cotyledon.oslo_config_glue [-] database.connection = **** {{(pid=103810) log_opt_values /opt/stack/data/venv/lib/python3.12/site-packages/oslo_config/cfg.py:3006}}
Apr 02 10:36:45.929677 np0000162859 neutron-periodic-workers[103810]: DEBUG cotyledon.oslo_config_glue [-] database.connection_debug = 0 {{(pid=103810) log_opt_values /opt/stack/data/venv/lib/python3.12/site-packages/oslo_config/cfg.py:3006}}
Apr 02 10:36:45.929710 np0000162859 neutron-periodic-workers[103810]: DEBUG cotyledon.oslo_config_glue [-] database.connection_parameters = {{(pid=103810) log_opt_values /opt/stack/data/venv/lib/python3.12/site-packages/oslo_config/cfg.py:3006}}
Apr 02 10:36:45.929767 np0000162859 neutron-periodic-workers[103810]: DEBUG cotyledon.oslo_config_glue [-] database.connection_recycle_time = 3600 {{(pid=103810) log_opt_values /opt/stack/data/venv/lib/python3.12/site-packages/oslo_config/cfg.py:3006}}
Apr 02 10:36:45.929810 np0000162859 neutron-periodic-workers[103810]: DEBUG cotyledon.oslo_config_glue [-] database.connection_trace = False {{(pid=103810) log_opt_values /opt/stack/data/venv/lib/python3.12/site-packages/oslo_config/cfg.py:3006}}
Apr 02 10:36:45.929849 np0000162859 neutron-periodic-workers[103810]: DEBUG cotyledon.oslo_config_glue [-] database.db_inc_retry_interval = True {{(pid=103810) log_opt_values /opt/stack/data/venv/lib/python3.12/site-packages/oslo_config/cfg.py:3006}}
Apr 02 10:36:45.929878 np0000162859 neutron-periodic-workers[103810]: DEBUG cotyledon.oslo_config_glue [-] database.db_max_retries = 20 {{(pid=103810) log_opt_values /opt/stack/data/venv/lib/python3.12/site-packages/oslo_config/cfg.py:3006}}
Apr 02 10:36:45.929929 np0000162859 neutron-periodic-workers[103810]: DEBUG cotyledon.oslo_config_glue [-] database.db_max_retry_interval = 10 {{(pid=103810) log_opt_values /opt/stack/data/venv/lib/python3.12/site-packages/oslo_config/cfg.py:3006}}
Apr 02 10:36:45.929959 np0000162859 neutron-periodic-workers[103810]: DEBUG cotyledon.oslo_config_glue [-] database.db_retry_interval = 1 {{(pid=103810) log_opt_values /opt/stack/data/venv/lib/python3.12/site-packages/oslo_config/cfg.py:3006}}
Apr 02 10:36:45.929991 np0000162859 neutron-periodic-workers[103810]: DEBUG cotyledon.oslo_config_glue [-] database.max_overflow = 50 {{(pid=103810) log_opt_values /opt/stack/data/venv/lib/python3.12/site-packages/oslo_config/cfg.py:3006}}
Apr 02 10:36:45.930045 np0000162859 neutron-periodic-workers[103810]: DEBUG cotyledon.oslo_config_glue [-] database.max_pool_size = 5 {{(pid=103810) log_opt_values /opt/stack/data/venv/lib/python3.12/site-packages/oslo_config/cfg.py:3006}}
Apr 02 10:36:45.930084 np0000162859 neutron-periodic-workers[103810]: DEBUG cotyledon.oslo_config_glue [-] database.max_retries = 10 {{(pid=103810) log_opt_values /opt/stack/data/venv/lib/python3.12/site-packages/oslo_config/cfg.py:3006}}
Apr 02 10:36:45.930118 np0000162859 neutron-periodic-workers[103810]: DEBUG cotyledon.oslo_config_glue [-] database.mysql_sql_mode = TRADITIONAL {{(pid=103810) log_opt_values /opt/stack/data/venv/lib/python3.12/site-packages/oslo_config/cfg.py:3006}}
Apr 02 10:36:45.930169 np0000162859 neutron-periodic-workers[103810]: DEBUG cotyledon.oslo_config_glue [-] database.mysql_wsrep_sync_wait = None {{(pid=103810) log_opt_values /opt/stack/data/venv/lib/python3.12/site-packages/oslo_config/cfg.py:3006}}
Apr 02 10:36:45.930200 np0000162859 neutron-periodic-workers[103810]: DEBUG cotyledon.oslo_config_glue [-] database.pool_timeout = None {{(pid=103810) log_opt_values /opt/stack/data/venv/lib/python3.12/site-packages/oslo_config/cfg.py:3006}}
Apr 02 10:36:45.930254 np0000162859 neutron-periodic-workers[103810]: DEBUG cotyledon.oslo_config_glue [-] database.retry_interval = 10 {{(pid=103810) log_opt_values /opt/stack/data/venv/lib/python3.12/site-packages/oslo_config/cfg.py:3006}}
Apr 02 10:36:45.930292 np0000162859 neutron-periodic-workers[103810]: DEBUG cotyledon.oslo_config_glue [-] database.slave_connection = **** {{(pid=103810) log_opt_values /opt/stack/data/venv/lib/python3.12/site-packages/oslo_config/cfg.py:3006}}
Apr 02 10:36:45.930334 np0000162859 neutron-periodic-workers[103810]: DEBUG cotyledon.oslo_config_glue [-] database.sqlite_synchronous = True {{(pid=103810) log_opt_values /opt/stack/data/venv/lib/python3.12/site-packages/oslo_config/cfg.py:3006}}
Apr 02 10:36:45.930388 np0000162859 neutron-periodic-workers[103810]: DEBUG cotyledon.oslo_config_glue [-] database.synchronous_reader = True {{(pid=103810) log_opt_values /opt/stack/data/venv/lib/python3.12/site-packages/oslo_config/cfg.py:3006}}
Apr 02 10:36:45.930427 np0000162859 neutron-periodic-workers[103810]: DEBUG cotyledon.oslo_config_glue [-] database.use_db_reconnect = False {{(pid=103810) log_opt_values /opt/stack/data/venv/lib/python3.12/site-packages/oslo_config/cfg.py:3006}}
Apr 02 10:36:45.930503 np0000162859 neutron-periodic-workers[103810]: DEBUG cotyledon.oslo_config_glue [-] ovn.bfd_min_rx = 1000 {{(pid=103810) log_opt_values /opt/stack/data/venv/lib/python3.12/site-packages/oslo_config/cfg.py:3006}}
Apr 02 10:36:45.930550 np0000162859 neutron-periodic-workers[103810]: DEBUG cotyledon.oslo_config_glue [-] ovn.bfd_min_tx = 100 {{(pid=103810) log_opt_values /opt/stack/data/venv/lib/python3.12/site-packages/oslo_config/cfg.py:3006}}
Apr 02 10:36:45.930582 np0000162859 neutron-periodic-workers[103810]: DEBUG cotyledon.oslo_config_glue [-] ovn.bfd_mult = 3 {{(pid=103810) log_opt_values /opt/stack/data/venv/lib/python3.12/site-packages/oslo_config/cfg.py:3006}}
Apr 02 10:36:45.930640 np0000162859 neutron-periodic-workers[103810]: DEBUG cotyledon.oslo_config_glue [-] ovn.broadcast_arps_to_all_routers = True {{(pid=103810) log_opt_values /opt/stack/data/venv/lib/python3.12/site-packages/oslo_config/cfg.py:3006}}
Apr 02 10:36:45.930671 np0000162859 neutron-periodic-workers[103810]: DEBUG cotyledon.oslo_config_glue [-] ovn.dhcp_default_lease_time = 43200 {{(pid=103810) log_opt_values /opt/stack/data/venv/lib/python3.12/site-packages/oslo_config/cfg.py:3006}}
Apr 02 10:36:45.930711 np0000162859 neutron-periodic-workers[103810]: DEBUG cotyledon.oslo_config_glue [-] ovn.disable_ovn_dhcp_for_baremetal_ports = False {{(pid=103810) log_opt_values /opt/stack/data/venv/lib/python3.12/site-packages/oslo_config/cfg.py:3006}}
Apr 02 10:36:45.930758 np0000162859 neutron-periodic-workers[103810]: DEBUG cotyledon.oslo_config_glue [-] ovn.dns_records_ovn_owned = False {{(pid=103810) log_opt_values /opt/stack/data/venv/lib/python3.12/site-packages/oslo_config/cfg.py:3006}}
Apr 02 10:36:45.930791 np0000162859 neutron-periodic-workers[103810]: DEBUG cotyledon.oslo_config_glue [-] ovn.dns_servers = [] {{(pid=103810) log_opt_values /opt/stack/data/venv/lib/python3.12/site-packages/oslo_config/cfg.py:3006}}
Apr 02 10:36:45.930834 np0000162859 neutron-periodic-workers[103810]: DEBUG cotyledon.oslo_config_glue [-] ovn.enable_distributed_floating_ip = False {{(pid=103810) log_opt_values /opt/stack/data/venv/lib/python3.12/site-packages/oslo_config/cfg.py:3006}}
Apr 02 10:36:45.930863 np0000162859 neutron-periodic-workers[103810]: DEBUG cotyledon.oslo_config_glue [-] ovn.fdb_age_threshold = 300 {{(pid=103810) log_opt_values /opt/stack/data/venv/lib/python3.12/site-packages/oslo_config/cfg.py:3006}}
Apr 02 10:36:45.930911 np0000162859 neutron-periodic-workers[103810]: DEBUG cotyledon.oslo_config_glue [-] ovn.ha_failover_strategy = normal {{(pid=103810) log_opt_values /opt/stack/data/venv/lib/python3.12/site-packages/oslo_config/cfg.py:3006}}
Apr 02 10:36:45.930943 np0000162859 neutron-periodic-workers[103810]: DEBUG cotyledon.oslo_config_glue [-] ovn.live_migration_activation_strategy = rarp {{(pid=103810) log_opt_values /opt/stack/data/venv/lib/python3.12/site-packages/oslo_config/cfg.py:3006}}
Apr 02 10:36:45.930990 np0000162859 neutron-periodic-workers[103810]: DEBUG cotyledon.oslo_config_glue [-] ovn.localnet_learn_fdb = False {{(pid=103810) log_opt_values /opt/stack/data/venv/lib/python3.12/site-packages/oslo_config/cfg.py:3006}}
Apr 02 10:36:45.931020 np0000162859 neutron-periodic-workers[103810]: DEBUG cotyledon.oslo_config_glue [-] ovn.mac_binding_age_threshold = 300 {{(pid=103810) log_opt_values /opt/stack/data/venv/lib/python3.12/site-packages/oslo_config/cfg.py:3006}}
Apr 02 10:36:45.931076 np0000162859 neutron-periodic-workers[103810]: DEBUG cotyledon.oslo_config_glue [-] ovn.neutron_sync_mode = log {{(pid=103810) log_opt_values /opt/stack/data/venv/lib/python3.12/site-packages/oslo_config/cfg.py:3006}}
Apr 02 10:36:45.931117 np0000162859 neutron-periodic-workers[103810]: DEBUG cotyledon.oslo_config_glue [-] ovn.ovn_dhcp4_global_options = {} {{(pid=103810) log_opt_values /opt/stack/data/venv/lib/python3.12/site-packages/oslo_config/cfg.py:3006}}
Apr 02 10:36:45.931166 np0000162859 neutron-periodic-workers[103810]: DEBUG cotyledon.oslo_config_glue [-] ovn.ovn_dhcp6_global_options = {} {{(pid=103810) log_opt_values /opt/stack/data/venv/lib/python3.12/site-packages/oslo_config/cfg.py:3006}}
Apr 02 10:36:45.931201 np0000162859 neutron-periodic-workers[103810]: DEBUG cotyledon.oslo_config_glue [-] ovn.ovn_l3_scheduler = leastloaded {{(pid=103810) log_opt_values /opt/stack/data/venv/lib/python3.12/site-packages/oslo_config/cfg.py:3006}}
Apr 02 10:36:45.931237 np0000162859 neutron-periodic-workers[103810]: DEBUG cotyledon.oslo_config_glue [-] ovn.ovn_metadata_enabled = True {{(pid=103810) log_opt_values /opt/stack/data/venv/lib/python3.12/site-packages/oslo_config/cfg.py:3006}}
Apr 02 10:36:45.931298 np0000162859 neutron-periodic-workers[103810]: DEBUG cotyledon.oslo_config_glue [-] ovn.ovn_nb_ca_cert = /opt/stack/data/CA/int-ca/ca-chain.pem {{(pid=103810) log_opt_values /opt/stack/data/venv/lib/python3.12/site-packages/oslo_config/cfg.py:3006}}
Apr 02 10:36:45.931340 np0000162859 neutron-periodic-workers[103810]: DEBUG cotyledon.oslo_config_glue [-] ovn.ovn_nb_certificate = /opt/stack/data/CA/int-ca/devstack-cert.crt {{(pid=103810) log_opt_values /opt/stack/data/venv/lib/python3.12/site-packages/oslo_config/cfg.py:3006}}
Apr 02 10:36:45.931375 np0000162859 neutron-periodic-workers[103810]: DEBUG cotyledon.oslo_config_glue [-] ovn.ovn_nb_connection = ['ssl:199.204.45.156:6641'] {{(pid=103810) log_opt_values /opt/stack/data/venv/lib/python3.12/site-packages/oslo_config/cfg.py:3006}}
Apr 02 10:36:45.931422 np0000162859 neutron-periodic-workers[103810]: DEBUG cotyledon.oslo_config_glue [-] ovn.ovn_nb_private_key = /opt/stack/data/CA/int-ca/private/devstack-cert.key {{(pid=103810) log_opt_values /opt/stack/data/venv/lib/python3.12/site-packages/oslo_config/cfg.py:3006}}
Apr 02 10:36:45.931470 np0000162859 neutron-periodic-workers[103810]: DEBUG cotyledon.oslo_config_glue [-] ovn.ovn_router_indirect_snat = False {{(pid=103810) log_opt_values /opt/stack/data/venv/lib/python3.12/site-packages/oslo_config/cfg.py:3006}}
Apr 02 10:36:45.931500 np0000162859 neutron-periodic-workers[103810]: DEBUG cotyledon.oslo_config_glue [-] ovn.ovn_sb_ca_cert = /opt/stack/data/CA/int-ca/ca-chain.pem {{(pid=103810) log_opt_values /opt/stack/data/venv/lib/python3.12/site-packages/oslo_config/cfg.py:3006}}
Apr 02 10:36:45.931525 np0000162859 neutron-periodic-workers[103810]: DEBUG cotyledon.oslo_config_glue [-] ovn.ovn_sb_certificate = /opt/stack/data/CA/int-ca/devstack-cert.crt {{(pid=103810) log_opt_values /opt/stack/data/venv/lib/python3.12/site-packages/oslo_config/cfg.py:3006}}
Apr 02 10:36:45.931570 np0000162859 neutron-periodic-workers[103810]: DEBUG cotyledon.oslo_config_glue [-] ovn.ovn_sb_connection = ['ssl:199.204.45.156:6642'] {{(pid=103810) log_opt_values /opt/stack/data/venv/lib/python3.12/site-packages/oslo_config/cfg.py:3006}}
Apr 02 10:36:45.931601 np0000162859 neutron-periodic-workers[103810]: DEBUG cotyledon.oslo_config_glue [-] ovn.ovn_sb_private_key = /opt/stack/data/CA/int-ca/private/devstack-cert.key {{(pid=103810) log_opt_values /opt/stack/data/venv/lib/python3.12/site-packages/oslo_config/cfg.py:3006}}
Apr 02 10:36:45.931692 np0000162859 neutron-periodic-workers[103810]: DEBUG cotyledon.oslo_config_glue [-] ovn.ovs_create_tap = False {{(pid=103810) log_opt_values /opt/stack/data/venv/lib/python3.12/site-packages/oslo_config/cfg.py:3006}}
Apr 02 10:36:45.931736 np0000162859 neutron-periodic-workers[103810]: DEBUG cotyledon.oslo_config_glue [-] ovn.ovsdb_connection_timeout = 180 {{(pid=103810) log_opt_values /opt/stack/data/venv/lib/python3.12/site-packages/oslo_config/cfg.py:3006}}
Apr 02 10:36:45.931770 np0000162859 neutron-periodic-workers[103810]: DEBUG cotyledon.oslo_config_glue [-] ovn.ovsdb_log_level = INFO {{(pid=103810) log_opt_values /opt/stack/data/venv/lib/python3.12/site-packages/oslo_config/cfg.py:3006}}
Apr 02 10:36:45.931802 np0000162859 neutron-periodic-workers[103810]: DEBUG cotyledon.oslo_config_glue [-] ovn.ovsdb_probe_interval = 60000 {{(pid=103810) log_opt_values /opt/stack/data/venv/lib/python3.12/site-packages/oslo_config/cfg.py:3006}}
Apr 02 10:36:45.931834 np0000162859 neutron-periodic-workers[103810]: DEBUG cotyledon.oslo_config_glue [-] ovn.ovsdb_retry_max_interval = 180 {{(pid=103810) log_opt_values /opt/stack/data/venv/lib/python3.12/site-packages/oslo_config/cfg.py:3006}}
Apr 02 10:36:45.931879 np0000162859 neutron-periodic-workers[103810]: DEBUG cotyledon.oslo_config_glue [-] ovn.stateless_nat_enabled = False {{(pid=103810) log_opt_values /opt/stack/data/venv/lib/python3.12/site-packages/oslo_config/cfg.py:3006}}
Apr 02 10:36:45.931926 np0000162859 neutron-periodic-workers[103810]: DEBUG cotyledon.oslo_config_glue [-] ovn.vhost_sock_dir = /var/run/openvswitch {{(pid=103810) log_opt_values /opt/stack/data/venv/lib/python3.12/site-packages/oslo_config/cfg.py:3006}}
Apr 02 10:36:45.931982 np0000162859 neutron-periodic-workers[103810]: DEBUG cotyledon.oslo_config_glue [-] OVS.bridge_mac_table_size = 50000 {{(pid=103810) log_opt_values /opt/stack/data/venv/lib/python3.12/site-packages/oslo_config/cfg.py:3006}}
Apr 02 10:36:45.932018 np0000162859 neutron-periodic-workers[103810]: DEBUG cotyledon.oslo_config_glue [-] OVS.igmp_flood = False {{(pid=103810) log_opt_values /opt/stack/data/venv/lib/python3.12/site-packages/oslo_config/cfg.py:3006}}
Apr 02 10:36:45.932049 np0000162859 neutron-periodic-workers[103810]: DEBUG cotyledon.oslo_config_glue [-] OVS.igmp_flood_reports = True {{(pid=103810) log_opt_values /opt/stack/data/venv/lib/python3.12/site-packages/oslo_config/cfg.py:3006}}
Apr 02 10:36:45.932105 np0000162859 neutron-periodic-workers[103810]: DEBUG cotyledon.oslo_config_glue [-] OVS.igmp_flood_unregistered = False {{(pid=103810) log_opt_values /opt/stack/data/venv/lib/python3.12/site-packages/oslo_config/cfg.py:3006}}
Apr 02 10:36:45.932135 np0000162859 neutron-periodic-workers[103810]: DEBUG cotyledon.oslo_config_glue [-] OVS.igmp_snooping_enable = False {{(pid=103810) log_opt_values /opt/stack/data/venv/lib/python3.12/site-packages/oslo_config/cfg.py:3006}}
Apr 02 10:36:45.932183 np0000162859 neutron-periodic-workers[103810]: DEBUG cotyledon.oslo_config_glue [-] OVS.ovsdb_timeout = 10 {{(pid=103810) log_opt_values /opt/stack/data/venv/lib/python3.12/site-packages/oslo_config/cfg.py:3006}}
Apr 02 10:36:45.932239 np0000162859 neutron-periodic-workers[103810]: DEBUG cotyledon.oslo_config_glue [-] ovn_nb_global.fdb_removal_limit = 0 {{(pid=103810) log_opt_values /opt/stack/data/venv/lib/python3.12/site-packages/oslo_config/cfg.py:3006}}
Apr 02 10:36:45.932294 np0000162859 neutron-periodic-workers[103810]: DEBUG cotyledon.oslo_config_glue [-] ovn_nb_global.ignore_lsp_down = False {{(pid=103810) log_opt_values /opt/stack/data/venv/lib/python3.12/site-packages/oslo_config/cfg.py:3006}}
Apr 02 10:36:45.932342 np0000162859 neutron-periodic-workers[103810]: DEBUG cotyledon.oslo_config_glue [-] ovn_nb_global.mac_binding_removal_limit = 0 {{(pid=103810) log_opt_values /opt/stack/data/venv/lib/python3.12/site-packages/oslo_config/cfg.py:3006}}
Apr 02 10:36:45.932376 np0000162859 neutron-periodic-workers[103810]: DEBUG cotyledon.oslo_config_glue [-] ******************************************************************************** {{(pid=103810) log_opt_values /opt/stack/data/venv/lib/python3.12/site-packages/oslo_config/cfg.py:3013}}
Apr 02 10:36:45.932589 np0000162859 neutron-periodic-workers[103810]: DEBUG cotyledon._service_worker [-] Run service ServiceWrapper(0) [103810] {{(pid=103810) wait_forever /opt/stack/data/venv/lib/python3.12/site-packages/cotyledon/_service_worker.py:218}}
Apr 02 10:36:55.541518 np0000162859 neutron-periodic-workers[103043]: DEBUG dbcounter [-] [103043] Writing DB stats neutron:SELECT=4 {{(pid=103043) stat_writer /opt/stack/data/venv/lib/python3.12/site-packages/dbcounter.py:115}}
Apr 02 10:37:37.909560 np0000162859 neutron-periodic-workers[103787]: DEBUG oslo_db.sqlalchemy.engines [None req-c87bf7cc-9787-4dc5-8ed6-d416131e922a None None] Parent process 103043 forked (103787) with an open database connection, which is being discarded and recreated. {{(pid=103787) checkout /opt/stack/data/venv/lib/python3.12/site-packages/oslo_db/sqlalchemy/engines.py:402}}
Apr 02 10:37:37.918409 np0000162859 neutron-periodic-workers[103787]: DEBUG dbcounter [-] [103787] Writer thread running {{(pid=103787) stat_writer /opt/stack/data/venv/lib/python3.12/site-packages/dbcounter.py:102}}
Apr 02 10:37:37.926239 np0000162859 neutron-periodic-workers[103787]: DEBUG oslo.service.backend._threading.loopingcall [None req-c87bf7cc-9787-4dc5-8ed6-d416131e922a None None] Fixed interval looping call 'neutron.plugins.ml2.plugin.DhcpAgentSchedulerDbMixin.remove_networks_from_down_agents' sleeping for 36.98 seconds {{(pid=103787) _run_loop /opt/stack/data/venv/lib/python3.12/site-packages/oslo_service/backend/_threading/loopingcall.py:125}}
Apr 02 10:37:47.925283 np0000162859 neutron-periodic-workers[103787]: DEBUG dbcounter [-] [103787] Writing DB stats neutron:SELECT=3 {{(pid=103787) stat_writer /opt/stack/data/venv/lib/python3.12/site-packages/dbcounter.py:115}}
Apr 02 10:37:52.922834 np0000162859 neutron-periodic-workers[103800]: DEBUG dbcounter [-] [103800] Writer thread running {{(pid=103800) stat_writer /opt/stack/data/venv/lib/python3.12/site-packages/dbcounter.py:102}}
Apr 02 10:37:52.926083 np0000162859 neutron-periodic-workers[103800]: DEBUG neutron.db.agents_db [None req-b24da966-0300-45c1-b69a-31ab21c17aaa None None] Agent healthcheck: found 0 active agents {{(pid=103800) agent_health_check /opt/stack/neutron/neutron/db/agents_db.py:317}}
Apr 02 10:37:52.926083 np0000162859 neutron-periodic-workers[103800]: DEBUG oslo.service.backend._threading.loopingcall [None req-b24da966-0300-45c1-b69a-31ab21c17aaa None None] Fixed interval looping call 'neutron.plugins.ml2.plugin.AgentDbMixin.agent_health_check' sleeping for 36.98 seconds {{(pid=103800) _run_loop /opt/stack/data/venv/lib/python3.12/site-packages/oslo_service/backend/_threading/loopingcall.py:125}}
Apr 02 10:38:02.923459 np0000162859 neutron-periodic-workers[103800]: DEBUG dbcounter [-] [103800] Writing DB stats neutron:SELECT=1 {{(pid=103800) stat_writer /opt/stack/data/venv/lib/python3.12/site-packages/dbcounter.py:115}}
Apr 02 10:38:14.913694 np0000162859 neutron-periodic-workers[103787]: DEBUG oslo.service.backend._threading.loopingcall [None req-c87bf7cc-9787-4dc5-8ed6-d416131e922a None None] Fixed interval looping call 'neutron.plugins.ml2.plugin.DhcpAgentSchedulerDbMixin.remove_networks_from_down_agents' sleeping for 36.99 seconds {{(pid=103787) _run_loop /opt/stack/data/venv/lib/python3.12/site-packages/oslo_service/backend/_threading/loopingcall.py:125}}
Apr 02 10:38:24.913272 np0000162859 neutron-periodic-workers[103787]: DEBUG dbcounter [-] [103787] Writing DB stats neutron:SELECT=3 {{(pid=103787) stat_writer /opt/stack/data/venv/lib/python3.12/site-packages/dbcounter.py:115}}
Apr 02 10:38:29.914739 np0000162859 neutron-periodic-workers[103800]: DEBUG neutron.db.agents_db [None req-b24da966-0300-45c1-b69a-31ab21c17aaa None None] Agent healthcheck: found 0 active agents {{(pid=103800) agent_health_check /opt/stack/neutron/neutron/db/agents_db.py:317}}
Apr 02 10:38:29.915148 np0000162859 neutron-periodic-workers[103800]: DEBUG oslo.service.backend._threading.loopingcall [None req-b24da966-0300-45c1-b69a-31ab21c17aaa None None] Fixed interval looping call 'neutron.plugins.ml2.plugin.AgentDbMixin.agent_health_check' sleeping for 36.99 seconds {{(pid=103800) _run_loop /opt/stack/data/venv/lib/python3.12/site-packages/oslo_service/backend/_threading/loopingcall.py:125}}
Apr 02 10:38:39.913281 np0000162859 neutron-periodic-workers[103800]: DEBUG dbcounter [-] [103800] Writing DB stats neutron:SELECT=1 {{(pid=103800) stat_writer /opt/stack/data/venv/lib/python3.12/site-packages/dbcounter.py:115}}
Apr 02 10:38:45.949590 np0000162859 neutron-periodic-workers[103810]: DEBUG dbcounter [-] [103810] Writer thread running {{(pid=103810) stat_writer /opt/stack/data/venv/lib/python3.12/site-packages/dbcounter.py:102}}
Apr 02 10:38:45.951309 np0000162859 neutron-periodic-workers[103810]: DEBUG oslo.service.backend._threading.loopingcall [None req-ae763aa0-8550-4022-a206-d354cb3044cc None None] Fixed interval looping call 'neutron.db.quota.driver_nolock.DbQuotaNoLockDriver._remove_expired_reservations' sleeping for 119.98 seconds {{(pid=103810) _run_loop /opt/stack/data/venv/lib/python3.12/site-packages/oslo_service/backend/_threading/loopingcall.py:125}}
Apr 02 10:38:51.914557 np0000162859 neutron-periodic-workers[103787]: DEBUG oslo.service.backend._threading.loopingcall [None req-c87bf7cc-9787-4dc5-8ed6-d416131e922a None None] Fixed interval looping call 'neutron.plugins.ml2.plugin.DhcpAgentSchedulerDbMixin.remove_networks_from_down_agents' sleeping for 36.99 seconds {{(pid=103787) _run_loop /opt/stack/data/venv/lib/python3.12/site-packages/oslo_service/backend/_threading/loopingcall.py:125}}
Apr 02 10:38:55.949984 np0000162859 neutron-periodic-workers[103810]: DEBUG dbcounter [-] [103810] Writing DB stats neutron:DELETE=1 {{(pid=103810) stat_writer /opt/stack/data/venv/lib/python3.12/site-packages/dbcounter.py:115}}
Apr 02 10:39:01.912279 np0000162859 neutron-periodic-workers[103787]: DEBUG dbcounter [-] [103787] Writing DB stats neutron:SELECT=3 {{(pid=103787) stat_writer /opt/stack/data/venv/lib/python3.12/site-packages/dbcounter.py:115}}
Apr 02 10:39:06.910544 np0000162859 neutron-periodic-workers[103800]: DEBUG neutron.db.agents_db [None req-b24da966-0300-45c1-b69a-31ab21c17aaa None None] Agent healthcheck: found 0 active agents {{(pid=103800) agent_health_check /opt/stack/neutron/neutron/db/agents_db.py:317}}
Apr 02 10:39:06.911279 np0000162859 neutron-periodic-workers[103800]: DEBUG oslo.service.backend._threading.loopingcall [None req-b24da966-0300-45c1-b69a-31ab21c17aaa None None] Fixed interval looping call 'neutron.plugins.ml2.plugin.AgentDbMixin.agent_health_check' sleeping for 36.99 seconds {{(pid=103800) _run_loop /opt/stack/data/venv/lib/python3.12/site-packages/oslo_service/backend/_threading/loopingcall.py:125}}
Apr 02 10:39:16.909547 np0000162859 neutron-periodic-workers[103800]: DEBUG dbcounter [-] [103800] Writing DB stats neutron:SELECT=1 {{(pid=103800) stat_writer /opt/stack/data/venv/lib/python3.12/site-packages/dbcounter.py:115}}
Apr 02 10:39:28.915769 np0000162859 neutron-periodic-workers[103787]: DEBUG oslo.service.backend._threading.loopingcall [None req-c87bf7cc-9787-4dc5-8ed6-d416131e922a None None] Fixed interval looping call 'neutron.plugins.ml2.plugin.DhcpAgentSchedulerDbMixin.remove_networks_from_down_agents' sleeping for 36.99 seconds {{(pid=103787) _run_loop /opt/stack/data/venv/lib/python3.12/site-packages/oslo_service/backend/_threading/loopingcall.py:125}}
Apr 02 10:39:38.913959 np0000162859 neutron-periodic-workers[103787]: DEBUG dbcounter [-] [103787] Writing DB stats neutron:SELECT=3 {{(pid=103787) stat_writer /opt/stack/data/venv/lib/python3.12/site-packages/dbcounter.py:115}}
Apr 02 10:39:43.906327 np0000162859 neutron-periodic-workers[103800]: DEBUG neutron.db.agents_db [None req-b24da966-0300-45c1-b69a-31ab21c17aaa None None] Agent healthcheck: found 0 active agents {{(pid=103800) agent_health_check /opt/stack/neutron/neutron/db/agents_db.py:317}}
Apr 02 10:39:43.906923 np0000162859 neutron-periodic-workers[103800]: DEBUG oslo.service.backend._threading.loopingcall [None req-b24da966-0300-45c1-b69a-31ab21c17aaa None None] Fixed interval looping call 'neutron.plugins.ml2.plugin.AgentDbMixin.agent_health_check' sleeping for 36.99 seconds {{(pid=103800) _run_loop /opt/stack/data/venv/lib/python3.12/site-packages/oslo_service/backend/_threading/loopingcall.py:125}}
Apr 02 10:39:53.904806 np0000162859 neutron-periodic-workers[103800]: DEBUG dbcounter [-] [103800] Writing DB stats neutron:SELECT=1 {{(pid=103800) stat_writer /opt/stack/data/venv/lib/python3.12/site-packages/dbcounter.py:115}}
Apr 02 10:40:01.901851 np0000162859 neutron-periodic-workers[103776]: DEBUG dbcounter [-] [103776] Writer thread running {{(pid=103776) stat_writer /opt/stack/data/venv/lib/python3.12/site-packages/dbcounter.py:102}}
Apr 02 10:40:01.914874 np0000162859 neutron-periodic-workers[103776]: DEBUG oslo.service.backend._threading.loopingcall [None req-c127812e-ce6a-4754-89c0-f7dfb837b205 None None] Fixed interval looping call 'neutron.services.ovn_l3.plugin.L3_NAT_dbonly_mixin._clean_garbage' sleeping for 299.96 seconds {{(pid=103776) _run_loop /opt/stack/data/venv/lib/python3.12/site-packages/oslo_service/backend/_threading/loopingcall.py:125}}
Apr 02 10:40:05.915512 np0000162859 neutron-periodic-workers[103787]: DEBUG oslo.service.backend._threading.loopingcall [None req-c87bf7cc-9787-4dc5-8ed6-d416131e922a None None] Fixed interval looping call 'neutron.plugins.ml2.plugin.DhcpAgentSchedulerDbMixin.remove_networks_from_down_agents' sleeping for 36.99 seconds {{(pid=103787) _run_loop /opt/stack/data/venv/lib/python3.12/site-packages/oslo_service/backend/_threading/loopingcall.py:125}}
Apr 02 10:40:11.903660 np0000162859 neutron-periodic-workers[103776]: DEBUG dbcounter [-] [103776] Writing DB stats neutron:SELECT=1 {{(pid=103776) stat_writer /opt/stack/data/venv/lib/python3.12/site-packages/dbcounter.py:115}}
Apr 02 10:40:15.913874 np0000162859 neutron-periodic-workers[103787]: DEBUG dbcounter [-] [103787] Writing DB stats neutron:SELECT=3 {{(pid=103787) stat_writer /opt/stack/data/venv/lib/python3.12/site-packages/dbcounter.py:115}}
Apr 02 10:40:20.902149 np0000162859 neutron-periodic-workers[103800]: DEBUG neutron.db.agents_db [None req-b24da966-0300-45c1-b69a-31ab21c17aaa None None] Agent healthcheck: found 0 active agents {{(pid=103800) agent_health_check /opt/stack/neutron/neutron/db/agents_db.py:317}}
Apr 02 10:40:20.902692 np0000162859 neutron-periodic-workers[103800]: DEBUG oslo.service.backend._threading.loopingcall [None req-b24da966-0300-45c1-b69a-31ab21c17aaa None None] Fixed interval looping call 'neutron.plugins.ml2.plugin.AgentDbMixin.agent_health_check' sleeping for 36.99 seconds {{(pid=103800) _run_loop /opt/stack/data/venv/lib/python3.12/site-packages/oslo_service/backend/_threading/loopingcall.py:125}}
Apr 02 10:40:30.900318 np0000162859 neutron-periodic-workers[103800]: DEBUG dbcounter [-] [103800] Writing DB stats neutron:SELECT=1 {{(pid=103800) stat_writer /opt/stack/data/venv/lib/python3.12/site-packages/dbcounter.py:115}}
Apr 02 10:40:42.914440 np0000162859 neutron-periodic-workers[103787]: DEBUG oslo.service.backend._threading.loopingcall [None req-c87bf7cc-9787-4dc5-8ed6-d416131e922a None None] Fixed interval looping call 'neutron.plugins.ml2.plugin.DhcpAgentSchedulerDbMixin.remove_networks_from_down_agents' sleeping for 36.99 seconds {{(pid=103787) _run_loop /opt/stack/data/venv/lib/python3.12/site-packages/oslo_service/backend/_threading/loopingcall.py:125}}
Apr 02 10:40:45.937012 np0000162859 neutron-periodic-workers[103810]: DEBUG oslo.service.backend._threading.loopingcall [None req-ae763aa0-8550-4022-a206-d354cb3044cc None None] Fixed interval looping call 'neutron.db.quota.driver_nolock.DbQuotaNoLockDriver._remove_expired_reservations' sleeping for 120.00 seconds {{(pid=103810) _run_loop /opt/stack/data/venv/lib/python3.12/site-packages/oslo_service/backend/_threading/loopingcall.py:125}}
Apr 02 10:40:52.913368 np0000162859 neutron-periodic-workers[103787]: DEBUG dbcounter [-] [103787] Writing DB stats neutron:SELECT=3 {{(pid=103787) stat_writer /opt/stack/data/venv/lib/python3.12/site-packages/dbcounter.py:115}}
Apr 02 10:40:55.935475 np0000162859 neutron-periodic-workers[103810]: DEBUG dbcounter [-] [103810] Writing DB stats neutron:DELETE=1 {{(pid=103810) stat_writer /opt/stack/data/venv/lib/python3.12/site-packages/dbcounter.py:115}}
Apr 02 10:40:57.898156 np0000162859 neutron-periodic-workers[103800]: DEBUG neutron.db.agents_db [None req-b24da966-0300-45c1-b69a-31ab21c17aaa None None] Agent healthcheck: found 0 active agents {{(pid=103800) agent_health_check /opt/stack/neutron/neutron/db/agents_db.py:317}}
Apr 02 10:40:57.898747 np0000162859 neutron-periodic-workers[103800]: DEBUG oslo.service.backend._threading.loopingcall [None req-b24da966-0300-45c1-b69a-31ab21c17aaa None None] Fixed interval looping call 'neutron.plugins.ml2.plugin.AgentDbMixin.agent_health_check' sleeping for 36.99 seconds {{(pid=103800) _run_loop /opt/stack/data/venv/lib/python3.12/site-packages/oslo_service/backend/_threading/loopingcall.py:125}}
Apr 02 10:41:07.896314 np0000162859 neutron-periodic-workers[103800]: DEBUG dbcounter [-] [103800] Writing DB stats neutron:SELECT=1 {{(pid=103800) stat_writer /opt/stack/data/venv/lib/python3.12/site-packages/dbcounter.py:115}}
Apr 02 10:41:19.912084 np0000162859 neutron-periodic-workers[103787]: DEBUG oslo.service.backend._threading.loopingcall [None req-c87bf7cc-9787-4dc5-8ed6-d416131e922a None None] Fixed interval looping call 'neutron.plugins.ml2.plugin.DhcpAgentSchedulerDbMixin.remove_networks_from_down_agents' sleeping for 36.99 seconds {{(pid=103787) _run_loop /opt/stack/data/venv/lib/python3.12/site-packages/oslo_service/backend/_threading/loopingcall.py:125}}
Apr 02 10:41:29.911509 np0000162859 neutron-periodic-workers[103787]: DEBUG dbcounter [-] [103787] Writing DB stats neutron:SELECT=3 {{(pid=103787) stat_writer /opt/stack/data/venv/lib/python3.12/site-packages/dbcounter.py:115}}
Apr 02 10:41:34.894313 np0000162859 neutron-periodic-workers[103800]: DEBUG neutron.db.agents_db [None req-b24da966-0300-45c1-b69a-31ab21c17aaa None None] Agent healthcheck: found 0 active agents {{(pid=103800) agent_health_check /opt/stack/neutron/neutron/db/agents_db.py:317}}
Apr 02 10:41:34.895010 np0000162859 neutron-periodic-workers[103800]: DEBUG oslo.service.backend._threading.loopingcall [None req-b24da966-0300-45c1-b69a-31ab21c17aaa None None] Fixed interval looping call 'neutron.plugins.ml2.plugin.AgentDbMixin.agent_health_check' sleeping for 36.99 seconds {{(pid=103800) _run_loop /opt/stack/data/venv/lib/python3.12/site-packages/oslo_service/backend/_threading/loopingcall.py:125}}
Apr 02 10:41:44.899853 np0000162859 neutron-periodic-workers[103800]: DEBUG dbcounter [-] [103800] Writing DB stats neutron:SELECT=1 {{(pid=103800) stat_writer /opt/stack/data/venv/lib/python3.12/site-packages/dbcounter.py:115}}
Apr 02 10:41:56.912497 np0000162859 neutron-periodic-workers[103787]: DEBUG oslo.service.backend._threading.loopingcall [None req-c87bf7cc-9787-4dc5-8ed6-d416131e922a None None] Fixed interval looping call 'neutron.plugins.ml2.plugin.DhcpAgentSchedulerDbMixin.remove_networks_from_down_agents' sleeping for 36.99 seconds {{(pid=103787) _run_loop /opt/stack/data/venv/lib/python3.12/site-packages/oslo_service/backend/_threading/loopingcall.py:125}}
Apr 02 10:42:06.911214 np0000162859 neutron-periodic-workers[103787]: DEBUG dbcounter [-] [103787] Writing DB stats neutron:SELECT=3 {{(pid=103787) stat_writer /opt/stack/data/venv/lib/python3.12/site-packages/dbcounter.py:115}}
Apr 02 10:42:11.892223 np0000162859 neutron-periodic-workers[103800]: DEBUG neutron.db.agents_db [None req-b24da966-0300-45c1-b69a-31ab21c17aaa None None] Agent healthcheck: found 0 active agents {{(pid=103800) agent_health_check /opt/stack/neutron/neutron/db/agents_db.py:317}}
Apr 02 10:42:11.892954 np0000162859 neutron-periodic-workers[103800]: DEBUG oslo.service.backend._threading.loopingcall [None req-b24da966-0300-45c1-b69a-31ab21c17aaa None None] Fixed interval looping call 'neutron.plugins.ml2.plugin.AgentDbMixin.agent_health_check' sleeping for 36.99 seconds {{(pid=103800) _run_loop /opt/stack/data/venv/lib/python3.12/site-packages/oslo_service/backend/_threading/loopingcall.py:125}}
Apr 02 10:42:21.890477 np0000162859 neutron-periodic-workers[103800]: DEBUG dbcounter [-] [103800] Writing DB stats neutron:SELECT=1 {{(pid=103800) stat_writer /opt/stack/data/venv/lib/python3.12/site-packages/dbcounter.py:115}}
Apr 02 10:42:33.911538 np0000162859 neutron-periodic-workers[103787]: DEBUG oslo.service.backend._threading.loopingcall [None req-c87bf7cc-9787-4dc5-8ed6-d416131e922a None None] Fixed interval looping call 'neutron.plugins.ml2.plugin.DhcpAgentSchedulerDbMixin.remove_networks_from_down_agents' sleeping for 36.99 seconds {{(pid=103787) _run_loop /opt/stack/data/venv/lib/python3.12/site-packages/oslo_service/backend/_threading/loopingcall.py:125}}
Apr 02 10:42:43.910554 np0000162859 neutron-periodic-workers[103787]: DEBUG dbcounter [-] [103787] Writing DB stats neutron:SELECT=3 {{(pid=103787) stat_writer /opt/stack/data/venv/lib/python3.12/site-packages/dbcounter.py:115}}
Apr 02 10:42:45.941964 np0000162859 neutron-periodic-workers[103810]: DEBUG oslo.service.backend._threading.loopingcall [None req-ae763aa0-8550-4022-a206-d354cb3044cc None None] Fixed interval looping call 'neutron.db.quota.driver_nolock.DbQuotaNoLockDriver._remove_expired_reservations' sleeping for 120.00 seconds {{(pid=103810) _run_loop /opt/stack/data/venv/lib/python3.12/site-packages/oslo_service/backend/_threading/loopingcall.py:125}}
Apr 02 10:42:48.888743 np0000162859 neutron-periodic-workers[103800]: DEBUG neutron.db.agents_db [None req-b24da966-0300-45c1-b69a-31ab21c17aaa None None] Agent healthcheck: found 0 active agents {{(pid=103800) agent_health_check /opt/stack/neutron/neutron/db/agents_db.py:317}}
Apr 02 10:42:48.889283 np0000162859 neutron-periodic-workers[103800]: DEBUG oslo.service.backend._threading.loopingcall [None req-b24da966-0300-45c1-b69a-31ab21c17aaa None None] Fixed interval looping call 'neutron.plugins.ml2.plugin.AgentDbMixin.agent_health_check' sleeping for 36.99 seconds {{(pid=103800) _run_loop /opt/stack/data/venv/lib/python3.12/site-packages/oslo_service/backend/_threading/loopingcall.py:125}}
Apr 02 10:42:55.940788 np0000162859 neutron-periodic-workers[103810]: DEBUG dbcounter [-] [103810] Writing DB stats neutron:DELETE=1 {{(pid=103810) stat_writer /opt/stack/data/venv/lib/python3.12/site-packages/dbcounter.py:115}}
Apr 02 10:42:58.885715 np0000162859 neutron-periodic-workers[103800]: DEBUG dbcounter [-] [103800] Writing DB stats neutron:SELECT=1 {{(pid=103800) stat_writer /opt/stack/data/venv/lib/python3.12/site-packages/dbcounter.py:115}}
Apr 02 10:43:10.911488 np0000162859 neutron-periodic-workers[103787]: DEBUG oslo.service.backend._threading.loopingcall [None req-c87bf7cc-9787-4dc5-8ed6-d416131e922a None None] Fixed interval looping call 'neutron.plugins.ml2.plugin.DhcpAgentSchedulerDbMixin.remove_networks_from_down_agents' sleeping for 36.99 seconds {{(pid=103787) _run_loop /opt/stack/data/venv/lib/python3.12/site-packages/oslo_service/backend/_threading/loopingcall.py:125}}
Apr 02 10:43:20.910984 np0000162859 neutron-periodic-workers[103787]: DEBUG dbcounter [-] [103787] Writing DB stats neutron:SELECT=3 {{(pid=103787) stat_writer /opt/stack/data/venv/lib/python3.12/site-packages/dbcounter.py:115}}
Apr 02 10:43:25.885089 np0000162859 neutron-periodic-workers[103800]: DEBUG neutron.db.agents_db [None req-b24da966-0300-45c1-b69a-31ab21c17aaa None None] Agent healthcheck: found 0 active agents {{(pid=103800) agent_health_check /opt/stack/neutron/neutron/db/agents_db.py:317}}
Apr 02 10:43:25.885598 np0000162859 neutron-periodic-workers[103800]: DEBUG oslo.service.backend._threading.loopingcall [None req-b24da966-0300-45c1-b69a-31ab21c17aaa None None] Fixed interval looping call 'neutron.plugins.ml2.plugin.AgentDbMixin.agent_health_check' sleeping for 36.99 seconds {{(pid=103800) _run_loop /opt/stack/data/venv/lib/python3.12/site-packages/oslo_service/backend/_threading/loopingcall.py:125}}
Apr 02 10:43:35.883863 np0000162859 neutron-periodic-workers[103800]: DEBUG dbcounter [-] [103800] Writing DB stats neutron:SELECT=1 {{(pid=103800) stat_writer /opt/stack/data/venv/lib/python3.12/site-packages/dbcounter.py:115}}
Apr 02 10:43:47.910856 np0000162859 neutron-periodic-workers[103787]: DEBUG oslo.service.backend._threading.loopingcall [None req-c87bf7cc-9787-4dc5-8ed6-d416131e922a None None] Fixed interval looping call 'neutron.plugins.ml2.plugin.DhcpAgentSchedulerDbMixin.remove_networks_from_down_agents' sleeping for 36.99 seconds {{(pid=103787) _run_loop /opt/stack/data/venv/lib/python3.12/site-packages/oslo_service/backend/_threading/loopingcall.py:125}}
Apr 02 10:43:57.910466 np0000162859 neutron-periodic-workers[103787]: DEBUG dbcounter [-] [103787] Writing DB stats neutron:SELECT=3 {{(pid=103787) stat_writer /opt/stack/data/venv/lib/python3.12/site-packages/dbcounter.py:115}}
Apr 02 10:44:02.881875 np0000162859 neutron-periodic-workers[103800]: DEBUG neutron.db.agents_db [None req-b24da966-0300-45c1-b69a-31ab21c17aaa None None] Agent healthcheck: found 0 active agents {{(pid=103800) agent_health_check /opt/stack/neutron/neutron/db/agents_db.py:317}}
Apr 02 10:44:02.882851 np0000162859 neutron-periodic-workers[103800]: DEBUG oslo.service.backend._threading.loopingcall [None req-b24da966-0300-45c1-b69a-31ab21c17aaa None None] Fixed interval looping call 'neutron.plugins.ml2.plugin.AgentDbMixin.agent_health_check' sleeping for 36.99 seconds {{(pid=103800) _run_loop /opt/stack/data/venv/lib/python3.12/site-packages/oslo_service/backend/_threading/loopingcall.py:125}}
Apr 02 10:44:12.879720 np0000162859 neutron-periodic-workers[103800]: DEBUG dbcounter [-] [103800] Writing DB stats neutron:SELECT=1 {{(pid=103800) stat_writer /opt/stack/data/venv/lib/python3.12/site-packages/dbcounter.py:115}}
Apr 02 10:44:24.910665 np0000162859 neutron-periodic-workers[103787]: DEBUG oslo.service.backend._threading.loopingcall [None req-c87bf7cc-9787-4dc5-8ed6-d416131e922a None None] Fixed interval looping call 'neutron.plugins.ml2.plugin.DhcpAgentSchedulerDbMixin.remove_networks_from_down_agents' sleeping for 36.99 seconds {{(pid=103787) _run_loop /opt/stack/data/venv/lib/python3.12/site-packages/oslo_service/backend/_threading/loopingcall.py:125}}
Apr 02 10:44:34.910693 np0000162859 neutron-periodic-workers[103787]: DEBUG dbcounter [-] [103787] Writing DB stats neutron:SELECT=3 {{(pid=103787) stat_writer /opt/stack/data/venv/lib/python3.12/site-packages/dbcounter.py:115}}
Apr 02 10:44:39.881312 np0000162859 neutron-periodic-workers[103800]: DEBUG neutron.db.agents_db [None req-b24da966-0300-45c1-b69a-31ab21c17aaa None None] Agent healthcheck: found 0 active agents {{(pid=103800) agent_health_check /opt/stack/neutron/neutron/db/agents_db.py:317}}
Apr 02 10:44:39.882065 np0000162859 neutron-periodic-workers[103800]: DEBUG oslo.service.backend._threading.loopingcall [None req-b24da966-0300-45c1-b69a-31ab21c17aaa None None] Fixed interval looping call 'neutron.plugins.ml2.plugin.AgentDbMixin.agent_health_check' sleeping for 36.99 seconds {{(pid=103800) _run_loop /opt/stack/data/venv/lib/python3.12/site-packages/oslo_service/backend/_threading/loopingcall.py:125}}
Apr 02 10:44:45.947539 np0000162859 neutron-periodic-workers[103810]: DEBUG oslo.service.backend._threading.loopingcall [None req-ae763aa0-8550-4022-a206-d354cb3044cc None None] Fixed interval looping call 'neutron.db.quota.driver_nolock.DbQuotaNoLockDriver._remove_expired_reservations' sleeping for 120.00 seconds {{(pid=103810) _run_loop /opt/stack/data/venv/lib/python3.12/site-packages/oslo_service/backend/_threading/loopingcall.py:125}}
Apr 02 10:44:49.880399 np0000162859 neutron-periodic-workers[103800]: DEBUG dbcounter [-] [103800] Writing DB stats neutron:SELECT=1 {{(pid=103800) stat_writer /opt/stack/data/venv/lib/python3.12/site-packages/dbcounter.py:115}}
Apr 02 10:44:55.946866 np0000162859 neutron-periodic-workers[103810]: DEBUG dbcounter [-] [103810] Writing DB stats neutron:DELETE=1 {{(pid=103810) stat_writer /opt/stack/data/venv/lib/python3.12/site-packages/dbcounter.py:115}}
Apr 02 10:45:01.886789 np0000162859 neutron-periodic-workers[103776]: DEBUG oslo.service.backend._threading.loopingcall [None req-c127812e-ce6a-4754-89c0-f7dfb837b205 None None] Fixed interval looping call 'neutron.services.ovn_l3.plugin.L3_NAT_dbonly_mixin._clean_garbage' sleeping for 299.99 seconds {{(pid=103776) _run_loop /opt/stack/data/venv/lib/python3.12/site-packages/oslo_service/backend/_threading/loopingcall.py:125}}
Apr 02 10:45:01.913008 np0000162859 neutron-periodic-workers[103787]: DEBUG oslo.service.backend._threading.loopingcall [None req-c87bf7cc-9787-4dc5-8ed6-d416131e922a None None] Fixed interval looping call 'neutron.plugins.ml2.plugin.DhcpAgentSchedulerDbMixin.remove_networks_from_down_agents' sleeping for 36.99 seconds {{(pid=103787) _run_loop /opt/stack/data/venv/lib/python3.12/site-packages/oslo_service/backend/_threading/loopingcall.py:125}}
Apr 02 10:45:11.879655 np0000162859 neutron-periodic-workers[103776]: DEBUG dbcounter [-] [103776] Writing DB stats neutron:SELECT=1 {{(pid=103776) stat_writer /opt/stack/data/venv/lib/python3.12/site-packages/dbcounter.py:115}}
Apr 02 10:45:11.911838 np0000162859 neutron-periodic-workers[103787]: DEBUG dbcounter [-] [103787] Writing DB stats neutron:SELECT=3 {{(pid=103787) stat_writer /opt/stack/data/venv/lib/python3.12/site-packages/dbcounter.py:115}}
Apr 02 10:45:16.875927 np0000162859 neutron-periodic-workers[103800]: DEBUG neutron.db.agents_db [None req-b24da966-0300-45c1-b69a-31ab21c17aaa None None] Agent healthcheck: found 0 active agents {{(pid=103800) agent_health_check /opt/stack/neutron/neutron/db/agents_db.py:317}}
Apr 02 10:45:16.876665 np0000162859 neutron-periodic-workers[103800]: DEBUG oslo.service.backend._threading.loopingcall [None req-b24da966-0300-45c1-b69a-31ab21c17aaa None None] Fixed interval looping call 'neutron.plugins.ml2.plugin.AgentDbMixin.agent_health_check' sleeping for 37.00 seconds {{(pid=103800) _run_loop /opt/stack/data/venv/lib/python3.12/site-packages/oslo_service/backend/_threading/loopingcall.py:125}}
Apr 02 10:45:26.874961 np0000162859 neutron-periodic-workers[103800]: DEBUG dbcounter [-] [103800] Writing DB stats neutron:SELECT=1 {{(pid=103800) stat_writer /opt/stack/data/venv/lib/python3.12/site-packages/dbcounter.py:115}}
Apr 02 10:45:38.912127 np0000162859 neutron-periodic-workers[103787]: DEBUG oslo.service.backend._threading.loopingcall [None req-c87bf7cc-9787-4dc5-8ed6-d416131e922a None None] Fixed interval looping call 'neutron.plugins.ml2.plugin.DhcpAgentSchedulerDbMixin.remove_networks_from_down_agents' sleeping for 36.99 seconds {{(pid=103787) _run_loop /opt/stack/data/venv/lib/python3.12/site-packages/oslo_service/backend/_threading/loopingcall.py:125}}
Apr 02 10:45:48.911340 np0000162859 neutron-periodic-workers[103787]: DEBUG dbcounter [-] [103787] Writing DB stats neutron:SELECT=3 {{(pid=103787) stat_writer /opt/stack/data/venv/lib/python3.12/site-packages/dbcounter.py:115}}
Apr 02 10:45:53.880980 np0000162859 neutron-periodic-workers[103800]: DEBUG neutron.db.agents_db [None req-b24da966-0300-45c1-b69a-31ab21c17aaa None None] Agent healthcheck: found 0 active agents {{(pid=103800) agent_health_check /opt/stack/neutron/neutron/db/agents_db.py:317}}
Apr 02 10:45:53.881587 np0000162859 neutron-periodic-workers[103800]: DEBUG oslo.service.backend._threading.loopingcall [None req-b24da966-0300-45c1-b69a-31ab21c17aaa None None] Fixed interval looping call 'neutron.plugins.ml2.plugin.AgentDbMixin.agent_health_check' sleeping for 37.00 seconds {{(pid=103800) _run_loop /opt/stack/data/venv/lib/python3.12/site-packages/oslo_service/backend/_threading/loopingcall.py:125}}
Apr 02 10:46:03.880159 np0000162859 neutron-periodic-workers[103800]: DEBUG dbcounter [-] [103800] Writing DB stats neutron:SELECT=1 {{(pid=103800) stat_writer /opt/stack/data/venv/lib/python3.12/site-packages/dbcounter.py:115}}
Apr 02 10:46:15.912760 np0000162859 neutron-periodic-workers[103787]: DEBUG oslo.service.backend._threading.loopingcall [None req-c87bf7cc-9787-4dc5-8ed6-d416131e922a None None] Fixed interval looping call 'neutron.plugins.ml2.plugin.DhcpAgentSchedulerDbMixin.remove_networks_from_down_agents' sleeping for 36.99 seconds {{(pid=103787) _run_loop /opt/stack/data/venv/lib/python3.12/site-packages/oslo_service/backend/_threading/loopingcall.py:125}}
Apr 02 10:46:25.911868 np0000162859 neutron-periodic-workers[103787]: DEBUG dbcounter [-] [103787] Writing DB stats neutron:SELECT=3 {{(pid=103787) stat_writer /opt/stack/data/venv/lib/python3.12/site-packages/dbcounter.py:115}}
Apr 02 10:46:30.887801 np0000162859 neutron-periodic-workers[103800]: DEBUG neutron.db.agents_db [None req-b24da966-0300-45c1-b69a-31ab21c17aaa None None] Agent healthcheck: found 0 active agents {{(pid=103800) agent_health_check /opt/stack/neutron/neutron/db/agents_db.py:317}}
Apr 02 10:46:30.888386 np0000162859 neutron-periodic-workers[103800]: DEBUG oslo.service.backend._threading.loopingcall [None req-b24da966-0300-45c1-b69a-31ab21c17aaa None None] Fixed interval looping call 'neutron.plugins.ml2.plugin.AgentDbMixin.agent_health_check' sleeping for 36.99 seconds {{(pid=103800) _run_loop /opt/stack/data/venv/lib/python3.12/site-packages/oslo_service/backend/_threading/loopingcall.py:125}}
Apr 02 10:46:40.885704 np0000162859 neutron-periodic-workers[103800]: DEBUG dbcounter [-] [103800] Writing DB stats neutron:SELECT=1 {{(pid=103800) stat_writer /opt/stack/data/venv/lib/python3.12/site-packages/dbcounter.py:115}}
Apr 02 10:46:45.953947 np0000162859 neutron-periodic-workers[103810]: DEBUG oslo.service.backend._threading.loopingcall [None req-ae763aa0-8550-4022-a206-d354cb3044cc None None] Fixed interval looping call 'neutron.db.quota.driver_nolock.DbQuotaNoLockDriver._remove_expired_reservations' sleeping for 119.99 seconds {{(pid=103810) _run_loop /opt/stack/data/venv/lib/python3.12/site-packages/oslo_service/backend/_threading/loopingcall.py:125}}
