Apr 02 10:36:17.142127 np0000162859 systemd[1]: Starting devstack@n-api.service - Devstack devstack@n-api.service...
Apr 02 10:36:17.153779 np0000162859 devstack@n-api.service[98846]: [uWSGI] getting INI configuration from /etc/nova/nova-api-uwsgi.ini
Apr 02 10:36:17.154413 np0000162859 devstack@n-api.service[98846]: open("./http_plugin.so"): No such file or directory [core/utils.c line 3709]
Apr 02 10:36:17.154413 np0000162859 devstack@n-api.service[98846]: !!! UNABLE to load uWSGI plugin: ./http_plugin.so: cannot open shared object file: No such file or directory !!!
Apr 02 10:36:17.154413 np0000162859 devstack@n-api.service[98846]: open("./python3_plugin.so"): No such file or directory [core/utils.c line 3709]
Apr 02 10:36:17.154413 np0000162859 devstack@n-api.service[98846]: !!! UNABLE to load uWSGI plugin: ./python3_plugin.so: cannot open shared object file: No such file or directory !!!
Apr 02 10:36:17.154413 np0000162859 devstack@n-api.service[98846]: *** Starting uWSGI 2.0.31 (64bit) on [Thu Apr 2 10:36:17 2026] ***
Apr 02 10:36:17.154413 np0000162859 devstack@n-api.service[98846]: compiled with version: 13.3.0 on 02 April 2026 10:27:27
Apr 02 10:36:17.154413 np0000162859 devstack@n-api.service[98846]: os: Linux-6.8.0-107-generic #107-Ubuntu SMP PREEMPT_DYNAMIC Fri Mar 13 19:51:50 UTC 2026
Apr 02 10:36:17.154413 np0000162859 devstack@n-api.service[98846]: nodename: np0000162859
Apr 02 10:36:17.154413 np0000162859 devstack@n-api.service[98846]: machine: x86_64
Apr 02 10:36:17.154413 np0000162859 devstack@n-api.service[98846]: clock source: unix
Apr 02 10:36:17.154413 np0000162859 devstack@n-api.service[98846]: pcre jit disabled
Apr 02 10:36:17.154413 np0000162859 devstack@n-api.service[98846]: detected number of CPU cores: 16
Apr 02 10:36:17.154413 np0000162859 devstack@n-api.service[98846]: current working directory: /
Apr 02 10:36:17.154413 np0000162859 devstack@n-api.service[98846]: detected binary path: /opt/stack/data/venv/bin/uwsgi
Apr 02 10:36:17.154413 np0000162859 devstack@n-api.service[98846]: your processes number limit is 256917
Apr 02 10:36:17.154413 np0000162859 devstack@n-api.service[98846]: your memory page size is 4096 bytes
Apr 02 10:36:17.154413 np0000162859 devstack@n-api.service[98846]: detected max file descriptor number: 2048
Apr 02 10:36:17.154413 np0000162859 devstack@n-api.service[98846]: lock engine: pthread robust mutexes
Apr 02 10:36:17.154413 np0000162859 devstack@n-api.service[98846]: thunder lock: enabled
Apr 02 10:36:17.154413 np0000162859 devstack@n-api.service[98846]: uwsgi socket 0 bound to UNIX address /var/run/uwsgi/nova-api.socket fd 4
Apr 02 10:36:17.154413 np0000162859 devstack@n-api.service[98846]: Python version: 3.12.3 (main, Mar 3 2026, 12:15:18) [GCC 13.3.0]
Apr 02 10:36:17.154413 np0000162859 devstack@n-api.service[98846]: PEP 405 virtualenv detected: /opt/stack/data/venv
Apr 02 10:36:17.154413 np0000162859 devstack@n-api.service[98846]: Set PythonHome to /opt/stack/data/venv
Apr 02 10:36:17.189320 np0000162859 devstack@n-api.service[98846]: Python main interpreter initialized at 0x768661ca3668
Apr 02 10:36:17.189320 np0000162859 devstack@n-api.service[98846]: python threads support enabled
Apr 02 10:36:17.189320 np0000162859 devstack@n-api.service[98846]: your server socket listen backlog is limited to 100 connections
Apr 02 10:36:17.189320 np0000162859 devstack@n-api.service[98846]: your mercy for graceful operations on workers is 80 seconds
Apr 02 10:36:17.189877 np0000162859 devstack@n-api.service[98846]: mapped 671795 bytes (656 KB) for 4 cores
Apr 02 10:36:17.190019 np0000162859 devstack@n-api.service[98846]: *** Operational MODE: preforking ***
Apr 02 10:36:17.190233 np0000162859 devstack@n-api.service[98846]: *** uWSGI is running in multiple interpreter mode ***
Apr 02 10:36:17.190233 np0000162859 devstack@n-api.service[98846]: spawned uWSGI master process (pid: 98846)
Apr 02 10:36:17.190408 np0000162859 systemd[1]: Started devstack@n-api.service - Devstack devstack@n-api.service.
Apr 02 10:36:17.190876 np0000162859 devstack@n-api.service[98846]: spawned uWSGI worker 1 (pid: 98847, cores: 1)
Apr 02 10:36:17.191323 np0000162859 devstack@n-api.service[98846]: spawned uWSGI worker 2 (pid: 98848, cores: 1)
Apr 02 10:36:17.191800 np0000162859 devstack@n-api.service[98846]: spawned uWSGI worker 3 (pid: 98849, cores: 1)
Apr 02 10:36:17.192481 np0000162859 devstack@n-api.service[98846]: spawned uWSGI worker 4 (pid: 98850, cores: 1)
Apr 02 10:36:17.192570 np0000162859 devstack@n-api.service[98846]: running "unix_signal:15 gracefully_kill_them_all" (master-start)...
Apr 02 10:36:17.524131 np0000162859 devstack@n-api.service[98849]: Service is starting with native threading. This is currently experimental. Do not use it in production without first testing it in pre-production.
Apr 02 10:36:17.527596 np0000162859 devstack@n-api.service[98850]: Service is starting with native threading. This is currently experimental. Do not use it in production without first testing it in pre-production.
Apr 02 10:36:17.535123 np0000162859 devstack@n-api.service[98847]: Service is starting with native threading. This is currently experimental. Do not use it in production without first testing it in pre-production.
Apr 02 10:36:17.535768 np0000162859 devstack@n-api.service[98848]: Service is starting with native threading. This is currently experimental. Do not use it in production without first testing it in pre-production.
Apr 02 10:36:19.448918 np0000162859 devstack@n-api.service[98850]: INFO dbcounter [None req-8ff43a92-3604-4eb6-92ca-574276d682d6 None None] Registered counter for database nova_api
Apr 02 10:36:19.452455 np0000162859 devstack@n-api.service[98849]: INFO dbcounter [None req-31f922fc-cc63-40c7-8cc0-46e81e2d23e3 None None] Registered counter for database nova_api
Apr 02 10:36:19.464578 np0000162859 devstack@n-api.service[98850]: DEBUG oslo_db.sqlalchemy.engines [None req-8ff43a92-3604-4eb6-92ca-574276d682d6 None None] MySQL server mode set to STRICT_TRANS_TABLES,STRICT_ALL_TABLES,NO_ZERO_IN_DATE,NO_ZERO_DATE,ERROR_FOR_DIVISION_BY_ZERO,TRADITIONAL,NO_ENGINE_SUBSTITUTION {{(pid=98850) _check_effective_sql_mode /opt/stack/data/venv/lib/python3.12/site-packages/oslo_db/sqlalchemy/engines.py:325}}
Apr 02 10:36:19.466257 np0000162859 devstack@n-api.service[98849]: DEBUG oslo_db.sqlalchemy.engines [None req-31f922fc-cc63-40c7-8cc0-46e81e2d23e3 None None] MySQL server mode set to STRICT_TRANS_TABLES,STRICT_ALL_TABLES,NO_ZERO_IN_DATE,NO_ZERO_DATE,ERROR_FOR_DIVISION_BY_ZERO,TRADITIONAL,NO_ENGINE_SUBSTITUTION {{(pid=98849) _check_effective_sql_mode /opt/stack/data/venv/lib/python3.12/site-packages/oslo_db/sqlalchemy/engines.py:325}}
Apr 02 10:36:19.472673 np0000162859 devstack@n-api.service[98847]: INFO dbcounter [None req-44ef83ab-a0fa-4248-84a5-7e6c538d4b66 None None] Registered counter for database nova_api
Apr 02 10:36:19.474490 np0000162859 devstack@n-api.service[98848]: INFO dbcounter [None req-6f91b919-ac36-49ba-9d0b-a688d87de329 None None] Registered counter for database nova_api
Apr 02 10:36:19.483554 np0000162859 devstack@n-api.service[98847]: DEBUG oslo_db.sqlalchemy.engines [None req-44ef83ab-a0fa-4248-84a5-7e6c538d4b66 None None] MySQL server mode set to STRICT_TRANS_TABLES,STRICT_ALL_TABLES,NO_ZERO_IN_DATE,NO_ZERO_DATE,ERROR_FOR_DIVISION_BY_ZERO,TRADITIONAL,NO_ENGINE_SUBSTITUTION {{(pid=98847) _check_effective_sql_mode /opt/stack/data/venv/lib/python3.12/site-packages/oslo_db/sqlalchemy/engines.py:325}}
Apr 02 10:36:19.490729 np0000162859 devstack@n-api.service[98848]: DEBUG oslo_db.sqlalchemy.engines [None req-6f91b919-ac36-49ba-9d0b-a688d87de329 None None] MySQL server mode set to STRICT_TRANS_TABLES,STRICT_ALL_TABLES,NO_ZERO_IN_DATE,NO_ZERO_DATE,ERROR_FOR_DIVISION_BY_ZERO,TRADITIONAL,NO_ENGINE_SUBSTITUTION {{(pid=98848) _check_effective_sql_mode /opt/stack/data/venv/lib/python3.12/site-packages/oslo_db/sqlalchemy/engines.py:325}}
Apr 02 10:36:19.497258 np0000162859 devstack@n-api.service[98850]: DEBUG dbcounter [-] [98850] Writer thread running {{(pid=98850) stat_writer /opt/stack/data/venv/lib/python3.12/site-packages/dbcounter.py:102}}
Apr 02 10:36:19.499625 np0000162859 devstack@n-api.service[98850]: DEBUG nova.context [None req-8ff43a92-3604-4eb6-92ca-574276d682d6 None None] Found 2 cells: 00000000-0000-0000-0000-000000000000(cell0),1bfe07bd-ca39-4e54-b4f6-7f60850ba50a(cell1) {{(pid=98850) load_cells /opt/stack/nova/nova/context.py:509}}
Apr 02 10:36:19.499838 np0000162859 devstack@n-api.service[98850]: INFO nova.utils [None req-8ff43a92-3604-4eb6-92ca-574276d682d6 None None] The cell worker thread pool MainProcess.cell_worker is initialized
Apr 02 10:36:19.501457 np0000162859 devstack@n-api.service[98850]: DEBUG oslo_concurrency.lockutils [None req-8ff43a92-3604-4eb6-92ca-574276d682d6 None None] Acquiring lock "00000000-0000-0000-0000-000000000000" by "nova.context.set_target_cell..get_or_set_cached_cell_and_set_connections" {{(pid=98850) inner /opt/stack/data/venv/lib/python3.12/site-packages/oslo_concurrency/lockutils.py:506}}
Apr 02 10:36:19.501634 np0000162859 devstack@n-api.service[98850]: DEBUG oslo_concurrency.lockutils [None req-8ff43a92-3604-4eb6-92ca-574276d682d6 None None] Lock "00000000-0000-0000-0000-000000000000" acquired by "nova.context.set_target_cell..get_or_set_cached_cell_and_set_connections" :: waited 0.000s {{(pid=98850) inner /opt/stack/data/venv/lib/python3.12/site-packages/oslo_concurrency/lockutils.py:519}}
Apr 02 10:36:19.501971 np0000162859 devstack@n-api.service[98850]: DEBUG oslo_concurrency.lockutils [None req-8ff43a92-3604-4eb6-92ca-574276d682d6 None None] Lock "00000000-0000-0000-0000-000000000000" "released" by "nova.context.set_target_cell..get_or_set_cached_cell_and_set_connections" :: held 0.000s {{(pid=98850) inner /opt/stack/data/venv/lib/python3.12/site-packages/oslo_concurrency/lockutils.py:538}}
Apr 02 10:36:19.502710 np0000162859 devstack@n-api.service[98850]: DEBUG oslo_concurrency.lockutils [None req-8ff43a92-3604-4eb6-92ca-574276d682d6 None None] Acquiring lock "1bfe07bd-ca39-4e54-b4f6-7f60850ba50a" by "nova.context.set_target_cell..get_or_set_cached_cell_and_set_connections" {{(pid=98850) inner /opt/stack/data/venv/lib/python3.12/site-packages/oslo_concurrency/lockutils.py:506}}
Apr 02 10:36:19.502898 np0000162859 devstack@n-api.service[98850]: DEBUG oslo_concurrency.lockutils [None req-8ff43a92-3604-4eb6-92ca-574276d682d6 None None] Lock "1bfe07bd-ca39-4e54-b4f6-7f60850ba50a" acquired by "nova.context.set_target_cell..get_or_set_cached_cell_and_set_connections" :: waited 0.000s {{(pid=98850) inner /opt/stack/data/venv/lib/python3.12/site-packages/oslo_concurrency/lockutils.py:519}}
Apr 02 10:36:19.503756 np0000162859 devstack@n-api.service[98850]: DEBUG oslo_concurrency.lockutils [None req-8ff43a92-3604-4eb6-92ca-574276d682d6 None None] Lock "1bfe07bd-ca39-4e54-b4f6-7f60850ba50a" "released" by "nova.context.set_target_cell..get_or_set_cached_cell_and_set_connections" :: held 0.001s {{(pid=98850) inner /opt/stack/data/venv/lib/python3.12/site-packages/oslo_concurrency/lockutils.py:538}}
Apr 02 10:36:19.506159 np0000162859 devstack@n-api.service[98849]: DEBUG dbcounter [-] [98849] Writer thread running {{(pid=98849) stat_writer /opt/stack/data/venv/lib/python3.12/site-packages/dbcounter.py:102}}
Apr 02 10:36:19.506630 np0000162859 devstack@n-api.service[98850]: INFO dbcounter [None req-8ff43a92-3604-4eb6-92ca-574276d682d6 None None] Registered counter for database nova_cell0
Apr 02 10:36:19.508850 np0000162859 devstack@n-api.service[98849]: DEBUG nova.context [None req-31f922fc-cc63-40c7-8cc0-46e81e2d23e3 None None] Found 2 cells: 00000000-0000-0000-0000-000000000000(cell0),1bfe07bd-ca39-4e54-b4f6-7f60850ba50a(cell1) {{(pid=98849) load_cells /opt/stack/nova/nova/context.py:509}}
Apr 02 10:36:19.509082 np0000162859 devstack@n-api.service[98849]: INFO nova.utils [None req-31f922fc-cc63-40c7-8cc0-46e81e2d23e3 None None] The cell worker thread pool MainProcess.cell_worker is initialized
Apr 02 10:36:19.510983 np0000162859 devstack@n-api.service[98849]: DEBUG oslo_concurrency.lockutils [None req-31f922fc-cc63-40c7-8cc0-46e81e2d23e3 None None] Acquiring lock "00000000-0000-0000-0000-000000000000" by "nova.context.set_target_cell..get_or_set_cached_cell_and_set_connections" {{(pid=98849) inner /opt/stack/data/venv/lib/python3.12/site-packages/oslo_concurrency/lockutils.py:506}}
Apr 02 10:36:19.511156 np0000162859 devstack@n-api.service[98849]: DEBUG oslo_concurrency.lockutils [None req-31f922fc-cc63-40c7-8cc0-46e81e2d23e3 None None] Lock "00000000-0000-0000-0000-000000000000" acquired by "nova.context.set_target_cell..get_or_set_cached_cell_and_set_connections" :: waited 0.000s {{(pid=98849) inner /opt/stack/data/venv/lib/python3.12/site-packages/oslo_concurrency/lockutils.py:519}}
Apr 02 10:36:19.511518 np0000162859 devstack@n-api.service[98849]: DEBUG oslo_concurrency.lockutils [None req-31f922fc-cc63-40c7-8cc0-46e81e2d23e3 None None] Lock "00000000-0000-0000-0000-000000000000" "released" by "nova.context.set_target_cell..get_or_set_cached_cell_and_set_connections" :: held 0.000s {{(pid=98849) inner /opt/stack/data/venv/lib/python3.12/site-packages/oslo_concurrency/lockutils.py:538}}
Apr 02 10:36:19.512255 np0000162859 devstack@n-api.service[98849]: DEBUG oslo_concurrency.lockutils [None req-31f922fc-cc63-40c7-8cc0-46e81e2d23e3 None None] Acquiring lock "1bfe07bd-ca39-4e54-b4f6-7f60850ba50a" by "nova.context.set_target_cell..get_or_set_cached_cell_and_set_connections" {{(pid=98849) inner /opt/stack/data/venv/lib/python3.12/site-packages/oslo_concurrency/lockutils.py:506}}
Apr 02 10:36:19.512331 np0000162859 devstack@n-api.service[98850]: INFO dbcounter [None req-8ff43a92-3604-4eb6-92ca-574276d682d6 None None] Registered counter for database nova_cell1
Apr 02 10:36:19.512401 np0000162859 devstack@n-api.service[98849]: DEBUG oslo_concurrency.lockutils [None req-31f922fc-cc63-40c7-8cc0-46e81e2d23e3 None None] Lock "1bfe07bd-ca39-4e54-b4f6-7f60850ba50a" acquired by "nova.context.set_target_cell..get_or_set_cached_cell_and_set_connections" :: waited 0.000s {{(pid=98849) inner /opt/stack/data/venv/lib/python3.12/site-packages/oslo_concurrency/lockutils.py:519}}
Apr 02 10:36:19.513255 np0000162859 devstack@n-api.service[98849]: DEBUG oslo_concurrency.lockutils [None req-31f922fc-cc63-40c7-8cc0-46e81e2d23e3 None None] Lock "1bfe07bd-ca39-4e54-b4f6-7f60850ba50a" "released" by "nova.context.set_target_cell..get_or_set_cached_cell_and_set_connections" :: held 0.001s {{(pid=98849) inner /opt/stack/data/venv/lib/python3.12/site-packages/oslo_concurrency/lockutils.py:538}}
Apr 02 10:36:19.515460 np0000162859 devstack@n-api.service[98847]: DEBUG dbcounter [-] [98847] Writer thread running {{(pid=98847) stat_writer /opt/stack/data/venv/lib/python3.12/site-packages/dbcounter.py:102}}
Apr 02 10:36:19.516018 np0000162859 devstack@n-api.service[98849]: INFO dbcounter [None req-31f922fc-cc63-40c7-8cc0-46e81e2d23e3 None None] Registered counter for database nova_cell0
Apr 02 10:36:19.518890 np0000162859 devstack@n-api.service[98847]: DEBUG nova.context [None req-44ef83ab-a0fa-4248-84a5-7e6c538d4b66 None None] Found 2 cells: 00000000-0000-0000-0000-000000000000(cell0),1bfe07bd-ca39-4e54-b4f6-7f60850ba50a(cell1) {{(pid=98847) load_cells /opt/stack/nova/nova/context.py:509}}
Apr 02 10:36:19.519150 np0000162859 devstack@n-api.service[98847]: INFO nova.utils [None req-44ef83ab-a0fa-4248-84a5-7e6c538d4b66 None None] The cell worker thread pool MainProcess.cell_worker is initialized
Apr 02 10:36:19.521182 np0000162859 devstack@n-api.service[98847]: DEBUG oslo_concurrency.lockutils [None req-44ef83ab-a0fa-4248-84a5-7e6c538d4b66 None None] Acquiring lock "00000000-0000-0000-0000-000000000000" by "nova.context.set_target_cell..get_or_set_cached_cell_and_set_connections" {{(pid=98847) inner /opt/stack/data/venv/lib/python3.12/site-packages/oslo_concurrency/lockutils.py:506}}
Apr 02 10:36:19.521405 np0000162859 devstack@n-api.service[98847]: DEBUG oslo_concurrency.lockutils [None req-44ef83ab-a0fa-4248-84a5-7e6c538d4b66 None None] Lock "00000000-0000-0000-0000-000000000000" acquired by "nova.context.set_target_cell..get_or_set_cached_cell_and_set_connections" :: waited 0.000s {{(pid=98847) inner /opt/stack/data/venv/lib/python3.12/site-packages/oslo_concurrency/lockutils.py:519}}
Apr 02 10:36:19.521905 np0000162859 devstack@n-api.service[98847]: DEBUG oslo_concurrency.lockutils [None req-44ef83ab-a0fa-4248-84a5-7e6c538d4b66 None None] Lock "00000000-0000-0000-0000-000000000000" "released" by "nova.context.set_target_cell..get_or_set_cached_cell_and_set_connections" :: held 0.000s {{(pid=98847) inner /opt/stack/data/venv/lib/python3.12/site-packages/oslo_concurrency/lockutils.py:538}}
Apr 02 10:36:19.522396 np0000162859 devstack@n-api.service[98849]: INFO dbcounter [None req-31f922fc-cc63-40c7-8cc0-46e81e2d23e3 None None] Registered counter for database nova_cell1
Apr 02 10:36:19.522583 np0000162859 devstack@n-api.service[98850]: DEBUG oslo_db.sqlalchemy.engines [None req-8ff43a92-3604-4eb6-92ca-574276d682d6 None None] MySQL server mode set to STRICT_TRANS_TABLES,STRICT_ALL_TABLES,NO_ZERO_IN_DATE,NO_ZERO_DATE,ERROR_FOR_DIVISION_BY_ZERO,TRADITIONAL,NO_ENGINE_SUBSTITUTION {{(pid=98850) _check_effective_sql_mode /opt/stack/data/venv/lib/python3.12/site-packages/oslo_db/sqlalchemy/engines.py:325}}
Apr 02 10:36:19.522785 np0000162859 devstack@n-api.service[98847]: DEBUG oslo_concurrency.lockutils [None req-44ef83ab-a0fa-4248-84a5-7e6c538d4b66 None None] Acquiring lock "1bfe07bd-ca39-4e54-b4f6-7f60850ba50a" by "nova.context.set_target_cell..get_or_set_cached_cell_and_set_connections" {{(pid=98847) inner /opt/stack/data/venv/lib/python3.12/site-packages/oslo_concurrency/lockutils.py:506}}
Apr 02 10:36:19.523672 np0000162859 devstack@n-api.service[98847]: DEBUG oslo_concurrency.lockutils [None req-44ef83ab-a0fa-4248-84a5-7e6c538d4b66 None None] Lock "1bfe07bd-ca39-4e54-b4f6-7f60850ba50a" acquired by "nova.context.set_target_cell..get_or_set_cached_cell_and_set_connections" :: waited 0.000s {{(pid=98847) inner /opt/stack/data/venv/lib/python3.12/site-packages/oslo_concurrency/lockutils.py:519}}
Apr 02 10:36:19.524397 np0000162859 devstack@n-api.service[98848]: DEBUG dbcounter [-] [98848] Writer thread running {{(pid=98848) stat_writer /opt/stack/data/venv/lib/python3.12/site-packages/dbcounter.py:102}}
Apr 02 10:36:19.526343 np0000162859 devstack@n-api.service[98850]: DEBUG oslo_db.sqlalchemy.engines [None req-8ff43a92-3604-4eb6-92ca-574276d682d6 None None] MySQL server mode set to STRICT_TRANS_TABLES,STRICT_ALL_TABLES,NO_ZERO_IN_DATE,NO_ZERO_DATE,ERROR_FOR_DIVISION_BY_ZERO,TRADITIONAL,NO_ENGINE_SUBSTITUTION {{(pid=98850) _check_effective_sql_mode /opt/stack/data/venv/lib/python3.12/site-packages/oslo_db/sqlalchemy/engines.py:325}}
Apr 02 10:36:19.526458 np0000162859 devstack@n-api.service[98848]: DEBUG nova.context [None req-6f91b919-ac36-49ba-9d0b-a688d87de329 None None] Found 2 cells: 00000000-0000-0000-0000-000000000000(cell0),1bfe07bd-ca39-4e54-b4f6-7f60850ba50a(cell1) {{(pid=98848) load_cells /opt/stack/nova/nova/context.py:509}}
Apr 02 10:36:19.526661 np0000162859 devstack@n-api.service[98848]: INFO nova.utils [None req-6f91b919-ac36-49ba-9d0b-a688d87de329 None None] The cell worker thread pool MainProcess.cell_worker is initialized
Apr 02 10:36:19.526871 np0000162859 devstack@n-api.service[98847]: INFO dbcounter [None req-44ef83ab-a0fa-4248-84a5-7e6c538d4b66 None None] Registered counter for database nova_cell0
Apr 02 10:36:19.528324 np0000162859 devstack@n-api.service[98848]: DEBUG oslo_concurrency.lockutils [None req-6f91b919-ac36-49ba-9d0b-a688d87de329 None None] Acquiring lock "00000000-0000-0000-0000-000000000000" by "nova.context.set_target_cell..get_or_set_cached_cell_and_set_connections" {{(pid=98848) inner /opt/stack/data/venv/lib/python3.12/site-packages/oslo_concurrency/lockutils.py:506}}
Apr 02 10:36:19.528485 np0000162859 devstack@n-api.service[98848]: DEBUG oslo_concurrency.lockutils [None req-6f91b919-ac36-49ba-9d0b-a688d87de329 None None] Lock "00000000-0000-0000-0000-000000000000" acquired by "nova.context.set_target_cell..get_or_set_cached_cell_and_set_connections" :: waited 0.000s {{(pid=98848) inner /opt/stack/data/venv/lib/python3.12/site-packages/oslo_concurrency/lockutils.py:519}}
Apr 02 10:36:19.528597 np0000162859 devstack@n-api.service[98847]: DEBUG oslo_concurrency.lockutils [None req-44ef83ab-a0fa-4248-84a5-7e6c538d4b66 None None] Lock "1bfe07bd-ca39-4e54-b4f6-7f60850ba50a" "released" by "nova.context.set_target_cell..get_or_set_cached_cell_and_set_connections" :: held 0.003s {{(pid=98847) inner /opt/stack/data/venv/lib/python3.12/site-packages/oslo_concurrency/lockutils.py:538}}
Apr 02 10:36:19.528840 np0000162859 devstack@n-api.service[98848]: DEBUG oslo_concurrency.lockutils [None req-6f91b919-ac36-49ba-9d0b-a688d87de329 None None] Lock "00000000-0000-0000-0000-000000000000" "released" by "nova.context.set_target_cell..get_or_set_cached_cell_and_set_connections" :: held 0.000s {{(pid=98848) inner /opt/stack/data/venv/lib/python3.12/site-packages/oslo_concurrency/lockutils.py:538}}
Apr 02 10:36:19.529553 np0000162859 devstack@n-api.service[98848]: DEBUG oslo_concurrency.lockutils [None req-6f91b919-ac36-49ba-9d0b-a688d87de329 None None] Acquiring lock "1bfe07bd-ca39-4e54-b4f6-7f60850ba50a" by "nova.context.set_target_cell..get_or_set_cached_cell_and_set_connections" {{(pid=98848) inner /opt/stack/data/venv/lib/python3.12/site-packages/oslo_concurrency/lockutils.py:506}}
Apr 02 10:36:19.529723 np0000162859 devstack@n-api.service[98848]: DEBUG oslo_concurrency.lockutils [None req-6f91b919-ac36-49ba-9d0b-a688d87de329 None None] Lock "1bfe07bd-ca39-4e54-b4f6-7f60850ba50a" acquired by "nova.context.set_target_cell..get_or_set_cached_cell_and_set_connections" :: waited 0.000s {{(pid=98848) inner /opt/stack/data/venv/lib/python3.12/site-packages/oslo_concurrency/lockutils.py:519}}
Apr 02 10:36:19.530507 np0000162859 devstack@n-api.service[98848]: DEBUG oslo_concurrency.lockutils [None req-6f91b919-ac36-49ba-9d0b-a688d87de329 None None] Lock "1bfe07bd-ca39-4e54-b4f6-7f60850ba50a" "released" by "nova.context.set_target_cell..get_or_set_cached_cell_and_set_connections" :: held 0.001s {{(pid=98848) inner /opt/stack/data/venv/lib/python3.12/site-packages/oslo_concurrency/lockutils.py:538}}
Apr 02 10:36:19.530593 np0000162859 devstack@n-api.service[98849]: DEBUG oslo_db.sqlalchemy.engines [None req-31f922fc-cc63-40c7-8cc0-46e81e2d23e3 None None] MySQL server mode set to STRICT_TRANS_TABLES,STRICT_ALL_TABLES,NO_ZERO_IN_DATE,NO_ZERO_DATE,ERROR_FOR_DIVISION_BY_ZERO,TRADITIONAL,NO_ENGINE_SUBSTITUTION {{(pid=98849) _check_effective_sql_mode /opt/stack/data/venv/lib/python3.12/site-packages/oslo_db/sqlalchemy/engines.py:325}}
Apr 02 10:36:19.532270 np0000162859 devstack@n-api.service[98847]: INFO dbcounter [None req-44ef83ab-a0fa-4248-84a5-7e6c538d4b66 None None] Registered counter for database nova_cell1
Apr 02 10:36:19.533148 np0000162859 devstack@n-api.service[98848]: INFO dbcounter [None req-6f91b919-ac36-49ba-9d0b-a688d87de329 None None] Registered counter for database nova_cell0
Apr 02 10:36:19.539317 np0000162859 devstack@n-api.service[98848]: INFO dbcounter [None req-6f91b919-ac36-49ba-9d0b-a688d87de329 None None] Registered counter for database nova_cell1
Apr 02 10:36:19.540392 np0000162859 devstack@n-api.service[98847]: DEBUG oslo_db.sqlalchemy.engines [None req-44ef83ab-a0fa-4248-84a5-7e6c538d4b66 None None] MySQL server mode set to STRICT_TRANS_TABLES,STRICT_ALL_TABLES,NO_ZERO_IN_DATE,NO_ZERO_DATE,ERROR_FOR_DIVISION_BY_ZERO,TRADITIONAL,NO_ENGINE_SUBSTITUTION {{(pid=98847) _check_effective_sql_mode /opt/stack/data/venv/lib/python3.12/site-packages/oslo_db/sqlalchemy/engines.py:325}}
Apr 02 10:36:19.548279 np0000162859 devstack@n-api.service[98847]: DEBUG oslo_db.sqlalchemy.engines [None req-44ef83ab-a0fa-4248-84a5-7e6c538d4b66 None None] MySQL server mode set to STRICT_TRANS_TABLES,STRICT_ALL_TABLES,NO_ZERO_IN_DATE,NO_ZERO_DATE,ERROR_FOR_DIVISION_BY_ZERO,TRADITIONAL,NO_ENGINE_SUBSTITUTION {{(pid=98847) _check_effective_sql_mode /opt/stack/data/venv/lib/python3.12/site-packages/oslo_db/sqlalchemy/engines.py:325}}
Apr 02 10:36:19.549182 np0000162859 devstack@n-api.service[98849]: DEBUG oslo_db.sqlalchemy.engines [None req-31f922fc-cc63-40c7-8cc0-46e81e2d23e3 None None] MySQL server mode set to STRICT_TRANS_TABLES,STRICT_ALL_TABLES,NO_ZERO_IN_DATE,NO_ZERO_DATE,ERROR_FOR_DIVISION_BY_ZERO,TRADITIONAL,NO_ENGINE_SUBSTITUTION {{(pid=98849) _check_effective_sql_mode /opt/stack/data/venv/lib/python3.12/site-packages/oslo_db/sqlalchemy/engines.py:325}}
Apr 02 10:36:19.551181 np0000162859 devstack@n-api.service[98848]: DEBUG oslo_db.sqlalchemy.engines [None req-6f91b919-ac36-49ba-9d0b-a688d87de329 None None] MySQL server mode set to STRICT_TRANS_TABLES,STRICT_ALL_TABLES,NO_ZERO_IN_DATE,NO_ZERO_DATE,ERROR_FOR_DIVISION_BY_ZERO,TRADITIONAL,NO_ENGINE_SUBSTITUTION {{(pid=98848) _check_effective_sql_mode /opt/stack/data/venv/lib/python3.12/site-packages/oslo_db/sqlalchemy/engines.py:325}}
Apr 02 10:36:19.554931 np0000162859 devstack@n-api.service[98848]: DEBUG oslo_db.sqlalchemy.engines [None req-6f91b919-ac36-49ba-9d0b-a688d87de329 None None] MySQL server mode set to STRICT_TRANS_TABLES,STRICT_ALL_TABLES,NO_ZERO_IN_DATE,NO_ZERO_DATE,ERROR_FOR_DIVISION_BY_ZERO,TRADITIONAL,NO_ENGINE_SUBSTITUTION {{(pid=98848) _check_effective_sql_mode /opt/stack/data/venv/lib/python3.12/site-packages/oslo_db/sqlalchemy/engines.py:325}}
Apr 02 10:36:19.617187 np0000162859 devstack@n-api.service[98849]: DEBUG dbcounter [-] [98849] Writer thread running {{(pid=98849) stat_writer /opt/stack/data/venv/lib/python3.12/site-packages/dbcounter.py:102}}
Apr 02 10:36:19.622031 np0000162859 devstack@n-api.service[98850]: DEBUG dbcounter [-] [98850] Writer thread running {{(pid=98850) stat_writer /opt/stack/data/venv/lib/python3.12/site-packages/dbcounter.py:102}}
Apr 02 10:36:19.622730 np0000162859 devstack@n-api.service[98850]: DEBUG dbcounter [-] [98850] Writer thread running {{(pid=98850) stat_writer /opt/stack/data/venv/lib/python3.12/site-packages/dbcounter.py:102}}
Apr 02 10:36:19.623581 np0000162859 devstack@n-api.service[98849]: DEBUG dbcounter [-] [98849] Writer thread running {{(pid=98849) stat_writer /opt/stack/data/venv/lib/python3.12/site-packages/dbcounter.py:102}}
Apr 02 10:36:19.628367 np0000162859 devstack@n-api.service[98850]: INFO dbcounter [None req-8ff43a92-3604-4eb6-92ca-574276d682d6 None None] Registered counter for database nova_cell0
Apr 02 10:36:19.639768 np0000162859 devstack@n-api.service[98850]: DEBUG oslo_db.sqlalchemy.engines [None req-8ff43a92-3604-4eb6-92ca-574276d682d6 None None] MySQL server mode set to STRICT_TRANS_TABLES,STRICT_ALL_TABLES,NO_ZERO_IN_DATE,NO_ZERO_DATE,ERROR_FOR_DIVISION_BY_ZERO,TRADITIONAL,NO_ENGINE_SUBSTITUTION {{(pid=98850) _check_effective_sql_mode /opt/stack/data/venv/lib/python3.12/site-packages/oslo_db/sqlalchemy/engines.py:325}}
Apr 02 10:36:19.641367 np0000162859 devstack@n-api.service[98847]: DEBUG dbcounter [-] [98847] Writer thread running {{(pid=98847) stat_writer /opt/stack/data/venv/lib/python3.12/site-packages/dbcounter.py:102}}
Apr 02 10:36:19.642295 np0000162859 devstack@n-api.service[98847]: DEBUG dbcounter [-] [98847] Writer thread running {{(pid=98847) stat_writer /opt/stack/data/venv/lib/python3.12/site-packages/dbcounter.py:102}}
Apr 02 10:36:19.646971 np0000162859 devstack@n-api.service[98848]: DEBUG dbcounter [-] [98848] Writer thread running {{(pid=98848) stat_writer /opt/stack/data/venv/lib/python3.12/site-packages/dbcounter.py:102}}
Apr 02 10:36:19.648937 np0000162859 devstack@n-api.service[98848]: DEBUG dbcounter [-] [98848] Writer thread running {{(pid=98848) stat_writer /opt/stack/data/venv/lib/python3.12/site-packages/dbcounter.py:102}}
Apr 02 10:36:19.651071 np0000162859 devstack@n-api.service[98850]: DEBUG dbcounter [-] [98850] Writer thread running {{(pid=98850) stat_writer /opt/stack/data/venv/lib/python3.12/site-packages/dbcounter.py:102}}
Apr 02 10:36:19.679297 np0000162859 devstack@n-api.service[98849]: INFO dbcounter [None req-31f922fc-cc63-40c7-8cc0-46e81e2d23e3 None None] Registered counter for database nova_cell0
Apr 02 10:36:19.679470 np0000162859 devstack@n-api.service[98848]: INFO dbcounter [None req-6f91b919-ac36-49ba-9d0b-a688d87de329 None None] Registered counter for database nova_cell0
Apr 02 10:36:19.679779 np0000162859 devstack@n-api.service[98847]: INFO dbcounter [None req-44ef83ab-a0fa-4248-84a5-7e6c538d4b66 None None] Registered counter for database nova_cell0
Apr 02 10:36:19.688372 np0000162859 devstack@n-api.service[98848]: DEBUG oslo_db.sqlalchemy.engines [None req-6f91b919-ac36-49ba-9d0b-a688d87de329 None None] MySQL server mode set to STRICT_TRANS_TABLES,STRICT_ALL_TABLES,NO_ZERO_IN_DATE,NO_ZERO_DATE,ERROR_FOR_DIVISION_BY_ZERO,TRADITIONAL,NO_ENGINE_SUBSTITUTION {{(pid=98848) _check_effective_sql_mode /opt/stack/data/venv/lib/python3.12/site-packages/oslo_db/sqlalchemy/engines.py:325}}
Apr 02 10:36:19.691775 np0000162859 devstack@n-api.service[98847]: DEBUG oslo_db.sqlalchemy.engines [None req-44ef83ab-a0fa-4248-84a5-7e6c538d4b66 None None] MySQL server mode set to STRICT_TRANS_TABLES,STRICT_ALL_TABLES,NO_ZERO_IN_DATE,NO_ZERO_DATE,ERROR_FOR_DIVISION_BY_ZERO,TRADITIONAL,NO_ENGINE_SUBSTITUTION {{(pid=98847) _check_effective_sql_mode /opt/stack/data/venv/lib/python3.12/site-packages/oslo_db/sqlalchemy/engines.py:325}}
Apr 02 10:36:19.696902 np0000162859 devstack@n-api.service[98849]: DEBUG oslo_db.sqlalchemy.engines [None req-31f922fc-cc63-40c7-8cc0-46e81e2d23e3 None None] MySQL server mode set to STRICT_TRANS_TABLES,STRICT_ALL_TABLES,NO_ZERO_IN_DATE,NO_ZERO_DATE,ERROR_FOR_DIVISION_BY_ZERO,TRADITIONAL,NO_ENGINE_SUBSTITUTION {{(pid=98849) _check_effective_sql_mode /opt/stack/data/venv/lib/python3.12/site-packages/oslo_db/sqlalchemy/engines.py:325}}
Apr 02 10:36:19.697439 np0000162859 devstack@n-api.service[98848]: DEBUG dbcounter [-] [98848] Writer thread running {{(pid=98848) stat_writer /opt/stack/data/venv/lib/python3.12/site-packages/dbcounter.py:102}}
Apr 02 10:36:19.701191 np0000162859 devstack@n-api.service[98847]: DEBUG dbcounter [-] [98847] Writer thread running {{(pid=98847) stat_writer /opt/stack/data/venv/lib/python3.12/site-packages/dbcounter.py:102}}
Apr 02 10:36:19.706661 np0000162859 devstack@n-api.service[98849]: DEBUG dbcounter [-] [98849] Writer thread running {{(pid=98849) stat_writer /opt/stack/data/venv/lib/python3.12/site-packages/dbcounter.py:102}}
Apr 02 10:36:20.045393 np0000162859 devstack@n-api.service[98850]: DEBUG oslo_concurrency.processutils [None req-8ff43a92-3604-4eb6-92ca-574276d682d6 None None] Running cmd (subprocess): grep -F node.session.scan /sbin/iscsiadm {{(pid=98850) execute /opt/stack/data/venv/lib/python3.12/site-packages/oslo_concurrency/processutils.py:440}}
Apr 02 10:36:20.048987 np0000162859 devstack@n-api.service[98847]: DEBUG oslo_concurrency.processutils [None req-44ef83ab-a0fa-4248-84a5-7e6c538d4b66 None None] Running cmd (subprocess): grep -F node.session.scan /sbin/iscsiadm {{(pid=98847) execute /opt/stack/data/venv/lib/python3.12/site-packages/oslo_concurrency/processutils.py:440}}
Apr 02 10:36:20.052187 np0000162859 devstack@n-api.service[98849]: DEBUG oslo_concurrency.processutils [None req-31f922fc-cc63-40c7-8cc0-46e81e2d23e3 None None] Running cmd (subprocess): grep -F node.session.scan /sbin/iscsiadm {{(pid=98849) execute /opt/stack/data/venv/lib/python3.12/site-packages/oslo_concurrency/processutils.py:440}}
Apr 02 10:36:20.059991 np0000162859 devstack@n-api.service[98848]: DEBUG oslo_concurrency.processutils [None req-6f91b919-ac36-49ba-9d0b-a688d87de329 None None] Running cmd (subprocess): grep -F node.session.scan /sbin/iscsiadm {{(pid=98848) execute /opt/stack/data/venv/lib/python3.12/site-packages/oslo_concurrency/processutils.py:440}}
Apr 02 10:36:20.062002 np0000162859 devstack@n-api.service[98850]: DEBUG oslo_concurrency.processutils [None req-8ff43a92-3604-4eb6-92ca-574276d682d6 None None] CMD "grep -F node.session.scan /sbin/iscsiadm" returned: 0 in 0.016s {{(pid=98850) execute /opt/stack/data/venv/lib/python3.12/site-packages/oslo_concurrency/processutils.py:468}}
Apr 02 10:36:20.065739 np0000162859 devstack@n-api.service[98847]: DEBUG oslo_concurrency.processutils [None req-44ef83ab-a0fa-4248-84a5-7e6c538d4b66 None None] CMD "grep -F node.session.scan /sbin/iscsiadm" returned: 0 in 0.017s {{(pid=98847) execute /opt/stack/data/venv/lib/python3.12/site-packages/oslo_concurrency/processutils.py:468}}
Apr 02 10:36:20.071386 np0000162859 devstack@n-api.service[98849]: DEBUG oslo_concurrency.processutils [None req-31f922fc-cc63-40c7-8cc0-46e81e2d23e3 None None] CMD "grep -F node.session.scan /sbin/iscsiadm" returned: 0 in 0.019s {{(pid=98849) execute /opt/stack/data/venv/lib/python3.12/site-packages/oslo_concurrency/processutils.py:468}}
Apr 02 10:36:20.079421 np0000162859 devstack@n-api.service[98848]: DEBUG oslo_concurrency.processutils [None req-6f91b919-ac36-49ba-9d0b-a688d87de329 None None] CMD "grep -F node.session.scan /sbin/iscsiadm" returned: 0 in 0.020s {{(pid=98848) execute /opt/stack/data/venv/lib/python3.12/site-packages/oslo_concurrency/processutils.py:468}}
Apr 02 10:36:20.565996 np0000162859 devstack@n-api.service[98850]: WARNING keystonemiddleware.auth_token [None req-8ff43a92-3604-4eb6-92ca-574276d682d6 None None] AuthToken middleware is set with keystone_authtoken.service_token_roles_required set to False. This is backwards compatible but deprecated behaviour. Please set this to True.
Apr 02 10:36:20.566727 np0000162859 devstack@n-api.service[98847]: WARNING keystonemiddleware.auth_token [None req-44ef83ab-a0fa-4248-84a5-7e6c538d4b66 None None] AuthToken middleware is set with keystone_authtoken.service_token_roles_required set to False. This is backwards compatible but deprecated behaviour. Please set this to True.
Apr 02 10:36:20.567531 np0000162859 devstack@n-api.service[98849]: WARNING keystonemiddleware.auth_token [None req-31f922fc-cc63-40c7-8cc0-46e81e2d23e3 None None] AuthToken middleware is set with keystone_authtoken.service_token_roles_required set to False. This is backwards compatible but deprecated behaviour. Please set this to True.
Apr 02 10:36:20.575080 np0000162859 devstack@n-api.service[98848]: WARNING keystonemiddleware.auth_token [None req-6f91b919-ac36-49ba-9d0b-a688d87de329 None None] AuthToken middleware is set with keystone_authtoken.service_token_roles_required set to False. This is backwards compatible but deprecated behaviour. Please set this to True.
Apr 02 10:36:20.629965 np0000162859 devstack@n-api.service[98850]: WARNING keystonemiddleware.auth_token [None req-8ff43a92-3604-4eb6-92ca-574276d682d6 None None] AuthToken middleware is set with keystone_authtoken.service_token_roles_required set to False. This is backwards compatible but deprecated behaviour. Please set this to True.
Apr 02 10:36:20.631320 np0000162859 devstack@n-api.service[98849]: WARNING keystonemiddleware.auth_token [None req-31f922fc-cc63-40c7-8cc0-46e81e2d23e3 None None] AuthToken middleware is set with keystone_authtoken.service_token_roles_required set to False. This is backwards compatible but deprecated behaviour. Please set this to True.
Apr 02 10:36:20.636579 np0000162859 devstack@n-api.service[98849]: DEBUG nova.api.openstack.wsgi_app [None req-31f922fc-cc63-40c7-8cc0-46e81e2d23e3 None None] ******************************************************************************** {{(pid=98849) log_opt_values /opt/stack/data/venv/lib/python3.12/site-packages/oslo_config/cfg.py:2979}}
Apr 02 10:36:20.636696 np0000162859 devstack@n-api.service[98849]: DEBUG nova.api.openstack.wsgi_app [None req-31f922fc-cc63-40c7-8cc0-46e81e2d23e3 None None] Configuration options gathered from: {{(pid=98849) log_opt_values /opt/stack/data/venv/lib/python3.12/site-packages/oslo_config/cfg.py:2980}}
Apr 02 10:36:20.637040 np0000162859 devstack@n-api.service[98849]: DEBUG nova.api.openstack.wsgi_app [None req-31f922fc-cc63-40c7-8cc0-46e81e2d23e3 None None] command line args: [] {{(pid=98849) log_opt_values /opt/stack/data/venv/lib/python3.12/site-packages/oslo_config/cfg.py:2981}}
Apr 02 10:36:20.637193 np0000162859 devstack@n-api.service[98849]: DEBUG nova.api.openstack.wsgi_app [None req-31f922fc-cc63-40c7-8cc0-46e81e2d23e3 None None] config files: ['/etc/nova/api-paste.ini', '/etc/nova/nova.conf'] {{(pid=98849) log_opt_values /opt/stack/data/venv/lib/python3.12/site-packages/oslo_config/cfg.py:2982}}
Apr 02 10:36:20.637295 np0000162859 devstack@n-api.service[98849]: DEBUG nova.api.openstack.wsgi_app [None req-31f922fc-cc63-40c7-8cc0-46e81e2d23e3 None None] ================================================================================ {{(pid=98849) log_opt_values /opt/stack/data/venv/lib/python3.12/site-packages/oslo_config/cfg.py:2987}}
Apr 02 10:36:20.637450 np0000162859 devstack@n-api.service[98849]: DEBUG nova.api.openstack.wsgi_app [None req-31f922fc-cc63-40c7-8cc0-46e81e2d23e3 None None] allow_resize_to_same_host = True {{(pid=98849) log_opt_values /opt/stack/data/venv/lib/python3.12/site-packages/oslo_config/cfg.py:2995}}
Apr 02 10:36:20.637579 np0000162859 devstack@n-api.service[98849]: DEBUG nova.api.openstack.wsgi_app [None req-31f922fc-cc63-40c7-8cc0-46e81e2d23e3 None None] arq_binding_timeout = 300 {{(pid=98849) log_opt_values /opt/stack/data/venv/lib/python3.12/site-packages/oslo_config/cfg.py:2995}}
Apr 02 10:36:20.637739 np0000162859 devstack@n-api.service[98849]: DEBUG nova.api.openstack.wsgi_app [None req-31f922fc-cc63-40c7-8cc0-46e81e2d23e3 None None] block_device_allocate_retries = 60 {{(pid=98849) log_opt_values /opt/stack/data/venv/lib/python3.12/site-packages/oslo_config/cfg.py:2995}}
Apr 02 10:36:20.637848 np0000162859 devstack@n-api.service[98849]: DEBUG nova.api.openstack.wsgi_app [None req-31f922fc-cc63-40c7-8cc0-46e81e2d23e3 None None] block_device_allocate_retries_interval = 3 {{(pid=98849) log_opt_values /opt/stack/data/venv/lib/python3.12/site-packages/oslo_config/cfg.py:2995}}
Apr 02 10:36:20.637989 np0000162859 devstack@n-api.service[98849]: DEBUG nova.api.openstack.wsgi_app [None req-31f922fc-cc63-40c7-8cc0-46e81e2d23e3 None None] cell_worker_thread_pool_size = 5 {{(pid=98849) log_opt_values /opt/stack/data/venv/lib/python3.12/site-packages/oslo_config/cfg.py:2995}}
Apr 02 10:36:20.638124 np0000162859 devstack@n-api.service[98849]: DEBUG nova.api.openstack.wsgi_app [None req-31f922fc-cc63-40c7-8cc0-46e81e2d23e3 None None] cert = self.pem {{(pid=98849) log_opt_values /opt/stack/data/venv/lib/python3.12/site-packages/oslo_config/cfg.py:2995}}
Apr 02 10:36:20.638251 np0000162859 devstack@n-api.service[98849]: DEBUG nova.api.openstack.wsgi_app [None req-31f922fc-cc63-40c7-8cc0-46e81e2d23e3 None None] compute_driver = libvirt.LibvirtDriver {{(pid=98849) log_opt_values /opt/stack/data/venv/lib/python3.12/site-packages/oslo_config/cfg.py:2995}}
Apr 02 10:36:20.638382 np0000162859 devstack@n-api.service[98849]: DEBUG nova.api.openstack.wsgi_app [None req-31f922fc-cc63-40c7-8cc0-46e81e2d23e3 None None] compute_monitors = [] {{(pid=98849) log_opt_values /opt/stack/data/venv/lib/python3.12/site-packages/oslo_config/cfg.py:2995}}
Apr 02 10:36:20.638510 np0000162859 devstack@n-api.service[98849]: DEBUG nova.api.openstack.wsgi_app [None req-31f922fc-cc63-40c7-8cc0-46e81e2d23e3 None None] config_dir = [] {{(pid=98849) log_opt_values /opt/stack/data/venv/lib/python3.12/site-packages/oslo_config/cfg.py:2995}}
Apr 02 10:36:20.638658 np0000162859 devstack@n-api.service[98849]: DEBUG nova.api.openstack.wsgi_app [None req-31f922fc-cc63-40c7-8cc0-46e81e2d23e3 None None] config_drive_format = iso9660 {{(pid=98849) log_opt_values /opt/stack/data/venv/lib/python3.12/site-packages/oslo_config/cfg.py:2995}}
Apr 02 10:36:20.638771 np0000162859 devstack@n-api.service[98849]: DEBUG nova.api.openstack.wsgi_app [None req-31f922fc-cc63-40c7-8cc0-46e81e2d23e3 None None] config_file = ['/etc/nova/api-paste.ini', '/etc/nova/nova.conf'] {{(pid=98849) log_opt_values /opt/stack/data/venv/lib/python3.12/site-packages/oslo_config/cfg.py:2995}}
Apr 02 10:36:20.638901 np0000162859 devstack@n-api.service[98849]: DEBUG nova.api.openstack.wsgi_app [None req-31f922fc-cc63-40c7-8cc0-46e81e2d23e3 None None] config_source = [] {{(pid=98849) log_opt_values /opt/stack/data/venv/lib/python3.12/site-packages/oslo_config/cfg.py:2995}}
Apr 02 10:36:20.639029 np0000162859 devstack@n-api.service[98849]: DEBUG nova.api.openstack.wsgi_app [None req-31f922fc-cc63-40c7-8cc0-46e81e2d23e3 None None] console_host = np0000162859 {{(pid=98849) log_opt_values /opt/stack/data/venv/lib/python3.12/site-packages/oslo_config/cfg.py:2995}}
Apr 02 10:36:20.639155 np0000162859 devstack@n-api.service[98849]: DEBUG nova.api.openstack.wsgi_app [None req-31f922fc-cc63-40c7-8cc0-46e81e2d23e3 None None] control_exchange = nova {{(pid=98849) log_opt_values /opt/stack/data/venv/lib/python3.12/site-packages/oslo_config/cfg.py:2995}}
Apr 02 10:36:20.639288 np0000162859 devstack@n-api.service[98849]: DEBUG nova.api.openstack.wsgi_app [None req-31f922fc-cc63-40c7-8cc0-46e81e2d23e3 None None] cpu_allocation_ratio = None {{(pid=98849) log_opt_values /opt/stack/data/venv/lib/python3.12/site-packages/oslo_config/cfg.py:2995}}
Apr 02 10:36:20.639490 np0000162859 devstack@n-api.service[98849]: DEBUG nova.api.openstack.wsgi_app [None req-31f922fc-cc63-40c7-8cc0-46e81e2d23e3 None None] daemon = False {{(pid=98849) log_opt_values /opt/stack/data/venv/lib/python3.12/site-packages/oslo_config/cfg.py:2995}}
Apr 02 10:36:20.639636 np0000162859 devstack@n-api.service[98849]: DEBUG nova.api.openstack.wsgi_app [None req-31f922fc-cc63-40c7-8cc0-46e81e2d23e3 None None] debug = True {{(pid=98849) log_opt_values /opt/stack/data/venv/lib/python3.12/site-packages/oslo_config/cfg.py:2995}}
Apr 02 10:36:20.639751 np0000162859 devstack@n-api.service[98849]: DEBUG nova.api.openstack.wsgi_app [None req-31f922fc-cc63-40c7-8cc0-46e81e2d23e3 None None] default_access_ip_network_name = None {{(pid=98849) log_opt_values /opt/stack/data/venv/lib/python3.12/site-packages/oslo_config/cfg.py:2995}}
Apr 02 10:36:20.639857 np0000162859 devstack@n-api.service[98849]: DEBUG nova.api.openstack.wsgi_app [None req-31f922fc-cc63-40c7-8cc0-46e81e2d23e3 None None] default_availability_zone = nova {{(pid=98849) log_opt_values /opt/stack/data/venv/lib/python3.12/site-packages/oslo_config/cfg.py:2995}}
Apr 02 10:36:20.639956 np0000162859 devstack@n-api.service[98849]: DEBUG nova.api.openstack.wsgi_app [None req-31f922fc-cc63-40c7-8cc0-46e81e2d23e3 None None] default_ephemeral_format = ext4 {{(pid=98849) log_opt_values /opt/stack/data/venv/lib/python3.12/site-packages/oslo_config/cfg.py:2995}}
Apr 02 10:36:20.640098 np0000162859 devstack@n-api.service[98849]: DEBUG nova.api.openstack.wsgi_app [None req-31f922fc-cc63-40c7-8cc0-46e81e2d23e3 None None] default_green_pool_size = 1000 {{(pid=98849) log_opt_values /opt/stack/data/venv/lib/python3.12/site-packages/oslo_config/cfg.py:2995}}
Apr 02 10:36:20.640291 np0000162859 devstack@n-api.service[98849]: DEBUG nova.api.openstack.wsgi_app [None req-31f922fc-cc63-40c7-8cc0-46e81e2d23e3 None None] default_log_levels = ['amqp=WARN', 'boto=WARN', 'sqlalchemy=WARN', 'suds=INFO', 'oslo.messaging=INFO', 'oslo_messaging=INFO', 'iso8601=WARN', 'requests.packages.urllib3.connectionpool=WARN', 'urllib3.connectionpool=WARN', 'websocket=WARN', 'requests.packages.urllib3.util.retry=WARN', 'urllib3.util.retry=WARN', 'keystonemiddleware=WARN', 'routes.middleware=WARN', 'stevedore=WARN', 'taskflow=WARN', 'keystoneauth=WARN', 'oslo.cache=INFO', 'oslo_policy=INFO', 'dogpile.core.dogpile=INFO', 'glanceclient=WARN', 'oslo.privsep.daemon=INFO'] {{(pid=98849) log_opt_values /opt/stack/data/venv/lib/python3.12/site-packages/oslo_config/cfg.py:2995}}
Apr 02 10:36:20.640433 np0000162859 devstack@n-api.service[98849]: DEBUG nova.api.openstack.wsgi_app [None req-31f922fc-cc63-40c7-8cc0-46e81e2d23e3 None None] default_schedule_zone = None {{(pid=98849) log_opt_values /opt/stack/data/venv/lib/python3.12/site-packages/oslo_config/cfg.py:2995}}
Apr 02 10:36:20.640531 np0000162859 devstack@n-api.service[98849]: DEBUG nova.api.openstack.wsgi_app [None req-31f922fc-cc63-40c7-8cc0-46e81e2d23e3 None None] default_thread_pool_size = 10 {{(pid=98849) log_opt_values /opt/stack/data/venv/lib/python3.12/site-packages/oslo_config/cfg.py:2995}}
Apr 02 10:36:20.640676 np0000162859 devstack@n-api.service[98849]: DEBUG nova.api.openstack.wsgi_app [None req-31f922fc-cc63-40c7-8cc0-46e81e2d23e3 None None] disk_allocation_ratio = None {{(pid=98849) log_opt_values /opt/stack/data/venv/lib/python3.12/site-packages/oslo_config/cfg.py:2995}}
Apr 02 10:36:20.640800 np0000162859 devstack@n-api.service[98849]: DEBUG nova.api.openstack.wsgi_app [None req-31f922fc-cc63-40c7-8cc0-46e81e2d23e3 None None] enable_new_services = True {{(pid=98849) log_opt_values /opt/stack/data/venv/lib/python3.12/site-packages/oslo_config/cfg.py:2995}}
Apr 02 10:36:20.640924 np0000162859 devstack@n-api.service[98849]: DEBUG nova.api.openstack.wsgi_app [None req-31f922fc-cc63-40c7-8cc0-46e81e2d23e3 None None] flat_injected = False {{(pid=98849) log_opt_values /opt/stack/data/venv/lib/python3.12/site-packages/oslo_config/cfg.py:2995}}
Apr 02 10:36:20.641048 np0000162859 devstack@n-api.service[98849]: DEBUG nova.api.openstack.wsgi_app [None req-31f922fc-cc63-40c7-8cc0-46e81e2d23e3 None None] force_config_drive = False {{(pid=98849) log_opt_values /opt/stack/data/venv/lib/python3.12/site-packages/oslo_config/cfg.py:2995}}
Apr 02 10:36:20.641173 np0000162859 devstack@n-api.service[98849]: DEBUG nova.api.openstack.wsgi_app [None req-31f922fc-cc63-40c7-8cc0-46e81e2d23e3 None None] force_raw_images = True {{(pid=98849) log_opt_values /opt/stack/data/venv/lib/python3.12/site-packages/oslo_config/cfg.py:2995}}
Apr 02 10:36:20.641303 np0000162859 devstack@n-api.service[98849]: DEBUG nova.api.openstack.wsgi_app [None req-31f922fc-cc63-40c7-8cc0-46e81e2d23e3 None None] graceful_shutdown_timeout = 5 {{(pid=98849) log_opt_values /opt/stack/data/venv/lib/python3.12/site-packages/oslo_config/cfg.py:2995}}
Apr 02 10:36:20.641433 np0000162859 devstack@n-api.service[98849]: DEBUG nova.api.openstack.wsgi_app [None req-31f922fc-cc63-40c7-8cc0-46e81e2d23e3 None None] heal_instance_info_cache_interval = -1 {{(pid=98849) log_opt_values /opt/stack/data/venv/lib/python3.12/site-packages/oslo_config/cfg.py:2995}}
Apr 02 10:36:20.641588 np0000162859 devstack@n-api.service[98849]: DEBUG nova.api.openstack.wsgi_app [None req-31f922fc-cc63-40c7-8cc0-46e81e2d23e3 None None] host = np0000162859 {{(pid=98849) log_opt_values /opt/stack/data/venv/lib/python3.12/site-packages/oslo_config/cfg.py:2995}}
Apr 02 10:36:20.641740 np0000162859 devstack@n-api.service[98849]: DEBUG nova.api.openstack.wsgi_app [None req-31f922fc-cc63-40c7-8cc0-46e81e2d23e3 None None] initial_cpu_allocation_ratio = 4.0 {{(pid=98849) log_opt_values /opt/stack/data/venv/lib/python3.12/site-packages/oslo_config/cfg.py:2995}}
Apr 02 10:36:20.641867 np0000162859 devstack@n-api.service[98849]: DEBUG nova.api.openstack.wsgi_app [None req-31f922fc-cc63-40c7-8cc0-46e81e2d23e3 None None] initial_disk_allocation_ratio = 1.0 {{(pid=98849) log_opt_values /opt/stack/data/venv/lib/python3.12/site-packages/oslo_config/cfg.py:2995}}
Apr 02 10:36:20.641992 np0000162859 devstack@n-api.service[98849]: DEBUG nova.api.openstack.wsgi_app [None req-31f922fc-cc63-40c7-8cc0-46e81e2d23e3 None None] initial_ram_allocation_ratio = 1.0 {{(pid=98849) log_opt_values /opt/stack/data/venv/lib/python3.12/site-packages/oslo_config/cfg.py:2995}}
Apr 02 10:36:20.642171 np0000162859 devstack@n-api.service[98849]: DEBUG nova.api.openstack.wsgi_app [None req-31f922fc-cc63-40c7-8cc0-46e81e2d23e3 None None] injected_network_template = /opt/stack/nova/nova/virt/interfaces.template {{(pid=98849) log_opt_values /opt/stack/data/venv/lib/python3.12/site-packages/oslo_config/cfg.py:2995}}
Apr 02 10:36:20.642289 np0000162859 devstack@n-api.service[98849]: DEBUG nova.api.openstack.wsgi_app [None req-31f922fc-cc63-40c7-8cc0-46e81e2d23e3 None None] instance_build_timeout = 0 {{(pid=98849) log_opt_values /opt/stack/data/venv/lib/python3.12/site-packages/oslo_config/cfg.py:2995}}
Apr 02 10:36:20.642414 np0000162859 devstack@n-api.service[98849]: DEBUG nova.api.openstack.wsgi_app [None req-31f922fc-cc63-40c7-8cc0-46e81e2d23e3 None None] instance_delete_interval = 300 {{(pid=98849) log_opt_values /opt/stack/data/venv/lib/python3.12/site-packages/oslo_config/cfg.py:2995}}
Apr 02 10:36:20.642543 np0000162859 devstack@n-api.service[98849]: DEBUG nova.api.openstack.wsgi_app [None req-31f922fc-cc63-40c7-8cc0-46e81e2d23e3 None None] instance_format = [instance: %(uuid)s] {{(pid=98849) log_opt_values /opt/stack/data/venv/lib/python3.12/site-packages/oslo_config/cfg.py:2995}}
Apr 02 10:36:20.642685 np0000162859 devstack@n-api.service[98849]: DEBUG nova.api.openstack.wsgi_app [None req-31f922fc-cc63-40c7-8cc0-46e81e2d23e3 None None] instance_name_template = instance-%08x {{(pid=98849) log_opt_values /opt/stack/data/venv/lib/python3.12/site-packages/oslo_config/cfg.py:2995}}
Apr 02 10:36:20.642810 np0000162859 devstack@n-api.service[98849]: DEBUG nova.api.openstack.wsgi_app [None req-31f922fc-cc63-40c7-8cc0-46e81e2d23e3 None None] instance_usage_audit = False {{(pid=98849) log_opt_values /opt/stack/data/venv/lib/python3.12/site-packages/oslo_config/cfg.py:2995}}
Apr 02 10:36:20.642941 np0000162859 devstack@n-api.service[98849]: DEBUG nova.api.openstack.wsgi_app [None req-31f922fc-cc63-40c7-8cc0-46e81e2d23e3 None None] instance_usage_audit_period = month {{(pid=98849) log_opt_values /opt/stack/data/venv/lib/python3.12/site-packages/oslo_config/cfg.py:2995}}
