Jun 04 09:35:08.531528 np0000178519 devstack@neutron-api.service[103228]: DEBUG neutron_lib.callbacks.manager [None req-26c10c4b-bb70-434e-800d-70b0d0f737d4 None None] Publish callbacks ['neutron.plugins.ml2.ovo_rpc._ObjectChangeHandler.handle_event-797331', 'neutron.services.ovn_l3.plugin.OVNL3RouterPlugin._port_update-8056558960884'] for port (e335574e-6578-4b89-a3de-3aed16a363a9), after_update {{(pid=103228) _notify_loop /opt/stack/data/venv/lib/python3.12/site-packages/neutron_lib/callbacks/manager.py:184}}
Jun 04 09:35:08.566157 np0000178519 devstack@neutron-api.service[103229]: DEBUG neutron.plugins.ml2.plugin [None req-24129db7-f342-45f0-bffc-2d4d3821c4d3 None None] Current status of the port e335574e-6578-4b89-a3de-3aed16a363a9 is: ACTIVE; New status is: ACTIVE {{(pid=103229) _update_individual_port_db_status /opt/stack/neutron/neutron/plugins/ml2/plugin.py:2470}}
Jun 04 09:35:08.573814 np0000178519 devstack@neutron-api.service[103228]: DEBUG neutron.api.rpc.handlers.resources_rpc [None req-23f1428a-9a9f-464d-95fc-0d52d0427396 None None] Pushing event updated for resources: {'Port': ['ID=e335574e-6578-4b89-a3de-3aed16a363a9,revision_number=2']} {{(pid=103228) push /opt/stack/neutron/neutron/api/rpc/handlers/resources_rpc.py:237}}
Jun 04 09:35:08.579378 np0000178519 devstack@neutron-api.service[103228]: DEBUG neutron.api.rpc.callbacks.version_manager [None req-23f1428a-9a9f-464d-95fc-0d52d0427396 None None] Tracked resource versions report:
Jun 04 09:35:08.579378 np0000178519 devstack@neutron-api.service[103228]: pushed versions:
Jun 04 09:35:08.579378 np0000178519 devstack@neutron-api.service[103228]: { 'AddressGroup': {'1.2'},
Jun 04 09:35:08.579378 np0000178519 devstack@neutron-api.service[103228]: 'Agent': {'1.1'},
Jun 04 09:35:08.579378 np0000178519 devstack@neutron-api.service[103228]: 'ConntrackHelper': {'1.0'},
Jun 04 09:35:08.579378 np0000178519 devstack@neutron-api.service[103228]: 'LocalIPAssociation': {'1.0'},
Jun 04 09:35:08.579378 np0000178519 devstack@neutron-api.service[103228]: 'Log': {'1.0'},
Jun 04 09:35:08.579378 np0000178519 devstack@neutron-api.service[103228]: 'NDPProxy': {'1.0'},
Jun 04 09:35:08.579378 np0000178519 devstack@neutron-api.service[103228]: 'Network': {'1.3'},
Jun 04 09:35:08.579378 np0000178519 devstack@neutron-api.service[103228]: 'Port': {'1.11'},
Jun 04 09:35:08.579378 np0000178519 devstack@neutron-api.service[103228]: 'PortForwarding': {'1.3'},
Jun 04 09:35:08.579378 np0000178519 devstack@neutron-api.service[103228]: 'QosPolicy': {'1.10'},
Jun 04 09:35:08.579378 np0000178519 devstack@neutron-api.service[103228]: 'SecurityGroup': {'1.6'},
Jun 04 09:35:08.579378 np0000178519 devstack@neutron-api.service[103228]: 'SecurityGroupRule': {'1.3'},
Jun 04 09:35:08.579378 np0000178519 devstack@neutron-api.service[103228]: 'SubPort': {'1.0'},
Jun 04 09:35:08.579378 np0000178519 devstack@neutron-api.service[103228]: 'Subnet': {'1.2'},
Jun 04 09:35:08.579378 np0000178519 devstack@neutron-api.service[103228]: 'Trunk': {'1.1'}}
Jun 04 09:35:08.579378 np0000178519 devstack@neutron-api.service[103228]: consumer versions:
Jun 04 09:35:08.579378 np0000178519 devstack@neutron-api.service[103228]: { OVN Controller Gateway agent@np0000178519: {},
Jun 04 09:35:08.579378 np0000178519 devstack@neutron-api.service[103228]: OVN Neutron agent@np0000178519: {}}
Jun 04 09:35:08.579378 np0000178519 devstack@neutron-api.service[103228]: {{(pid=103228) report /opt/stack/neutron/neutron/api/rpc/callbacks/version_manager.py:183}}
Jun 04 09:35:08.653079 np0000178519 devstack@neutron-api.service[103229]: DEBUG neutron.db.ovn_revision_numbers_db [None req-3800ea88-8002-4d4b-9491-609f02090b49 admin admin] create_initial_revision uuid=855f21ef-ac9f-4f58-aa52-6472326457d7, type=subnets, rev=-1 {{(pid=103229) create_initial_revision /opt/stack/neutron/neutron/db/ovn_revision_numbers_db.py:98}}
Jun 04 09:35:08.720518 np0000178519 devstack@neutron-api.service[103229]: DEBUG neutron.objects.ports [None req-3800ea88-8002-4d4b-9491-609f02090b49 admin admin] Time-cost: Fetching 0 ports in 0 security groups {{(pid=103229) get_objects /opt/stack/neutron/neutron/objects/ports.py:506}}
Jun 04 09:35:08.720783 np0000178519 devstack@neutron-api.service[103229]: DEBUG neutron_lib.callbacks.manager [None req-3800ea88-8002-4d4b-9491-609f02090b49 admin admin] Publish callbacks ['neutron.plugins.ml2.ovo_rpc._ObjectChangeHandler.handle_event-3810502'] for subnet (855f21ef-ac9f-4f58-aa52-6472326457d7), after_create {{(pid=103229) _notify_loop /opt/stack/data/venv/lib/python3.12/site-packages/neutron_lib/callbacks/manager.py:184}}
Jun 04 09:35:08.734621 np0000178519 devstack@neutron-api.service[103229]: DEBUG neutron.api.rpc.handlers.resources_rpc [None req-3800ea88-8002-4d4b-9491-609f02090b49 admin admin] Pushing event updated for resources: {'Subnet': ['ID=855f21ef-ac9f-4f58-aa52-6472326457d7,revision_number=0']} {{(pid=103229) push /opt/stack/neutron/neutron/api/rpc/handlers/resources_rpc.py:237}}
Jun 04 09:35:08.762173 np0000178519 devstack@neutron-api.service[103229]: INFO neutron.db.ovn_revision_numbers_db [None req-3800ea88-8002-4d4b-9491-609f02090b49 admin admin] Successfully bumped revision number for resource 855f21ef-ac9f-4f58-aa52-6472326457d7 (type: subnets) to 0
Jun 04 09:35:08.764245 np0000178519 devstack@neutron-api.service[103229]: DEBUG neutron.pecan_wsgi.hooks.policy_enforcement [None req-3800ea88-8002-4d4b-9491-609f02090b49 admin admin] Attributes excluded by policy engine: ['standard_attr_id', 'shared', 'network'] {{(pid=103229) _exclude_attributes_by_policy /opt/stack/neutron/neutron/pecan_wsgi/hooks/policy_enforcement.py:256}}
Jun 04 09:35:08.764777 np0000178519 devstack@neutron-api.service[103229]: DEBUG neutron_lib.callbacks.manager [None req-3800ea88-8002-4d4b-9491-609f02090b49 admin admin] Publish callbacks [] for subnet (None), before_response {{(pid=103229) _notify_loop /opt/stack/data/venv/lib/python3.12/site-packages/neutron_lib/callbacks/manager.py:184}}
Jun 04 09:35:08.779100 np0000178519 devstack@neutron-api.service[103229]: [pid: 103229|app: 0|req: 5/21] 199.204.45.157 () {68 vars in 1355 bytes} [Thu Jun 4 09:35:08 2026] POST /networking/v2.0/subnets => generated 640 bytes in 292 msecs (HTTP/1.1 201) 4 headers in 162 bytes (1 switches on core 0)
Jun 04 09:35:09.161285 np0000178519 devstack@neutron-api.service[103228]: DEBUG neutron.api.wsgi [None req-afa6d525-ad5d-4980-97b2-2f7308e08b06 admin admin] Missing Content-Type {{(pid=103228) get_content_type /opt/stack/neutron/neutron/api/wsgi.py:80}}
Jun 04 09:35:09.196418 np0000178519 devstack@neutron-api.service[103228]: [pid: 103228|app: 0|req: 7/22] 199.204.45.157 () {64 vars in 1412 bytes} [Thu Jun 4 09:35:09 2026] GET /networking/v2.0/routers/2b9aaea7-0d99-463e-ad2f-b3a17fbe6c1d => generated 599 bytes in 40 msecs (HTTP/1.1 200) 4 headers in 157 bytes (1 switches on core 0)
Jun 04 09:35:09.259161 np0000178519 devstack@neutron-api.service[103226]: DEBUG neutron.pecan_wsgi.hooks.policy_enforcement [None req-4145aff8-3378-49a8-b63e-8e1358a5fef9 admin admin] Attributes excluded by policy engine: ['standard_attr_id'] {{(pid=103226) _exclude_attributes_by_policy /opt/stack/neutron/neutron/pecan_wsgi/hooks/policy_enforcement.py:256}}
Jun 04 09:35:09.260535 np0000178519 devstack@neutron-api.service[103226]: [pid: 103226|app: 0|req: 6/23] 199.204.45.157 () {64 vars in 1415 bytes} [Thu Jun 4 09:35:09 2026] GET /networking/v2.0/networks/d7a03a61-c930-4ba1-ba4d-7441c9b92a66 => generated 717 bytes in 49 msecs (HTTP/1.1 200) 4 headers in 157 bytes (1 switches on core 0)
Jun 04 09:35:09.279002 np0000178519 devstack@neutron-api.service[103227]: DEBUG neutron.api.wsgi [None req-bd8ccff6-0e37-40ac-8db2-93b9f24cfca7 admin admin] Missing Content-Type {{(pid=103227) get_content_type /opt/stack/neutron/neutron/api/wsgi.py:80}}
Jun 04 09:35:09.279740 np0000178519 devstack@neutron-api.service[103227]: DEBUG neutron.api.wsgi [None req-bd8ccff6-0e37-40ac-8db2-93b9f24cfca7 admin admin] https://199.204.45.157/networking/v2.0/extensions/external-gateway-multihoming returned with HTTP 200 {{(pid=103227) __call__ /opt/stack/neutron/neutron/api/wsgi.py:540}}
Jun 04 09:35:09.279740 np0000178519 devstack@neutron-api.service[103227]: [pid: 103227|app: 0|req: 6/24] 199.204.45.157 () {64 vars in 1397 bytes} [Thu Jun 4 09:35:09 2026] GET /networking/v2.0/extensions/external-gateway-multihoming => generated 227 bytes in 5 msecs (HTTP/1.1 200) 4 headers in 157 bytes (1 switches on core 0)
Jun 04 09:35:09.498289 np0000178519 devstack@neutron-api.service[103229]: DEBUG neutron_lib.callbacks.manager [None req-45803fc1-6588-4bcd-b008-66d8ce40172d admin admin] Publish callbacks [] for router_gateway (2b9aaea7-0d99-463e-ad2f-b3a17fbe6c1d), precommit_update {{(pid=103229) _notify_loop /opt/stack/data/venv/lib/python3.12/site-packages/neutron_lib/callbacks/manager.py:184}}
Jun 04 09:35:09.575682 np0000178519 devstack@neutron-api.service[103229]: DEBUG neutron_lib.callbacks.manager [None req-45803fc1-6588-4bcd-b008-66d8ce40172d admin admin] Publish callbacks [] for router_gateway (2b9aaea7-0d99-463e-ad2f-b3a17fbe6c1d), before_create {{(pid=103229) _notify_loop /opt/stack/data/venv/lib/python3.12/site-packages/neutron_lib/callbacks/manager.py:184}}
Jun 04 09:35:09.607395 np0000178519 devstack@neutron-api.service[103229]: DEBUG neutron_lib.callbacks.manager [None req-45803fc1-6588-4bcd-b008-66d8ce40172d admin admin] Publish callbacks ['neutron.plugins.ml2.plugin.SecurityGroupDbMixin._ensure_default_security_group_handler-978307'] for port (None), before_create {{(pid=103229) _notify_loop /opt/stack/data/venv/lib/python3.12/site-packages/neutron_lib/callbacks/manager.py:184}}
Jun 04 09:35:09.671268 np0000178519 devstack@neutron-api.service[103229]: DEBUG neutron.db.db_base_plugin_common [None req-45803fc1-6588-4bcd-b008-66d8ce40172d admin admin] Allocated IP 172.24.5.134 (d7a03a61-c930-4ba1-ba4d-7441c9b92a66/855f21ef-ac9f-4f58-aa52-6472326457d7/1760650f-5b4a-4d87-815c-0662828539b6) {{(pid=103229) _store_ip_allocation /opt/stack/neutron/neutron/db/db_base_plugin_common.py:131}}
Jun 04 09:35:09.718649 np0000178519 devstack@neutron-api.service[103229]: DEBUG neutron_lib.callbacks.manager [None req-45803fc1-6588-4bcd-b008-66d8ce40172d admin admin] Publish callbacks ['neutron.plugins.ml2.drivers.ovn.mech_driver.mech_driver.OVNMechanismDriver._validate_allowed_address_pairs-245664'] for allowed_address_pair (1760650f-5b4a-4d87-815c-0662828539b6), before_create {{(pid=103229) _notify_loop /opt/stack/data/venv/lib/python3.12/site-packages/neutron_lib/callbacks/manager.py:184}}
Jun 04 09:35:09.719221 np0000178519 devstack@neutron-api.service[103229]: DEBUG neutron_lib.callbacks.manager [None req-45803fc1-6588-4bcd-b008-66d8ce40172d admin admin] Publish callbacks [] for port (1760650f-5b4a-4d87-815c-0662828539b6), precommit_create {{(pid=103229) _notify_loop /opt/stack/data/venv/lib/python3.12/site-packages/neutron_lib/callbacks/manager.py:184}}
Jun 04 09:35:09.719397 np0000178519 devstack@neutron-api.service[103229]: DEBUG neutron.plugins.ml2.drivers.ovn.mech_driver.mech_driver [None req-45803fc1-6588-4bcd-b008-66d8ce40172d admin admin] No provisioning block for port 1760650f-5b4a-4d87-815c-0662828539b6 since it does not have a host {{(pid=103229) _is_port_provisioning_required /opt/stack/neutron/neutron/plugins/ml2/drivers/ovn/mech_driver/mech_driver.py:896}}
Jun 04 09:35:09.719504 np0000178519 devstack@neutron-api.service[103229]: DEBUG neutron.db.ovn_revision_numbers_db [None req-45803fc1-6588-4bcd-b008-66d8ce40172d admin admin] create_initial_revision uuid=1760650f-5b4a-4d87-815c-0662828539b6, type=ports, rev=-1 {{(pid=103229) create_initial_revision /opt/stack/neutron/neutron/db/ovn_revision_numbers_db.py:98}}
Jun 04 09:35:09.769944 np0000178519 devstack@neutron-api.service[103229]: DEBUG neutron.db.ovn_revision_numbers_db [None req-45803fc1-6588-4bcd-b008-66d8ce40172d admin admin] create_initial_revision uuid=1760650f-5b4a-4d87-815c-0662828539b6, type=router_ports, rev=-1 {{(pid=103229) create_initial_revision /opt/stack/neutron/neutron/db/ovn_revision_numbers_db.py:98}}
Jun 04 09:35:09.800957 np0000178519 devstack@neutron-api.service[103229]: DEBUG neutron_lib.callbacks.manager [None req-45803fc1-6588-4bcd-b008-66d8ce40172d admin admin] Publish callbacks ['neutron.plugins.ml2.ovo_rpc._ObjectChangeHandler.handle_event-3810506'] for port (1760650f-5b4a-4d87-815c-0662828539b6), after_create {{(pid=103229) _notify_loop /opt/stack/data/venv/lib/python3.12/site-packages/neutron_lib/callbacks/manager.py:184}}
Jun 04 09:35:09.838286 np0000178519 devstack@neutron-api.service[103229]: DEBUG neutron.api.rpc.handlers.resources_rpc [None req-45803fc1-6588-4bcd-b008-66d8ce40172d admin admin] Pushing event updated for resources: {'Port': ['ID=1760650f-5b4a-4d87-815c-0662828539b6,revision_number=1']} {{(pid=103229) push /opt/stack/neutron/neutron/api/rpc/handlers/resources_rpc.py:237}}
Jun 04 09:35:09.894196 np0000178519 devstack@neutron-api.service[103229]: DEBUG ovsdbapp.backend.ovs_idl.transaction [None req-4ce2bef1-7c01-4f72-9617-1c41bf20ae07 None None] Running txn n=1 command(idx=0): AddLSwitchPortCommand(_result=None, lport=1760650f-5b4a-4d87-815c-0662828539b6, lswitch=neutron-d7a03a61-c930-4ba1-ba4d-7441c9b92a66, may_exist=True, network_uuid=d7a03a61-c930-4ba1-ba4d-7441c9b92a66, columns={'addresses': ['unknown'], 'external_ids': {'neutron:port_name': '', 'neutron:device_id': '2b9aaea7-0d99-463e-ad2f-b3a17fbe6c1d', 'neutron:project_id': '', 'neutron:cidrs': '172.24.5.134/24', 'neutron:device_owner': 'network:router_gateway', 'neutron:subnet_pool_addr_scope4': '', 'neutron:subnet_pool_addr_scope6': '', 'neutron:network_name': 'neutron-d7a03a61-c930-4ba1-ba4d-7441c9b92a66', 'neutron:security_group_ids': '', 'neutron:revision_number': '1', 'neutron:vnic_type': 'normal', 'neutron:port_capabilities': '', 'neutron:mtu': ''}, 'parent_name': [], 'tag': [], 'enabled': True, 'options': {}, 'type': '', 'port_security': [], 'dhcpv4_options': [], 'dhcpv6_options': []}) {{(pid=103229) do_commit /opt/stack/data/venv/lib/python3.12/site-packages/ovsdbapp/backend/ovs_idl/transaction.py:89}}
Jun 04 09:35:09.895188 np0000178519 devstack@neutron-api.service[103229]: DEBUG ovsdbapp.backend.ovs_idl.transaction [None req-4ce2bef1-7c01-4f72-9617-1c41bf20ae07 None None] Running txn n=1 command(idx=1): QoSDelCommand(_result=None, switch=neutron-d7a03a61-c930-4ba1-ba4d-7441c9b92a66, conditions=[('direction', '=', 'to-lport'), ('priority', '=', 2002), ('match', '=', 'outport == "1760650f-5b4a-4d87-815c-0662828539b6"')], if_exists=True) {{(pid=103229) do_commit /opt/stack/data/venv/lib/python3.12/site-packages/ovsdbapp/backend/ovs_idl/transaction.py:89}}
Jun 04 09:35:09.895558 np0000178519 devstack@neutron-api.service[103229]: DEBUG ovsdbapp.backend.ovs_idl.transaction [None req-4ce2bef1-7c01-4f72-9617-1c41bf20ae07 None None] Running txn n=1 command(idx=2): QoSDelCommand(_result=None, switch=neutron-d7a03a61-c930-4ba1-ba4d-7441c9b92a66, conditions=[('direction', '=', 'from-lport'), ('priority', '=', 2002), ('match', '=', 'inport == "1760650f-5b4a-4d87-815c-0662828539b6"')], if_exists=True) {{(pid=103229) do_commit /opt/stack/data/venv/lib/python3.12/site-packages/ovsdbapp/backend/ovs_idl/transaction.py:89}}
Jun 04 09:35:09.895995 np0000178519 devstack@neutron-api.service[103229]: DEBUG ovsdbapp.backend.ovs_idl.transaction [None req-4ce2bef1-7c01-4f72-9617-1c41bf20ae07 None None] Running txn n=1 command(idx=3): UpdateLSwitchPortQosOptionsCommand(_result=None, lport=AddLSwitchPortCommand(_result=eef2d37d-0f07-44a7-93d6-00378c8419d8, lport=1760650f-5b4a-4d87-815c-0662828539b6, lswitch=neutron-d7a03a61-c930-4ba1-ba4d-7441c9b92a66, may_exist=True, network_uuid=d7a03a61-c930-4ba1-ba4d-7441c9b92a66, columns={'addresses': ['unknown'], 'external_ids': {'neutron:port_name': '', 'neutron:device_id': '2b9aaea7-0d99-463e-ad2f-b3a17fbe6c1d', 'neutron:project_id': '', 'neutron:cidrs': '172.24.5.134/24', 'neutron:device_owner': 'network:router_gateway', 'neutron:subnet_pool_addr_scope4': '', 'neutron:subnet_pool_addr_scope6': '', 'neutron:network_name': 'neutron-d7a03a61-c930-4ba1-ba4d-7441c9b92a66', 'neutron:security_group_ids': '', 'neutron:revision_number': '1', 'neutron:vnic_type': 'normal', 'neutron:port_capabilities': '', 'neutron:mtu': ''}, 'parent_name': [], 'enabled': True, 'options': {}, 'type': '', 'port_security': []}), if_exists=True, qos={'qos_max_rate': None, 'qos_burst': None, 'qos_min_rate': None}) {{(pid=103229) do_commit /opt/stack/data/venv/lib/python3.12/site-packages/ovsdbapp/backend/ovs_idl/transaction.py:89}}
Jun 04 09:35:09.903177 np0000178519 devstack@neutron-api.service[103229]: DEBUG neutron.plugins.ml2.drivers.ovn.mech_driver.ovsdb.ovsdb_monitor [None req-4ce2bef1-7c01-4f72-9617-1c41bf20ae07 None None] Touching Hash Ring node "e24104f26ccc516aa585f94add36c5c3" from IDL notify handler {{(pid=103229) notify /opt/stack/neutron/neutron/plugins/ml2/drivers/ovn/mech_driver/ovsdb/ovsdb_monitor.py:1007}}
Jun 04 09:35:09.908017 np0000178519 devstack@neutron-api.service[103226]: DEBUG neutron.plugins.ml2.drivers.ovn.mech_driver.ovsdb.ovsdb_monitor [None req-65022dd3-f3e0-421f-a754-25d5e92971cd None None] Touching Hash Ring node "fc50ccdbcc0c5c168bf23151d2c436b4" from IDL notify handler {{(pid=103226) notify /opt/stack/neutron/neutron/plugins/ml2/drivers/ovn/mech_driver/ovsdb/ovsdb_monitor.py:1007}}
Jun 04 09:35:09.908582 np0000178519 devstack@neutron-api.service[103227]: DEBUG neutron.plugins.ml2.drivers.ovn.mech_driver.ovsdb.ovsdb_monitor [None req-8e1890e8-0278-4915-bfe5-b39972ea0b4a None None] Touching Hash Ring node "02a0fee7a5f25c8d8b41aa6a1750b015" from IDL notify handler {{(pid=103227) notify /opt/stack/neutron/neutron/plugins/ml2/drivers/ovn/mech_driver/ovsdb/ovsdb_monitor.py:1007}}
Jun 04 09:35:09.908668 np0000178519 devstack@neutron-api.service[103228]: DEBUG neutron.plugins.ml2.drivers.ovn.mech_driver.ovsdb.ovsdb_monitor [None req-b48d492e-e73d-4ad9-872a-c911e022a2cf None None] Touching Hash Ring node "4f129335c65a5d20a98cb1155dc2aefb" from IDL notify handler {{(pid=103228) notify /opt/stack/neutron/neutron/plugins/ml2/drivers/ovn/mech_driver/ovsdb/ovsdb_monitor.py:1007}}
Jun 04 09:35:09.911719 np0000178519 devstack@neutron-api.service[103229]: DEBUG neutron.plugins.ml2.drivers.ovn.mech_driver.ovsdb.ovsdb_monitor [None req-4ce2bef1-7c01-4f72-9617-1c41bf20ae07 None None] Hash Ring: Node e24104f26ccc516aa585f94add36c5c3 (host: np0000178519) handling event "create" for row b21b5883-3a77-45e1-8aef-edb0ed21d6cb (table: Logical_Switch_Port) {{(pid=103229) notify /opt/stack/neutron/neutron/plugins/ml2/drivers/ovn/mech_driver/ovsdb/ovsdb_monitor.py:1015}}
Jun 04 09:35:09.913586 np0000178519 devstack@neutron-api.service[103229]: DEBUG ovsdbapp.backend.ovs_idl.event [None req-4ce2bef1-7c01-4f72-9617-1c41bf20ae07 None None] Matched CREATE: LogicalSwitchPortCreateEvent(events=('create',), table='Logical_Switch_Port', conditions=[], old_conditions=None), priority=20 to row=Logical_Switch_Port(uuid=b21b5883-3a77-45e1-8aef-edb0ed21d6cb, addresses=['unknown'], dhcpv4_options=[], dhcpv6_options=[], dynamic_addresses=[], enabled=True, external_ids={'neutron:cidrs': '172.24.5.134/24', 'neutron:device_id': '2b9aaea7-0d99-463e-ad2f-b3a17fbe6c1d', 'neutron:device_owner': 'network:router_gateway', 'neutron:mtu': '', 'neutron:network_name': 'neutron-d7a03a61-c930-4ba1-ba4d-7441c9b92a66', 'neutron:port_capabilities': '', 'neutron:port_name': '', 'neutron:project_id': '', 'neutron:revision_number': '1', 'neutron:security_group_ids': '', 'neutron:subnet_pool_addr_scope4': '', 'neutron:subnet_pool_addr_scope6': '', 'neutron:vnic_type': 'normal'}, ha_chassis_group=[], mirror_rules=[], name='1760650f-5b4a-4d87-815c-0662828539b6', options={}, parent_name=[], port_security=[], tag=[], tag_request=[], type='', up=[]) old= {{(pid=103229) matches /opt/stack/data/venv/lib/python3.12/site-packages/ovsdbapp/backend/ovs_idl/event.py:55}}
Jun 04 09:35:09.913837 np0000178519 devstack@neutron-api.service[103228]: DEBUG neutron.plugins.ml2.drivers.ovn.mech_driver.ovsdb.ovsdb_monitor [None req-6ffcabb4-c5c4-42b1-9698-a29778af4176 None None] Touching Hash Ring node "4f129335c65a5d20a98cb1155dc2aefb" from IDL notify handler {{(pid=103228) notify /opt/stack/neutron/neutron/plugins/ml2/drivers/ovn/mech_driver/ovsdb/ovsdb_monitor.py:1007}}
Jun 04 09:35:09.916381 np0000178519 devstack@neutron-api.service[103227]: DEBUG neutron.plugins.ml2.drivers.ovn.mech_driver.ovsdb.ovsdb_monitor [None req-8e1890e8-0278-4915-bfe5-b39972ea0b4a None None] Hash Ring: Node 02a0fee7a5f25c8d8b41aa6a1750b015 (host: np0000178519) handling event "create" for row e5339511-9aa4-47d2-9e7b-9eb59bd6d320 (table: Port_Binding) {{(pid=103227) notify /opt/stack/neutron/neutron/plugins/ml2/drivers/ovn/mech_driver/ovsdb/ovsdb_monitor.py:1015}}
Jun 04 09:35:09.916599 np0000178519 devstack@neutron-api.service[103229]: DEBUG neutron.plugins.ml2.drivers.ovn.mech_driver.ovsdb.ovsdb_monitor [None req-4ce2bef1-7c01-4f72-9617-1c41bf20ae07 None None] Touching Hash Ring node "e24104f26ccc516aa585f94add36c5c3" from IDL notify handler {{(pid=103229) notify /opt/stack/neutron/neutron/plugins/ml2/drivers/ovn/mech_driver/ovsdb/ovsdb_monitor.py:1007}}
Jun 04 09:35:09.918294 np0000178519 devstack@neutron-api.service[103226]: DEBUG neutron.plugins.ml2.drivers.ovn.mech_driver.ovsdb.ovsdb_monitor [None req-65022dd3-f3e0-421f-a754-25d5e92971cd None None] Hash Ring: Node fc50ccdbcc0c5c168bf23151d2c436b4 (host: np0000178519) handling event "update" for row d7a03a61-c930-4ba1-ba4d-7441c9b92a66 (table: Logical_Switch) {{(pid=103226) notify /opt/stack/neutron/neutron/plugins/ml2/drivers/ovn/mech_driver/ovsdb/ovsdb_monitor.py:1015}}
Jun 04 09:35:09.919095 np0000178519 devstack@neutron-api.service[103226]: DEBUG neutron.plugins.ml2.drivers.ovn.mech_driver.ovsdb.ovsdb_monitor [None req-65022dd3-f3e0-421f-a754-25d5e92971cd None None] Touching Hash Ring node "fc50ccdbcc0c5c168bf23151d2c436b4" from IDL notify handler {{(pid=103226) notify /opt/stack/neutron/neutron/plugins/ml2/drivers/ovn/mech_driver/ovsdb/ovsdb_monitor.py:1007}}
Jun 04 09:35:09.919245 np0000178519 devstack@neutron-api.service[103228]: DEBUG neutron.plugins.ml2.drivers.ovn.mech_driver.ovsdb.ovsdb_monitor [None req-6ffcabb4-c5c4-42b1-9698-a29778af4176 None None] Hash Ring: Node 4f129335c65a5d20a98cb1155dc2aefb (host: np0000178519) handling event "create" for row e5339511-9aa4-47d2-9e7b-9eb59bd6d320 (table: Port_Binding) {{(pid=103228) notify /opt/stack/neutron/neutron/plugins/ml2/drivers/ovn/mech_driver/ovsdb/ovsdb_monitor.py:1015}}
Jun 04 09:35:09.919807 np0000178519 devstack@neutron-api.service[103228]: DEBUG neutron.plugins.ml2.drivers.ovn.mech_driver.ovsdb.ovsdb_monitor [None req-b48d492e-e73d-4ad9-872a-c911e022a2cf None None] Hash Ring: Node 4f129335c65a5d20a98cb1155dc2aefb (host: np0000178519) handling event "update" for row d7a03a61-c930-4ba1-ba4d-7441c9b92a66 (table: Logical_Switch) {{(pid=103228) notify /opt/stack/neutron/neutron/plugins/ml2/drivers/ovn/mech_driver/ovsdb/ovsdb_monitor.py:1015}}
Jun 04 09:35:09.920088 np0000178519 devstack@neutron-api.service[103229]: DEBUG neutron.plugins.ml2.drivers.ovn.mech_driver.ovsdb.ovsdb_monitor [None req-4ce2bef1-7c01-4f72-9617-1c41bf20ae07 None None] Hash Ring: Node e24104f26ccc516aa585f94add36c5c3 (host: np0000178519) handling event "update" for row b21b5883-3a77-45e1-8aef-edb0ed21d6cb (table: Logical_Switch_Port) {{(pid=103229) notify /opt/stack/neutron/neutron/plugins/ml2/drivers/ovn/mech_driver/ovsdb/ovsdb_monitor.py:1015}}
Jun 04 09:35:09.921197 np0000178519 devstack@neutron-api.service[103228]: DEBUG neutron.plugins.ml2.drivers.ovn.mech_driver.ovsdb.ovsdb_monitor [None req-b48d492e-e73d-4ad9-872a-c911e022a2cf None None] Touching Hash Ring node "4f129335c65a5d20a98cb1155dc2aefb" from IDL notify handler {{(pid=103228) notify /opt/stack/neutron/neutron/plugins/ml2/drivers/ovn/mech_driver/ovsdb/ovsdb_monitor.py:1007}}
Jun 04 09:35:09.921328 np0000178519 devstack@neutron-api.service[103226]: DEBUG neutron.plugins.ml2.drivers.ovn.mech_driver.ovsdb.ovsdb_monitor [None req-65022dd3-f3e0-421f-a754-25d5e92971cd None None] Hash Ring: Node fc50ccdbcc0c5c168bf23151d2c436b4 (host: np0000178519) handling event "create" for row b21b5883-3a77-45e1-8aef-edb0ed21d6cb (table: Logical_Switch_Port) {{(pid=103226) notify /opt/stack/neutron/neutron/plugins/ml2/drivers/ovn/mech_driver/ovsdb/ovsdb_monitor.py:1015}}
Jun 04 09:35:09.922400 np0000178519 devstack@neutron-api.service[103226]: DEBUG ovsdbapp.backend.ovs_idl.event [None req-65022dd3-f3e0-421f-a754-25d5e92971cd None None] Matched CREATE: LogicalSwitchPortCreateEvent(events=('create',), table='Logical_Switch_Port', conditions=[], old_conditions=None), priority=20 to row=Logical_Switch_Port(uuid=b21b5883-3a77-45e1-8aef-edb0ed21d6cb, addresses=['unknown'], dhcpv4_options=[], dhcpv6_options=[], dynamic_addresses=[], enabled=True, external_ids={'neutron:cidrs': '172.24.5.134/24', 'neutron:device_id': '2b9aaea7-0d99-463e-ad2f-b3a17fbe6c1d', 'neutron:device_owner': 'network:router_gateway', 'neutron:mtu': '', 'neutron:network_name': 'neutron-d7a03a61-c930-4ba1-ba4d-7441c9b92a66', 'neutron:port_capabilities': '', 'neutron:port_name': '', 'neutron:project_id': '', 'neutron:revision_number': '1', 'neutron:security_group_ids': '', 'neutron:subnet_pool_addr_scope4': '', 'neutron:subnet_pool_addr_scope6': '', 'neutron:vnic_type': 'normal'}, ha_chassis_group=[], mirror_rules=[], name='1760650f-5b4a-4d87-815c-0662828539b6', options={}, parent_name=[], port_security=[], tag=[], tag_request=[], type='', up=[]) old= {{(pid=103226) matches /opt/stack/data/venv/lib/python3.12/site-packages/ovsdbapp/backend/ovs_idl/event.py:55}}
Jun 04 09:35:09.924039 np0000178519 devstack@neutron-api.service[103228]: DEBUG neutron.plugins.ml2.drivers.ovn.mech_driver.ovsdb.ovsdb_monitor [None req-b48d492e-e73d-4ad9-872a-c911e022a2cf None None] Hash Ring: Node 4f129335c65a5d20a98cb1155dc2aefb (host: np0000178519) handling event "create" for row b21b5883-3a77-45e1-8aef-edb0ed21d6cb (table: Logical_Switch_Port) {{(pid=103228) notify /opt/stack/neutron/neutron/plugins/ml2/drivers/ovn/mech_driver/ovsdb/ovsdb_monitor.py:1015}}
Jun 04 09:35:09.924369 np0000178519 devstack@neutron-api.service[103226]: DEBUG neutron.plugins.ml2.drivers.ovn.mech_driver.ovsdb.ovsdb_monitor [None req-65022dd3-f3e0-421f-a754-25d5e92971cd None None] Touching Hash Ring node "fc50ccdbcc0c5c168bf23151d2c436b4" from IDL notify handler {{(pid=103226) notify /opt/stack/neutron/neutron/plugins/ml2/drivers/ovn/mech_driver/ovsdb/ovsdb_monitor.py:1007}}
Jun 04 09:35:09.925614 np0000178519 devstack@neutron-api.service[103228]: DEBUG ovsdbapp.backend.ovs_idl.event [None req-b48d492e-e73d-4ad9-872a-c911e022a2cf None None] Matched CREATE: LogicalSwitchPortCreateEvent(events=('create',), table='Logical_Switch_Port', conditions=[], old_conditions=None), priority=20 to row=Logical_Switch_Port(uuid=b21b5883-3a77-45e1-8aef-edb0ed21d6cb, addresses=['unknown'], dhcpv4_options=[], dhcpv6_options=[], dynamic_addresses=[], enabled=True, external_ids={'neutron:cidrs': '172.24.5.134/24', 'neutron:device_id': '2b9aaea7-0d99-463e-ad2f-b3a17fbe6c1d', 'neutron:device_owner': 'network:router_gateway', 'neutron:mtu': '', 'neutron:network_name': 'neutron-d7a03a61-c930-4ba1-ba4d-7441c9b92a66', 'neutron:port_capabilities': '', 'neutron:port_name': '', 'neutron:project_id': '', 'neutron:revision_number': '1', 'neutron:security_group_ids': '', 'neutron:subnet_pool_addr_scope4': '', 'neutron:subnet_pool_addr_scope6': '', 'neutron:vnic_type': 'normal'}, ha_chassis_group=[], mirror_rules=[], name='1760650f-5b4a-4d87-815c-0662828539b6', options={}, parent_name=[], port_security=[], tag=[], tag_request=[], type='', up=[]) old= {{(pid=103228) matches /opt/stack/data/venv/lib/python3.12/site-packages/ovsdbapp/backend/ovs_idl/event.py:55}}
Jun 04 09:35:09.927007 np0000178519 devstack@neutron-api.service[103226]: DEBUG neutron.plugins.ml2.drivers.ovn.mech_driver.ovsdb.ovsdb_monitor [None req-65022dd3-f3e0-421f-a754-25d5e92971cd None None] Hash Ring: Node fc50ccdbcc0c5c168bf23151d2c436b4 (host: np0000178519) handling event "update" for row b21b5883-3a77-45e1-8aef-edb0ed21d6cb (table: Logical_Switch_Port) {{(pid=103226) notify /opt/stack/neutron/neutron/plugins/ml2/drivers/ovn/mech_driver/ovsdb/ovsdb_monitor.py:1015}}
Jun 04 09:35:09.927771 np0000178519 devstack@neutron-api.service[103228]: DEBUG neutron.plugins.ml2.drivers.ovn.mech_driver.ovsdb.ovsdb_monitor [None req-b48d492e-e73d-4ad9-872a-c911e022a2cf None None] Touching Hash Ring node "4f129335c65a5d20a98cb1155dc2aefb" from IDL notify handler {{(pid=103228) notify /opt/stack/neutron/neutron/plugins/ml2/drivers/ovn/mech_driver/ovsdb/ovsdb_monitor.py:1007}}
Jun 04 09:35:09.931034 np0000178519 devstack@neutron-api.service[103228]: DEBUG neutron.plugins.ml2.drivers.ovn.mech_driver.ovsdb.ovsdb_monitor [None req-b48d492e-e73d-4ad9-872a-c911e022a2cf None None] Hash Ring: Node 4f129335c65a5d20a98cb1155dc2aefb (host: np0000178519) handling event "update" for row b21b5883-3a77-45e1-8aef-edb0ed21d6cb (table: Logical_Switch_Port) {{(pid=103228) notify /opt/stack/neutron/neutron/plugins/ml2/drivers/ovn/mech_driver/ovsdb/ovsdb_monitor.py:1015}}
Jun 04 09:35:09.951383 np0000178519 devstack@neutron-api.service[103229]: INFO neutron.db.ovn_revision_numbers_db [None req-45803fc1-6588-4bcd-b008-66d8ce40172d admin admin] Successfully bumped revision number for resource 1760650f-5b4a-4d87-815c-0662828539b6 (type: ports) to 1
Jun 04 09:35:10.300499 np0000178519 devstack@neutron-api.service[103229]: DEBUG neutron_lib.callbacks.manager [None req-45803fc1-6588-4bcd-b008-66d8ce40172d admin admin] Publish callbacks [] for router_gateway (2b9aaea7-0d99-463e-ad2f-b3a17fbe6c1d), after_create {{(pid=103229) _notify_loop /opt/stack/data/venv/lib/python3.12/site-packages/neutron_lib/callbacks/manager.py:184}}
Jun 04 09:35:10.484347 np0000178519 devstack@neutron-api.service[103229]: DEBUG neutron_lib.callbacks.manager [None req-45803fc1-6588-4bcd-b008-66d8ce40172d admin admin] Publish callbacks ['neutron.services.ovn_l3.plugin.ExtraGatewaysDbOnlyMixin._process_bfd_ecmp_update-295581', 'neutron.services.ovn_l3.service_providers.driver_controller.DriverController._update_router_provider-322141'] for router (2b9aaea7-0d99-463e-ad2f-b3a17fbe6c1d), precommit_update {{(pid=103229) _notify_loop /opt/stack/data/venv/lib/python3.12/site-packages/neutron_lib/callbacks/manager.py:184}}
Jun 04 09:35:10.486999 np0000178519 devstack@neutron-api.service[103229]: DEBUG neutron_lib.callbacks.manager [None req-45803fc1-6588-4bcd-b008-66d8ce40172d admin admin] Publish callbacks ['neutron.services.ovn_l3.service_providers.ovn.OvnDriver._process_router_update-11579'] for router (2b9aaea7-0d99-463e-ad2f-b3a17fbe6c1d), after_update {{(pid=103229) _notify_loop /opt/stack/data/venv/lib/python3.12/site-packages/neutron_lib/callbacks/manager.py:184}}
Jun 04 09:35:10.487290 np0000178519 devstack@neutron-api.service[103229]: INFO neutron.plugins.ml2.drivers.ovn.mech_driver.ovsdb.extensions.qos [None req-45803fc1-6588-4bcd-b008-66d8ce40172d admin admin] Starting OVNClientQosExtension
Jun 04 09:35:10.966284 np0000178519 devstack@neutron-api.service[103229]: DEBUG ovsdbapp.backend.ovs_idl.transaction [None req-4ce2bef1-7c01-4f72-9617-1c41bf20ae07 None None] Running txn n=1 command(idx=0): CheckRevisionNumberCommand(_result=None, name=neutron-2b9aaea7-0d99-463e-ad2f-b3a17fbe6c1d, resource={'id': '2b9aaea7-0d99-463e-ad2f-b3a17fbe6c1d', 'name': 'router1', 'project_id': 'dabc982f69ce45ebb20d5f5531e2febf', 'admin_state_up': True, 'status': 'ACTIVE', 'enable_snat': True, 'external_gateway_info': {'network_id': 'd7a03a61-c930-4ba1-ba4d-7441c9b92a66', 'external_fixed_ips': [{'subnet_id': '855f21ef-ac9f-4f58-aa52-6472326457d7', 'ip_address': '172.24.5.134'}], 'enable_snat': True}, 'gw_port_id': '1760650f-5b4a-4d87-815c-0662828539b6', 'description': '', 'availability_zones': [], 'distributed': False, 'ha': True, 'ha_vr_id': 0, 'availability_zone_hints': [], 'enable_default_route_ecmp': False, 'enable_default_route_bfd': False, 'external_gateways': [{'network_id': 'd7a03a61-c930-4ba1-ba4d-7441c9b92a66', 'external_fixed_ips': [{'ip_address': '172.24.5.134', 'subnet_id': '855f21ef-ac9f-4f58-aa52-6472326457d7'}]}], 'routes': [], 'flavor_id': None, 'tags': [], 'created_at': '2026-06-04T09:35:02Z', 'updated_at': '2026-06-04T09:35:10Z', 'revision_number': 3, 'tenant_id': 'dabc982f69ce45ebb20d5f5531e2febf'}, resource_type=routers, if_exists=True) {{(pid=103229) do_commit /opt/stack/data/venv/lib/python3.12/site-packages/ovsdbapp/backend/ovs_idl/transaction.py:89}}
Jun 04 09:35:10.967126 np0000178519 devstack@neutron-api.service[103229]: DEBUG ovsdbapp.backend.ovs_idl.transaction [None req-4ce2bef1-7c01-4f72-9617-1c41bf20ae07 None None] Running txn n=1 command(idx=1): DeleteLRouterExtGwCommand(_result=None, lrouter=neutron-2b9aaea7-0d99-463e-ad2f-b3a17fbe6c1d, if_exists=True, maintain_bfd=True) {{(pid=103229) do_commit /opt/stack/data/venv/lib/python3.12/site-packages/ovsdbapp/backend/ovs_idl/transaction.py:89}}
Jun 04 09:35:10.967392 np0000178519 devstack@neutron-api.service[103229]: DEBUG ovsdbapp.backend.ovs_idl.transaction [None req-4ce2bef1-7c01-4f72-9617-1c41bf20ae07 None None] Running txn n=1 command(idx=2): DeleteNATRuleInLRouterCommand(_result=None, lrouter=neutron-2b9aaea7-0d99-463e-ad2f-b3a17fbe6c1d, type=snat, logical_ip=10.1.0.0/26, external_ip=172.24.5.134, if_exists=True) {{(pid=103229) do_commit /opt/stack/data/venv/lib/python3.12/site-packages/ovsdbapp/backend/ovs_idl/transaction.py:89}}
Jun 04 09:35:10.967591 np0000178519 devstack@neutron-api.service[103229]: DEBUG ovsdbapp.backend.ovs_idl.transaction [None req-4ce2bef1-7c01-4f72-9617-1c41bf20ae07 None None] Running txn n=1 command(idx=3): DelStaticRoutesCommand(_result=None, lrouter=neutron-2b9aaea7-0d99-463e-ad2f-b3a17fbe6c1d, routes=[('0.0.0.0/0', '172.24.5.1')], if_exists=True) {{(pid=103229) do_commit /opt/stack/data/venv/lib/python3.12/site-packages/ovsdbapp/backend/ovs_idl/transaction.py:89}}
Jun 04 09:35:10.967892 np0000178519 devstack@neutron-api.service[103229]: DEBUG ovsdbapp.backend.ovs_idl.transaction [None req-4ce2bef1-7c01-4f72-9617-1c41bf20ae07 None None] Running txn n=1 command(idx=4): DelLRouterPortCommand(_result=None, name=lrp-1760650f-5b4a-4d87-815c-0662828539b6, lrouter=neutron-2b9aaea7-0d99-463e-ad2f-b3a17fbe6c1d, if_exists=True) {{(pid=103229) do_commit /opt/stack/data/venv/lib/python3.12/site-packages/ovsdbapp/backend/ovs_idl/transaction.py:89}}
Jun 04 09:35:10.968175 np0000178519 devstack@neutron-api.service[103229]: DEBUG ovsdbapp.backend.ovs_idl.transaction [None req-4ce2bef1-7c01-4f72-9617-1c41bf20ae07 None None] Running txn n=1 command(idx=5): AddLRouterPortCommand(_result=None, name=lrp-1760650f-5b4a-4d87-815c-0662828539b6, lrouter=neutron-2b9aaea7-0d99-463e-ad2f-b3a17fbe6c1d, may_exist=True, columns={'mac': 'fa:16:3e:29:a9:2e', 'networks': ['172.24.5.134/24'], 'external_ids': {'neutron:revision_number': '1', 'neutron:subnet_ids': '855f21ef-ac9f-4f58-aa52-6472326457d7', 'neutron:network_name': 'neutron-d7a03a61-c930-4ba1-ba4d-7441c9b92a66', 'neutron:is_ext_gw': 'True', 'neutron:router_name': 'neutron-2b9aaea7-0d99-463e-ad2f-b3a17fbe6c1d'}, 'options': {'reside-on-redirect-chassis': 'true', 'gateway_mtu': '1372'}}) {{(pid=103229) do_commit /opt/stack/data/venv/lib/python3.12/site-packages/ovsdbapp/backend/ovs_idl/transaction.py:89}}
Jun 04 09:35:10.969170 np0000178519 devstack@neutron-api.service[103229]: DEBUG ovsdbapp.backend.ovs_idl.transaction [None req-4ce2bef1-7c01-4f72-9617-1c41bf20ae07 None None] Running txn n=1 command(idx=6): ScheduleNewGatewayCommand(_result=None, g_name=lrp-1760650f-5b4a-4d87-815c-0662828539b6, sb_api=, lrouter_name=neutron-2b9aaea7-0d99-463e-ad2f-b3a17fbe6c1d, ovn_client=, scheduler=, physnet=public, az_hints=[]) {{(pid=103229) do_commit /opt/stack/data/venv/lib/python3.12/site-packages/ovsdbapp/backend/ovs_idl/transaction.py:89}}
Jun 04 09:35:10.970439 np0000178519 devstack@neutron-api.service[103229]: DEBUG neutron.plugins.ml2.drivers.ovn.mech_driver.ovsdb.ovn_client [None req-4ce2bef1-7c01-4f72-9617-1c41bf20ae07 None None] Chassis candidates for scheduling gateway router ports for "public" physical network: ['a2e8b7d3-af7a-49a4-a959-f0678a460e17'] {{(pid=103229) get_candidates_for_scheduling /opt/stack/neutron/neutron/plugins/ml2/drivers/ovn/mech_driver/ovsdb/ovn_client.py:1731}}
Jun 04 09:35:10.971228 np0000178519 devstack@neutron-api.service[103229]: DEBUG neutron.scheduler.l3_ovn_scheduler [None req-4ce2bef1-7c01-4f72-9617-1c41bf20ae07 None None] Gateway lrp-1760650f-5b4a-4d87-815c-0662828539b6 scheduled on chassis ['a2e8b7d3-af7a-49a4-a959-f0678a460e17'] {{(pid=103229) _schedule_gateway /opt/stack/neutron/neutron/scheduler/l3_ovn_scheduler.py:88}}
Jun 04 09:35:10.972090 np0000178519 devstack@neutron-api.service[103229]: DEBUG ovsdbapp.backend.ovs_idl.transaction [None req-4ce2bef1-7c01-4f72-9617-1c41bf20ae07 None None] Running txn n=1 command(idx=7): SetLRouterPortInLSwitchPortCommand(_result=None, lswitch_port=1760650f-5b4a-4d87-815c-0662828539b6, lrouter_port=lrp-1760650f-5b4a-4d87-815c-0662828539b6, is_gw_port=True, if_exists=True, lsp_address=router) {{(pid=103229) do_commit /opt/stack/data/venv/lib/python3.12/site-packages/ovsdbapp/backend/ovs_idl/transaction.py:89}}
Jun 04 09:35:10.972925 np0000178519 devstack@neutron-api.service[103229]: DEBUG ovsdbapp.backend.ovs_idl.transaction [None req-4ce2bef1-7c01-4f72-9617-1c41bf20ae07 None None] Running txn n=1 command(idx=8): AddStaticRouteCommand(_result=None, lrouter=neutron-2b9aaea7-0d99-463e-ad2f-b3a17fbe6c1d, maintain_bfd=False, columns={'ip_prefix': '0.0.0.0/0', 'nexthop': '172.24.5.1', 'external_ids': {'neutron:is_ext_gw': 'true', 'neutron:subnet_id': '855f21ef-ac9f-4f58-aa52-6472326457d7', 'neutron:is_static_route': 'true'}}) {{(pid=103229) do_commit /opt/stack/data/venv/lib/python3.12/site-packages/ovsdbapp/backend/ovs_idl/transaction.py:89}}
Jun 04 09:35:10.973264 np0000178519 devstack@neutron-api.service[103229]: DEBUG ovsdbapp.backend.ovs_idl.transaction [None req-4ce2bef1-7c01-4f72-9617-1c41bf20ae07 None None] Running txn n=1 command(idx=9): AddNATRuleInLRouterCommand(_result=None, lrouter=neutron-2b9aaea7-0d99-463e-ad2f-b3a17fbe6c1d, nat_uuid=None, columns={'type': 'snat', 'logical_ip': '10.1.0.0/26', 'external_ip': '172.24.5.134'}) {{(pid=103229) do_commit /opt/stack/data/venv/lib/python3.12/site-packages/ovsdbapp/backend/ovs_idl/transaction.py:89}}
Jun 04 09:35:10.973542 np0000178519 devstack@neutron-api.service[103229]: DEBUG ovsdbapp.backend.ovs_idl.transaction [None req-4ce2bef1-7c01-4f72-9617-1c41bf20ae07 None None] Running txn n=1 command(idx=10): UpdateLRouterCommand(_result=None, name=neutron-2b9aaea7-0d99-463e-ad2f-b3a17fbe6c1d, columns={'external_ids': {'neutron:router_name': 'router1', 'neutron:revision_number': '3', 'neutron:availability_zone_hints': ''}, 'enabled': True}, if_exists=True) {{(pid=103229) do_commit /opt/stack/data/venv/lib/python3.12/site-packages/ovsdbapp/backend/ovs_idl/transaction.py:89}}
Jun 04 09:35:10.973939 np0000178519 devstack@neutron-api.service[103229]: DEBUG ovsdbapp.backend.ovs_idl.transaction [None req-4ce2bef1-7c01-4f72-9617-1c41bf20ae07 None None] Running txn n=1 command(idx=11): QoSDelCommand(_result=None, switch=neutron-d7a03a61-c930-4ba1-ba4d-7441c9b92a66, conditions=[('direction', '=', 'from-lport'), ('priority', '=', 2002), ('match', '=', 'inport == "1760650f-5b4a-4d87-815c-0662828539b6"')], if_exists=True) {{(pid=103229) do_commit /opt/stack/data/venv/lib/python3.12/site-packages/ovsdbapp/backend/ovs_idl/transaction.py:89}}
Jun 04 09:35:10.974159 np0000178519 devstack@neutron-api.service[103229]: DEBUG ovsdbapp.backend.ovs_idl.transaction [None req-4ce2bef1-7c01-4f72-9617-1c41bf20ae07 None None] Running txn n=1 command(idx=12): QoSDelCommand(_result=None, switch=neutron-d7a03a61-c930-4ba1-ba4d-7441c9b92a66, conditions=[('direction', '=', 'to-lport'), ('priority', '=', 2002), ('match', '=', 'outport == "1760650f-5b4a-4d87-815c-0662828539b6"')], if_exists=True) {{(pid=103229) do_commit /opt/stack/data/venv/lib/python3.12/site-packages/ovsdbapp/backend/ovs_idl/transaction.py:89}}
Jun 04 09:35:10.981133 np0000178519 devstack@neutron-api.service[103229]: DEBUG neutron.plugins.ml2.drivers.ovn.mech_driver.ovsdb.ovsdb_monitor [None req-4ce2bef1-7c01-4f72-9617-1c41bf20ae07 None None] Touching Hash Ring node "e24104f26ccc516aa585f94add36c5c3" from IDL notify handler {{(pid=103229) notify /opt/stack/neutron/neutron/plugins/ml2/drivers/ovn/mech_driver/ovsdb/ovsdb_monitor.py:1007}}
Jun 04 09:35:10.982840 np0000178519 devstack@neutron-api.service[103228]: DEBUG neutron.plugins.ml2.drivers.ovn.mech_driver.ovsdb.ovsdb_monitor [None req-b48d492e-e73d-4ad9-872a-c911e022a2cf None None] Touching Hash Ring node "4f129335c65a5d20a98cb1155dc2aefb" from IDL notify handler {{(pid=103228) notify /opt/stack/neutron/neutron/plugins/ml2/drivers/ovn/mech_driver/ovsdb/ovsdb_monitor.py:1007}}
Jun 04 09:35:10.983102 np0000178519 devstack@neutron-api.service[103226]: DEBUG neutron.plugins.ml2.drivers.ovn.mech_driver.ovsdb.ovsdb_monitor [None req-65022dd3-f3e0-421f-a754-25d5e92971cd None None] Touching Hash Ring node "fc50ccdbcc0c5c168bf23151d2c436b4" from IDL notify handler {{(pid=103226) notify /opt/stack/neutron/neutron/plugins/ml2/drivers/ovn/mech_driver/ovsdb/ovsdb_monitor.py:1007}}
Jun 04 09:35:10.987322 np0000178519 devstack@neutron-api.service[103227]: DEBUG neutron.plugins.ml2.drivers.ovn.mech_driver.ovsdb.ovsdb_monitor [None req-74eb0636-5e5c-4d82-842e-e9ff7eba890e None None] Touching Hash Ring node "02a0fee7a5f25c8d8b41aa6a1750b015" from IDL notify handler {{(pid=103227) notify /opt/stack/neutron/neutron/plugins/ml2/drivers/ovn/mech_driver/ovsdb/ovsdb_monitor.py:1007}}
Jun 04 09:35:10.992527 np0000178519 devstack@neutron-api.service[103226]: DEBUG neutron.plugins.ml2.drivers.ovn.mech_driver.ovsdb.ovsdb_monitor [None req-d97bd324-1df6-4846-960f-2b08c59c5e19 None None] Touching Hash Ring node "fc50ccdbcc0c5c168bf23151d2c436b4" from IDL notify handler {{(pid=103226) notify /opt/stack/neutron/neutron/plugins/ml2/drivers/ovn/mech_driver/ovsdb/ovsdb_monitor.py:1007}}
Jun 04 09:35:10.992930 np0000178519 devstack@neutron-api.service[103228]: DEBUG neutron.plugins.ml2.drivers.ovn.mech_driver.ovsdb.ovsdb_monitor [None req-6ffcabb4-c5c4-42b1-9698-a29778af4176 None None] Touching Hash Ring node "4f129335c65a5d20a98cb1155dc2aefb" from IDL notify handler {{(pid=103228) notify /opt/stack/neutron/neutron/plugins/ml2/drivers/ovn/mech_driver/ovsdb/ovsdb_monitor.py:1007}}
Jun 04 09:35:10.994713 np0000178519 devstack@neutron-api.service[103228]: DEBUG neutron.plugins.ml2.drivers.ovn.mech_driver.ovsdb.ovsdb_monitor [None req-b48d492e-e73d-4ad9-872a-c911e022a2cf None None] Hash Ring: Node 4f129335c65a5d20a98cb1155dc2aefb (host: np0000178519) handling event "create" for row 7eaaff79-99e8-4710-a06a-d085ea40a05c (table: HA_Chassis) {{(pid=103228) notify /opt/stack/neutron/neutron/plugins/ml2/drivers/ovn/mech_driver/ovsdb/ovsdb_monitor.py:1015}}
Jun 04 09:35:10.996571 np0000178519 devstack@neutron-api.service[103228]: DEBUG neutron.plugins.ml2.drivers.ovn.mech_driver.ovsdb.ovsdb_monitor [None req-b48d492e-e73d-4ad9-872a-c911e022a2cf None None] Touching Hash Ring node "4f129335c65a5d20a98cb1155dc2aefb" from IDL notify handler {{(pid=103228) notify /opt/stack/neutron/neutron/plugins/ml2/drivers/ovn/mech_driver/ovsdb/ovsdb_monitor.py:1007}}
Jun 04 09:35:10.996888 np0000178519 devstack@neutron-api.service[103229]: DEBUG neutron.plugins.ml2.drivers.ovn.mech_driver.ovsdb.ovsdb_monitor [None req-f13b3dc1-1aef-4bac-81de-3fdda5e143d2 None None] Touching Hash Ring node "e24104f26ccc516aa585f94add36c5c3" from IDL notify handler {{(pid=103229) notify /opt/stack/neutron/neutron/plugins/ml2/drivers/ovn/mech_driver/ovsdb/ovsdb_monitor.py:1007}}
Jun 04 09:35:10.998661 np0000178519 devstack@neutron-api.service[103227]: DEBUG neutron.plugins.ml2.drivers.ovn.mech_driver.ovsdb.ovsdb_monitor [None req-8e1890e8-0278-4915-bfe5-b39972ea0b4a None None] Touching Hash Ring node "02a0fee7a5f25c8d8b41aa6a1750b015" from IDL notify handler {{(pid=103227) notify /opt/stack/neutron/neutron/plugins/ml2/drivers/ovn/mech_driver/ovsdb/ovsdb_monitor.py:1007}}
Jun 04 09:35:10.998870 np0000178519 devstack@neutron-api.service[103229]: DEBUG neutron.plugins.ml2.drivers.ovn.mech_driver.ovsdb.ovsdb_monitor [None req-4ce2bef1-7c01-4f72-9617-1c41bf20ae07 None None] Hash Ring: Node e24104f26ccc516aa585f94add36c5c3 (host: np0000178519) handling event "create" for row 2d5f743e-cf46-45fc-9b1f-5f93daa36199 (table: Logical_Router_Static_Route) {{(pid=103229) notify /opt/stack/neutron/neutron/plugins/ml2/drivers/ovn/mech_driver/ovsdb/ovsdb_monitor.py:1015}}
Jun 04 09:35:10.999587 np0000178519 devstack@neutron-api.service[103229]: DEBUG neutron.plugins.ml2.drivers.ovn.mech_driver.ovsdb.ovsdb_monitor [None req-4ce2bef1-7c01-4f72-9617-1c41bf20ae07 None None] Touching Hash Ring node "e24104f26ccc516aa585f94add36c5c3" from IDL notify handler {{(pid=103229) notify /opt/stack/neutron/neutron/plugins/ml2/drivers/ovn/mech_driver/ovsdb/ovsdb_monitor.py:1007}}
Jun 04 09:35:10.999678 np0000178519 devstack@neutron-api.service[103226]: DEBUG neutron.plugins.ml2.drivers.ovn.mech_driver.ovsdb.ovsdb_monitor [None req-65022dd3-f3e0-421f-a754-25d5e92971cd None None] Hash Ring: Node fc50ccdbcc0c5c168bf23151d2c436b4 (host: np0000178519) handling event "create" for row 596e5f4e-56af-431d-a969-4fef73893189 (table: HA_Chassis_Group) {{(pid=103226) notify /opt/stack/neutron/neutron/plugins/ml2/drivers/ovn/mech_driver/ovsdb/ovsdb_monitor.py:1015}}
Jun 04 09:35:11.001417 np0000178519 devstack@neutron-api.service[103228]: DEBUG neutron.plugins.ml2.drivers.ovn.mech_driver.ovsdb.ovsdb_monitor [None req-6ffcabb4-c5c4-42b1-9698-a29778af4176 None None] Hash Ring: Node 4f129335c65a5d20a98cb1155dc2aefb (host: np0000178519) handling event "create" for row 7508981d-39df-43ad-bbe2-100872b65280 (table: Port_Binding) {{(pid=103228) notify /opt/stack/neutron/neutron/plugins/ml2/drivers/ovn/mech_driver/ovsdb/ovsdb_monitor.py:1015}}
Jun 04 09:35:11.002512 np0000178519 devstack@neutron-api.service[103226]: DEBUG neutron.plugins.ml2.drivers.ovn.mech_driver.ovsdb.ovsdb_monitor [None req-65022dd3-f3e0-421f-a754-25d5e92971cd None None] Touching Hash Ring node "fc50ccdbcc0c5c168bf23151d2c436b4" from IDL notify handler {{(pid=103226) notify /opt/stack/neutron/neutron/plugins/ml2/drivers/ovn/mech_driver/ovsdb/ovsdb_monitor.py:1007}}
Jun 04 09:35:11.002769 np0000178519 devstack@neutron-api.service[103228]: DEBUG neutron.plugins.ml2.drivers.ovn.mech_driver.ovsdb.ovsdb_monitor [None req-b48d492e-e73d-4ad9-872a-c911e022a2cf None None] Hash Ring: Node 4f129335c65a5d20a98cb1155dc2aefb (host: np0000178519) handling event "create" for row 596e5f4e-56af-431d-a969-4fef73893189 (table: HA_Chassis_Group) {{(pid=103228) notify /opt/stack/neutron/neutron/plugins/ml2/drivers/ovn/mech_driver/ovsdb/ovsdb_monitor.py:1015}}
Jun 04 09:35:11.003170 np0000178519 devstack@neutron-api.service[103227]: DEBUG neutron.plugins.ml2.drivers.ovn.mech_driver.ovsdb.ovsdb_monitor [None req-74eb0636-5e5c-4d82-842e-e9ff7eba890e None None] Hash Ring: Node 02a0fee7a5f25c8d8b41aa6a1750b015 (host: np0000178519) handling event "create" for row 7eaaff79-99e8-4710-a06a-d085ea40a05c (table: HA_Chassis) {{(pid=103227) notify /opt/stack/neutron/neutron/plugins/ml2/drivers/ovn/mech_driver/ovsdb/ovsdb_monitor.py:1015}}
Jun 04 09:35:11.003237 np0000178519 devstack@neutron-api.service[103228]: DEBUG neutron.plugins.ml2.drivers.ovn.mech_driver.ovsdb.ovsdb_monitor [None req-b48d492e-e73d-4ad9-872a-c911e022a2cf None None] Touching Hash Ring node "4f129335c65a5d20a98cb1155dc2aefb" from IDL notify handler {{(pid=103228) notify /opt/stack/neutron/neutron/plugins/ml2/drivers/ovn/mech_driver/ovsdb/ovsdb_monitor.py:1007}}
Jun 04 09:35:11.004439 np0000178519 devstack@neutron-api.service[103226]: DEBUG neutron.plugins.ml2.drivers.ovn.mech_driver.ovsdb.ovsdb_monitor [None req-d97bd324-1df6-4846-960f-2b08c59c5e19 None None] Hash Ring: Node fc50ccdbcc0c5c168bf23151d2c436b4 (host: np0000178519) handling event "create" for row 7508981d-39df-43ad-bbe2-100872b65280 (table: Port_Binding) {{(pid=103226) notify /opt/stack/neutron/neutron/plugins/ml2/drivers/ovn/mech_driver/ovsdb/ovsdb_monitor.py:1015}}
Jun 04 09:35:11.004512 np0000178519 devstack@neutron-api.service[103229]: DEBUG neutron.plugins.ml2.drivers.ovn.mech_driver.ovsdb.ovsdb_monitor [None req-4ce2bef1-7c01-4f72-9617-1c41bf20ae07 None None] Hash Ring: Node e24104f26ccc516aa585f94add36c5c3 (host: np0000178519) handling event "update" for row b21b5883-3a77-45e1-8aef-edb0ed21d6cb (table: Logical_Switch_Port) {{(pid=103229) notify /opt/stack/neutron/neutron/plugins/ml2/drivers/ovn/mech_driver/ovsdb/ovsdb_monitor.py:1015}}
Jun 04 09:35:11.005181 np0000178519 devstack@neutron-api.service[103227]: DEBUG neutron.plugins.ml2.drivers.ovn.mech_driver.ovsdb.ovsdb_monitor [None req-74eb0636-5e5c-4d82-842e-e9ff7eba890e None None] Touching Hash Ring node "02a0fee7a5f25c8d8b41aa6a1750b015" from IDL notify handler {{(pid=103227) notify /opt/stack/neutron/neutron/plugins/ml2/drivers/ovn/mech_driver/ovsdb/ovsdb_monitor.py:1007}}
Jun 04 09:35:11.005239 np0000178519 devstack@neutron-api.service[103228]: DEBUG neutron.plugins.ml2.drivers.ovn.mech_driver.ovsdb.ovsdb_monitor [None req-6ffcabb4-c5c4-42b1-9698-a29778af4176 None None] Touching Hash Ring node "4f129335c65a5d20a98cb1155dc2aefb" from IDL notify handler {{(pid=103228) notify /opt/stack/neutron/neutron/plugins/ml2/drivers/ovn/mech_driver/ovsdb/ovsdb_monitor.py:1007}}
