Jun 26 05:54:34.710499 np0000183135 devstack@neutron-api.service[102926]: INFO neutron.plugins.ml2.managers [None req-861f0ae3-4e1d-4098-88a6-37ed87f68d7a None None] Got port-security extension from driver 'port_security'
Jun 26 05:54:34.710547 np0000183135 devstack@neutron-api.service[102925]: DEBUG neutron.api.extensions [None req-44ad3790-e896-4dea-aafe-818505298afd None None] Ext name="Address scope" alias="address-scope" description="Address scopes extension." updated="2015-07-26T10:00:00-00:00" {{(pid=102925) _check_extension /opt/stack/neutron/neutron/api/extensions.py:415}}
Jun 26 05:54:34.710597 np0000183135 devstack@neutron-api.service[102928]: DEBUG neutron.api.extensions [None req-6cc92a76-96b3-4977-8d29-8012fd6276ea None None] Ext name="Enable Default Route BFD" alias="enable-default-route-bfd" description="Enables configurable BFD behavior for default routes" updated="2023-02-27T00:00:00-00:00" {{(pid=102928) _check_extension /opt/stack/neutron/neutron/api/extensions.py:415}}
Jun 26 05:54:34.710647 np0000183135 devstack@neutron-api.service[102926]: DEBUG neutron.manager [None req-861f0ae3-4e1d-4098-88a6-37ed87f68d7a None None] Loading service plugins: ['ovn-router', 'auto_allocate', 'tag', 'timestamp', 'network_ip_availability', 'flavors', 'revisions'] {{(pid=102926) _load_service_plugins /opt/stack/neutron/neutron/manager.py:192}}
Jun 26 05:54:34.710703 np0000183135 devstack@neutron-api.service[102925]: INFO neutron.api.extensions [None req-44ad3790-e896-4dea-aafe-818505298afd None None] Loaded extension: address-scope
Jun 26 05:54:34.710757 np0000183135 devstack@neutron-api.service[102926]: INFO neutron.manager [None req-861f0ae3-4e1d-4098-88a6-37ed87f68d7a None None] Loading Plugin: ovn-router
Jun 26 05:54:34.710806 np0000183135 devstack@neutron-api.service[102928]: INFO neutron.api.extensions [None req-6cc92a76-96b3-4977-8d29-8012fd6276ea None None] Loaded extension: enable-default-route-bfd
Jun 26 05:54:34.710856 np0000183135 devstack@neutron-api.service[102925]: DEBUG neutron.api.extensions [None req-44ad3790-e896-4dea-aafe-818505298afd None None] Loading extension file: admin_state_down_before_update.py {{(pid=102925) _load_all_extensions_from_path /opt/stack/neutron/neutron/api/extensions.py:449}}
Jun 26 05:54:34.710905 np0000183135 devstack@neutron-api.service[102928]: DEBUG neutron.api.extensions [None req-6cc92a76-96b3-4977-8d29-8012fd6276ea None None] Loading extension file: l3_enable_default_route_ecmp.py {{(pid=102928) _load_all_extensions_from_path /opt/stack/neutron/neutron/api/extensions.py:449}}
Jun 26 05:54:34.710955 np0000183135 devstack@neutron-api.service[102925]: DEBUG neutron.api.extensions [None req-44ad3790-e896-4dea-aafe-818505298afd None None] Ext name="Enforce Router's Admin State Down Before Update Extension" alias="router-admin-state-down-before-update" description="Ensure that the admin state of a router is DOWN (admin_state_up=False) before updating the distributed attribute" updated="2019-07-02T15:56:00" {{(pid=102925) _check_extension /opt/stack/neutron/neutron/api/extensions.py:415}}
Jun 26 05:54:34.711015 np0000183135 devstack@neutron-api.service[102928]: DEBUG neutron.api.extensions [None req-6cc92a76-96b3-4977-8d29-8012fd6276ea None None] Ext name="Enable Default Route ECMP" alias="enable-default-route-ecmp" description="Enables configurable ECMP behavior for default routes" updated="2023-02-27T00:00:00-00:00" {{(pid=102928) _check_extension /opt/stack/neutron/neutron/api/extensions.py:415}}
Jun 26 05:54:34.711076 np0000183135 devstack@neutron-api.service[102925]: INFO neutron.api.extensions [None req-44ad3790-e896-4dea-aafe-818505298afd None None] Extension router-admin-state-down-before-update not supported by any of loaded plugins
Jun 26 05:54:34.711131 np0000183135 devstack@neutron-api.service[102928]: INFO neutron.api.extensions [None req-6cc92a76-96b3-4977-8d29-8012fd6276ea None None] Loaded extension: enable-default-route-ecmp
Jun 26 05:54:34.711180 np0000183135 devstack@neutron-api.service[102925]: DEBUG neutron.api.extensions [None req-44ad3790-e896-4dea-aafe-818505298afd None None] Loading extension file: agent.py {{(pid=102925) _load_all_extensions_from_path /opt/stack/neutron/neutron/api/extensions.py:449}}
Jun 26 05:54:34.711228 np0000183135 devstack@neutron-api.service[102928]: DEBUG neutron.api.extensions [None req-6cc92a76-96b3-4977-8d29-8012fd6276ea None None] Loading extension file: l3_ext_gw_mode.py {{(pid=102928) _load_all_extensions_from_path /opt/stack/neutron/neutron/api/extensions.py:449}}
Jun 26 05:54:34.711228 np0000183135 devstack@neutron-api.service[102928]: DEBUG neutron.api.extensions [None req-6cc92a76-96b3-4977-8d29-8012fd6276ea None None] Ext name="Neutron L3 Configurable external gateway mode" alias="ext-gw-mode" description="Extension of the router abstraction for specifying whether SNAT should occur on the external gateway" updated="2013-03-28T10:00:00-00:00" {{(pid=102928) _check_extension /opt/stack/neutron/neutron/api/extensions.py:415}}
Jun 26 05:54:34.711361 np0000183135 devstack@neutron-api.service[102925]: DEBUG neutron.api.extensions [None req-44ad3790-e896-4dea-aafe-818505298afd None None] Ext name="agent" alias="agent" description="The agent management extension." updated="2013-02-03T10:00:00-00:00" {{(pid=102925) _check_extension /opt/stack/neutron/neutron/api/extensions.py:415}}
Jun 26 05:54:34.711411 np0000183135 devstack@neutron-api.service[102928]: INFO neutron.api.extensions [None req-6cc92a76-96b3-4977-8d29-8012fd6276ea None None] Loaded extension: ext-gw-mode
Jun 26 05:54:34.711411 np0000183135 devstack@neutron-api.service[102928]: DEBUG neutron.api.extensions [None req-6cc92a76-96b3-4977-8d29-8012fd6276ea None None] Loading extension file: l3_ext_ha_mode.py {{(pid=102928) _load_all_extensions_from_path /opt/stack/neutron/neutron/api/extensions.py:449}}
Jun 26 05:54:34.711508 np0000183135 devstack@neutron-api.service[102925]: INFO neutron.api.extensions [None req-44ad3790-e896-4dea-aafe-818505298afd None None] Loaded extension: agent
Jun 26 05:54:34.711508 np0000183135 devstack@neutron-api.service[102925]: DEBUG neutron.api.extensions [None req-44ad3790-e896-4dea-aafe-818505298afd None None] Loading extension file: agent_resources_synced.py {{(pid=102925) _load_all_extensions_from_path /opt/stack/neutron/neutron/api/extensions.py:449}}
Jun 26 05:54:34.711645 np0000183135 devstack@neutron-api.service[102928]: DEBUG neutron.api.extensions [None req-6cc92a76-96b3-4977-8d29-8012fd6276ea None None] Ext name="HA Router extension" alias="l3-ha" description="Adds HA capability to routers." updated="2014-04-26T00:00:00-00:00" {{(pid=102928) _check_extension /opt/stack/neutron/neutron/api/extensions.py:415}}
Jun 26 05:54:34.711702 np0000183135 devstack@neutron-api.service[102925]: DEBUG neutron.api.extensions [None req-44ad3790-e896-4dea-aafe-818505298afd None None] Ext name="Agent's Resource View Synced to Placement" alias="agent-resources-synced" description="Stores success/failure of last sync to Placement" updated="2018-12-19T00:00:00-00:00" {{(pid=102925) _check_extension /opt/stack/neutron/neutron/api/extensions.py:415}}
Jun 26 05:54:34.711754 np0000183135 devstack@neutron-api.service[102928]: INFO neutron.api.extensions [None req-6cc92a76-96b3-4977-8d29-8012fd6276ea None None] Loaded extension: l3-ha
Jun 26 05:54:34.711754 np0000183135 devstack@neutron-api.service[102928]: DEBUG neutron.api.extensions [None req-6cc92a76-96b3-4977-8d29-8012fd6276ea None None] Loading extension file: l3_ext_ndp_proxy.py {{(pid=102928) _load_all_extensions_from_path /opt/stack/neutron/neutron/api/extensions.py:449}}
Jun 26 05:54:34.711843 np0000183135 devstack@neutron-api.service[102925]: INFO neutron.api.extensions [None req-44ad3790-e896-4dea-aafe-818505298afd None None] Extension agent-resources-synced not supported by any of loaded plugins
Jun 26 05:54:34.711843 np0000183135 devstack@neutron-api.service[102925]: DEBUG neutron.api.extensions [None req-44ad3790-e896-4dea-aafe-818505298afd None None] Loading extension file: agent_sort_key.py {{(pid=102925) _load_all_extensions_from_path /opt/stack/neutron/neutron/api/extensions.py:449}}
Jun 26 05:54:34.711843 np0000183135 devstack@neutron-api.service[102925]: DEBUG neutron.api.extensions [None req-44ad3790-e896-4dea-aafe-818505298afd None None] Ext name="Agents Sort Key" alias="agent_sort_key" description="Enabling the keyword sort_key for sorting in agents." updated="2013-02-03T10:00:00-00:00" {{(pid=102925) _check_extension /opt/stack/neutron/neutron/api/extensions.py:415}}
Jun 26 05:54:34.712044 np0000183135 devstack@neutron-api.service[102925]: INFO neutron.api.extensions [None req-44ad3790-e896-4dea-aafe-818505298afd None None] Extension agent_sort_key not supported by any of loaded plugins
Jun 26 05:54:34.712149 np0000183135 devstack@neutron-api.service[102925]: DEBUG neutron.api.extensions [None req-44ad3790-e896-4dea-aafe-818505298afd None None] Loading extension file: allowedaddresspairs.py {{(pid=102925) _load_all_extensions_from_path /opt/stack/neutron/neutron/api/extensions.py:449}}
Jun 26 05:54:34.712469 np0000183135 devstack@neutron-api.service[102928]: DEBUG neutron.api.extensions [None req-6cc92a76-96b3-4977-8d29-8012fd6276ea None None] Ext name="Router support to enable NDP proxy" alias="l3-ext-ndp-proxy" description="Router extension to enable ndp proxy" updated="2020-08-25T00:00:00-00:00" {{(pid=102928) _check_extension /opt/stack/neutron/neutron/api/extensions.py:415}}
Jun 26 05:54:34.712651 np0000183135 devstack@neutron-api.service[102928]: INFO neutron.api.extensions [None req-6cc92a76-96b3-4977-8d29-8012fd6276ea None None] Extension l3-ext-ndp-proxy not supported by any of loaded plugins
Jun 26 05:54:34.712745 np0000183135 devstack@neutron-api.service[102928]: DEBUG neutron.api.extensions [None req-6cc92a76-96b3-4977-8d29-8012fd6276ea None None] Loading extension file: l3_extra_gws.py {{(pid=102928) _load_all_extensions_from_path /opt/stack/neutron/neutron/api/extensions.py:449}}
Jun 26 05:54:34.712854 np0000183135 devstack@neutron-api.service[102925]: DEBUG neutron.api.extensions [None req-44ad3790-e896-4dea-aafe-818505298afd None None] Ext name="Allowed Address Pairs" alias="allowed-address-pairs" description="Provides allowed address pairs" updated="2013-07-23T10:00:00-00:00" {{(pid=102925) _check_extension /opt/stack/neutron/neutron/api/extensions.py:415}}
Jun 26 05:54:34.712979 np0000183135 devstack@neutron-api.service[102928]: DEBUG neutron.api.extensions [None req-6cc92a76-96b3-4977-8d29-8012fd6276ea None None] Ext name="Neutron L3 External Gateway Multihoming" alias="external-gateway-multihoming" description="Allow multiple external gateway ports per router" updated="2023-01-18T00:00:00-00:00" {{(pid=102928) _check_extension /opt/stack/neutron/neutron/api/extensions.py:415}}
Jun 26 05:54:34.713063 np0000183135 devstack@neutron-api.service[102925]: INFO neutron.api.extensions [None req-44ad3790-e896-4dea-aafe-818505298afd None None] Loaded extension: allowed-address-pairs
Jun 26 05:54:34.713166 np0000183135 devstack@neutron-api.service[102928]: INFO neutron.api.extensions [None req-6cc92a76-96b3-4977-8d29-8012fd6276ea None None] Loaded extension: external-gateway-multihoming
Jun 26 05:54:34.713196 np0000183135 devstack@neutron-api.service[102925]: DEBUG neutron.api.extensions [None req-44ad3790-e896-4dea-aafe-818505298afd None None] Loading extension file: auto_allocated_topology.py {{(pid=102925) _load_all_extensions_from_path /opt/stack/neutron/neutron/api/extensions.py:449}}
Jun 26 05:54:34.713280 np0000183135 devstack@neutron-api.service[102928]: DEBUG neutron.api.extensions [None req-6cc92a76-96b3-4977-8d29-8012fd6276ea None None] Loading extension file: l3_flavors.py {{(pid=102928) _load_all_extensions_from_path /opt/stack/neutron/neutron/api/extensions.py:449}}
Jun 26 05:54:34.713470 np0000183135 devstack@neutron-api.service[102925]: DEBUG neutron.api.extensions [None req-44ad3790-e896-4dea-aafe-818505298afd None None] Ext name="Auto Allocated Topology Services" alias="auto-allocated-topology" description="Auto Allocated Topology Services." updated="2016-01-01T00:00:00-00:00" {{(pid=102925) _check_extension /opt/stack/neutron/neutron/api/extensions.py:415}}
Jun 26 05:54:34.713523 np0000183135 devstack@neutron-api.service[102928]: DEBUG neutron.api.extensions [None req-6cc92a76-96b3-4977-8d29-8012fd6276ea None None] Ext name="Router Flavor Extension" alias="l3-flavors" description="Flavor support for routers." updated="2016-05-17T00:00:00-00:00" {{(pid=102928) _check_extension /opt/stack/neutron/neutron/api/extensions.py:415}}
Jun 26 05:54:34.713648 np0000183135 devstack@neutron-api.service[102928]: INFO neutron.api.extensions [None req-6cc92a76-96b3-4977-8d29-8012fd6276ea None None] Loaded extension: l3-flavors
Jun 26 05:54:34.713700 np0000183135 devstack@neutron-api.service[102925]: INFO neutron.api.extensions [None req-44ad3790-e896-4dea-aafe-818505298afd None None] Loaded extension: auto-allocated-topology
Jun 26 05:54:34.713747 np0000183135 devstack@neutron-api.service[102928]: DEBUG neutron.api.extensions [None req-6cc92a76-96b3-4977-8d29-8012fd6276ea None None] Loading extension file: l3_ndp_proxy.py {{(pid=102928) _load_all_extensions_from_path /opt/stack/neutron/neutron/api/extensions.py:449}}
Jun 26 05:54:34.713773 np0000183135 devstack@neutron-api.service[102925]: DEBUG neutron.api.extensions [None req-44ad3790-e896-4dea-aafe-818505298afd None None] Loading extension file: availability_zone.py {{(pid=102925) _load_all_extensions_from_path /opt/stack/neutron/neutron/api/extensions.py:449}}
Jun 26 05:54:34.714020 np0000183135 devstack@neutron-api.service[102928]: DEBUG neutron.api.extensions [None req-6cc92a76-96b3-4977-8d29-8012fd6276ea None None] Ext name="name" alias="l3-ndp-proxy" description="description" updated="2021-06-29T10:00:00-00:00" {{(pid=102928) _check_extension /opt/stack/neutron/neutron/api/extensions.py:415}}
Jun 26 05:54:34.714190 np0000183135 devstack@neutron-api.service[102928]: INFO neutron.api.extensions [None req-6cc92a76-96b3-4977-8d29-8012fd6276ea None None] Extension l3-ndp-proxy not supported by any of loaded plugins
Jun 26 05:54:34.714219 np0000183135 devstack@neutron-api.service[102925]: DEBUG neutron.api.extensions [None req-44ad3790-e896-4dea-aafe-818505298afd None None] Ext name="Availability Zone" alias="availability_zone" description="The availability zone extension." updated="2015-01-01T10:00:00-00:00" {{(pid=102925) _check_extension /opt/stack/neutron/neutron/api/extensions.py:415}}
Jun 26 05:54:34.714294 np0000183135 devstack@neutron-api.service[102928]: DEBUG neutron.api.extensions [None req-6cc92a76-96b3-4977-8d29-8012fd6276ea None None] Loading extension file: l3_port_ip_change_not_allowed.py {{(pid=102928) _load_all_extensions_from_path /opt/stack/neutron/neutron/api/extensions.py:449}}
Jun 26 05:54:34.714413 np0000183135 devstack@neutron-api.service[102925]: INFO neutron.api.extensions [None req-44ad3790-e896-4dea-aafe-818505298afd None None] Loaded extension: availability_zone
Jun 26 05:54:34.714507 np0000183135 devstack@neutron-api.service[102925]: DEBUG neutron.api.extensions [None req-44ad3790-e896-4dea-aafe-818505298afd None None] Loading extension file: availability_zone_filter.py {{(pid=102925) _load_all_extensions_from_path /opt/stack/neutron/neutron/api/extensions.py:449}}
Jun 26 05:54:34.714549 np0000183135 devstack@neutron-api.service[102928]: DEBUG neutron.api.extensions [None req-6cc92a76-96b3-4977-8d29-8012fd6276ea None None] Ext name="Prevent L3 router ports IP address change extension" alias="l3-port-ip-change-not-allowed" description="Prevent change of IP address for some L3 router ports" updated="2018-10-09T10:00:00-00:00" {{(pid=102928) _check_extension /opt/stack/neutron/neutron/api/extensions.py:415}}
Jun 26 05:54:34.714684 np0000183135 devstack@neutron-api.service[102928]: INFO neutron.api.extensions [None req-6cc92a76-96b3-4977-8d29-8012fd6276ea None None] Extension l3-port-ip-change-not-allowed not supported by any of loaded plugins
Jun 26 05:54:34.714773 np0000183135 devstack@neutron-api.service[102928]: DEBUG neutron.api.extensions [None req-6cc92a76-96b3-4977-8d29-8012fd6276ea None None] Loading extension file: l3agentscheduler.py {{(pid=102928) _load_all_extensions_from_path /opt/stack/neutron/neutron/api/extensions.py:449}}
Jun 26 05:54:34.714808 np0000183135 devstack@neutron-api.service[102925]: DEBUG neutron.api.extensions [None req-44ad3790-e896-4dea-aafe-818505298afd None None] Ext name="Availability Zone Filter Extension" alias="availability_zone_filter" description="Add filter parameters to AvailabilityZone resource" updated="2018-06-22T10:00:00-00:00" {{(pid=102925) _check_extension /opt/stack/neutron/neutron/api/extensions.py:415}}
Jun 26 05:54:34.714985 np0000183135 devstack@neutron-api.service[102925]: INFO neutron.api.extensions [None req-44ad3790-e896-4dea-aafe-818505298afd None None] Extension availability_zone_filter not supported by any of loaded plugins
Jun 26 05:54:34.715087 np0000183135 devstack@neutron-api.service[102925]: DEBUG neutron.api.extensions [None req-44ad3790-e896-4dea-aafe-818505298afd None None] Loading extension file: data_plane_status.py {{(pid=102925) _load_all_extensions_from_path /opt/stack/neutron/neutron/api/extensions.py:449}}
Jun 26 05:54:34.715356 np0000183135 devstack@neutron-api.service[102925]: DEBUG neutron.api.extensions [None req-44ad3790-e896-4dea-aafe-818505298afd None None] Ext name="Port data plane status extension" alias="data-plane-status" description="Expose status of underlying data plane" updated="2017-01-24T10:00:00-00:00" {{(pid=102925) _check_extension /opt/stack/neutron/neutron/api/extensions.py:415}}
Jun 26 05:54:34.715420 np0000183135 devstack@neutron-api.service[102928]: DEBUG neutron.api.extensions [None req-6cc92a76-96b3-4977-8d29-8012fd6276ea None None] Ext name="L3 Agent Scheduler" alias="l3_agent_scheduler" description="Schedule routers among l3 agents" updated="2013-02-07T10:00:00-00:00" {{(pid=102928) _check_extension /opt/stack/neutron/neutron/api/extensions.py:415}}
Jun 26 05:54:34.715530 np0000183135 devstack@neutron-api.service[102925]: INFO neutron.api.extensions [None req-44ad3790-e896-4dea-aafe-818505298afd None None] Extension data-plane-status not supported by any of loaded plugins
Jun 26 05:54:34.715605 np0000183135 devstack@neutron-api.service[102928]: INFO neutron.api.extensions [None req-6cc92a76-96b3-4977-8d29-8012fd6276ea None None] Loaded extension: l3_agent_scheduler
Jun 26 05:54:34.715649 np0000183135 devstack@neutron-api.service[102925]: DEBUG neutron.api.extensions [None req-44ad3790-e896-4dea-aafe-818505298afd None None] Loading extension file: default_subnetpools.py {{(pid=102925) _load_all_extensions_from_path /opt/stack/neutron/neutron/api/extensions.py:449}}
Jun 26 05:54:34.715708 np0000183135 devstack@neutron-api.service[102928]: DEBUG neutron.api.extensions [None req-6cc92a76-96b3-4977-8d29-8012fd6276ea None None] Loading extension file: local_ip.py {{(pid=102928) _load_all_extensions_from_path /opt/stack/neutron/neutron/api/extensions.py:449}}
Jun 26 05:54:34.715908 np0000183135 devstack@neutron-api.service[102925]: DEBUG neutron.api.extensions [None req-44ad3790-e896-4dea-aafe-818505298afd None None] Ext name="Default Subnetpools" alias="default-subnetpools" description="Provides ability to mark and use a subnetpool as the default." updated="2016-02-18T18:00:00-00:00" {{(pid=102925) _check_extension /opt/stack/neutron/neutron/api/extensions.py:415}}
Jun 26 05:54:34.716009 np0000183135 devstack@neutron-api.service[102928]: DEBUG neutron.api.extensions [None req-6cc92a76-96b3-4977-8d29-8012fd6276ea None None] Ext name="Local IP" alias="local_ip" description="Support Node Local Virtual IP" updated="2021-07-26T10:00:00-00:00" {{(pid=102928) _check_extension /opt/stack/neutron/neutron/api/extensions.py:415}}
Jun 26 05:54:34.716129 np0000183135 devstack@neutron-api.service[102925]: INFO neutron.api.extensions [None req-44ad3790-e896-4dea-aafe-818505298afd None None] Loaded extension: default-subnetpools
Jun 26 05:54:34.716189 np0000183135 devstack@neutron-api.service[102928]: INFO neutron.api.extensions [None req-6cc92a76-96b3-4977-8d29-8012fd6276ea None None] Extension local_ip not supported by any of loaded plugins
Jun 26 05:54:34.716245 np0000183135 devstack@neutron-api.service[102925]: DEBUG neutron.api.extensions [None req-44ad3790-e896-4dea-aafe-818505298afd None None] Loading extension file: dhcpagentscheduler.py {{(pid=102925) _load_all_extensions_from_path /opt/stack/neutron/neutron/api/extensions.py:449}}
Jun 26 05:54:34.716286 np0000183135 devstack@neutron-api.service[102928]: DEBUG neutron.api.extensions [None req-6cc92a76-96b3-4977-8d29-8012fd6276ea None None] Loading extension file: logging.py {{(pid=102928) _load_all_extensions_from_path /opt/stack/neutron/neutron/api/extensions.py:449}}
Jun 26 05:54:34.716586 np0000183135 devstack@neutron-api.service[102928]: DEBUG neutron.api.extensions [None req-6cc92a76-96b3-4977-8d29-8012fd6276ea None None] Ext name="Logging API Extension" alias="logging" description="Provides a logging API for resources such as security group and firewall." updated="2017-01-01T10:00:00-00:00" {{(pid=102928) _check_extension /opt/stack/neutron/neutron/api/extensions.py:415}}
Jun 26 05:54:34.716654 np0000183135 devstack@neutron-api.service[102925]: DEBUG neutron.api.extensions [None req-44ad3790-e896-4dea-aafe-818505298afd None None] Ext name="DHCP Agent Scheduler" alias="dhcp_agent_scheduler" description="Schedule networks among dhcp agents" updated="2013-02-07T10:00:00-00:00" {{(pid=102925) _check_extension /opt/stack/neutron/neutron/api/extensions.py:415}}
Jun 26 05:54:34.716754 np0000183135 devstack@neutron-api.service[102928]: INFO neutron.api.extensions [None req-6cc92a76-96b3-4977-8d29-8012fd6276ea None None] Extension logging not supported by any of loaded plugins
Jun 26 05:54:34.716846 np0000183135 devstack@neutron-api.service[102928]: DEBUG neutron.api.extensions [None req-6cc92a76-96b3-4977-8d29-8012fd6276ea None None] Loading extension file: metering.py {{(pid=102928) _load_all_extensions_from_path /opt/stack/neutron/neutron/api/extensions.py:449}}
Jun 26 05:54:34.716879 np0000183135 devstack@neutron-api.service[102925]: INFO neutron.api.extensions [None req-44ad3790-e896-4dea-aafe-818505298afd None None] Loaded extension: dhcp_agent_scheduler
Jun 26 05:54:34.716954 np0000183135 devstack@neutron-api.service[102925]: DEBUG neutron.api.extensions [None req-44ad3790-e896-4dea-aafe-818505298afd None None] Loading extension file: dns.py {{(pid=102925) _load_all_extensions_from_path /opt/stack/neutron/neutron/api/extensions.py:449}}
Jun 26 05:54:34.717151 np0000183135 devstack@neutron-api.service[102928]: DEBUG neutron.api.extensions [None req-6cc92a76-96b3-4977-8d29-8012fd6276ea None None] Ext name="Neutron Metering" alias="metering" description="Neutron Metering extension." updated="2013-06-12T10:00:00-00:00" {{(pid=102928) _check_extension /opt/stack/neutron/neutron/api/extensions.py:415}}
Jun 26 05:54:34.717188 np0000183135 devstack@neutron-api.service[102925]: DEBUG neutron.api.extensions [None req-44ad3790-e896-4dea-aafe-818505298afd None None] Ext name="DNS Integration" alias="dns-integration" description="Provides integration with DNS." updated="2015-08-15T18:00:00-00:00" {{(pid=102925) _check_extension /opt/stack/neutron/neutron/api/extensions.py:415}}
Jun 26 05:54:34.717339 np0000183135 devstack@neutron-api.service[102928]: INFO neutron.api.extensions [None req-6cc92a76-96b3-4977-8d29-8012fd6276ea None None] Extension metering not supported by any of loaded plugins
Jun 26 05:54:34.717406 np0000183135 devstack@neutron-api.service[102925]: INFO neutron.api.extensions [None req-44ad3790-e896-4dea-aafe-818505298afd None None] Loaded extension: dns-integration
Jun 26 05:54:34.717456 np0000183135 devstack@neutron-api.service[102928]: DEBUG neutron.api.extensions [None req-6cc92a76-96b3-4977-8d29-8012fd6276ea None None] Loading extension file: metering_source_and_destination_fields.py {{(pid=102928) _load_all_extensions_from_path /opt/stack/neutron/neutron/api/extensions.py:449}}
Jun 26 05:54:34.717483 np0000183135 devstack@neutron-api.service[102925]: DEBUG neutron.api.extensions [None req-44ad3790-e896-4dea-aafe-818505298afd None None] Loading extension file: dns_domain_ports.py {{(pid=102925) _load_all_extensions_from_path /opt/stack/neutron/neutron/api/extensions.py:449}}
Jun 26 05:54:34.717667 np0000183135 devstack@neutron-api.service[102928]: DEBUG neutron.api.extensions [None req-6cc92a76-96b3-4977-8d29-8012fd6276ea None None] Ext name="Neutron Metering with source and destination filtering" alias="metering_source_and_destination_fields" description="Neutron Metering extension that enables the use of source and destination IP prefixes to create metering label rules." updated="2020-08-21T08:12:00-00:00" {{(pid=102928) _check_extension /opt/stack/neutron/neutron/api/extensions.py:415}}
Jun 26 05:54:34.717735 np0000183135 devstack@neutron-api.service[102925]: DEBUG neutron.api.extensions [None req-44ad3790-e896-4dea-aafe-818505298afd None None] Ext name="dns_domain for ports" alias="dns-domain-ports" description="Allows the DNS domain to be specified for a network port." updated="2017-04-24T10:00:00-00:00" {{(pid=102925) _check_extension /opt/stack/neutron/neutron/api/extensions.py:415}}
Jun 26 05:54:34.717829 np0000183135 devstack@neutron-api.service[102928]: INFO neutron.api.extensions [None req-6cc92a76-96b3-4977-8d29-8012fd6276ea None None] Extension metering_source_and_destination_fields not supported by any of loaded plugins
Jun 26 05:54:34.717917 np0000183135 devstack@neutron-api.service[102925]: INFO neutron.api.extensions [None req-44ad3790-e896-4dea-aafe-818505298afd None None] Loaded extension: dns-domain-ports
Jun 26 05:54:34.717956 np0000183135 devstack@neutron-api.service[102928]: DEBUG neutron.api.extensions [None req-6cc92a76-96b3-4977-8d29-8012fd6276ea None None] Loading extension file: multiprovidernet.py {{(pid=102928) _load_all_extensions_from_path /opt/stack/neutron/neutron/api/extensions.py:449}}
Jun 26 05:54:34.718024 np0000183135 devstack@neutron-api.service[102925]: DEBUG neutron.api.extensions [None req-44ad3790-e896-4dea-aafe-818505298afd None None] Loading extension file: dns_integration_domain_keywords.py {{(pid=102925) _load_all_extensions_from_path /opt/stack/neutron/neutron/api/extensions.py:449}}
Jun 26 05:54:34.718143 np0000183135 devstack@neutron-api.service[102928]: DEBUG neutron.api.extensions [None req-6cc92a76-96b3-4977-8d29-8012fd6276ea None None] Ext name="Multi Provider Network" alias="multi-provider" description="Expose mapping of virtual networks to multiple physical networks" updated="2013-06-27T10:00:00-00:00" {{(pid=102928) _check_extension /opt/stack/neutron/neutron/api/extensions.py:415}}
Jun 26 05:54:34.718268 np0000183135 devstack@neutron-api.service[102925]: DEBUG neutron.api.extensions [None req-44ad3790-e896-4dea-aafe-818505298afd None None] Ext name="DNS domain names with keywords allowed" alias="dns-integration-domain-keywords" description="Allows to use keywords like , , and as DNS domain name" updated="2020-06-15T18:00:00-00:00" {{(pid=102925) _check_extension /opt/stack/neutron/neutron/api/extensions.py:415}}
Jun 26 05:54:34.718336 np0000183135 devstack@neutron-api.service[102928]: INFO neutron.api.extensions [None req-6cc92a76-96b3-4977-8d29-8012fd6276ea None None] Loaded extension: multi-provider
Jun 26 05:54:34.718418 np0000183135 devstack@neutron-api.service[102928]: DEBUG neutron.api.extensions [None req-6cc92a76-96b3-4977-8d29-8012fd6276ea None None] Loading extension file: netmtu.py {{(pid=102928) _load_all_extensions_from_path /opt/stack/neutron/neutron/api/extensions.py:449}}
Jun 26 05:54:34.718471 np0000183135 devstack@neutron-api.service[102925]: INFO neutron.api.extensions [None req-44ad3790-e896-4dea-aafe-818505298afd None None] Loaded extension: dns-integration-domain-keywords
Jun 26 05:54:34.718538 np0000183135 devstack@neutron-api.service[102925]: DEBUG neutron.api.extensions [None req-44ad3790-e896-4dea-aafe-818505298afd None None] Loading extension file: dvr.py {{(pid=102925) _load_all_extensions_from_path /opt/stack/neutron/neutron/api/extensions.py:449}}
Jun 26 05:54:34.718643 np0000183135 devstack@neutron-api.service[102928]: DEBUG neutron.api.extensions [None req-6cc92a76-96b3-4977-8d29-8012fd6276ea None None] Ext name="Network MTU" alias="net-mtu" description="Provides MTU attribute for a network resource." updated="2015-03-25T10:00:00-00:00" {{(pid=102928) _check_extension /opt/stack/neutron/neutron/api/extensions.py:415}}
Jun 26 05:54:34.718794 np0000183135 devstack@neutron-api.service[102925]: DEBUG neutron.api.extensions [None req-44ad3790-e896-4dea-aafe-818505298afd None None] Ext name="Distributed Virtual Router" alias="dvr" description="Enables configuration of Distributed Virtual Routers." updated="2014-06-1T10:00:00-00:00" {{(pid=102925) _check_extension /opt/stack/neutron/neutron/api/extensions.py:415}}
Jun 26 05:54:34.718831 np0000183135 devstack@neutron-api.service[102928]: INFO neutron.api.extensions [None req-6cc92a76-96b3-4977-8d29-8012fd6276ea None None] Loaded extension: net-mtu
Jun 26 05:54:34.718895 np0000183135 devstack@neutron-api.service[102928]: DEBUG neutron.api.extensions [None req-6cc92a76-96b3-4977-8d29-8012fd6276ea None None] Loading extension file: netmtu_writable.py {{(pid=102928) _load_all_extensions_from_path /opt/stack/neutron/neutron/api/extensions.py:449}}
Jun 26 05:54:34.718999 np0000183135 devstack@neutron-api.service[102925]: INFO neutron.api.extensions [None req-44ad3790-e896-4dea-aafe-818505298afd None None] Extension dvr not supported by any of loaded plugins
Jun 26 05:54:34.719113 np0000183135 devstack@neutron-api.service[102925]: DEBUG neutron.api.extensions [None req-44ad3790-e896-4dea-aafe-818505298afd None None] Loading extension file: ecmp_routes.py {{(pid=102925) _load_all_extensions_from_path /opt/stack/neutron/neutron/api/extensions.py:449}}
Jun 26 05:54:34.719143 np0000183135 devstack@neutron-api.service[102928]: DEBUG neutron.api.extensions [None req-6cc92a76-96b3-4977-8d29-8012fd6276ea None None] Ext name="Network MTU (writable)" alias="net-mtu-writable" description="Provides a writable MTU attribute for a network resource." updated="2017-07-12T00:00:00-00:00" {{(pid=102928) _check_extension /opt/stack/neutron/neutron/api/extensions.py:415}}
Jun 26 05:54:34.719296 np0000183135 devstack@neutron-api.service[102928]: INFO neutron.api.extensions [None req-6cc92a76-96b3-4977-8d29-8012fd6276ea None None] Loaded extension: net-mtu-writable
Jun 26 05:54:34.719388 np0000183135 devstack@neutron-api.service[102928]: DEBUG neutron.api.extensions [None req-6cc92a76-96b3-4977-8d29-8012fd6276ea None None] Loading extension file: network_availability_zone.py {{(pid=102928) _load_all_extensions_from_path /opt/stack/neutron/neutron/api/extensions.py:449}}
Jun 26 05:54:34.719428 np0000183135 devstack@neutron-api.service[102925]: DEBUG neutron.api.extensions [None req-44ad3790-e896-4dea-aafe-818505298afd None None] Ext name="Equal Cost Multipath Routing" alias="ecmp_routes" description="Allows traffic to reach thesame destination via multiple different links " updated="2020-11-26T18:00:00-00:00" {{(pid=102925) _check_extension /opt/stack/neutron/neutron/api/extensions.py:415}}
Jun 26 05:54:34.719589 np0000183135 devstack@neutron-api.service[102925]: INFO neutron.api.extensions [None req-44ad3790-e896-4dea-aafe-818505298afd None None] Extension ecmp_routes not supported by any of loaded plugins
Jun 26 05:54:34.719671 np0000183135 devstack@neutron-api.service[102928]: DEBUG neutron.api.extensions [None req-6cc92a76-96b3-4977-8d29-8012fd6276ea None None] Ext name="Network Availability Zone" alias="network_availability_zone" description="Availability zone support for network." updated="2015-01-01T10:00:00-00:00" {{(pid=102928) _check_extension /opt/stack/neutron/neutron/api/extensions.py:415}}
Jun 26 05:54:34.719705 np0000183135 devstack@neutron-api.service[102925]: DEBUG neutron.api.extensions [None req-44ad3790-e896-4dea-aafe-818505298afd None None] Loading extension file: empty_string_filtering.py {{(pid=102925) _load_all_extensions_from_path /opt/stack/neutron/neutron/api/extensions.py:449}}
Jun 26 05:54:34.719841 np0000183135 devstack@neutron-api.service[102928]: INFO neutron.api.extensions [None req-6cc92a76-96b3-4977-8d29-8012fd6276ea None None] Loaded extension: network_availability_zone
Jun 26 05:54:34.719931 np0000183135 devstack@neutron-api.service[102928]: DEBUG neutron.api.extensions [None req-6cc92a76-96b3-4977-8d29-8012fd6276ea None None] Loading extension file: network_ha.py {{(pid=102928) _load_all_extensions_from_path /opt/stack/neutron/neutron/api/extensions.py:449}}
Jun 26 05:54:34.719970 np0000183135 devstack@neutron-api.service[102925]: DEBUG neutron.api.extensions [None req-44ad3790-e896-4dea-aafe-818505298afd None None] Ext name="Empty String Filtering Extension" alias="empty-string-filtering" description="Allow filtering by attributes with empty string value" updated="2018-05-01T10:00:00-00:00" {{(pid=102925) _check_extension /opt/stack/neutron/neutron/api/extensions.py:415}}
Jun 26 05:54:34.720146 np0000183135 devstack@neutron-api.service[102925]: INFO neutron.api.extensions [None req-44ad3790-e896-4dea-aafe-818505298afd None None] Loaded extension: empty-string-filtering
Jun 26 05:54:34.720183 np0000183135 devstack@neutron-api.service[102928]: DEBUG neutron.api.extensions [None req-6cc92a76-96b3-4977-8d29-8012fd6276ea None None] Ext name="Network HA creation flag" alias="network_ha" description="Network high availability creation flag." updated="2023-04-27T10:00:00-00:00" {{(pid=102928) _check_extension /opt/stack/neutron/neutron/api/extensions.py:415}}
Jun 26 05:54:34.720253 np0000183135 devstack@neutron-api.service[102925]: DEBUG neutron.api.extensions [None req-44ad3790-e896-4dea-aafe-818505298afd None None] Loading extension file: evpn.py {{(pid=102925) _load_all_extensions_from_path /opt/stack/neutron/neutron/api/extensions.py:449}}
Jun 26 05:54:34.720335 np0000183135 devstack@neutron-api.service[102928]: INFO neutron.api.extensions [None req-6cc92a76-96b3-4977-8d29-8012fd6276ea None None] Extension network_ha not supported by any of loaded plugins
Jun 26 05:54:34.720426 np0000183135 devstack@neutron-api.service[102928]: DEBUG neutron.api.extensions [None req-6cc92a76-96b3-4977-8d29-8012fd6276ea None None] Loading extension file: network_ip_availability.py {{(pid=102928) _load_all_extensions_from_path /opt/stack/neutron/neutron/api/extensions.py:449}}
Jun 26 05:54:34.720530 np0000183135 devstack@neutron-api.service[102925]: DEBUG neutron.api.extensions [None req-44ad3790-e896-4dea-aafe-818505298afd None None] Ext name="EVPN" alias="evpn" description="Router extension to support EVPN Type-5 route advertisement" updated="2026-04-28T00:00:00-00:00" {{(pid=102925) _check_extension /opt/stack/neutron/neutron/api/extensions.py:415}}
Jun 26 05:54:34.720667 np0000183135 devstack@neutron-api.service[102928]: DEBUG neutron.api.extensions [None req-6cc92a76-96b3-4977-8d29-8012fd6276ea None None] Ext name="Network IP Availability" alias="network-ip-availability" description="Provides IP availability data for each network and subnet." updated="2015-09-24T00:00:00-00:00" {{(pid=102928) _check_extension /opt/stack/neutron/neutron/api/extensions.py:415}}
Jun 26 05:54:34.720709 np0000183135 devstack@neutron-api.service[102925]: INFO neutron.api.extensions [None req-44ad3790-e896-4dea-aafe-818505298afd None None] Extension evpn not supported by any of loaded plugins
Jun 26 05:54:34.720733 np0000183135 devstack@neutron-api.service[102926]: DEBUG neutron_lib.callbacks.manager [None req-861f0ae3-4e1d-4098-88a6-37ed87f68d7a None None] Subscribe: > router before_delete 55550000, False {{(pid=102926) subscribe /opt/stack/data/venv/lib/python3.12/site-packages/neutron_lib/callbacks/manager.py:52}}
Jun 26 05:54:34.720808 np0000183135 devstack@neutron-api.service[102925]: DEBUG neutron.api.extensions [None req-44ad3790-e896-4dea-aafe-818505298afd None None] Loading extension file: expose_l3_conntrack_helper.py {{(pid=102925) _load_all_extensions_from_path /opt/stack/neutron/neutron/api/extensions.py:449}}
Jun 26 05:54:34.720840 np0000183135 devstack@neutron-api.service[102928]: INFO neutron.api.extensions [None req-6cc92a76-96b3-4977-8d29-8012fd6276ea None None] Loaded extension: network-ip-availability
Jun 26 05:54:34.720869 np0000183135 devstack@neutron-api.service[102926]: DEBUG neutron_lib.callbacks.manager [None req-861f0ae3-4e1d-4098-88a6-37ed87f68d7a None None] Subscribe: port before_update 55550000, False {{(pid=102926) subscribe /opt/stack/data/venv/lib/python3.12/site-packages/neutron_lib/callbacks/manager.py:52}}
Jun 26 05:54:34.720937 np0000183135 devstack@neutron-api.service[102928]: DEBUG neutron.api.extensions [None req-6cc92a76-96b3-4977-8d29-8012fd6276ea None None] Loading extension file: network_ip_availability_details.py {{(pid=102928) _load_all_extensions_from_path /opt/stack/neutron/neutron/api/extensions.py:449}}
Jun 26 05:54:34.720991 np0000183135 devstack@neutron-api.service[102926]: DEBUG neutron_lib.callbacks.manager [None req-861f0ae3-4e1d-4098-88a6-37ed87f68d7a None None] Subscribe: port after_update 55550000, False {{(pid=102926) subscribe /opt/stack/data/venv/lib/python3.12/site-packages/neutron_lib/callbacks/manager.py:52}}
Jun 26 05:54:34.721052 np0000183135 devstack@neutron-api.service[102925]: DEBUG neutron.api.extensions [None req-44ad3790-e896-4dea-aafe-818505298afd None None] Ext name="Expose CT target rules for conntrack helper" alias="expose-l3-conntrack-helper" description="Expose allow adding CT target rules for conntrack helper" updated="2019-04-04T10:00:00-00:00" {{(pid=102925) _check_extension /opt/stack/neutron/neutron/api/extensions.py:415}}
Jun 26 05:54:34.721103 np0000183135 devstack@neutron-api.service[102926]: DEBUG neutron_lib.callbacks.manager [None req-861f0ae3-4e1d-4098-88a6-37ed87f68d7a None None] Subscribe: > port precommit_delete 55550000, False {{(pid=102926) subscribe /opt/stack/data/venv/lib/python3.12/site-packages/neutron_lib/callbacks/manager.py:52}}
Jun 26 05:54:34.721164 np0000183135 devstack@neutron-api.service[102928]: DEBUG neutron.api.extensions [None req-6cc92a76-96b3-4977-8d29-8012fd6276ea None None] Ext name="Network IP Availability Details Extension" alias="network-ip-availability-details" description="Add ip_availability_details attribute to network-ip-availabilities resource." updated="2025-10-31T00:00:00-00:00" {{(pid=102928) _check_extension /opt/stack/neutron/neutron/api/extensions.py:415}}
Jun 26 05:54:34.721196 np0000183135 devstack@neutron-api.service[102926]: DEBUG neutron_lib.callbacks.manager [None req-861f0ae3-4e1d-4098-88a6-37ed87f68d7a None None] Subscribe: port before_update 55550000, False {{(pid=102926) subscribe /opt/stack/data/venv/lib/python3.12/site-packages/neutron_lib/callbacks/manager.py:52}}
Jun 26 05:54:34.721224 np0000183135 devstack@neutron-api.service[102925]: INFO neutron.api.extensions [None req-44ad3790-e896-4dea-aafe-818505298afd None None] Extension expose-l3-conntrack-helper not supported by any of loaded plugins
Jun 26 05:54:34.721311 np0000183135 devstack@neutron-api.service[102926]: DEBUG neutron_lib.callbacks.manager [None req-861f0ae3-4e1d-4098-88a6-37ed87f68d7a None None] Subscribe: port before_delete 55550000, False {{(pid=102926) subscribe /opt/stack/data/venv/lib/python3.12/site-packages/neutron_lib/callbacks/manager.py:52}}
Jun 26 05:54:34.721367 np0000183135 devstack@neutron-api.service[102928]: INFO neutron.api.extensions [None req-6cc92a76-96b3-4977-8d29-8012fd6276ea None None] Loaded extension: network-ip-availability-details
Jun 26 05:54:34.721607 np0000183135 devstack@neutron-api.service[102925]: DEBUG neutron.api.extensions [None req-44ad3790-e896-4dea-aafe-818505298afd None None] Loading extension file: expose_port_forwarding_in_fip.py {{(pid=102925) _load_all_extensions_from_path /opt/stack/neutron/neutron/api/extensions.py:449}}
Jun 26 05:54:34.721635 np0000183135 devstack@neutron-api.service[102928]: DEBUG neutron.api.extensions [None req-6cc92a76-96b3-4977-8d29-8012fd6276ea None None] Loading extension file: network_segment_range.py {{(pid=102928) _load_all_extensions_from_path /opt/stack/neutron/neutron/api/extensions.py:449}}
Jun 26 05:54:34.721663 np0000183135 devstack@neutron-api.service[102926]: DEBUG neutron_lib.callbacks.manager [None req-861f0ae3-4e1d-4098-88a6-37ed87f68d7a None None] Subscribe: > router precommit_create 55550000, False {{(pid=102926) subscribe /opt/stack/data/venv/lib/python3.12/site-packages/neutron_lib/callbacks/manager.py:52}}
Jun 26 05:54:34.721688 np0000183135 devstack@neutron-api.service[102926]: DEBUG neutron_lib.callbacks.manager [None req-861f0ae3-4e1d-4098-88a6-37ed87f68d7a None None] Subscribe: > router precommit_create 55550000, False {{(pid=102926) subscribe /opt/stack/data/venv/lib/python3.12/site-packages/neutron_lib/callbacks/manager.py:52}}
Jun 26 05:54:34.721781 np0000183135 devstack@neutron-api.service[102925]: DEBUG neutron.api.extensions [None req-44ad3790-e896-4dea-aafe-818505298afd None None] Ext name="Expose Floating IP port forwardings" alias="expose-port-forwarding-in-fip" description="Expose port forwarding fields in floating IP response" updated="2018-06-28T16:00:00-00:00" {{(pid=102925) _check_extension /opt/stack/neutron/neutron/api/extensions.py:415}}
Jun 26 05:54:34.721814 np0000183135 devstack@neutron-api.service[102926]: DEBUG neutron_lib.callbacks.manager [None req-861f0ae3-4e1d-4098-88a6-37ed87f68d7a None None] Subscribe: > router precommit_update 55550000, False {{(pid=102926) subscribe /opt/stack/data/venv/lib/python3.12/site-packages/neutron_lib/callbacks/manager.py:52}}
Jun 26 05:54:34.721883 np0000183135 devstack@neutron-api.service[102928]: DEBUG neutron.api.extensions [None req-6cc92a76-96b3-4977-8d29-8012fd6276ea None None] Ext name="Neutron Network Segment Range" alias="network-segment-range" description="Provides support for the network segment range management" updated="2018-11-29T00:00:00-00:00" {{(pid=102928) _check_extension /opt/stack/neutron/neutron/api/extensions.py:415}}
Jun 26 05:54:34.721915 np0000183135 devstack@neutron-api.service[102926]: DEBUG neutron_lib.callbacks.manager [None req-861f0ae3-4e1d-4098-88a6-37ed87f68d7a None None] Subscribe: subnet after_update 55550000, False {{(pid=102926) subscribe /opt/stack/data/venv/lib/python3.12/site-packages/neutron_lib/callbacks/manager.py:52}}
Jun 26 05:54:34.721976 np0000183135 devstack@neutron-api.service[102925]: INFO neutron.api.extensions [None req-44ad3790-e896-4dea-aafe-818505298afd None None] Extension expose-port-forwarding-in-fip not supported by any of loaded plugins
Jun 26 05:54:34.722053 np0000183135 devstack@neutron-api.service[102928]: INFO neutron.api.extensions [None req-6cc92a76-96b3-4977-8d29-8012fd6276ea None None] Extension network-segment-range not supported by any of loaded plugins
Jun 26 05:54:34.722087 np0000183135 devstack@neutron-api.service[102925]: DEBUG neutron.api.extensions [None req-44ad3790-e896-4dea-aafe-818505298afd None None] Loading extension file: external_net.py {{(pid=102925) _load_all_extensions_from_path /opt/stack/neutron/neutron/api/extensions.py:449}}
Jun 26 05:54:34.722114 np0000183135 devstack@neutron-api.service[102926]: DEBUG neutron.quota.resource_registry [None req-861f0ae3-4e1d-4098-88a6-37ed87f68d7a None None] Tracking information for resource: router configured {{(pid=102926) set_tracked_resource /opt/stack/neutron/neutron/quota/resource_registry.py:203}}
Jun 26 05:54:34.722176 np0000183135 devstack@neutron-api.service[102928]: DEBUG neutron.api.extensions [None req-6cc92a76-96b3-4977-8d29-8012fd6276ea None None] Loading extension file: pagination.py {{(pid=102928) _load_all_extensions_from_path /opt/stack/neutron/neutron/api/extensions.py:449}}
Jun 26 05:54:34.722229 np0000183135 devstack@neutron-api.service[102926]: DEBUG neutron.quota.resource_registry [None req-861f0ae3-4e1d-4098-88a6-37ed87f68d7a None None] Tracking information for resource: floatingip configured {{(pid=102926) set_tracked_resource /opt/stack/neutron/neutron/quota/resource_registry.py:203}}
Jun 26 05:54:34.722323 np0000183135 devstack@neutron-api.service[102926]: INFO neutron.services.ovn_l3.plugin [None req-861f0ae3-4e1d-4098-88a6-37ed87f68d7a None None] Starting OVNL3RouterPlugin
Jun 26 05:54:34.722350 np0000183135 devstack@neutron-api.service[102925]: DEBUG neutron.api.extensions [None req-44ad3790-e896-4dea-aafe-818505298afd None None] Ext name="Neutron external network" alias="external-net" description="Adds external network attribute to network resource." updated="2013-01-14T10:00:00-00:00" {{(pid=102925) _check_extension /opt/stack/neutron/neutron/api/extensions.py:415}}
Jun 26 05:54:34.722410 np0000183135 devstack@neutron-api.service[102928]: DEBUG neutron.api.extensions [None req-6cc92a76-96b3-4977-8d29-8012fd6276ea None None] Ext name="Pagination support" alias="pagination" description="Extension that indicates that pagination is enabled." updated="2016-06-12T00:00:00-00:00" {{(pid=102928) _check_extension /opt/stack/neutron/neutron/api/extensions.py:415}}
Jun 26 05:54:34.722490 np0000183135 devstack@neutron-api.service[102928]: INFO neutron.api.extensions [None req-6cc92a76-96b3-4977-8d29-8012fd6276ea None None] Loaded extension: pagination
Jun 26 05:54:34.722518 np0000183135 devstack@neutron-api.service[102925]: INFO neutron.api.extensions [None req-44ad3790-e896-4dea-aafe-818505298afd None None] Loaded extension: external-net
Jun 26 05:54:34.722575 np0000183135 devstack@neutron-api.service[102926]: DEBUG neutron_lib.callbacks.manager [None req-861f0ae3-4e1d-4098-88a6-37ed87f68d7a None None] Subscribe: > port_forwarding_plugin after_init 55550000, False {{(pid=102926) subscribe /opt/stack/data/venv/lib/python3.12/site-packages/neutron_lib/callbacks/manager.py:52}}
Jun 26 05:54:34.722617 np0000183135 devstack@neutron-api.service[102928]: DEBUG neutron.api.extensions [None req-6cc92a76-96b3-4977-8d29-8012fd6276ea None None] Loading extension file: port_device_profile.py {{(pid=102928) _load_all_extensions_from_path /opt/stack/neutron/neutron/api/extensions.py:449}}
Jun 26 05:54:34.722642 np0000183135 devstack@neutron-api.service[102925]: DEBUG neutron.api.extensions [None req-44ad3790-e896-4dea-aafe-818505298afd None None] Loading extension file: extra_dhcp_opt.py {{(pid=102925) _load_all_extensions_from_path /opt/stack/neutron/neutron/api/extensions.py:449}}
Jun 26 05:54:34.722766 np0000183135 devstack@neutron-api.service[102926]: DEBUG neutron_lib.callbacks.manager [None req-861f0ae3-4e1d-4098-88a6-37ed87f68d7a None None] Subscribe: > router before_create 55550100, False {{(pid=102926) subscribe /opt/stack/data/venv/lib/python3.12/site-packages/neutron_lib/callbacks/manager.py:52}}
Jun 26 05:54:34.722810 np0000183135 devstack@neutron-api.service[102928]: DEBUG neutron.api.extensions [None req-6cc92a76-96b3-4977-8d29-8012fd6276ea None None] Ext name="Port device profile" alias="port-device-profile" description="Expose the port device profile (Cyborg)" updated="2020-12-17T10:00:00-00:00" {{(pid=102928) _check_extension /opt/stack/neutron/neutron/api/extensions.py:415}}
Jun 26 05:54:34.722875 np0000183135 devstack@neutron-api.service[102925]: DEBUG neutron.api.extensions [None req-44ad3790-e896-4dea-aafe-818505298afd None None] Ext name="Neutron Extra DHCP options" alias="extra_dhcp_opt" description="Extra options configuration for DHCP. For example PXE boot options to DHCP clients can be specified (e.g. tftp-server, server-ip-address, bootfile-name)" updated="2013-03-17T12:00:00-00:00" {{(pid=102925) _check_extension /opt/stack/neutron/neutron/api/extensions.py:415}}
Jun 26 05:54:34.722939 np0000183135 devstack@neutron-api.service[102926]: DEBUG neutron_lib.callbacks.manager [None req-861f0ae3-4e1d-4098-88a6-37ed87f68d7a None None] Subscribe: > router precommit_delete 55550100, False {{(pid=102926) subscribe /opt/stack/data/venv/lib/python3.12/site-packages/neutron_lib/callbacks/manager.py:52}}
Jun 26 05:54:34.722967 np0000183135 devstack@neutron-api.service[102928]: INFO neutron.api.extensions [None req-6cc92a76-96b3-4977-8d29-8012fd6276ea None None] Loaded extension: port-device-profile
Jun 26 05:54:34.722994 np0000183135 devstack@neutron-api.service[102926]: DEBUG neutron_lib.callbacks.manager [None req-861f0ae3-4e1d-4098-88a6-37ed87f68d7a None None] Subscribe: > router precommit_create 55550100, False {{(pid=102926) subscribe /opt/stack/data/venv/lib/python3.12/site-packages/neutron_lib/callbacks/manager.py:52}}
Jun 26 05:54:34.723066 np0000183135 devstack@neutron-api.service[102928]: DEBUG neutron.api.extensions [None req-6cc92a76-96b3-4977-8d29-8012fd6276ea None None] Loading extension file: port_hardware_offload_type.py {{(pid=102928) _load_all_extensions_from_path /opt/stack/neutron/neutron/api/extensions.py:449}}
Jun 26 05:54:34.723119 np0000183135 devstack@neutron-api.service[102925]: INFO neutron.api.extensions [None req-44ad3790-e896-4dea-aafe-818505298afd None None] Loaded extension: extra_dhcp_opt
Jun 26 05:54:34.723178 np0000183135 devstack@neutron-api.service[102926]: DEBUG neutron_lib.callbacks.manager [None req-861f0ae3-4e1d-4098-88a6-37ed87f68d7a None None] Subscribe: > router precommit_update 55550100, False {{(pid=102926) subscribe /opt/stack/data/venv/lib/python3.12/site-packages/neutron_lib/callbacks/manager.py:52}}
Jun 26 05:54:34.723206 np0000183135 devstack@neutron-api.service[102925]: DEBUG neutron.api.extensions [None req-44ad3790-e896-4dea-aafe-818505298afd None None] Loading extension file: extraroute.py {{(pid=102925) _load_all_extensions_from_path /opt/stack/neutron/neutron/api/extensions.py:449}}
