Jun 26 05:54:34.959930 np0000183135 devstack@neutron-api.service[102926]: INFO neutron.api.extensions [None req-861f0ae3-4e1d-4098-88a6-37ed87f68d7a None None] Loaded extension: subnet_onboard
Jun 26 05:54:34.960402 np0000183135 devstack@neutron-api.service[102926]: DEBUG neutron.api.extensions [None req-861f0ae3-4e1d-4098-88a6-37ed87f68d7a None None] Loading extension file: subnet_segmentid_writable.py {{(pid=102926) _load_all_extensions_from_path /opt/stack/neutron/neutron/api/extensions.py:449}}
Jun 26 05:54:34.960402 np0000183135 devstack@neutron-api.service[102926]: DEBUG neutron.api.extensions [None req-861f0ae3-4e1d-4098-88a6-37ed87f68d7a None None] Ext name="Subnet SegmentID (writable)" alias="subnet-segmentid-writable" description="Provides a writable segment_id attribute for a subnet resource." updated="2018-03-12T00:00:00-00:00" {{(pid=102926) _check_extension /opt/stack/neutron/neutron/api/extensions.py:415}}
Jun 26 05:54:34.960522 np0000183135 devstack@neutron-api.service[102925]: DEBUG neutron.api.extensions [None req-44ad3790-e896-4dea-aafe-818505298afd None None] Extended resource: security-groups-default-statefulness {{(pid=102925) __init__ /opt/stack/neutron/neutron/api/extensions.py:156}}
Jun 26 05:54:34.960621 np0000183135 devstack@neutron-api.service[102926]: INFO neutron.api.extensions [None req-861f0ae3-4e1d-4098-88a6-37ed87f68d7a None None] Extension subnet-segmentid-writable not supported by any of loaded plugins
Jun 26 05:54:34.960621 np0000183135 devstack@neutron-api.service[102926]: DEBUG neutron.api.extensions [None req-861f0ae3-4e1d-4098-88a6-37ed87f68d7a None None] Loading extension file: subnet_service_types.py {{(pid=102926) _load_all_extensions_from_path /opt/stack/neutron/neutron/api/extensions.py:449}}
Jun 26 05:54:34.960972 np0000183135 devstack@neutron-api.service[102926]: DEBUG neutron.api.extensions [None req-861f0ae3-4e1d-4098-88a6-37ed87f68d7a None None] Ext name="Subnet service types" alias="subnet-service-types" description="Provides ability to set the subnet service_types field" updated="2016-03-15T18:00:00-00:00" {{(pid=102926) _check_extension /opt/stack/neutron/neutron/api/extensions.py:415}}
Jun 26 05:54:34.961274 np0000183135 devstack@neutron-api.service[102928]: DEBUG neutron.api.extensions [None req-6cc92a76-96b3-4977-8d29-8012fd6276ea None None] Extended resource: tags {{(pid=102928) __init__ /opt/stack/neutron/neutron/api/extensions.py:156}}
Jun 26 05:54:34.961578 np0000183135 devstack@neutron-api.service[102926]: INFO neutron.api.extensions [None req-861f0ae3-4e1d-4098-88a6-37ed87f68d7a None None] Loaded extension: subnet-service-types
Jun 26 05:54:34.961896 np0000183135 devstack@neutron-api.service[102925]: DEBUG neutron.api.extensions [None req-44ad3790-e896-4dea-aafe-818505298afd None None] Extended resource: security-groups {{(pid=102925) __init__ /opt/stack/neutron/neutron/api/extensions.py:156}}
Jun 26 05:54:34.962221 np0000183135 devstack@neutron-api.service[102926]: DEBUG neutron.api.extensions [None req-861f0ae3-4e1d-4098-88a6-37ed87f68d7a None None] Loading extension file: subnetallocation.py {{(pid=102926) _load_all_extensions_from_path /opt/stack/neutron/neutron/api/extensions.py:449}}
Jun 26 05:54:34.962221 np0000183135 devstack@neutron-api.service[102926]: DEBUG neutron.api.extensions [None req-861f0ae3-4e1d-4098-88a6-37ed87f68d7a None None] Ext name="Subnet Allocation" alias="subnet_allocation" description="Enables allocation of subnets from a subnet pool" updated="2015-03-30T10:00:00-00:00" {{(pid=102926) _check_extension /opt/stack/neutron/neutron/api/extensions.py:415}}
Jun 26 05:54:34.962221 np0000183135 devstack@neutron-api.service[102926]: INFO neutron.api.extensions [None req-861f0ae3-4e1d-4098-88a6-37ed87f68d7a None None] Loaded extension: subnet_allocation
Jun 26 05:54:34.962548 np0000183135 devstack@neutron-api.service[102925]: DEBUG neutron.api.extensions [None req-44ad3790-e896-4dea-aafe-818505298afd None None] Extended resource: security-group-rules {{(pid=102925) __init__ /opt/stack/neutron/neutron/api/extensions.py:156}}
Jun 26 05:54:34.962636 np0000183135 devstack@neutron-api.service[102926]: DEBUG neutron.api.extensions [None req-861f0ae3-4e1d-4098-88a6-37ed87f68d7a None None] Loading extension file: subnetpool_prefix_ops.py {{(pid=102926) _load_all_extensions_from_path /opt/stack/neutron/neutron/api/extensions.py:449}}
Jun 26 05:54:34.962636 np0000183135 devstack@neutron-api.service[102926]: DEBUG neutron.api.extensions [None req-861f0ae3-4e1d-4098-88a6-37ed87f68d7a None None] Ext name="Subnet Pool Prefix Operations" alias="subnetpool-prefix-ops" description="Provides support for adjusting the prefix list of subnet pools" updated="2019-02-08T10:00:00-00:00" {{(pid=102926) _check_extension /opt/stack/neutron/neutron/api/extensions.py:415}}
Jun 26 05:54:34.962636 np0000183135 devstack@neutron-api.service[102926]: INFO neutron.api.extensions [None req-861f0ae3-4e1d-4098-88a6-37ed87f68d7a None None] Loaded extension: subnetpool-prefix-ops
Jun 26 05:54:34.962773 np0000183135 devstack@neutron-api.service[102928]: DEBUG neutron.api.extensions [None req-6cc92a76-96b3-4977-8d29-8012fd6276ea None None] Extended resource: tags {{(pid=102928) __init__ /opt/stack/neutron/neutron/api/extensions.py:156}}
Jun 26 05:54:34.962885 np0000183135 devstack@neutron-api.service[102925]: DEBUG neutron.api.extensions [None req-44ad3790-e896-4dea-aafe-818505298afd None None] Extended resource: service-providers {{(pid=102925) __init__ /opt/stack/neutron/neutron/api/extensions.py:156}}
Jun 26 05:54:34.963222 np0000183135 devstack@neutron-api.service[102926]: DEBUG neutron.api.extensions [None req-861f0ae3-4e1d-4098-88a6-37ed87f68d7a None None] Loading extension file: tag_creation.py {{(pid=102926) _load_all_extensions_from_path /opt/stack/neutron/neutron/api/extensions.py:449}}
Jun 26 05:54:34.963222 np0000183135 devstack@neutron-api.service[102926]: DEBUG neutron.api.extensions [None req-861f0ae3-4e1d-4098-88a6-37ed87f68d7a None None] Ext name="Tag creation extension" alias="tag-creation" description="Allow to create multiple tags for a resource" updated="2024-23-07T10:00:00-00:00" {{(pid=102926) _check_extension /opt/stack/neutron/neutron/api/extensions.py:415}}
Jun 26 05:54:34.963222 np0000183135 devstack@neutron-api.service[102926]: INFO neutron.api.extensions [None req-861f0ae3-4e1d-4098-88a6-37ed87f68d7a None None] Loaded extension: tag-creation
Jun 26 05:54:34.963393 np0000183135 devstack@neutron-api.service[102925]: DEBUG neutron.api.extensions [None req-44ad3790-e896-4dea-aafe-818505298afd None None] Extended resource: subnetpools {{(pid=102925) __init__ /opt/stack/neutron/neutron/api/extensions.py:156}}
Jun 26 05:54:34.963519 np0000183135 devstack@neutron-api.service[102926]: DEBUG neutron.api.extensions [None req-861f0ae3-4e1d-4098-88a6-37ed87f68d7a None None] Loading extension file: tag_ports_during_bulk_creation.py {{(pid=102926) _load_all_extensions_from_path /opt/stack/neutron/neutron/api/extensions.py:449}}
Jun 26 05:54:34.963604 np0000183135 devstack@neutron-api.service[102928]: DEBUG neutron.api.extensions [None req-6cc92a76-96b3-4977-8d29-8012fd6276ea None None] Extended resource: tags {{(pid=102928) __init__ /opt/stack/neutron/neutron/api/extensions.py:156}}
Jun 26 05:54:34.963759 np0000183135 devstack@neutron-api.service[102926]: DEBUG neutron.api.extensions [None req-861f0ae3-4e1d-4098-88a6-37ed87f68d7a None None] Ext name="Tag Ports During Bulk Creation" alias="tag-ports-during-bulk-creation" description="Allow to tag ports during bulk creation" updated="2019-12-29T19:00:00-00:00" {{(pid=102926) _check_extension /opt/stack/neutron/neutron/api/extensions.py:415}}
Jun 26 05:54:34.963759 np0000183135 devstack@neutron-api.service[102926]: INFO neutron.api.extensions [None req-861f0ae3-4e1d-4098-88a6-37ed87f68d7a None None] Extension tag-ports-during-bulk-creation not supported by any of loaded plugins
Jun 26 05:54:34.963759 np0000183135 devstack@neutron-api.service[102926]: DEBUG neutron.api.extensions [None req-861f0ae3-4e1d-4098-88a6-37ed87f68d7a None None] Loading extension file: tagging.py {{(pid=102926) _load_all_extensions_from_path /opt/stack/neutron/neutron/api/extensions.py:449}}
Jun 26 05:54:34.964128 np0000183135 devstack@neutron-api.service[102925]: DEBUG neutron.api.extensions [None req-44ad3790-e896-4dea-aafe-818505298afd None None] Extended resource: subnetpools {{(pid=102925) __init__ /opt/stack/neutron/neutron/api/extensions.py:156}}
Jun 26 05:54:34.964215 np0000183135 devstack@neutron-api.service[102928]: DEBUG neutron.api.extensions [None req-6cc92a76-96b3-4977-8d29-8012fd6276ea None None] Extended resource: tags {{(pid=102928) __init__ /opt/stack/neutron/neutron/api/extensions.py:156}}
Jun 26 05:54:34.964321 np0000183135 devstack@neutron-api.service[102925]: DEBUG neutron.api.extensions [None req-44ad3790-e896-4dea-aafe-818505298afd None None] Extended resource: tags {{(pid=102925) __init__ /opt/stack/neutron/neutron/api/extensions.py:156}}
Jun 26 05:54:34.964405 np0000183135 devstack@neutron-api.service[102926]: DEBUG neutron.api.extensions [None req-861f0ae3-4e1d-4098-88a6-37ed87f68d7a None None] Ext name="Tag support for resources with standard attribute: port, subnet, subnetpool, network, security_group, router, floatingip, policy, trunk, network_segment_range" alias="standard-attr-tag" description="Enables to set tag on resources with standard attribute." updated="2017-01-01T00:00:00-00:00" {{(pid=102926) _check_extension /opt/stack/neutron/neutron/api/extensions.py:415}}
Jun 26 05:54:34.964405 np0000183135 devstack@neutron-api.service[102926]: INFO neutron.api.extensions [None req-861f0ae3-4e1d-4098-88a6-37ed87f68d7a None None] Loaded extension: standard-attr-tag
Jun 26 05:54:34.964405 np0000183135 devstack@neutron-api.service[102926]: DEBUG neutron.api.extensions [None req-861f0ae3-4e1d-4098-88a6-37ed87f68d7a None None] Loading extension file: timestamp.py {{(pid=102926) _load_all_extensions_from_path /opt/stack/neutron/neutron/api/extensions.py:449}}
Jun 26 05:54:34.964842 np0000183135 devstack@neutron-api.service[102925]: DEBUG neutron.api.extensions [None req-44ad3790-e896-4dea-aafe-818505298afd None None] Extended resource: tags {{(pid=102925) __init__ /opt/stack/neutron/neutron/api/extensions.py:156}}
Jun 26 05:54:34.964946 np0000183135 devstack@neutron-api.service[102926]: DEBUG neutron.api.extensions [None req-861f0ae3-4e1d-4098-88a6-37ed87f68d7a None None] Ext name="Resource timestamps" alias="standard-attr-timestamp" description="Adds created_at and updated_at fields to all Neutron resources that have Neutron standard attributes." updated="2016-09-12T10:00:00-00:00" {{(pid=102926) _check_extension /opt/stack/neutron/neutron/api/extensions.py:415}}
Jun 26 05:54:34.965092 np0000183135 devstack@neutron-api.service[102928]: DEBUG neutron.api.extensions [None req-6cc92a76-96b3-4977-8d29-8012fd6276ea None None] Extended resource: tags {{(pid=102928) __init__ /opt/stack/neutron/neutron/api/extensions.py:156}}
Jun 26 05:54:34.965178 np0000183135 devstack@neutron-api.service[102926]: INFO neutron.api.extensions [None req-861f0ae3-4e1d-4098-88a6-37ed87f68d7a None None] Loaded extension: standard-attr-timestamp
Jun 26 05:54:34.965178 np0000183135 devstack@neutron-api.service[102926]: DEBUG neutron.api.extensions [None req-861f0ae3-4e1d-4098-88a6-37ed87f68d7a None None] Loading extension file: trunk.py {{(pid=102926) _load_all_extensions_from_path /opt/stack/neutron/neutron/api/extensions.py:449}}
Jun 26 05:54:34.965178 np0000183135 devstack@neutron-api.service[102926]: DEBUG neutron.api.extensions [None req-861f0ae3-4e1d-4098-88a6-37ed87f68d7a None None] Ext name="Trunk Extension" alias="trunk" description="Provides support for trunk ports" updated="2016-01-01T10:00:00-00:00" {{(pid=102926) _check_extension /opt/stack/neutron/neutron/api/extensions.py:415}}
Jun 26 05:54:34.965377 np0000183135 devstack@neutron-api.service[102925]: DEBUG neutron.api.extensions [None req-44ad3790-e896-4dea-aafe-818505298afd None None] Extended resource: tags {{(pid=102925) __init__ /opt/stack/neutron/neutron/api/extensions.py:156}}
Jun 26 05:54:34.965487 np0000183135 devstack@neutron-api.service[102926]: INFO neutron.api.extensions [None req-861f0ae3-4e1d-4098-88a6-37ed87f68d7a None None] Extension trunk not supported by any of loaded plugins
Jun 26 05:54:34.965487 np0000183135 devstack@neutron-api.service[102926]: DEBUG neutron.api.extensions [None req-861f0ae3-4e1d-4098-88a6-37ed87f68d7a None None] Loading extension file: trunk_details.py {{(pid=102926) _load_all_extensions_from_path /opt/stack/neutron/neutron/api/extensions.py:449}}
Jun 26 05:54:34.965580 np0000183135 devstack@neutron-api.service[102928]: DEBUG neutron.api.extensions [None req-6cc92a76-96b3-4977-8d29-8012fd6276ea None None] Extended resource: tags {{(pid=102928) __init__ /opt/stack/neutron/neutron/api/extensions.py:156}}
Jun 26 05:54:34.965669 np0000183135 devstack@neutron-api.service[102926]: DEBUG neutron.api.extensions [None req-861f0ae3-4e1d-4098-88a6-37ed87f68d7a None None] Ext name="Trunk port details" alias="trunk-details" description="Expose trunk port details" updated="2016-01-01T10:00:00-00:00" {{(pid=102926) _check_extension /opt/stack/neutron/neutron/api/extensions.py:415}}
Jun 26 05:54:34.965854 np0000183135 devstack@neutron-api.service[102926]: INFO neutron.api.extensions [None req-861f0ae3-4e1d-4098-88a6-37ed87f68d7a None None] Extension trunk-details not supported by any of loaded plugins
Jun 26 05:54:34.965962 np0000183135 devstack@neutron-api.service[102926]: DEBUG neutron.api.extensions [None req-861f0ae3-4e1d-4098-88a6-37ed87f68d7a None None] Loading extension file: uplink_status_propagation.py {{(pid=102926) _load_all_extensions_from_path /opt/stack/neutron/neutron/api/extensions.py:449}}
Jun 26 05:54:34.966146 np0000183135 devstack@neutron-api.service[102926]: DEBUG neutron.api.extensions [None req-861f0ae3-4e1d-4098-88a6-37ed87f68d7a None None] Ext name="Uplink status propagation extension" alias="uplink-status-propagation" description="Provides ability to propagate port uplink status." updated="2018-05-31T18:00:00-00:00" {{(pid=102926) _check_extension /opt/stack/neutron/neutron/api/extensions.py:415}}
Jun 26 05:54:34.966211 np0000183135 devstack@neutron-api.service[102925]: DEBUG neutron.api.extensions [None req-44ad3790-e896-4dea-aafe-818505298afd None None] Extended resource: tags {{(pid=102925) __init__ /opt/stack/neutron/neutron/api/extensions.py:156}}
Jun 26 05:54:34.966352 np0000183135 devstack@neutron-api.service[102926]: INFO neutron.api.extensions [None req-861f0ae3-4e1d-4098-88a6-37ed87f68d7a None None] Extension uplink-status-propagation not supported by any of loaded plugins
Jun 26 05:54:34.966411 np0000183135 devstack@neutron-api.service[102928]: DEBUG neutron.api.extensions [None req-6cc92a76-96b3-4977-8d29-8012fd6276ea None None] Extended resource: tags {{(pid=102928) __init__ /opt/stack/neutron/neutron/api/extensions.py:156}}
Jun 26 05:54:34.966477 np0000183135 devstack@neutron-api.service[102926]: DEBUG neutron.api.extensions [None req-861f0ae3-4e1d-4098-88a6-37ed87f68d7a None None] Loading extension file: uplink_status_propagation_updatable.py {{(pid=102926) _load_all_extensions_from_path /opt/stack/neutron/neutron/api/extensions.py:449}}
Jun 26 05:54:34.966677 np0000183135 devstack@neutron-api.service[102926]: DEBUG neutron.api.extensions [None req-861f0ae3-4e1d-4098-88a6-37ed87f68d7a None None] Ext name="Uplink status propagation updatable extension" alias="uplink-status-propagation-updatable" description="Provides ability to update the port uplink status." updated="2024-09-03T18:00:00-00:00" {{(pid=102926) _check_extension /opt/stack/neutron/neutron/api/extensions.py:415}}
Jun 26 05:54:34.966799 np0000183135 devstack@neutron-api.service[102926]: INFO neutron.api.extensions [None req-861f0ae3-4e1d-4098-88a6-37ed87f68d7a None None] Extension uplink-status-propagation-updatable not supported by any of loaded plugins
Jun 26 05:54:34.966893 np0000183135 devstack@neutron-api.service[102926]: DEBUG neutron.api.extensions [None req-861f0ae3-4e1d-4098-88a6-37ed87f68d7a None None] Loading extension file: vlantransparent.py {{(pid=102926) _load_all_extensions_from_path /opt/stack/neutron/neutron/api/extensions.py:449}}
Jun 26 05:54:34.966962 np0000183135 devstack@neutron-api.service[102925]: DEBUG neutron.api.extensions [None req-44ad3790-e896-4dea-aafe-818505298afd None None] Extended resource: tags {{(pid=102925) __init__ /opt/stack/neutron/neutron/api/extensions.py:156}}
Jun 26 05:54:34.967154 np0000183135 devstack@neutron-api.service[102926]: DEBUG neutron.api.extensions [None req-861f0ae3-4e1d-4098-88a6-37ed87f68d7a None None] Ext name="Vlantransparent" alias="vlan-transparent" description="Provides Vlan Transparent Networks" updated="2015-03-23T09:00:00-00:00" {{(pid=102926) _check_extension /opt/stack/neutron/neutron/api/extensions.py:415}}
Jun 26 05:54:34.967212 np0000183135 devstack@neutron-api.service[102928]: DEBUG neutron.api.extensions [None req-6cc92a76-96b3-4977-8d29-8012fd6276ea None None] Extended resource: tags {{(pid=102928) __init__ /opt/stack/neutron/neutron/api/extensions.py:156}}
Jun 26 05:54:34.967334 np0000183135 devstack@neutron-api.service[102926]: INFO neutron.api.extensions [None req-861f0ae3-4e1d-4098-88a6-37ed87f68d7a None None] Loaded extension: vlan-transparent
Jun 26 05:54:34.967807 np0000183135 devstack@neutron-api.service[102925]: DEBUG neutron.api.extensions [None req-44ad3790-e896-4dea-aafe-818505298afd None None] Extended resource: tags {{(pid=102925) __init__ /opt/stack/neutron/neutron/api/extensions.py:156}}
Jun 26 05:54:34.968614 np0000183135 devstack@neutron-api.service[102925]: DEBUG neutron.api.extensions [None req-44ad3790-e896-4dea-aafe-818505298afd None None] Extended resource: tags {{(pid=102925) __init__ /opt/stack/neutron/neutron/api/extensions.py:156}}
Jun 26 05:54:34.969120 np0000183135 devstack@neutron-api.service[102926]: INFO neutron.quota.resource_registry [None req-861f0ae3-4e1d-4098-88a6-37ed87f68d7a None None] Creating instance of TrackedResource for resource:network
Jun 26 05:54:34.969354 np0000183135 devstack@neutron-api.service[102926]: INFO neutron.quota.resource_registry [None req-861f0ae3-4e1d-4098-88a6-37ed87f68d7a None None] Creating instance of TrackedResource for resource:subnet
Jun 26 05:54:34.969423 np0000183135 devstack@neutron-api.service[102925]: DEBUG neutron.api.extensions [None req-44ad3790-e896-4dea-aafe-818505298afd None None] Extended resource: tags {{(pid=102925) __init__ /opt/stack/neutron/neutron/api/extensions.py:156}}
Jun 26 05:54:34.969788 np0000183135 devstack@neutron-api.service[102926]: INFO neutron.quota.resource_registry [None req-861f0ae3-4e1d-4098-88a6-37ed87f68d7a None None] Creating instance of TrackedResource for resource:subnetpool
Jun 26 05:54:34.969788 np0000183135 devstack@neutron-api.service[102926]: INFO neutron.quota.resource_registry [None req-861f0ae3-4e1d-4098-88a6-37ed87f68d7a None None] Creating instance of TrackedResource for resource:port
Jun 26 05:54:34.970172 np0000183135 devstack@neutron-api.service[102925]: DEBUG neutron.api.extensions [None req-44ad3790-e896-4dea-aafe-818505298afd None None] Extended resource: tags {{(pid=102925) __init__ /opt/stack/neutron/neutron/api/extensions.py:156}}
Jun 26 05:54:34.970995 np0000183135 devstack@neutron-api.service[102925]: DEBUG neutron.api.extensions [None req-44ad3790-e896-4dea-aafe-818505298afd None None] Extended resource: tags {{(pid=102925) __init__ /opt/stack/neutron/neutron/api/extensions.py:156}}
Jun 26 05:54:34.971118 np0000183135 devstack@neutron-api.service[102926]: INFO neutron.quota.resource_registry [None req-861f0ae3-4e1d-4098-88a6-37ed87f68d7a None None] Creating instance of CountableResource for resource:router_route
Jun 26 05:54:34.971346 np0000183135 devstack@neutron-api.service[102926]: DEBUG neutron.api.v2.resource_helper [None req-861f0ae3-4e1d-4098-88a6-37ed87f68d7a None None] Service L3_ROUTER_NAT assigned prefix: {{(pid=102926) build_resource_info /opt/stack/neutron/neutron/api/v2/resource_helper.py:77}}
Jun 26 05:54:34.971757 np0000183135 devstack@neutron-api.service[102926]: DEBUG neutron.api.v2.resource_helper [None req-861f0ae3-4e1d-4098-88a6-37ed87f68d7a None None] Service FLAVORS assigned prefix: {{(pid=102926) build_resource_info /opt/stack/neutron/neutron/api/v2/resource_helper.py:77}}
Jun 26 05:54:34.972714 np0000183135 devstack@neutron-api.service[102926]: DEBUG neutron.api.v2.resource_helper [None req-861f0ae3-4e1d-4098-88a6-37ed87f68d7a None None] Service L3_ROUTER_NAT assigned prefix: {{(pid=102926) build_resource_info /opt/stack/neutron/neutron/api/v2/resource_helper.py:77}}
Jun 26 05:54:34.973053 np0000183135 devstack@neutron-api.service[102926]: DEBUG neutron.api.v2.resource_helper [None req-861f0ae3-4e1d-4098-88a6-37ed87f68d7a None None] Service L3_ROUTER_NAT assigned prefix: {{(pid=102926) build_resource_info /opt/stack/neutron/neutron/api/v2/resource_helper.py:77}}
Jun 26 05:54:34.973175 np0000183135 devstack@neutron-api.service[102926]: INFO neutron.quota.resource_registry [None req-861f0ae3-4e1d-4098-88a6-37ed87f68d7a None None] Creating instance of TrackedResource for resource:router
Jun 26 05:54:34.973574 np0000183135 devstack@neutron-api.service[102926]: INFO neutron.quota.resource_registry [None req-861f0ae3-4e1d-4098-88a6-37ed87f68d7a None None] Creating instance of TrackedResource for resource:floatingip
Jun 26 05:54:34.974732 np0000183135 devstack@neutron-api.service[102926]: INFO neutron.quota.resource_registry [None req-861f0ae3-4e1d-4098-88a6-37ed87f68d7a None None] Creating instance of CountableResource for resource:rbac_policy
Jun 26 05:54:34.975504 np0000183135 devstack@neutron-api.service[102926]: INFO neutron.quota.resource_registry [None req-861f0ae3-4e1d-4098-88a6-37ed87f68d7a None None] Creating instance of TrackedResource for resource:security_group
Jun 26 05:54:34.975887 np0000183135 devstack@neutron-api.service[102926]: INFO neutron.quota.resource_registry [None req-861f0ae3-4e1d-4098-88a6-37ed87f68d7a None None] Creating instance of TrackedResource for resource:security_group_rule
Jun 26 05:54:34.976498 np0000183135 devstack@neutron-api.service[102926]: DEBUG neutron.api.v2.resource_helper [None req-861f0ae3-4e1d-4098-88a6-37ed87f68d7a None None] Service CORE assigned prefix: {{(pid=102926) build_resource_info /opt/stack/neutron/neutron/api/v2/resource_helper.py:77}}
Jun 26 05:54:34.976594 np0000183135 devstack@neutron-api.service[102926]: INFO neutron.quota.resource_registry [None req-861f0ae3-4e1d-4098-88a6-37ed87f68d7a None None] Creating instance of TrackedResource for resource:subnetpool
Jun 26 05:54:34.976770 np0000183135 devstack@neutron-api.service[102926]: WARNING neutron.quota.resource_registry [None req-861f0ae3-4e1d-4098-88a6-37ed87f68d7a None None] subnetpool is already registered
Jun 26 05:54:34.977103 np0000183135 devstack@neutron-api.service[102926]: DEBUG neutron.api.v2.resource_helper [None req-861f0ae3-4e1d-4098-88a6-37ed87f68d7a None None] Service CORE assigned prefix: {{(pid=102926) build_resource_info /opt/stack/neutron/neutron/api/v2/resource_helper.py:77}}
Jun 26 05:54:34.977336 np0000183135 devstack@neutron-api.service[102926]: INFO neutron.quota.resource_registry [None req-861f0ae3-4e1d-4098-88a6-37ed87f68d7a None None] Creating instance of TrackedResource for resource:subnetpool
Jun 26 05:54:34.977336 np0000183135 devstack@neutron-api.service[102926]: WARNING neutron.quota.resource_registry [None req-861f0ae3-4e1d-4098-88a6-37ed87f68d7a None None] subnetpool is already registered
Jun 26 05:54:34.978069 np0000183135 devstack@neutron-api.service[102928]: DEBUG neutron_lib.callbacks.manager [None req-6cc92a76-96b3-4977-8d29-8012fd6276ea None None] Publish callbacks ['neutron.plugins.ml2.drivers.ovn.mech_driver.mech_driver.OVNMechanismDriver.pre_fork_initialize-980145'] for process (None), before_spawn {{(pid=102928) _notify_loop /opt/stack/data/venv/lib/python3.12/site-packages/neutron_lib/callbacks/manager.py:184}}
Jun 26 05:54:34.978457 np0000183135 devstack@neutron-api.service[102928]: DEBUG oslo_concurrency.processutils [None req-6cc92a76-96b3-4977-8d29-8012fd6276ea None None] Running cmd (subprocess): ovsdb-client transact ssl:199.204.45.238:6641 --timeout 180 -p /opt/stack/data/CA/int-ca/private/devstack-cert.key -c /opt/stack/data/CA/int-ca/devstack-cert.crt -C /opt/stack/data/CA/int-ca/ca-chain.pem ["OVN_Northbound", {"op": "wait", "timeout": 0, "table": "Port_Group", "where": [["name", "==", "neutron_pg_drop"]], "until": "==", "rows": []}, {"op": "insert", "table": "ACL", "row": {"action": "drop", "direction": "to-lport", "match": "outport == @neutron_pg_drop && ip", "priority": 1001}, "uuid-name": "droptoport"}, {"op": "insert", "table": "ACL", "row": {"action": "drop", "direction": "from-lport", "match": "inport == @neutron_pg_drop && ip", "priority": 1001}, "uuid-name": "dropfromport"}, {"op": "insert", "table": "Port_Group", "row": {"name": "neutron_pg_drop", "acls": ["set", [["named-uuid", "droptoport"], ["named-uuid", "dropfromport"]]]}}] {{(pid=102928) execute /opt/stack/data/venv/lib/python3.12/site-packages/oslo_concurrency/processutils.py:440}}
Jun 26 05:54:34.980102 np0000183135 devstack@neutron-api.service[102926]: INFO neutron.quota.resource_registry [None req-861f0ae3-4e1d-4098-88a6-37ed87f68d7a None None] Creating instance of CountableResource for resource:router_route
Jun 26 05:54:34.980233 np0000183135 devstack@neutron-api.service[102926]: WARNING neutron.quota.resource_registry [None req-861f0ae3-4e1d-4098-88a6-37ed87f68d7a None None] router_route is already registered
Jun 26 05:54:34.980422 np0000183135 devstack@neutron-api.service[102925]: DEBUG neutron_lib.callbacks.manager [None req-44ad3790-e896-4dea-aafe-818505298afd None None] Publish callbacks ['neutron.plugins.ml2.drivers.ovn.mech_driver.mech_driver.OVNMechanismDriver.pre_fork_initialize-857377'] for process (None), before_spawn {{(pid=102925) _notify_loop /opt/stack/data/venv/lib/python3.12/site-packages/neutron_lib/callbacks/manager.py:184}}
Jun 26 05:54:34.980462 np0000183135 devstack@neutron-api.service[102926]: DEBUG neutron.api.v2.resource_helper [None req-861f0ae3-4e1d-4098-88a6-37ed87f68d7a None None] Service L3_ROUTER_NAT assigned prefix: {{(pid=102926) build_resource_info /opt/stack/neutron/neutron/api/v2/resource_helper.py:77}}
Jun 26 05:54:34.980804 np0000183135 devstack@neutron-api.service[102925]: DEBUG oslo_concurrency.processutils [None req-44ad3790-e896-4dea-aafe-818505298afd None None] Running cmd (subprocess): ovsdb-client transact ssl:199.204.45.238:6641 --timeout 180 -p /opt/stack/data/CA/int-ca/private/devstack-cert.key -c /opt/stack/data/CA/int-ca/devstack-cert.crt -C /opt/stack/data/CA/int-ca/ca-chain.pem ["OVN_Northbound", {"op": "wait", "timeout": 0, "table": "Port_Group", "where": [["name", "==", "neutron_pg_drop"]], "until": "==", "rows": []}, {"op": "insert", "table": "ACL", "row": {"action": "drop", "direction": "to-lport", "match": "outport == @neutron_pg_drop && ip", "priority": 1001}, "uuid-name": "droptoport"}, {"op": "insert", "table": "ACL", "row": {"action": "drop", "direction": "from-lport", "match": "inport == @neutron_pg_drop && ip", "priority": 1001}, "uuid-name": "dropfromport"}, {"op": "insert", "table": "Port_Group", "row": {"name": "neutron_pg_drop", "acls": ["set", [["named-uuid", "droptoport"], ["named-uuid", "dropfromport"]]]}}] {{(pid=102925) execute /opt/stack/data/venv/lib/python3.12/site-packages/oslo_concurrency/processutils.py:440}}
Jun 26 05:54:34.980866 np0000183135 devstack@neutron-api.service[102926]: DEBUG neutron.api.v2.resource_helper [None req-861f0ae3-4e1d-4098-88a6-37ed87f68d7a None None] Service FLAVORS assigned prefix: {{(pid=102926) build_resource_info /opt/stack/neutron/neutron/api/v2/resource_helper.py:77}}
Jun 26 05:54:34.982185 np0000183135 devstack@neutron-api.service[102926]: DEBUG neutron.api.v2.resource_helper [None req-861f0ae3-4e1d-4098-88a6-37ed87f68d7a None None] Service L3_ROUTER_NAT assigned prefix: {{(pid=102926) build_resource_info /opt/stack/neutron/neutron/api/v2/resource_helper.py:77}}
Jun 26 05:54:34.982185 np0000183135 devstack@neutron-api.service[102926]: DEBUG neutron.api.v2.resource_helper [None req-861f0ae3-4e1d-4098-88a6-37ed87f68d7a None None] Service L3_ROUTER_NAT assigned prefix: {{(pid=102926) build_resource_info /opt/stack/neutron/neutron/api/v2/resource_helper.py:77}}
Jun 26 05:54:34.982887 np0000183135 devstack@neutron-api.service[102926]: INFO neutron.quota.resource_registry [None req-861f0ae3-4e1d-4098-88a6-37ed87f68d7a None None] Creating instance of TrackedResource for resource:router
Jun 26 05:54:34.982887 np0000183135 devstack@neutron-api.service[102926]: WARNING neutron.quota.resource_registry [None req-861f0ae3-4e1d-4098-88a6-37ed87f68d7a None None] router is already registered
Jun 26 05:54:34.983065 np0000183135 devstack@neutron-api.service[102926]: INFO neutron.quota.resource_registry [None req-861f0ae3-4e1d-4098-88a6-37ed87f68d7a None None] Creating instance of TrackedResource for resource:floatingip
Jun 26 05:54:34.983188 np0000183135 devstack@neutron-api.service[102926]: WARNING neutron.quota.resource_registry [None req-861f0ae3-4e1d-4098-88a6-37ed87f68d7a None None] floatingip is already registered
Jun 26 05:54:34.984354 np0000183135 devstack@neutron-api.service[102926]: INFO neutron.quota.resource_registry [None req-861f0ae3-4e1d-4098-88a6-37ed87f68d7a None None] Creating instance of CountableResource for resource:rbac_policy
Jun 26 05:54:34.984354 np0000183135 devstack@neutron-api.service[102926]: WARNING neutron.quota.resource_registry [None req-861f0ae3-4e1d-4098-88a6-37ed87f68d7a None None] rbac_policy is already registered
Jun 26 05:54:34.985521 np0000183135 devstack@neutron-api.service[102926]: INFO neutron.quota.resource_registry [None req-861f0ae3-4e1d-4098-88a6-37ed87f68d7a None None] Creating instance of TrackedResource for resource:security_group
Jun 26 05:54:34.985521 np0000183135 devstack@neutron-api.service[102926]: WARNING neutron.quota.resource_registry [None req-861f0ae3-4e1d-4098-88a6-37ed87f68d7a None None] security_group is already registered
Jun 26 05:54:34.986182 np0000183135 devstack@neutron-api.service[102926]: INFO neutron.quota.resource_registry [None req-861f0ae3-4e1d-4098-88a6-37ed87f68d7a None None] Creating instance of TrackedResource for resource:security_group_rule
Jun 26 05:54:34.986182 np0000183135 devstack@neutron-api.service[102926]: WARNING neutron.quota.resource_registry [None req-861f0ae3-4e1d-4098-88a6-37ed87f68d7a None None] security_group_rule is already registered
Jun 26 05:54:34.986970 np0000183135 devstack@neutron-api.service[102926]: DEBUG neutron.api.v2.resource_helper [None req-861f0ae3-4e1d-4098-88a6-37ed87f68d7a None None] Service CORE assigned prefix: {{(pid=102926) build_resource_info /opt/stack/neutron/neutron/api/v2/resource_helper.py:77}}
Jun 26 05:54:34.986970 np0000183135 devstack@neutron-api.service[102926]: INFO neutron.quota.resource_registry [None req-861f0ae3-4e1d-4098-88a6-37ed87f68d7a None None] Creating instance of TrackedResource for resource:subnetpool
Jun 26 05:54:34.987225 np0000183135 devstack@neutron-api.service[102926]: WARNING neutron.quota.resource_registry [None req-861f0ae3-4e1d-4098-88a6-37ed87f68d7a None None] subnetpool is already registered
Jun 26 05:54:34.987804 np0000183135 devstack@neutron-api.service[102926]: DEBUG neutron.api.v2.resource_helper [None req-861f0ae3-4e1d-4098-88a6-37ed87f68d7a None None] Service CORE assigned prefix: {{(pid=102926) build_resource_info /opt/stack/neutron/neutron/api/v2/resource_helper.py:77}}
Jun 26 05:54:34.987804 np0000183135 devstack@neutron-api.service[102926]: INFO neutron.quota.resource_registry [None req-861f0ae3-4e1d-4098-88a6-37ed87f68d7a None None] Creating instance of TrackedResource for resource:subnetpool
Jun 26 05:54:34.988266 np0000183135 devstack@neutron-api.service[102926]: WARNING neutron.quota.resource_registry [None req-861f0ae3-4e1d-4098-88a6-37ed87f68d7a None None] subnetpool is already registered
Jun 26 05:54:34.988743 np0000183135 devstack@neutron-api.service[102926]: DEBUG neutron.api.extensions [None req-861f0ae3-4e1d-4098-88a6-37ed87f68d7a None None] Extended resource: extensions {{(pid=102926) __init__ /opt/stack/neutron/neutron/api/extensions.py:156}}
Jun 26 05:54:34.989584 np0000183135 devstack@neutron-api.service[102926]: DEBUG neutron.api.extensions [None req-861f0ae3-4e1d-4098-88a6-37ed87f68d7a None None] Extended resource: address-groups {{(pid=102926) __init__ /opt/stack/neutron/neutron/api/extensions.py:156}}
Jun 26 05:54:34.990267 np0000183135 devstack@neutron-api.service[102926]: DEBUG neutron.api.extensions [None req-861f0ae3-4e1d-4098-88a6-37ed87f68d7a None None] Extended resource: address-scopes {{(pid=102926) __init__ /opt/stack/neutron/neutron/api/extensions.py:156}}
Jun 26 05:54:34.990808 np0000183135 devstack@neutron-api.service[102926]: DEBUG neutron.api.extensions [None req-861f0ae3-4e1d-4098-88a6-37ed87f68d7a None None] Extended resource: agents {{(pid=102926) __init__ /opt/stack/neutron/neutron/api/extensions.py:156}}
Jun 26 05:54:34.991316 np0000183135 devstack@neutron-api.service[102926]: DEBUG neutron.api.extensions [None req-861f0ae3-4e1d-4098-88a6-37ed87f68d7a None None] Extended resource: auto-allocated-topology {{(pid=102926) __init__ /opt/stack/neutron/neutron/api/extensions.py:156}}
Jun 26 05:54:34.991838 np0000183135 devstack@neutron-api.service[102926]: DEBUG neutron.api.extensions [None req-861f0ae3-4e1d-4098-88a6-37ed87f68d7a None None] Extended resource: availability_zones {{(pid=102926) __init__ /opt/stack/neutron/neutron/api/extensions.py:156}}
Jun 26 05:54:34.992418 np0000183135 devstack@neutron-api.service[102926]: DEBUG neutron.api.extensions [None req-861f0ae3-4e1d-4098-88a6-37ed87f68d7a None None] Extended resource: dhcp-networks {{(pid=102926) __init__ /opt/stack/neutron/neutron/api/extensions.py:156}}
Jun 26 05:54:34.993075 np0000183135 devstack@neutron-api.service[102926]: DEBUG neutron.api.extensions [None req-861f0ae3-4e1d-4098-88a6-37ed87f68d7a None None] Extended resource: dhcp-agents {{(pid=102926) __init__ /opt/stack/neutron/neutron/api/extensions.py:156}}
Jun 26 05:54:34.993718 np0000183135 devstack@neutron-api.service[102926]: DEBUG neutron.api.extensions [None req-861f0ae3-4e1d-4098-88a6-37ed87f68d7a None None] Extended resource: routers {{(pid=102926) __init__ /opt/stack/neutron/neutron/api/extensions.py:156}}
Jun 26 05:54:34.994683 np0000183135 devstack@neutron-api.service[102926]: DEBUG neutron.api.extensions [None req-861f0ae3-4e1d-4098-88a6-37ed87f68d7a None None] Extended resource: flavors {{(pid=102926) __init__ /opt/stack/neutron/neutron/api/extensions.py:156}}
Jun 26 05:54:34.995336 np0000183135 devstack@neutron-api.service[102926]: DEBUG neutron.api.extensions [None req-861f0ae3-4e1d-4098-88a6-37ed87f68d7a None None] Extended resource: service_profiles {{(pid=102926) __init__ /opt/stack/neutron/neutron/api/extensions.py:156}}
Jun 26 05:54:34.995851 np0000183135 devstack@neutron-api.service[102926]: DEBUG neutron.api.extensions [None req-861f0ae3-4e1d-4098-88a6-37ed87f68d7a None None] Extended resource: next_providers {{(pid=102926) __init__ /opt/stack/neutron/neutron/api/extensions.py:156}}
Jun 26 05:54:34.996569 np0000183135 devstack@neutron-api.service[102926]: DEBUG neutron.api.extensions [None req-861f0ae3-4e1d-4098-88a6-37ed87f68d7a None None] Extended resource: service_profiles {{(pid=102926) __init__ /opt/stack/neutron/neutron/api/extensions.py:156}}
Jun 26 05:54:34.997310 np0000183135 devstack@neutron-api.service[102926]: DEBUG neutron.api.extensions [None req-861f0ae3-4e1d-4098-88a6-37ed87f68d7a None None] Extended resource: floatingip-pools {{(pid=102926) __init__ /opt/stack/neutron/neutron/api/extensions.py:156}}
Jun 26 05:54:34.997817 np0000183135 devstack@neutron-api.service[102926]: DEBUG neutron.api.extensions [None req-861f0ae3-4e1d-4098-88a6-37ed87f68d7a None None] Extended resource: routers {{(pid=102926) __init__ /opt/stack/neutron/neutron/api/extensions.py:156}}
Jun 26 05:54:34.998762 np0000183135 devstack@neutron-api.service[102926]: DEBUG neutron.api.extensions [None req-861f0ae3-4e1d-4098-88a6-37ed87f68d7a None None] Extended resource: floatingips {{(pid=102926) __init__ /opt/stack/neutron/neutron/api/extensions.py:156}}
Jun 26 05:54:35.000407 np0000183135 devstack@neutron-api.service[102926]: DEBUG neutron.api.extensions [None req-861f0ae3-4e1d-4098-88a6-37ed87f68d7a None None] Extended resource: l3-routers {{(pid=102926) __init__ /opt/stack/neutron/neutron/api/extensions.py:156}}
Jun 26 05:54:35.000728 np0000183135 devstack@neutron-api.service[102926]: DEBUG neutron.api.extensions [None req-861f0ae3-4e1d-4098-88a6-37ed87f68d7a None None] Extended resource: l3-agents {{(pid=102926) __init__ /opt/stack/neutron/neutron/api/extensions.py:156}}
Jun 26 05:54:35.001420 np0000183135 devstack@neutron-api.service[102926]: DEBUG neutron.api.extensions [None req-861f0ae3-4e1d-4098-88a6-37ed87f68d7a None None] Extended resource: network-ip-availabilities {{(pid=102926) __init__ /opt/stack/neutron/neutron/api/extensions.py:156}}
Jun 26 05:54:35.001920 np0000183135 devstack@neutron-api.service[102926]: DEBUG neutron.api.extensions [None req-861f0ae3-4e1d-4098-88a6-37ed87f68d7a None None] Extended resource: network-ip-availabilities {{(pid=102926) __init__ /opt/stack/neutron/neutron/api/extensions.py:156}}
Jun 26 05:54:35.002495 np0000183135 devstack@neutron-api.service[102926]: DEBUG neutron.api.extensions [None req-861f0ae3-4e1d-4098-88a6-37ed87f68d7a None None] Extended resource: bindings {{(pid=102926) __init__ /opt/stack/neutron/neutron/api/extensions.py:156}}
Jun 26 05:54:35.003418 np0000183135 devstack@neutron-api.service[102926]: DEBUG neutron.api.extensions [None req-861f0ae3-4e1d-4098-88a6-37ed87f68d7a None None] Extended resource: quotas {{(pid=102926) __init__ /opt/stack/neutron/neutron/api/extensions.py:156}}
Jun 26 05:54:35.004054 np0000183135 devstack@neutron-api.service[102926]: DEBUG neutron.api.extensions [None req-861f0ae3-4e1d-4098-88a6-37ed87f68d7a None None] Extended resource: quotas {{(pid=102926) __init__ /opt/stack/neutron/neutron/api/extensions.py:156}}
Jun 26 05:54:35.004964 np0000183135 devstack@neutron-api.service[102926]: DEBUG neutron.api.extensions [None req-861f0ae3-4e1d-4098-88a6-37ed87f68d7a None None] Extended resource: rbac-policies {{(pid=102926) __init__ /opt/stack/neutron/neutron/api/extensions.py:156}}
Jun 26 05:54:35.005467 np0000183135 devstack@neutron-api.service[102926]: DEBUG neutron.api.extensions [None req-861f0ae3-4e1d-4098-88a6-37ed87f68d7a None None] Extended resource: default-security-group-rules {{(pid=102926) __init__ /opt/stack/neutron/neutron/api/extensions.py:156}}
Jun 26 05:54:35.005941 np0000183135 devstack@neutron-api.service[102926]: DEBUG neutron.api.extensions [None req-861f0ae3-4e1d-4098-88a6-37ed87f68d7a None None] Extended resource: security-groups-default-statefulness {{(pid=102926) __init__ /opt/stack/neutron/neutron/api/extensions.py:156}}
Jun 26 05:54:35.006880 np0000183135 devstack@neutron-api.service[102926]: DEBUG neutron.api.extensions [None req-861f0ae3-4e1d-4098-88a6-37ed87f68d7a None None] Extended resource: security-groups {{(pid=102926) __init__ /opt/stack/neutron/neutron/api/extensions.py:156}}
Jun 26 05:54:35.007478 np0000183135 devstack@neutron-api.service[102926]: DEBUG neutron.api.extensions [None req-861f0ae3-4e1d-4098-88a6-37ed87f68d7a None None] Extended resource: security-group-rules {{(pid=102926) __init__ /opt/stack/neutron/neutron/api/extensions.py:156}}
Jun 26 05:54:35.007959 np0000183135 devstack@neutron-api.service[102926]: DEBUG neutron.api.extensions [None req-861f0ae3-4e1d-4098-88a6-37ed87f68d7a None None] Extended resource: service-providers {{(pid=102926) __init__ /opt/stack/neutron/neutron/api/extensions.py:156}}
Jun 26 05:54:35.008192 np0000183135 devstack@neutron-api.service[102926]: DEBUG neutron.api.extensions [None req-861f0ae3-4e1d-4098-88a6-37ed87f68d7a None None] Extended resource: subnetpools {{(pid=102926) __init__ /opt/stack/neutron/neutron/api/extensions.py:156}}
Jun 26 05:54:35.009000 np0000183135 devstack@neutron-api.service[102926]: DEBUG neutron.api.extensions [None req-861f0ae3-4e1d-4098-88a6-37ed87f68d7a None None] Extended resource: subnetpools {{(pid=102926) __init__ /opt/stack/neutron/neutron/api/extensions.py:156}}
Jun 26 05:54:35.009620 np0000183135 devstack@neutron-api.service[102926]: DEBUG neutron.api.extensions [None req-861f0ae3-4e1d-4098-88a6-37ed87f68d7a None None] Extended resource: tags {{(pid=102926) __init__ /opt/stack/neutron/neutron/api/extensions.py:156}}
Jun 26 05:54:35.010468 np0000183135 devstack@neutron-api.service[102926]: DEBUG neutron.api.extensions [None req-861f0ae3-4e1d-4098-88a6-37ed87f68d7a None None] Extended resource: tags {{(pid=102926) __init__ /opt/stack/neutron/neutron/api/extensions.py:156}}
Jun 26 05:54:35.011418 np0000183135 devstack@neutron-api.service[102926]: DEBUG neutron.api.extensions [None req-861f0ae3-4e1d-4098-88a6-37ed87f68d7a None None] Extended resource: tags {{(pid=102926) __init__ /opt/stack/neutron/neutron/api/extensions.py:156}}
Jun 26 05:54:35.012309 np0000183135 devstack@neutron-api.service[102926]: DEBUG neutron.api.extensions [None req-861f0ae3-4e1d-4098-88a6-37ed87f68d7a None None] Extended resource: tags {{(pid=102926) __init__ /opt/stack/neutron/neutron/api/extensions.py:156}}
Jun 26 05:54:35.013085 np0000183135 devstack@neutron-api.service[102926]: DEBUG neutron.api.extensions [None req-861f0ae3-4e1d-4098-88a6-37ed87f68d7a None None] Extended resource: tags {{(pid=102926) __init__ /opt/stack/neutron/neutron/api/extensions.py:156}}
Jun 26 05:54:35.013950 np0000183135 devstack@neutron-api.service[102926]: DEBUG neutron.api.extensions [None req-861f0ae3-4e1d-4098-88a6-37ed87f68d7a None None] Extended resource: tags {{(pid=102926) __init__ /opt/stack/neutron/neutron/api/extensions.py:156}}
Jun 26 05:54:35.014654 np0000183135 devstack@neutron-api.service[102928]: DEBUG oslo_concurrency.processutils [None req-6cc92a76-96b3-4977-8d29-8012fd6276ea None None] CMD "ovsdb-client transact ssl:199.204.45.238:6641 --timeout 180 -p /opt/stack/data/CA/int-ca/private/devstack-cert.key -c /opt/stack/data/CA/int-ca/devstack-cert.crt -C /opt/stack/data/CA/int-ca/ca-chain.pem ["OVN_Northbound", {"op": "wait", "timeout": 0, "table": "Port_Group", "where": [["name", "==", "neutron_pg_drop"]], "until": "==", "rows": []}, {"op": "insert", "table": "ACL", "row": {"action": "drop", "direction": "to-lport", "match": "outport == @neutron_pg_drop && ip", "priority": 1001}, "uuid-name": "droptoport"}, {"op": "insert", "table": "ACL", "row": {"action": "drop", "direction": "from-lport", "match": "inport == @neutron_pg_drop && ip", "priority": 1001}, "uuid-name": "dropfromport"}, {"op": "insert", "table": "Port_Group", "row": {"name": "neutron_pg_drop", "acls": ["set", [["named-uuid", "droptoport"], ["named-uuid", "dropfromport"]]]}}]" returned: 0 in 0.036s {{(pid=102928) execute /opt/stack/data/venv/lib/python3.12/site-packages/oslo_concurrency/processutils.py:468}}
Jun 26 05:54:35.014811 np0000183135 devstack@neutron-api.service[102926]: DEBUG neutron.api.extensions [None req-861f0ae3-4e1d-4098-88a6-37ed87f68d7a None None] Extended resource: tags {{(pid=102926) __init__ /opt/stack/neutron/neutron/api/extensions.py:156}}
Jun 26 05:54:35.015049 np0000183135 devstack@neutron-api.service[102928]: DEBUG neutron_lib.callbacks.manager [None req-6cc92a76-96b3-4977-8d29-8012fd6276ea None None] Publish callbacks ['neutron.plugins.ml2.drivers.ovn.mech_driver.mech_driver.OVNMechanismDriver.post_fork_initialize-980121', 'neutron.services.pvlan.drivers.ovn.driver._initialize_pvlan_pg_drop-7874979228906', 'neutron.services.ovn_l3.plugin.OVNL3RouterPlugin._post_fork_initialize-30092'] for process (None), after_init {{(pid=102928) _notify_loop /opt/stack/data/venv/lib/python3.12/site-packages/neutron_lib/callbacks/manager.py:184}}
Jun 26 05:54:35.015420 np0000183135 devstack@neutron-api.service[102928]: DEBUG oslo_concurrency.lockutils [None req-6cc92a76-96b3-4977-8d29-8012fd6276ea None None] Acquiring lock "singleton_lock" {{(pid=102928) lock /opt/stack/data/venv/lib/python3.12/site-packages/oslo_concurrency/lockutils.py:395}}
Jun 26 05:54:35.015420 np0000183135 devstack@neutron-api.service[102928]: DEBUG oslo_concurrency.lockutils [None req-6cc92a76-96b3-4977-8d29-8012fd6276ea None None] Acquired lock "singleton_lock" {{(pid=102928) lock /opt/stack/data/venv/lib/python3.12/site-packages/oslo_concurrency/lockutils.py:398}}
Jun 26 05:54:35.015612 np0000183135 devstack@neutron-api.service[102926]: DEBUG neutron.api.extensions [None req-861f0ae3-4e1d-4098-88a6-37ed87f68d7a None None] Extended resource: tags {{(pid=102926) __init__ /opt/stack/neutron/neutron/api/extensions.py:156}}
Jun 26 05:54:35.015708 np0000183135 devstack@neutron-api.service[102928]: DEBUG oslo_concurrency.lockutils [None req-6cc92a76-96b3-4977-8d29-8012fd6276ea None None] Releasing lock "singleton_lock" {{(pid=102928) lock /opt/stack/data/venv/lib/python3.12/site-packages/oslo_concurrency/lockutils.py:418}}
Jun 26 05:54:35.016384 np0000183135 devstack@neutron-api.service[102926]: DEBUG neutron.api.extensions [None req-861f0ae3-4e1d-4098-88a6-37ed87f68d7a None None] Extended resource: tags {{(pid=102926) __init__ /opt/stack/neutron/neutron/api/extensions.py:156}}
Jun 26 05:54:35.017184 np0000183135 devstack@neutron-api.service[102926]: DEBUG neutron.api.extensions [None req-861f0ae3-4e1d-4098-88a6-37ed87f68d7a None None] Extended resource: tags {{(pid=102926) __init__ /opt/stack/neutron/neutron/api/extensions.py:156}}
Jun 26 05:54:35.017340 np0000183135 devstack@neutron-api.service[102928]: DEBUG neutron.plugins.ml2.drivers.ovn.mech_driver.mech_driver [None req-6cc92a76-96b3-4977-8d29-8012fd6276ea None None] Hash Ring setup using WSGI start time 2026-06-26 05:54:27+00:00 {{(pid=102928) _init_hash_ring /opt/stack/neutron/neutron/plugins/ml2/drivers/ovn/mech_driver/mech_driver.py:404}}
Jun 26 05:54:35.027196 np0000183135 devstack@neutron-api.service[102926]: DEBUG neutron_lib.callbacks.manager [None req-861f0ae3-4e1d-4098-88a6-37ed87f68d7a None None] Publish callbacks ['neutron.plugins.ml2.drivers.ovn.mech_driver.mech_driver.OVNMechanismDriver.pre_fork_initialize-856210'] for process (None), before_spawn {{(pid=102926) _notify_loop /opt/stack/data/venv/lib/python3.12/site-packages/neutron_lib/callbacks/manager.py:184}}
Jun 26 05:54:35.027786 np0000183135 devstack@neutron-api.service[102926]: DEBUG oslo_concurrency.processutils [None req-861f0ae3-4e1d-4098-88a6-37ed87f68d7a None None] Running cmd (subprocess): ovsdb-client transact ssl:199.204.45.238:6641 --timeout 180 -p /opt/stack/data/CA/int-ca/private/devstack-cert.key -c /opt/stack/data/CA/int-ca/devstack-cert.crt -C /opt/stack/data/CA/int-ca/ca-chain.pem ["OVN_Northbound", {"op": "wait", "timeout": 0, "table": "Port_Group", "where": [["name", "==", "neutron_pg_drop"]], "until": "==", "rows": []}, {"op": "insert", "table": "ACL", "row": {"action": "drop", "direction": "to-lport", "match": "outport == @neutron_pg_drop && ip", "priority": 1001}, "uuid-name": "droptoport"}, {"op": "insert", "table": "ACL", "row": {"action": "drop", "direction": "from-lport", "match": "inport == @neutron_pg_drop && ip", "priority": 1001}, "uuid-name": "dropfromport"}, {"op": "insert", "table": "Port_Group", "row": {"name": "neutron_pg_drop", "acls": ["set", [["named-uuid", "droptoport"], ["named-uuid", "dropfromport"]]]}}] {{(pid=102926) execute /opt/stack/data/venv/lib/python3.12/site-packages/oslo_concurrency/processutils.py:440}}
Jun 26 05:54:35.028631 np0000183135 devstack@neutron-api.service[102928]: INFO neutron.db.ovn_hash_ring_db [None req-6cc92a76-96b3-4977-8d29-8012fd6276ea None None] Nodes from host "np0000183135" and group "mechanism_driver" removed from the Hash Ring created at 2026-06-26 05:54:27+00:00
Jun 26 05:54:35.032624 np0000183135 devstack@neutron-api.service[102925]: DEBUG oslo_concurrency.processutils [None req-44ad3790-e896-4dea-aafe-818505298afd None None] CMD "ovsdb-client transact ssl:199.204.45.238:6641 --timeout 180 -p /opt/stack/data/CA/int-ca/private/devstack-cert.key -c /opt/stack/data/CA/int-ca/devstack-cert.crt -C /opt/stack/data/CA/int-ca/ca-chain.pem ["OVN_Northbound", {"op": "wait", "timeout": 0, "table": "Port_Group", "where": [["name", "==", "neutron_pg_drop"]], "until": "==", "rows": []}, {"op": "insert", "table": "ACL", "row": {"action": "drop", "direction": "to-lport", "match": "outport == @neutron_pg_drop && ip", "priority": 1001}, "uuid-name": "droptoport"}, {"op": "insert", "table": "ACL", "row": {"action": "drop", "direction": "from-lport", "match": "inport == @neutron_pg_drop && ip", "priority": 1001}, "uuid-name": "dropfromport"}, {"op": "insert", "table": "Port_Group", "row": {"name": "neutron_pg_drop", "acls": ["set", [["named-uuid", "droptoport"], ["named-uuid", "dropfromport"]]]}}]" returned: 0 in 0.051s {{(pid=102925) execute /opt/stack/data/venv/lib/python3.12/site-packages/oslo_concurrency/processutils.py:468}}
Jun 26 05:54:35.033461 np0000183135 devstack@neutron-api.service[102925]: DEBUG neutron_lib.callbacks.manager [None req-44ad3790-e896-4dea-aafe-818505298afd None None] Publish callbacks ['neutron.plugins.ml2.drivers.ovn.mech_driver.mech_driver.OVNMechanismDriver.post_fork_initialize-857369', 'neutron.services.pvlan.drivers.ovn.driver._initialize_pvlan_pg_drop-7874979231968', 'neutron.services.ovn_l3.plugin.OVNL3RouterPlugin._post_fork_initialize-3330'] for process (None), after_init {{(pid=102925) _notify_loop /opt/stack/data/venv/lib/python3.12/site-packages/neutron_lib/callbacks/manager.py:184}}
