Jun 26 05:55:09.576451 np0000183135 devstack@n-api-meta.service[108133]: DEBUG nova.api.openstack.wsgi_app [None req-a766cc7f-0105-499f-8955-fe8b58d105ce None None] oslo_messaging_rabbit.direct_mandatory_flag = True {{(pid=108133) log_opt_values /opt/stack/data/venv/lib/python3.12/site-packages/oslo_config/cfg.py:3253}}
Jun 26 05:55:09.576511 np0000183135 devstack@n-api-meta.service[108135]: DEBUG nova.api.openstack.wsgi_app [None req-558ce873-36e7-4fb6-aedb-5e09245b56a0 None None] ******************************************************************************** {{(pid=108135) log_opt_values /opt/stack/data/venv/lib/python3.12/site-packages/oslo_config/cfg.py:3260}}
Jun 26 05:55:09.576619 np0000183135 devstack@n-api-meta.service[108135]: WSGI app 0 (mountpoint='') ready in 2 seconds on interpreter 0x7d1985ca3668 pid: 108135 (default app)
Jun 26 05:55:09.576663 np0000183135 devstack@n-api-meta.service[108133]: DEBUG nova.api.openstack.wsgi_app [None req-a766cc7f-0105-499f-8955-fe8b58d105ce None None] oslo_messaging_rabbit.enable_cancel_on_failover = False {{(pid=108133) log_opt_values /opt/stack/data/venv/lib/python3.12/site-packages/oslo_config/cfg.py:3253}}
Jun 26 05:55:09.576804 np0000183135 devstack@n-api-meta.service[108133]: DEBUG nova.api.openstack.wsgi_app [None req-a766cc7f-0105-499f-8955-fe8b58d105ce None None] oslo_messaging_rabbit.heartbeat_rate = 3 {{(pid=108133) log_opt_values /opt/stack/data/venv/lib/python3.12/site-packages/oslo_config/cfg.py:3253}}
Jun 26 05:55:09.576976 np0000183135 devstack@n-api-meta.service[108133]: DEBUG nova.api.openstack.wsgi_app [None req-a766cc7f-0105-499f-8955-fe8b58d105ce None None] oslo_messaging_rabbit.heartbeat_timeout_threshold = 60 {{(pid=108133) log_opt_values /opt/stack/data/venv/lib/python3.12/site-packages/oslo_config/cfg.py:3253}}
Jun 26 05:55:09.577156 np0000183135 devstack@n-api-meta.service[108133]: DEBUG nova.api.openstack.wsgi_app [None req-a766cc7f-0105-499f-8955-fe8b58d105ce None None] oslo_messaging_rabbit.hostname = np0000183135 {{(pid=108133) log_opt_values /opt/stack/data/venv/lib/python3.12/site-packages/oslo_config/cfg.py:3253}}
Jun 26 05:55:09.577344 np0000183135 devstack@n-api-meta.service[108133]: DEBUG nova.api.openstack.wsgi_app [None req-a766cc7f-0105-499f-8955-fe8b58d105ce None None] oslo_messaging_rabbit.kombu_compression = None {{(pid=108133) log_opt_values /opt/stack/data/venv/lib/python3.12/site-packages/oslo_config/cfg.py:3253}}
Jun 26 05:55:09.577529 np0000183135 devstack@n-api-meta.service[108133]: DEBUG nova.api.openstack.wsgi_app [None req-a766cc7f-0105-499f-8955-fe8b58d105ce None None] oslo_messaging_rabbit.kombu_failover_strategy = round-robin {{(pid=108133) log_opt_values /opt/stack/data/venv/lib/python3.12/site-packages/oslo_config/cfg.py:3253}}
Jun 26 05:55:09.577735 np0000183135 devstack@n-api-meta.service[108133]: DEBUG nova.api.openstack.wsgi_app [None req-a766cc7f-0105-499f-8955-fe8b58d105ce None None] oslo_messaging_rabbit.kombu_missing_consumer_retry_timeout = 60 {{(pid=108133) log_opt_values /opt/stack/data/venv/lib/python3.12/site-packages/oslo_config/cfg.py:3253}}
Jun 26 05:55:09.577911 np0000183135 devstack@n-api-meta.service[108133]: DEBUG nova.api.openstack.wsgi_app [None req-a766cc7f-0105-499f-8955-fe8b58d105ce None None] oslo_messaging_rabbit.kombu_reconnect_delay = 1.0 {{(pid=108133) log_opt_values /opt/stack/data/venv/lib/python3.12/site-packages/oslo_config/cfg.py:3253}}
Jun 26 05:55:09.578087 np0000183135 devstack@n-api-meta.service[108133]: DEBUG nova.api.openstack.wsgi_app [None req-a766cc7f-0105-499f-8955-fe8b58d105ce None None] oslo_messaging_rabbit.kombu_reconnect_splay = 0.0 {{(pid=108133) log_opt_values /opt/stack/data/venv/lib/python3.12/site-packages/oslo_config/cfg.py:3253}}
Jun 26 05:55:09.578301 np0000183135 devstack@n-api-meta.service[108133]: DEBUG nova.api.openstack.wsgi_app [None req-a766cc7f-0105-499f-8955-fe8b58d105ce None None] oslo_messaging_rabbit.processname = uwsgi {{(pid=108133) log_opt_values /opt/stack/data/venv/lib/python3.12/site-packages/oslo_config/cfg.py:3253}}
Jun 26 05:55:09.578478 np0000183135 devstack@n-api-meta.service[108133]: DEBUG nova.api.openstack.wsgi_app [None req-a766cc7f-0105-499f-8955-fe8b58d105ce None None] oslo_messaging_rabbit.rabbit_ha_queues = False {{(pid=108133) log_opt_values /opt/stack/data/venv/lib/python3.12/site-packages/oslo_config/cfg.py:3253}}
Jun 26 05:55:09.578651 np0000183135 devstack@n-api-meta.service[108133]: DEBUG nova.api.openstack.wsgi_app [None req-a766cc7f-0105-499f-8955-fe8b58d105ce None None] oslo_messaging_rabbit.rabbit_interval_max = 30 {{(pid=108133) log_opt_values /opt/stack/data/venv/lib/python3.12/site-packages/oslo_config/cfg.py:3253}}
Jun 26 05:55:09.578833 np0000183135 devstack@n-api-meta.service[108133]: DEBUG nova.api.openstack.wsgi_app [None req-a766cc7f-0105-499f-8955-fe8b58d105ce None None] oslo_messaging_rabbit.rabbit_login_method = AMQPLAIN {{(pid=108133) log_opt_values /opt/stack/data/venv/lib/python3.12/site-packages/oslo_config/cfg.py:3253}}
Jun 26 05:55:09.579060 np0000183135 devstack@n-api-meta.service[108133]: DEBUG nova.api.openstack.wsgi_app [None req-a766cc7f-0105-499f-8955-fe8b58d105ce None None] oslo_messaging_rabbit.rabbit_qos_prefetch_count = 0 {{(pid=108133) log_opt_values /opt/stack/data/venv/lib/python3.12/site-packages/oslo_config/cfg.py:3253}}
Jun 26 05:55:09.579217 np0000183135 devstack@n-api-meta.service[108133]: DEBUG nova.api.openstack.wsgi_app [None req-a766cc7f-0105-499f-8955-fe8b58d105ce None None] oslo_messaging_rabbit.rabbit_quorum_delivery_limit = 0 {{(pid=108133) log_opt_values /opt/stack/data/venv/lib/python3.12/site-packages/oslo_config/cfg.py:3253}}
Jun 26 05:55:09.579389 np0000183135 devstack@n-api-meta.service[108133]: DEBUG nova.api.openstack.wsgi_app [None req-a766cc7f-0105-499f-8955-fe8b58d105ce None None] oslo_messaging_rabbit.rabbit_quorum_max_memory_bytes = 0 {{(pid=108133) log_opt_values /opt/stack/data/venv/lib/python3.12/site-packages/oslo_config/cfg.py:3253}}
Jun 26 05:55:09.579547 np0000183135 devstack@n-api-meta.service[108133]: DEBUG nova.api.openstack.wsgi_app [None req-a766cc7f-0105-499f-8955-fe8b58d105ce None None] oslo_messaging_rabbit.rabbit_quorum_max_memory_length = 0 {{(pid=108133) log_opt_values /opt/stack/data/venv/lib/python3.12/site-packages/oslo_config/cfg.py:3253}}
Jun 26 05:55:09.579706 np0000183135 devstack@n-api-meta.service[108133]: DEBUG nova.api.openstack.wsgi_app [None req-a766cc7f-0105-499f-8955-fe8b58d105ce None None] oslo_messaging_rabbit.rabbit_quorum_queue = False {{(pid=108133) log_opt_values /opt/stack/data/venv/lib/python3.12/site-packages/oslo_config/cfg.py:3253}}
Jun 26 05:55:09.579871 np0000183135 devstack@n-api-meta.service[108133]: DEBUG nova.api.openstack.wsgi_app [None req-a766cc7f-0105-499f-8955-fe8b58d105ce None None] oslo_messaging_rabbit.rabbit_retry_backoff = 2 {{(pid=108133) log_opt_values /opt/stack/data/venv/lib/python3.12/site-packages/oslo_config/cfg.py:3253}}
Jun 26 05:55:09.580438 np0000183135 devstack@n-api-meta.service[108133]: DEBUG nova.api.openstack.wsgi_app [None req-a766cc7f-0105-499f-8955-fe8b58d105ce None None] oslo_messaging_rabbit.rabbit_retry_interval = 1 {{(pid=108133) log_opt_values /opt/stack/data/venv/lib/python3.12/site-packages/oslo_config/cfg.py:3253}}
Jun 26 05:55:09.580438 np0000183135 devstack@n-api-meta.service[108133]: DEBUG nova.api.openstack.wsgi_app [None req-a766cc7f-0105-499f-8955-fe8b58d105ce None None] oslo_messaging_rabbit.rabbit_stream_fanout = False {{(pid=108133) log_opt_values /opt/stack/data/venv/lib/python3.12/site-packages/oslo_config/cfg.py:3253}}
Jun 26 05:55:09.580438 np0000183135 devstack@n-api-meta.service[108133]: DEBUG nova.api.openstack.wsgi_app [None req-a766cc7f-0105-499f-8955-fe8b58d105ce None None] oslo_messaging_rabbit.rabbit_transient_queues_ttl = 1800 {{(pid=108133) log_opt_values /opt/stack/data/venv/lib/python3.12/site-packages/oslo_config/cfg.py:3253}}
Jun 26 05:55:09.580567 np0000183135 devstack@n-api-meta.service[108133]: DEBUG nova.api.openstack.wsgi_app [None req-a766cc7f-0105-499f-8955-fe8b58d105ce None None] oslo_messaging_rabbit.rabbit_transient_quorum_queue = False {{(pid=108133) log_opt_values /opt/stack/data/venv/lib/python3.12/site-packages/oslo_config/cfg.py:3253}}
Jun 26 05:55:09.580597 np0000183135 devstack@n-api-meta.service[108133]: DEBUG nova.api.openstack.wsgi_app [None req-a766cc7f-0105-499f-8955-fe8b58d105ce None None] oslo_messaging_rabbit.rpc_conn_pool_size = 30 {{(pid=108133) log_opt_values /opt/stack/data/venv/lib/python3.12/site-packages/oslo_config/cfg.py:3253}}
Jun 26 05:55:09.580721 np0000183135 devstack@n-api-meta.service[108133]: DEBUG nova.api.openstack.wsgi_app [None req-a766cc7f-0105-499f-8955-fe8b58d105ce None None] oslo_messaging_rabbit.ssl = False {{(pid=108133) log_opt_values /opt/stack/data/venv/lib/python3.12/site-packages/oslo_config/cfg.py:3253}}
Jun 26 05:55:09.580887 np0000183135 devstack@n-api-meta.service[108133]: DEBUG nova.api.openstack.wsgi_app [None req-a766cc7f-0105-499f-8955-fe8b58d105ce None None] oslo_messaging_rabbit.ssl_ca_file = {{(pid=108133) log_opt_values /opt/stack/data/venv/lib/python3.12/site-packages/oslo_config/cfg.py:3253}}
Jun 26 05:55:09.581048 np0000183135 devstack@n-api-meta.service[108133]: DEBUG nova.api.openstack.wsgi_app [None req-a766cc7f-0105-499f-8955-fe8b58d105ce None None] oslo_messaging_rabbit.ssl_cert_file = {{(pid=108133) log_opt_values /opt/stack/data/venv/lib/python3.12/site-packages/oslo_config/cfg.py:3253}}
Jun 26 05:55:09.581204 np0000183135 devstack@n-api-meta.service[108133]: DEBUG nova.api.openstack.wsgi_app [None req-a766cc7f-0105-499f-8955-fe8b58d105ce None None] oslo_messaging_rabbit.ssl_enforce_fips_mode = False {{(pid=108133) log_opt_values /opt/stack/data/venv/lib/python3.12/site-packages/oslo_config/cfg.py:3253}}
Jun 26 05:55:09.581382 np0000183135 devstack@n-api-meta.service[108133]: DEBUG nova.api.openstack.wsgi_app [None req-a766cc7f-0105-499f-8955-fe8b58d105ce None None] oslo_messaging_rabbit.ssl_enforce_hostname_verification = True {{(pid=108133) log_opt_values /opt/stack/data/venv/lib/python3.12/site-packages/oslo_config/cfg.py:3253}}
Jun 26 05:55:09.581592 np0000183135 devstack@n-api-meta.service[108133]: DEBUG nova.api.openstack.wsgi_app [None req-a766cc7f-0105-499f-8955-fe8b58d105ce None None] oslo_messaging_rabbit.ssl_key_file = {{(pid=108133) log_opt_values /opt/stack/data/venv/lib/python3.12/site-packages/oslo_config/cfg.py:3253}}
Jun 26 05:55:09.581828 np0000183135 devstack@n-api-meta.service[108133]: DEBUG nova.api.openstack.wsgi_app [None req-a766cc7f-0105-499f-8955-fe8b58d105ce None None] oslo_messaging_rabbit.ssl_version = {{(pid=108133) log_opt_values /opt/stack/data/venv/lib/python3.12/site-packages/oslo_config/cfg.py:3253}}
Jun 26 05:55:09.582005 np0000183135 devstack@n-api-meta.service[108133]: DEBUG nova.api.openstack.wsgi_app [None req-a766cc7f-0105-499f-8955-fe8b58d105ce None None] oslo_messaging_rabbit.use_queue_manager = False {{(pid=108133) log_opt_values /opt/stack/data/venv/lib/python3.12/site-packages/oslo_config/cfg.py:3253}}
Jun 26 05:55:09.582196 np0000183135 devstack@n-api-meta.service[108133]: DEBUG nova.api.openstack.wsgi_app [None req-a766cc7f-0105-499f-8955-fe8b58d105ce None None] oslo_messaging_notifications.driver = ['messagingv2'] {{(pid=108133) log_opt_values /opt/stack/data/venv/lib/python3.12/site-packages/oslo_config/cfg.py:3253}}
Jun 26 05:55:09.582391 np0000183135 devstack@n-api-meta.service[108133]: DEBUG nova.api.openstack.wsgi_app [None req-a766cc7f-0105-499f-8955-fe8b58d105ce None None] oslo_messaging_notifications.retry = -1 {{(pid=108133) log_opt_values /opt/stack/data/venv/lib/python3.12/site-packages/oslo_config/cfg.py:3253}}
Jun 26 05:55:09.582581 np0000183135 devstack@n-api-meta.service[108133]: DEBUG nova.api.openstack.wsgi_app [None req-a766cc7f-0105-499f-8955-fe8b58d105ce None None] oslo_messaging_notifications.topics = ['notifications'] {{(pid=108133) log_opt_values /opt/stack/data/venv/lib/python3.12/site-packages/oslo_config/cfg.py:3253}}
Jun 26 05:55:09.582764 np0000183135 devstack@n-api-meta.service[108133]: DEBUG nova.api.openstack.wsgi_app [None req-a766cc7f-0105-499f-8955-fe8b58d105ce None None] oslo_messaging_notifications.transport_url = **** {{(pid=108133) log_opt_values /opt/stack/data/venv/lib/python3.12/site-packages/oslo_config/cfg.py:3253}}
Jun 26 05:55:09.582939 np0000183135 devstack@n-api-meta.service[108133]: DEBUG nova.api.openstack.wsgi_app [None req-a766cc7f-0105-499f-8955-fe8b58d105ce None None] oslo_reports.file_event_handler = None {{(pid=108133) log_opt_values /opt/stack/data/venv/lib/python3.12/site-packages/oslo_config/cfg.py:3253}}
Jun 26 05:55:09.583111 np0000183135 devstack@n-api-meta.service[108133]: DEBUG nova.api.openstack.wsgi_app [None req-a766cc7f-0105-499f-8955-fe8b58d105ce None None] oslo_reports.file_event_handler_interval = 1 {{(pid=108133) log_opt_values /opt/stack/data/venv/lib/python3.12/site-packages/oslo_config/cfg.py:3253}}
Jun 26 05:55:09.583312 np0000183135 devstack@n-api-meta.service[108133]: DEBUG nova.api.openstack.wsgi_app [None req-a766cc7f-0105-499f-8955-fe8b58d105ce None None] oslo_reports.log_dir = None {{(pid=108133) log_opt_values /opt/stack/data/venv/lib/python3.12/site-packages/oslo_config/cfg.py:3253}}
Jun 26 05:55:09.583452 np0000183135 devstack@n-api-meta.service[108133]: DEBUG nova.api.openstack.wsgi_app [None req-a766cc7f-0105-499f-8955-fe8b58d105ce None None] ******************************************************************************** {{(pid=108133) log_opt_values /opt/stack/data/venv/lib/python3.12/site-packages/oslo_config/cfg.py:3260}}
Jun 26 05:55:09.583571 np0000183135 devstack@n-api-meta.service[108133]: WSGI app 0 (mountpoint='') ready in 2 seconds on interpreter 0x7d1985ca3668 pid: 108133 (default app)
Jun 26 05:55:19.127329 np0000183135 devstack@n-api-meta.service[108132]: DEBUG dbcounter [-] [108132] Writing DB stats nova_api:SELECT=1 {{(pid=108132) stat_writer /opt/stack/data/venv/lib/python3.12/site-packages/dbcounter.py:115}}
Jun 26 05:55:19.140093 np0000183135 devstack@n-api-meta.service[108134]: DEBUG dbcounter [-] [108134] Writing DB stats nova_api:SELECT=1 {{(pid=108134) stat_writer /opt/stack/data/venv/lib/python3.12/site-packages/dbcounter.py:115}}
Jun 26 05:55:19.163618 np0000183135 devstack@n-api-meta.service[108133]: DEBUG dbcounter [-] [108133] Writing DB stats nova_api:SELECT=1 {{(pid=108133) stat_writer /opt/stack/data/venv/lib/python3.12/site-packages/dbcounter.py:115}}
Jun 26 05:55:19.194275 np0000183135 devstack@n-api-meta.service[108135]: DEBUG dbcounter [-] [108135] Writing DB stats nova_api:SELECT=1 {{(pid=108135) stat_writer /opt/stack/data/venv/lib/python3.12/site-packages/dbcounter.py:115}}
Jun 26 05:55:19.280977 np0000183135 devstack@n-api-meta.service[108132]: DEBUG dbcounter [-] [108132] Writing DB stats nova_cell0:SELECT=1 {{(pid=108132) stat_writer /opt/stack/data/venv/lib/python3.12/site-packages/dbcounter.py:115}}
Jun 26 05:55:19.288242 np0000183135 devstack@n-api-meta.service[108132]: DEBUG dbcounter [-] [108132] Writing DB stats nova_cell1:SELECT=1 {{(pid=108132) stat_writer /opt/stack/data/venv/lib/python3.12/site-packages/dbcounter.py:115}}
Jun 26 05:55:19.320876 np0000183135 devstack@n-api-meta.service[108134]: DEBUG dbcounter [-] [108134] Writing DB stats nova_cell1:SELECT=1 {{(pid=108134) stat_writer /opt/stack/data/venv/lib/python3.12/site-packages/dbcounter.py:115}}
Jun 26 05:55:19.327932 np0000183135 devstack@n-api-meta.service[108134]: DEBUG dbcounter [-] [108134] Writing DB stats nova_cell0:SELECT=1 {{(pid=108134) stat_writer /opt/stack/data/venv/lib/python3.12/site-packages/dbcounter.py:115}}
Jun 26 05:55:19.352886 np0000183135 devstack@n-api-meta.service[108133]: DEBUG dbcounter [-] [108133] Writing DB stats nova_cell0:SELECT=1 {{(pid=108133) stat_writer /opt/stack/data/venv/lib/python3.12/site-packages/dbcounter.py:115}}
Jun 26 05:55:19.356333 np0000183135 devstack@n-api-meta.service[108132]: DEBUG dbcounter [-] [108132] Writing DB stats nova_cell0:SELECT=2,nova_cell0:INSERT=1 {{(pid=108132) stat_writer /opt/stack/data/venv/lib/python3.12/site-packages/dbcounter.py:115}}
Jun 26 05:55:19.358630 np0000183135 devstack@n-api-meta.service[108133]: DEBUG dbcounter [-] [108133] Writing DB stats nova_cell1:SELECT=1 {{(pid=108133) stat_writer /opt/stack/data/venv/lib/python3.12/site-packages/dbcounter.py:115}}
Jun 26 05:55:19.363522 np0000183135 devstack@n-api-meta.service[108135]: DEBUG dbcounter [-] [108135] Writing DB stats nova_cell0:SELECT=1 {{(pid=108135) stat_writer /opt/stack/data/venv/lib/python3.12/site-packages/dbcounter.py:115}}
Jun 26 05:55:19.371038 np0000183135 devstack@n-api-meta.service[108135]: DEBUG dbcounter [-] [108135] Writing DB stats nova_cell1:SELECT=1 {{(pid=108135) stat_writer /opt/stack/data/venv/lib/python3.12/site-packages/dbcounter.py:115}}
Jun 26 05:55:19.384720 np0000183135 devstack@n-api-meta.service[108134]: DEBUG dbcounter [-] [108134] Writing DB stats nova_cell0:SELECT=1 {{(pid=108134) stat_writer /opt/stack/data/venv/lib/python3.12/site-packages/dbcounter.py:115}}
Jun 26 05:55:19.418198 np0000183135 devstack@n-api-meta.service[108133]: DEBUG dbcounter [-] [108133] Writing DB stats nova_cell0:SELECT=1 {{(pid=108133) stat_writer /opt/stack/data/venv/lib/python3.12/site-packages/dbcounter.py:115}}
Jun 26 05:55:19.428891 np0000183135 devstack@n-api-meta.service[108135]: DEBUG dbcounter [-] [108135] Writing DB stats nova_cell0:SELECT=1 {{(pid=108135) stat_writer /opt/stack/data/venv/lib/python3.12/site-packages/dbcounter.py:115}}
Jun 26 06:00:40.573122 np0000183135 devstack@n-api-meta.service[108132]: DEBUG nova.api.metadata.handler [None req-9bfbd7a9-85c9-40e3-b67d-e32e3221edb5 None None] Metadata request headers: {'Host': '199.204.45.238:8775', 'User-Agent': 'python-requests/2.34.2', 'Accept-Encoding': 'gzip, deflate', 'Accept': '*/*', 'Connection': 'keep-alive', 'X-Forwarded-For': '192.168.24.116', 'X-Instance-Id': '9998c9b7-a1bb-485d-b86d-4056d3293d32', 'X-Tenant-Id': '1da3a99634274ef9911e77abfdeb0856', 'X-Instance-Id-Signature': '632d58fe03cd60536a0b6284ca485041851483ff00b3abd0361c0f4d8bd563da'} {{(pid=108132) __call__ /opt/stack/nova/nova/api/metadata/handler.py:109}}
Jun 26 06:00:40.591116 np0000183135 devstack@n-api-meta.service[108132]: DEBUG oslo_concurrency.lockutils [None req-76b19998-ee9f-43ce-8ad6-1adee80e0194 None None] Acquiring lock "6a2176c7-bbe3-47c1-b117-3005d6d68888" by "nova.context.set_target_cell..get_or_set_cached_cell_and_set_connections" {{(pid=108132) inner /opt/stack/data/venv/lib/python3.12/site-packages/oslo_concurrency/lockutils.py:511}}
Jun 26 06:00:40.591430 np0000183135 devstack@n-api-meta.service[108132]: DEBUG oslo_concurrency.lockutils [None req-76b19998-ee9f-43ce-8ad6-1adee80e0194 None None] Lock "6a2176c7-bbe3-47c1-b117-3005d6d68888" acquired by "nova.context.set_target_cell..get_or_set_cached_cell_and_set_connections" :: waited 0.000s {{(pid=108132) inner /opt/stack/data/venv/lib/python3.12/site-packages/oslo_concurrency/lockutils.py:524}}
Jun 26 06:00:40.591717 np0000183135 devstack@n-api-meta.service[108132]: DEBUG oslo_concurrency.lockutils [None req-76b19998-ee9f-43ce-8ad6-1adee80e0194 None None] Lock "6a2176c7-bbe3-47c1-b117-3005d6d68888" "released" by "nova.context.set_target_cell..get_or_set_cached_cell_and_set_connections" :: held 0.000s {{(pid=108132) inner /opt/stack/data/venv/lib/python3.12/site-packages/oslo_concurrency/lockutils.py:543}}
Jun 26 06:00:40.658625 np0000183135 devstack@n-api-meta.service[108132]: WARNING neutronclient.v2_0.client [None req-76b19998-ee9f-43ce-8ad6-1adee80e0194 None None] The python binding code in neutronclient is deprecated in favor of OpenstackSDK, please use that as this will be removed in a future release.
Jun 26 06:00:41.037205 np0000183135 devstack@n-api-meta.service[108132]: [pid: 108132|app: 0|req: 1/1] 199.204.45.238 () {40 vars in 643 bytes} [Fri Jun 26 06:00:40 2026] GET /openstack => generated 116 bytes in 465 msecs (HTTP/1.1 200) 3 headers in 100 bytes (1 switches on core 0)
Jun 26 06:00:41.055762 np0000183135 devstack@n-api-meta.service[108134]: DEBUG nova.api.metadata.handler [None req-97771761-87a4-458a-bffd-ddaaa58f4bee None None] Metadata request headers: {'Host': '199.204.45.238:8775', 'User-Agent': 'python-requests/2.34.2', 'Accept-Encoding': 'gzip, deflate', 'Accept': '*/*', 'Connection': 'keep-alive', 'X-Forwarded-For': '192.168.24.116', 'X-Instance-Id': '9998c9b7-a1bb-485d-b86d-4056d3293d32', 'X-Tenant-Id': '1da3a99634274ef9911e77abfdeb0856', 'X-Instance-Id-Signature': '632d58fe03cd60536a0b6284ca485041851483ff00b3abd0361c0f4d8bd563da'} {{(pid=108134) __call__ /opt/stack/nova/nova/api/metadata/handler.py:109}}
Jun 26 06:00:41.060210 np0000183135 devstack@n-api-meta.service[108134]: DEBUG nova.api.metadata.handler [None req-97771761-87a4-458a-bffd-ddaaa58f4bee None None] Using cached metadata for instance 9998c9b7-a1bb-485d-b86d-4056d3293d32 {{(pid=108134) get_metadata_by_instance_id /opt/stack/nova/nova/api/metadata/handler.py:84}}
Jun 26 06:00:41.060680 np0000183135 devstack@n-api-meta.service[108134]: [pid: 108134|app: 0|req: 1/2] 199.204.45.238 () {40 vars in 643 bytes} [Fri Jun 26 06:00:41 2026] GET /openstack => generated 116 bytes in 6 msecs (HTTP/1.1 200) 3 headers in 100 bytes (1 switches on core 0)
Jun 26 06:00:41.073736 np0000183135 devstack@n-api-meta.service[108135]: DEBUG nova.api.metadata.handler [None req-558ce873-36e7-4fb6-aedb-5e09245b56a0 None None] Metadata request headers: {'Host': '199.204.45.238:8775', 'User-Agent': 'python-requests/2.34.2', 'Accept-Encoding': 'gzip, deflate', 'Accept': '*/*', 'Connection': 'keep-alive', 'X-Forwarded-For': '192.168.24.116', 'X-Instance-Id': '9998c9b7-a1bb-485d-b86d-4056d3293d32', 'X-Tenant-Id': '1da3a99634274ef9911e77abfdeb0856', 'X-Instance-Id-Signature': '632d58fe03cd60536a0b6284ca485041851483ff00b3abd0361c0f4d8bd563da'} {{(pid=108135) __call__ /opt/stack/nova/nova/api/metadata/handler.py:109}}
Jun 26 06:00:41.079863 np0000183135 devstack@n-api-meta.service[108135]: DEBUG nova.api.metadata.handler [None req-558ce873-36e7-4fb6-aedb-5e09245b56a0 None None] Using cached metadata for instance 9998c9b7-a1bb-485d-b86d-4056d3293d32 {{(pid=108135) get_metadata_by_instance_id /opt/stack/nova/nova/api/metadata/handler.py:84}}
Jun 26 06:00:41.081039 np0000183135 devstack@n-api-meta.service[108135]: [pid: 108135|app: 0|req: 1/3] 199.204.45.238 () {40 vars in 695 bytes} [Fri Jun 26 06:00:41 2026] GET /openstack/2018-08-27/meta_data.json => generated 946 bytes in 9 msecs (HTTP/1.1 200) 3 headers in 91 bytes (1 switches on core 0)
Jun 26 06:00:41.091294 np0000183135 devstack@n-api-meta.service[108133]: DEBUG nova.api.metadata.handler [None req-a766cc7f-0105-499f-8955-fe8b58d105ce None None] Metadata request headers: {'Host': '199.204.45.238:8775', 'User-Agent': 'python-requests/2.34.2', 'Accept-Encoding': 'gzip, deflate', 'Accept': '*/*', 'Connection': 'keep-alive', 'X-Forwarded-For': '192.168.24.116', 'X-Instance-Id': '9998c9b7-a1bb-485d-b86d-4056d3293d32', 'X-Tenant-Id': '1da3a99634274ef9911e77abfdeb0856', 'X-Instance-Id-Signature': '632d58fe03cd60536a0b6284ca485041851483ff00b3abd0361c0f4d8bd563da'} {{(pid=108133) __call__ /opt/stack/nova/nova/api/metadata/handler.py:109}}
Jun 26 06:00:41.097723 np0000183135 devstack@n-api-meta.service[108133]: DEBUG nova.api.metadata.handler [None req-a766cc7f-0105-499f-8955-fe8b58d105ce None None] Using cached metadata for instance 9998c9b7-a1bb-485d-b86d-4056d3293d32 {{(pid=108133) get_metadata_by_instance_id /opt/stack/nova/nova/api/metadata/handler.py:84}}
Jun 26 06:00:41.098122 np0000183135 devstack@n-api-meta.service[108133]: [pid: 108133|app: 0|req: 1/4] 199.204.45.238 () {40 vars in 685 bytes} [Fri Jun 26 06:00:41 2026] GET /openstack/2018-08-27/user_data => generated 26373 bytes in 8 msecs (HTTP/1.1 200) 3 headers in 102 bytes (1 switches on core 0)
Jun 26 06:00:41.111003 np0000183135 devstack@n-api-meta.service[108132]: DEBUG nova.api.metadata.handler [None req-76b19998-ee9f-43ce-8ad6-1adee80e0194 None None] Metadata request headers: {'Host': '199.204.45.238:8775', 'User-Agent': 'python-requests/2.34.2', 'Accept-Encoding': 'gzip, deflate', 'Accept': '*/*', 'Connection': 'keep-alive', 'X-Forwarded-For': '192.168.24.116', 'X-Instance-Id': '9998c9b7-a1bb-485d-b86d-4056d3293d32', 'X-Tenant-Id': '1da3a99634274ef9911e77abfdeb0856', 'X-Instance-Id-Signature': '632d58fe03cd60536a0b6284ca485041851483ff00b3abd0361c0f4d8bd563da'} {{(pid=108132) __call__ /opt/stack/nova/nova/api/metadata/handler.py:109}}
Jun 26 06:00:41.114362 np0000183135 devstack@n-api-meta.service[108132]: DEBUG nova.api.metadata.handler [None req-76b19998-ee9f-43ce-8ad6-1adee80e0194 None None] Using cached metadata for instance 9998c9b7-a1bb-485d-b86d-4056d3293d32 {{(pid=108132) get_metadata_by_instance_id /opt/stack/nova/nova/api/metadata/handler.py:84}}
Jun 26 06:00:41.114924 np0000183135 devstack@n-api-meta.service[108132]: [pid: 108132|app: 0|req: 2/5] 199.204.45.238 () {40 vars in 699 bytes} [Fri Jun 26 06:00:41 2026] GET /openstack/2018-08-27/vendor_data.json => generated 2 bytes in 5 msecs (HTTP/1.1 200) 3 headers in 89 bytes (1 switches on core 0)
Jun 26 06:00:41.124160 np0000183135 devstack@n-api-meta.service[108134]: DEBUG nova.api.metadata.handler [None req-97771761-87a4-458a-bffd-ddaaa58f4bee None None] Metadata request headers: {'Host': '199.204.45.238:8775', 'User-Agent': 'python-requests/2.34.2', 'Accept-Encoding': 'gzip, deflate', 'Accept': '*/*', 'Connection': 'keep-alive', 'X-Forwarded-For': '192.168.24.116', 'X-Instance-Id': '9998c9b7-a1bb-485d-b86d-4056d3293d32', 'X-Tenant-Id': '1da3a99634274ef9911e77abfdeb0856', 'X-Instance-Id-Signature': '632d58fe03cd60536a0b6284ca485041851483ff00b3abd0361c0f4d8bd563da'} {{(pid=108134) __call__ /opt/stack/nova/nova/api/metadata/handler.py:109}}
Jun 26 06:00:41.127199 np0000183135 devstack@n-api-meta.service[108134]: DEBUG nova.api.metadata.handler [None req-97771761-87a4-458a-bffd-ddaaa58f4bee None None] Using cached metadata for instance 9998c9b7-a1bb-485d-b86d-4056d3293d32 {{(pid=108134) get_metadata_by_instance_id /opt/stack/nova/nova/api/metadata/handler.py:84}}
Jun 26 06:00:41.128297 np0000183135 devstack@n-api-meta.service[108134]: [pid: 108134|app: 0|req: 2/6] 199.204.45.238 () {40 vars in 701 bytes} [Fri Jun 26 06:00:41 2026] GET /openstack/2018-08-27/vendor_data2.json => generated 14 bytes in 5 msecs (HTTP/1.1 200) 3 headers in 90 bytes (1 switches on core 0)
Jun 26 06:00:41.134954 np0000183135 devstack@n-api-meta.service[108135]: DEBUG nova.api.metadata.handler [None req-558ce873-36e7-4fb6-aedb-5e09245b56a0 None None] Metadata request headers: {'Host': '199.204.45.238:8775', 'User-Agent': 'python-requests/2.34.2', 'Accept-Encoding': 'gzip, deflate', 'Accept': '*/*', 'Connection': 'keep-alive', 'X-Forwarded-For': '192.168.24.116', 'X-Instance-Id': '9998c9b7-a1bb-485d-b86d-4056d3293d32', 'X-Tenant-Id': '1da3a99634274ef9911e77abfdeb0856', 'X-Instance-Id-Signature': '632d58fe03cd60536a0b6284ca485041851483ff00b3abd0361c0f4d8bd563da'} {{(pid=108135) __call__ /opt/stack/nova/nova/api/metadata/handler.py:109}}
Jun 26 06:00:41.136989 np0000183135 devstack@n-api-meta.service[108135]: DEBUG nova.api.metadata.handler [None req-558ce873-36e7-4fb6-aedb-5e09245b56a0 None None] Using cached metadata for instance 9998c9b7-a1bb-485d-b86d-4056d3293d32 {{(pid=108135) get_metadata_by_instance_id /opt/stack/nova/nova/api/metadata/handler.py:84}}
Jun 26 06:00:41.137551 np0000183135 devstack@n-api-meta.service[108135]: [pid: 108135|app: 0|req: 2/7] 199.204.45.238 () {40 vars in 701 bytes} [Fri Jun 26 06:00:41 2026] GET /openstack/2018-08-27/network_data.json => generated 348 bytes in 3 msecs (HTTP/1.1 200) 3 headers in 100 bytes (1 switches on core 0)
Jun 26 06:00:41.148101 np0000183135 devstack@n-api-meta.service[108133]: DEBUG nova.api.metadata.handler [None req-a766cc7f-0105-499f-8955-fe8b58d105ce None None] Metadata request headers: {'Host': '199.204.45.238:8775', 'User-Agent': 'python-requests/2.34.2', 'Accept-Encoding': 'gzip, deflate', 'Accept': '*/*', 'Connection': 'keep-alive', 'X-Forwarded-For': '192.168.24.116', 'X-Instance-Id': '9998c9b7-a1bb-485d-b86d-4056d3293d32', 'X-Tenant-Id': '1da3a99634274ef9911e77abfdeb0856', 'X-Instance-Id-Signature': '632d58fe03cd60536a0b6284ca485041851483ff00b3abd0361c0f4d8bd563da'} {{(pid=108133) __call__ /opt/stack/nova/nova/api/metadata/handler.py:109}}
Jun 26 06:00:41.150443 np0000183135 devstack@n-api-meta.service[108133]: DEBUG nova.api.metadata.handler [None req-a766cc7f-0105-499f-8955-fe8b58d105ce None None] Using cached metadata for instance 9998c9b7-a1bb-485d-b86d-4056d3293d32 {{(pid=108133) get_metadata_by_instance_id /opt/stack/nova/nova/api/metadata/handler.py:84}}
Jun 26 06:00:41.151140 np0000183135 devstack@n-api-meta.service[108133]: [pid: 108133|app: 0|req: 2/8] 199.204.45.238 () {40 vars in 659 bytes} [Fri Jun 26 06:00:41 2026] GET /latest/meta-data/ => generated 210 bytes in 3 msecs (HTTP/1.1 200) 3 headers in 100 bytes (1 switches on core 0)
Jun 26 06:00:41.158923 np0000183135 devstack@n-api-meta.service[108132]: DEBUG nova.api.metadata.handler [None req-76b19998-ee9f-43ce-8ad6-1adee80e0194 None None] Metadata request headers: {'Host': '199.204.45.238:8775', 'User-Agent': 'python-requests/2.34.2', 'Accept-Encoding': 'gzip, deflate', 'Accept': '*/*', 'Connection': 'keep-alive', 'X-Forwarded-For': '192.168.24.116', 'X-Instance-Id': '9998c9b7-a1bb-485d-b86d-4056d3293d32', 'X-Tenant-Id': '1da3a99634274ef9911e77abfdeb0856', 'X-Instance-Id-Signature': '632d58fe03cd60536a0b6284ca485041851483ff00b3abd0361c0f4d8bd563da'} {{(pid=108132) __call__ /opt/stack/nova/nova/api/metadata/handler.py:109}}
Jun 26 06:00:41.161692 np0000183135 devstack@n-api-meta.service[108132]: DEBUG nova.api.metadata.handler [None req-76b19998-ee9f-43ce-8ad6-1adee80e0194 None None] Using cached metadata for instance 9998c9b7-a1bb-485d-b86d-4056d3293d32 {{(pid=108132) get_metadata_by_instance_id /opt/stack/nova/nova/api/metadata/handler.py:84}}
Jun 26 06:00:41.162657 np0000183135 devstack@n-api-meta.service[108132]: [pid: 108132|app: 0|req: 3/9] 199.204.45.238 () {40 vars in 701 bytes} [Fri Jun 26 06:00:41 2026] GET /latest/meta-data/block-device-mapping/ => generated 8 bytes in 4 msecs (HTTP/1.1 200) 3 headers in 98 bytes (1 switches on core 0)
Jun 26 06:00:41.170078 np0000183135 devstack@n-api-meta.service[108134]: DEBUG nova.api.metadata.handler [None req-97771761-87a4-458a-bffd-ddaaa58f4bee None None] Metadata request headers: {'Host': '199.204.45.238:8775', 'User-Agent': 'python-requests/2.34.2', 'Accept-Encoding': 'gzip, deflate', 'Accept': '*/*', 'Connection': 'keep-alive', 'X-Forwarded-For': '192.168.24.116', 'X-Instance-Id': '9998c9b7-a1bb-485d-b86d-4056d3293d32', 'X-Tenant-Id': '1da3a99634274ef9911e77abfdeb0856', 'X-Instance-Id-Signature': '632d58fe03cd60536a0b6284ca485041851483ff00b3abd0361c0f4d8bd563da'} {{(pid=108134) __call__ /opt/stack/nova/nova/api/metadata/handler.py:109}}
Jun 26 06:00:41.173628 np0000183135 devstack@n-api-meta.service[108134]: DEBUG nova.api.metadata.handler [None req-97771761-87a4-458a-bffd-ddaaa58f4bee None None] Using cached metadata for instance 9998c9b7-a1bb-485d-b86d-4056d3293d32 {{(pid=108134) get_metadata_by_instance_id /opt/stack/nova/nova/api/metadata/handler.py:84}}
Jun 26 06:00:41.174582 np0000183135 devstack@n-api-meta.service[108134]: [pid: 108134|app: 0|req: 3/10] 199.204.45.238 () {40 vars in 707 bytes} [Fri Jun 26 06:00:41 2026] GET /latest/meta-data/block-device-mapping/ami => generated 3 bytes in 5 msecs (HTTP/1.1 200) 3 headers in 98 bytes (1 switches on core 0)
Jun 26 06:00:41.184373 np0000183135 devstack@n-api-meta.service[108135]: DEBUG nova.api.metadata.handler [None req-558ce873-36e7-4fb6-aedb-5e09245b56a0 None None] Metadata request headers: {'Host': '199.204.45.238:8775', 'User-Agent': 'python-requests/2.34.2', 'Accept-Encoding': 'gzip, deflate', 'Accept': '*/*', 'Connection': 'keep-alive', 'X-Forwarded-For': '192.168.24.116', 'X-Instance-Id': '9998c9b7-a1bb-485d-b86d-4056d3293d32', 'X-Tenant-Id': '1da3a99634274ef9911e77abfdeb0856', 'X-Instance-Id-Signature': '632d58fe03cd60536a0b6284ca485041851483ff00b3abd0361c0f4d8bd563da'} {{(pid=108135) __call__ /opt/stack/nova/nova/api/metadata/handler.py:109}}
Jun 26 06:00:41.187284 np0000183135 devstack@n-api-meta.service[108135]: DEBUG nova.api.metadata.handler [None req-558ce873-36e7-4fb6-aedb-5e09245b56a0 None None] Using cached metadata for instance 9998c9b7-a1bb-485d-b86d-4056d3293d32 {{(pid=108135) get_metadata_by_instance_id /opt/stack/nova/nova/api/metadata/handler.py:84}}
Jun 26 06:00:41.187937 np0000183135 devstack@n-api-meta.service[108135]: [pid: 108135|app: 0|req: 3/11] 199.204.45.238 () {40 vars in 709 bytes} [Fri Jun 26 06:00:41 2026] GET /latest/meta-data/block-device-mapping/root => generated 8 bytes in 4 msecs (HTTP/1.1 200) 3 headers in 98 bytes (1 switches on core 0)
Jun 26 06:00:41.197080 np0000183135 devstack@n-api-meta.service[108133]: DEBUG nova.api.metadata.handler [None req-a766cc7f-0105-499f-8955-fe8b58d105ce None None] Metadata request headers: {'Host': '199.204.45.238:8775', 'User-Agent': 'python-requests/2.34.2', 'Accept-Encoding': 'gzip, deflate', 'Accept': '*/*', 'Connection': 'keep-alive', 'X-Forwarded-For': '192.168.24.116', 'X-Instance-Id': '9998c9b7-a1bb-485d-b86d-4056d3293d32', 'X-Tenant-Id': '1da3a99634274ef9911e77abfdeb0856', 'X-Instance-Id-Signature': '632d58fe03cd60536a0b6284ca485041851483ff00b3abd0361c0f4d8bd563da'} {{(pid=108133) __call__ /opt/stack/nova/nova/api/metadata/handler.py:109}}
Jun 26 06:00:41.199229 np0000183135 devstack@n-api-meta.service[108133]: DEBUG nova.api.metadata.handler [None req-a766cc7f-0105-499f-8955-fe8b58d105ce None None] Using cached metadata for instance 9998c9b7-a1bb-485d-b86d-4056d3293d32 {{(pid=108133) get_metadata_by_instance_id /opt/stack/nova/nova/api/metadata/handler.py:84}}
Jun 26 06:00:41.199688 np0000183135 devstack@n-api-meta.service[108133]: [pid: 108133|app: 0|req: 3/12] 199.204.45.238 () {40 vars in 679 bytes} [Fri Jun 26 06:00:41 2026] GET /latest/meta-data/placement/ => generated 17 bytes in 3 msecs (HTTP/1.1 200) 3 headers in 99 bytes (1 switches on core 0)
Jun 26 06:00:41.209704 np0000183135 devstack@n-api-meta.service[108132]: DEBUG nova.api.metadata.handler [None req-76b19998-ee9f-43ce-8ad6-1adee80e0194 None None] Metadata request headers: {'Host': '199.204.45.238:8775', 'User-Agent': 'python-requests/2.34.2', 'Accept-Encoding': 'gzip, deflate', 'Accept': '*/*', 'Connection': 'keep-alive', 'X-Forwarded-For': '192.168.24.116', 'X-Instance-Id': '9998c9b7-a1bb-485d-b86d-4056d3293d32', 'X-Tenant-Id': '1da3a99634274ef9911e77abfdeb0856', 'X-Instance-Id-Signature': '632d58fe03cd60536a0b6284ca485041851483ff00b3abd0361c0f4d8bd563da'} {{(pid=108132) __call__ /opt/stack/nova/nova/api/metadata/handler.py:109}}
Jun 26 06:00:41.211692 np0000183135 devstack@n-api-meta.service[108132]: DEBUG nova.api.metadata.handler [None req-76b19998-ee9f-43ce-8ad6-1adee80e0194 None None] Using cached metadata for instance 9998c9b7-a1bb-485d-b86d-4056d3293d32 {{(pid=108132) get_metadata_by_instance_id /opt/stack/nova/nova/api/metadata/handler.py:84}}
Jun 26 06:00:41.212091 np0000183135 devstack@n-api-meta.service[108132]: [pid: 108132|app: 0|req: 4/13] 199.204.45.238 () {40 vars in 713 bytes} [Fri Jun 26 06:00:41 2026] GET /latest/meta-data/placement/availability-zone => generated 4 bytes in 3 msecs (HTTP/1.1 200) 3 headers in 98 bytes (1 switches on core 0)
Jun 26 06:00:41.218535 np0000183135 devstack@n-api-meta.service[108134]: DEBUG nova.api.metadata.handler [None req-97771761-87a4-458a-bffd-ddaaa58f4bee None None] Metadata request headers: {'Host': '199.204.45.238:8775', 'User-Agent': 'python-requests/2.34.2', 'Accept-Encoding': 'gzip, deflate', 'Accept': '*/*', 'Connection': 'keep-alive', 'X-Forwarded-For': '192.168.24.116', 'X-Instance-Id': '9998c9b7-a1bb-485d-b86d-4056d3293d32', 'X-Tenant-Id': '1da3a99634274ef9911e77abfdeb0856', 'X-Instance-Id-Signature': '632d58fe03cd60536a0b6284ca485041851483ff00b3abd0361c0f4d8bd563da'} {{(pid=108134) __call__ /opt/stack/nova/nova/api/metadata/handler.py:109}}
Jun 26 06:00:41.220400 np0000183135 devstack@n-api-meta.service[108134]: DEBUG nova.api.metadata.handler [None req-97771761-87a4-458a-bffd-ddaaa58f4bee None None] Using cached metadata for instance 9998c9b7-a1bb-485d-b86d-4056d3293d32 {{(pid=108134) get_metadata_by_instance_id /opt/stack/nova/nova/api/metadata/handler.py:84}}
Jun 26 06:00:41.220804 np0000183135 devstack@n-api-meta.service[108134]: [pid: 108134|app: 0|req: 4/14] 199.204.45.238 () {40 vars in 671 bytes} [Fri Jun 26 06:00:41 2026] GET /latest/meta-data/ami-id => generated 12 bytes in 3 msecs (HTTP/1.1 200) 3 headers in 99 bytes (1 switches on core 0)
Jun 26 06:00:41.227299 np0000183135 devstack@n-api-meta.service[108135]: DEBUG nova.api.metadata.handler [None req-558ce873-36e7-4fb6-aedb-5e09245b56a0 None None] Metadata request headers: {'Host': '199.204.45.238:8775', 'User-Agent': 'python-requests/2.34.2', 'Accept-Encoding': 'gzip, deflate', 'Accept': '*/*', 'Connection': 'keep-alive', 'X-Forwarded-For': '192.168.24.116', 'X-Instance-Id': '9998c9b7-a1bb-485d-b86d-4056d3293d32', 'X-Tenant-Id': '1da3a99634274ef9911e77abfdeb0856', 'X-Instance-Id-Signature': '632d58fe03cd60536a0b6284ca485041851483ff00b3abd0361c0f4d8bd563da'} {{(pid=108135) __call__ /opt/stack/nova/nova/api/metadata/handler.py:109}}
Jun 26 06:00:41.229875 np0000183135 devstack@n-api-meta.service[108135]: DEBUG nova.api.metadata.handler [None req-558ce873-36e7-4fb6-aedb-5e09245b56a0 None None] Using cached metadata for instance 9998c9b7-a1bb-485d-b86d-4056d3293d32 {{(pid=108135) get_metadata_by_instance_id /opt/stack/nova/nova/api/metadata/handler.py:84}}
Jun 26 06:00:41.230509 np0000183135 devstack@n-api-meta.service[108135]: [pid: 108135|app: 0|req: 4/15] 199.204.45.238 () {40 vars in 691 bytes} [Fri Jun 26 06:00:41 2026] GET /latest/meta-data/ami-launch-index => generated 1 bytes in 3 msecs (HTTP/1.1 200) 3 headers in 98 bytes (1 switches on core 0)
Jun 26 06:00:41.238851 np0000183135 devstack@n-api-meta.service[108133]: DEBUG nova.api.metadata.handler [None req-a766cc7f-0105-499f-8955-fe8b58d105ce None None] Metadata request headers: {'Host': '199.204.45.238:8775', 'User-Agent': 'python-requests/2.34.2', 'Accept-Encoding': 'gzip, deflate', 'Accept': '*/*', 'Connection': 'keep-alive', 'X-Forwarded-For': '192.168.24.116', 'X-Instance-Id': '9998c9b7-a1bb-485d-b86d-4056d3293d32', 'X-Tenant-Id': '1da3a99634274ef9911e77abfdeb0856', 'X-Instance-Id-Signature': '632d58fe03cd60536a0b6284ca485041851483ff00b3abd0361c0f4d8bd563da'} {{(pid=108133) __call__ /opt/stack/nova/nova/api/metadata/handler.py:109}}
Jun 26 06:00:41.241699 np0000183135 devstack@n-api-meta.service[108133]: DEBUG nova.api.metadata.handler [None req-a766cc7f-0105-499f-8955-fe8b58d105ce None None] Using cached metadata for instance 9998c9b7-a1bb-485d-b86d-4056d3293d32 {{(pid=108133) get_metadata_by_instance_id /opt/stack/nova/nova/api/metadata/handler.py:84}}
Jun 26 06:00:41.242355 np0000183135 devstack@n-api-meta.service[108133]: [pid: 108133|app: 0|req: 4/16] 199.204.45.238 () {40 vars in 692 bytes} [Fri Jun 26 06:00:41 2026] GET /latest/meta-data/ami-manifest-path => generated 5 bytes in 4 msecs (HTTP/1.1 200) 3 headers in 98 bytes (1 switches on core 0)
Jun 26 06:00:41.249872 np0000183135 devstack@n-api-meta.service[108132]: DEBUG nova.api.metadata.handler [None req-76b19998-ee9f-43ce-8ad6-1adee80e0194 None None] Metadata request headers: {'Host': '199.204.45.238:8775', 'User-Agent': 'python-requests/2.34.2', 'Accept-Encoding': 'gzip, deflate', 'Accept': '*/*', 'Connection': 'keep-alive', 'X-Forwarded-For': '192.168.24.116', 'X-Instance-Id': '9998c9b7-a1bb-485d-b86d-4056d3293d32', 'X-Tenant-Id': '1da3a99634274ef9911e77abfdeb0856', 'X-Instance-Id-Signature': '632d58fe03cd60536a0b6284ca485041851483ff00b3abd0361c0f4d8bd563da'} {{(pid=108132) __call__ /opt/stack/nova/nova/api/metadata/handler.py:109}}
Jun 26 06:00:41.252320 np0000183135 devstack@n-api-meta.service[108132]: DEBUG nova.api.metadata.handler [None req-76b19998-ee9f-43ce-8ad6-1adee80e0194 None None] Using cached metadata for instance 9998c9b7-a1bb-485d-b86d-4056d3293d32 {{(pid=108132) get_metadata_by_instance_id /opt/stack/nova/nova/api/metadata/handler.py:84}}
Jun 26 06:00:41.252744 np0000183135 devstack@n-api-meta.service[108132]: [pid: 108132|app: 0|req: 5/17] 199.204.45.238 () {40 vars in 674 bytes} [Fri Jun 26 06:00:41 2026] GET /latest/meta-data/hostname => generated 32 bytes in 3 msecs (HTTP/1.1 200) 3 headers in 99 bytes (1 switches on core 0)
Jun 26 06:00:41.262834 np0000183135 devstack@n-api-meta.service[108134]: DEBUG nova.api.metadata.handler [None req-97771761-87a4-458a-bffd-ddaaa58f4bee None None] Metadata request headers: {'Host': '199.204.45.238:8775', 'User-Agent': 'python-requests/2.34.2', 'Accept-Encoding': 'gzip, deflate', 'Accept': '*/*', 'Connection': 'keep-alive', 'X-Forwarded-For': '192.168.24.116', 'X-Instance-Id': '9998c9b7-a1bb-485d-b86d-4056d3293d32', 'X-Tenant-Id': '1da3a99634274ef9911e77abfdeb0856', 'X-Instance-Id-Signature': '632d58fe03cd60536a0b6284ca485041851483ff00b3abd0361c0f4d8bd563da'} {{(pid=108134) __call__ /opt/stack/nova/nova/api/metadata/handler.py:109}}
Jun 26 06:00:41.265849 np0000183135 devstack@n-api-meta.service[108134]: DEBUG nova.api.metadata.handler [None req-97771761-87a4-458a-bffd-ddaaa58f4bee None None] Using cached metadata for instance 9998c9b7-a1bb-485d-b86d-4056d3293d32 {{(pid=108134) get_metadata_by_instance_id /opt/stack/nova/nova/api/metadata/handler.py:84}}
Jun 26 06:00:41.266586 np0000183135 devstack@n-api-meta.service[108134]: [pid: 108134|app: 0|req: 5/18] 199.204.45.238 () {40 vars in 688 bytes} [Fri Jun 26 06:00:41 2026] GET /latest/meta-data/instance-action => generated 4 bytes in 4 msecs (HTTP/1.1 200) 3 headers in 98 bytes (1 switches on core 0)
Jun 26 06:00:41.275912 np0000183135 devstack@n-api-meta.service[108135]: DEBUG nova.api.metadata.handler [None req-558ce873-36e7-4fb6-aedb-5e09245b56a0 None None] Metadata request headers: {'Host': '199.204.45.238:8775', 'User-Agent': 'python-requests/2.34.2', 'Accept-Encoding': 'gzip, deflate', 'Accept': '*/*', 'Connection': 'keep-alive', 'X-Forwarded-For': '192.168.24.116', 'X-Instance-Id': '9998c9b7-a1bb-485d-b86d-4056d3293d32', 'X-Tenant-Id': '1da3a99634274ef9911e77abfdeb0856', 'X-Instance-Id-Signature': '632d58fe03cd60536a0b6284ca485041851483ff00b3abd0361c0f4d8bd563da'} {{(pid=108135) __call__ /opt/stack/nova/nova/api/metadata/handler.py:109}}
Jun 26 06:00:41.277784 np0000183135 devstack@n-api-meta.service[108135]: DEBUG nova.api.metadata.handler [None req-558ce873-36e7-4fb6-aedb-5e09245b56a0 None None] Using cached metadata for instance 9998c9b7-a1bb-485d-b86d-4056d3293d32 {{(pid=108135) get_metadata_by_instance_id /opt/stack/nova/nova/api/metadata/handler.py:84}}
Jun 26 06:00:41.278246 np0000183135 devstack@n-api-meta.service[108135]: [pid: 108135|app: 0|req: 5/19] 199.204.45.238 () {40 vars in 680 bytes} [Fri Jun 26 06:00:41 2026] GET /latest/meta-data/instance-id => generated 10 bytes in 4 msecs (HTTP/1.1 200) 3 headers in 99 bytes (1 switches on core 0)
Jun 26 06:00:41.287720 np0000183135 devstack@n-api-meta.service[108133]: DEBUG nova.api.metadata.handler [None req-a766cc7f-0105-499f-8955-fe8b58d105ce None None] Metadata request headers: {'Host': '199.204.45.238:8775', 'User-Agent': 'python-requests/2.34.2', 'Accept-Encoding': 'gzip, deflate', 'Accept': '*/*', 'Connection': 'keep-alive', 'X-Forwarded-For': '192.168.24.116', 'X-Instance-Id': '9998c9b7-a1bb-485d-b86d-4056d3293d32', 'X-Tenant-Id': '1da3a99634274ef9911e77abfdeb0856', 'X-Instance-Id-Signature': '632d58fe03cd60536a0b6284ca485041851483ff00b3abd0361c0f4d8bd563da'} {{(pid=108133) __call__ /opt/stack/nova/nova/api/metadata/handler.py:109}}
Jun 26 06:00:41.290614 np0000183135 devstack@n-api-meta.service[108133]: DEBUG nova.api.metadata.handler [None req-a766cc7f-0105-499f-8955-fe8b58d105ce None None] Using cached metadata for instance 9998c9b7-a1bb-485d-b86d-4056d3293d32 {{(pid=108133) get_metadata_by_instance_id /opt/stack/nova/nova/api/metadata/handler.py:84}}
Jun 26 06:00:41.291369 np0000183135 devstack@n-api-meta.service[108133]: [pid: 108133|app: 0|req: 5/20] 199.204.45.238 () {40 vars in 684 bytes} [Fri Jun 26 06:00:41 2026] GET /latest/meta-data/instance-type => generated 8 bytes in 4 msecs (HTTP/1.1 200) 3 headers in 98 bytes (1 switches on core 0)
Jun 26 06:00:41.301879 np0000183135 devstack@n-api-meta.service[108132]: DEBUG nova.api.metadata.handler [None req-76b19998-ee9f-43ce-8ad6-1adee80e0194 None None] Metadata request headers: {'Host': '199.204.45.238:8775', 'User-Agent': 'python-requests/2.34.2', 'Accept-Encoding': 'gzip, deflate', 'Accept': '*/*', 'Connection': 'keep-alive', 'X-Forwarded-For': '192.168.24.116', 'X-Instance-Id': '9998c9b7-a1bb-485d-b86d-4056d3293d32', 'X-Tenant-Id': '1da3a99634274ef9911e77abfdeb0856', 'X-Instance-Id-Signature': '632d58fe03cd60536a0b6284ca485041851483ff00b3abd0361c0f4d8bd563da'} {{(pid=108132) __call__ /opt/stack/nova/nova/api/metadata/handler.py:109}}
Jun 26 06:00:41.304769 np0000183135 devstack@n-api-meta.service[108132]: DEBUG nova.api.metadata.handler [None req-76b19998-ee9f-43ce-8ad6-1adee80e0194 None None] Using cached metadata for instance 9998c9b7-a1bb-485d-b86d-4056d3293d32 {{(pid=108132) get_metadata_by_instance_id /opt/stack/nova/nova/api/metadata/handler.py:84}}
Jun 26 06:00:41.305467 np0000183135 devstack@n-api-meta.service[108132]: [pid: 108132|app: 0|req: 6/21] 199.204.45.238 () {40 vars in 687 bytes} [Fri Jun 26 06:00:41 2026] GET /latest/meta-data/local-hostname => generated 32 bytes in 4 msecs (HTTP/1.1 200) 3 headers in 99 bytes (1 switches on core 0)
Jun 26 06:00:41.312886 np0000183135 devstack@n-api-meta.service[108134]: DEBUG nova.api.metadata.handler [None req-97771761-87a4-458a-bffd-ddaaa58f4bee None None] Metadata request headers: {'Host': '199.204.45.238:8775', 'User-Agent': 'python-requests/2.34.2', 'Accept-Encoding': 'gzip, deflate', 'Accept': '*/*', 'Connection': 'keep-alive', 'X-Forwarded-For': '192.168.24.116', 'X-Instance-Id': '9998c9b7-a1bb-485d-b86d-4056d3293d32', 'X-Tenant-Id': '1da3a99634274ef9911e77abfdeb0856', 'X-Instance-Id-Signature': '632d58fe03cd60536a0b6284ca485041851483ff00b3abd0361c0f4d8bd563da'} {{(pid=108134) __call__ /opt/stack/nova/nova/api/metadata/handler.py:109}}
Jun 26 06:00:41.316001 np0000183135 devstack@n-api-meta.service[108134]: DEBUG nova.api.metadata.handler [None req-97771761-87a4-458a-bffd-ddaaa58f4bee None None] Using cached metadata for instance 9998c9b7-a1bb-485d-b86d-4056d3293d32 {{(pid=108134) get_metadata_by_instance_id /opt/stack/nova/nova/api/metadata/handler.py:84}}
Jun 26 06:00:41.316607 np0000183135 devstack@n-api-meta.service[108134]: [pid: 108134|app: 0|req: 6/22] 199.204.45.238 () {40 vars in 679 bytes} [Fri Jun 26 06:00:41 2026] GET /latest/meta-data/local-ipv4 => generated 14 bytes in 4 msecs (HTTP/1.1 200) 3 headers in 99 bytes (1 switches on core 0)
Jun 26 06:00:41.324135 np0000183135 devstack@n-api-meta.service[108135]: DEBUG nova.api.metadata.handler [None req-558ce873-36e7-4fb6-aedb-5e09245b56a0 None None] Metadata request headers: {'Host': '199.204.45.238:8775', 'User-Agent': 'python-requests/2.34.2', 'Accept-Encoding': 'gzip, deflate', 'Accept': '*/*', 'Connection': 'keep-alive', 'X-Forwarded-For': '192.168.24.116', 'X-Instance-Id': '9998c9b7-a1bb-485d-b86d-4056d3293d32', 'X-Tenant-Id': '1da3a99634274ef9911e77abfdeb0856', 'X-Instance-Id-Signature': '632d58fe03cd60536a0b6284ca485041851483ff00b3abd0361c0f4d8bd563da'} {{(pid=108135) __call__ /opt/stack/nova/nova/api/metadata/handler.py:109}}
Jun 26 06:00:41.326066 np0000183135 devstack@n-api-meta.service[108135]: DEBUG nova.api.metadata.handler [None req-558ce873-36e7-4fb6-aedb-5e09245b56a0 None None] Using cached metadata for instance 9998c9b7-a1bb-485d-b86d-4056d3293d32 {{(pid=108135) get_metadata_by_instance_id /opt/stack/nova/nova/api/metadata/handler.py:84}}
Jun 26 06:00:41.326516 np0000183135 devstack@n-api-meta.service[108135]: [pid: 108135|app: 0|req: 6/23] 199.204.45.238 () {40 vars in 689 bytes} [Fri Jun 26 06:00:41 2026] GET /latest/meta-data/public-hostname => generated 32 bytes in 3 msecs (HTTP/1.1 200) 3 headers in 99 bytes (1 switches on core 0)
Jun 26 06:00:41.334997 np0000183135 devstack@n-api-meta.service[108133]: DEBUG nova.api.metadata.handler [None req-a766cc7f-0105-499f-8955-fe8b58d105ce None None] Metadata request headers: {'Host': '199.204.45.238:8775', 'User-Agent': 'python-requests/2.34.2', 'Accept-Encoding': 'gzip, deflate', 'Accept': '*/*', 'Connection': 'keep-alive', 'X-Forwarded-For': '192.168.24.116', 'X-Instance-Id': '9998c9b7-a1bb-485d-b86d-4056d3293d32', 'X-Tenant-Id': '1da3a99634274ef9911e77abfdeb0856', 'X-Instance-Id-Signature': '632d58fe03cd60536a0b6284ca485041851483ff00b3abd0361c0f4d8bd563da'} {{(pid=108133) __call__ /opt/stack/nova/nova/api/metadata/handler.py:109}}
Jun 26 06:00:41.338363 np0000183135 devstack@n-api-meta.service[108133]: DEBUG nova.api.metadata.handler [None req-a766cc7f-0105-499f-8955-fe8b58d105ce None None] Using cached metadata for instance 9998c9b7-a1bb-485d-b86d-4056d3293d32 {{(pid=108133) get_metadata_by_instance_id /opt/stack/nova/nova/api/metadata/handler.py:84}}
Jun 26 06:00:41.338892 np0000183135 devstack@n-api-meta.service[108133]: [pid: 108133|app: 0|req: 6/24] 199.204.45.238 () {40 vars in 681 bytes} [Fri Jun 26 06:00:41 2026] GET /latest/meta-data/public-ipv4 => generated 0 bytes in 4 msecs (HTTP/1.1 200) 3 headers in 98 bytes (1 switches on core 0)
