2026-06-24 19:16:25.325 9 INFO neutron.api.v2.resource [None req-13fd834c-2bc7-4a4b-8622-a650503ea60e 71bd8c6ac1ed463898e65a47309f87cf b0fea8f0366a4fe5a99ee22e908ea2d3 - - default default] delete failed (client error): The resource could not be found.
2026-06-24 19:16:25.326 9 INFO neutron.wsgi [None req-13fd834c-2bc7-4a4b-8622-a650503ea60e 71bd8c6ac1ed463898e65a47309f87cf b0fea8f0366a4fe5a99ee22e908ea2d3 - - default default] 10.0.0.60 "DELETE /v2.0/routers/ea4213d8-3fe3-484b-a627-9df8bdc8bb79/tags/green HTTP/1.1" status: 404 len: 299 time: 0.0474319
2026-06-24 19:16:25.403 10 INFO neutron.wsgi [None req-e2f40f3d-cd68-49c8-b579-81a8a4a9a4d7 0d30fd43087b480688503ef597652bdb 8ab5d85dbd3944269f238033df819e9e - - default default] 10.0.0.60 "DELETE /v2.0/security-groups/735282c9-b886-4d37-9b27-42c24d5b70b2 HTTP/1.1" status: 204 len: 168 time: 0.2505198
2026-06-24 19:16:25.433 9 INFO neutron.wsgi [None req-8abc2ffe-cf99-498e-b882-b0a6876c351c 71bd8c6ac1ed463898e65a47309f87cf b0fea8f0366a4fe5a99ee22e908ea2d3 - - default default] 10.0.0.60 "DELETE /v2.0/routers/ea4213d8-3fe3-484b-a627-9df8bdc8bb79/tags HTTP/1.1" status: 204 len: 168 time: 0.1001980
2026-06-24 19:16:25.502 9 INFO neutron.wsgi [None req-fd6c0946-462e-4c38-bf62-bc6895fe04aa 71bd8c6ac1ed463898e65a47309f87cf b0fea8f0366a4fe5a99ee22e908ea2d3 - - default default] 10.0.0.60 "GET /v2.0/routers/ea4213d8-3fe3-484b-a627-9df8bdc8bb79/tags HTTP/1.1" status: 200 len: 205 time: 0.0635293
2026-06-24 19:16:25.602 9 INFO neutron.wsgi [None req-e523eae7-f848-4476-b0ba-a87c3370a2e7 71bd8c6ac1ed463898e65a47309f87cf b0fea8f0366a4fe5a99ee22e908ea2d3 - - default default] 10.0.0.60 "GET /v2.0/routers/ea4213d8-3fe3-484b-a627-9df8bdc8bb79 HTTP/1.1" status: 200 len: 655 time: 0.0770178
2026-06-24 19:16:25.810 9 INFO neutron.wsgi [req-76a68d59-e097-4619-a3f8-70b62a2c0e71 req-c3c46ad9-299d-4a85-a2de-8617f7b9cee1 47dcb80b51104d44aec8d6fae22099d7 9488ebaded2447c59bbe6d4f841d9e2c - - default default] 199.19.213.235 "GET /v2.0/networks?id=6944916a-81a7-4bfd-85b9-55181621483c HTTP/1.1" status: 200 len: 903 time: 0.1410494
2026-06-24 19:16:25.881 9 INFO neutron.wsgi [req-76a68d59-e097-4619-a3f8-70b62a2c0e71 req-5a46222e-5326-4230-8b3a-1d19c0d4e4f1 47dcb80b51104d44aec8d6fae22099d7 9488ebaded2447c59bbe6d4f841d9e2c - - default default] 199.19.213.235 "GET /v2.0/security-groups?fields=id&fields=name&tenant_id=9488ebaded2447c59bbe6d4f841d9e2c HTTP/1.1" status: 200 len: 377 time: 0.0668046
2026-06-24 19:16:26.469 9 INFO neutron.db.ovn_revision_numbers_db [None req-4ceb7359-6d82-4f20-871c-b82a31ef7bf6 71bd8c6ac1ed463898e65a47309f87cf b0fea8f0366a4fe5a99ee22e908ea2d3 - - default default] Successfully bumped revision number for resource ea4213d8-3fe3-484b-a627-9df8bdc8bb79 (type: routers) to 7
2026-06-24 19:16:26.472 9 INFO neutron.wsgi [None req-4ceb7359-6d82-4f20-871c-b82a31ef7bf6 71bd8c6ac1ed463898e65a47309f87cf b0fea8f0366a4fe5a99ee22e908ea2d3 - - default default] 10.0.0.60 "PUT /v2.0/routers/ea4213d8-3fe3-484b-a627-9df8bdc8bb79 HTTP/1.1" status: 200 len: 655 time: 0.8654394
2026-06-24 19:16:26.512 10 INFO neutron.wsgi [None req-631cde3a-3964-4404-a69d-5ddcb8175fb0 71bd8c6ac1ed463898e65a47309f87cf b0fea8f0366a4fe5a99ee22e908ea2d3 - - default default] 10.0.0.60 "GET /v2.0/ports?device_id=ea4213d8-3fe3-484b-a627-9df8bdc8bb79 HTTP/1.1" status: 200 len: 205 time: 0.0346260
2026-06-24 19:16:26.815 9 INFO neutron.wsgi [None req-589fec5c-6288-4850-b47e-d123218d00b9 71bd8c6ac1ed463898e65a47309f87cf b0fea8f0366a4fe5a99ee22e908ea2d3 - - default default] 10.0.0.60 "DELETE /v2.0/routers/ea4213d8-3fe3-484b-a627-9df8bdc8bb79 HTTP/1.1" status: 204 len: 168 time: 0.2979784
2026-06-24 19:16:26.870 9 WARNING neutron.scheduler.dhcp_agent_scheduler [req-76a68d59-e097-4619-a3f8-70b62a2c0e71 req-20c70748-4428-4efe-8497-ffbc7b502e95 47dcb80b51104d44aec8d6fae22099d7 9488ebaded2447c59bbe6d4f841d9e2c - - default default] No more DHCP agents
2026-06-24 19:16:26.872 9 WARNING neutron.api.rpc.agentnotifiers.dhcp_rpc_agent_api [req-76a68d59-e097-4619-a3f8-70b62a2c0e71 req-20c70748-4428-4efe-8497-ffbc7b502e95 47dcb80b51104d44aec8d6fae22099d7 9488ebaded2447c59bbe6d4f841d9e2c - - default default] Unable to schedule network 6944916a-81a7-4bfd-85b9-55181621483c: no agents available; will retry on subsequent port and subnet creation events.
2026-06-24 19:16:27.070 9 INFO neutron.db.ovn_revision_numbers_db [req-76a68d59-e097-4619-a3f8-70b62a2c0e71 req-20c70748-4428-4efe-8497-ffbc7b502e95 47dcb80b51104d44aec8d6fae22099d7 9488ebaded2447c59bbe6d4f841d9e2c - - default default] Successfully bumped revision number for resource 9332ef06-8ed0-4e40-8578-8ddacca62c65 (type: ports) to 1
2026-06-24 19:16:27.096 9 INFO neutron.wsgi [req-76a68d59-e097-4619-a3f8-70b62a2c0e71 req-20c70748-4428-4efe-8497-ffbc7b502e95 47dcb80b51104d44aec8d6fae22099d7 9488ebaded2447c59bbe6d4f841d9e2c - - default default] 199.19.213.235 "POST /v2.0/ports HTTP/1.1" status: 201 len: 1388 time: 1.2053070 /var/lib/openstack/lib/python3.10/site-packages/pycadf/identifier.py:71: UserWarning: Invalid uuid: neutron. To ensure interoperability, identifiers should be a valid uuid. warnings.warn(('Invalid uuid: %s. To ensure interoperability, '
2026-06-24 19:16:27.594 9 INFO neutron.db.ovn_revision_numbers_db [req-76a68d59-e097-4619-a3f8-70b62a2c0e71 req-667e7c15-c594-4b1a-ba15-017443a7a710 52fb1c1d35b84731972f977a422be3f3 d981d0a38e964a60b943653fbdf58e01 - - d26bc9c440664ddfbfbb63b400620f3e d26bc9c440664ddfbfbb63b400620f3e] Successfully bumped revision number for resource 9332ef06-8ed0-4e40-8578-8ddacca62c65 (type: ports) to 2 /var/lib/openstack/lib/python3.10/site-packages/pycadf/identifier.py:71: UserWarning: Invalid uuid: neutron. To ensure interoperability, identifiers should be a valid uuid. warnings.warn(('Invalid uuid: %s. To ensure interoperability, '
2026-06-24 19:16:27.848 10 INFO neutron.wsgi [-] 10.0.0.213 "GET / HTTP/1.1" status: 200 len: 247 time: 0.0031309
2026-06-24 19:16:27.850 10 INFO neutron.wsgi [-] 10.0.0.213 "GET / HTTP/1.1" status: 200 len: 247 time: 0.0014157
2026-06-24 19:16:27.866 9 INFO neutron.db.ovn_revision_numbers_db [None req-f4770723-28c2-432f-946f-8eb8ced06302 0d30fd43087b480688503ef597652bdb 8ab5d85dbd3944269f238033df819e9e - - default default] Successfully bumped revision number for resource d61b4707-c319-4b52-aba0-5c335b864b40 (type: security_groups) to 1
2026-06-24 19:16:27.881 9 INFO neutron.db.ovn_revision_numbers_db [req-76a68d59-e097-4619-a3f8-70b62a2c0e71 req-667e7c15-c594-4b1a-ba15-017443a7a710 52fb1c1d35b84731972f977a422be3f3 d981d0a38e964a60b943653fbdf58e01 - - d26bc9c440664ddfbfbb63b400620f3e d26bc9c440664ddfbfbb63b400620f3e] Successfully bumped revision number for resource 9332ef06-8ed0-4e40-8578-8ddacca62c65 (type: ports) to 2
2026-06-24 19:16:27.883 9 INFO neutron.db.ovn_revision_numbers_db [None req-f4770723-28c2-432f-946f-8eb8ced06302 0d30fd43087b480688503ef597652bdb 8ab5d85dbd3944269f238033df819e9e - - default default] Successfully bumped revision number for resource 6ddc9805-20de-451b-a8ff-ba0751aa79d6 (type: security_group_rules) to 0
2026-06-24 19:16:27.900 9 INFO neutron.wsgi [req-76a68d59-e097-4619-a3f8-70b62a2c0e71 req-667e7c15-c594-4b1a-ba15-017443a7a710 52fb1c1d35b84731972f977a422be3f3 d981d0a38e964a60b943653fbdf58e01 - - d26bc9c440664ddfbfbb63b400620f3e d26bc9c440664ddfbfbb63b400620f3e] 199.19.213.235 "PUT /v2.0/ports/9332ef06-8ed0-4e40-8578-8ddacca62c65 HTTP/1.1" status: 200 len: 1605 time: 0.7953084
2026-06-24 19:16:27.900 9 INFO neutron.db.ovn_revision_numbers_db [None req-f4770723-28c2-432f-946f-8eb8ced06302 0d30fd43087b480688503ef597652bdb 8ab5d85dbd3944269f238033df819e9e - - default default] Successfully bumped revision number for resource a9349599-a47e-4133-8cfb-c36564283b48 (type: security_group_rules) to 0
2026-06-24 19:16:27.922 9 INFO neutron.db.ovn_revision_numbers_db [None req-f4770723-28c2-432f-946f-8eb8ced06302 0d30fd43087b480688503ef597652bdb 8ab5d85dbd3944269f238033df819e9e - - default default] Successfully bumped revision number for resource bcbfaccc-a9ff-46e9-8088-bcc3e3b2d446 (type: security_group_rules) to 0
2026-06-24 19:16:27.944 9 INFO neutron.notifiers.nova [-] Nova event matching ['req-ca2dfc2e-431d-4ae3-a068-988f8470ea93'] response: {'name': 'network-changed', 'server_uuid': '48306528-8e47-48a6-bdd7-094536239907', 'tag': '9332ef06-8ed0-4e40-8578-8ddacca62c65', 'status': 'completed', 'code': 200}
2026-06-24 19:16:27.946 9 INFO neutron.db.ovn_revision_numbers_db [None req-f4770723-28c2-432f-946f-8eb8ced06302 0d30fd43087b480688503ef597652bdb 8ab5d85dbd3944269f238033df819e9e - - default default] Successfully bumped revision number for resource f9880622-e70c-4f4a-b96e-3aeacc5f1867 (type: security_group_rules) to 0 /var/lib/openstack/lib/python3.10/site-packages/pycadf/identifier.py:71: UserWarning: Invalid uuid: neutron. To ensure interoperability, identifiers should be a valid uuid. warnings.warn(('Invalid uuid: %s. To ensure interoperability, '
2026-06-24 19:16:27.989 9 INFO neutron.wsgi [None req-f4770723-28c2-432f-946f-8eb8ced06302 0d30fd43087b480688503ef597652bdb 8ab5d85dbd3944269f238033df819e9e - - default default] 10.0.0.60 "GET /v2.0/security-groups?tenant_id=b0fea8f0366a4fe5a99ee22e908ea2d3&name=default HTTP/1.1" status: 200 len: 3000 time: 0.6069767
2026-06-24 19:16:27.997 9 INFO neutron.wsgi [req-76a68d59-e097-4619-a3f8-70b62a2c0e71 req-bef177ca-fa99-484c-878b-bdd69daff554 52fb1c1d35b84731972f977a422be3f3 d981d0a38e964a60b943653fbdf58e01 - - d26bc9c440664ddfbfbb63b400620f3e d26bc9c440664ddfbfbb63b400620f3e] 199.19.213.235 "GET /v2.0/ports?tenant_id=9488ebaded2447c59bbe6d4f841d9e2c&device_id=48306528-8e47-48a6-bdd7-094536239907 HTTP/1.1" status: 200 len: 1636 time: 0.0487859
2026-06-24 19:16:28.029 9 INFO neutron.wsgi [req-76a68d59-e097-4619-a3f8-70b62a2c0e71 req-44fe25b7-16bb-4303-9379-d083a0bce345 52fb1c1d35b84731972f977a422be3f3 d981d0a38e964a60b943653fbdf58e01 - - d26bc9c440664ddfbfbb63b400620f3e d26bc9c440664ddfbfbb63b400620f3e] 199.19.213.235 "GET /v2.0/floatingips?fixed_ip_address=10.2.2.57&port_id=9332ef06-8ed0-4e40-8578-8ddacca62c65 HTTP/1.1" status: 200 len: 217 time: 0.0266416
2026-06-24 19:16:28.060 9 INFO neutron.wsgi [req-76a68d59-e097-4619-a3f8-70b62a2c0e71 req-d1e4f7a9-1d2f-4633-86db-1cef9517786e 52fb1c1d35b84731972f977a422be3f3 d981d0a38e964a60b943653fbdf58e01 - - d26bc9c440664ddfbfbb63b400620f3e d26bc9c440664ddfbfbb63b400620f3e] 199.19.213.235 "GET /v2.0/floatingips?fixed_ip_address=fd77%3A1457%3A4cf0%3A26a8%3A%3A319&port_id=9332ef06-8ed0-4e40-8578-8ddacca62c65 HTTP/1.1" status: 200 len: 217 time: 0.0233121
2026-06-24 19:16:28.111 9 INFO neutron.wsgi [req-76a68d59-e097-4619-a3f8-70b62a2c0e71 req-790cd1ba-59f1-4a7d-b1ef-11a0179d01f0 52fb1c1d35b84731972f977a422be3f3 d981d0a38e964a60b943653fbdf58e01 - - d26bc9c440664ddfbfbb63b400620f3e d26bc9c440664ddfbfbb63b400620f3e] 199.19.213.235 "GET /v2.0/subnets?id=1ee97c89-ab79-4696-b819-a74a423211c1&id=ac8d3278-a9c3-45f1-948e-12574037e253 HTTP/1.1" status: 200 len: 1567 time: 0.0443726
2026-06-24 19:16:28.150 9 INFO neutron.wsgi [req-76a68d59-e097-4619-a3f8-70b62a2c0e71 req-5f61942d-13c6-479e-821f-a0fd8ebd6391 52fb1c1d35b84731972f977a422be3f3 d981d0a38e964a60b943653fbdf58e01 - - d26bc9c440664ddfbfbb63b400620f3e d26bc9c440664ddfbfbb63b400620f3e] 199.19.213.235 "GET /v2.0/ports?network_id=6944916a-81a7-4bfd-85b9-55181621483c&device_owner=network%3Adhcp HTTP/1.1" status: 200 len: 210 time: 0.0300128
2026-06-24 19:16:28.184 9 INFO neutron.wsgi [req-76a68d59-e097-4619-a3f8-70b62a2c0e71 req-177ff1f2-20f9-4a3e-85bc-f7ed5ffe1cd9 52fb1c1d35b84731972f977a422be3f3 d981d0a38e964a60b943653fbdf58e01 - - d26bc9c440664ddfbfbb63b400620f3e d26bc9c440664ddfbfbb63b400620f3e] 199.19.213.235 "GET /v2.0/ports?network_id=6944916a-81a7-4bfd-85b9-55181621483c&device_owner=network%3Adhcp HTTP/1.1" status: 200 len: 210 time: 0.0227818
2026-06-24 19:16:28.268 9 INFO neutron.wsgi [req-76a68d59-e097-4619-a3f8-70b62a2c0e71 req-71c61756-f68c-450a-a02c-9b7d03e9e62a 52fb1c1d35b84731972f977a422be3f3 d981d0a38e964a60b943653fbdf58e01 - - d26bc9c440664ddfbfbb63b400620f3e d26bc9c440664ddfbfbb63b400620f3e] 199.19.213.235 "GET /v2.0/networks/6944916a-81a7-4bfd-85b9-55181621483c?fields=segments HTTP/1.1" status: 200 len: 212 time: 0.0742576
2026-06-24 19:16:28.350 9 INFO neutron.wsgi [req-76a68d59-e097-4619-a3f8-70b62a2c0e71 req-2fabfcd2-b094-464f-8622-ef8d96deb49d 52fb1c1d35b84731972f977a422be3f3 d981d0a38e964a60b943653fbdf58e01 - - d26bc9c440664ddfbfbb63b400620f3e d26bc9c440664ddfbfbb63b400620f3e] 199.19.213.235 "GET /v2.0/networks/6944916a-81a7-4bfd-85b9-55181621483c?fields=provider%3Aphysical_network&fields=provider%3Anetwork_type HTTP/1.1" status: 200 len: 277 time: 0.0732360
2026-06-24 19:16:28.370 9 INFO neutron.wsgi [None req-974808fd-2975-46dc-a2f5-13a98e80aebc 0d30fd43087b480688503ef597652bdb 8ab5d85dbd3944269f238033df819e9e - - default default] 10.0.0.60 "DELETE /v2.0/security-groups/d61b4707-c319-4b52-aba0-5c335b864b40 HTTP/1.1" status: 204 len: 168 time: 0.3758826
2026-06-24 19:16:28.440 9 INFO neutron.wsgi [req-72459e05-1187-4a34-93d9-193199da1d6d req-deb7a9ef-cf1f-434f-89f0-8898f9af9d9f 52fb1c1d35b84731972f977a422be3f3 d981d0a38e964a60b943653fbdf58e01 - - d26bc9c440664ddfbfbb63b400620f3e d26bc9c440664ddfbfbb63b400620f3e] 199.19.213.235 "GET /v2.0/ports?tenant_id=9488ebaded2447c59bbe6d4f841d9e2c&device_id=48306528-8e47-48a6-bdd7-094536239907 HTTP/1.1" status: 200 len: 1636 time: 0.0438831
2026-06-24 19:16:28.521 9 INFO neutron.wsgi [req-72459e05-1187-4a34-93d9-193199da1d6d req-4084ca99-34fd-4bb2-9170-54b8252d3aee 52fb1c1d35b84731972f977a422be3f3 d981d0a38e964a60b943653fbdf58e01 - - d26bc9c440664ddfbfbb63b400620f3e d26bc9c440664ddfbfbb63b400620f3e] 199.19.213.235 "GET /v2.0/networks?id=6944916a-81a7-4bfd-85b9-55181621483c HTTP/1.1" status: 200 len: 1002 time: 0.0747457
2026-06-24 19:16:28.568 9 INFO neutron.wsgi [req-72459e05-1187-4a34-93d9-193199da1d6d req-c094d5d3-5b6a-4bb8-880a-1a2c298dceb0 52fb1c1d35b84731972f977a422be3f3 d981d0a38e964a60b943653fbdf58e01 - - d26bc9c440664ddfbfbb63b400620f3e d26bc9c440664ddfbfbb63b400620f3e] 199.19.213.235 "GET /v2.0/floatingips?fixed_ip_address=10.2.2.57&port_id=9332ef06-8ed0-4e40-8578-8ddacca62c65 HTTP/1.1" status: 200 len: 217 time: 0.0370286
2026-06-24 19:16:28.609 9 INFO neutron.plugins.ml2.drivers.ovn.mech_driver.mech_driver [None req-406106f4-f672-4df2-84d1-782bf5d1979d - - - - - -] OVN reports status up for port: 9332ef06-8ed0-4e40-8578-8ddacca62c65
2026-06-24 19:16:28.615 9 INFO neutron.wsgi [req-72459e05-1187-4a34-93d9-193199da1d6d req-04aa18bb-2de7-4c65-a7ec-c7ffee4c66ed 52fb1c1d35b84731972f977a422be3f3 d981d0a38e964a60b943653fbdf58e01 - - d26bc9c440664ddfbfbb63b400620f3e d26bc9c440664ddfbfbb63b400620f3e] 199.19.213.235 "GET /v2.0/floatingips?fixed_ip_address=fd77%3A1457%3A4cf0%3A26a8%3A%3A319&port_id=9332ef06-8ed0-4e40-8578-8ddacca62c65 HTTP/1.1" status: 200 len: 217 time: 0.0392349
2026-06-24 19:16:28.635 9 INFO neutron.plugins.ml2.plugin [None req-406106f4-f672-4df2-84d1-782bf5d1979d - - - - - -] Attempt 1 to provision port 9332ef06-8ed0-4e40-8578-8ddacca62c65
2026-06-24 19:16:28.679 9 INFO neutron.wsgi [req-72459e05-1187-4a34-93d9-193199da1d6d req-3f70a72e-3d39-46cb-a7e5-06003b8ce5c0 52fb1c1d35b84731972f977a422be3f3 d981d0a38e964a60b943653fbdf58e01 - - d26bc9c440664ddfbfbb63b400620f3e d26bc9c440664ddfbfbb63b400620f3e] 199.19.213.235 "GET /v2.0/subnets?id=1ee97c89-ab79-4696-b819-a74a423211c1&id=ac8d3278-a9c3-45f1-948e-12574037e253 HTTP/1.1" status: 200 len: 1567 time: 0.0586910
2026-06-24 19:16:28.710 10 INFO neutron.db.ovn_revision_numbers_db [None req-0969f5a3-c5c6-4b85-9ba5-1dafce15c45a 0d30fd43087b480688503ef597652bdb 8ab5d85dbd3944269f238033df819e9e - - default default] Successfully bumped revision number for resource 1b6640cc-7427-427c-8468-8e2d956b3c16 (type: security_groups) to 1
2026-06-24 19:16:28.721 9 INFO neutron.wsgi [req-72459e05-1187-4a34-93d9-193199da1d6d req-bb8e1cc3-fd35-4787-9f9c-bdf6269b4dc2 52fb1c1d35b84731972f977a422be3f3 d981d0a38e964a60b943653fbdf58e01 - - d26bc9c440664ddfbfbb63b400620f3e d26bc9c440664ddfbfbb63b400620f3e] 199.19.213.235 "GET /v2.0/ports?network_id=6944916a-81a7-4bfd-85b9-55181621483c&device_owner=network%3Adhcp HTTP/1.1" status: 200 len: 210 time: 0.0379643
2026-06-24 19:16:28.724 10 INFO neutron.db.ovn_revision_numbers_db [None req-0969f5a3-c5c6-4b85-9ba5-1dafce15c45a 0d30fd43087b480688503ef597652bdb 8ab5d85dbd3944269f238033df819e9e - - default default] Successfully bumped revision number for resource 07613009-3757-4679-b602-7a3be6de0135 (type: security_group_rules) to 0
2026-06-24 19:16:28.749 10 INFO neutron.db.ovn_revision_numbers_db [None req-0969f5a3-c5c6-4b85-9ba5-1dafce15c45a 0d30fd43087b480688503ef597652bdb 8ab5d85dbd3944269f238033df819e9e - - default default] Successfully bumped revision number for resource 6d74a27b-4956-424b-b528-5eba952f3f83 (type: security_group_rules) to 0
2026-06-24 19:16:28.750 9 INFO neutron.wsgi [req-72459e05-1187-4a34-93d9-193199da1d6d req-9d0d3f54-c9d9-4ce8-beb6-658d7f17dd33 52fb1c1d35b84731972f977a422be3f3 d981d0a38e964a60b943653fbdf58e01 - - d26bc9c440664ddfbfbb63b400620f3e d26bc9c440664ddfbfbb63b400620f3e] 199.19.213.235 "GET /v2.0/ports?network_id=6944916a-81a7-4bfd-85b9-55181621483c&device_owner=network%3Adhcp HTTP/1.1" status: 200 len: 210 time: 0.0209987
2026-06-24 19:16:28.766 10 INFO neutron.db.ovn_revision_numbers_db [None req-0969f5a3-c5c6-4b85-9ba5-1dafce15c45a 0d30fd43087b480688503ef597652bdb 8ab5d85dbd3944269f238033df819e9e - - default default] Successfully bumped revision number for resource 8e20b59d-f4cb-4f4b-901a-94f71598ee47 (type: security_group_rules) to 0
2026-06-24 19:16:28.784 10 INFO neutron.db.ovn_revision_numbers_db [None req-0969f5a3-c5c6-4b85-9ba5-1dafce15c45a 0d30fd43087b480688503ef597652bdb 8ab5d85dbd3944269f238033df819e9e - - default default] Successfully bumped revision number for resource c10adf0d-74d8-46c6-8005-3687147400ff (type: security_group_rules) to 0
2026-06-24 19:16:28.811 10 INFO neutron.wsgi [None req-0969f5a3-c5c6-4b85-9ba5-1dafce15c45a 0d30fd43087b480688503ef597652bdb 8ab5d85dbd3944269f238033df819e9e - - default default] 10.0.0.60 "GET /v2.0/security-groups?tenant_id=55f4992382bd4bfe903da8db1be87ff8&name=default HTTP/1.1" status: 200 len: 3000 time: 0.2495000
2026-06-24 19:16:28.831 9 INFO neutron.wsgi [req-72459e05-1187-4a34-93d9-193199da1d6d req-88f43933-39a0-4441-bff0-e3322e30a0d7 52fb1c1d35b84731972f977a422be3f3 d981d0a38e964a60b943653fbdf58e01 - - d26bc9c440664ddfbfbb63b400620f3e d26bc9c440664ddfbfbb63b400620f3e] 199.19.213.235 "GET /v2.0/networks/6944916a-81a7-4bfd-85b9-55181621483c?fields=segments HTTP/1.1" status: 200 len: 212 time: 0.0726378
2026-06-24 19:16:28.927 9 INFO neutron.wsgi [req-72459e05-1187-4a34-93d9-193199da1d6d req-f060090a-3edc-454c-8ce8-c17a692b89a7 52fb1c1d35b84731972f977a422be3f3 d981d0a38e964a60b943653fbdf58e01 - - d26bc9c440664ddfbfbb63b400620f3e d26bc9c440664ddfbfbb63b400620f3e] 199.19.213.235 "GET /v2.0/networks/6944916a-81a7-4bfd-85b9-55181621483c?fields=provider%3Aphysical_network&fields=provider%3Anetwork_type HTTP/1.1" status: 200 len: 277 time: 0.0851736
2026-06-24 19:16:28.997 9 INFO neutron.db.ovn_revision_numbers_db [None req-406106f4-f672-4df2-84d1-782bf5d1979d - - - - - -] Successfully bumped revision number for resource 9332ef06-8ed0-4e40-8578-8ddacca62c65 (type: ports) to 4 /var/lib/openstack/lib/python3.10/site-packages/pycadf/identifier.py:71: UserWarning: Invalid uuid: neutron. To ensure interoperability, identifiers should be a valid uuid. warnings.warn(('Invalid uuid: %s. To ensure interoperability, '
2026-06-24 19:16:29.104 10 INFO neutron.wsgi [None req-5ee6b4b0-b0d3-42f7-921c-2640afb5b984 0d30fd43087b480688503ef597652bdb 8ab5d85dbd3944269f238033df819e9e - - default default] 10.0.0.60 "DELETE /v2.0/security-groups/1b6640cc-7427-427c-8468-8e2d956b3c16 HTTP/1.1" status: 204 len: 168 time: 0.2873604
2026-06-24 19:16:29.248 9 INFO neutron.db.ovn_revision_numbers_db [None req-8103dfa5-7a8b-474a-b315-ac1e12590f89 619897555b32484a80f0954bb204ae1e 51a01b7439d54bea9d3826fd25dc28b9 - - default default] Successfully bumped revision number for resource af498d7f-618a-494c-a356-5e0f8cc90569 (type: security_groups) to 1
2026-06-24 19:16:29.269 9 INFO neutron.db.ovn_revision_numbers_db [None req-8103dfa5-7a8b-474a-b315-ac1e12590f89 619897555b32484a80f0954bb204ae1e 51a01b7439d54bea9d3826fd25dc28b9 - - default default] Successfully bumped revision number for resource 024a6e00-c86a-4be4-92e3-84b1af59cb6e (type: security_group_rules) to 0
2026-06-24 19:16:29.290 9 INFO neutron.db.ovn_revision_numbers_db [None req-8103dfa5-7a8b-474a-b315-ac1e12590f89 619897555b32484a80f0954bb204ae1e 51a01b7439d54bea9d3826fd25dc28b9 - - default default] Successfully bumped revision number for resource 26357104-088e-4099-92f4-55b8491559b6 (type: security_group_rules) to 0
2026-06-24 19:16:29.304 9 INFO neutron.db.ovn_revision_numbers_db [None req-8103dfa5-7a8b-474a-b315-ac1e12590f89 619897555b32484a80f0954bb204ae1e 51a01b7439d54bea9d3826fd25dc28b9 - - default default] Successfully bumped revision number for resource 6eb3a579-41ea-4195-bb40-a04e1121312a (type: security_group_rules) to 0
2026-06-24 19:16:29.323 9 INFO neutron.db.ovn_revision_numbers_db [None req-8103dfa5-7a8b-474a-b315-ac1e12590f89 619897555b32484a80f0954bb204ae1e 51a01b7439d54bea9d3826fd25dc28b9 - - default default] Successfully bumped revision number for resource dc784c48-efb9-4a58-a1f3-e70bae3da341 (type: security_group_rules) to 0
2026-06-24 19:16:29.379 9 INFO neutron.db.segments_db [None req-8103dfa5-7a8b-474a-b315-ac1e12590f89 619897555b32484a80f0954bb204ae1e 51a01b7439d54bea9d3826fd25dc28b9 - - default default] Added segment 1199de95-c4a7-4f1f-a09b-30fbdf735a31 of type geneve for network 498d1b71-cef2-4fed-b9c7-80d8a2d7a478
2026-06-24 19:16:29.568 9 INFO neutron.db.ovn_revision_numbers_db [None req-8103dfa5-7a8b-474a-b315-ac1e12590f89 619897555b32484a80f0954bb204ae1e 51a01b7439d54bea9d3826fd25dc28b9 - - default default] Successfully bumped revision number for resource 498d1b71-cef2-4fed-b9c7-80d8a2d7a478 (type: networks) to 1
2026-06-24 19:16:29.763 9 WARNING neutron.scheduler.dhcp_agent_scheduler [None req-8103dfa5-7a8b-474a-b315-ac1e12590f89 619897555b32484a80f0954bb204ae1e 51a01b7439d54bea9d3826fd25dc28b9 - - default default] No more DHCP agents
2026-06-24 19:16:29.766 9 WARNING neutron.api.rpc.agentnotifiers.dhcp_rpc_agent_api [None req-8103dfa5-7a8b-474a-b315-ac1e12590f89 619897555b32484a80f0954bb204ae1e 51a01b7439d54bea9d3826fd25dc28b9 - - default default] Unable to schedule network 498d1b71-cef2-4fed-b9c7-80d8a2d7a478: no agents available; will retry on subsequent port and subnet creation events.
2026-06-24 19:16:29.849 9 INFO neutron.db.ovn_revision_numbers_db [None req-8103dfa5-7a8b-474a-b315-ac1e12590f89 619897555b32484a80f0954bb204ae1e 51a01b7439d54bea9d3826fd25dc28b9 - - default default] Successfully bumped revision number for resource 0f6b9d70-c846-49e8-9452-1b63e404429a (type: ports) to 1
2026-06-24 19:16:29.872 9 INFO neutron.wsgi [None req-8103dfa5-7a8b-474a-b315-ac1e12590f89 619897555b32484a80f0954bb204ae1e 51a01b7439d54bea9d3826fd25dc28b9 - - default default] 10.0.0.60 "POST /v2.0/networks HTTP/1.1" status: 201 len: 831 time: 1.0007737
2026-06-24 19:16:29.885 10 INFO neutron.wsgi [None req-55a518ac-3ea8-4f54-8d79-22985bf28815 0d30fd43087b480688503ef597652bdb 8ab5d85dbd3944269f238033df819e9e - - default default] 10.0.0.17 "GET /v2.0/network-ip-availabilities HTTP/1.1" status: 200 len: 3630 time: 0.2009270
2026-06-24 19:16:29.913 10 INFO neutron.wsgi [None req-86590c8d-b895-468b-979f-b31a247d1648 0d30fd43087b480688503ef597652bdb 8ab5d85dbd3944269f238033df819e9e - - default default] 10.0.0.17 "GET /v2.0/agents HTTP/1.1" status: 200 len: 997 time: 0.0268178
2026-06-24 19:16:29.988 10 INFO neutron.wsgi [None req-2897df44-940c-410b-9866-7b9e2c1e8ed0 0d30fd43087b480688503ef597652bdb 8ab5d85dbd3944269f238033df819e9e - - default default] 10.0.0.17 "GET /v2.0/floatingips HTTP/1.1" status: 200 len: 1035 time: 0.0683467
2026-06-24 19:16:29.988 9 INFO neutron.notifiers.nova [-] Nova event matching ['req-ec29c1c9-b3be-4991-b37d-4a8801118568'] response: {'server_uuid': '48306528-8e47-48a6-bdd7-094536239907', 'name': 'network-vif-plugged', 'status': 'completed', 'tag': '9332ef06-8ed0-4e40-8578-8ddacca62c65', 'code': 200}
2026-06-24 19:16:29.989 9 INFO neutron.notifiers.nova [-] Nova event matching ['req-ec29c1c9-b3be-4991-b37d-4a8801118568'] response: {'server_uuid': '48306528-8e47-48a6-bdd7-094536239907', 'name': 'network-vif-plugged', 'status': 'completed', 'tag': '9332ef06-8ed0-4e40-8578-8ddacca62c65', 'code': 200}
2026-06-24 19:16:30.103 10 INFO neutron.wsgi [None req-8bf314fe-a67a-48ee-a4e2-c16ed7bb94f7 0d30fd43087b480688503ef597652bdb 8ab5d85dbd3944269f238033df819e9e - - default default] 10.0.0.17 "GET /v2.0/networks HTTP/1.1" status: 200 len: 5427 time: 0.1128495
2026-06-24 19:16:30.143 9 INFO neutron.wsgi [req-6504d24a-3352-4979-8435-6b4051c9cb83 req-45516283-9810-4011-8953-9bdab12e91e7 47dcb80b51104d44aec8d6fae22099d7 9488ebaded2447c59bbe6d4f841d9e2c - - default default] 10.0.0.183 "GET /v2.0/ports?device_id=48306528-8e47-48a6-bdd7-094536239907 HTTP/1.1" status: 200 len: 1400 time: 0.1104505
2026-06-24 19:16:30.196 9 INFO neutron.wsgi [req-6504d24a-3352-4979-8435-6b4051c9cb83 req-9f7a09fd-f128-463c-920e-8be672eab842 47dcb80b51104d44aec8d6fae22099d7 9488ebaded2447c59bbe6d4f841d9e2c - - default default] 10.0.0.183 "GET /v2.0/security-groups?id=689cb7aa-f42a-47b9-9ac7-b46871088841&fields=id&fields=name HTTP/1.1" status: 200 len: 310 time: 0.0433009
2026-06-24 19:16:30.210 10 INFO neutron.wsgi [None req-c987ac2a-66f0-4b3e-ad17-09aa32fafcb6 0d30fd43087b480688503ef597652bdb 8ab5d85dbd3944269f238033df819e9e - - default default] 10.0.0.17 "GET /v2.0/security-groups HTTP/1.1" status: 200 len: 30311 time: 0.1024437
2026-06-24 19:16:30.315 10 WARNING neutron.scheduler.dhcp_agent_scheduler [None req-a405d9a7-180c-4931-a089-7baf7d9608a1 619897555b32484a80f0954bb204ae1e 51a01b7439d54bea9d3826fd25dc28b9 - - default default] No more DHCP agents
2026-06-24 19:16:30.319 10 WARNING neutron.api.rpc.agentnotifiers.dhcp_rpc_agent_api [None req-a405d9a7-180c-4931-a089-7baf7d9608a1 619897555b32484a80f0954bb204ae1e 51a01b7439d54bea9d3826fd25dc28b9 - - default default] Unable to schedule network 498d1b71-cef2-4fed-b9c7-80d8a2d7a478: no agents available; will retry on subsequent port and subnet creation events.
2026-06-24 19:16:30.342 10 INFO neutron.wsgi [None req-ce45b7d3-8372-4c3b-84d6-6f53be4a2760 0d30fd43087b480688503ef597652bdb 8ab5d85dbd3944269f238033df819e9e - - default default] 10.0.0.17 "GET /v2.0/routers HTTP/1.1" status: 200 len: 850 time: 0.1149933 /var/lib/openstack/lib/python3.10/site-packages/pycadf/identifier.py:71: UserWarning: Invalid uuid: neutron. To ensure interoperability, identifiers should be a valid uuid. warnings.warn(('Invalid uuid: %s. To ensure interoperability, '
2026-06-24 19:16:30.369 10 INFO neutron.wsgi [None req-e8964b53-a1ee-4a70-9a98-b71d9601d23e 0d30fd43087b480688503ef597652bdb 8ab5d85dbd3944269f238033df819e9e - - default default] 10.0.0.17 "GET /v2.0/agents?binary=ovn-controller HTTP/1.1" status: 200 len: 591 time: 0.0243471
2026-06-24 19:16:30.434 10 INFO neutron.wsgi [None req-90134357-bfad-4207-89be-ad90ea787fcc 0d30fd43087b480688503ef597652bdb 8ab5d85dbd3944269f238033df819e9e - - default default] 10.0.0.17 "GET /v2.0/subnets HTTP/1.1" status: 200 len: 5496 time: 0.0624757
2026-06-24 19:16:30.453 10 INFO neutron.wsgi [None req-cbc75c7b-6cfb-49ad-b0e5-ffa6a5493475 0d30fd43087b480688503ef597652bdb 8ab5d85dbd3944269f238033df819e9e - - default default] 10.0.0.17 "GET /v2.0/subnetpools HTTP/1.1" status: 200 len: 193 time: 0.0156775
2026-06-24 19:16:30.462 10 INFO neutron.db.ovn_revision_numbers_db [None req-a405d9a7-180c-4931-a089-7baf7d9608a1 619897555b32484a80f0954bb204ae1e 51a01b7439d54bea9d3826fd25dc28b9 - - default default] Successfully bumped revision number for resource b9b9861f-6978-4afe-b8f5-ae017083d02e (type: ports) to 1
2026-06-24 19:16:30.496 10 INFO neutron.wsgi [None req-c06eadb0-f42c-401f-b615-264df415edaa 0d30fd43087b480688503ef597652bdb 8ab5d85dbd3944269f238033df819e9e - - default default] 10.0.0.17 "GET /v2.0/subnets HTTP/1.1" status: 200 len: 5496 time: 0.0409989
2026-06-24 19:16:30.498 10 INFO neutron.wsgi [None req-a405d9a7-180c-4931-a089-7baf7d9608a1 619897555b32484a80f0954bb204ae1e 51a01b7439d54bea9d3826fd25dc28b9 - - default default] 10.0.0.60 "POST /v2.0/ports HTTP/1.1" status: 201 len: 942 time: 0.6217186
2026-06-24 19:16:30.544 10 INFO neutron.wsgi [None req-2e770906-0973-4bb5-99f8-fabf16b0890b 0d30fd43087b480688503ef597652bdb 8ab5d85dbd3944269f238033df819e9e - - default default] 10.0.0.17 "GET /v2.0/ports HTTP/1.1" status: 200 len: 18320 time: 0.0447276
2026-06-24 19:16:30.727 10 INFO neutron.wsgi [None req-0f8743a5-37ef-4d70-8e0c-2c25eed2fa2a 619897555b32484a80f0954bb204ae1e 51a01b7439d54bea9d3826fd25dc28b9 - - default default] 10.0.0.60 "POST /v2.0/trunks HTTP/1.1" status: 201 len: 608 time: 0.2216029
2026-06-24 19:16:30.760 10 INFO neutron.wsgi [None req-5d001c7a-8d48-4f5f-9a0b-3712e1afaec9 619897555b32484a80f0954bb204ae1e 51a01b7439d54bea9d3826fd25dc28b9 - - default default] 10.0.0.60 "PUT /v2.0/trunks/48d3ddb6-6913-4f1d-aeb6-8b17db983af4/tags HTTP/1.1" status: 200 len: 218 time: 0.0261712
2026-06-24 19:16:30.781 10 INFO neutron.wsgi [None req-b58cb601-9a05-4f6b-bcf9-dbb65004367c 619897555b32484a80f0954bb204ae1e 51a01b7439d54bea9d3826fd25dc28b9 - - default default] 10.0.0.60 "GET /v2.0/trunks/48d3ddb6-6913-4f1d-aeb6-8b17db983af4/tags HTTP/1.1" status: 200 len: 218 time: 0.0156560
2026-06-24 19:16:30.812 10 INFO neutron.wsgi [None req-16375b19-c6ce-45cc-9d59-b066f8019179 619897555b32484a80f0954bb204ae1e 51a01b7439d54bea9d3826fd25dc28b9 - - default default] 10.0.0.60 "PUT /v2.0/trunks/48d3ddb6-6913-4f1d-aeb6-8b17db983af4/tags/green HTTP/1.1" status: 201 len: 201 time: 0.0267055
2026-06-24 19:16:30.833 10 INFO neutron.wsgi [None req-781b171a-b412-4dc0-a207-ae2e6c724aa2 619897555b32484a80f0954bb204ae1e 51a01b7439d54bea9d3826fd25dc28b9 - - default default] 10.0.0.60 "GET /v2.0/trunks/48d3ddb6-6913-4f1d-aeb6-8b17db983af4/tags HTTP/1.1" status: 200 len: 227 time: 0.0162735
2026-06-24 19:16:30.864 9 INFO neutron.wsgi [None req-21d060c4-4e54-4dab-bbea-b480e9c746d2 619897555b32484a80f0954bb204ae1e 51a01b7439d54bea9d3826fd25dc28b9 - - default default] 10.0.0.60 "PUT /v2.0/trunks/48d3ddb6-6913-4f1d-aeb6-8b17db983af4/tags/red HTTP/1.1" status: 201 len: 201 time: 0.0262253
2026-06-24 19:16:30.889 9 INFO neutron.wsgi [None req-554f7d79-deca-41c3-be89-f8e0efb8ec50 619897555b32484a80f0954bb204ae1e 51a01b7439d54bea9d3826fd25dc28b9 - - default default] 10.0.0.60 "GET /v2.0/trunks/48d3ddb6-6913-4f1d-aeb6-8b17db983af4/tags HTTP/1.1" status: 200 len: 227 time: 0.0198956
2026-06-24 19:16:30.930 9 INFO neutron.wsgi [None req-389291c8-8f6b-471a-bb27-478f2d082843 619897555b32484a80f0954bb204ae1e 51a01b7439d54bea9d3826fd25dc28b9 - - default default] 10.0.0.60 "PUT /v2.0/trunks/48d3ddb6-6913-4f1d-aeb6-8b17db983af4/tags/black.or.white HTTP/1.1" status: 201 len: 201 time: 0.0309942
2026-06-24 19:16:30.952 9 INFO neutron.wsgi [None req-c761242e-60f1-458c-bbc1-8c1745135c94 619897555b32484a80f0954bb204ae1e 51a01b7439d54bea9d3826fd25dc28b9 - - default default] 10.0.0.60 "GET /v2.0/trunks/48d3ddb6-6913-4f1d-aeb6-8b17db983af4/tags HTTP/1.1" status: 200 len: 245 time: 0.0169568
2026-06-24 19:16:30.988 9 INFO neutron.wsgi [None req-107447aa-ae1b-4445-9e57-0fe61e7adc20 619897555b32484a80f0954bb204ae1e 51a01b7439d54bea9d3826fd25dc28b9 - - default default] 10.0.0.60 "PUT /v2.0/trunks/48d3ddb6-6913-4f1d-aeb6-8b17db983af4/tags HTTP/1.1" status: 200 len: 230 time: 0.0308917
2026-06-24 19:16:31.010 9 INFO neutron.wsgi [None req-c3fea956-bea1-45c6-9b71-50cafe7ad0aa 619897555b32484a80f0954bb204ae1e 51a01b7439d54bea9d3826fd25dc28b9 - - default default] 10.0.0.60 "GET /v2.0/trunks/48d3ddb6-6913-4f1d-aeb6-8b17db983af4/tags HTTP/1.1" status: 200 len: 230 time: 0.0165489
2026-06-24 19:16:31.030 9 INFO neutron.wsgi [None req-4280a6bd-e8a8-440c-96f1-0177087bc8e8 619897555b32484a80f0954bb204ae1e 51a01b7439d54bea9d3826fd25dc28b9 - - default default] 10.0.0.60 "GET /v2.0/trunks/48d3ddb6-6913-4f1d-aeb6-8b17db983af4/tags/red HTTP/1.1" status: 204 len: 168 time: 0.0159450
2026-06-24 19:16:31.052 9 INFO neutron.api.v2.resource [None req-a744c073-d4a5-486f-9e85-47a0af27df99 619897555b32484a80f0954bb204ae1e 51a01b7439d54bea9d3826fd25dc28b9 - - default default] show failed (client error): The resource could not be found.
2026-06-24 19:16:31.053 9 INFO neutron.wsgi [None req-a744c073-d4a5-486f-9e85-47a0af27df99 619897555b32484a80f0954bb204ae1e 51a01b7439d54bea9d3826fd25dc28b9 - - default default] 10.0.0.60 "GET /v2.0/trunks/48d3ddb6-6913-4f1d-aeb6-8b17db983af4/tags/green HTTP/1.1" status: 404 len: 299 time: 0.0176136
2026-06-24 19:16:31.093 9 INFO neutron.wsgi [None req-2aa2205f-9d7f-48ee-9c32-d3438f6d8212 619897555b32484a80f0954bb204ae1e 51a01b7439d54bea9d3826fd25dc28b9 - - default default] 10.0.0.60 "DELETE /v2.0/trunks/48d3ddb6-6913-4f1d-aeb6-8b17db983af4/tags/red HTTP/1.1" status: 204 len: 168 time: 0.0332248
2026-06-24 19:16:31.117 9 INFO neutron.wsgi [None req-baf938cf-2d62-4593-897a-43f574b22bca 619897555b32484a80f0954bb204ae1e 51a01b7439d54bea9d3826fd25dc28b9 - - default default] 10.0.0.60 "GET /v2.0/trunks/48d3ddb6-6913-4f1d-aeb6-8b17db983af4/tags HTTP/1.1" status: 200 len: 223 time: 0.0193501
2026-06-24 19:16:31.142 9 INFO neutron.api.v2.resource [None req-06aadfb4-8ee5-4502-9511-553d8cb46f30 619897555b32484a80f0954bb204ae1e 51a01b7439d54bea9d3826fd25dc28b9 - - default default] delete failed (client error): The resource could not be found.
2026-06-24 19:16:31.143 9 INFO neutron.wsgi [None req-06aadfb4-8ee5-4502-9511-553d8cb46f30 619897555b32484a80f0954bb204ae1e 51a01b7439d54bea9d3826fd25dc28b9 - - default default] 10.0.0.60 "DELETE /v2.0/trunks/48d3ddb6-6913-4f1d-aeb6-8b17db983af4/tags/green HTTP/1.1" status: 404 len: 299 time: 0.0215816
2026-06-24 19:16:31.178 9 INFO neutron.wsgi [None req-3b0ac46d-0f51-4b0d-aa69-040ee71e1d4c 619897555b32484a80f0954bb204ae1e 51a01b7439d54bea9d3826fd25dc28b9 - - default default] 10.0.0.60 "DELETE /v2.0/trunks/48d3ddb6-6913-4f1d-aeb6-8b17db983af4/tags HTTP/1.1" status: 204 len: 168 time: 0.0302782
2026-06-24 19:16:31.199 9 INFO neutron.wsgi [None req-b6e95107-c2e6-4ff6-94d3-4d14425b4a71 619897555b32484a80f0954bb204ae1e 51a01b7439d54bea9d3826fd25dc28b9 - - default default] 10.0.0.60 "GET /v2.0/trunks/48d3ddb6-6913-4f1d-aeb6-8b17db983af4/tags HTTP/1.1" status: 200 len: 205 time: 0.0163388
2026-06-24 19:16:31.234 9 INFO neutron.wsgi [None req-ff6936e9-077b-4f21-be26-6d78111e422a 619897555b32484a80f0954bb204ae1e 51a01b7439d54bea9d3826fd25dc28b9 - - default default] 10.0.0.60 "GET /v2.0/trunks/48d3ddb6-6913-4f1d-aeb6-8b17db983af4 HTTP/1.1" status: 200 len: 603 time: 0.0246217
2026-06-24 19:16:31.337 9 INFO neutron.wsgi [None req-b65fcc73-8c3a-46df-915b-bd47f9a1c36d 619897555b32484a80f0954bb204ae1e 51a01b7439d54bea9d3826fd25dc28b9 - - default default] 10.0.0.60 "GET /v2.0/ports/b9b9861f-6978-4afe-b8f5-ae017083d02e HTTP/1.1" status: 200 len: 1020 time: 0.0971639
2026-06-24 19:16:31.430 9 INFO neutron.wsgi [None req-be94a3c2-c574-4a0f-b42d-2661f8a660a1 619897555b32484a80f0954bb204ae1e 51a01b7439d54bea9d3826fd25dc28b9 - - default default] 10.0.0.60 "DELETE /v2.0/trunks/48d3ddb6-6913-4f1d-aeb6-8b17db983af4 HTTP/1.1" status: 204 len: 168 time: 0.0868948
2026-06-24 19:16:31.687 9 INFO neutron.wsgi [None req-8905f03b-1e37-4d9d-a2a9-f61458c4e34e 619897555b32484a80f0954bb204ae1e 51a01b7439d54bea9d3826fd25dc28b9 - - default default] 10.0.0.60 "DELETE /v2.0/ports/b9b9861f-6978-4afe-b8f5-ae017083d02e HTTP/1.1" status: 204 len: 168 time: 0.2520688
2026-06-24 19:16:32.051 9 INFO neutron.services.segments.plugin [-] Segment 1199de95-c4a7-4f1f-a09b-30fbdf735a31 resource provider aggregate not found
2026-06-24 19:16:32.056 9 INFO neutron.services.segments.plugin [-] Segment 1199de95-c4a7-4f1f-a09b-30fbdf735a31 resource provider aggregate not found
2026-06-24 19:16:32.073 9 INFO neutron.services.segments.plugin [-] Segment 1199de95-c4a7-4f1f-a09b-30fbdf735a31 resource provider not found; error: Placement Client Error (4xx): {"errors": [{"status": 404, "title": "Not Found", "detail": "The resource could not be found.\n\n No resource provider with uuid 1199de95-c4a7-4f1f-a09b-30fbdf735a31 found for delete ", "request_id": "req-47631553-e656-4f7c-948e-117156475c04"}]}
2026-06-24 19:16:32.076 9 INFO neutron.services.segments.plugin [-] Segment 1199de95-c4a7-4f1f-a09b-30fbdf735a31 resource provider not found; error: Placement Client Error (4xx): {"errors": [{"status": 404, "title": "Not Found", "detail": "The resource could not be found.\n\n No resource provider with uuid 1199de95-c4a7-4f1f-a09b-30fbdf735a31 found for delete ", "request_id": "req-93b2a646-cd23-4a2a-b162-372db5b970fd"}]}
2026-06-24 19:16:32.099 9 INFO neutron.wsgi [None req-1f78973d-5772-4bed-ad47-557de8784f09 619897555b32484a80f0954bb204ae1e 51a01b7439d54bea9d3826fd25dc28b9 - - default default] 10.0.0.60 "DELETE /v2.0/networks/498d1b71-cef2-4fed-b9c7-80d8a2d7a478 HTTP/1.1" status: 204 len: 168 time: 0.4068706
2026-06-24 19:16:33.084 10 INFO neutron.db.ovn_revision_numbers_db [None req-9fa47353-f1af-47d2-895e-4d75771697f4 0d30fd43087b480688503ef597652bdb 8ab5d85dbd3944269f238033df819e9e - - default default] Successfully bumped revision number for resource 0f92ed05-b6bb-4abe-bcdc-822e8c3e18f6 (type: security_groups) to 1
2026-06-24 19:16:33.111 10 INFO neutron.db.ovn_revision_numbers_db [None req-9fa47353-f1af-47d2-895e-4d75771697f4 0d30fd43087b480688503ef597652bdb 8ab5d85dbd3944269f238033df819e9e - - default default] Successfully bumped revision number for resource 5e590eb3-675d-4b55-adb7-bd370c0a1058 (type: security_group_rules) to 0
2026-06-24 19:16:33.133 10 INFO neutron.db.ovn_revision_numbers_db [None req-9fa47353-f1af-47d2-895e-4d75771697f4 0d30fd43087b480688503ef597652bdb 8ab5d85dbd3944269f238033df819e9e - - default default] Successfully bumped revision number for resource 9e650947-f1e2-4016-8708-6cbf8cbb7d00 (type: security_group_rules) to 0
2026-06-24 19:16:33.150 10 INFO neutron.db.ovn_revision_numbers_db [None req-9fa47353-f1af-47d2-895e-4d75771697f4 0d30fd43087b480688503ef597652bdb 8ab5d85dbd3944269f238033df819e9e - - default default] Successfully bumped revision number for resource a5033ea8-b393-442f-9f99-17a87d6a9b05 (type: security_group_rules) to 0
2026-06-24 19:16:33.166 10 INFO neutron.db.ovn_revision_numbers_db [None req-9fa47353-f1af-47d2-895e-4d75771697f4 0d30fd43087b480688503ef597652bdb 8ab5d85dbd3944269f238033df819e9e - - default default] Successfully bumped revision number for resource d14f0411-6c06-4996-a140-2a18cf219884 (type: security_group_rules) to 0
2026-06-24 19:16:33.197 10 INFO neutron.wsgi [None req-9fa47353-f1af-47d2-895e-4d75771697f4 0d30fd43087b480688503ef597652bdb 8ab5d85dbd3944269f238033df819e9e - - default default] 10.0.0.60 "GET /v2.0/security-groups?tenant_id=dc0e9edf7c34450280361c65ad90ae92&name=default HTTP/1.1" status: 200 len: 3000 time: 0.3575280
2026-06-24 19:16:33.412 10 INFO neutron.wsgi [None req-c9620e26-cd30-48d8-b223-e5012032e2f5 0d30fd43087b480688503ef597652bdb 8ab5d85dbd3944269f238033df819e9e - - default default] 10.0.0.60 "DELETE /v2.0/security-groups/0f92ed05-b6bb-4abe-bcdc-822e8c3e18f6 HTTP/1.1" status: 204 len: 168 time: 0.2093079
2026-06-24 19:16:33.572 10 INFO neutron.wsgi [None req-c6d9c5f5-aeb4-4b16-8f50-725f41e73127 0d30fd43087b480688503ef597652bdb 8ab5d85dbd3944269f238033df819e9e - - default default] 10.0.0.60 "GET /v2.0/security-groups?tenant_id=51a01b7439d54bea9d3826fd25dc28b9&name=default HTTP/1.1" status: 200 len: 3000 time: 0.0449467
2026-06-24 19:16:33.634 9 INFO neutron.wsgi [req-cb2cf1a4-cdf9-4145-a6ad-fbf2ebab2778 req-bdbf29dc-3e0b-4a12-87ad-cdd42bf4e9f9 52fb1c1d35b84731972f977a422be3f3 d981d0a38e964a60b943653fbdf58e01 - - d26bc9c440664ddfbfbb63b400620f3e d26bc9c440664ddfbfbb63b400620f3e] 10.0.0.79 "GET /v2.0/ports?device_id=64ecca69-1cd7-445c-85f7-6d5c37df50ac HTTP/1.1" status: 200 len: 1638 time: 0.0413601
2026-06-24 19:16:33.680 9 INFO neutron.wsgi [req-cb2cf1a4-cdf9-4145-a6ad-fbf2ebab2778 req-534479be-1db3-402e-a0fc-4d0128634455 52fb1c1d35b84731972f977a422be3f3 d981d0a38e964a60b943653fbdf58e01 - - d26bc9c440664ddfbfbb63b400620f3e d26bc9c440664ddfbfbb63b400620f3e] 10.0.0.79 "GET /v2.0/security-groups?id=689cb7aa-f42a-47b9-9ac7-b46871088841&fields=id&fields=name HTTP/1.1" status: 200 len: 310 time: 0.0379200
2026-06-24 19:16:33.805 10 INFO neutron.wsgi [None req-22ad21d3-7fcd-433f-92fd-1fca99adb8cd 0d30fd43087b480688503ef597652bdb 8ab5d85dbd3944269f238033df819e9e - - default default] 10.0.0.60 "DELETE /v2.0/security-groups/af498d7f-618a-494c-a356-5e0f8cc90569 HTTP/1.1" status: 204 len: 168 time: 0.2285817
2026-06-24 19:16:35.438 9 INFO neutron.wsgi [req-4d7f732f-f878-4d84-a52d-e944930281ca req-ec8cdfcc-d411-4b2c-b0a5-761fec2e287c 47dcb80b51104d44aec8d6fae22099d7 9488ebaded2447c59bbe6d4f841d9e2c - - default default] 10.0.0.183 "GET /v2.0/ports?device_id=48306528-8e47-48a6-bdd7-094536239907 HTTP/1.1" status: 200 len: 1400 time: 0.1159260
2026-06-24 19:16:35.495 9 INFO neutron.wsgi [req-4d7f732f-f878-4d84-a52d-e944930281ca req-358b4058-ee7e-4538-b2b2-b5aaa6babe49 47dcb80b51104d44aec8d6fae22099d7 9488ebaded2447c59bbe6d4f841d9e2c - - default default] 10.0.0.183 "GET /v2.0/security-groups?id=689cb7aa-f42a-47b9-9ac7-b46871088841&fields=id&fields=name HTTP/1.1" status: 200 len: 310 time: 0.0495417
2026-06-24 19:16:35.644 10 INFO neutron.wsgi [None req-69156007-5f4b-4021-bc5e-22ee575e0f04 47dcb80b51104d44aec8d6fae22099d7 9488ebaded2447c59bbe6d4f841d9e2c - - default default] 10.0.0.60 "GET /v2.0/ports?network_id=6944916a-81a7-4bfd-85b9-55181621483c&mac_address=fa%3A16%3A3e%3A2e%3A5a%3A33 HTTP/1.1" status: 200 len: 1395 time: 0.1243842
2026-06-24 19:16:35.998 10 WARNING neutron.scheduler.dhcp_agent_scheduler [None req-a34acc46-528d-4f37-8a46-b73b1883e2fd 47dcb80b51104d44aec8d6fae22099d7 9488ebaded2447c59bbe6d4f841d9e2c - - default default] No more DHCP agents
2026-06-24 19:16:36.005 10 WARNING neutron.api.rpc.agentnotifiers.dhcp_rpc_agent_api [None req-a34acc46-528d-4f37-8a46-b73b1883e2fd 47dcb80b51104d44aec8d6fae22099d7 9488ebaded2447c59bbe6d4f841d9e2c - - default default] Unable to schedule network f0dad41d-bdd4-4996-be46-9a646b1fc56e: no agents available; will retry on subsequent port and subnet creation events.
2026-06-24 19:16:36.972 10 INFO neutron.db.l3_db [None req-a34acc46-528d-4f37-8a46-b73b1883e2fd 47dcb80b51104d44aec8d6fae22099d7 9488ebaded2447c59bbe6d4f841d9e2c - - default default] Floating IP ad1bbe89-82ee-43e0-b56f-7e5242c9f5cc associated. External IP: 10.96.250.205, port: 9332ef06-8ed0-4e40-8578-8ddacca62c65.
2026-06-24 19:16:37.221 10 INFO neutron.db.ovn_revision_numbers_db [None req-a34acc46-528d-4f37-8a46-b73b1883e2fd 47dcb80b51104d44aec8d6fae22099d7 9488ebaded2447c59bbe6d4f841d9e2c - - default default] Successfully bumped revision number for resource ad1bbe89-82ee-43e0-b56f-7e5242c9f5cc (type: floatingips) to 0
2026-06-24 19:16:37.345 10 INFO neutron.db.ovn_revision_numbers_db [None req-a34acc46-528d-4f37-8a46-b73b1883e2fd 47dcb80b51104d44aec8d6fae22099d7 9488ebaded2447c59bbe6d4f841d9e2c - - default default] Successfully bumped revision number for resource ad1bbe89-82ee-43e0-b56f-7e5242c9f5cc (type: floatingips) to 1
2026-06-24 19:16:37.389 10 INFO neutron.wsgi [None req-a34acc46-528d-4f37-8a46-b73b1883e2fd 47dcb80b51104d44aec8d6fae22099d7 9488ebaded2447c59bbe6d4f841d9e2c - - default default] 10.0.0.60 "POST /v2.0/floatingips HTTP/1.1" status: 201 len: 1053 time: 1.7387927
2026-06-24 19:16:37.447 10 INFO neutron.notifiers.nova [-] Nova event matching ['req-781a372c-f3d9-4bb0-813c-f62427b5617f'] response: {'name': 'network-changed', 'server_uuid': '48306528-8e47-48a6-bdd7-094536239907', 'tag': '9332ef06-8ed0-4e40-8578-8ddacca62c65', 'status': 'completed', 'code': 200}
2026-06-24 19:16:37.544 9 INFO neutron.wsgi [req-37c87d3d-9849-465b-88e6-4cfa1409a500 req-9bac7b25-7e8e-41aa-b3e4-d14cd7f7844a 52fb1c1d35b84731972f977a422be3f3 d981d0a38e964a60b943653fbdf58e01 - - d26bc9c440664ddfbfbb63b400620f3e d26bc9c440664ddfbfbb63b400620f3e] 199.19.213.235 "GET /v2.0/ports?tenant_id=9488ebaded2447c59bbe6d4f841d9e2c&device_id=48306528-8e47-48a6-bdd7-094536239907 HTTP/1.1" status: 200 len: 1638 time: 0.0688326
2026-06-24 19:16:37.641 9 INFO neutron.wsgi [req-37c87d3d-9849-465b-88e6-4cfa1409a500 req-56aea9ee-c234-4f46-8e7b-c2d3073d3b62 52fb1c1d35b84731972f977a422be3f3 d981d0a38e964a60b943653fbdf58e01 - - d26bc9c440664ddfbfbb63b400620f3e d26bc9c440664ddfbfbb63b400620f3e] 199.19.213.235 "GET /v2.0/networks?id=6944916a-81a7-4bfd-85b9-55181621483c HTTP/1.1" status: 200 len: 1002 time: 0.0864282
2026-06-24 19:16:37.678 9 INFO neutron.db.ovn_revision_numbers_db [None req-4f24fed2-367b-4dab-a58a-02680da3191d ed7f64fe1f4548718c07b1fcada957d2 e68176dd782f4a18857062daaee07929 - - default default] Successfully bumped revision number for resource 239ef0c5-6a3a-4659-a8c2-2f0cf365ba2f (type: security_groups) to 1
2026-06-24 19:16:37.702 9 INFO neutron.wsgi [req-37c87d3d-9849-465b-88e6-4cfa1409a500 req-61477508-d88e-45b5-91c0-1cb9ab2ad330 52fb1c1d35b84731972f977a422be3f3 d981d0a38e964a60b943653fbdf58e01 - - d26bc9c440664ddfbfbb63b400620f3e d26bc9c440664ddfbfbb63b400620f3e] 199.19.213.235 "GET /v2.0/floatingips?fixed_ip_address=10.2.2.57&port_id=9332ef06-8ed0-4e40-8578-8ddacca62c65 HTTP/1.1" status: 200 len: 1058 time: 0.0523632
2026-06-24 19:16:37.703 9 INFO neutron.db.ovn_revision_numbers_db [None req-4f24fed2-367b-4dab-a58a-02680da3191d ed7f64fe1f4548718c07b1fcada957d2 e68176dd782f4a18857062daaee07929 - - default default] Successfully bumped revision number for resource 0e4dd92a-d527-4e8e-9678-75aad3fbf40c (type: security_group_rules) to 0
2026-06-24 19:16:37.736 9 INFO neutron.db.ovn_revision_numbers_db [None req-4f24fed2-367b-4dab-a58a-02680da3191d ed7f64fe1f4548718c07b1fcada957d2 e68176dd782f4a18857062daaee07929 - - default default] Successfully bumped revision number for resource 206d4c98-3864-4372-a531-ea3f33920273 (type: security_group_rules) to 0
2026-06-24 19:16:37.740 9 INFO neutron.wsgi [req-37c87d3d-9849-465b-88e6-4cfa1409a500 req-da475eea-ff5f-4a06-81f1-a48e82aafce3 52fb1c1d35b84731972f977a422be3f3 d981d0a38e964a60b943653fbdf58e01 - - d26bc9c440664ddfbfbb63b400620f3e d26bc9c440664ddfbfbb63b400620f3e] 199.19.213.235 "GET /v2.0/floatingips?fixed_ip_address=fd77%3A1457%3A4cf0%3A26a8%3A%3A319&port_id=9332ef06-8ed0-4e40-8578-8ddacca62c65 HTTP/1.1" status: 200 len: 217 time: 0.0279665
2026-06-24 19:16:37.763 9 INFO neutron.db.ovn_revision_numbers_db [None req-4f24fed2-367b-4dab-a58a-02680da3191d ed7f64fe1f4548718c07b1fcada957d2 e68176dd782f4a18857062daaee07929 - - default default] Successfully bumped revision number for resource 9c60a69c-cdaf-4837-a5d9-5337c3379552 (type: security_group_rules) to 0
2026-06-24 19:16:37.782 9 INFO neutron.wsgi [req-37c87d3d-9849-465b-88e6-4cfa1409a500 req-075965c4-32b8-483c-9ffc-e9f6305fa058 52fb1c1d35b84731972f977a422be3f3 d981d0a38e964a60b943653fbdf58e01 - - d26bc9c440664ddfbfbb63b400620f3e d26bc9c440664ddfbfbb63b400620f3e] 199.19.213.235 "GET /v2.0/subnets?id=1ee97c89-ab79-4696-b819-a74a423211c1&id=ac8d3278-a9c3-45f1-948e-12574037e253 HTTP/1.1" status: 200 len: 1567 time: 0.0366964
2026-06-24 19:16:37.783 9 INFO neutron.db.ovn_revision_numbers_db [None req-4f24fed2-367b-4dab-a58a-02680da3191d ed7f64fe1f4548718c07b1fcada957d2 e68176dd782f4a18857062daaee07929 - - default default] Successfully bumped revision number for resource a4164f65-8f26-4b17-b863-3b369c5d1b74 (type: security_group_rules) to 0
2026-06-24 19:16:37.824 9 INFO neutron.wsgi [req-37c87d3d-9849-465b-88e6-4cfa1409a500 req-8ea3f995-1fdf-493b-b6b8-70ce40222dfa 52fb1c1d35b84731972f977a422be3f3 d981d0a38e964a60b943653fbdf58e01 - - d26bc9c440664ddfbfbb63b400620f3e d26bc9c440664ddfbfbb63b400620f3e] 199.19.213.235 "GET /v2.0/ports?network_id=6944916a-81a7-4bfd-85b9-55181621483c&device_owner=network%3Adhcp HTTP/1.1" status: 200 len: 210 time: 0.0337582
2026-06-24 19:16:37.864 9 INFO neutron.wsgi [req-37c87d3d-9849-465b-88e6-4cfa1409a500 req-a5a174e7-0ad6-4573-aa41-87570a67e46d 52fb1c1d35b84731972f977a422be3f3 d981d0a38e964a60b943653fbdf58e01 - - d26bc9c440664ddfbfbb63b400620f3e d26bc9c440664ddfbfbb63b400620f3e] 199.19.213.235 "GET /v2.0/ports?network_id=6944916a-81a7-4bfd-85b9-55181621483c&device_owner=network%3Adhcp HTTP/1.1" status: 200 len: 210 time: 0.0295930
2026-06-24 19:16:37.866 9 INFO neutron.db.segments_db [None req-4f24fed2-367b-4dab-a58a-02680da3191d ed7f64fe1f4548718c07b1fcada957d2 e68176dd782f4a18857062daaee07929 - - default default] Added segment 6dda0f17-4f0d-4feb-85a0-b8d250422f75 of type geneve for network 9cb6de75-1e51-450c-9a0b-7475def5dc20
2026-06-24 19:16:38.017 9 INFO neutron.wsgi [req-37c87d3d-9849-465b-88e6-4cfa1409a500 req-7ed7a672-78cc-43e9-84f9-e436f1a6001a 52fb1c1d35b84731972f977a422be3f3 d981d0a38e964a60b943653fbdf58e01 - - d26bc9c440664ddfbfbb63b400620f3e d26bc9c440664ddfbfbb63b400620f3e] 199.19.213.235 "GET /v2.0/networks/6944916a-81a7-4bfd-85b9-55181621483c?fields=segments HTTP/1.1" status: 200 len: 212 time: 0.1467214
2026-06-24 19:16:38.569 9 INFO neutron.wsgi [req-37c87d3d-9849-465b-88e6-4cfa1409a500 req-a8d98fd3-761b-4bb9-8fd0-a407ffef1775 52fb1c1d35b84731972f977a422be3f3 d981d0a38e964a60b943653fbdf58e01 - - d26bc9c440664ddfbfbb63b400620f3e d26bc9c440664ddfbfbb63b400620f3e] 199.19.213.235 "GET /v2.0/networks/6944916a-81a7-4bfd-85b9-55181621483c?fields=provider%3Aphysical_network&fields=provider%3Anetwork_type HTTP/1.1" status: 200 len: 277 time: 0.5437131
2026-06-24 19:16:38.652 9 INFO neutron.db.ovn_revision_numbers_db [None req-4f24fed2-367b-4dab-a58a-02680da3191d ed7f64fe1f4548718c07b1fcada957d2 e68176dd782f4a18857062daaee07929 - - default default] Successfully bumped revision number for resource 9cb6de75-1e51-450c-9a0b-7475def5dc20 (type: networks) to 1
