2026-06-24 19:15:52.257 10 INFO neutron.db.ovn_revision_numbers_db [None req-023f9bcf-d325-4ae7-9410-f93f00f92c69 a6eb95e9a9bb4bca917aafff323e5ab2 c3865e0c8e4c48f0a89af5fca4b94fbb - - default default] Successfully bumped revision number for resource 996a3773-d4f8-41d0-82f9-e02fae2a7f1b (type: ports) to 1
2026-06-24 19:15:52.281 9 INFO neutron.wsgi [req-dda341e5-dfd0-44b5-bf97-2c1a0c23a6a2 req-9d53e302-124d-423d-b5ec-dc99647a3875 e08179914e70470e81cecea840d78241 636cf54687554e91ad7f290dbac9aadb - - default default] 199.19.213.235 "DELETE /v2.0/ports/c788991d-1632-41c6-b545-04202c4c782d HTTP/1.1" status: 204 len: 173 time: 0.6700416
2026-06-24 19:15:52.301 10 INFO neutron.wsgi [None req-023f9bcf-d325-4ae7-9410-f93f00f92c69 a6eb95e9a9bb4bca917aafff323e5ab2 c3865e0c8e4c48f0a89af5fca4b94fbb - - default default] 10.0.0.60 "POST /v2.0/ports HTTP/1.1" status: 201 len: 942 time: 0.5055363
2026-06-24 19:15:52.320 9 INFO neutron.notifiers.nova [-] Nova event matching ['req-054b0053-4527-4e8b-b444-9ebeacca769b'] response: {'server_uuid': '43ebe1f5-10fb-4a85-8eb2-687887421afd', 'name': 'network-vif-deleted', 'tag': 'c788991d-1632-41c6-b545-04202c4c782d', 'status': 'completed', 'code': 200}
2026-06-24 19:15:52.344 9 INFO neutron.wsgi [req-88fac0cb-008a-4346-8505-befd42e8ff83 req-50b88c30-e661-4983-a57e-5a7f1aeacfc2 e08179914e70470e81cecea840d78241 636cf54687554e91ad7f290dbac9aadb - - default default] 10.0.0.183 "GET /v2.0/ports?device_id=43ebe1f5-10fb-4a85-8eb2-687887421afd HTTP/1.1" status: 200 len: 210 time: 0.0265617
2026-06-24 19:15:52.421 10 INFO neutron.wsgi [None req-29658ccf-09e4-4e4e-bfee-8191c7c2fc9b a424982c3c554a3b99f2ab7e387f48e4 b880976c2ddc481c9a39110f49165ca9 - - default default] 10.0.0.60 "DELETE /v2.0/networks/70578710-2b84-45da-a44a-7ed0c55b7e12 HTTP/1.1" status: 204 len: 168 time: 0.5125179 /var/lib/openstack/lib/python3.10/site-packages/pycadf/identifier.py:71: UserWarning: Invalid uuid: neutron. To ensure interoperability, identifiers should be a valid uuid. warnings.warn(('Invalid uuid: %s. To ensure interoperability, '
2026-06-24 19:15:52.438 9 INFO neutron.db.segments_db [None req-17236932-1c18-4f37-8045-a963d76f5135 a6eb95e9a9bb4bca917aafff323e5ab2 c3865e0c8e4c48f0a89af5fca4b94fbb - - default default] Added segment d60782be-0923-4ef7-827a-37031dd9c1af of type geneve for network 4524d500-14e0-4392-8774-128e9b1b4d94
2026-06-24 19:15:52.540 9 INFO neutron.services.segments.plugin [-] Segment 7d194414-a4ca-4dc5-95ac-3a14bef55b67 resource provider aggregate not found
2026-06-24 19:15:52.547 9 INFO neutron.services.segments.plugin [-] Segment 7d194414-a4ca-4dc5-95ac-3a14bef55b67 resource provider aggregate not found
2026-06-24 19:15:52.564 9 INFO neutron.services.segments.plugin [-] Segment 7d194414-a4ca-4dc5-95ac-3a14bef55b67 resource provider not found; error: Placement Client Error (4xx): {"errors": [{"status": 404, "title": "Not Found", "detail": "The resource could not be found.\n\n No resource provider with uuid 7d194414-a4ca-4dc5-95ac-3a14bef55b67 found for delete ", "request_id": "req-91586edb-84b5-40ec-a7a3-caab6c783507"}]}
2026-06-24 19:15:52.565 9 INFO neutron.services.segments.plugin [-] Segment 7d194414-a4ca-4dc5-95ac-3a14bef55b67 resource provider not found; error: Placement Client Error (4xx): {"errors": [{"status": 404, "title": "Not Found", "detail": "The resource could not be found.\n\n No resource provider with uuid 7d194414-a4ca-4dc5-95ac-3a14bef55b67 found for delete ", "request_id": "req-2a9a3ae1-65d2-4a1f-aaf1-d872cbcb9c17"}]}
2026-06-24 19:15:52.670 9 INFO neutron.db.ovn_revision_numbers_db [None req-17236932-1c18-4f37-8045-a963d76f5135 a6eb95e9a9bb4bca917aafff323e5ab2 c3865e0c8e4c48f0a89af5fca4b94fbb - - default default] Successfully bumped revision number for resource 4524d500-14e0-4392-8774-128e9b1b4d94 (type: networks) to 1
2026-06-24 19:15:52.866 9 WARNING neutron.scheduler.dhcp_agent_scheduler [None req-17236932-1c18-4f37-8045-a963d76f5135 a6eb95e9a9bb4bca917aafff323e5ab2 c3865e0c8e4c48f0a89af5fca4b94fbb - - default default] No more DHCP agents
2026-06-24 19:15:52.868 9 WARNING neutron.api.rpc.agentnotifiers.dhcp_rpc_agent_api [None req-17236932-1c18-4f37-8045-a963d76f5135 a6eb95e9a9bb4bca917aafff323e5ab2 c3865e0c8e4c48f0a89af5fca4b94fbb - - default default] Unable to schedule network 4524d500-14e0-4392-8774-128e9b1b4d94: no agents available; will retry on subsequent port and subnet creation events.
2026-06-24 19:15:52.894 10 INFO neutron.wsgi [None req-a281dcfe-e841-4d3d-aa22-a6f1b24eadb9 a424982c3c554a3b99f2ab7e387f48e4 b880976c2ddc481c9a39110f49165ca9 - - default default] 10.0.0.60 "DELETE /v2.0/networks/6a9e6ae8-9384-4fe2-ba14-82e8c8b06e7f HTTP/1.1" status: 204 len: 168 time: 0.4660370
2026-06-24 19:15:52.947 9 INFO neutron.db.ovn_revision_numbers_db [None req-17236932-1c18-4f37-8045-a963d76f5135 a6eb95e9a9bb4bca917aafff323e5ab2 c3865e0c8e4c48f0a89af5fca4b94fbb - - default default] Successfully bumped revision number for resource c05f3ade-d5ee-4dec-9523-3b287685824d (type: ports) to 1
2026-06-24 19:15:52.968 9 INFO neutron.wsgi [None req-17236932-1c18-4f37-8045-a963d76f5135 a6eb95e9a9bb4bca917aafff323e5ab2 c3865e0c8e4c48f0a89af5fca4b94fbb - - default default] 10.0.0.60 "POST /v2.0/networks HTTP/1.1" status: 201 len: 831 time: 0.6600535
2026-06-24 19:15:53.171 10 INFO neutron.services.segments.plugin [-] Segment 28e8392d-d56d-4f2b-847b-7884b28789d3 resource provider aggregate not found
2026-06-24 19:15:53.180 10 INFO neutron.services.segments.plugin [-] Segment 28e8392d-d56d-4f2b-847b-7884b28789d3 resource provider aggregate not found
2026-06-24 19:15:53.198 10 INFO neutron.services.segments.plugin [-] Segment 28e8392d-d56d-4f2b-847b-7884b28789d3 resource provider not found; error: Placement Client Error (4xx): {"errors": [{"status": 404, "title": "Not Found", "detail": "The resource could not be found.\n\n No resource provider with uuid 28e8392d-d56d-4f2b-847b-7884b28789d3 found for delete ", "request_id": "req-fc1f760c-79af-40e8-b604-e8e526430bd2"}]}
2026-06-24 19:15:53.204 10 INFO neutron.services.segments.plugin [-] Segment 28e8392d-d56d-4f2b-847b-7884b28789d3 resource provider not found; error: Placement Client Error (4xx): {"errors": [{"status": 404, "title": "Not Found", "detail": "The resource could not be found.\n\n No resource provider with uuid 28e8392d-d56d-4f2b-847b-7884b28789d3 found for delete ", "request_id": "req-aca700f9-ab09-4483-917e-ac3bd2ad180f"}]}
2026-06-24 19:15:53.223 10 INFO neutron.services.segments.plugin [-] Segment 5a590124-a523-44a6-82cc-de09db9d43e8 resource provider aggregate not found
2026-06-24 19:15:53.232 10 INFO neutron.services.segments.plugin [-] Segment 5a590124-a523-44a6-82cc-de09db9d43e8 resource provider aggregate not found
2026-06-24 19:15:53.232 9 WARNING neutron.scheduler.dhcp_agent_scheduler [None req-f7758c56-dbf0-49bb-b112-b88e876349a2 a6eb95e9a9bb4bca917aafff323e5ab2 c3865e0c8e4c48f0a89af5fca4b94fbb - - default default] No more DHCP agents
2026-06-24 19:15:53.238 9 WARNING neutron.api.rpc.agentnotifiers.dhcp_rpc_agent_api [None req-f7758c56-dbf0-49bb-b112-b88e876349a2 a6eb95e9a9bb4bca917aafff323e5ab2 c3865e0c8e4c48f0a89af5fca4b94fbb - - default default] Unable to schedule network 4524d500-14e0-4392-8774-128e9b1b4d94: no agents available; will retry on subsequent port and subnet creation events.
2026-06-24 19:15:53.254 10 INFO neutron.services.segments.plugin [-] Segment 5a590124-a523-44a6-82cc-de09db9d43e8 resource provider not found; error: Placement Client Error (4xx): {"errors": [{"status": 404, "title": "Not Found", "detail": "The resource could not be found.\n\n No resource provider with uuid 5a590124-a523-44a6-82cc-de09db9d43e8 found for delete ", "request_id": "req-70211e1d-345a-4be9-b657-3dd37b698ffd"}]}
2026-06-24 19:15:53.256 10 INFO neutron.services.segments.plugin [-] Segment 5a590124-a523-44a6-82cc-de09db9d43e8 resource provider not found; error: Placement Client Error (4xx): {"errors": [{"status": 404, "title": "Not Found", "detail": "The resource could not be found.\n\n No resource provider with uuid 5a590124-a523-44a6-82cc-de09db9d43e8 found for delete ", "request_id": "req-74318eb7-43ff-4543-80bd-8cfb4fb3d49b"}]}
2026-06-24 19:15:53.350 9 INFO neutron.db.ovn_revision_numbers_db [None req-f7758c56-dbf0-49bb-b112-b88e876349a2 a6eb95e9a9bb4bca917aafff323e5ab2 c3865e0c8e4c48f0a89af5fca4b94fbb - - default default] Successfully bumped revision number for resource fede6363-dccc-4df3-9969-c260a4c55074 (type: ports) to 1
2026-06-24 19:15:53.373 9 INFO neutron.wsgi [None req-f7758c56-dbf0-49bb-b112-b88e876349a2 a6eb95e9a9bb4bca917aafff323e5ab2 c3865e0c8e4c48f0a89af5fca4b94fbb - - default default] 10.0.0.60 "POST /v2.0/ports HTTP/1.1" status: 201 len: 942 time: 0.3976982 /var/lib/openstack/lib/python3.10/site-packages/pycadf/identifier.py:71: UserWarning: Invalid uuid: neutron. To ensure interoperability, identifiers should be a valid uuid. warnings.warn(('Invalid uuid: %s. To ensure interoperability, '
2026-06-24 19:15:53.426 9 INFO neutron.wsgi [None req-849237d8-aa7d-4146-aad3-a3305ec6d3fe a6eb95e9a9bb4bca917aafff323e5ab2 c3865e0c8e4c48f0a89af5fca4b94fbb - - default default] 10.0.0.60 "PUT /v2.0/ports/e1dd8764-abd4-486b-8790-18042f9ea8a3/tags HTTP/1.1" status: 200 len: 210 time: 0.0462382
2026-06-24 19:15:53.485 10 INFO neutron.wsgi [None req-f3e0bad0-5d0f-4858-a3d7-3e112b9ff57a a6eb95e9a9bb4bca917aafff323e5ab2 c3865e0c8e4c48f0a89af5fca4b94fbb - - default default] 10.0.0.60 "PUT /v2.0/ports/8c015233-05f1-4deb-b818-5393e9ab1b8d/tags HTTP/1.1" status: 200 len: 218 time: 0.0543022
2026-06-24 19:15:53.555 10 INFO neutron.wsgi [None req-51621ac0-6712-4295-b64f-d1fbf4fdd096 a6eb95e9a9bb4bca917aafff323e5ab2 c3865e0c8e4c48f0a89af5fca4b94fbb - - default default] 10.0.0.60 "PUT /v2.0/ports/6f335dce-25e3-4d81-91f6-d8ec88c86d21/tags HTTP/1.1" status: 200 len: 227 time: 0.0642898
2026-06-24 19:15:53.596 10 INFO neutron.wsgi [None req-46ecc53f-d67a-4c21-822b-4cf24f2f6938 a6eb95e9a9bb4bca917aafff323e5ab2 c3865e0c8e4c48f0a89af5fca4b94fbb - - default default] 10.0.0.60 "PUT /v2.0/ports/996a3773-d4f8-41d0-82f9-e02fae2a7f1b/tags HTTP/1.1" status: 200 len: 212 time: 0.0363073
2026-06-24 19:15:53.646 10 INFO neutron.wsgi [None req-aa4ccee4-5d54-4125-9ded-f70000827031 e08179914e70470e81cecea840d78241 636cf54687554e91ad7f290dbac9aadb - - default default] 10.0.0.60 "DELETE /v2.0/security-groups/3ca07f4b-ec57-499c-8b45-f7301a697d6b HTTP/1.1" status: 204 len: 168 time: 0.2271378
2026-06-24 19:15:53.796 9 INFO neutron.wsgi [None req-d12634e1-50b7-43eb-9b28-59772c5830e0 a6eb95e9a9bb4bca917aafff323e5ab2 c3865e0c8e4c48f0a89af5fca4b94fbb - - default default] 10.0.0.60 "GET /v2.0/ports?tags=red HTTP/1.1" status: 200 len: 2448 time: 0.1950214
2026-06-24 19:15:53.875 9 INFO neutron.wsgi [None req-fa43cd34-3974-402a-b0c4-81647c637529 a6eb95e9a9bb4bca917aafff323e5ab2 c3865e0c8e4c48f0a89af5fca4b94fbb - - default default] 10.0.0.60 "GET /v2.0/ports?tags=red%2Cblue HTTP/1.1" status: 200 len: 1708 time: 0.0717905
2026-06-24 19:15:53.947 9 INFO neutron.wsgi [None req-c028415b-925d-4f27-b2c7-e640b370daaf a6eb95e9a9bb4bca917aafff323e5ab2 c3865e0c8e4c48f0a89af5fca4b94fbb - - default default] 10.0.0.60 "GET /v2.0/ports?tags-any=blue HTTP/1.1" status: 200 len: 1708 time: 0.0669832
2026-06-24 19:15:54.004 9 INFO neutron.wsgi [None req-739cc711-2431-409a-b4de-d846dfba0d2b a6eb95e9a9bb4bca917aafff323e5ab2 c3865e0c8e4c48f0a89af5fca4b94fbb - - default default] 10.0.0.60 "GET /v2.0/ports?tags-any=red%2Cblue HTTP/1.1" status: 200 len: 2448 time: 0.0507483
2026-06-24 19:15:54.172 9 INFO neutron.wsgi [None req-6650d322-e21c-48fd-a308-db27664d6d53 a6eb95e9a9bb4bca917aafff323e5ab2 c3865e0c8e4c48f0a89af5fca4b94fbb - - default default] 10.0.0.60 "GET /v2.0/ports?not-tags=red HTTP/1.1" status: 200 len: 5463 time: 0.1636317
2026-06-24 19:15:54.198 9 INFO neutron.db.ovn_revision_numbers_db [None req-99b888a5-99f3-42f5-93c8-206b8b4fd46f 0d30fd43087b480688503ef597652bdb 8ab5d85dbd3944269f238033df819e9e - - default default] Successfully bumped revision number for resource 6221a6ea-955e-4f61-8e41-f0534d19b136 (type: security_groups) to 1
2026-06-24 19:15:54.254 9 INFO neutron.wsgi [None req-ffff147a-57a8-45e1-958f-f7357fa75b22 a6eb95e9a9bb4bca917aafff323e5ab2 c3865e0c8e4c48f0a89af5fca4b94fbb - - default default] 10.0.0.60 "GET /v2.0/ports?not-tags=red%2Cblue HTTP/1.1" status: 200 len: 6203 time: 0.0744159
2026-06-24 19:15:54.263 9 INFO neutron.db.ovn_revision_numbers_db [None req-99b888a5-99f3-42f5-93c8-206b8b4fd46f 0d30fd43087b480688503ef597652bdb 8ab5d85dbd3944269f238033df819e9e - - default default] Successfully bumped revision number for resource 101fc001-41d8-4a7e-95f1-313a77f7c02c (type: security_group_rules) to 0
2026-06-24 19:15:54.343 9 INFO neutron.wsgi [None req-68d70333-e550-4ad6-8bd1-711f67b0dcaf a6eb95e9a9bb4bca917aafff323e5ab2 c3865e0c8e4c48f0a89af5fca4b94fbb - - default default] 10.0.0.60 "GET /v2.0/ports?not-tags-any=blue HTTP/1.1" status: 200 len: 6203 time: 0.0781572
2026-06-24 19:15:54.346 9 INFO neutron.db.ovn_revision_numbers_db [None req-99b888a5-99f3-42f5-93c8-206b8b4fd46f 0d30fd43087b480688503ef597652bdb 8ab5d85dbd3944269f238033df819e9e - - default default] Successfully bumped revision number for resource 374074dd-4ecf-46ae-8763-279b0de7072d (type: security_group_rules) to 0
2026-06-24 19:15:54.364 9 INFO neutron.db.ovn_revision_numbers_db [None req-99b888a5-99f3-42f5-93c8-206b8b4fd46f 0d30fd43087b480688503ef597652bdb 8ab5d85dbd3944269f238033df819e9e - - default default] Successfully bumped revision number for resource 5802b109-4ae0-44c3-9797-fa8804095faf (type: security_group_rules) to 0
2026-06-24 19:15:54.380 9 INFO neutron.db.ovn_revision_numbers_db [None req-99b888a5-99f3-42f5-93c8-206b8b4fd46f 0d30fd43087b480688503ef597652bdb 8ab5d85dbd3944269f238033df819e9e - - default default] Successfully bumped revision number for resource 69ed70e0-50cb-4234-9241-6e91650cbc4d (type: security_group_rules) to 0
2026-06-24 19:15:54.415 9 INFO neutron.wsgi [None req-99b888a5-99f3-42f5-93c8-206b8b4fd46f 0d30fd43087b480688503ef597652bdb 8ab5d85dbd3944269f238033df819e9e - - default default] 10.0.0.60 "GET /v2.0/security-groups?tenant_id=249b7cf775f14b95901e6021b365a2dc&name=default HTTP/1.1" status: 200 len: 2996 time: 0.5868781
2026-06-24 19:15:54.673 9 INFO neutron.wsgi [None req-2661580c-de08-4386-9962-8a69330558e6 0d30fd43087b480688503ef597652bdb 8ab5d85dbd3944269f238033df819e9e - - default default] 10.0.0.60 "DELETE /v2.0/security-groups/6221a6ea-955e-4f61-8e41-f0534d19b136 HTTP/1.1" status: 204 len: 168 time: 0.2533021
2026-06-24 19:15:54.862 10 INFO neutron.wsgi [None req-a5472392-cec9-44cf-81d7-0f175df13d84 a6eb95e9a9bb4bca917aafff323e5ab2 c3865e0c8e4c48f0a89af5fca4b94fbb - - default default] 10.0.0.60 "GET /v2.0/ports?not-tags-any=red%2Cblue HTTP/1.1" status: 200 len: 5463 time: 0.5103960
2026-06-24 19:15:55.191 9 INFO neutron.wsgi [None req-167b2413-abdd-4924-bffa-1b1f309c8f81 a6eb95e9a9bb4bca917aafff323e5ab2 c3865e0c8e4c48f0a89af5fca4b94fbb - - default default] 10.0.0.60 "DELETE /v2.0/ports/e1dd8764-abd4-486b-8790-18042f9ea8a3 HTTP/1.1" status: 204 len: 168 time: 0.3197534
2026-06-24 19:15:55.192 9 INFO neutron.db.ovn_revision_numbers_db [None req-44463991-b727-4fac-a3fe-554cb89c44d5 0d30fd43087b480688503ef597652bdb 8ab5d85dbd3944269f238033df819e9e - - default default] Successfully bumped revision number for resource 8e9b2f9c-6665-457a-8f7d-eff042810ab3 (type: security_groups) to 1
2026-06-24 19:15:55.210 9 INFO neutron.db.ovn_revision_numbers_db [None req-44463991-b727-4fac-a3fe-554cb89c44d5 0d30fd43087b480688503ef597652bdb 8ab5d85dbd3944269f238033df819e9e - - default default] Successfully bumped revision number for resource 51aa62ed-add1-4df7-96fb-edc3a7791454 (type: security_group_rules) to 0
2026-06-24 19:15:55.227 9 INFO neutron.db.ovn_revision_numbers_db [None req-44463991-b727-4fac-a3fe-554cb89c44d5 0d30fd43087b480688503ef597652bdb 8ab5d85dbd3944269f238033df819e9e - - default default] Successfully bumped revision number for resource 51e565f5-2fd4-472b-a843-c692875672fd (type: security_group_rules) to 0
2026-06-24 19:15:55.244 9 INFO neutron.db.ovn_revision_numbers_db [None req-44463991-b727-4fac-a3fe-554cb89c44d5 0d30fd43087b480688503ef597652bdb 8ab5d85dbd3944269f238033df819e9e - - default default] Successfully bumped revision number for resource 77397bdd-2eea-42bc-bdf9-e7e6278fccaf (type: security_group_rules) to 0
2026-06-24 19:15:55.264 10 INFO neutron.wsgi [None req-528ae9f9-da5f-453f-9ede-1aa352e479b4 e08179914e70470e81cecea840d78241 636cf54687554e91ad7f290dbac9aadb - - default default] 10.0.0.60 "PUT /v2.0/routers/66c1b332-7045-49d2-aa08-afc58402a6f1/remove_router_interface HTTP/1.1" status: 200 len: 503 time: 1.5805001
2026-06-24 19:15:55.269 9 INFO neutron.db.ovn_revision_numbers_db [None req-44463991-b727-4fac-a3fe-554cb89c44d5 0d30fd43087b480688503ef597652bdb 8ab5d85dbd3944269f238033df819e9e - - default default] Successfully bumped revision number for resource f5ab7b59-3edf-49a4-a1b3-5f9977a4be46 (type: security_group_rules) to 0
2026-06-24 19:15:55.321 9 INFO neutron.wsgi [None req-44463991-b727-4fac-a3fe-554cb89c44d5 0d30fd43087b480688503ef597652bdb 8ab5d85dbd3944269f238033df819e9e - - default default] 10.0.0.60 "GET /v2.0/security-groups?tenant_id=a29f5cd943054b909fef3d4fdbc50c9e&name=default HTTP/1.1" status: 200 len: 2996 time: 0.3274412
2026-06-24 19:15:55.485 10 INFO neutron.wsgi [None req-df53ab59-6455-41e6-b5e2-0a9c2c6cfefd a6eb95e9a9bb4bca917aafff323e5ab2 c3865e0c8e4c48f0a89af5fca4b94fbb - - default default] 10.0.0.60 "DELETE /v2.0/ports/8c015233-05f1-4deb-b818-5393e9ab1b8d HTTP/1.1" status: 204 len: 168 time: 0.2851751 /var/lib/openstack/lib/python3.10/site-packages/pycadf/identifier.py:71: UserWarning: Invalid uuid: neutron. To ensure interoperability, identifiers should be a valid uuid. warnings.warn(('Invalid uuid: %s. To ensure interoperability, '
2026-06-24 19:15:55.601 9 INFO neutron.wsgi [None req-2da1ed9d-b3ff-413c-a0cb-35b77ea84d0d e08179914e70470e81cecea840d78241 636cf54687554e91ad7f290dbac9aadb - - default default] 10.0.0.60 "DELETE /v2.0/subnets/62b30846-c326-4f14-a540-8e1dea68f871 HTTP/1.1" status: 204 len: 168 time: 0.3281572
2026-06-24 19:15:55.749 9 INFO neutron.wsgi [None req-aae9d02d-6bc1-4e99-85a7-286a4fd35fbe 0d30fd43087b480688503ef597652bdb 8ab5d85dbd3944269f238033df819e9e - - default default] 10.0.0.60 "DELETE /v2.0/security-groups/8e9b2f9c-6665-457a-8f7d-eff042810ab3 HTTP/1.1" status: 204 len: 168 time: 0.4213383
2026-06-24 19:15:55.780 10 INFO neutron.wsgi [None req-2273fb95-e8b2-4f03-bdb3-35d9a13b2190 a6eb95e9a9bb4bca917aafff323e5ab2 c3865e0c8e4c48f0a89af5fca4b94fbb - - default default] 10.0.0.60 "DELETE /v2.0/ports/6f335dce-25e3-4d81-91f6-d8ec88c86d21 HTTP/1.1" status: 204 len: 168 time: 0.2889740
2026-06-24 19:15:56.026 10 INFO neutron.wsgi [None req-bced210d-089e-42c2-ae74-cadef51241d0 0d30fd43087b480688503ef597652bdb 8ab5d85dbd3944269f238033df819e9e - - default default] 10.0.0.60 "GET /v2.0/security-groups?tenant_id=b880976c2ddc481c9a39110f49165ca9&name=default HTTP/1.1" status: 200 len: 2996 time: 0.0372527
2026-06-24 19:15:56.245 10 INFO neutron.wsgi [None req-1d942794-f153-413a-8365-8dd4c1648f37 0d30fd43087b480688503ef597652bdb 8ab5d85dbd3944269f238033df819e9e - - default default] 10.0.0.60 "DELETE /v2.0/security-groups/1c76a908-5e8a-4057-81ad-d2f00c350b06 HTTP/1.1" status: 204 len: 168 time: 0.2128551
2026-06-24 19:15:56.511 9 INFO neutron.db.ovn_revision_numbers_db [None req-3c63a5fc-a3f4-47ab-aec4-df3d35391086 47dcb80b51104d44aec8d6fae22099d7 9488ebaded2447c59bbe6d4f841d9e2c - - default default] Successfully bumped revision number for resource 77c5899f-1d6c-4257-ad6a-5f5ba560c566 (type: security_groups) to 1
2026-06-24 19:15:56.585 9 INFO neutron.db.ovn_revision_numbers_db [None req-3c63a5fc-a3f4-47ab-aec4-df3d35391086 47dcb80b51104d44aec8d6fae22099d7 9488ebaded2447c59bbe6d4f841d9e2c - - default default] Successfully bumped revision number for resource 3ef37924-e990-43ed-9a8a-ec6aaff06de2 (type: security_group_rules) to 0
2026-06-24 19:15:56.590 9 INFO neutron.wsgi [None req-6b0f64ec-57b8-48ea-8c48-e1904a0fbbad a6eb95e9a9bb4bca917aafff323e5ab2 c3865e0c8e4c48f0a89af5fca4b94fbb - - default default] 10.0.0.60 "DELETE /v2.0/ports/996a3773-d4f8-41d0-82f9-e02fae2a7f1b HTTP/1.1" status: 204 len: 168 time: 0.8049872
2026-06-24 19:15:56.609 9 INFO neutron.db.ovn_revision_numbers_db [None req-3c63a5fc-a3f4-47ab-aec4-df3d35391086 47dcb80b51104d44aec8d6fae22099d7 9488ebaded2447c59bbe6d4f841d9e2c - - default default] Successfully bumped revision number for resource 6d0cc801-df29-469a-a45e-e124ceb9a269 (type: security_group_rules) to 0
2026-06-24 19:15:56.658 9 INFO neutron.db.ovn_revision_numbers_db [None req-3c63a5fc-a3f4-47ab-aec4-df3d35391086 47dcb80b51104d44aec8d6fae22099d7 9488ebaded2447c59bbe6d4f841d9e2c - - default default] Successfully bumped revision number for resource 882a3fd9-a90e-4e24-ac8b-3c88ef75d9ff (type: security_group_rules) to 0
2026-06-24 19:15:56.684 9 INFO neutron.db.ovn_revision_numbers_db [None req-3c63a5fc-a3f4-47ab-aec4-df3d35391086 47dcb80b51104d44aec8d6fae22099d7 9488ebaded2447c59bbe6d4f841d9e2c - - default default] Successfully bumped revision number for resource 941325ff-d3d9-4f00-a9aa-098c1da11509 (type: security_group_rules) to 0
2026-06-24 19:15:56.748 9 INFO neutron.db.segments_db [None req-3c63a5fc-a3f4-47ab-aec4-df3d35391086 47dcb80b51104d44aec8d6fae22099d7 9488ebaded2447c59bbe6d4f841d9e2c - - default default] Added segment 990fed98-82db-407f-b80f-d121c49a8235 of type geneve for network 37981c93-b59b-4311-806c-d5beea9aac63
2026-06-24 19:15:56.861 10 INFO neutron.wsgi [None req-b1d0a6f2-edca-4282-846a-ad62aa8c8cd1 a6eb95e9a9bb4bca917aafff323e5ab2 c3865e0c8e4c48f0a89af5fca4b94fbb - - default default] 10.0.0.60 "DELETE /v2.0/ports/fede6363-dccc-4df3-9969-c260a4c55074 HTTP/1.1" status: 204 len: 168 time: 0.2664020
2026-06-24 19:15:56.961 9 INFO neutron.db.ovn_revision_numbers_db [None req-3c63a5fc-a3f4-47ab-aec4-df3d35391086 47dcb80b51104d44aec8d6fae22099d7 9488ebaded2447c59bbe6d4f841d9e2c - - default default] Successfully bumped revision number for resource 37981c93-b59b-4311-806c-d5beea9aac63 (type: networks) to 1
2026-06-24 19:15:56.995 9 INFO neutron.wsgi [None req-135df5ca-eb5b-40ea-9f1b-b1df37e2754b e08179914e70470e81cecea840d78241 636cf54687554e91ad7f290dbac9aadb - - default default] 10.0.0.60 "DELETE /v2.0/routers/66c1b332-7045-49d2-aa08-afc58402a6f1 HTTP/1.1" status: 204 len: 168 time: 1.3849251
2026-06-24 19:15:57.208 9 WARNING neutron.scheduler.dhcp_agent_scheduler [None req-3c63a5fc-a3f4-47ab-aec4-df3d35391086 47dcb80b51104d44aec8d6fae22099d7 9488ebaded2447c59bbe6d4f841d9e2c - - default default] No more DHCP agents
2026-06-24 19:15:57.212 9 WARNING neutron.api.rpc.agentnotifiers.dhcp_rpc_agent_api [None req-3c63a5fc-a3f4-47ab-aec4-df3d35391086 47dcb80b51104d44aec8d6fae22099d7 9488ebaded2447c59bbe6d4f841d9e2c - - default default] Unable to schedule network 37981c93-b59b-4311-806c-d5beea9aac63: no agents available; will retry on subsequent port and subnet creation events.
2026-06-24 19:15:57.312 9 INFO neutron.db.ovn_revision_numbers_db [None req-3c63a5fc-a3f4-47ab-aec4-df3d35391086 47dcb80b51104d44aec8d6fae22099d7 9488ebaded2447c59bbe6d4f841d9e2c - - default default] Successfully bumped revision number for resource ade9f96b-2c11-4750-acc1-194b76e49fa6 (type: ports) to 1
2026-06-24 19:15:57.339 10 INFO neutron.services.segments.plugin [-] Segment 0e37379f-3b64-4f7a-ab00-a5bb6c08b5ab resource provider aggregate not found
2026-06-24 19:15:57.341 9 INFO neutron.wsgi [None req-3c63a5fc-a3f4-47ab-aec4-df3d35391086 47dcb80b51104d44aec8d6fae22099d7 9488ebaded2447c59bbe6d4f841d9e2c - - default default] 10.0.0.60 "POST /v2.0/networks HTTP/1.1" status: 201 len: 838 time: 1.7114289
2026-06-24 19:15:57.359 10 INFO neutron.services.segments.plugin [-] Segment 0e37379f-3b64-4f7a-ab00-a5bb6c08b5ab resource provider aggregate not found
2026-06-24 19:15:57.377 10 INFO neutron.services.segments.plugin [-] Segment 0e37379f-3b64-4f7a-ab00-a5bb6c08b5ab resource provider not found; error: Placement Client Error (4xx): {"errors": [{"status": 404, "title": "Not Found", "detail": "The resource could not be found.\n\n No resource provider with uuid 0e37379f-3b64-4f7a-ab00-a5bb6c08b5ab found for delete ", "request_id": "req-502a62e9-2395-431f-a5fc-352c01e5c897"}]}
2026-06-24 19:15:57.380 10 INFO neutron.services.segments.plugin [-] Segment 0e37379f-3b64-4f7a-ab00-a5bb6c08b5ab resource provider not found; error: Placement Client Error (4xx): {"errors": [{"status": 404, "title": "Not Found", "detail": "The resource could not be found.\n\n No resource provider with uuid 0e37379f-3b64-4f7a-ab00-a5bb6c08b5ab found for delete ", "request_id": "req-e711a603-10f2-43f0-ac96-c8556ca874f3"}]}
2026-06-24 19:15:57.408 10 INFO neutron.wsgi [None req-660d505b-ed71-4539-a307-3d2d04a89e0f a6eb95e9a9bb4bca917aafff323e5ab2 c3865e0c8e4c48f0a89af5fca4b94fbb - - default default] 10.0.0.60 "DELETE /v2.0/networks/7a863442-5a3e-4ff5-b2df-e14455887701 HTTP/1.1" status: 204 len: 168 time: 0.5372722
2026-06-24 19:15:57.560 10 INFO neutron.wsgi [None req-d0a44cc1-b21e-4f04-9e74-7e765cf41d7c e08179914e70470e81cecea840d78241 636cf54687554e91ad7f290dbac9aadb - - default default] 10.0.0.60 "DELETE /v2.0/networks/f791467f-dce2-476d-b796-b824b8d2d53b HTTP/1.1" status: 204 len: 168 time: 0.5601416
2026-06-24 19:15:57.672 9 WARNING neutron.scheduler.dhcp_agent_scheduler [None req-a2bd0ca3-a6a8-4ea6-85d7-b1cc897a8b63 47dcb80b51104d44aec8d6fae22099d7 9488ebaded2447c59bbe6d4f841d9e2c - - default default] No more DHCP agents
2026-06-24 19:15:57.676 9 WARNING neutron.api.rpc.agentnotifiers.dhcp_rpc_agent_api [None req-a2bd0ca3-a6a8-4ea6-85d7-b1cc897a8b63 47dcb80b51104d44aec8d6fae22099d7 9488ebaded2447c59bbe6d4f841d9e2c - - default default] Unable to schedule network 37981c93-b59b-4311-806c-d5beea9aac63: no agents available; will retry on subsequent port and subnet creation events.
2026-06-24 19:15:57.847 10 INFO neutron.wsgi [-] 10.0.0.213 "GET / HTTP/1.1" status: 200 len: 247 time: 0.0023344
2026-06-24 19:15:57.850 10 INFO neutron.wsgi [-] 10.0.0.213 "GET / HTTP/1.1" status: 200 len: 247 time: 0.0019715
2026-06-24 19:15:57.882 9 INFO neutron.services.segments.plugin [-] Segment 6a6e2f46-1bbd-4f17-a7f6-1772bc1e26a2 resource provider aggregate not found
2026-06-24 19:15:57.887 9 INFO neutron.services.segments.plugin [-] Segment 6a6e2f46-1bbd-4f17-a7f6-1772bc1e26a2 resource provider aggregate not found
2026-06-24 19:15:57.905 9 INFO neutron.services.segments.plugin [-] Segment 6a6e2f46-1bbd-4f17-a7f6-1772bc1e26a2 resource provider not found; error: Placement Client Error (4xx): {"errors": [{"status": 404, "title": "Not Found", "detail": "The resource could not be found.\n\n No resource provider with uuid 6a6e2f46-1bbd-4f17-a7f6-1772bc1e26a2 found for delete ", "request_id": "req-b41eb67f-733a-49a5-9c95-33cf3859cf26"}]}
2026-06-24 19:15:57.906 9 INFO neutron.services.segments.plugin [-] Segment 6a6e2f46-1bbd-4f17-a7f6-1772bc1e26a2 resource provider not found; error: Placement Client Error (4xx): {"errors": [{"status": 404, "title": "Not Found", "detail": "The resource could not be found.\n\n No resource provider with uuid 6a6e2f46-1bbd-4f17-a7f6-1772bc1e26a2 found for delete ", "request_id": "req-f2e17791-cf45-4195-be85-81dcedbabbb4"}]}
2026-06-24 19:15:57.933 9 INFO neutron.wsgi [None req-ec92e47f-a36b-4e28-a4b0-482cc0b9fa01 a6eb95e9a9bb4bca917aafff323e5ab2 c3865e0c8e4c48f0a89af5fca4b94fbb - - default default] 10.0.0.60 "DELETE /v2.0/networks/826b6a73-b190-4013-9e0f-455279960655 HTTP/1.1" status: 204 len: 168 time: 0.5190296
2026-06-24 19:15:58.373 9 INFO neutron.db.ovn_revision_numbers_db [None req-a2bd0ca3-a6a8-4ea6-85d7-b1cc897a8b63 47dcb80b51104d44aec8d6fae22099d7 9488ebaded2447c59bbe6d4f841d9e2c - - default default] Successfully bumped revision number for resource ade9f96b-2c11-4750-acc1-194b76e49fa6 (type: ports) to 2
2026-06-24 19:15:58.450 10 INFO neutron.wsgi [None req-6365d80d-6670-4635-8e6f-c3d58a103d41 0d30fd43087b480688503ef597652bdb 8ab5d85dbd3944269f238033df819e9e - - default default] 10.0.0.60 "GET /v2.0/security-groups?tenant_id=636cf54687554e91ad7f290dbac9aadb&name=default HTTP/1.1" status: 200 len: 2996 time: 0.2422752
2026-06-24 19:15:58.459 9 INFO neutron.db.ovn_revision_numbers_db [None req-a2bd0ca3-a6a8-4ea6-85d7-b1cc897a8b63 47dcb80b51104d44aec8d6fae22099d7 9488ebaded2447c59bbe6d4f841d9e2c - - default default] Successfully bumped revision number for resource 3be2579d-1f87-4bc5-8691-292bb9254040 (type: subnets) to 0
2026-06-24 19:15:58.483 9 INFO neutron.wsgi [None req-a2bd0ca3-a6a8-4ea6-85d7-b1cc897a8b63 47dcb80b51104d44aec8d6fae22099d7 9488ebaded2447c59bbe6d4f841d9e2c - - default default] 10.0.0.60 "POST /v2.0/subnets HTTP/1.1" status: 201 len: 833 time: 1.1306615
2026-06-24 19:15:58.491 9 INFO neutron.wsgi [None req-e15e8340-b16e-4777-8495-462e8486516f a6eb95e9a9bb4bca917aafff323e5ab2 c3865e0c8e4c48f0a89af5fca4b94fbb - - default default] 10.0.0.60 "DELETE /v2.0/networks/8298080a-7f6a-4e77-95ff-a8be3eadead7 HTTP/1.1" status: 204 len: 168 time: 0.5431323
2026-06-24 19:15:58.619 10 INFO neutron.wsgi [None req-5a85af38-9e8e-4f59-ba3a-106c93ea4862 e5a63a19d10249c4b5c7f6dac79ff213 1f98523be4524a4786b166b86571ad32 - - default default] 10.0.0.60 "GET /v2.0/subnetpools?name=shared-default-subnetpool-v6 HTTP/1.1" status: 200 len: 212 time: 0.1279421
2026-06-24 19:15:58.827 10 INFO neutron.wsgi [None req-6c749e59-7aba-490f-ad19-ce4a10b910ed 0d30fd43087b480688503ef597652bdb 8ab5d85dbd3944269f238033df819e9e - - default default] 10.0.0.60 "DELETE /v2.0/security-groups/78cac31e-eb54-463a-a37c-4e2e0a421a3a HTTP/1.1" status: 204 len: 168 time: 0.3698847
2026-06-24 19:15:58.924 9 INFO neutron.wsgi [None req-540155e5-1171-4f81-92c7-72c7688e3322 a6eb95e9a9bb4bca917aafff323e5ab2 c3865e0c8e4c48f0a89af5fca4b94fbb - - default default] 10.0.0.60 "DELETE /v2.0/networks/c5318672-99a1-4719-a591-96ccaa6363ce HTTP/1.1" status: 204 len: 168 time: 0.4271007
2026-06-24 19:15:59.375 10 WARNING neutron.scheduler.dhcp_agent_scheduler [None req-7f3f5d0a-d9e0-4b7a-a62a-0ffde0b98bda 47dcb80b51104d44aec8d6fae22099d7 9488ebaded2447c59bbe6d4f841d9e2c - - default default] No more DHCP agents
2026-06-24 19:15:59.385 9 INFO neutron.wsgi [None req-7d090676-0ef1-43d3-99f6-c3be888d456d a6eb95e9a9bb4bca917aafff323e5ab2 c3865e0c8e4c48f0a89af5fca4b94fbb - - default default] 10.0.0.60 "DELETE /v2.0/networks/4524d500-14e0-4392-8774-128e9b1b4d94 HTTP/1.1" status: 204 len: 168 time: 0.4538321
2026-06-24 19:15:59.394 10 WARNING neutron.api.rpc.agentnotifiers.dhcp_rpc_agent_api [None req-7f3f5d0a-d9e0-4b7a-a62a-0ffde0b98bda 47dcb80b51104d44aec8d6fae22099d7 9488ebaded2447c59bbe6d4f841d9e2c - - default default] Unable to schedule network 37981c93-b59b-4311-806c-d5beea9aac63: no agents available; will retry on subsequent port and subnet creation events.
2026-06-24 19:15:59.406 10 INFO neutron.services.segments.plugin [-] Segment 6cac3a5e-e262-49c2-a309-b157c22b3663 resource provider aggregate not found
2026-06-24 19:15:59.414 10 INFO neutron.services.segments.plugin [-] Segment 6cac3a5e-e262-49c2-a309-b157c22b3663 resource provider aggregate not found
2026-06-24 19:15:59.438 10 INFO neutron.services.segments.plugin [-] Segment 6cac3a5e-e262-49c2-a309-b157c22b3663 resource provider not found; error: Placement Client Error (4xx): {"errors": [{"status": 404, "title": "Not Found", "detail": "The resource could not be found.\n\n No resource provider with uuid 6cac3a5e-e262-49c2-a309-b157c22b3663 found for delete ", "request_id": "req-d14b4346-80f5-46af-8f37-0a9d52d2352e"}]}
2026-06-24 19:15:59.438 10 INFO neutron.services.segments.plugin [-] Segment 6cac3a5e-e262-49c2-a309-b157c22b3663 resource provider not found; error: Placement Client Error (4xx): {"errors": [{"status": 404, "title": "Not Found", "detail": "The resource could not be found.\n\n No resource provider with uuid 6cac3a5e-e262-49c2-a309-b157c22b3663 found for delete ", "request_id": "req-7e26b484-0a22-4c1e-b7ba-4ddf5a723c68"}]}
2026-06-24 19:15:59.442 10 INFO neutron.db.ovn_revision_numbers_db [None req-6e5bf60d-9e93-4a40-b3bc-178ec45a0203 0d30fd43087b480688503ef597652bdb 8ab5d85dbd3944269f238033df819e9e - - default default] Successfully bumped revision number for resource ee2199f9-c2b5-42e6-a026-708f2c446c15 (type: security_groups) to 1
2026-06-24 19:15:59.465 10 INFO neutron.db.ovn_revision_numbers_db [None req-7f3f5d0a-d9e0-4b7a-a62a-0ffde0b98bda 47dcb80b51104d44aec8d6fae22099d7 9488ebaded2447c59bbe6d4f841d9e2c - - default default] Successfully bumped revision number for resource e17766f0-aeb5-4919-a898-519940705535 (type: subnets) to 0
2026-06-24 19:15:59.474 10 INFO neutron.db.ovn_revision_numbers_db [None req-6e5bf60d-9e93-4a40-b3bc-178ec45a0203 0d30fd43087b480688503ef597652bdb 8ab5d85dbd3944269f238033df819e9e - - default default] Successfully bumped revision number for resource 4c47e612-ad35-4cdd-b2d0-aa08e5dcbd43 (type: security_group_rules) to 0
2026-06-24 19:15:59.494 10 INFO neutron.wsgi [None req-7f3f5d0a-d9e0-4b7a-a62a-0ffde0b98bda 47dcb80b51104d44aec8d6fae22099d7 9488ebaded2447c59bbe6d4f841d9e2c - - default default] 10.0.0.60 "POST /v2.0/subnets HTTP/1.1" status: 201 len: 906 time: 0.8685176
2026-06-24 19:15:59.502 10 INFO neutron.db.ovn_revision_numbers_db [None req-6e5bf60d-9e93-4a40-b3bc-178ec45a0203 0d30fd43087b480688503ef597652bdb 8ab5d85dbd3944269f238033df819e9e - - default default] Successfully bumped revision number for resource 817a2e81-96c0-4893-a3f6-3bb947e29d6a (type: security_group_rules) to 0
2026-06-24 19:15:59.531 10 INFO neutron.db.ovn_revision_numbers_db [None req-6e5bf60d-9e93-4a40-b3bc-178ec45a0203 0d30fd43087b480688503ef597652bdb 8ab5d85dbd3944269f238033df819e9e - - default default] Successfully bumped revision number for resource 90be516a-4db8-4c24-89bb-38f954817ac8 (type: security_group_rules) to 0
2026-06-24 19:15:59.551 10 INFO neutron.db.ovn_revision_numbers_db [None req-6e5bf60d-9e93-4a40-b3bc-178ec45a0203 0d30fd43087b480688503ef597652bdb 8ab5d85dbd3944269f238033df819e9e - - default default] Successfully bumped revision number for resource 9da71ec7-2b3a-4060-b407-75447117b16c (type: security_group_rules) to 0
2026-06-24 19:15:59.575 10 INFO neutron.wsgi [None req-6e5bf60d-9e93-4a40-b3bc-178ec45a0203 0d30fd43087b480688503ef597652bdb 8ab5d85dbd3944269f238033df819e9e - - default default] 10.0.0.60 "GET /v2.0/security-groups?tenant_id=6170461b7dd54d85bd36cd89c2a35e8d&name=default HTTP/1.1" status: 200 len: 2996 time: 0.6287494
2026-06-24 19:15:59.598 9 INFO neutron.db.segments_db [None req-4223fc3c-f929-4303-bd3e-53737fea31bd 47dcb80b51104d44aec8d6fae22099d7 9488ebaded2447c59bbe6d4f841d9e2c - - default default] Added segment 1629a5ce-31ea-4239-b51a-3a1b20661fa4 of type geneve for network 9cb57a4d-f492-4694-b0bf-b24f93a56129
2026-06-24 19:15:59.835 10 INFO neutron.wsgi [None req-400154b8-c594-4a6a-a5ce-530396ad40df 0d30fd43087b480688503ef597652bdb 8ab5d85dbd3944269f238033df819e9e - - default default] 10.0.0.60 "DELETE /v2.0/security-groups/ee2199f9-c2b5-42e6-a026-708f2c446c15 HTTP/1.1" status: 204 len: 168 time: 0.2537887
2026-06-24 19:15:59.978 9 INFO neutron.services.segments.plugin [-] Segment b02ad653-4281-4a69-b0cc-9b68835e4a71 resource provider aggregate not found
2026-06-24 19:15:59.983 9 INFO neutron.services.segments.plugin [-] Segment b02ad653-4281-4a69-b0cc-9b68835e4a71 resource provider aggregate not found
2026-06-24 19:16:00.000 9 INFO neutron.services.segments.plugin [-] Segment b02ad653-4281-4a69-b0cc-9b68835e4a71 resource provider not found; error: Placement Client Error (4xx): {"errors": [{"status": 404, "title": "Not Found", "detail": "The resource could not be found.\n\n No resource provider with uuid b02ad653-4281-4a69-b0cc-9b68835e4a71 found for delete ", "request_id": "req-81abf412-2f1e-43a0-a969-f46bdff3ac1b"}]}
2026-06-24 19:16:00.008 9 INFO neutron.services.segments.plugin [-] Segment b02ad653-4281-4a69-b0cc-9b68835e4a71 resource provider not found; error: Placement Client Error (4xx): {"errors": [{"status": 404, "title": "Not Found", "detail": "The resource could not be found.\n\n No resource provider with uuid b02ad653-4281-4a69-b0cc-9b68835e4a71 found for delete ", "request_id": "req-c06ff2ae-fbab-4988-9262-ce9d6f9e9865"}]}
2026-06-24 19:16:00.028 9 INFO neutron.services.segments.plugin [-] Segment ae7361e2-ae2c-46b0-bf8d-8b8b7167887e resource provider aggregate not found
2026-06-24 19:16:00.034 9 INFO neutron.services.segments.plugin [-] Segment ae7361e2-ae2c-46b0-bf8d-8b8b7167887e resource provider aggregate not found
2026-06-24 19:16:00.068 9 INFO neutron.services.segments.plugin [-] Segment ae7361e2-ae2c-46b0-bf8d-8b8b7167887e resource provider not found; error: Placement Client Error (4xx): {"errors": [{"status": 404, "title": "Not Found", "detail": "The resource could not be found.\n\n No resource provider with uuid ae7361e2-ae2c-46b0-bf8d-8b8b7167887e found for delete ", "request_id": "req-ab5fa043-5b14-4ef8-baf2-82a19c744da7"}]}
2026-06-24 19:16:00.075 9 INFO neutron.services.segments.plugin [-] Segment ae7361e2-ae2c-46b0-bf8d-8b8b7167887e resource provider not found; error: Placement Client Error (4xx): {"errors": [{"status": 404, "title": "Not Found", "detail": "The resource could not be found.\n\n No resource provider with uuid ae7361e2-ae2c-46b0-bf8d-8b8b7167887e found for delete ", "request_id": "req-9f62d359-8c8f-4641-bcb3-2aad281b75b1"}]}
2026-06-24 19:16:00.115 9 INFO neutron.services.segments.plugin [-] Segment d60782be-0923-4ef7-827a-37031dd9c1af resource provider aggregate not found
2026-06-24 19:16:00.123 9 INFO neutron.services.segments.plugin [-] Segment d60782be-0923-4ef7-827a-37031dd9c1af resource provider aggregate not found
2026-06-24 19:16:00.136 9 INFO neutron.db.ovn_revision_numbers_db [None req-4223fc3c-f929-4303-bd3e-53737fea31bd 47dcb80b51104d44aec8d6fae22099d7 9488ebaded2447c59bbe6d4f841d9e2c - - default default] Successfully bumped revision number for resource 9cb57a4d-f492-4694-b0bf-b24f93a56129 (type: networks) to 1
2026-06-24 19:16:00.139 9 INFO neutron.services.segments.plugin [-] Segment d60782be-0923-4ef7-827a-37031dd9c1af resource provider not found; error: Placement Client Error (4xx): {"errors": [{"status": 404, "title": "Not Found", "detail": "The resource could not be found.\n\n No resource provider with uuid d60782be-0923-4ef7-827a-37031dd9c1af found for delete ", "request_id": "req-4f086f7d-0a9b-4eec-aa29-a87bb3b98ede"}]}
2026-06-24 19:16:00.141 9 INFO neutron.services.segments.plugin [-] Segment d60782be-0923-4ef7-827a-37031dd9c1af resource provider not found; error: Placement Client Error (4xx): {"errors": [{"status": 404, "title": "Not Found", "detail": "The resource could not be found.\n\n No resource provider with uuid d60782be-0923-4ef7-827a-37031dd9c1af found for delete ", "request_id": "req-8100bc4b-42b4-4bbb-8bf7-0ce13d9e982f"}]}
2026-06-24 19:16:00.332 9 WARNING neutron.scheduler.dhcp_agent_scheduler [None req-4223fc3c-f929-4303-bd3e-53737fea31bd 47dcb80b51104d44aec8d6fae22099d7 9488ebaded2447c59bbe6d4f841d9e2c - - default default] No more DHCP agents
2026-06-24 19:16:00.334 9 WARNING neutron.api.rpc.agentnotifiers.dhcp_rpc_agent_api [None req-4223fc3c-f929-4303-bd3e-53737fea31bd 47dcb80b51104d44aec8d6fae22099d7 9488ebaded2447c59bbe6d4f841d9e2c - - default default] Unable to schedule network 9cb57a4d-f492-4694-b0bf-b24f93a56129: no agents available; will retry on subsequent port and subnet creation events.
2026-06-24 19:16:00.434 9 INFO neutron.db.ovn_revision_numbers_db [None req-4223fc3c-f929-4303-bd3e-53737fea31bd 47dcb80b51104d44aec8d6fae22099d7 9488ebaded2447c59bbe6d4f841d9e2c - - default default] Successfully bumped revision number for resource 980ec322-152e-4774-a98a-0c4f30651bba (type: ports) to 1
2026-06-24 19:16:00.461 9 INFO neutron.wsgi [None req-4223fc3c-f929-4303-bd3e-53737fea31bd 47dcb80b51104d44aec8d6fae22099d7 9488ebaded2447c59bbe6d4f841d9e2c - - default default] 10.0.0.60 "POST /v2.0/networks HTTP/1.1" status: 201 len: 837 time: 0.9537938
2026-06-24 19:16:00.586 10 INFO neutron.db.ovn_revision_numbers_db [None req-a8427126-c636-4571-b843-1d57abc3f058 3d9d7d1d555f42d5b7bdf91d54471bef 89738f4b750e46c3a51fdf0e8f3f8834 - - default default] Successfully bumped revision number for resource 197d4e4a-0d76-4a05-a317-f1367d59c564 (type: security_groups) to 1
2026-06-24 19:16:00.603 10 INFO neutron.db.ovn_revision_numbers_db [None req-a8427126-c636-4571-b843-1d57abc3f058 3d9d7d1d555f42d5b7bdf91d54471bef 89738f4b750e46c3a51fdf0e8f3f8834 - - default default] Successfully bumped revision number for resource 8fb33b73-c739-44e3-b185-72624ed18544 (type: security_group_rules) to 0
2026-06-24 19:16:00.621 10 INFO neutron.db.ovn_revision_numbers_db [None req-a8427126-c636-4571-b843-1d57abc3f058 3d9d7d1d555f42d5b7bdf91d54471bef 89738f4b750e46c3a51fdf0e8f3f8834 - - default default] Successfully bumped revision number for resource c622a904-4989-4ad1-9ff4-0c99e607d1ed (type: security_group_rules) to 0
2026-06-24 19:16:00.638 10 INFO neutron.db.ovn_revision_numbers_db [None req-a8427126-c636-4571-b843-1d57abc3f058 3d9d7d1d555f42d5b7bdf91d54471bef 89738f4b750e46c3a51fdf0e8f3f8834 - - default default] Successfully bumped revision number for resource e92a1114-6e5c-4723-925d-da231a9dbf50 (type: security_group_rules) to 0
2026-06-24 19:16:00.659 10 INFO neutron.db.ovn_revision_numbers_db [None req-a8427126-c636-4571-b843-1d57abc3f058 3d9d7d1d555f42d5b7bdf91d54471bef 89738f4b750e46c3a51fdf0e8f3f8834 - - default default] Successfully bumped revision number for resource ff8af605-6664-453f-86dc-fd7ee31ded38 (type: security_group_rules) to 0
2026-06-24 19:16:00.683 10 INFO neutron.db.ovn_revision_numbers_db [None req-610a4aae-fe58-4820-a590-7466d2222813 0d30fd43087b480688503ef597652bdb 8ab5d85dbd3944269f238033df819e9e - - default default] Successfully bumped revision number for resource 70bef2f5-abf7-4b77-99d5-dbdd33102ba4 (type: security_groups) to 1
2026-06-24 19:16:00.698 10 INFO neutron.db.ovn_revision_numbers_db [None req-610a4aae-fe58-4820-a590-7466d2222813 0d30fd43087b480688503ef597652bdb 8ab5d85dbd3944269f238033df819e9e - - default default] Successfully bumped revision number for resource 6df9414f-08c4-402f-9f78-d4ce4d57b5ce (type: security_group_rules) to 0
2026-06-24 19:16:00.716 10 INFO neutron.db.ovn_revision_numbers_db [None req-610a4aae-fe58-4820-a590-7466d2222813 0d30fd43087b480688503ef597652bdb 8ab5d85dbd3944269f238033df819e9e - - default default] Successfully bumped revision number for resource c7f04dd5-8c47-43e0-a6ea-b50f8d388011 (type: security_group_rules) to 0
2026-06-24 19:16:00.720 10 INFO neutron.db.segments_db [None req-a8427126-c636-4571-b843-1d57abc3f058 3d9d7d1d555f42d5b7bdf91d54471bef 89738f4b750e46c3a51fdf0e8f3f8834 - - default default] Added segment 660d5fb2-4e09-41f7-a4b2-009e89d3b5db of type geneve for network ad2949be-533d-4f21-80b0-64d7774cf028
2026-06-24 19:16:00.737 10 INFO neutron.db.ovn_revision_numbers_db [None req-610a4aae-fe58-4820-a590-7466d2222813 0d30fd43087b480688503ef597652bdb 8ab5d85dbd3944269f238033df819e9e - - default default] Successfully bumped revision number for resource ce1d8926-56c8-4f24-8f39-3a8522244c1b (type: security_group_rules) to 0
2026-06-24 19:16:00.760 10 INFO neutron.db.ovn_revision_numbers_db [None req-610a4aae-fe58-4820-a590-7466d2222813 0d30fd43087b480688503ef597652bdb 8ab5d85dbd3944269f238033df819e9e - - default default] Successfully bumped revision number for resource e2eea494-8590-4b90-b487-85aac6105817 (type: security_group_rules) to 0
2026-06-24 19:16:00.776 9 WARNING neutron.scheduler.dhcp_agent_scheduler [None req-0e8b7d94-9427-471a-a3ed-725b7961aaa5 47dcb80b51104d44aec8d6fae22099d7 9488ebaded2447c59bbe6d4f841d9e2c - - default default] No more DHCP agents
2026-06-24 19:16:00.778 9 WARNING neutron.api.rpc.agentnotifiers.dhcp_rpc_agent_api [None req-0e8b7d94-9427-471a-a3ed-725b7961aaa5 47dcb80b51104d44aec8d6fae22099d7 9488ebaded2447c59bbe6d4f841d9e2c - - default default] Unable to schedule network 9cb57a4d-f492-4694-b0bf-b24f93a56129: no agents available; will retry on subsequent port and subnet creation events.
2026-06-24 19:16:00.814 10 INFO neutron.wsgi [None req-610a4aae-fe58-4820-a590-7466d2222813 0d30fd43087b480688503ef597652bdb 8ab5d85dbd3944269f238033df819e9e - - default default] 10.0.0.60 "GET /v2.0/security-groups?tenant_id=26f17da71cb344c995d04410b2494578&name=default HTTP/1.1" status: 200 len: 2996 time: 0.3203843
2026-06-24 19:16:00.916 10 INFO neutron.db.ovn_revision_numbers_db [None req-a8427126-c636-4571-b843-1d57abc3f058 3d9d7d1d555f42d5b7bdf91d54471bef 89738f4b750e46c3a51fdf0e8f3f8834 - - default default] Successfully bumped revision number for resource ad2949be-533d-4f21-80b0-64d7774cf028 (type: networks) to 1
2026-06-24 19:16:01.142 10 WARNING neutron.scheduler.dhcp_agent_scheduler [None req-a8427126-c636-4571-b843-1d57abc3f058 3d9d7d1d555f42d5b7bdf91d54471bef 89738f4b750e46c3a51fdf0e8f3f8834 - - default default] No more DHCP agents
2026-06-24 19:16:01.145 10 WARNING neutron.api.rpc.agentnotifiers.dhcp_rpc_agent_api [None req-a8427126-c636-4571-b843-1d57abc3f058 3d9d7d1d555f42d5b7bdf91d54471bef 89738f4b750e46c3a51fdf0e8f3f8834 - - default default] Unable to schedule network ad2949be-533d-4f21-80b0-64d7774cf028: no agents available; will retry on subsequent port and subnet creation events.
2026-06-24 19:16:01.187 9 INFO neutron.wsgi [None req-c45fe5e9-b376-4f70-b445-fdccaff1662c 0d30fd43087b480688503ef597652bdb 8ab5d85dbd3944269f238033df819e9e - - default default] 10.0.0.60 "DELETE /v2.0/security-groups/70bef2f5-abf7-4b77-99d5-dbdd33102ba4 HTTP/1.1" status: 204 len: 168 time: 0.3655548
2026-06-24 19:16:01.241 10 INFO neutron.db.ovn_revision_numbers_db [None req-a8427126-c636-4571-b843-1d57abc3f058 3d9d7d1d555f42d5b7bdf91d54471bef 89738f4b750e46c3a51fdf0e8f3f8834 - - default default] Successfully bumped revision number for resource e785bb49-a4e6-46e4-8490-8d9fabfb250a (type: ports) to 1
2026-06-24 19:16:01.266 10 INFO neutron.wsgi [None req-a8427126-c636-4571-b843-1d57abc3f058 3d9d7d1d555f42d5b7bdf91d54471bef 89738f4b750e46c3a51fdf0e8f3f8834 - - default default] 10.0.0.60 "POST /v2.0/networks HTTP/1.1" status: 201 len: 830 time: 1.1375487
2026-06-24 19:16:01.362 10 INFO neutron.wsgi [None req-09555f36-3904-41b2-b9ae-2906f8503dfb 0d30fd43087b480688503ef597652bdb 8ab5d85dbd3944269f238033df819e9e - - default default] 10.0.0.60 "GET /v2.0/security-groups?tenant_id=c3865e0c8e4c48f0a89af5fca4b94fbb&name=default HTTP/1.1" status: 200 len: 2996 time: 0.0496759
2026-06-24 19:16:01.497 9 INFO neutron.db.ovn_revision_numbers_db [None req-0e8b7d94-9427-471a-a3ed-725b7961aaa5 47dcb80b51104d44aec8d6fae22099d7 9488ebaded2447c59bbe6d4f841d9e2c - - default default] Successfully bumped revision number for resource 980ec322-152e-4774-a98a-0c4f30651bba (type: ports) to 2
2026-06-24 19:16:01.555 9 INFO neutron.db.ovn_revision_numbers_db [None req-0e8b7d94-9427-471a-a3ed-725b7961aaa5 47dcb80b51104d44aec8d6fae22099d7 9488ebaded2447c59bbe6d4f841d9e2c - - default default] Successfully bumped revision number for resource 7832daea-4a50-4ec7-887a-76c43e2fdb11 (type: subnets) to 0
2026-06-24 19:16:01.591 9 INFO neutron.wsgi [None req-0e8b7d94-9427-471a-a3ed-725b7961aaa5 47dcb80b51104d44aec8d6fae22099d7 9488ebaded2447c59bbe6d4f841d9e2c - - default default] 10.0.0.60 "POST /v2.0/subnets HTTP/1.1" status: 201 len: 830 time: 1.1228080
2026-06-24 19:16:01.641 10 WARNING neutron.scheduler.dhcp_agent_scheduler [None req-0973ee8f-c729-4358-8ff4-5300eded6fdb 3d9d7d1d555f42d5b7bdf91d54471bef 89738f4b750e46c3a51fdf0e8f3f8834 - - default default] No more DHCP agents
2026-06-24 19:16:01.649 10 WARNING neutron.api.rpc.agentnotifiers.dhcp_rpc_agent_api [None req-0973ee8f-c729-4358-8ff4-5300eded6fdb 3d9d7d1d555f42d5b7bdf91d54471bef 89738f4b750e46c3a51fdf0e8f3f8834 - - default default] Unable to schedule network ad2949be-533d-4f21-80b0-64d7774cf028: no agents available; will retry on subsequent port and subnet creation events.
2026-06-24 19:16:01.747 10 INFO neutron.db.ovn_revision_numbers_db [None req-0973ee8f-c729-4358-8ff4-5300eded6fdb 3d9d7d1d555f42d5b7bdf91d54471bef 89738f4b750e46c3a51fdf0e8f3f8834 - - default default] Successfully bumped revision number for resource 84b1578c-6aa5-4987-9b53-485b4959529e (type: ports) to 1
2026-06-24 19:16:01.752 10 INFO neutron.wsgi [None req-1d427efa-fdbe-42df-aa95-8b7392943d62 0d30fd43087b480688503ef597652bdb 8ab5d85dbd3944269f238033df819e9e - - default default] 10.0.0.60 "DELETE /v2.0/security-groups/0a3db6dd-a863-43e7-b262-5b92d3420e27 HTTP/1.1" status: 204 len: 168 time: 0.3825500
2026-06-24 19:16:01.770 10 INFO neutron.wsgi [None req-0973ee8f-c729-4358-8ff4-5300eded6fdb 3d9d7d1d555f42d5b7bdf91d54471bef 89738f4b750e46c3a51fdf0e8f3f8834 - - default default] 10.0.0.60 "POST /v2.0/ports HTTP/1.1" status: 201 len: 942 time: 0.4980597 /var/lib/openstack/lib/python3.10/site-packages/pycadf/identifier.py:71: UserWarning: Invalid uuid: neutron. To ensure interoperability, identifiers should be a valid uuid. warnings.warn(('Invalid uuid: %s. To ensure interoperability, '
2026-06-24 19:16:01.833 10 INFO neutron.wsgi [None req-fcbb8fdf-8426-4708-8ff2-afea881de374 3d9d7d1d555f42d5b7bdf91d54471bef 89738f4b750e46c3a51fdf0e8f3f8834 - - default default] 10.0.0.60 "PUT /v2.0/ports/84b1578c-6aa5-4987-9b53-485b4959529e/tags HTTP/1.1" status: 200 len: 218 time: 0.0561950
2026-06-24 19:16:01.877 10 INFO neutron.wsgi [None req-3192e8b5-37ff-4de2-a0b6-9af83de206c2 3d9d7d1d555f42d5b7bdf91d54471bef 89738f4b750e46c3a51fdf0e8f3f8834 - - default default] 10.0.0.60 "GET /v2.0/ports/84b1578c-6aa5-4987-9b53-485b4959529e/tags HTTP/1.1" status: 200 len: 218 time: 0.0373800
2026-06-24 19:16:01.915 9 WARNING neutron.scheduler.dhcp_agent_scheduler [None req-66131434-ee0b-4a3e-a4b8-2adadd1b9aa2 47dcb80b51104d44aec8d6fae22099d7 9488ebaded2447c59bbe6d4f841d9e2c - - default default] No more DHCP agents
