2026-06-24 19:12:37.685 9 INFO neutron.wsgi [req-4218a166-0b08-43c6-826c-0a50df6c5946 req-39c29b55-c4ae-459e-ba43-69913c3e3143 52fb1c1d35b84731972f977a422be3f3 d981d0a38e964a60b943653fbdf58e01 - - d26bc9c440664ddfbfbb63b400620f3e d26bc9c440664ddfbfbb63b400620f3e] 199.19.213.235 "GET /v2.0/networks?id=ef65b1b1-68dc-442c-b3ca-ea6e9a73e065 HTTP/1.1" status: 200 len: 975 time: 0.1041214
2026-06-24 19:12:37.743 10 INFO neutron.plugins.ml2.drivers.ovn.mech_driver.mech_driver [None req-7a8317e2-15ab-42fc-9706-817bc314ad69 - - - - - -] OVN reports status up for port: 20df4ca1-dedb-4318-8bef-29c81cd13d0f
2026-06-24 19:12:37.749 9 INFO neutron.wsgi [req-4218a166-0b08-43c6-826c-0a50df6c5946 req-9569a296-601c-4a02-a32f-3bdca54361a1 52fb1c1d35b84731972f977a422be3f3 d981d0a38e964a60b943653fbdf58e01 - - d26bc9c440664ddfbfbb63b400620f3e d26bc9c440664ddfbfbb63b400620f3e] 199.19.213.235 "GET /v2.0/floatingips?fixed_ip_address=10.100.0.8&port_id=20df4ca1-dedb-4318-8bef-29c81cd13d0f HTTP/1.1" status: 200 len: 217 time: 0.0458517
2026-06-24 19:12:37.790 10 INFO neutron.plugins.ml2.plugin [None req-7a8317e2-15ab-42fc-9706-817bc314ad69 - - - - - -] Attempt 1 to provision port 20df4ca1-dedb-4318-8bef-29c81cd13d0f
2026-06-24 19:12:37.843 9 INFO neutron.wsgi [req-4218a166-0b08-43c6-826c-0a50df6c5946 req-36c461ba-6100-4fb8-94fe-a1b56648a9c2 52fb1c1d35b84731972f977a422be3f3 d981d0a38e964a60b943653fbdf58e01 - - d26bc9c440664ddfbfbb63b400620f3e d26bc9c440664ddfbfbb63b400620f3e] 199.19.213.235 "GET /v2.0/subnets?id=b0a22843-a210-4e42-b99b-2d7df938eadb HTTP/1.1" status: 200 len: 870 time: 0.0885494
2026-06-24 19:12:37.852 10 INFO neutron.db.l3_db [req-6214d0d9-07ba-4f84-965b-8f0911477058 req-70f4c93e-fc32-475f-9756-5dfa670e3b21 d5d8b415969d4334805b174447cf6b80 b6d94e4a96a443c3b6ea51d59a499bc4 - - default default] Floating IP a65157be-052f-40df-bde8-6c0ffdfbef94 disassociated. External IP: 10.96.250.215, port: ff3f28bb-16e9-4c03-ae41-84f8b068adc3.
2026-06-24 19:12:37.882 9 INFO neutron.wsgi [req-4218a166-0b08-43c6-826c-0a50df6c5946 req-53168fab-12ae-40ff-a189-a1a790606cd1 52fb1c1d35b84731972f977a422be3f3 d981d0a38e964a60b943653fbdf58e01 - - d26bc9c440664ddfbfbb63b400620f3e d26bc9c440664ddfbfbb63b400620f3e] 199.19.213.235 "GET /v2.0/ports?network_id=ef65b1b1-68dc-442c-b3ca-ea6e9a73e065&device_owner=network%3Adhcp HTTP/1.1" status: 200 len: 210 time: 0.0330751
2026-06-24 19:12:37.892 9 INFO neutron.wsgi [req-b9833b1b-653e-444a-b3e6-d7b147858d5f req-7fe6dc5d-7d2d-447d-9a93-59ac16593330 e156c82d51274be0b8bb76e5da12265c e050827e3b6a46328a7cdbf98c43781c - - default default] 10.0.0.183 "GET /v2.0/ports?device_id=553ccd3b-702d-4fbf-a5e6-7d65ef5ead4f HTTP/1.1" status: 200 len: 1168 time: 0.2235804
2026-06-24 19:12:37.969 9 INFO neutron.wsgi [req-b9833b1b-653e-444a-b3e6-d7b147858d5f req-10689580-5dcc-40df-b3df-ee40e228c5b0 e156c82d51274be0b8bb76e5da12265c e050827e3b6a46328a7cdbf98c43781c - - default default] 10.0.0.183 "GET /v2.0/security-groups?id=6c34c001-ca13-4ff5-b162-38338b9431ca&fields=id&fields=name HTTP/1.1" status: 200 len: 286 time: 0.0675063
2026-06-24 19:12:38.010 9 INFO neutron.wsgi [req-4218a166-0b08-43c6-826c-0a50df6c5946 req-4bccdf04-5596-4d4e-a816-f4022762663b 52fb1c1d35b84731972f977a422be3f3 d981d0a38e964a60b943653fbdf58e01 - - d26bc9c440664ddfbfbb63b400620f3e d26bc9c440664ddfbfbb63b400620f3e] 199.19.213.235 "GET /v2.0/networks/ef65b1b1-68dc-442c-b3ca-ea6e9a73e065?fields=segments HTTP/1.1" status: 200 len: 212 time: 0.1175311
2026-06-24 19:12:38.107 9 INFO neutron.wsgi [req-4218a166-0b08-43c6-826c-0a50df6c5946 req-cbbaccf7-cced-45ca-8e86-40011917920d 52fb1c1d35b84731972f977a422be3f3 d981d0a38e964a60b943653fbdf58e01 - - d26bc9c440664ddfbfbb63b400620f3e d26bc9c440664ddfbfbb63b400620f3e] 199.19.213.235 "GET /v2.0/networks/ef65b1b1-68dc-442c-b3ca-ea6e9a73e065?fields=provider%3Aphysical_network&fields=provider%3Anetwork_type HTTP/1.1" status: 200 len: 277 time: 0.0884805
2026-06-24 19:12:38.232 10 INFO neutron.wsgi [None req-e9582e09-61a8-42c3-82b5-36ad0b1d9458 0d30fd43087b480688503ef597652bdb 8ab5d85dbd3944269f238033df819e9e - - default default] 10.0.0.60 "PUT /v2.0/routers/204b5565-2bf1-4e1f-9fcd-b18a2998a314/remove_router_interface HTTP/1.1" status: 200 len: 503 time: 2.0568538
2026-06-24 19:12:38.242 9 INFO neutron.wsgi [req-efaa6d1e-4509-44d1-be85-413c4d8be6c0 req-5180c239-6658-4453-9b84-e883e57e3763 d5d8b415969d4334805b174447cf6b80 b6d94e4a96a443c3b6ea51d59a499bc4 - - default default] 10.0.0.183 "GET /v2.0/ports?device_id=0f1facf6-473a-488b-a0eb-33a39c701f3c HTTP/1.1" status: 200 len: 210 time: 0.0330765
2026-06-24 19:12:38.268 10 INFO neutron.wsgi [req-6214d0d9-07ba-4f84-965b-8f0911477058 req-70f4c93e-fc32-475f-9756-5dfa670e3b21 d5d8b415969d4334805b174447cf6b80 b6d94e4a96a443c3b6ea51d59a499bc4 - - default default] 199.19.213.235 "DELETE /v2.0/ports/ff3f28bb-16e9-4c03-ae41-84f8b068adc3 HTTP/1.1" status: 204 len: 173 time: 0.9797394
2026-06-24 19:12:38.376 10 INFO neutron.db.ovn_revision_numbers_db [None req-7a8317e2-15ab-42fc-9706-817bc314ad69 - - - - - -] Successfully bumped revision number for resource 20df4ca1-dedb-4318-8bef-29c81cd13d0f (type: ports) to 4
2026-06-24 19:12:38.933 9 INFO neutron.wsgi [None req-09ba14e2-a3b0-4c1f-ad19-a812dfc1a5cb 0d30fd43087b480688503ef597652bdb 8ab5d85dbd3944269f238033df819e9e - - default default] 10.0.0.60 "DELETE /v2.0/routers/204b5565-2bf1-4e1f-9fcd-b18a2998a314 HTTP/1.1" status: 204 len: 168 time: 0.6886954
2026-06-24 19:12:39.018 10 INFO neutron.notifiers.nova [-] Nova event matching ['req-f4262023-6e1a-43e1-b43a-febd3b15756f'] response: {'server_uuid': '0f1facf6-473a-488b-a0eb-33a39c701f3c', 'name': 'network-vif-plugged', 'status': 'completed', 'tag': 'ff3f28bb-16e9-4c03-ae41-84f8b068adc3', 'code': 200}
2026-06-24 19:12:39.019 10 INFO neutron.notifiers.nova [-] Nova event matching ['req-f4262023-6e1a-43e1-b43a-febd3b15756f'] response: {'server_uuid': '553ccd3b-702d-4fbf-a5e6-7d65ef5ead4f', 'name': 'network-vif-plugged', 'status': 'completed', 'tag': '20df4ca1-dedb-4318-8bef-29c81cd13d0f', 'code': 200}
2026-06-24 19:12:39.019 10 INFO neutron.notifiers.nova [-] Nova event matching ['req-f4262023-6e1a-43e1-b43a-febd3b15756f'] response: {'server_uuid': '0f1facf6-473a-488b-a0eb-33a39c701f3c', 'name': 'network-vif-deleted', 'tag': 'ff3f28bb-16e9-4c03-ae41-84f8b068adc3', 'status': 'completed', 'code': 200}
2026-06-24 19:12:39.019 10 INFO neutron.notifiers.nova [-] Nova event matching ['req-f4262023-6e1a-43e1-b43a-febd3b15756f'] response: {'server_uuid': '553ccd3b-702d-4fbf-a5e6-7d65ef5ead4f', 'name': 'network-vif-plugged', 'status': 'completed', 'tag': '20df4ca1-dedb-4318-8bef-29c81cd13d0f', 'code': 200}
2026-06-24 19:12:39.134 9 INFO neutron.wsgi [req-acf9cf3f-e61c-4e6a-90c0-09a0402eb98c req-c19a3295-7bbe-4873-bfcb-9e5212585cbf e156c82d51274be0b8bb76e5da12265c e050827e3b6a46328a7cdbf98c43781c - - default default] 10.0.0.183 "GET /v2.0/ports?device_id=553ccd3b-702d-4fbf-a5e6-7d65ef5ead4f HTTP/1.1" status: 200 len: 1170 time: 0.0521030
2026-06-24 19:12:39.188 9 INFO neutron.wsgi [req-acf9cf3f-e61c-4e6a-90c0-09a0402eb98c req-3f3beaf4-d1d9-4885-b0ed-36213f112cca e156c82d51274be0b8bb76e5da12265c e050827e3b6a46328a7cdbf98c43781c - - default default] 10.0.0.183 "GET /v2.0/security-groups?id=6c34c001-ca13-4ff5-b162-38338b9431ca&fields=id&fields=name HTTP/1.1" status: 200 len: 286 time: 0.0434980
2026-06-24 19:12:39.196 9 INFO neutron.wsgi [None req-e619dee4-771a-4828-a663-422e64bda730 0d30fd43087b480688503ef597652bdb 8ab5d85dbd3944269f238033df819e9e - - default default] 10.0.0.60 "DELETE /v2.0/subnets/6747b137-3a6f-497f-bcc7-89b901cafcb2 HTTP/1.1" status: 204 len: 168 time: 0.2567329
2026-06-24 19:12:39.620 9 INFO neutron.wsgi [None req-6d3de556-65b3-492d-acdf-90177bbb3d5b d5d8b415969d4334805b174447cf6b80 b6d94e4a96a443c3b6ea51d59a499bc4 - - default default] 10.0.0.60 "DELETE /v2.0/security-groups/7fa4eff6-0533-40f9-83a2-0a584825b80a HTTP/1.1" status: 204 len: 168 time: 0.2746124 /var/lib/openstack/lib/python3.10/site-packages/pycadf/identifier.py:71: UserWarning: Invalid uuid: neutron. To ensure interoperability, identifiers should be a valid uuid. warnings.warn(('Invalid uuid: %s. To ensure interoperability, '
2026-06-24 19:12:39.685 9 INFO neutron.services.segments.plugin [-] Segment c112801a-3f58-4dee-86f8-2919d50b2aea resource provider aggregate not found
2026-06-24 19:12:39.690 9 INFO neutron.services.segments.plugin [-] Segment c112801a-3f58-4dee-86f8-2919d50b2aea resource provider aggregate not found
2026-06-24 19:12:39.707 9 INFO neutron.services.segments.plugin [-] Segment c112801a-3f58-4dee-86f8-2919d50b2aea resource provider not found; error: Placement Client Error (4xx): {"errors": [{"status": 404, "title": "Not Found", "detail": "The resource could not be found.\n\n No resource provider with uuid c112801a-3f58-4dee-86f8-2919d50b2aea found for delete ", "request_id": "req-5995b465-2ebb-45cb-be6c-fdb619081dbc"}]}
2026-06-24 19:12:39.713 9 INFO neutron.services.segments.plugin [-] Segment c112801a-3f58-4dee-86f8-2919d50b2aea resource provider not found; error: Placement Client Error (4xx): {"errors": [{"status": 404, "title": "Not Found", "detail": "The resource could not be found.\n\n No resource provider with uuid c112801a-3f58-4dee-86f8-2919d50b2aea found for delete ", "request_id": "req-a6599ec9-c347-46d4-ae73-a207a04ba924"}]}
2026-06-24 19:12:39.736 9 INFO neutron.wsgi [None req-24089d14-e5af-45f8-9215-5401bb6a18e5 0d30fd43087b480688503ef597652bdb 8ab5d85dbd3944269f238033df819e9e - - default default] 10.0.0.60 "DELETE /v2.0/networks/62b31019-36cb-49fd-bf1b-1aeac14f7986 HTTP/1.1" status: 204 len: 168 time: 0.5272374
2026-06-24 19:12:39.922 10 INFO neutron.api.v2.resource [None req-af5fe89e-0898-4da3-8d1d-03a5836fb23d d5d8b415969d4334805b174447cf6b80 b6d94e4a96a443c3b6ea51d59a499bc4 - - default default] show failed (client error): The resource could not be found.
2026-06-24 19:12:39.924 10 INFO neutron.wsgi [None req-af5fe89e-0898-4da3-8d1d-03a5836fb23d d5d8b415969d4334805b174447cf6b80 b6d94e4a96a443c3b6ea51d59a499bc4 - - default default] 10.0.0.60 "GET /v2.0/security-groups/7fa4eff6-0533-40f9-83a2-0a584825b80a HTTP/1.1" status: 404 len: 347 time: 0.2977579
2026-06-24 19:12:40.000 9 INFO neutron.wsgi [None req-4b5f77bf-25d8-4b26-9537-af04117a9339 0d30fd43087b480688503ef597652bdb 8ab5d85dbd3944269f238033df819e9e - - default default] 10.0.0.60 "GET /v2.0/security-groups?tenant_id=9f06314b02684a3789dba1c24fad345f&name=default HTTP/1.1" status: 200 len: 2992 time: 0.0600579
2026-06-24 19:12:40.335 9 INFO neutron.wsgi [req-61210eeb-5bca-4a7f-a188-c3fdaa8829c8 req-bbd0de6e-195e-438d-9b18-5ff6f6bea385 e156c82d51274be0b8bb76e5da12265c e050827e3b6a46328a7cdbf98c43781c - - default default] 10.0.0.183 "GET /v2.0/ports?device_id=553ccd3b-702d-4fbf-a5e6-7d65ef5ead4f HTTP/1.1" status: 200 len: 1170 time: 0.0636566
2026-06-24 19:12:40.377 10 INFO neutron.wsgi [None req-4fe43c9f-557d-4413-89f0-f3e401733763 0d30fd43087b480688503ef597652bdb 8ab5d85dbd3944269f238033df819e9e - - default default] 10.0.0.60 "DELETE /v2.0/security-groups/e28106d1-d929-4b93-8295-02fa061af930 HTTP/1.1" status: 204 len: 168 time: 0.3710620
2026-06-24 19:12:40.395 9 INFO neutron.wsgi [req-61210eeb-5bca-4a7f-a188-c3fdaa8829c8 req-560d8e78-b579-448e-8e10-9f1cfb892f56 e156c82d51274be0b8bb76e5da12265c e050827e3b6a46328a7cdbf98c43781c - - default default] 10.0.0.183 "GET /v2.0/security-groups?id=6c34c001-ca13-4ff5-b162-38338b9431ca&fields=id&fields=name HTTP/1.1" status: 200 len: 286 time: 0.0505850
2026-06-24 19:12:40.454 10 INFO neutron.wsgi [None req-8e34c166-d1b8-4f95-8fb1-f6004d2c632a d5d8b415969d4334805b174447cf6b80 b6d94e4a96a443c3b6ea51d59a499bc4 - - default default] 10.0.0.60 "DELETE /v2.0/floatingips/a65157be-052f-40df-bde8-6c0ffdfbef94 HTTP/1.1" status: 204 len: 168 time: 0.5245819
2026-06-24 19:12:40.822 10 INFO neutron.plugins.ml2.drivers.ovn.mech_driver.mech_driver [None req-7a8317e2-15ab-42fc-9706-817bc314ad69 - - - - - -] OVN reports status down for port: 20df4ca1-dedb-4318-8bef-29c81cd13d0f
2026-06-24 19:12:40.873 9 INFO neutron.wsgi [req-fb7396f4-e677-446d-b3c9-9d4da6940549 req-cf6074f7-4211-4ee9-a937-2a7bc7b97d0a e156c82d51274be0b8bb76e5da12265c e050827e3b6a46328a7cdbf98c43781c - - default default] 10.0.0.183 "GET /v2.0/ports?device_id=553ccd3b-702d-4fbf-a5e6-7d65ef5ead4f HTTP/1.1" status: 200 len: 1170 time: 0.0525877
2026-06-24 19:12:40.949 9 INFO neutron.wsgi [req-fb7396f4-e677-446d-b3c9-9d4da6940549 req-5b0b3fa3-4504-4810-8ffb-e2f17b3f81b9 e156c82d51274be0b8bb76e5da12265c e050827e3b6a46328a7cdbf98c43781c - - default default] 10.0.0.183 "GET /v2.0/security-groups?id=6c34c001-ca13-4ff5-b162-38338b9431ca&fields=id&fields=name HTTP/1.1" status: 200 len: 286 time: 0.0701001
2026-06-24 19:12:41.062 10 INFO neutron.notifiers.nova [-] Nova event matching ['req-e8d2efcb-3476-40da-9c23-08ab97f0181a'] response: {'server_uuid': '553ccd3b-702d-4fbf-a5e6-7d65ef5ead4f', 'name': 'network-vif-unplugged', 'status': 'completed', 'tag': '20df4ca1-dedb-4318-8bef-29c81cd13d0f', 'code': 200}
2026-06-24 19:12:41.238 10 INFO neutron.db.ovn_revision_numbers_db [None req-7a8317e2-15ab-42fc-9706-817bc314ad69 - - - - - -] Successfully bumped revision number for resource 20df4ca1-dedb-4318-8bef-29c81cd13d0f (type: ports) to 5
2026-06-24 19:12:41.284 10 INFO neutron.wsgi [req-8d1f1c73-4ce1-4d6d-b053-7fe213d2ca81 req-91e71b3e-51a3-4fbd-9a1a-ddfccb7b5d1c e156c82d51274be0b8bb76e5da12265c e050827e3b6a46328a7cdbf98c43781c - - default default] 199.19.213.235 "GET /v2.0/ports?device_id=553ccd3b-702d-4fbf-a5e6-7d65ef5ead4f HTTP/1.1" status: 200 len: 1168 time: 0.1391954
2026-06-24 19:12:41.673 10 INFO neutron.wsgi [req-8d1f1c73-4ce1-4d6d-b053-7fe213d2ca81 req-b8fb458b-76c1-4755-a135-4497801db3bf e156c82d51274be0b8bb76e5da12265c e050827e3b6a46328a7cdbf98c43781c - - default default] 199.19.213.235 "DELETE /v2.0/ports/20df4ca1-dedb-4318-8bef-29c81cd13d0f HTTP/1.1" status: 204 len: 173 time: 0.3811786
2026-06-24 19:12:42.071 9 INFO neutron.wsgi [req-558a8908-b130-42fe-828c-6f065d3aae84 req-d73cccf9-721d-4252-9a40-5e17a5d4a0cf e156c82d51274be0b8bb76e5da12265c e050827e3b6a46328a7cdbf98c43781c - - default default] 10.0.0.183 "GET /v2.0/ports?device_id=553ccd3b-702d-4fbf-a5e6-7d65ef5ead4f HTTP/1.1" status: 200 len: 210 time: 0.0297148
2026-06-24 19:12:42.236 9 INFO neutron.wsgi [None req-7c6e058e-49c6-4cae-9fbf-95eaa8e0e2fd 0d30fd43087b480688503ef597652bdb 8ab5d85dbd3944269f238033df819e9e - - default default] 10.0.0.60 "PUT /v2.0/routers/84c6f940-b350-4052-ba5e-70d2467c3356/remove_router_interface HTTP/1.1" status: 200 len: 503 time: 1.6831686 /var/lib/openstack/lib/python3.10/site-packages/pycadf/identifier.py:71: UserWarning: Invalid uuid: neutron. To ensure interoperability, identifiers should be a valid uuid. warnings.warn(('Invalid uuid: %s. To ensure interoperability, '
2026-06-24 19:12:42.608 9 INFO neutron.db.ovn_revision_numbers_db [None req-ac19b5f5-10f6-4cf0-a7ae-a59b40115444 0d30fd43087b480688503ef597652bdb 8ab5d85dbd3944269f238033df819e9e - - default default] Successfully bumped revision number for resource 3474522e-6a16-4c37-a2d4-3a456f1af0e1 (type: security_groups) to 1
2026-06-24 19:12:42.631 9 INFO neutron.db.ovn_revision_numbers_db [None req-ac19b5f5-10f6-4cf0-a7ae-a59b40115444 0d30fd43087b480688503ef597652bdb 8ab5d85dbd3944269f238033df819e9e - - default default] Successfully bumped revision number for resource 7fef2aa5-73b5-4ac5-a6a8-80e596aa69fb (type: security_group_rules) to 0
2026-06-24 19:12:42.664 9 INFO neutron.db.ovn_revision_numbers_db [None req-ac19b5f5-10f6-4cf0-a7ae-a59b40115444 0d30fd43087b480688503ef597652bdb 8ab5d85dbd3944269f238033df819e9e - - default default] Successfully bumped revision number for resource 8388f14d-c867-48be-8f20-e4cbaacda090 (type: security_group_rules) to 0
2026-06-24 19:12:42.689 9 INFO neutron.db.ovn_revision_numbers_db [None req-ac19b5f5-10f6-4cf0-a7ae-a59b40115444 0d30fd43087b480688503ef597652bdb 8ab5d85dbd3944269f238033df819e9e - - default default] Successfully bumped revision number for resource ecd037f9-de2b-4c76-90d2-ab61d1d2215d (type: security_group_rules) to 0
2026-06-24 19:12:42.713 9 INFO neutron.db.ovn_revision_numbers_db [None req-ac19b5f5-10f6-4cf0-a7ae-a59b40115444 0d30fd43087b480688503ef597652bdb 8ab5d85dbd3944269f238033df819e9e - - default default] Successfully bumped revision number for resource f90e92dd-e5bb-4ae0-b1b4-d8c86d6a99c8 (type: security_group_rules) to 0
2026-06-24 19:12:42.746 9 INFO neutron.wsgi [None req-ac19b5f5-10f6-4cf0-a7ae-a59b40115444 0d30fd43087b480688503ef597652bdb 8ab5d85dbd3944269f238033df819e9e - - default default] 10.0.0.60 "GET /v2.0/security-groups?tenant_id=4b9211704fa24164abb6dba2563f8904&name=default HTTP/1.1" status: 200 len: 2996 time: 0.5647810
2026-06-24 19:12:42.846 10 INFO neutron.wsgi [-] 10.0.0.213 "GET / HTTP/1.1" status: 200 len: 247 time: 0.0015395
2026-06-24 19:12:42.848 10 INFO neutron.wsgi [-] 10.0.0.213 "GET / HTTP/1.1" status: 200 len: 247 time: 0.0011227
2026-06-24 19:12:42.996 9 INFO neutron.wsgi [None req-6c446016-34f2-44b5-a7b2-4a860bef755f 0d30fd43087b480688503ef597652bdb 8ab5d85dbd3944269f238033df819e9e - - default default] 10.0.0.60 "DELETE /v2.0/routers/84c6f940-b350-4052-ba5e-70d2467c3356 HTTP/1.1" status: 204 len: 168 time: 0.7536108
2026-06-24 19:12:43.064 9 INFO neutron.wsgi [None req-8b7fe98d-42ba-4704-aa38-23fe3fa2be6c 0d30fd43087b480688503ef597652bdb 8ab5d85dbd3944269f238033df819e9e - - default default] 10.0.0.60 "DELETE /v2.0/security-groups/3474522e-6a16-4c37-a2d4-3a456f1af0e1 HTTP/1.1" status: 204 len: 168 time: 0.3122959
2026-06-24 19:12:43.119 10 INFO neutron.notifiers.nova [-] Nova event matching ['req-7f2835c0-af50-47db-9c52-084e2de062a1'] response: {'server_uuid': '553ccd3b-702d-4fbf-a5e6-7d65ef5ead4f', 'name': 'network-vif-plugged', 'status': 'completed', 'tag': '20df4ca1-dedb-4318-8bef-29c81cd13d0f', 'code': 200}
2026-06-24 19:12:43.119 10 INFO neutron.notifiers.nova [-] Nova event matching ['req-7f2835c0-af50-47db-9c52-084e2de062a1'] response: {'server_uuid': '553ccd3b-702d-4fbf-a5e6-7d65ef5ead4f', 'name': 'network-vif-deleted', 'tag': '20df4ca1-dedb-4318-8bef-29c81cd13d0f', 'status': 'completed', 'code': 200} /var/lib/openstack/lib/python3.10/site-packages/pycadf/identifier.py:71: UserWarning: Invalid uuid: neutron. To ensure interoperability, identifiers should be a valid uuid. warnings.warn(('Invalid uuid: %s. To ensure interoperability, '
2026-06-24 19:12:43.273 9 INFO neutron.wsgi [None req-76da444b-4508-44cd-ba52-648316573fbf 0d30fd43087b480688503ef597652bdb 8ab5d85dbd3944269f238033df819e9e - - default default] 10.0.0.60 "DELETE /v2.0/subnets/2ac9045c-640e-4896-8e59-c8cebd6364f0 HTTP/1.1" status: 204 len: 168 time: 0.2648036
2026-06-24 19:12:43.317 9 INFO neutron.db.ovn_revision_numbers_db [None req-3e980245-e267-4bf7-a831-c9b46623fa9e 0d30fd43087b480688503ef597652bdb 8ab5d85dbd3944269f238033df819e9e - - default default] Successfully bumped revision number for resource cd30ba89-230b-43a0-a4ba-0b08c8ace711 (type: security_groups) to 1
2026-06-24 19:12:43.337 9 INFO neutron.db.ovn_revision_numbers_db [None req-3e980245-e267-4bf7-a831-c9b46623fa9e 0d30fd43087b480688503ef597652bdb 8ab5d85dbd3944269f238033df819e9e - - default default] Successfully bumped revision number for resource 6b09ec96-8631-48ac-b7a3-de8e7023117e (type: security_group_rules) to 0
2026-06-24 19:12:43.352 9 INFO neutron.db.ovn_revision_numbers_db [None req-3e980245-e267-4bf7-a831-c9b46623fa9e 0d30fd43087b480688503ef597652bdb 8ab5d85dbd3944269f238033df819e9e - - default default] Successfully bumped revision number for resource 8e5db8c0-4f1b-46b5-bd13-c367d9fd7671 (type: security_group_rules) to 0
2026-06-24 19:12:43.372 9 INFO neutron.db.ovn_revision_numbers_db [None req-3e980245-e267-4bf7-a831-c9b46623fa9e 0d30fd43087b480688503ef597652bdb 8ab5d85dbd3944269f238033df819e9e - - default default] Successfully bumped revision number for resource bec4bd54-200f-4c8e-bbd3-2e5a20251c3a (type: security_group_rules) to 0
2026-06-24 19:12:43.392 9 INFO neutron.db.ovn_revision_numbers_db [None req-3e980245-e267-4bf7-a831-c9b46623fa9e 0d30fd43087b480688503ef597652bdb 8ab5d85dbd3944269f238033df819e9e - - default default] Successfully bumped revision number for resource d3f698f2-0ee7-4edd-a586-1dc1f0127231 (type: security_group_rules) to 0
2026-06-24 19:12:43.428 9 INFO neutron.wsgi [None req-3e980245-e267-4bf7-a831-c9b46623fa9e 0d30fd43087b480688503ef597652bdb 8ab5d85dbd3944269f238033df819e9e - - default default] 10.0.0.60 "GET /v2.0/security-groups?tenant_id=beb3df7585f4487bb22e22deb1f05cec&name=default HTTP/1.1" status: 200 len: 2996 time: 0.2512178
2026-06-24 19:12:43.666 9 INFO neutron.wsgi [None req-2d605932-cd40-42ee-8fdb-b8a4fcae643e 0d30fd43087b480688503ef597652bdb 8ab5d85dbd3944269f238033df819e9e - - default default] 10.0.0.60 "DELETE /v2.0/security-groups/cd30ba89-230b-43a0-a4ba-0b08c8ace711 HTTP/1.1" status: 204 len: 168 time: 0.2310710
2026-06-24 19:12:43.833 10 INFO neutron.services.segments.plugin [-] Segment ed0f0804-e699-4b4e-8ae0-7bb95eebdbe3 resource provider aggregate not found
2026-06-24 19:12:43.841 10 INFO neutron.services.segments.plugin [-] Segment ed0f0804-e699-4b4e-8ae0-7bb95eebdbe3 resource provider aggregate not found
2026-06-24 19:12:43.874 10 INFO neutron.services.segments.plugin [-] Segment ed0f0804-e699-4b4e-8ae0-7bb95eebdbe3 resource provider not found; error: Placement Client Error (4xx): {"errors": [{"status": 404, "title": "Not Found", "detail": "The resource could not be found.\n\n No resource provider with uuid ed0f0804-e699-4b4e-8ae0-7bb95eebdbe3 found for delete ", "request_id": "req-333cbea1-b657-42e0-9c40-3af71f990c91"}]}
2026-06-24 19:12:43.886 10 INFO neutron.services.segments.plugin [-] Segment ed0f0804-e699-4b4e-8ae0-7bb95eebdbe3 resource provider not found; error: Placement Client Error (4xx): {"errors": [{"status": 404, "title": "Not Found", "detail": "The resource could not be found.\n\n No resource provider with uuid ed0f0804-e699-4b4e-8ae0-7bb95eebdbe3 found for delete ", "request_id": "req-533e0f57-4587-4577-8106-aa41b0df21fa"}]}
2026-06-24 19:12:43.928 10 INFO neutron.wsgi [None req-f87a566f-def5-429a-9c04-38929916db40 0d30fd43087b480688503ef597652bdb 8ab5d85dbd3944269f238033df819e9e - - default default] 10.0.0.60 "DELETE /v2.0/networks/19853787-ce4e-4687-909e-2b147365321e HTTP/1.1" status: 204 len: 168 time: 0.6491091
2026-06-24 19:12:44.263 10 INFO neutron.wsgi [None req-364171e2-e0e3-4f1f-9ed5-6b7417b88547 0d30fd43087b480688503ef597652bdb 8ab5d85dbd3944269f238033df819e9e - - default default] 10.0.0.60 "GET /v2.0/security-groups?tenant_id=b6d94e4a96a443c3b6ea51d59a499bc4&name=default HTTP/1.1" status: 200 len: 2996 time: 0.0830727
2026-06-24 19:12:44.419 10 INFO neutron.wsgi [None req-a120848f-537a-4274-be46-3512ccfd507e 0d30fd43087b480688503ef597652bdb 8ab5d85dbd3944269f238033df819e9e - - default default] 10.0.0.60 "PUT /v2.0/routers/f48610c4-91c1-41b9-989c-8934e1fd94a7/remove_router_interface HTTP/1.1" status: 200 len: 503 time: 1.2794139
2026-06-24 19:12:44.580 10 INFO neutron.wsgi [None req-d8e2978d-4761-4e38-b460-e26ee075001f 0d30fd43087b480688503ef597652bdb 8ab5d85dbd3944269f238033df819e9e - - default default] 10.0.0.60 "DELETE /v2.0/security-groups/02375179-3aa7-453b-9c0f-8852e5d356c6 HTTP/1.1" status: 204 len: 168 time: 0.3128252
2026-06-24 19:12:45.163 9 INFO neutron.wsgi [None req-01c208e1-0e11-4d63-aff2-be9954ac393b 0d30fd43087b480688503ef597652bdb 8ab5d85dbd3944269f238033df819e9e - - default default] 10.0.0.60 "DELETE /v2.0/routers/f48610c4-91c1-41b9-989c-8934e1fd94a7 HTTP/1.1" status: 204 len: 168 time: 0.7334027
2026-06-24 19:12:45.376 9 INFO neutron.wsgi [None req-1818a124-d025-4787-822c-a5b9efa5608c 0d30fd43087b480688503ef597652bdb 8ab5d85dbd3944269f238033df819e9e - - default default] 10.0.0.60 "DELETE /v2.0/subnets/b0a22843-a210-4e42-b99b-2d7df938eadb HTTP/1.1" status: 204 len: 168 time: 0.2021356
2026-06-24 19:12:45.797 9 INFO neutron.services.segments.plugin [-] Segment 0957ae6d-261f-4013-a1c3-6c36743ce81f resource provider aggregate not found
2026-06-24 19:12:45.803 9 INFO neutron.services.segments.plugin [-] Segment 0957ae6d-261f-4013-a1c3-6c36743ce81f resource provider aggregate not found
2026-06-24 19:12:45.826 9 INFO neutron.services.segments.plugin [-] Segment 0957ae6d-261f-4013-a1c3-6c36743ce81f resource provider not found; error: Placement Client Error (4xx): {"errors": [{"status": 404, "title": "Not Found", "detail": "The resource could not be found.\n\n No resource provider with uuid 0957ae6d-261f-4013-a1c3-6c36743ce81f found for delete ", "request_id": "req-11aa0798-11d4-4fb9-95b9-f5164be93a10"}]}
2026-06-24 19:12:45.831 9 INFO neutron.services.segments.plugin [-] Segment 0957ae6d-261f-4013-a1c3-6c36743ce81f resource provider not found; error: Placement Client Error (4xx): {"errors": [{"status": 404, "title": "Not Found", "detail": "The resource could not be found.\n\n No resource provider with uuid 0957ae6d-261f-4013-a1c3-6c36743ce81f found for delete ", "request_id": "req-d6cf7d5e-42c6-4a3c-9a92-99014a391039"}]}
2026-06-24 19:12:45.851 9 INFO neutron.wsgi [None req-73c9f1d7-ee0f-4e84-bb89-cefea1cc1ee8 0d30fd43087b480688503ef597652bdb 8ab5d85dbd3944269f238033df819e9e - - default default] 10.0.0.60 "DELETE /v2.0/networks/ef65b1b1-68dc-442c-b3ca-ea6e9a73e065 HTTP/1.1" status: 204 len: 168 time: 0.4626687 /var/lib/openstack/lib/python3.10/site-packages/pycadf/identifier.py:71: UserWarning: Invalid uuid: neutron. To ensure interoperability, identifiers should be a valid uuid. warnings.warn(('Invalid uuid: %s. To ensure interoperability, '
2026-06-24 19:12:46.134 10 INFO neutron.wsgi [None req-d3164ae6-5b7f-471e-84ac-2197b8cc9f03 0d30fd43087b480688503ef597652bdb 8ab5d85dbd3944269f238033df819e9e - - default default] 10.0.0.60 "GET /v2.0/security-groups?tenant_id=e050827e3b6a46328a7cdbf98c43781c&name=default HTTP/1.1" status: 200 len: 2996 time: 0.0413256
2026-06-24 19:12:46.370 10 INFO neutron.wsgi [None req-87082a06-1358-46f9-b404-3174f2d25324 0d30fd43087b480688503ef597652bdb 8ab5d85dbd3944269f238033df819e9e - - default default] 10.0.0.60 "DELETE /v2.0/security-groups/6c34c001-ca13-4ff5-b162-38338b9431ca HTTP/1.1" status: 204 len: 168 time: 0.2303002
2026-06-24 19:12:47.174 10 INFO neutron.db.ovn_revision_numbers_db [None req-fd5d4284-2a23-4a8b-804c-3f6ba9e1d5ef 0d30fd43087b480688503ef597652bdb 8ab5d85dbd3944269f238033df819e9e - - default default] Successfully bumped revision number for resource 3f17c001-4442-462a-a936-b4f6057c500d (type: security_groups) to 1
2026-06-24 19:12:47.198 10 INFO neutron.db.ovn_revision_numbers_db [None req-fd5d4284-2a23-4a8b-804c-3f6ba9e1d5ef 0d30fd43087b480688503ef597652bdb 8ab5d85dbd3944269f238033df819e9e - - default default] Successfully bumped revision number for resource 0cf6388d-3fbc-4d81-89b4-91ca0344f4a5 (type: security_group_rules) to 0
2026-06-24 19:12:47.216 10 INFO neutron.db.ovn_revision_numbers_db [None req-fd5d4284-2a23-4a8b-804c-3f6ba9e1d5ef 0d30fd43087b480688503ef597652bdb 8ab5d85dbd3944269f238033df819e9e - - default default] Successfully bumped revision number for resource 826b572a-6dcb-4d0b-88de-b2414ebfc4ad (type: security_group_rules) to 0
2026-06-24 19:12:47.248 10 INFO neutron.db.ovn_revision_numbers_db [None req-fd5d4284-2a23-4a8b-804c-3f6ba9e1d5ef 0d30fd43087b480688503ef597652bdb 8ab5d85dbd3944269f238033df819e9e - - default default] Successfully bumped revision number for resource d3a64856-c697-4aba-ae66-22d321ee1c6e (type: security_group_rules) to 0
2026-06-24 19:12:47.276 10 INFO neutron.db.ovn_revision_numbers_db [None req-fd5d4284-2a23-4a8b-804c-3f6ba9e1d5ef 0d30fd43087b480688503ef597652bdb 8ab5d85dbd3944269f238033df819e9e - - default default] Successfully bumped revision number for resource dbee15a5-579b-42b7-a58f-38fa11360891 (type: security_group_rules) to 0
2026-06-24 19:12:47.355 10 INFO neutron.db.segments_db [None req-fd5d4284-2a23-4a8b-804c-3f6ba9e1d5ef 0d30fd43087b480688503ef597652bdb 8ab5d85dbd3944269f238033df819e9e - - default default] Added segment a7bf47df-1027-4ac5-96ef-f713a20904bc of type geneve for network 286f6db8-0b4d-43ad-a99b-c883fd2e087b
2026-06-24 19:12:47.422 10 INFO neutron.db.ovn_revision_numbers_db [None req-4dd9a129-a7dd-4656-8c54-dce2a85894b0 0d30fd43087b480688503ef597652bdb 8ab5d85dbd3944269f238033df819e9e - - default default] Successfully bumped revision number for resource 9d1144f3-8188-47cd-a4f9-362911fed6c9 (type: security_groups) to 1
2026-06-24 19:12:47.456 10 INFO neutron.db.ovn_revision_numbers_db [None req-4dd9a129-a7dd-4656-8c54-dce2a85894b0 0d30fd43087b480688503ef597652bdb 8ab5d85dbd3944269f238033df819e9e - - default default] Successfully bumped revision number for resource a7bf8f33-b79e-4f05-8f9a-a02a25c3dc07 (type: security_group_rules) to 0
2026-06-24 19:12:47.481 10 INFO neutron.db.ovn_revision_numbers_db [None req-4dd9a129-a7dd-4656-8c54-dce2a85894b0 0d30fd43087b480688503ef597652bdb 8ab5d85dbd3944269f238033df819e9e - - default default] Successfully bumped revision number for resource b888d0da-2c47-496e-8365-4b21384b39f6 (type: security_group_rules) to 0
2026-06-24 19:12:47.526 10 INFO neutron.db.ovn_revision_numbers_db [None req-4dd9a129-a7dd-4656-8c54-dce2a85894b0 0d30fd43087b480688503ef597652bdb 8ab5d85dbd3944269f238033df819e9e - - default default] Successfully bumped revision number for resource c349f669-a4bb-4c0b-a684-9e2db4ff182a (type: security_group_rules) to 0
2026-06-24 19:12:47.547 10 INFO neutron.db.ovn_revision_numbers_db [None req-fd5d4284-2a23-4a8b-804c-3f6ba9e1d5ef 0d30fd43087b480688503ef597652bdb 8ab5d85dbd3944269f238033df819e9e - - default default] Successfully bumped revision number for resource 286f6db8-0b4d-43ad-a99b-c883fd2e087b (type: networks) to 1
2026-06-24 19:12:47.550 10 INFO neutron.db.ovn_revision_numbers_db [None req-4dd9a129-a7dd-4656-8c54-dce2a85894b0 0d30fd43087b480688503ef597652bdb 8ab5d85dbd3944269f238033df819e9e - - default default] Successfully bumped revision number for resource c5e24935-be16-44c2-878d-7bc91c55f369 (type: security_group_rules) to 0
2026-06-24 19:12:47.702 10 INFO neutron.wsgi [None req-4dd9a129-a7dd-4656-8c54-dce2a85894b0 0d30fd43087b480688503ef597652bdb 8ab5d85dbd3944269f238033df819e9e - - default default] 10.0.0.60 "GET /v2.0/security-groups?tenant_id=8f5364324f844b9b88c64ae655029504&name=default HTTP/1.1" status: 200 len: 2996 time: 0.5301936
2026-06-24 19:12:47.890 10 WARNING neutron.scheduler.dhcp_agent_scheduler [None req-fd5d4284-2a23-4a8b-804c-3f6ba9e1d5ef 0d30fd43087b480688503ef597652bdb 8ab5d85dbd3944269f238033df819e9e - - default default] No more DHCP agents
2026-06-24 19:12:47.892 10 WARNING neutron.api.rpc.agentnotifiers.dhcp_rpc_agent_api [None req-fd5d4284-2a23-4a8b-804c-3f6ba9e1d5ef 0d30fd43087b480688503ef597652bdb 8ab5d85dbd3944269f238033df819e9e - - default default] Unable to schedule network 286f6db8-0b4d-43ad-a99b-c883fd2e087b: no agents available; will retry on subsequent port and subnet creation events.
2026-06-24 19:12:47.962 9 INFO neutron.wsgi [None req-abfe96a5-a13f-4d5a-806b-c794259262d7 0d30fd43087b480688503ef597652bdb 8ab5d85dbd3944269f238033df819e9e - - default default] 10.0.0.60 "DELETE /v2.0/security-groups/9d1144f3-8188-47cd-a4f9-362911fed6c9 HTTP/1.1" status: 204 len: 168 time: 0.2468102
2026-06-24 19:12:47.982 10 INFO neutron.db.ovn_revision_numbers_db [None req-fd5d4284-2a23-4a8b-804c-3f6ba9e1d5ef 0d30fd43087b480688503ef597652bdb 8ab5d85dbd3944269f238033df819e9e - - default default] Successfully bumped revision number for resource a5abad2d-aecc-40a0-8d1f-dc4d10de2775 (type: ports) to 1
2026-06-24 19:12:48.003 10 INFO neutron.wsgi [None req-fd5d4284-2a23-4a8b-804c-3f6ba9e1d5ef 0d30fd43087b480688503ef597652bdb 8ab5d85dbd3944269f238033df819e9e - - default default] 10.0.0.60 "POST /v2.0/networks HTTP/1.1" status: 201 len: 950 time: 1.1453829
2026-06-24 19:12:48.155 10 WARNING neutron.scheduler.dhcp_agent_scheduler [None req-4f3ad02e-2123-4bd2-bfb9-b3d24be1fdb4 0d30fd43087b480688503ef597652bdb 8ab5d85dbd3944269f238033df819e9e - - default default] No more DHCP agents
2026-06-24 19:12:48.157 10 WARNING neutron.api.rpc.agentnotifiers.dhcp_rpc_agent_api [None req-4f3ad02e-2123-4bd2-bfb9-b3d24be1fdb4 0d30fd43087b480688503ef597652bdb 8ab5d85dbd3944269f238033df819e9e - - default default] Unable to schedule network 286f6db8-0b4d-43ad-a99b-c883fd2e087b: no agents available; will retry on subsequent port and subnet creation events.
2026-06-24 19:12:48.232 9 INFO neutron.db.ovn_revision_numbers_db [None req-bb89877b-c157-4717-a70f-b3dbcd23874d 0d30fd43087b480688503ef597652bdb 8ab5d85dbd3944269f238033df819e9e - - default default] Successfully bumped revision number for resource ad9e66af-a4df-4663-a030-fc8eb1c87cd9 (type: security_groups) to 1
2026-06-24 19:12:48.252 9 INFO neutron.db.ovn_revision_numbers_db [None req-bb89877b-c157-4717-a70f-b3dbcd23874d 0d30fd43087b480688503ef597652bdb 8ab5d85dbd3944269f238033df819e9e - - default default] Successfully bumped revision number for resource 47dd94e3-0cbd-498f-a7a8-7b895b05e33c (type: security_group_rules) to 0
2026-06-24 19:12:48.275 9 INFO neutron.db.ovn_revision_numbers_db [None req-bb89877b-c157-4717-a70f-b3dbcd23874d 0d30fd43087b480688503ef597652bdb 8ab5d85dbd3944269f238033df819e9e - - default default] Successfully bumped revision number for resource 773ad3a0-b96f-47ff-b887-394d1135166c (type: security_group_rules) to 0
2026-06-24 19:12:48.291 9 INFO neutron.db.ovn_revision_numbers_db [None req-bb89877b-c157-4717-a70f-b3dbcd23874d 0d30fd43087b480688503ef597652bdb 8ab5d85dbd3944269f238033df819e9e - - default default] Successfully bumped revision number for resource 7892da13-f0ea-49a0-aed7-5b07605912b9 (type: security_group_rules) to 0
2026-06-24 19:12:48.304 9 INFO neutron.db.ovn_revision_numbers_db [None req-bb89877b-c157-4717-a70f-b3dbcd23874d 0d30fd43087b480688503ef597652bdb 8ab5d85dbd3944269f238033df819e9e - - default default] Successfully bumped revision number for resource a59e3af7-2098-47cd-8eb8-edc976fb257e (type: security_group_rules) to 0
2026-06-24 19:12:48.330 9 INFO neutron.wsgi [None req-bb89877b-c157-4717-a70f-b3dbcd23874d 0d30fd43087b480688503ef597652bdb 8ab5d85dbd3944269f238033df819e9e - - default default] 10.0.0.60 "GET /v2.0/security-groups?tenant_id=d6518c2578364d248ef4b42c332f4136&name=default HTTP/1.1" status: 200 len: 2996 time: 0.2105367
2026-06-24 19:12:48.475 10 INFO neutron.db.ovn_revision_numbers_db [None req-503f2fab-f3cb-4604-b7ae-7a4047cc5fd5 0d30fd43087b480688503ef597652bdb 8ab5d85dbd3944269f238033df819e9e - - default default] Successfully bumped revision number for resource 42661f4a-1239-45c9-b6c1-3934d3123ff5 (type: security_groups) to 1
2026-06-24 19:12:48.501 10 INFO neutron.db.ovn_revision_numbers_db [None req-503f2fab-f3cb-4604-b7ae-7a4047cc5fd5 0d30fd43087b480688503ef597652bdb 8ab5d85dbd3944269f238033df819e9e - - default default] Successfully bumped revision number for resource 37c2967d-9eab-4806-a4fb-76832fe8a46f (type: security_group_rules) to 0
2026-06-24 19:12:48.524 10 INFO neutron.db.ovn_revision_numbers_db [None req-503f2fab-f3cb-4604-b7ae-7a4047cc5fd5 0d30fd43087b480688503ef597652bdb 8ab5d85dbd3944269f238033df819e9e - - default default] Successfully bumped revision number for resource 39dd4ce2-83dc-4965-9699-030ecd6fcbb2 (type: security_group_rules) to 0
2026-06-24 19:12:48.552 10 INFO neutron.db.ovn_revision_numbers_db [None req-503f2fab-f3cb-4604-b7ae-7a4047cc5fd5 0d30fd43087b480688503ef597652bdb 8ab5d85dbd3944269f238033df819e9e - - default default] Successfully bumped revision number for resource 87b9b4ce-ee0a-4103-b79a-dab768c7b041 (type: security_group_rules) to 0
2026-06-24 19:12:48.571 9 INFO neutron.wsgi [None req-b0358c28-4c2f-4f35-bd6e-471dce01e287 0d30fd43087b480688503ef597652bdb 8ab5d85dbd3944269f238033df819e9e - - default default] 10.0.0.60 "DELETE /v2.0/security-groups/ad9e66af-a4df-4663-a030-fc8eb1c87cd9 HTTP/1.1" status: 204 len: 168 time: 0.2353835
2026-06-24 19:12:48.574 10 INFO neutron.db.ovn_revision_numbers_db [None req-503f2fab-f3cb-4604-b7ae-7a4047cc5fd5 0d30fd43087b480688503ef597652bdb 8ab5d85dbd3944269f238033df819e9e - - default default] Successfully bumped revision number for resource e52b0970-8c94-44db-92a3-19c2bc3d8750 (type: security_group_rules) to 0
2026-06-24 19:12:48.610 10 INFO neutron.wsgi [None req-503f2fab-f3cb-4604-b7ae-7a4047cc5fd5 0d30fd43087b480688503ef597652bdb 8ab5d85dbd3944269f238033df819e9e - - default default] 10.0.0.60 "GET /v2.0/security-groups?tenant_id=64ae95919cbf4d9f9a077a0f9c31a068&name=default HTTP/1.1" status: 200 len: 2996 time: 0.4931071
2026-06-24 19:12:48.672 10 INFO neutron.db.ovn_revision_numbers_db [None req-4f3ad02e-2123-4bd2-bfb9-b3d24be1fdb4 0d30fd43087b480688503ef597652bdb 8ab5d85dbd3944269f238033df819e9e - - default default] Successfully bumped revision number for resource a5abad2d-aecc-40a0-8d1f-dc4d10de2775 (type: ports) to 2
2026-06-24 19:12:48.706 10 INFO neutron.db.ovn_revision_numbers_db [None req-4f3ad02e-2123-4bd2-bfb9-b3d24be1fdb4 0d30fd43087b480688503ef597652bdb 8ab5d85dbd3944269f238033df819e9e - - default default] Successfully bumped revision number for resource ef3598c7-f7d2-4644-9b6a-abafb1de0719 (type: subnets) to 0
2026-06-24 19:12:48.719 10 INFO neutron.wsgi [None req-4f3ad02e-2123-4bd2-bfb9-b3d24be1fdb4 0d30fd43087b480688503ef597652bdb 8ab5d85dbd3944269f238033df819e9e - - default default] 10.0.0.60 "POST /v2.0/subnets HTTP/1.1" status: 201 len: 870 time: 0.7123666
2026-06-24 19:12:48.829 9 INFO neutron.wsgi [None req-97ed9060-45a4-4818-8be4-83665b34d793 0d30fd43087b480688503ef597652bdb 8ab5d85dbd3944269f238033df819e9e - - default default] 10.0.0.60 "DELETE /v2.0/security-groups/42661f4a-1239-45c9-b6c1-3934d3123ff5 HTTP/1.1" status: 204 len: 168 time: 0.2123942
2026-06-24 19:12:49.173 10 WARNING neutron.scheduler.dhcp_agent_scheduler [None req-d0268e67-f33a-42a9-a44e-df56c8a30d2e 0d30fd43087b480688503ef597652bdb 8ab5d85dbd3944269f238033df819e9e - - default default] No more DHCP agents
2026-06-24 19:12:49.174 10 WARNING neutron.api.rpc.agentnotifiers.dhcp_rpc_agent_api [None req-d0268e67-f33a-42a9-a44e-df56c8a30d2e 0d30fd43087b480688503ef597652bdb 8ab5d85dbd3944269f238033df819e9e - - default default] Unable to schedule network f0dad41d-bdd4-4996-be46-9a646b1fc56e: no agents available; will retry on subsequent port and subnet creation events.
2026-06-24 19:12:49.579 10 INFO neutron.db.ovn_revision_numbers_db [None req-d0268e67-f33a-42a9-a44e-df56c8a30d2e 0d30fd43087b480688503ef597652bdb 8ab5d85dbd3944269f238033df819e9e - - default default] Successfully bumped revision number for resource 1e786746-1bf9-4508-8bf3-a8a75ddff9b1 (type: ports) to 1
2026-06-24 19:12:49.786 9 INFO neutron.db.ovn_revision_numbers_db [None req-128b54a8-0fb3-45a7-8e03-4fce0eb84779 0d30fd43087b480688503ef597652bdb 8ab5d85dbd3944269f238033df819e9e - - default default] Successfully bumped revision number for resource fa88c53a-0a6d-4f96-a0ef-f032ea6db7a1 (type: security_groups) to 1
2026-06-24 19:12:49.809 9 INFO neutron.db.ovn_revision_numbers_db [None req-128b54a8-0fb3-45a7-8e03-4fce0eb84779 0d30fd43087b480688503ef597652bdb 8ab5d85dbd3944269f238033df819e9e - - default default] Successfully bumped revision number for resource 52de0181-d013-41fa-aedc-965e48bb5ebf (type: security_group_rules) to 0
2026-06-24 19:12:49.825 9 INFO neutron.db.ovn_revision_numbers_db [None req-128b54a8-0fb3-45a7-8e03-4fce0eb84779 0d30fd43087b480688503ef597652bdb 8ab5d85dbd3944269f238033df819e9e - - default default] Successfully bumped revision number for resource 9ed2d1f0-a9a6-4cb6-aea9-db8189dfc979 (type: security_group_rules) to 0
2026-06-24 19:12:49.844 9 INFO neutron.db.ovn_revision_numbers_db [None req-128b54a8-0fb3-45a7-8e03-4fce0eb84779 0d30fd43087b480688503ef597652bdb 8ab5d85dbd3944269f238033df819e9e - - default default] Successfully bumped revision number for resource b1b44d3d-76f1-4e5b-b7af-7cee00409e4f (type: security_group_rules) to 0
2026-06-24 19:12:49.860 9 INFO neutron.db.ovn_revision_numbers_db [None req-128b54a8-0fb3-45a7-8e03-4fce0eb84779 0d30fd43087b480688503ef597652bdb 8ab5d85dbd3944269f238033df819e9e - - default default] Successfully bumped revision number for resource f6f7073f-8c12-415a-8bb5-01be621c607f (type: security_group_rules) to 0
2026-06-24 19:12:49.886 9 INFO neutron.wsgi [None req-128b54a8-0fb3-45a7-8e03-4fce0eb84779 0d30fd43087b480688503ef597652bdb 8ab5d85dbd3944269f238033df819e9e - - default default] 10.0.0.60 "GET /v2.0/security-groups?tenant_id=294aa181469744ca912b89d168dc0b6c&name=default HTTP/1.1" status: 200 len: 2996 time: 0.4420717
2026-06-24 19:12:50.240 10 INFO neutron.wsgi [None req-35596cd7-930e-46f5-9521-efb0e9534619 0d30fd43087b480688503ef597652bdb 8ab5d85dbd3944269f238033df819e9e - - default default] 10.0.0.60 "DELETE /v2.0/security-groups/fa88c53a-0a6d-4f96-a0ef-f032ea6db7a1 HTTP/1.1" status: 204 len: 168 time: 0.3475235
2026-06-24 19:12:50.267 10 INFO neutron.plugins.ml2.drivers.ovn.mech_driver.mech_driver [None req-7a8317e2-15ab-42fc-9706-817bc314ad69 - - - - - -] OVN reports status up for port: 1e786746-1bf9-4508-8bf3-a8a75ddff9b1
2026-06-24 19:12:50.288 10 INFO neutron.plugins.ml2.drivers.ovn.mech_driver.ovsdb.ovsdb_monitor [None req-7c3a6aa3-6fb1-43f6-916a-8cdf4d5506e3 - - - - - -] Router 63bab3c0-bdb9-4707-873a-d653193d672c is bound to host instance
2026-06-24 19:12:50.316 10 INFO neutron.plugins.ml2.plugin [None req-7a8317e2-15ab-42fc-9706-817bc314ad69 - - - - - -] Attempt 1 to provision port 1e786746-1bf9-4508-8bf3-a8a75ddff9b1
2026-06-24 19:12:50.360 10 INFO neutron.db.ovn_revision_numbers_db [None req-d0268e67-f33a-42a9-a44e-df56c8a30d2e 0d30fd43087b480688503ef597652bdb 8ab5d85dbd3944269f238033df819e9e - - default default] Successfully bumped revision number for resource 1e786746-1bf9-4508-8bf3-a8a75ddff9b1 (type: router_ports) to 1
2026-06-24 19:12:50.487 10 INFO neutron.db.ovn_revision_numbers_db [None req-d0268e67-f33a-42a9-a44e-df56c8a30d2e 0d30fd43087b480688503ef597652bdb 8ab5d85dbd3944269f238033df819e9e - - default default] Successfully bumped revision number for resource 63bab3c0-bdb9-4707-873a-d653193d672c (type: routers) to 2
2026-06-24 19:12:50.506 10 INFO neutron.wsgi [None req-d0268e67-f33a-42a9-a44e-df56c8a30d2e 0d30fd43087b480688503ef597652bdb 8ab5d85dbd3944269f238033df819e9e - - default default] 10.0.0.60 "POST /v2.0/routers HTTP/1.1" status: 201 len: 881 time: 1.7816057
2026-06-24 19:12:51.015 9 INFO neutron.db.ovn_revision_numbers_db [None req-d11450e0-4595-403a-b594-0608a88acd2a 0d30fd43087b480688503ef597652bdb 8ab5d85dbd3944269f238033df819e9e - - default default] Successfully bumped revision number for resource 6f7d1398-5fd0-48ee-a2f6-d4e1ace130fc (type: security_groups) to 1
2026-06-24 19:12:51.038 9 INFO neutron.db.ovn_revision_numbers_db [None req-d11450e0-4595-403a-b594-0608a88acd2a 0d30fd43087b480688503ef597652bdb 8ab5d85dbd3944269f238033df819e9e - - default default] Successfully bumped revision number for resource 19910d9d-0ff5-4b40-9853-a621f3dd6943 (type: security_group_rules) to 0
2026-06-24 19:12:51.063 9 INFO neutron.db.ovn_revision_numbers_db [None req-d11450e0-4595-403a-b594-0608a88acd2a 0d30fd43087b480688503ef597652bdb 8ab5d85dbd3944269f238033df819e9e - - default default] Successfully bumped revision number for resource 79fd55a5-5bca-4620-a14d-e74b269e0612 (type: security_group_rules) to 0
2026-06-24 19:12:51.079 9 INFO neutron.db.ovn_revision_numbers_db [None req-d11450e0-4595-403a-b594-0608a88acd2a 0d30fd43087b480688503ef597652bdb 8ab5d85dbd3944269f238033df819e9e - - default default] Successfully bumped revision number for resource b0f3b5c9-316a-4f46-b9be-2ad8f5812aad (type: security_group_rules) to 0
2026-06-24 19:12:51.095 9 INFO neutron.db.ovn_revision_numbers_db [None req-d11450e0-4595-403a-b594-0608a88acd2a 0d30fd43087b480688503ef597652bdb 8ab5d85dbd3944269f238033df819e9e - - default default] Successfully bumped revision number for resource fb51214a-3803-418f-be8a-8e3867a8818b (type: security_group_rules) to 0
2026-06-24 19:12:51.148 10 INFO neutron.db.ovn_revision_numbers_db [None req-7c3a6aa3-6fb1-43f6-916a-8cdf4d5506e3 - - - - - -] Successfully bumped revision number for resource 1e786746-1bf9-4508-8bf3-a8a75ddff9b1 (type: ports) to 1
2026-06-24 19:12:51.158 9 INFO neutron.db.segments_db [None req-d11450e0-4595-403a-b594-0608a88acd2a 0d30fd43087b480688503ef597652bdb 8ab5d85dbd3944269f238033df819e9e - - default default] Added segment ce6087ed-18d1-4edc-a726-e711c9edd9f9 of type geneve for network 989f2852-d894-4e23-a2d1-9486c0a4438e
2026-06-24 19:12:51.160 10 WARNING neutron.scheduler.dhcp_agent_scheduler [None req-dfe8732f-e03e-4d82-9d9d-505e5eae7caa 0d30fd43087b480688503ef597652bdb 8ab5d85dbd3944269f238033df819e9e - - default default] No more DHCP agents
2026-06-24 19:12:51.164 10 WARNING neutron.api.rpc.agentnotifiers.dhcp_rpc_agent_api [None req-dfe8732f-e03e-4d82-9d9d-505e5eae7caa 0d30fd43087b480688503ef597652bdb 8ab5d85dbd3944269f238033df819e9e - - default default] Unable to schedule network 286f6db8-0b4d-43ad-a99b-c883fd2e087b: no agents available; will retry on subsequent port and subnet creation events.
2026-06-24 19:12:51.330 9 INFO neutron.db.ovn_revision_numbers_db [None req-d11450e0-4595-403a-b594-0608a88acd2a 0d30fd43087b480688503ef597652bdb 8ab5d85dbd3944269f238033df819e9e - - default default] Successfully bumped revision number for resource 989f2852-d894-4e23-a2d1-9486c0a4438e (type: networks) to 1
2026-06-24 19:12:51.409 10 INFO neutron.db.ovn_revision_numbers_db [None req-dfe8732f-e03e-4d82-9d9d-505e5eae7caa 0d30fd43087b480688503ef597652bdb 8ab5d85dbd3944269f238033df819e9e - - default default] Successfully bumped revision number for resource f90c0ba7-6bf6-4166-babd-a7d9e64bb966 (type: ports) to 1
2026-06-24 19:12:51.535 9 WARNING neutron.scheduler.dhcp_agent_scheduler [None req-d11450e0-4595-403a-b594-0608a88acd2a 0d30fd43087b480688503ef597652bdb 8ab5d85dbd3944269f238033df819e9e - - default default] No more DHCP agents
2026-06-24 19:12:51.541 9 WARNING neutron.api.rpc.agentnotifiers.dhcp_rpc_agent_api [None req-d11450e0-4595-403a-b594-0608a88acd2a 0d30fd43087b480688503ef597652bdb 8ab5d85dbd3944269f238033df819e9e - - default default] Unable to schedule network 989f2852-d894-4e23-a2d1-9486c0a4438e: no agents available; will retry on subsequent port and subnet creation events.
2026-06-24 19:12:51.636 9 INFO neutron.db.ovn_revision_numbers_db [None req-d11450e0-4595-403a-b594-0608a88acd2a 0d30fd43087b480688503ef597652bdb 8ab5d85dbd3944269f238033df819e9e - - default default] Successfully bumped revision number for resource e45a88df-797d-4129-8ea3-f9c4d69f370e (type: ports) to 1
2026-06-24 19:12:51.662 9 INFO neutron.wsgi [None req-d11450e0-4595-403a-b594-0608a88acd2a 0d30fd43087b480688503ef597652bdb 8ab5d85dbd3944269f238033df819e9e - - default default] 10.0.0.60 "POST /v2.0/networks HTTP/1.1" status: 201 len: 942 time: 0.9463308
2026-06-24 19:12:51.739 10 INFO neutron.db.ovn_revision_numbers_db [None req-7c3a6aa3-6fb1-43f6-916a-8cdf4d5506e3 - - - - - -] Successfully bumped revision number for resource 1e786746-1bf9-4508-8bf3-a8a75ddff9b1 (type: router_ports) to 3
2026-06-24 19:12:51.923 9 WARNING neutron.scheduler.dhcp_agent_scheduler [None req-38715e67-b604-4457-9a97-d49c665ae98b 0d30fd43087b480688503ef597652bdb 8ab5d85dbd3944269f238033df819e9e - - default default] No more DHCP agents
2026-06-24 19:12:51.925 9 WARNING neutron.api.rpc.agentnotifiers.dhcp_rpc_agent_api [None req-38715e67-b604-4457-9a97-d49c665ae98b 0d30fd43087b480688503ef597652bdb 8ab5d85dbd3944269f238033df819e9e - - default default] Unable to schedule network 989f2852-d894-4e23-a2d1-9486c0a4438e: no agents available; will retry on subsequent port and subnet creation events.
2026-06-24 19:12:51.948 10 INFO neutron.db.ovn_revision_numbers_db [None req-7c3a6aa3-6fb1-43f6-916a-8cdf4d5506e3 - - - - - -] Successfully bumped revision number for resource 1e786746-1bf9-4508-8bf3-a8a75ddff9b1 (type: ports) to 2
2026-06-24 19:12:52.225 10 INFO neutron.db.ovn_revision_numbers_db [None req-dfe8732f-e03e-4d82-9d9d-505e5eae7caa 0d30fd43087b480688503ef597652bdb 8ab5d85dbd3944269f238033df819e9e - - default default] Successfully bumped revision number for resource f90c0ba7-6bf6-4166-babd-a7d9e64bb966 (type: router_ports) to 1
2026-06-24 19:12:52.303 10 INFO neutron.db.ovn_revision_numbers_db [None req-7c3a6aa3-6fb1-43f6-916a-8cdf4d5506e3 - - - - - -] Successfully bumped revision number for resource 1e786746-1bf9-4508-8bf3-a8a75ddff9b1 (type: ports) to 4
2026-06-24 19:12:52.458 9 INFO neutron.plugins.ml2.drivers.ovn.mech_driver.mech_driver [None req-406106f4-f672-4df2-84d1-782bf5d1979d - - - - - -] OVN reports status up for port: f90c0ba7-6bf6-4166-babd-a7d9e64bb966
2026-06-24 19:12:52.471 10 INFO neutron.db.ovn_revision_numbers_db [None req-dfe8732f-e03e-4d82-9d9d-505e5eae7caa 0d30fd43087b480688503ef597652bdb 8ab5d85dbd3944269f238033df819e9e - - default default] Successfully bumped revision number for resource f90c0ba7-6bf6-4166-babd-a7d9e64bb966 (type: ports) to 1
2026-06-24 19:12:52.475 9 INFO neutron.plugins.ml2.plugin [None req-406106f4-f672-4df2-84d1-782bf5d1979d - - - - - -] Attempt 1 to provision port f90c0ba7-6bf6-4166-babd-a7d9e64bb966
2026-06-24 19:12:52.579 10 WARNING neutron.scheduler.dhcp_agent_scheduler [None req-dfe8732f-e03e-4d82-9d9d-505e5eae7caa 0d30fd43087b480688503ef597652bdb 8ab5d85dbd3944269f238033df819e9e - - default default] No more DHCP agents
2026-06-24 19:12:52.581 10 WARNING neutron.api.rpc.agentnotifiers.dhcp_rpc_agent_api [None req-dfe8732f-e03e-4d82-9d9d-505e5eae7caa 0d30fd43087b480688503ef597652bdb 8ab5d85dbd3944269f238033df819e9e - - default default] Unable to schedule network 286f6db8-0b4d-43ad-a99b-c883fd2e087b: no agents available; will retry on subsequent port and subnet creation events.
2026-06-24 19:12:52.661 10 INFO neutron.db.ovn_revision_numbers_db [None req-7c3a6aa3-6fb1-43f6-916a-8cdf4d5506e3 - - - - - -] Successfully bumped revision number for resource 1e786746-1bf9-4508-8bf3-a8a75ddff9b1 (type: router_ports) to 4
