2026-06-24 19:18:36.185 9 INFO neutron.wsgi [req-5cd9923e-0913-433a-978f-f6d3331d2ca3 req-4855cc32-134c-473a-bc71-96d035331506 52fb1c1d35b84731972f977a422be3f3 d981d0a38e964a60b943653fbdf58e01 - - d26bc9c440664ddfbfbb63b400620f3e d26bc9c440664ddfbfbb63b400620f3e] 199.19.213.235 "GET /v2.0/networks/9cb57a4d-f492-4694-b0bf-b24f93a56129?fields=provider%3Aphysical_network&fields=provider%3Anetwork_type HTTP/1.1" status: 200 len: 277 time: 0.0671976
2026-06-24 19:18:36.487 9 INFO neutron.wsgi [req-235f8864-aa0f-4563-99c2-d0f2c51051f8 req-d6fcbe65-1a8d-49ec-9d6d-b923bf195dc9 52fb1c1d35b84731972f977a422be3f3 d981d0a38e964a60b943653fbdf58e01 - - d26bc9c440664ddfbfbb63b400620f3e d26bc9c440664ddfbfbb63b400620f3e] 199.19.213.235 "GET /v2.0/ports?tenant_id=8ab5d85dbd3944269f238033df819e9e&device_id=f02b6171-2297-4a23-ab17-36458ed6f622 HTTP/1.1" status: 200 len: 4139 time: 0.0518494
2026-06-24 19:18:36.525 9 INFO neutron.wsgi [req-235f8864-aa0f-4563-99c2-d0f2c51051f8 req-70f22ccb-a183-42af-952b-d35b6191d99e 52fb1c1d35b84731972f977a422be3f3 d981d0a38e964a60b943653fbdf58e01 - - d26bc9c440664ddfbfbb63b400620f3e d26bc9c440664ddfbfbb63b400620f3e] 199.19.213.235 "GET /v2.0/floatingips?fixed_ip_address=172.24.1.99&port_id=cf99513a-e98e-4647-8dae-9ff9982e9f6f HTTP/1.1" status: 200 len: 217 time: 0.0317605
2026-06-24 19:18:36.570 9 INFO neutron.wsgi [req-235f8864-aa0f-4563-99c2-d0f2c51051f8 req-edb46e58-12dd-4cc7-9306-2eda19ce0f82 52fb1c1d35b84731972f977a422be3f3 d981d0a38e964a60b943653fbdf58e01 - - d26bc9c440664ddfbfbb63b400620f3e d26bc9c440664ddfbfbb63b400620f3e] 199.19.213.235 "GET /v2.0/subnets?id=f3bd5548-d792-434a-9bc9-55f2e742a936 HTTP/1.1" status: 200 len: 829 time: 0.0391338
2026-06-24 19:18:36.598 9 INFO neutron.wsgi [req-235f8864-aa0f-4563-99c2-d0f2c51051f8 req-ec23f877-eaed-432a-871e-88b622f4dda2 52fb1c1d35b84731972f977a422be3f3 d981d0a38e964a60b943653fbdf58e01 - - d26bc9c440664ddfbfbb63b400620f3e d26bc9c440664ddfbfbb63b400620f3e] 199.19.213.235 "GET /v2.0/ports?network_id=36c7fd95-314c-44bd-9ca4-fcce0f78c0a0&device_owner=network%3Adhcp HTTP/1.1" status: 200 len: 210 time: 0.0218878
2026-06-24 19:18:36.738 9 INFO neutron.wsgi [req-235f8864-aa0f-4563-99c2-d0f2c51051f8 req-a47b49c4-44ad-478f-aa29-b8193898994e 52fb1c1d35b84731972f977a422be3f3 d981d0a38e964a60b943653fbdf58e01 - - d26bc9c440664ddfbfbb63b400620f3e d26bc9c440664ddfbfbb63b400620f3e] 199.19.213.235 "GET /v2.0/networks/36c7fd95-314c-44bd-9ca4-fcce0f78c0a0?fields=segments HTTP/1.1" status: 200 len: 212 time: 0.1315999
2026-06-24 19:18:36.845 9 INFO neutron.wsgi [req-235f8864-aa0f-4563-99c2-d0f2c51051f8 req-fe143fb9-9008-410c-bd78-80582777df4a 52fb1c1d35b84731972f977a422be3f3 d981d0a38e964a60b943653fbdf58e01 - - d26bc9c440664ddfbfbb63b400620f3e d26bc9c440664ddfbfbb63b400620f3e] 199.19.213.235 "GET /v2.0/networks/36c7fd95-314c-44bd-9ca4-fcce0f78c0a0?fields=provider%3Aphysical_network&fields=provider%3Anetwork_type HTTP/1.1" status: 200 len: 277 time: 0.0989244
2026-06-24 19:18:36.876 9 INFO neutron.wsgi [req-235f8864-aa0f-4563-99c2-d0f2c51051f8 req-19a67167-77b0-45ca-9edb-c3840dc66163 52fb1c1d35b84731972f977a422be3f3 d981d0a38e964a60b943653fbdf58e01 - - d26bc9c440664ddfbfbb63b400620f3e d26bc9c440664ddfbfbb63b400620f3e] 199.19.213.235 "GET /v2.0/floatingips?fixed_ip_address=10.1.1.39&port_id=41900ec0-e1cb-487f-8794-8033892e8b9c HTTP/1.1" status: 200 len: 217 time: 0.0260518
2026-06-24 19:18:36.917 9 INFO neutron.wsgi [req-235f8864-aa0f-4563-99c2-d0f2c51051f8 req-76058c1f-a40f-4443-a174-085630d4f1d8 52fb1c1d35b84731972f977a422be3f3 d981d0a38e964a60b943653fbdf58e01 - - d26bc9c440664ddfbfbb63b400620f3e d26bc9c440664ddfbfbb63b400620f3e] 199.19.213.235 "GET /v2.0/subnets?id=3be2579d-1f87-4bc5-8691-292bb9254040 HTTP/1.1" status: 200 len: 854 time: 0.0378823
2026-06-24 19:18:36.944 9 INFO neutron.wsgi [req-235f8864-aa0f-4563-99c2-d0f2c51051f8 req-5d08aaea-043c-4fc2-a762-d4e86d54c4d4 52fb1c1d35b84731972f977a422be3f3 d981d0a38e964a60b943653fbdf58e01 - - d26bc9c440664ddfbfbb63b400620f3e d26bc9c440664ddfbfbb63b400620f3e] 199.19.213.235 "GET /v2.0/ports?network_id=37981c93-b59b-4311-806c-d5beea9aac63&device_owner=network%3Adhcp HTTP/1.1" status: 200 len: 210 time: 0.0196366
2026-06-24 19:18:37.012 9 INFO neutron.wsgi [req-235f8864-aa0f-4563-99c2-d0f2c51051f8 req-6670ff05-34cc-4a5d-a8ef-6b0e21f4fb6f 52fb1c1d35b84731972f977a422be3f3 d981d0a38e964a60b943653fbdf58e01 - - d26bc9c440664ddfbfbb63b400620f3e d26bc9c440664ddfbfbb63b400620f3e] 199.19.213.235 "GET /v2.0/networks/37981c93-b59b-4311-806c-d5beea9aac63?fields=segments HTTP/1.1" status: 200 len: 212 time: 0.0608864
2026-06-24 19:18:37.078 9 INFO neutron.wsgi [req-235f8864-aa0f-4563-99c2-d0f2c51051f8 req-541301e6-456e-401a-b4d6-9d45c584fd0e 52fb1c1d35b84731972f977a422be3f3 d981d0a38e964a60b943653fbdf58e01 - - d26bc9c440664ddfbfbb63b400620f3e d26bc9c440664ddfbfbb63b400620f3e] 199.19.213.235 "GET /v2.0/networks/37981c93-b59b-4311-806c-d5beea9aac63?fields=provider%3Aphysical_network&fields=provider%3Anetwork_type HTTP/1.1" status: 200 len: 277 time: 0.0578847
2026-06-24 19:18:37.109 9 INFO neutron.wsgi [req-235f8864-aa0f-4563-99c2-d0f2c51051f8 req-dd420697-a9f5-430d-8bb1-6d3786d3402e 52fb1c1d35b84731972f977a422be3f3 d981d0a38e964a60b943653fbdf58e01 - - d26bc9c440664ddfbfbb63b400620f3e d26bc9c440664ddfbfbb63b400620f3e] 199.19.213.235 "GET /v2.0/floatingips?fixed_ip_address=10.2.1.142&port_id=8c6e2db5-6530-4209-ae55-8f40718bc97c HTTP/1.1" status: 200 len: 217 time: 0.0234323
2026-06-24 19:18:37.150 9 INFO neutron.wsgi [req-235f8864-aa0f-4563-99c2-d0f2c51051f8 req-0f92c923-d676-41be-a645-18b3d99e399e 52fb1c1d35b84731972f977a422be3f3 d981d0a38e964a60b943653fbdf58e01 - - d26bc9c440664ddfbfbb63b400620f3e d26bc9c440664ddfbfbb63b400620f3e] 199.19.213.235 "GET /v2.0/floatingips?fixed_ip_address=fd7b%3Af9f7%3Afff%3A4eca%3A%3A99&port_id=8c6e2db5-6530-4209-ae55-8f40718bc97c HTTP/1.1" status: 200 len: 217 time: 0.0302770
2026-06-24 19:18:37.212 9 INFO neutron.wsgi [req-235f8864-aa0f-4563-99c2-d0f2c51051f8 req-5f83ef85-a974-4ba0-87ca-424afa5dc535 52fb1c1d35b84731972f977a422be3f3 d981d0a38e964a60b943653fbdf58e01 - - d26bc9c440664ddfbfbb63b400620f3e d26bc9c440664ddfbfbb63b400620f3e] 199.19.213.235 "GET /v2.0/subnets?id=7832daea-4a50-4ec7-887a-76c43e2fdb11&id=6dcde873-35aa-4696-a013-962716c8e0ed HTTP/1.1" status: 200 len: 1561 time: 0.0545278
2026-06-24 19:18:37.250 9 INFO neutron.wsgi [req-235f8864-aa0f-4563-99c2-d0f2c51051f8 req-f5140abb-ef22-460c-85b8-7417c31f7118 52fb1c1d35b84731972f977a422be3f3 d981d0a38e964a60b943653fbdf58e01 - - d26bc9c440664ddfbfbb63b400620f3e d26bc9c440664ddfbfbb63b400620f3e] 199.19.213.235 "GET /v2.0/ports?network_id=9cb57a4d-f492-4694-b0bf-b24f93a56129&device_owner=network%3Adhcp HTTP/1.1" status: 200 len: 210 time: 0.0322809
2026-06-24 19:18:37.291 9 INFO neutron.wsgi [req-235f8864-aa0f-4563-99c2-d0f2c51051f8 req-e7745d6e-0892-400a-b519-6b8ef6468968 52fb1c1d35b84731972f977a422be3f3 d981d0a38e964a60b943653fbdf58e01 - - d26bc9c440664ddfbfbb63b400620f3e d26bc9c440664ddfbfbb63b400620f3e] 199.19.213.235 "GET /v2.0/ports?network_id=9cb57a4d-f492-4694-b0bf-b24f93a56129&device_owner=network%3Adhcp HTTP/1.1" status: 200 len: 210 time: 0.0329080
2026-06-24 19:18:37.384 9 INFO neutron.wsgi [req-235f8864-aa0f-4563-99c2-d0f2c51051f8 req-c0f170ce-908b-400b-b9f3-278a6797931b 52fb1c1d35b84731972f977a422be3f3 d981d0a38e964a60b943653fbdf58e01 - - d26bc9c440664ddfbfbb63b400620f3e d26bc9c440664ddfbfbb63b400620f3e] 199.19.213.235 "GET /v2.0/networks/9cb57a4d-f492-4694-b0bf-b24f93a56129?fields=segments HTTP/1.1" status: 200 len: 212 time: 0.0851367
2026-06-24 19:18:37.460 9 INFO neutron.wsgi [req-235f8864-aa0f-4563-99c2-d0f2c51051f8 req-453ccf8e-f68d-4491-ade0-5a1e14adc5a5 52fb1c1d35b84731972f977a422be3f3 d981d0a38e964a60b943653fbdf58e01 - - d26bc9c440664ddfbfbb63b400620f3e d26bc9c440664ddfbfbb63b400620f3e] 199.19.213.235 "GET /v2.0/networks/9cb57a4d-f492-4694-b0bf-b24f93a56129?fields=provider%3Aphysical_network&fields=provider%3Anetwork_type HTTP/1.1" status: 200 len: 277 time: 0.0687432
2026-06-24 19:18:37.675 9 INFO neutron.plugins.ml2.drivers.ovn.mech_driver.mech_driver [None req-406106f4-f672-4df2-84d1-782bf5d1979d - - - - - -] OVN reports status up for port: 8c6e2db5-6530-4209-ae55-8f40718bc97c
2026-06-24 19:18:38.174 9 INFO neutron.plugins.ml2.plugin [None req-406106f4-f672-4df2-84d1-782bf5d1979d - - - - - -] Attempt 1 to provision port 8c6e2db5-6530-4209-ae55-8f40718bc97c
2026-06-24 19:18:38.302 9 INFO neutron.notifiers.nova [-] Nova event matching ['req-6ef0000c-5aab-496c-968e-fac4bb65b719'] response: {'server_uuid': 'f02b6171-2297-4a23-ab17-36458ed6f622', 'name': 'network-vif-plugged', 'status': 'completed', 'tag': '8c6e2db5-6530-4209-ae55-8f40718bc97c', 'code': 200}
2026-06-24 19:18:39.500 9 INFO neutron.db.ovn_revision_numbers_db [None req-406106f4-f672-4df2-84d1-782bf5d1979d - - - - - -] Successfully bumped revision number for resource 8c6e2db5-6530-4209-ae55-8f40718bc97c (type: ports) to 4 /var/lib/openstack/lib/python3.10/site-packages/pycadf/identifier.py:71: UserWarning: Invalid uuid: neutron. To ensure interoperability, identifiers should be a valid uuid. warnings.warn(('Invalid uuid: %s. To ensure interoperability, '
2026-06-24 19:18:39.993 9 INFO neutron.wsgi [req-235f8864-aa0f-4563-99c2-d0f2c51051f8 req-2e155be5-d5b8-4c93-8f1f-0294bd1754e8 0d30fd43087b480688503ef597652bdb 8ab5d85dbd3944269f238033df819e9e - - default default] 10.0.0.183 "GET /v2.0/ports/8c6e2db5-6530-4209-ae55-8f40718bc97c HTTP/1.1" status: 200 len: 1631 time: 0.0388761
2026-06-24 19:18:40.057 10 INFO neutron.wsgi [None req-a2007f50-b746-47f2-ad49-26a2c5b60a72 0d30fd43087b480688503ef597652bdb 8ab5d85dbd3944269f238033df819e9e - - default default] 199.19.213.235 "GET /v2.0/ports/8c6e2db5-6530-4209-ae55-8f40718bc97c HTTP/1.1" status: 200 len: 1631 time: 0.0513549
2026-06-24 19:18:40.093 10 INFO neutron.wsgi [None req-4090b03c-2d9c-4d56-8b3d-9111a8861844 0d30fd43087b480688503ef597652bdb 8ab5d85dbd3944269f238033df819e9e - - default default] 199.19.213.235 "GET /v2.0/ports/8c6e2db5-6530-4209-ae55-8f40718bc97c HTTP/1.1" status: 200 len: 1631 time: 0.0319154
2026-06-24 19:18:40.546 9 INFO neutron.notifiers.nova [-] Nova event matching ['req-34ffb6cb-16b4-4627-803d-e0d65097a1ca'] response: {'server_uuid': 'f02b6171-2297-4a23-ab17-36458ed6f622', 'name': 'network-vif-plugged', 'status': 'completed', 'tag': '8c6e2db5-6530-4209-ae55-8f40718bc97c', 'code': 200}
2026-06-24 19:18:41.534 10 INFO neutron.db.ovn_revision_numbers_db [None req-f993d543-13ee-4030-9cc5-91db9d4f97e0 0d30fd43087b480688503ef597652bdb 8ab5d85dbd3944269f238033df819e9e - - default default] Successfully bumped revision number for resource 8c6e2db5-6530-4209-ae55-8f40718bc97c (type: ports) to 5
2026-06-24 19:18:41.544 10 INFO neutron.wsgi [None req-f993d543-13ee-4030-9cc5-91db9d4f97e0 0d30fd43087b480688503ef597652bdb 8ab5d85dbd3944269f238033df819e9e - - default default] 199.19.213.235 "PUT /v2.0/ports/8c6e2db5-6530-4209-ae55-8f40718bc97c HTTP/1.1" status: 200 len: 1378 time: 1.4448602 /var/lib/openstack/lib/python3.10/site-packages/pycadf/identifier.py:71: UserWarning: Invalid uuid: neutron. To ensure interoperability, identifiers should be a valid uuid. warnings.warn(('Invalid uuid: %s. To ensure interoperability, '
2026-06-24 19:18:41.594 10 INFO neutron.notifiers.nova [-] Nova event matching ['req-5e8cb869-2621-440a-8148-83b682f2a0b4'] response: {'name': 'network-changed', 'server_uuid': 'f02b6171-2297-4a23-ab17-36458ed6f622', 'tag': '8c6e2db5-6530-4209-ae55-8f40718bc97c', 'status': 'completed', 'code': 200}
2026-06-24 19:18:41.637 10 INFO neutron.wsgi [None req-cc64145d-e0f1-49d0-a1ca-4859d780ffb2 0d30fd43087b480688503ef597652bdb 8ab5d85dbd3944269f238033df819e9e - - default default] 199.19.213.235 "GET /v2.0/networks/9cb57a4d-f492-4694-b0bf-b24f93a56129 HTTP/1.1" status: 200 len: 1000 time: 0.0852656
2026-06-24 19:18:41.664 9 INFO neutron.wsgi [req-499f8266-665e-4751-a7d0-908b859c16d1 req-02288362-9590-401f-b98f-33aba9db5cce 52fb1c1d35b84731972f977a422be3f3 d981d0a38e964a60b943653fbdf58e01 - - d26bc9c440664ddfbfbb63b400620f3e d26bc9c440664ddfbfbb63b400620f3e] 199.19.213.235 "GET /v2.0/ports?tenant_id=8ab5d85dbd3944269f238033df819e9e&device_id=f02b6171-2297-4a23-ab17-36458ed6f622 HTTP/1.1" status: 200 len: 3916 time: 0.0575113
2026-06-24 19:18:41.679 10 INFO neutron.wsgi [None req-1482d559-708f-488b-bfff-b299f4d706a2 0d30fd43087b480688503ef597652bdb 8ab5d85dbd3944269f238033df819e9e - - default default] 199.19.213.235 "GET /v2.0/subnets/7832daea-4a50-4ec7-887a-76c43e2fdb11 HTTP/1.1" status: 200 len: 848 time: 0.0369201
2026-06-24 19:18:41.755 9 INFO neutron.wsgi [req-499f8266-665e-4751-a7d0-908b859c16d1 req-8cf172ac-002b-4873-925a-ec844e196e7d 52fb1c1d35b84731972f977a422be3f3 d981d0a38e964a60b943653fbdf58e01 - - d26bc9c440664ddfbfbb63b400620f3e d26bc9c440664ddfbfbb63b400620f3e] 199.19.213.235 "GET /v2.0/networks?id=9cb57a4d-f492-4694-b0bf-b24f93a56129 HTTP/1.1" status: 200 len: 1003 time: 0.0851548
2026-06-24 19:18:41.755 10 INFO neutron.wsgi [None req-f4dc8c1e-e911-450a-a8eb-cfd633af636e 0d30fd43087b480688503ef597652bdb 8ab5d85dbd3944269f238033df819e9e - - default default] 199.19.213.235 "GET /v2.0/extensions/security-group HTTP/1.1" status: 200 len: 369 time: 0.0128160
2026-06-24 19:18:41.771 10 INFO neutron.wsgi [None req-97b3ae6f-2257-4cc5-8f90-ad9bee2f657c 0d30fd43087b480688503ef597652bdb 8ab5d85dbd3944269f238033df819e9e - - default default] 199.19.213.235 "GET /v2.0/extensions/dns-integration HTTP/1.1" status: 200 len: 371 time: 0.0087261
2026-06-24 19:18:41.779 10 INFO neutron.wsgi [None req-8864572a-91a3-4fc9-9f26-8fda43f14c03 0d30fd43087b480688503ef597652bdb 8ab5d85dbd3944269f238033df819e9e - - default default] 199.19.213.235 "GET /v2.0/extensions/qos HTTP/1.1" status: 200 len: 365 time: 0.0044348
2026-06-24 19:18:41.789 9 INFO neutron.wsgi [req-499f8266-665e-4751-a7d0-908b859c16d1 req-503f7dc8-bab5-4d24-bd48-5595bba23b1d 52fb1c1d35b84731972f977a422be3f3 d981d0a38e964a60b943653fbdf58e01 - - d26bc9c440664ddfbfbb63b400620f3e d26bc9c440664ddfbfbb63b400620f3e] 199.19.213.235 "GET /v2.0/floatingips?fixed_ip_address=10.2.1.142&port_id=8c6e2db5-6530-4209-ae55-8f40718bc97c HTTP/1.1" status: 200 len: 217 time: 0.0282402
2026-06-24 19:18:41.796 10 INFO neutron.wsgi [None req-5c6ea857-0395-4160-b4ff-abd5cf72d4d0 0d30fd43087b480688503ef597652bdb 8ab5d85dbd3944269f238033df819e9e - - default default] 199.19.213.235 "GET /v2.0/extensions/allowed-address-pairs HTTP/1.1" status: 200 len: 383 time: 0.0122347
2026-06-24 19:18:41.832 9 INFO neutron.wsgi [req-499f8266-665e-4751-a7d0-908b859c16d1 req-3fad3f20-3d78-42c7-a38d-283b03cfbcbd 52fb1c1d35b84731972f977a422be3f3 d981d0a38e964a60b943653fbdf58e01 - - d26bc9c440664ddfbfbb63b400620f3e d26bc9c440664ddfbfbb63b400620f3e] 199.19.213.235 "GET /v2.0/subnets?id=7832daea-4a50-4ec7-887a-76c43e2fdb11 HTTP/1.1" status: 200 len: 851 time: 0.0353129
2026-06-24 19:18:41.838 10 INFO neutron.wsgi [None req-519b68f2-9399-4331-83a4-ebece711682f 0d30fd43087b480688503ef597652bdb 8ab5d85dbd3944269f238033df819e9e - - default default] 199.19.213.235 "GET /v2.0/subnets/3be2579d-1f87-4bc5-8691-292bb9254040 HTTP/1.1" status: 200 len: 851 time: 0.0370865
2026-06-24 19:18:41.888 10 INFO neutron.wsgi [None req-0cf1c30d-4a8b-4e6c-9915-6dbd7da0b388 0d30fd43087b480688503ef597652bdb 8ab5d85dbd3944269f238033df819e9e - - default default] 199.19.213.235 "GET /v2.0/ports/b3f593b0-e487-4958-8371-34050e9fe062 HTTP/1.1" status: 200 len: 1332 time: 0.0405436
2026-06-24 19:18:41.924 10 INFO neutron.wsgi [None req-4accfd11-419a-4e31-b7f7-47606a7e2c4c 0d30fd43087b480688503ef597652bdb 8ab5d85dbd3944269f238033df819e9e - - default default] 199.19.213.235 "GET /v2.0/ports/41900ec0-e1cb-487f-8794-8033892e8b9c HTTP/1.1" status: 200 len: 1513 time: 0.0300012
2026-06-24 19:18:41.942 9 INFO neutron.wsgi [req-499f8266-665e-4751-a7d0-908b859c16d1 req-5a0e0a7e-97ec-49be-aab7-e7bb8ef1ae60 52fb1c1d35b84731972f977a422be3f3 d981d0a38e964a60b943653fbdf58e01 - - d26bc9c440664ddfbfbb63b400620f3e d26bc9c440664ddfbfbb63b400620f3e] 199.19.213.235 "GET /v2.0/ports?network_id=9cb57a4d-f492-4694-b0bf-b24f93a56129&device_owner=network%3Adhcp HTTP/1.1" status: 200 len: 210 time: 0.0883372
2026-06-24 19:18:42.000 10 INFO neutron.wsgi [None req-fca83491-e590-43e8-b3e6-56c6cb0b4615 0d30fd43087b480688503ef597652bdb 8ab5d85dbd3944269f238033df819e9e - - default default] 199.19.213.235 "GET /v2.0/subnets/3be2579d-1f87-4bc5-8691-292bb9254040 HTTP/1.1" status: 200 len: 851 time: 0.0710166
2026-06-24 19:18:42.051 9 INFO neutron.wsgi [req-499f8266-665e-4751-a7d0-908b859c16d1 req-bed16c22-fb19-45a0-9de6-08b3d716a8da 52fb1c1d35b84731972f977a422be3f3 d981d0a38e964a60b943653fbdf58e01 - - d26bc9c440664ddfbfbb63b400620f3e d26bc9c440664ddfbfbb63b400620f3e] 199.19.213.235 "GET /v2.0/networks/9cb57a4d-f492-4694-b0bf-b24f93a56129?fields=segments HTTP/1.1" status: 200 len: 212 time: 0.0999432
2026-06-24 19:18:42.065 10 INFO neutron.wsgi [None req-7bb49c8b-4a1c-4f58-a0be-1049410c9e9b 0d30fd43087b480688503ef597652bdb 8ab5d85dbd3944269f238033df819e9e - - default default] 199.19.213.235 "GET /v2.0/networks/37981c93-b59b-4311-806c-d5beea9aac63 HTTP/1.1" status: 200 len: 1001 time: 0.0613315
2026-06-24 19:18:42.100 10 INFO neutron.wsgi [None req-4996de45-60a0-4f4a-9500-1b2831cb44ad 0d30fd43087b480688503ef597652bdb 8ab5d85dbd3944269f238033df819e9e - - default default] 199.19.213.235 "GET /v2.0/ports/b3f593b0-e487-4958-8371-34050e9fe062 HTTP/1.1" status: 200 len: 1332 time: 0.0290971
2026-06-24 19:18:42.135 9 INFO neutron.wsgi [req-499f8266-665e-4751-a7d0-908b859c16d1 req-e7938c29-5322-4385-a77f-697854c829ac 52fb1c1d35b84731972f977a422be3f3 d981d0a38e964a60b943653fbdf58e01 - - d26bc9c440664ddfbfbb63b400620f3e d26bc9c440664ddfbfbb63b400620f3e] 199.19.213.235 "GET /v2.0/networks/9cb57a4d-f492-4694-b0bf-b24f93a56129?fields=provider%3Aphysical_network&fields=provider%3Anetwork_type HTTP/1.1" status: 200 len: 277 time: 0.0783148
2026-06-24 19:18:42.142 10 INFO neutron.wsgi [None req-0565038a-25e9-499b-a270-9a6907746e44 0d30fd43087b480688503ef597652bdb 8ab5d85dbd3944269f238033df819e9e - - default default] 199.19.213.235 "GET /v2.0/subnets/3be2579d-1f87-4bc5-8691-292bb9254040 HTTP/1.1" status: 200 len: 851 time: 0.0353117
2026-06-24 19:18:42.847 10 INFO neutron.wsgi [-] 10.0.0.213 "GET / HTTP/1.1" status: 200 len: 247 time: 0.0016527
2026-06-24 19:18:42.847 9 INFO neutron.wsgi [-] 10.0.0.213 "GET / HTTP/1.1" status: 200 len: 247 time: 0.0022056
2026-06-24 19:18:46.477 9 INFO neutron.wsgi [None req-d359526d-9f30-4817-83ce-22d4d463b142 0d30fd43087b480688503ef597652bdb 8ab5d85dbd3944269f238033df819e9e - - default default] 10.0.0.70 "GET /v2.0/extensions/security-group HTTP/1.1" status: 200 len: 369 time: 0.0091867
2026-06-24 19:18:46.486 9 INFO neutron.wsgi [None req-35b85cbb-9220-476c-bcd4-3472b041f931 0d30fd43087b480688503ef597652bdb 8ab5d85dbd3944269f238033df819e9e - - default default] 10.0.0.70 "GET /v2.0/extensions/dns-integration HTTP/1.1" status: 200 len: 371 time: 0.0045998
2026-06-24 19:18:46.494 9 INFO neutron.wsgi [None req-7dacd6c3-9ffb-4c6a-93d7-c4054502c474 0d30fd43087b480688503ef597652bdb 8ab5d85dbd3944269f238033df819e9e - - default default] 10.0.0.70 "GET /v2.0/extensions/qos HTTP/1.1" status: 200 len: 365 time: 0.0033572
2026-06-24 19:18:46.507 9 INFO neutron.wsgi [None req-8e8bc812-ead5-46c4-9a84-03348898b288 0d30fd43087b480688503ef597652bdb 8ab5d85dbd3944269f238033df819e9e - - default default] 10.0.0.70 "GET /v2.0/extensions/allowed-address-pairs HTTP/1.1" status: 200 len: 383 time: 0.0055511
2026-06-24 19:18:46.946 10 INFO neutron.wsgi [-] 10.0.0.70 "GET / HTTP/1.1" status: 200 len: 284 time: 0.0026975
2026-06-24 19:18:47.091 10 INFO neutron.wsgi [None req-5cea29f4-14f7-4f9b-a753-8b79c364a974 47dcb80b51104d44aec8d6fae22099d7 9488ebaded2447c59bbe6d4f841d9e2c - - default default] 10.0.0.70 "GET /v2.0/subnets/1ee97c89-ab79-4696-b819-a74a423211c1 HTTP/1.1" status: 200 len: 831 time: 0.1382020
2026-06-24 19:18:48.022 9 INFO neutron.wsgi [req-aa4c3a3b-ff66-45a7-977f-7d92740bd497 req-d4f0afc5-4395-4449-8b80-2653fa5cbde0 52fb1c1d35b84731972f977a422be3f3 d981d0a38e964a60b943653fbdf58e01 - - d26bc9c440664ddfbfbb63b400620f3e d26bc9c440664ddfbfbb63b400620f3e] 199.19.213.235 "GET /v2.0/ports?device_id=48306528-8e47-48a6-bdd7-094536239907&fields=binding%3Ahost_id&fields=binding%3Avif_type HTTP/1.1" status: 200 len: 265 time: 0.0381575
2026-06-24 19:18:48.085 9 INFO neutron.wsgi [req-aa4c3a3b-ff66-45a7-977f-7d92740bd497 req-0c620cb3-87b3-4bcc-a89b-6c2ac2bcb1b9 52fb1c1d35b84731972f977a422be3f3 d981d0a38e964a60b943653fbdf58e01 - - d26bc9c440664ddfbfbb63b400620f3e d26bc9c440664ddfbfbb63b400620f3e] 199.19.213.235 "GET /v2.0/ports?tenant_id=9488ebaded2447c59bbe6d4f841d9e2c&device_id=48306528-8e47-48a6-bdd7-094536239907 HTTP/1.1" status: 200 len: 1638 time: 0.0365069
2026-06-24 19:18:48.173 9 INFO neutron.wsgi [req-aa4c3a3b-ff66-45a7-977f-7d92740bd497 req-07332628-8907-478d-98e4-7f844d1bc228 52fb1c1d35b84731972f977a422be3f3 d981d0a38e964a60b943653fbdf58e01 - - d26bc9c440664ddfbfbb63b400620f3e d26bc9c440664ddfbfbb63b400620f3e] 199.19.213.235 "GET /v2.0/networks?id=6944916a-81a7-4bfd-85b9-55181621483c HTTP/1.1" status: 200 len: 1002 time: 0.0636463
2026-06-24 19:18:48.248 9 INFO neutron.wsgi [req-aa4c3a3b-ff66-45a7-977f-7d92740bd497 req-f9a9fc70-2f83-4007-a593-20dd67fbdf76 52fb1c1d35b84731972f977a422be3f3 d981d0a38e964a60b943653fbdf58e01 - - d26bc9c440664ddfbfbb63b400620f3e d26bc9c440664ddfbfbb63b400620f3e] 199.19.213.235 "GET /v2.0/floatingips?fixed_ip_address=10.2.2.57&port_id=9332ef06-8ed0-4e40-8578-8ddacca62c65 HTTP/1.1" status: 200 len: 1058 time: 0.0666890
2026-06-24 19:18:48.284 9 INFO neutron.wsgi [req-aa4c3a3b-ff66-45a7-977f-7d92740bd497 req-bf9dd882-4a4c-42e6-8499-066e6fe90e3b 52fb1c1d35b84731972f977a422be3f3 d981d0a38e964a60b943653fbdf58e01 - - d26bc9c440664ddfbfbb63b400620f3e d26bc9c440664ddfbfbb63b400620f3e] 199.19.213.235 "GET /v2.0/floatingips?fixed_ip_address=fd77%3A1457%3A4cf0%3A26a8%3A%3A319&port_id=9332ef06-8ed0-4e40-8578-8ddacca62c65 HTTP/1.1" status: 200 len: 217 time: 0.0301719
2026-06-24 19:18:48.343 9 INFO neutron.wsgi [req-aa4c3a3b-ff66-45a7-977f-7d92740bd497 req-f4732d6c-a02b-4345-aa6b-88a87b3c7315 52fb1c1d35b84731972f977a422be3f3 d981d0a38e964a60b943653fbdf58e01 - - d26bc9c440664ddfbfbb63b400620f3e d26bc9c440664ddfbfbb63b400620f3e] 199.19.213.235 "GET /v2.0/subnets?id=1ee97c89-ab79-4696-b819-a74a423211c1&id=ac8d3278-a9c3-45f1-948e-12574037e253 HTTP/1.1" status: 200 len: 1567 time: 0.0542462
2026-06-24 19:18:48.385 9 INFO neutron.wsgi [req-aa4c3a3b-ff66-45a7-977f-7d92740bd497 req-f1fa9080-d669-4d94-bc9c-d52beea31ed9 52fb1c1d35b84731972f977a422be3f3 d981d0a38e964a60b943653fbdf58e01 - - d26bc9c440664ddfbfbb63b400620f3e d26bc9c440664ddfbfbb63b400620f3e] 199.19.213.235 "GET /v2.0/ports?network_id=6944916a-81a7-4bfd-85b9-55181621483c&device_owner=network%3Adhcp HTTP/1.1" status: 200 len: 210 time: 0.0359058
2026-06-24 19:18:48.445 9 INFO neutron.wsgi [req-aa4c3a3b-ff66-45a7-977f-7d92740bd497 req-dce160da-294b-44a9-8f98-a331350e1c80 52fb1c1d35b84731972f977a422be3f3 d981d0a38e964a60b943653fbdf58e01 - - d26bc9c440664ddfbfbb63b400620f3e d26bc9c440664ddfbfbb63b400620f3e] 199.19.213.235 "GET /v2.0/ports?network_id=6944916a-81a7-4bfd-85b9-55181621483c&device_owner=network%3Adhcp HTTP/1.1" status: 200 len: 210 time: 0.0542059
2026-06-24 19:18:48.576 9 INFO neutron.wsgi [req-aa4c3a3b-ff66-45a7-977f-7d92740bd497 req-4f412a59-2064-48ce-8ae9-710eef980e46 52fb1c1d35b84731972f977a422be3f3 d981d0a38e964a60b943653fbdf58e01 - - d26bc9c440664ddfbfbb63b400620f3e d26bc9c440664ddfbfbb63b400620f3e] 199.19.213.235 "GET /v2.0/networks/6944916a-81a7-4bfd-85b9-55181621483c?fields=segments HTTP/1.1" status: 200 len: 212 time: 0.1247146
2026-06-24 19:18:48.662 9 INFO neutron.wsgi [req-aa4c3a3b-ff66-45a7-977f-7d92740bd497 req-25a4eec8-3859-4a8a-9c12-72d43346a348 52fb1c1d35b84731972f977a422be3f3 d981d0a38e964a60b943653fbdf58e01 - - d26bc9c440664ddfbfbb63b400620f3e d26bc9c440664ddfbfbb63b400620f3e] 199.19.213.235 "GET /v2.0/networks/6944916a-81a7-4bfd-85b9-55181621483c?fields=provider%3Aphysical_network&fields=provider%3Anetwork_type HTTP/1.1" status: 200 len: 277 time: 0.0796762
2026-06-24 19:18:48.870 9 INFO neutron.wsgi [None req-e3f47584-8513-4aaa-aac4-c5c0b19bc7e8 0d30fd43087b480688503ef597652bdb 8ab5d85dbd3944269f238033df819e9e - - default default] 199.19.213.235 "GET /v2.0/extensions/security-group HTTP/1.1" status: 200 len: 369 time: 0.0075955
2026-06-24 19:18:48.881 9 INFO neutron.wsgi [None req-10b6fd18-26f1-451d-ac5e-17d41c1da8a0 0d30fd43087b480688503ef597652bdb 8ab5d85dbd3944269f238033df819e9e - - default default] 199.19.213.235 "GET /v2.0/extensions/dns-integration HTTP/1.1" status: 200 len: 371 time: 0.0045741
2026-06-24 19:18:48.890 9 INFO neutron.wsgi [None req-b30489fe-ee32-41fb-b2bd-087c177311f3 0d30fd43087b480688503ef597652bdb 8ab5d85dbd3944269f238033df819e9e - - default default] 199.19.213.235 "GET /v2.0/extensions/qos HTTP/1.1" status: 200 len: 365 time: 0.0049837
2026-06-24 19:18:48.902 9 INFO neutron.wsgi [None req-a587a322-8c4c-4432-b87c-f859c96d961a 0d30fd43087b480688503ef597652bdb 8ab5d85dbd3944269f238033df819e9e - - default default] 199.19.213.235 "GET /v2.0/extensions/allowed-address-pairs HTTP/1.1" status: 200 len: 383 time: 0.0056772
2026-06-24 19:18:48.952 9 INFO neutron.wsgi [None req-c571b961-a64b-4c36-b046-e34985283cb9 0d30fd43087b480688503ef597652bdb 8ab5d85dbd3944269f238033df819e9e - - default default] 199.19.213.235 "GET /v2.0/subnets/7832daea-4a50-4ec7-887a-76c43e2fdb11 HTTP/1.1" status: 200 len: 848 time: 0.0421758
2026-06-24 19:18:49.001 9 INFO neutron.wsgi [None req-7fc91df0-56e3-47ba-beb4-a084646832f7 0d30fd43087b480688503ef597652bdb 8ab5d85dbd3944269f238033df819e9e - - default default] 199.19.213.235 "GET /v2.0/subnets/1ee97c89-ab79-4696-b819-a74a423211c1 HTTP/1.1" status: 200 len: 849 time: 0.0425868
2026-06-24 19:18:49.046 9 INFO neutron.wsgi [None req-a1e1e784-9fd7-4d7b-8e96-a0fc06951df0 0d30fd43087b480688503ef597652bdb 8ab5d85dbd3944269f238033df819e9e - - default default] 199.19.213.235 "GET /v2.0/ports?device_id=f02b6171-2297-4a23-ab17-36458ed6f622 HTTP/1.1" status: 200 len: 3916 time: 0.0377772
2026-06-24 19:18:49.184 9 INFO neutron.wsgi [None req-4ddaad78-0e06-4f14-9a09-da191419a279 0d30fd43087b480688503ef597652bdb 8ab5d85dbd3944269f238033df819e9e - - default default] 199.19.213.235 "GET /v2.0/extensions/security-group HTTP/1.1" status: 200 len: 369 time: 0.0065241
2026-06-24 19:18:49.195 9 INFO neutron.wsgi [None req-dcf82008-b142-4dd2-8411-4c85378f9ce2 0d30fd43087b480688503ef597652bdb 8ab5d85dbd3944269f238033df819e9e - - default default] 199.19.213.235 "GET /v2.0/extensions/dns-integration HTTP/1.1" status: 200 len: 371 time: 0.0059164
2026-06-24 19:18:49.204 9 INFO neutron.wsgi [None req-fd66371d-4dd0-4f2f-a4e5-e19f43b8253e 0d30fd43087b480688503ef597652bdb 8ab5d85dbd3944269f238033df819e9e - - default default] 199.19.213.235 "GET /v2.0/extensions/qos HTTP/1.1" status: 200 len: 365 time: 0.0051537
2026-06-24 19:18:49.215 9 INFO neutron.wsgi [None req-ea0cfa5f-51b5-4758-bc50-e11434b173e0 0d30fd43087b480688503ef597652bdb 8ab5d85dbd3944269f238033df819e9e - - default default] 199.19.213.235 "GET /v2.0/extensions/allowed-address-pairs HTTP/1.1" status: 200 len: 383 time: 0.0062745
2026-06-24 19:18:49.637 9 INFO neutron.wsgi [req-817b8a1b-354a-4300-8a6e-fba007cefe71 req-7b2e608b-d612-4e41-bfc7-4240d02439f5 52fb1c1d35b84731972f977a422be3f3 d981d0a38e964a60b943653fbdf58e01 - - d26bc9c440664ddfbfbb63b400620f3e d26bc9c440664ddfbfbb63b400620f3e] 199.19.213.235 "GET /v2.0/networks/6944916a-81a7-4bfd-85b9-55181621483c?fields=segments HTTP/1.1" status: 200 len: 212 time: 0.0732570
2026-06-24 19:18:49.720 9 INFO neutron.wsgi [req-817b8a1b-354a-4300-8a6e-fba007cefe71 req-52f50543-ce3b-4341-9cca-6bf1a5e41ec5 52fb1c1d35b84731972f977a422be3f3 d981d0a38e964a60b943653fbdf58e01 - - d26bc9c440664ddfbfbb63b400620f3e d26bc9c440664ddfbfbb63b400620f3e] 199.19.213.235 "GET /v2.0/networks/6944916a-81a7-4bfd-85b9-55181621483c?fields=provider%3Aphysical_network&fields=provider%3Anetwork_type HTTP/1.1" status: 200 len: 277 time: 0.0760055
2026-06-24 19:18:49.859 9 INFO neutron.wsgi [req-817b8a1b-354a-4300-8a6e-fba007cefe71 req-68534162-59e3-4a7d-ac69-5e990ef35d01 0d30fd43087b480688503ef597652bdb 8ab5d85dbd3944269f238033df819e9e - - default default] 199.19.213.235 "GET /v2.0/networks?id=6944916a-81a7-4bfd-85b9-55181621483c HTTP/1.1" status: 200 len: 1002 time: 0.1051297
2026-06-24 19:18:50.595 9 WARNING neutron.scheduler.dhcp_agent_scheduler [req-817b8a1b-354a-4300-8a6e-fba007cefe71 req-fb372965-4686-48dc-8b66-34ac6eb72eca 0d30fd43087b480688503ef597652bdb 8ab5d85dbd3944269f238033df819e9e - - default default] No more DHCP agents
2026-06-24 19:18:50.598 9 WARNING neutron.api.rpc.agentnotifiers.dhcp_rpc_agent_api [req-817b8a1b-354a-4300-8a6e-fba007cefe71 req-fb372965-4686-48dc-8b66-34ac6eb72eca 0d30fd43087b480688503ef597652bdb 8ab5d85dbd3944269f238033df819e9e - - default default] Unable to schedule network 6944916a-81a7-4bfd-85b9-55181621483c: no agents available; will retry on subsequent port and subnet creation events.
2026-06-24 19:18:50.901 9 INFO neutron.db.ovn_revision_numbers_db [req-817b8a1b-354a-4300-8a6e-fba007cefe71 req-fb372965-4686-48dc-8b66-34ac6eb72eca 0d30fd43087b480688503ef597652bdb 8ab5d85dbd3944269f238033df819e9e - - default default] Successfully bumped revision number for resource e2adc440-c3bf-417a-9e86-5ae04daf26d2 (type: ports) to 1
2026-06-24 19:18:51.010 9 INFO neutron.wsgi [req-817b8a1b-354a-4300-8a6e-fba007cefe71 req-fb372965-4686-48dc-8b66-34ac6eb72eca 0d30fd43087b480688503ef597652bdb 8ab5d85dbd3944269f238033df819e9e - - default default] 199.19.213.235 "POST /v2.0/ports HTTP/1.1" status: 201 len: 1508 time: 1.1437807 /var/lib/openstack/lib/python3.10/site-packages/pycadf/identifier.py:71: UserWarning: Invalid uuid: neutron. To ensure interoperability, identifiers should be a valid uuid. warnings.warn(('Invalid uuid: %s. To ensure interoperability, '
2026-06-24 19:18:51.646 9 INFO neutron.db.ovn_revision_numbers_db [req-817b8a1b-354a-4300-8a6e-fba007cefe71 req-e1785366-5678-49a7-9c0a-6f3d8c06e56b 52fb1c1d35b84731972f977a422be3f3 d981d0a38e964a60b943653fbdf58e01 - - d26bc9c440664ddfbfbb63b400620f3e d26bc9c440664ddfbfbb63b400620f3e] Successfully bumped revision number for resource e2adc440-c3bf-417a-9e86-5ae04daf26d2 (type: ports) to 2
2026-06-24 19:18:51.994 9 INFO neutron.db.ovn_revision_numbers_db [req-817b8a1b-354a-4300-8a6e-fba007cefe71 req-e1785366-5678-49a7-9c0a-6f3d8c06e56b 52fb1c1d35b84731972f977a422be3f3 d981d0a38e964a60b943653fbdf58e01 - - d26bc9c440664ddfbfbb63b400620f3e d26bc9c440664ddfbfbb63b400620f3e] Successfully bumped revision number for resource e2adc440-c3bf-417a-9e86-5ae04daf26d2 (type: ports) to 2
2026-06-24 19:18:52.017 9 INFO neutron.wsgi [req-817b8a1b-354a-4300-8a6e-fba007cefe71 req-e1785366-5678-49a7-9c0a-6f3d8c06e56b 52fb1c1d35b84731972f977a422be3f3 d981d0a38e964a60b943653fbdf58e01 - - d26bc9c440664ddfbfbb63b400620f3e d26bc9c440664ddfbfbb63b400620f3e] 199.19.213.235 "PUT /v2.0/ports/e2adc440-c3bf-417a-9e86-5ae04daf26d2 HTTP/1.1" status: 200 len: 1605 time: 0.9981048
2026-06-24 19:18:52.058 9 INFO neutron.notifiers.nova [-] Nova event matching ['req-18c12a43-71c9-4039-b6f9-97d28c6b0bb8'] response: {'name': 'network-changed', 'server_uuid': 'f02b6171-2297-4a23-ab17-36458ed6f622', 'tag': 'e2adc440-c3bf-417a-9e86-5ae04daf26d2', 'status': 'completed', 'code': 200} /var/lib/openstack/lib/python3.10/site-packages/pycadf/identifier.py:71: UserWarning: Invalid uuid: neutron. To ensure interoperability, identifiers should be a valid uuid. warnings.warn(('Invalid uuid: %s. To ensure interoperability, '
2026-06-24 19:18:52.132 9 INFO neutron.wsgi [req-caacfe2b-e4e2-4f8f-985b-895238ee11e1 req-94b13683-50a4-407a-9e3d-8cadb1812c13 52fb1c1d35b84731972f977a422be3f3 d981d0a38e964a60b943653fbdf58e01 - - d26bc9c440664ddfbfbb63b400620f3e d26bc9c440664ddfbfbb63b400620f3e] 199.19.213.235 "GET /v2.0/ports?tenant_id=8ab5d85dbd3944269f238033df819e9e&device_id=f02b6171-2297-4a23-ab17-36458ed6f622 HTTP/1.1" status: 200 len: 5341 time: 0.0443842
2026-06-24 19:18:52.226 9 INFO neutron.wsgi [req-caacfe2b-e4e2-4f8f-985b-895238ee11e1 req-0e6c4bb1-5455-44c3-b67b-2b62a0230f5d 52fb1c1d35b84731972f977a422be3f3 d981d0a38e964a60b943653fbdf58e01 - - d26bc9c440664ddfbfbb63b400620f3e d26bc9c440664ddfbfbb63b400620f3e] 199.19.213.235 "GET /v2.0/networks?id=6944916a-81a7-4bfd-85b9-55181621483c HTTP/1.1" status: 200 len: 1002 time: 0.0852561
2026-06-24 19:18:52.262 9 INFO neutron.wsgi [req-caacfe2b-e4e2-4f8f-985b-895238ee11e1 req-1ebaa1ea-9edd-4738-83cb-34306349a703 52fb1c1d35b84731972f977a422be3f3 d981d0a38e964a60b943653fbdf58e01 - - d26bc9c440664ddfbfbb63b400620f3e d26bc9c440664ddfbfbb63b400620f3e] 199.19.213.235 "GET /v2.0/floatingips?fixed_ip_address=10.2.2.185&port_id=e2adc440-c3bf-417a-9e86-5ae04daf26d2 HTTP/1.1" status: 200 len: 217 time: 0.0284958
2026-06-24 19:18:52.304 9 INFO neutron.wsgi [req-caacfe2b-e4e2-4f8f-985b-895238ee11e1 req-b4b7d7a8-e008-4b7f-87c5-07be1b470457 52fb1c1d35b84731972f977a422be3f3 d981d0a38e964a60b943653fbdf58e01 - - d26bc9c440664ddfbfbb63b400620f3e d26bc9c440664ddfbfbb63b400620f3e] 199.19.213.235 "GET /v2.0/floatingips?fixed_ip_address=fd77%3A1457%3A4cf0%3A26a8%3A%3A84&port_id=e2adc440-c3bf-417a-9e86-5ae04daf26d2 HTTP/1.1" status: 200 len: 217 time: 0.0347626
2026-06-24 19:18:52.371 9 INFO neutron.wsgi [req-caacfe2b-e4e2-4f8f-985b-895238ee11e1 req-4a5bb282-2296-41b6-8495-4aac31134808 52fb1c1d35b84731972f977a422be3f3 d981d0a38e964a60b943653fbdf58e01 - - d26bc9c440664ddfbfbb63b400620f3e d26bc9c440664ddfbfbb63b400620f3e] 199.19.213.235 "GET /v2.0/subnets?id=1ee97c89-ab79-4696-b819-a74a423211c1&id=ac8d3278-a9c3-45f1-948e-12574037e253 HTTP/1.1" status: 200 len: 1567 time: 0.0625117
2026-06-24 19:18:52.406 9 INFO neutron.wsgi [req-caacfe2b-e4e2-4f8f-985b-895238ee11e1 req-329b207d-546a-4f7c-a557-922bde66cbee 52fb1c1d35b84731972f977a422be3f3 d981d0a38e964a60b943653fbdf58e01 - - d26bc9c440664ddfbfbb63b400620f3e d26bc9c440664ddfbfbb63b400620f3e] 199.19.213.235 "GET /v2.0/ports?network_id=6944916a-81a7-4bfd-85b9-55181621483c&device_owner=network%3Adhcp HTTP/1.1" status: 200 len: 210 time: 0.0294547
2026-06-24 19:18:52.454 9 INFO neutron.wsgi [req-caacfe2b-e4e2-4f8f-985b-895238ee11e1 req-3e2c6725-da04-416b-8e42-55dfd79ead2c 52fb1c1d35b84731972f977a422be3f3 d981d0a38e964a60b943653fbdf58e01 - - d26bc9c440664ddfbfbb63b400620f3e d26bc9c440664ddfbfbb63b400620f3e] 199.19.213.235 "GET /v2.0/ports?network_id=6944916a-81a7-4bfd-85b9-55181621483c&device_owner=network%3Adhcp HTTP/1.1" status: 200 len: 210 time: 0.0329533
2026-06-24 19:18:52.563 9 INFO neutron.wsgi [req-caacfe2b-e4e2-4f8f-985b-895238ee11e1 req-8758ae2f-9748-41d5-8dce-a36c66cd6852 52fb1c1d35b84731972f977a422be3f3 d981d0a38e964a60b943653fbdf58e01 - - d26bc9c440664ddfbfbb63b400620f3e d26bc9c440664ddfbfbb63b400620f3e] 199.19.213.235 "GET /v2.0/networks/6944916a-81a7-4bfd-85b9-55181621483c?fields=segments HTTP/1.1" status: 200 len: 212 time: 0.1024392
2026-06-24 19:18:52.647 9 INFO neutron.wsgi [req-caacfe2b-e4e2-4f8f-985b-895238ee11e1 req-c95752a9-a15a-42df-b7f2-0897befa3c3d 52fb1c1d35b84731972f977a422be3f3 d981d0a38e964a60b943653fbdf58e01 - - d26bc9c440664ddfbfbb63b400620f3e d26bc9c440664ddfbfbb63b400620f3e] 199.19.213.235 "GET /v2.0/networks/6944916a-81a7-4bfd-85b9-55181621483c?fields=provider%3Aphysical_network&fields=provider%3Anetwork_type HTTP/1.1" status: 200 len: 277 time: 0.0755160
2026-06-24 19:18:52.918 9 INFO neutron.wsgi [req-817b8a1b-354a-4300-8a6e-fba007cefe71 req-4ee3cad1-9969-4a6e-9c2b-1af8d4465d89 52fb1c1d35b84731972f977a422be3f3 d981d0a38e964a60b943653fbdf58e01 - - d26bc9c440664ddfbfbb63b400620f3e d26bc9c440664ddfbfbb63b400620f3e] 199.19.213.235 "GET /v2.0/ports?tenant_id=8ab5d85dbd3944269f238033df819e9e&device_id=f02b6171-2297-4a23-ab17-36458ed6f622 HTTP/1.1" status: 200 len: 5341 time: 0.0516942
2026-06-24 19:18:52.954 9 INFO neutron.wsgi [req-817b8a1b-354a-4300-8a6e-fba007cefe71 req-0cee5905-3d1f-432c-82d7-5e239dabb536 52fb1c1d35b84731972f977a422be3f3 d981d0a38e964a60b943653fbdf58e01 - - d26bc9c440664ddfbfbb63b400620f3e d26bc9c440664ddfbfbb63b400620f3e] 199.19.213.235 "GET /v2.0/floatingips?fixed_ip_address=172.24.1.99&port_id=cf99513a-e98e-4647-8dae-9ff9982e9f6f HTTP/1.1" status: 200 len: 217 time: 0.0294933
2026-06-24 19:18:53.004 9 INFO neutron.wsgi [req-817b8a1b-354a-4300-8a6e-fba007cefe71 req-9d59d76d-429e-4e20-b6df-aff6f7eea78c 52fb1c1d35b84731972f977a422be3f3 d981d0a38e964a60b943653fbdf58e01 - - d26bc9c440664ddfbfbb63b400620f3e d26bc9c440664ddfbfbb63b400620f3e] 199.19.213.235 "GET /v2.0/subnets?id=f3bd5548-d792-434a-9bc9-55f2e742a936 HTTP/1.1" status: 200 len: 829 time: 0.0452807
2026-06-24 19:18:53.038 9 INFO neutron.wsgi [req-817b8a1b-354a-4300-8a6e-fba007cefe71 req-6eb2d402-543a-41b6-96d9-38dd329ff4ce 52fb1c1d35b84731972f977a422be3f3 d981d0a38e964a60b943653fbdf58e01 - - d26bc9c440664ddfbfbb63b400620f3e d26bc9c440664ddfbfbb63b400620f3e] 199.19.213.235 "GET /v2.0/ports?network_id=36c7fd95-314c-44bd-9ca4-fcce0f78c0a0&device_owner=network%3Adhcp HTTP/1.1" status: 200 len: 210 time: 0.0275705
2026-06-24 19:18:53.128 9 INFO neutron.wsgi [req-817b8a1b-354a-4300-8a6e-fba007cefe71 req-ec7e1aa5-9ff3-4deb-a695-68d6ab733d03 52fb1c1d35b84731972f977a422be3f3 d981d0a38e964a60b943653fbdf58e01 - - d26bc9c440664ddfbfbb63b400620f3e d26bc9c440664ddfbfbb63b400620f3e] 199.19.213.235 "GET /v2.0/networks/36c7fd95-314c-44bd-9ca4-fcce0f78c0a0?fields=segments HTTP/1.1" status: 200 len: 212 time: 0.0831428
2026-06-24 19:18:53.198 9 INFO neutron.wsgi [req-817b8a1b-354a-4300-8a6e-fba007cefe71 req-86e30233-78e3-4e50-a24a-7cd13586e98f 52fb1c1d35b84731972f977a422be3f3 d981d0a38e964a60b943653fbdf58e01 - - d26bc9c440664ddfbfbb63b400620f3e d26bc9c440664ddfbfbb63b400620f3e] 199.19.213.235 "GET /v2.0/networks/36c7fd95-314c-44bd-9ca4-fcce0f78c0a0?fields=provider%3Aphysical_network&fields=provider%3Anetwork_type HTTP/1.1" status: 200 len: 277 time: 0.0664620
2026-06-24 19:18:53.261 9 INFO neutron.wsgi [req-817b8a1b-354a-4300-8a6e-fba007cefe71 req-b11c7999-1d61-49e3-bdef-dea7d298957c 52fb1c1d35b84731972f977a422be3f3 d981d0a38e964a60b943653fbdf58e01 - - d26bc9c440664ddfbfbb63b400620f3e d26bc9c440664ddfbfbb63b400620f3e] 199.19.213.235 "GET /v2.0/floatingips?fixed_ip_address=10.1.1.39&port_id=41900ec0-e1cb-487f-8794-8033892e8b9c HTTP/1.1" status: 200 len: 217 time: 0.0566969
2026-06-24 19:18:53.304 9 INFO neutron.wsgi [req-817b8a1b-354a-4300-8a6e-fba007cefe71 req-8fcf3eb5-2a3b-432f-97ce-08fd526f6b34 52fb1c1d35b84731972f977a422be3f3 d981d0a38e964a60b943653fbdf58e01 - - d26bc9c440664ddfbfbb63b400620f3e d26bc9c440664ddfbfbb63b400620f3e] 199.19.213.235 "GET /v2.0/subnets?id=3be2579d-1f87-4bc5-8691-292bb9254040 HTTP/1.1" status: 200 len: 854 time: 0.0369461
2026-06-24 19:18:53.338 9 INFO neutron.wsgi [req-817b8a1b-354a-4300-8a6e-fba007cefe71 req-b0e517d9-ab08-4782-92e2-0dbca2f88e46 52fb1c1d35b84731972f977a422be3f3 d981d0a38e964a60b943653fbdf58e01 - - d26bc9c440664ddfbfbb63b400620f3e d26bc9c440664ddfbfbb63b400620f3e] 199.19.213.235 "GET /v2.0/ports?network_id=37981c93-b59b-4311-806c-d5beea9aac63&device_owner=network%3Adhcp HTTP/1.1" status: 200 len: 210 time: 0.0266562
2026-06-24 19:18:53.416 9 INFO neutron.wsgi [req-817b8a1b-354a-4300-8a6e-fba007cefe71 req-714581cd-7ee0-4cbb-a69d-f2ee43912aa5 52fb1c1d35b84731972f977a422be3f3 d981d0a38e964a60b943653fbdf58e01 - - d26bc9c440664ddfbfbb63b400620f3e d26bc9c440664ddfbfbb63b400620f3e] 199.19.213.235 "GET /v2.0/networks/37981c93-b59b-4311-806c-d5beea9aac63?fields=segments HTTP/1.1" status: 200 len: 212 time: 0.0702775
2026-06-24 19:18:53.507 9 INFO neutron.wsgi [req-817b8a1b-354a-4300-8a6e-fba007cefe71 req-3f08b113-7e04-407a-9e7d-ebb106222aea 52fb1c1d35b84731972f977a422be3f3 d981d0a38e964a60b943653fbdf58e01 - - d26bc9c440664ddfbfbb63b400620f3e d26bc9c440664ddfbfbb63b400620f3e] 199.19.213.235 "GET /v2.0/networks/37981c93-b59b-4311-806c-d5beea9aac63?fields=provider%3Aphysical_network&fields=provider%3Anetwork_type HTTP/1.1" status: 200 len: 277 time: 0.0847259
2026-06-24 19:18:53.542 9 INFO neutron.wsgi [req-817b8a1b-354a-4300-8a6e-fba007cefe71 req-f2a6b76f-4144-4b1a-9cd4-e776c12cd29d 52fb1c1d35b84731972f977a422be3f3 d981d0a38e964a60b943653fbdf58e01 - - d26bc9c440664ddfbfbb63b400620f3e d26bc9c440664ddfbfbb63b400620f3e] 199.19.213.235 "GET /v2.0/floatingips?fixed_ip_address=10.2.1.142&port_id=8c6e2db5-6530-4209-ae55-8f40718bc97c HTTP/1.1" status: 200 len: 217 time: 0.0255408
2026-06-24 19:18:53.589 9 INFO neutron.wsgi [req-817b8a1b-354a-4300-8a6e-fba007cefe71 req-3358d4e9-bd50-4de5-ae15-a59d7ed72613 52fb1c1d35b84731972f977a422be3f3 d981d0a38e964a60b943653fbdf58e01 - - d26bc9c440664ddfbfbb63b400620f3e d26bc9c440664ddfbfbb63b400620f3e] 199.19.213.235 "GET /v2.0/subnets?id=7832daea-4a50-4ec7-887a-76c43e2fdb11 HTTP/1.1" status: 200 len: 851 time: 0.0392249
2026-06-24 19:18:53.629 9 INFO neutron.wsgi [req-817b8a1b-354a-4300-8a6e-fba007cefe71 req-949c37c3-97f9-4583-a8ac-909c3e50b8f9 52fb1c1d35b84731972f977a422be3f3 d981d0a38e964a60b943653fbdf58e01 - - d26bc9c440664ddfbfbb63b400620f3e d26bc9c440664ddfbfbb63b400620f3e] 199.19.213.235 "GET /v2.0/ports?network_id=9cb57a4d-f492-4694-b0bf-b24f93a56129&device_owner=network%3Adhcp HTTP/1.1" status: 200 len: 210 time: 0.0309925
2026-06-24 19:18:53.711 9 INFO neutron.wsgi [req-817b8a1b-354a-4300-8a6e-fba007cefe71 req-b93f004d-12ec-4ce6-b50b-179584f58c69 52fb1c1d35b84731972f977a422be3f3 d981d0a38e964a60b943653fbdf58e01 - - d26bc9c440664ddfbfbb63b400620f3e d26bc9c440664ddfbfbb63b400620f3e] 199.19.213.235 "GET /v2.0/networks/9cb57a4d-f492-4694-b0bf-b24f93a56129?fields=segments HTTP/1.1" status: 200 len: 212 time: 0.0733447
2026-06-24 19:18:53.784 9 INFO neutron.wsgi [req-817b8a1b-354a-4300-8a6e-fba007cefe71 req-c3e021cf-ac17-4581-9c64-5f8c11a6dc72 52fb1c1d35b84731972f977a422be3f3 d981d0a38e964a60b943653fbdf58e01 - - d26bc9c440664ddfbfbb63b400620f3e d26bc9c440664ddfbfbb63b400620f3e] 199.19.213.235 "GET /v2.0/networks/9cb57a4d-f492-4694-b0bf-b24f93a56129?fields=provider%3Aphysical_network&fields=provider%3Anetwork_type HTTP/1.1" status: 200 len: 277 time: 0.0684211
2026-06-24 19:18:53.816 9 INFO neutron.wsgi [req-817b8a1b-354a-4300-8a6e-fba007cefe71 req-f45f8088-a217-48a0-aab5-a116f1db7363 52fb1c1d35b84731972f977a422be3f3 d981d0a38e964a60b943653fbdf58e01 - - d26bc9c440664ddfbfbb63b400620f3e d26bc9c440664ddfbfbb63b400620f3e] 199.19.213.235 "GET /v2.0/floatingips?fixed_ip_address=10.2.2.185&port_id=e2adc440-c3bf-417a-9e86-5ae04daf26d2 HTTP/1.1" status: 200 len: 217 time: 0.0245700
2026-06-24 19:18:53.852 9 INFO neutron.wsgi [req-817b8a1b-354a-4300-8a6e-fba007cefe71 req-9bac17a5-7d75-4fd4-8768-02ade44da482 52fb1c1d35b84731972f977a422be3f3 d981d0a38e964a60b943653fbdf58e01 - - d26bc9c440664ddfbfbb63b400620f3e d26bc9c440664ddfbfbb63b400620f3e] 199.19.213.235 "GET /v2.0/floatingips?fixed_ip_address=fd77%3A1457%3A4cf0%3A26a8%3A%3A84&port_id=e2adc440-c3bf-417a-9e86-5ae04daf26d2 HTTP/1.1" status: 200 len: 217 time: 0.0289729
2026-06-24 19:18:53.962 9 INFO neutron.wsgi [req-817b8a1b-354a-4300-8a6e-fba007cefe71 req-1fda2c90-61f3-4e47-a92c-dd948b165f90 52fb1c1d35b84731972f977a422be3f3 d981d0a38e964a60b943653fbdf58e01 - - d26bc9c440664ddfbfbb63b400620f3e d26bc9c440664ddfbfbb63b400620f3e] 199.19.213.235 "GET /v2.0/subnets?id=1ee97c89-ab79-4696-b819-a74a423211c1&id=ac8d3278-a9c3-45f1-948e-12574037e253 HTTP/1.1" status: 200 len: 1567 time: 0.1037056
2026-06-24 19:18:54.011 9 INFO neutron.wsgi [req-817b8a1b-354a-4300-8a6e-fba007cefe71 req-075416ac-dd02-4e67-8cfd-4b4f1e5295bf 52fb1c1d35b84731972f977a422be3f3 d981d0a38e964a60b943653fbdf58e01 - - d26bc9c440664ddfbfbb63b400620f3e d26bc9c440664ddfbfbb63b400620f3e] 199.19.213.235 "GET /v2.0/ports?network_id=6944916a-81a7-4bfd-85b9-55181621483c&device_owner=network%3Adhcp HTTP/1.1" status: 200 len: 210 time: 0.0426674
2026-06-24 19:18:54.040 9 INFO neutron.wsgi [req-817b8a1b-354a-4300-8a6e-fba007cefe71 req-bbbe151b-6a22-4747-ba8c-0ed11520198c 52fb1c1d35b84731972f977a422be3f3 d981d0a38e964a60b943653fbdf58e01 - - d26bc9c440664ddfbfbb63b400620f3e d26bc9c440664ddfbfbb63b400620f3e] 199.19.213.235 "GET /v2.0/ports?network_id=6944916a-81a7-4bfd-85b9-55181621483c&device_owner=network%3Adhcp HTTP/1.1" status: 200 len: 210 time: 0.0198035
2026-06-24 19:18:54.103 9 INFO neutron.wsgi [req-817b8a1b-354a-4300-8a6e-fba007cefe71 req-b9df916d-0c8d-4713-a727-f000d4f5ced6 52fb1c1d35b84731972f977a422be3f3 d981d0a38e964a60b943653fbdf58e01 - - d26bc9c440664ddfbfbb63b400620f3e d26bc9c440664ddfbfbb63b400620f3e] 199.19.213.235 "GET /v2.0/networks/6944916a-81a7-4bfd-85b9-55181621483c?fields=segments HTTP/1.1" status: 200 len: 212 time: 0.0573678
2026-06-24 19:18:54.565 9 INFO neutron.wsgi [req-817b8a1b-354a-4300-8a6e-fba007cefe71 req-0f4c03d3-542d-42e4-81db-c9ada84b5864 52fb1c1d35b84731972f977a422be3f3 d981d0a38e964a60b943653fbdf58e01 - - d26bc9c440664ddfbfbb63b400620f3e d26bc9c440664ddfbfbb63b400620f3e] 199.19.213.235 "GET /v2.0/networks/6944916a-81a7-4bfd-85b9-55181621483c?fields=provider%3Aphysical_network&fields=provider%3Anetwork_type HTTP/1.1" status: 200 len: 277 time: 0.4545667
2026-06-24 19:18:54.943 10 INFO neutron.plugins.ml2.drivers.ovn.mech_driver.mech_driver [None req-7a8317e2-15ab-42fc-9706-817bc314ad69 - - - - - -] OVN reports status up for port: e2adc440-c3bf-417a-9e86-5ae04daf26d2
2026-06-24 19:18:55.071 10 INFO neutron.plugins.ml2.plugin [None req-7a8317e2-15ab-42fc-9706-817bc314ad69 - - - - - -] Attempt 1 to provision port e2adc440-c3bf-417a-9e86-5ae04daf26d2
2026-06-24 19:18:55.206 10 INFO neutron.notifiers.nova [-] Nova event matching ['req-784b3e7d-9fd8-4411-846b-43ed32c35c08'] response: {'server_uuid': 'f02b6171-2297-4a23-ab17-36458ed6f622', 'name': 'network-vif-plugged', 'status': 'completed', 'tag': 'e2adc440-c3bf-417a-9e86-5ae04daf26d2', 'code': 200}
2026-06-24 19:18:55.288 9 INFO neutron.wsgi [req-817b8a1b-354a-4300-8a6e-fba007cefe71 req-4871e468-084a-40d0-a56e-1d77e7683179 0d30fd43087b480688503ef597652bdb 8ab5d85dbd3944269f238033df819e9e - - default default] 10.0.0.183 "GET /v2.0/ports/e2adc440-c3bf-417a-9e86-5ae04daf26d2 HTTP/1.1" status: 200 len: 1635 time: 0.0450671
2026-06-24 19:18:55.348 9 INFO neutron.wsgi [None req-83acdc9f-8b37-4b98-8c8d-85cc5cb3f284 0d30fd43087b480688503ef597652bdb 8ab5d85dbd3944269f238033df819e9e - - default default] 199.19.213.235 "GET /v2.0/ports/e2adc440-c3bf-417a-9e86-5ae04daf26d2 HTTP/1.1" status: 200 len: 1635 time: 0.0452375
2026-06-24 19:18:55.377 10 INFO neutron.db.ovn_revision_numbers_db [None req-7a8317e2-15ab-42fc-9706-817bc314ad69 - - - - - -] Successfully bumped revision number for resource e2adc440-c3bf-417a-9e86-5ae04daf26d2 (type: ports) to 4
2026-06-24 19:18:55.395 9 INFO neutron.wsgi [None req-8cf95709-d6b7-4e46-8f17-12e57d637dc2 0d30fd43087b480688503ef597652bdb 8ab5d85dbd3944269f238033df819e9e - - default default] 199.19.213.235 "GET /v2.0/ports/e2adc440-c3bf-417a-9e86-5ae04daf26d2 HTTP/1.1" status: 200 len: 1635 time: 0.0399280
2026-06-24 19:18:56.320 9 INFO neutron.db.ovn_revision_numbers_db [None req-7528110d-dd62-4881-9728-ba597e453911 0d30fd43087b480688503ef597652bdb 8ab5d85dbd3944269f238033df819e9e - - default default] Successfully bumped revision number for resource e2adc440-c3bf-417a-9e86-5ae04daf26d2 (type: ports) to 5
2026-06-24 19:18:56.348 9 INFO neutron.wsgi [None req-7528110d-dd62-4881-9728-ba597e453911 0d30fd43087b480688503ef597652bdb 8ab5d85dbd3944269f238033df819e9e - - default default] 199.19.213.235 "PUT /v2.0/ports/e2adc440-c3bf-417a-9e86-5ae04daf26d2 HTTP/1.1" status: 200 len: 1378 time: 0.9439423 /var/lib/openstack/lib/python3.10/site-packages/pycadf/identifier.py:71: UserWarning: Invalid uuid: neutron. To ensure interoperability, identifiers should be a valid uuid. warnings.warn(('Invalid uuid: %s. To ensure interoperability, '
2026-06-24 19:18:56.425 9 INFO neutron.notifiers.nova [-] Nova event matching ['req-4dd42873-28ef-4bd4-837c-4527fada925b'] response: {'name': 'network-changed', 'server_uuid': 'f02b6171-2297-4a23-ab17-36458ed6f622', 'tag': 'e2adc440-c3bf-417a-9e86-5ae04daf26d2', 'status': 'completed', 'code': 200}
2026-06-24 19:18:56.529 9 INFO neutron.wsgi [req-ab10a608-b1fa-4f75-bcb5-502452f1149a req-8160152f-57cf-4a08-978b-9e462f647a74 52fb1c1d35b84731972f977a422be3f3 d981d0a38e964a60b943653fbdf58e01 - - d26bc9c440664ddfbfbb63b400620f3e d26bc9c440664ddfbfbb63b400620f3e] 199.19.213.235 "GET /v2.0/ports?tenant_id=8ab5d85dbd3944269f238033df819e9e&device_id=f02b6171-2297-4a23-ab17-36458ed6f622 HTTP/1.1" status: 200 len: 5114 time: 0.0760405
2026-06-24 19:18:56.540 9 INFO neutron.wsgi [None req-c3c6deeb-dfae-4d5a-b1f3-33c44f5bebc9 0d30fd43087b480688503ef597652bdb 8ab5d85dbd3944269f238033df819e9e - - default default] 199.19.213.235 "GET /v2.0/networks/6944916a-81a7-4bfd-85b9-55181621483c HTTP/1.1" status: 200 len: 999 time: 0.1717823
2026-06-24 19:18:56.604 9 INFO neutron.wsgi [None req-d5374127-f458-4d03-a90b-ca6d5c72c990 0d30fd43087b480688503ef597652bdb 8ab5d85dbd3944269f238033df819e9e - - default default] 199.19.213.235 "GET /v2.0/subnets/1ee97c89-ab79-4696-b819-a74a423211c1 HTTP/1.1" status: 200 len: 849 time: 0.0573499
2026-06-24 19:18:56.647 9 INFO neutron.wsgi [req-ab10a608-b1fa-4f75-bcb5-502452f1149a req-a7086509-eec4-42d0-90bd-77d7c6b0bab0 52fb1c1d35b84731972f977a422be3f3 d981d0a38e964a60b943653fbdf58e01 - - d26bc9c440664ddfbfbb63b400620f3e d26bc9c440664ddfbfbb63b400620f3e] 199.19.213.235 "GET /v2.0/networks?id=6944916a-81a7-4bfd-85b9-55181621483c HTTP/1.1" status: 200 len: 1002 time: 0.1112754
2026-06-24 19:18:56.690 9 INFO neutron.wsgi [req-ab10a608-b1fa-4f75-bcb5-502452f1149a req-e05c6451-de62-4012-9e7e-0c687dd51175 52fb1c1d35b84731972f977a422be3f3 d981d0a38e964a60b943653fbdf58e01 - - d26bc9c440664ddfbfbb63b400620f3e d26bc9c440664ddfbfbb63b400620f3e] 199.19.213.235 "GET /v2.0/floatingips?fixed_ip_address=10.2.2.185&port_id=e2adc440-c3bf-417a-9e86-5ae04daf26d2 HTTP/1.1" status: 200 len: 217 time: 0.0314579
