2026-06-24 19:14:30.395 10 INFO neutron.wsgi [None req-d5171f74-2a22-499b-b213-c4e3300c40dc 5c46666669cc4c0fb6456d03b0d0c46e 3c0bc5e9d1ff45faa5d2ab447a5af88a - - default default] 10.0.0.60 "DELETE /v2.0/routers/74dd33c8-4ff1-4d80-ae09-47dd54b3da34 HTTP/1.1" status: 404 len: 336 time: 0.0307434
2026-06-24 19:14:30.417 10 INFO neutron.pecan_wsgi.hooks.translation [None req-64ab75b8-1081-416d-957d-776f4dce80ce 5c46666669cc4c0fb6456d03b0d0c46e 3c0bc5e9d1ff45faa5d2ab447a5af88a - - default default] DELETE failed (client error): The resource could not be found.
2026-06-24 19:14:30.420 10 INFO neutron.wsgi [None req-64ab75b8-1081-416d-957d-776f4dce80ce 5c46666669cc4c0fb6456d03b0d0c46e 3c0bc5e9d1ff45faa5d2ab447a5af88a - - default default] 10.0.0.60 "DELETE /v2.0/subnets/3728bbdb-bdd4-4942-a0c7-f527bc3da16e HTTP/1.1" status: 404 len: 337 time: 0.0198965
2026-06-24 19:14:30.451 10 INFO neutron.wsgi [None req-9c569711-241f-4b48-84fc-25175c6e9cc3 5c46666669cc4c0fb6456d03b0d0c46e 3c0bc5e9d1ff45faa5d2ab447a5af88a - - default default] 10.0.0.60 "GET /v2.0/ports?device_id=44e8b0b2-97c5-41ce-a73c-c7c69b4c5fe7 HTTP/1.1" status: 200 len: 205 time: 0.0236590
2026-06-24 19:14:30.488 10 INFO neutron.api.v2.resource [None req-31713473-920e-4dd3-9467-8bed5a94c72e 5c46666669cc4c0fb6456d03b0d0c46e 3c0bc5e9d1ff45faa5d2ab447a5af88a - - default default] delete failed (client error): The resource could not be found.
2026-06-24 19:14:30.490 10 INFO neutron.wsgi [None req-31713473-920e-4dd3-9467-8bed5a94c72e 5c46666669cc4c0fb6456d03b0d0c46e 3c0bc5e9d1ff45faa5d2ab447a5af88a - - default default] 10.0.0.60 "DELETE /v2.0/routers/44e8b0b2-97c5-41ce-a73c-c7c69b4c5fe7 HTTP/1.1" status: 404 len: 336 time: 0.0332983
2026-06-24 19:14:30.519 10 INFO neutron.pecan_wsgi.hooks.translation [None req-c3331570-ce25-4691-a6e0-b94c0d996494 5c46666669cc4c0fb6456d03b0d0c46e 3c0bc5e9d1ff45faa5d2ab447a5af88a - - default default] DELETE failed (client error): The resource could not be found.
2026-06-24 19:14:30.522 10 INFO neutron.wsgi [None req-c3331570-ce25-4691-a6e0-b94c0d996494 5c46666669cc4c0fb6456d03b0d0c46e 3c0bc5e9d1ff45faa5d2ab447a5af88a - - default default] 10.0.0.60 "DELETE /v2.0/subnets/21a7703b-c495-46cc-94c7-3f336e1d2c20 HTTP/1.1" status: 404 len: 337 time: 0.0248182
2026-06-24 19:14:30.523 9 INFO neutron.db.ovn_revision_numbers_db [None req-5c45a09d-1a81-4f2a-ab6b-7d259da56915 7ee58db846fb45848169a552184c2ee5 40a43bc1ba7546d582d3ac265c03e3ba - - default default] Successfully bumped revision number for resource 02e1b5a6-f8f2-404d-955d-c4a6da6791d1 (type: security_group_rules) to 0
2026-06-24 19:14:30.550 9 INFO neutron.wsgi [None req-5c45a09d-1a81-4f2a-ab6b-7d259da56915 7ee58db846fb45848169a552184c2ee5 40a43bc1ba7546d582d3ac265c03e3ba - - default default] 10.0.0.60 "POST /v2.0/security-group-rules HTTP/1.1" status: 201 len: 768 time: 0.1732831
2026-06-24 19:14:30.561 10 INFO neutron.wsgi [None req-189049b1-5d73-4fd6-95c0-f383e40b2ed5 5c46666669cc4c0fb6456d03b0d0c46e 3c0bc5e9d1ff45faa5d2ab447a5af88a - - default default] 10.0.0.60 "GET /v2.0/ports?device_id=5cdaa37f-b422-4d08-ad03-cc12eecfb2d8 HTTP/1.1" status: 200 len: 205 time: 0.0272048
2026-06-24 19:14:30.573 9 INFO neutron.wsgi [None req-32f50175-04a3-4c2f-9bd1-9f17aa52ae37 7ee58db846fb45848169a552184c2ee5 40a43bc1ba7546d582d3ac265c03e3ba - - default default] 10.0.0.60 "GET /v2.0/security-group-rules/02e1b5a6-f8f2-404d-955d-c4a6da6791d1 HTTP/1.1" status: 200 len: 763 time: 0.0187635
2026-06-24 19:14:30.587 10 INFO neutron.api.v2.resource [None req-918eddc7-9039-4a0f-b513-8cf5ef95008c 5c46666669cc4c0fb6456d03b0d0c46e 3c0bc5e9d1ff45faa5d2ab447a5af88a - - default default] delete failed (client error): The resource could not be found.
2026-06-24 19:14:30.588 10 INFO neutron.wsgi [None req-918eddc7-9039-4a0f-b513-8cf5ef95008c 5c46666669cc4c0fb6456d03b0d0c46e 3c0bc5e9d1ff45faa5d2ab447a5af88a - - default default] 10.0.0.60 "DELETE /v2.0/routers/5cdaa37f-b422-4d08-ad03-cc12eecfb2d8 HTTP/1.1" status: 404 len: 336 time: 0.0214088
2026-06-24 19:14:30.610 10 INFO neutron.pecan_wsgi.hooks.translation [None req-a83ae941-8a42-4ad6-bc62-66f131016fd7 5c46666669cc4c0fb6456d03b0d0c46e 3c0bc5e9d1ff45faa5d2ab447a5af88a - - default default] DELETE failed (client error): The resource could not be found.
2026-06-24 19:14:30.613 10 INFO neutron.wsgi [None req-a83ae941-8a42-4ad6-bc62-66f131016fd7 5c46666669cc4c0fb6456d03b0d0c46e 3c0bc5e9d1ff45faa5d2ab447a5af88a - - default default] 10.0.0.60 "DELETE /v2.0/subnets/854bd016-e517-47a8-96ac-b02f1fa36b51 HTTP/1.1" status: 404 len: 337 time: 0.0195260
2026-06-24 19:14:30.621 9 INFO neutron.wsgi [None req-f36e06f9-b34d-400d-82d8-3c21daa57b00 7ee58db846fb45848169a552184c2ee5 40a43bc1ba7546d582d3ac265c03e3ba - - default default] 10.0.0.60 "GET /v2.0/security-group-rules HTTP/1.1" status: 200 len: 4113 time: 0.0426981
2026-06-24 19:14:30.637 10 INFO neutron.pecan_wsgi.hooks.translation [None req-152f5309-6478-4b90-bd23-624d89eef44d 5c46666669cc4c0fb6456d03b0d0c46e 3c0bc5e9d1ff45faa5d2ab447a5af88a - - default default] DELETE failed (client error): The resource could not be found.
2026-06-24 19:14:30.640 10 INFO neutron.wsgi [None req-152f5309-6478-4b90-bd23-624d89eef44d 5c46666669cc4c0fb6456d03b0d0c46e 3c0bc5e9d1ff45faa5d2ab447a5af88a - - default default] 10.0.0.60 "DELETE /v2.0/subnets/1c31941f-e0df-4b95-956d-911782556653 HTTP/1.1" status: 404 len: 337 time: 0.0221379
2026-06-24 19:14:30.754 9 INFO neutron.wsgi [None req-2828a3b7-b40e-4cf1-83db-62bdc5781bf2 7ee58db846fb45848169a552184c2ee5 40a43bc1ba7546d582d3ac265c03e3ba - - default default] 10.0.0.60 "DELETE /v2.0/security-group-rules/02e1b5a6-f8f2-404d-955d-c4a6da6791d1 HTTP/1.1" status: 204 len: 168 time: 0.1282687
2026-06-24 19:14:30.799 9 INFO neutron.wsgi [None req-34cc1cf7-a11a-4a96-ba82-2a9d86770e62 7ee58db846fb45848169a552184c2ee5 40a43bc1ba7546d582d3ac265c03e3ba - - default default] 10.0.0.60 "GET /v2.0/security-group-rules HTTP/1.1" status: 200 len: 3567 time: 0.0391581
2026-06-24 19:14:30.952 9 INFO neutron.db.ovn_revision_numbers_db [None req-ce08e472-65fa-47a4-8f81-064c28f960eb 7ee58db846fb45848169a552184c2ee5 40a43bc1ba7546d582d3ac265c03e3ba - - default default] Successfully bumped revision number for resource 1e49db0e-5125-4c75-84f3-dea173f3237d (type: security_group_rules) to 0
2026-06-24 19:14:30.986 9 INFO neutron.wsgi [None req-ce08e472-65fa-47a4-8f81-064c28f960eb 7ee58db846fb45848169a552184c2ee5 40a43bc1ba7546d582d3ac265c03e3ba - - default default] 10.0.0.60 "POST /v2.0/security-group-rules HTTP/1.1" status: 201 len: 768 time: 0.1803229
2026-06-24 19:14:31.010 9 INFO neutron.wsgi [None req-770c6df1-5026-4e79-82b0-e3cec4c59cd6 7ee58db846fb45848169a552184c2ee5 40a43bc1ba7546d582d3ac265c03e3ba - - default default] 10.0.0.60 "GET /v2.0/security-group-rules/1e49db0e-5125-4c75-84f3-dea173f3237d HTTP/1.1" status: 200 len: 763 time: 0.0172870
2026-06-24 19:14:31.069 9 INFO neutron.wsgi [None req-8e678d79-90d4-42fe-8ed1-80cd3c35a31b 7ee58db846fb45848169a552184c2ee5 40a43bc1ba7546d582d3ac265c03e3ba - - default default] 10.0.0.60 "GET /v2.0/security-group-rules HTTP/1.1" status: 200 len: 4113 time: 0.0535359
2026-06-24 19:14:31.201 9 INFO neutron.wsgi [None req-c06aa4e4-3851-452f-bafd-15aac4e7fbf9 7ee58db846fb45848169a552184c2ee5 40a43bc1ba7546d582d3ac265c03e3ba - - default default] 10.0.0.60 "DELETE /v2.0/security-group-rules/1e49db0e-5125-4c75-84f3-dea173f3237d HTTP/1.1" status: 204 len: 168 time: 0.1270270
2026-06-24 19:14:31.244 9 INFO neutron.wsgi [None req-4b64c599-f993-4e3e-91f0-7cbc6d6e2293 7ee58db846fb45848169a552184c2ee5 40a43bc1ba7546d582d3ac265c03e3ba - - default default] 10.0.0.60 "GET /v2.0/security-group-rules HTTP/1.1" status: 200 len: 3567 time: 0.0382743
2026-06-24 19:14:31.363 9 INFO neutron.db.ovn_revision_numbers_db [None req-fc44acb7-1bc7-48c3-9e9f-77ffa5993a70 7ee58db846fb45848169a552184c2ee5 40a43bc1ba7546d582d3ac265c03e3ba - - default default] Successfully bumped revision number for resource 27e106e5-3a20-4c97-ae33-63b47b011267 (type: security_group_rules) to 0
2026-06-24 19:14:31.392 9 INFO neutron.wsgi [None req-fc44acb7-1bc7-48c3-9e9f-77ffa5993a70 7ee58db846fb45848169a552184c2ee5 40a43bc1ba7546d582d3ac265c03e3ba - - default default] 10.0.0.60 "POST /v2.0/security-group-rules HTTP/1.1" status: 201 len: 769 time: 0.1420710
2026-06-24 19:14:31.403 10 INFO neutron.wsgi [None req-72e0c198-b883-4d22-9af0-a4e14f98baae 0d30fd43087b480688503ef597652bdb 8ab5d85dbd3944269f238033df819e9e - - default default] 10.0.0.60 "GET /v2.0/security-groups?tenant_id=3c0bc5e9d1ff45faa5d2ab447a5af88a&name=default HTTP/1.1" status: 200 len: 2996 time: 0.2370963
2026-06-24 19:14:31.427 9 INFO neutron.wsgi [None req-a64a9ef2-1624-4418-bad0-b51432cebc99 7ee58db846fb45848169a552184c2ee5 40a43bc1ba7546d582d3ac265c03e3ba - - default default] 10.0.0.60 "GET /v2.0/security-group-rules/27e106e5-3a20-4c97-ae33-63b47b011267 HTTP/1.1" status: 200 len: 764 time: 0.0276811
2026-06-24 19:14:31.463 10 INFO neutron.db.ovn_revision_numbers_db [None req-3de868be-d8a1-48b4-ac8c-f1b52de9d831 0d30fd43087b480688503ef597652bdb 8ab5d85dbd3944269f238033df819e9e - - default default] Successfully bumped revision number for resource e67d5ad0-363a-428d-88c1-8ec616d8096d (type: security_groups) to 1
2026-06-24 19:14:31.494 10 INFO neutron.wsgi [None req-7ec76dd1-3722-484c-9557-03d2cce6edac 7ee58db846fb45848169a552184c2ee5 40a43bc1ba7546d582d3ac265c03e3ba - - default default] 10.0.0.60 "GET /v2.0/security-group-rules HTTP/1.1" status: 200 len: 4114 time: 0.0586150
2026-06-24 19:14:31.495 10 INFO neutron.db.ovn_revision_numbers_db [None req-3de868be-d8a1-48b4-ac8c-f1b52de9d831 0d30fd43087b480688503ef597652bdb 8ab5d85dbd3944269f238033df819e9e - - default default] Successfully bumped revision number for resource 947765eb-9749-410c-b2cb-8d8b3b60275f (type: security_group_rules) to 0
2026-06-24 19:14:31.514 10 INFO neutron.db.ovn_revision_numbers_db [None req-3de868be-d8a1-48b4-ac8c-f1b52de9d831 0d30fd43087b480688503ef597652bdb 8ab5d85dbd3944269f238033df819e9e - - default default] Successfully bumped revision number for resource bd8aa294-d7e3-4d57-a05a-6426b8c68800 (type: security_group_rules) to 0
2026-06-24 19:14:31.534 10 INFO neutron.db.ovn_revision_numbers_db [None req-3de868be-d8a1-48b4-ac8c-f1b52de9d831 0d30fd43087b480688503ef597652bdb 8ab5d85dbd3944269f238033df819e9e - - default default] Successfully bumped revision number for resource c4a222e7-4c9b-4984-8bc2-9b41b4261ab9 (type: security_group_rules) to 0
2026-06-24 19:14:31.553 10 INFO neutron.db.ovn_revision_numbers_db [None req-3de868be-d8a1-48b4-ac8c-f1b52de9d831 0d30fd43087b480688503ef597652bdb 8ab5d85dbd3944269f238033df819e9e - - default default] Successfully bumped revision number for resource e2b16252-636a-48d1-b1a4-97d967196a15 (type: security_group_rules) to 0
2026-06-24 19:14:31.582 10 INFO neutron.wsgi [None req-3de868be-d8a1-48b4-ac8c-f1b52de9d831 0d30fd43087b480688503ef597652bdb 8ab5d85dbd3944269f238033df819e9e - - default default] 10.0.0.60 "GET /v2.0/security-groups?tenant_id=3f544788e5114d919204e187bf7c1570&name=default HTTP/1.1" status: 200 len: 2996 time: 0.4025986
2026-06-24 19:14:31.723 9 INFO neutron.wsgi [None req-47488da4-d8e1-4544-b476-80c8753de229 7ee58db846fb45848169a552184c2ee5 40a43bc1ba7546d582d3ac265c03e3ba - - default default] 10.0.0.60 "DELETE /v2.0/security-group-rules/27e106e5-3a20-4c97-ae33-63b47b011267 HTTP/1.1" status: 204 len: 168 time: 0.2245736
2026-06-24 19:14:31.763 9 INFO neutron.wsgi [None req-043c9e47-53bb-40aa-bf4e-3795133950ae 0d30fd43087b480688503ef597652bdb 8ab5d85dbd3944269f238033df819e9e - - default default] 10.0.0.60 "DELETE /v2.0/security-groups/ae069a28-4a9d-400b-a115-79858ac4e22c HTTP/1.1" status: 204 len: 168 time: 0.3555205
2026-06-24 19:14:31.780 10 INFO neutron.wsgi [None req-4d2cdaf4-d951-41de-8486-f434c9d900d2 7ee58db846fb45848169a552184c2ee5 40a43bc1ba7546d582d3ac265c03e3ba - - default default] 10.0.0.60 "GET /v2.0/security-group-rules HTTP/1.1" status: 200 len: 3567 time: 0.0497973
2026-06-24 19:14:31.889 9 INFO neutron.wsgi [None req-92065d62-c52e-48b7-ab9c-22afb8ae44fa 0d30fd43087b480688503ef597652bdb 8ab5d85dbd3944269f238033df819e9e - - default default] 10.0.0.60 "DELETE /v2.0/security-groups/e67d5ad0-363a-428d-88c1-8ec616d8096d HTTP/1.1" status: 204 len: 168 time: 0.2955019
2026-06-24 19:14:31.944 10 INFO neutron.wsgi [None req-9097f8e7-6c74-4f07-bef3-18387f1e2b6b 7ee58db846fb45848169a552184c2ee5 40a43bc1ba7546d582d3ac265c03e3ba - - default default] 10.0.0.60 "DELETE /v2.0/security-groups/2122fed0-e7bd-423b-a878-80f5f6da0ffc HTTP/1.1" status: 204 len: 168 time: 0.1586349
2026-06-24 19:14:32.000 10 INFO neutron.wsgi [None req-66ac9717-a2d4-4a99-9ea2-774b1372c56a 7ee58db846fb45848169a552184c2ee5 40a43bc1ba7546d582d3ac265c03e3ba - - default default] 10.0.0.60 "GET /v2.0/security-groups HTTP/1.1" status: 200 len: 2996 time: 0.0485165
2026-06-24 19:14:32.047 10 INFO neutron.wsgi [None req-2d8267ca-0a26-4f40-8fa7-9ae90151312b 7ee58db846fb45848169a552184c2ee5 40a43bc1ba7546d582d3ac265c03e3ba - - default default] 10.0.0.60 "GET /v2.0/security-groups HTTP/1.1" status: 200 len: 2996 time: 0.0409195
2026-06-24 19:14:32.838 10 INFO neutron.wsgi [None req-6262c5f0-96d0-4511-a38c-e869cc20df89 0d30fd43087b480688503ef597652bdb 8ab5d85dbd3944269f238033df819e9e - - default default] 10.0.0.60 "GET /v2.0/security-groups?tenant_id=40a43bc1ba7546d582d3ac265c03e3ba&name=default HTTP/1.1" status: 200 len: 2996 time: 0.1960447
2026-06-24 19:14:33.072 10 INFO neutron.wsgi [None req-64680c84-23ad-4359-84ab-fb8b74f77a16 0d30fd43087b480688503ef597652bdb 8ab5d85dbd3944269f238033df819e9e - - default default] 10.0.0.60 "DELETE /v2.0/security-groups/bbe0a6ac-e91f-4894-a448-cdfe983aad13 HTTP/1.1" status: 204 len: 168 time: 0.2280753
2026-06-24 19:14:33.536 9 WARNING neutron.plugins.ml2.drivers.ovn.mech_driver.ovsdb.ovn_client [None req-406106f4-f672-4df2-84d1-782bf5d1979d - - - - - -] No port found with ID fe727985-5d18-4620-87e4-b1d579841e7d: RuntimeError: No port found with ID fe727985-5d18-4620-87e4-b1d579841e7d
2026-06-24 19:14:33.763 10 INFO neutron.wsgi [None req-cc4d5aa4-4dc6-4739-bc69-f0144fb4e10e 86af929073454befb40cff1ab0814943 2fdba7b483134846a9a9f398e055ae21 - - default default] 10.0.0.60 "POST /v2.0/subnetpools HTTP/1.1" status: 201 len: 748 time: 0.2645395
2026-06-24 19:14:33.813 10 INFO neutron.wsgi [None req-6aff930e-dd3a-4e41-9952-0b9916b8d905 86af929073454befb40cff1ab0814943 2fdba7b483134846a9a9f398e055ae21 - - default default] 10.0.0.60 "GET /v2.0/subnetpools/60c2176c-63a4-4c80-bea7-d006984b7823 HTTP/1.1" status: 200 len: 743 time: 0.0424612
2026-06-24 19:14:33.895 10 INFO neutron.wsgi [None req-be03253d-a65a-4ef1-9297-73d9e6399fcd 86af929073454befb40cff1ab0814943 2fdba7b483134846a9a9f398e055ae21 - - default default] 10.0.0.60 "PUT /v2.0/subnetpools/60c2176c-63a4-4c80-bea7-d006984b7823 HTTP/1.1" status: 200 len: 695 time: 0.0756381
2026-06-24 19:14:33.974 10 INFO neutron.wsgi [None req-b3ef18eb-8f66-406f-b082-4591c6bf66cf 86af929073454befb40cff1ab0814943 2fdba7b483134846a9a9f398e055ae21 - - default default] 10.0.0.60 "DELETE /v2.0/subnetpools/60c2176c-63a4-4c80-bea7-d006984b7823 HTTP/1.1" status: 204 len: 168 time: 0.0730033
2026-06-24 19:14:33.992 10 INFO neutron.api.v2.resource [None req-e8ad7736-a1f1-4e04-afb6-99c772be4eff 86af929073454befb40cff1ab0814943 2fdba7b483134846a9a9f398e055ae21 - - default default] show failed (client error): The resource could not be found.
2026-06-24 19:14:33.994 10 INFO neutron.wsgi [None req-e8ad7736-a1f1-4e04-afb6-99c772be4eff 86af929073454befb40cff1ab0814943 2fdba7b483134846a9a9f398e055ae21 - - default default] 10.0.0.60 "GET /v2.0/subnetpools/60c2176c-63a4-4c80-bea7-d006984b7823 HTTP/1.1" status: 404 len: 346 time: 0.0134194
2026-06-24 19:14:34.015 10 INFO neutron.api.v2.resource [None req-bbe40bf3-e092-4d5c-8555-5adf0db230d1 86af929073454befb40cff1ab0814943 2fdba7b483134846a9a9f398e055ae21 - - default default] delete failed (client error): The resource could not be found.
2026-06-24 19:14:34.016 10 INFO neutron.wsgi [None req-bbe40bf3-e092-4d5c-8555-5adf0db230d1 86af929073454befb40cff1ab0814943 2fdba7b483134846a9a9f398e055ae21 - - default default] 10.0.0.60 "DELETE /v2.0/subnetpools/60c2176c-63a4-4c80-bea7-d006984b7823 HTTP/1.1" status: 404 len: 346 time: 0.0163577
2026-06-24 19:14:34.757 9 INFO neutron.db.ovn_revision_numbers_db [None req-b2be41a3-1208-4b85-81ea-150f7414053d 0d30fd43087b480688503ef597652bdb 8ab5d85dbd3944269f238033df819e9e - - default default] Successfully bumped revision number for resource e0f240c4-4238-44d6-81cc-b9727720d2f0 (type: security_groups) to 1
2026-06-24 19:14:34.774 9 INFO neutron.db.ovn_revision_numbers_db [None req-b2be41a3-1208-4b85-81ea-150f7414053d 0d30fd43087b480688503ef597652bdb 8ab5d85dbd3944269f238033df819e9e - - default default] Successfully bumped revision number for resource 0701bde3-ebc5-4dd2-87d7-2cec16e263fa (type: security_group_rules) to 0
2026-06-24 19:14:34.791 9 INFO neutron.db.ovn_revision_numbers_db [None req-b2be41a3-1208-4b85-81ea-150f7414053d 0d30fd43087b480688503ef597652bdb 8ab5d85dbd3944269f238033df819e9e - - default default] Successfully bumped revision number for resource 1645356f-bb7c-47c5-b2d8-d735ca741194 (type: security_group_rules) to 0
2026-06-24 19:14:34.811 9 INFO neutron.db.ovn_revision_numbers_db [None req-b2be41a3-1208-4b85-81ea-150f7414053d 0d30fd43087b480688503ef597652bdb 8ab5d85dbd3944269f238033df819e9e - - default default] Successfully bumped revision number for resource 9b07f322-767e-429c-8c48-5fe2df91c1fc (type: security_group_rules) to 0
2026-06-24 19:14:34.826 9 INFO neutron.db.ovn_revision_numbers_db [None req-b2be41a3-1208-4b85-81ea-150f7414053d 0d30fd43087b480688503ef597652bdb 8ab5d85dbd3944269f238033df819e9e - - default default] Successfully bumped revision number for resource e99c6961-2651-4514-a9c6-c43e111ace87 (type: security_group_rules) to 0
2026-06-24 19:14:34.851 9 INFO neutron.wsgi [None req-b2be41a3-1208-4b85-81ea-150f7414053d 0d30fd43087b480688503ef597652bdb 8ab5d85dbd3944269f238033df819e9e - - default default] 10.0.0.60 "GET /v2.0/security-groups?tenant_id=2fdba7b483134846a9a9f398e055ae21&name=default HTTP/1.1" status: 200 len: 2996 time: 0.4053280
2026-06-24 19:14:35.050 9 INFO neutron.wsgi [None req-f470d8d8-b3a1-4ee8-8481-fc323aededa2 0d30fd43087b480688503ef597652bdb 8ab5d85dbd3944269f238033df819e9e - - default default] 10.0.0.60 "DELETE /v2.0/security-groups/e0f240c4-4238-44d6-81cc-b9727720d2f0 HTTP/1.1" status: 204 len: 168 time: 0.1919141
2026-06-24 19:14:36.830 9 INFO neutron.wsgi [-] 10.0.0.60 "GET / HTTP/1.1" status: 200 len: 279 time: 0.0025697
2026-06-24 19:14:36.890 9 INFO neutron.wsgi [None req-38027956-0192-4612-b6f7-635065efb48f 8d365398b4fa464daf4b7278ad2d78d5 a48ef651d68b4b1bb87c262ce6279c26 - - default default] 10.0.0.60 "GET /v2.0/ HTTP/1.1" status: 200 len: 826 time: 0.0540745
2026-06-24 19:14:37.261 9 INFO neutron.db.ovn_revision_numbers_db [None req-1414073c-4c95-40ec-b750-fc731fac14f3 db69e0587ecb49cca196a4e5057263e6 8d6c42b31683408895c786f9473354a1 - - default default] Successfully bumped revision number for resource 5b171623-fa1d-4ffb-bb2f-591764116a64 (type: routers) to 1
2026-06-24 19:14:37.281 9 INFO neutron.wsgi [None req-1414073c-4c95-40ec-b750-fc731fac14f3 db69e0587ecb49cca196a4e5057263e6 8d6c42b31683408895c786f9473354a1 - - default default] 10.0.0.60 "POST /v2.0/routers HTTP/1.1" status: 201 len: 654 time: 0.8586924
2026-06-24 19:14:37.684 9 INFO neutron.db.ovn_revision_numbers_db [None req-64250e11-062d-4942-8df9-992e223b3971 db69e0587ecb49cca196a4e5057263e6 8d6c42b31683408895c786f9473354a1 - - default default] Successfully bumped revision number for resource 9ebd7813-d724-4a94-83b5-d3412460ed2a (type: routers) to 1
2026-06-24 19:14:37.858 9 INFO neutron.wsgi [None req-64250e11-062d-4942-8df9-992e223b3971 db69e0587ecb49cca196a4e5057263e6 8d6c42b31683408895c786f9473354a1 - - default default] 10.0.0.60 "POST /v2.0/routers HTTP/1.1" status: 201 len: 654 time: 0.5527294
2026-06-24 19:14:38.072 10 INFO neutron.db.ovn_revision_numbers_db [None req-57739f8b-31a5-4ae8-ac67-f09ce8d9e12d 0d30fd43087b480688503ef597652bdb 8ab5d85dbd3944269f238033df819e9e - - default default] Successfully bumped revision number for resource bbec9049-81a6-43b8-b256-5359358f444f (type: security_groups) to 1
2026-06-24 19:14:38.114 10 INFO neutron.db.ovn_revision_numbers_db [None req-57739f8b-31a5-4ae8-ac67-f09ce8d9e12d 0d30fd43087b480688503ef597652bdb 8ab5d85dbd3944269f238033df819e9e - - default default] Successfully bumped revision number for resource 364b0a23-27dc-4529-a514-81928eace513 (type: security_group_rules) to 0
2026-06-24 19:14:38.151 10 INFO neutron.db.ovn_revision_numbers_db [None req-57739f8b-31a5-4ae8-ac67-f09ce8d9e12d 0d30fd43087b480688503ef597652bdb 8ab5d85dbd3944269f238033df819e9e - - default default] Successfully bumped revision number for resource 3de71ddc-0b31-409f-a21d-bf039c51b851 (type: security_group_rules) to 0
2026-06-24 19:14:38.173 10 INFO neutron.db.ovn_revision_numbers_db [None req-57739f8b-31a5-4ae8-ac67-f09ce8d9e12d 0d30fd43087b480688503ef597652bdb 8ab5d85dbd3944269f238033df819e9e - - default default] Successfully bumped revision number for resource 93500c99-3465-487d-962d-40346bb0bd28 (type: security_group_rules) to 0
2026-06-24 19:14:38.191 10 INFO neutron.db.ovn_revision_numbers_db [None req-57739f8b-31a5-4ae8-ac67-f09ce8d9e12d 0d30fd43087b480688503ef597652bdb 8ab5d85dbd3944269f238033df819e9e - - default default] Successfully bumped revision number for resource abee13fa-4107-4caf-9c53-52488a2772a5 (type: security_group_rules) to 0
2026-06-24 19:14:38.208 9 INFO neutron.db.ovn_revision_numbers_db [None req-6f09f03d-cee4-40a5-82e6-4e6118dd06f4 db69e0587ecb49cca196a4e5057263e6 8d6c42b31683408895c786f9473354a1 - - default default] Successfully bumped revision number for resource 93c3387f-cfbc-499c-a5f3-7d85c8bbef00 (type: routers) to 1
2026-06-24 19:14:38.226 10 INFO neutron.wsgi [None req-57739f8b-31a5-4ae8-ac67-f09ce8d9e12d 0d30fd43087b480688503ef597652bdb 8ab5d85dbd3944269f238033df819e9e - - default default] 10.0.0.60 "GET /v2.0/security-groups?tenant_id=a48ef651d68b4b1bb87c262ce6279c26&name=default HTTP/1.1" status: 200 len: 2996 time: 0.5658975
2026-06-24 19:14:38.230 9 INFO neutron.wsgi [None req-6f09f03d-cee4-40a5-82e6-4e6118dd06f4 db69e0587ecb49cca196a4e5057263e6 8d6c42b31683408895c786f9473354a1 - - default default] 10.0.0.60 "POST /v2.0/routers HTTP/1.1" status: 201 len: 654 time: 0.3624809
2026-06-24 19:14:38.462 9 INFO neutron.db.ovn_revision_numbers_db [None req-1dd2a46e-074f-404b-a34c-b12a3ea03de8 db69e0587ecb49cca196a4e5057263e6 8d6c42b31683408895c786f9473354a1 - - default default] Successfully bumped revision number for resource ae99ebff-b134-49c3-9a1c-836b3dbf3ffd (type: routers) to 1
2026-06-24 19:14:38.488 9 INFO neutron.wsgi [None req-1dd2a46e-074f-404b-a34c-b12a3ea03de8 db69e0587ecb49cca196a4e5057263e6 8d6c42b31683408895c786f9473354a1 - - default default] 10.0.0.60 "POST /v2.0/routers HTTP/1.1" status: 201 len: 654 time: 0.2518613
2026-06-24 19:14:38.545 10 INFO neutron.wsgi [None req-e8cdb841-7bad-4e4d-a0ad-d57d7ff0f647 0d30fd43087b480688503ef597652bdb 8ab5d85dbd3944269f238033df819e9e - - default default] 10.0.0.60 "DELETE /v2.0/security-groups/bbec9049-81a6-43b8-b256-5359358f444f HTTP/1.1" status: 204 len: 168 time: 0.3143165
2026-06-24 19:14:38.723 10 INFO neutron.db.ovn_revision_numbers_db [None req-ae95b314-fbb3-4df2-8461-6c83e9a8d8f7 db69e0587ecb49cca196a4e5057263e6 8d6c42b31683408895c786f9473354a1 - - default default] Successfully bumped revision number for resource 2d823d1a-b7b5-4e3c-8122-40aa33951afa (type: routers) to 1
2026-06-24 19:14:38.739 10 INFO neutron.wsgi [None req-ae95b314-fbb3-4df2-8461-6c83e9a8d8f7 db69e0587ecb49cca196a4e5057263e6 8d6c42b31683408895c786f9473354a1 - - default default] 10.0.0.60 "POST /v2.0/routers HTTP/1.1" status: 201 len: 654 time: 0.2439337
2026-06-24 19:14:38.810 10 INFO neutron.wsgi [None req-e52601f0-e3e3-4f36-af9e-fe6d7a12104b db69e0587ecb49cca196a4e5057263e6 8d6c42b31683408895c786f9473354a1 - - default default] 10.0.0.60 "PUT /v2.0/routers/5b171623-fa1d-4ffb-bb2f-591764116a64/tags HTTP/1.1" status: 200 len: 210 time: 0.0653737
2026-06-24 19:14:38.874 10 INFO neutron.wsgi [None req-59713e0f-3dbf-45d6-8a52-6072ed3def59 db69e0587ecb49cca196a4e5057263e6 8d6c42b31683408895c786f9473354a1 - - default default] 10.0.0.60 "PUT /v2.0/routers/9ebd7813-d724-4a94-83b5-d3412460ed2a/tags HTTP/1.1" status: 200 len: 218 time: 0.0590856
2026-06-24 19:14:38.941 10 INFO neutron.wsgi [None req-60dbe5d9-b829-491c-9c7f-ac1519f0159c db69e0587ecb49cca196a4e5057263e6 8d6c42b31683408895c786f9473354a1 - - default default] 10.0.0.60 "PUT /v2.0/routers/93c3387f-cfbc-499c-a5f3-7d85c8bbef00/tags HTTP/1.1" status: 200 len: 227 time: 0.0625558
2026-06-24 19:14:39.006 10 INFO neutron.wsgi [None req-e510e7db-2bbc-45b6-bced-6d9fa806a00c db69e0587ecb49cca196a4e5057263e6 8d6c42b31683408895c786f9473354a1 - - default default] 10.0.0.60 "PUT /v2.0/routers/ae99ebff-b134-49c3-9a1c-836b3dbf3ffd/tags HTTP/1.1" status: 200 len: 212 time: 0.0617392
2026-06-24 19:14:39.098 9 INFO neutron.wsgi [None req-cb4939db-5b4b-4197-a562-0468cc5b27b0 db69e0587ecb49cca196a4e5057263e6 8d6c42b31683408895c786f9473354a1 - - default default] 10.0.0.60 "GET /v2.0/routers?tags=red HTTP/1.1" status: 200 len: 1601 time: 0.0851650
2026-06-24 19:14:39.188 9 INFO neutron.wsgi [None req-283ad78c-9587-4d8e-acfe-653bdfabf065 db69e0587ecb49cca196a4e5057263e6 8d6c42b31683408895c786f9473354a1 - - default default] 10.0.0.60 "GET /v2.0/routers?tags=red%2Cblue HTTP/1.1" status: 200 len: 1144 time: 0.0851464
2026-06-24 19:14:39.290 10 INFO neutron.wsgi [None req-6383e09b-7513-4002-b57a-4ef288018882 db69e0587ecb49cca196a4e5057263e6 8d6c42b31683408895c786f9473354a1 - - default default] 10.0.0.60 "GET /v2.0/routers?tags-any=blue HTTP/1.1" status: 200 len: 1144 time: 0.0971744
2026-06-24 19:14:39.367 10 INFO neutron.db.ovn_revision_numbers_db [None req-162edeaf-8764-461d-a571-e838efb424b7 0d30fd43087b480688503ef597652bdb 8ab5d85dbd3944269f238033df819e9e - - default default] Successfully bumped revision number for resource 5ec6101c-20a6-490e-ae8a-559d071f1f18 (type: security_groups) to 1
2026-06-24 19:14:39.371 9 INFO neutron.wsgi [None req-95a60a0c-9542-4b13-8010-35c826faeaa6 db69e0587ecb49cca196a4e5057263e6 8d6c42b31683408895c786f9473354a1 - - default default] 10.0.0.60 "GET /v2.0/routers?tags-any=red%2Cblue HTTP/1.1" status: 200 len: 1601 time: 0.0728514
2026-06-24 19:14:39.384 10 INFO neutron.db.ovn_revision_numbers_db [None req-162edeaf-8764-461d-a571-e838efb424b7 0d30fd43087b480688503ef597652bdb 8ab5d85dbd3944269f238033df819e9e - - default default] Successfully bumped revision number for resource 1adeb700-0f83-450d-8158-be568fe3c8a4 (type: security_group_rules) to 0
2026-06-24 19:14:39.406 10 INFO neutron.db.ovn_revision_numbers_db [None req-162edeaf-8764-461d-a571-e838efb424b7 0d30fd43087b480688503ef597652bdb 8ab5d85dbd3944269f238033df819e9e - - default default] Successfully bumped revision number for resource 5bf1bd44-c0fb-476b-a4c4-2f6cf97174f2 (type: security_group_rules) to 0
2026-06-24 19:14:39.424 10 INFO neutron.db.ovn_revision_numbers_db [None req-162edeaf-8764-461d-a571-e838efb424b7 0d30fd43087b480688503ef597652bdb 8ab5d85dbd3944269f238033df819e9e - - default default] Successfully bumped revision number for resource 7bc9fac4-3b1f-467e-a64b-0f01277897f1 (type: security_group_rules) to 0
2026-06-24 19:14:39.441 10 INFO neutron.db.ovn_revision_numbers_db [None req-162edeaf-8764-461d-a571-e838efb424b7 0d30fd43087b480688503ef597652bdb 8ab5d85dbd3944269f238033df819e9e - - default default] Successfully bumped revision number for resource af568dfe-09f1-4b28-bfe2-05c95c842a04 (type: security_group_rules) to 0
2026-06-24 19:14:39.471 9 INFO neutron.wsgi [None req-353aeb03-8e8a-4f97-b168-294642442232 db69e0587ecb49cca196a4e5057263e6 8d6c42b31683408895c786f9473354a1 - - default default] 10.0.0.60 "GET /v2.0/routers?not-tags=red HTTP/1.1" status: 200 len: 1116 time: 0.0938702
2026-06-24 19:14:39.471 10 INFO neutron.wsgi [None req-162edeaf-8764-461d-a571-e838efb424b7 0d30fd43087b480688503ef597652bdb 8ab5d85dbd3944269f238033df819e9e - - default default] 10.0.0.60 "GET /v2.0/security-groups?tenant_id=7e9a7a4f1f574c8c9b971e432b46dd45&name=default HTTP/1.1" status: 200 len: 2996 time: 0.4363074
2026-06-24 19:14:39.590 10 INFO neutron.wsgi [None req-fff2eb1f-f220-4b93-bf21-d8fdfd7cd6d2 db69e0587ecb49cca196a4e5057263e6 8d6c42b31683408895c786f9473354a1 - - default default] 10.0.0.60 "GET /v2.0/routers?not-tags=red%2Cblue HTTP/1.1" status: 200 len: 1573 time: 0.1134915
2026-06-24 19:14:39.680 10 INFO neutron.wsgi [None req-2755ec11-2617-4b76-8555-06c9697c1951 db69e0587ecb49cca196a4e5057263e6 8d6c42b31683408895c786f9473354a1 - - default default] 10.0.0.60 "GET /v2.0/routers?not-tags-any=blue HTTP/1.1" status: 200 len: 1573 time: 0.0852036
2026-06-24 19:14:39.696 9 INFO neutron.wsgi [None req-43e41e33-19b5-4119-8067-19479ab7b2ed 0d30fd43087b480688503ef597652bdb 8ab5d85dbd3944269f238033df819e9e - - default default] 10.0.0.60 "DELETE /v2.0/security-groups/5ec6101c-20a6-490e-ae8a-559d071f1f18 HTTP/1.1" status: 204 len: 168 time: 0.2194030
2026-06-24 19:14:39.764 10 INFO neutron.wsgi [None req-a320cd81-d11a-4fc5-bb18-905c25b49bfa db69e0587ecb49cca196a4e5057263e6 8d6c42b31683408895c786f9473354a1 - - default default] 10.0.0.60 "GET /v2.0/routers?not-tags-any=red%2Cblue HTTP/1.1" status: 200 len: 1116 time: 0.0780790
2026-06-24 19:14:39.831 10 INFO neutron.wsgi [None req-d34fd747-c27e-4cc8-b8fd-d0187e98318c db69e0587ecb49cca196a4e5057263e6 8d6c42b31683408895c786f9473354a1 - - default default] 10.0.0.60 "GET /v2.0/routers/5b171623-fa1d-4ffb-bb2f-591764116a64 HTTP/1.1" status: 200 len: 660 time: 0.0564208
2026-06-24 19:14:40.470 9 INFO neutron.wsgi [req-4db20126-fb4f-4644-bdc4-13979ae5d9bb req-64cd8230-d176-4978-8473-33586b807643 ca7d7bb1568b4900a15d3a1d6cbfc232 74e1e80fdf824993a114e1b68ddd7be1 - - default default] 10.0.0.183 "GET /v2.0/ports?device_id=dcae65b2-b7e2-418e-94ef-29f215d405ea HTTP/1.1" status: 200 len: 1214 time: 0.1303449
2026-06-24 19:14:40.533 9 INFO neutron.wsgi [req-4db20126-fb4f-4644-bdc4-13979ae5d9bb req-7962f251-7139-43d2-95d4-15bf40275563 ca7d7bb1568b4900a15d3a1d6cbfc232 74e1e80fdf824993a114e1b68ddd7be1 - - default default] 10.0.0.183 "GET /v2.0/security-groups?id=c63224f0-0d9b-459f-8b7c-092110eeeed3&id=3f8acd10-274e-4180-8fe7-bec8be66e1d4&fields=id&fields=name HTTP/1.1" status: 200 len: 405 time: 0.0530782
2026-06-24 19:14:40.756 10 INFO neutron.db.ovn_revision_numbers_db [None req-c84a69dc-c01e-4016-a626-f79763d1d7e9 db69e0587ecb49cca196a4e5057263e6 8d6c42b31683408895c786f9473354a1 - - default default] Successfully bumped revision number for resource 5b171623-fa1d-4ffb-bb2f-591764116a64 (type: routers) to 2
2026-06-24 19:14:40.759 10 INFO neutron.wsgi [None req-c84a69dc-c01e-4016-a626-f79763d1d7e9 db69e0587ecb49cca196a4e5057263e6 8d6c42b31683408895c786f9473354a1 - - default default] 10.0.0.60 "PUT /v2.0/routers/5b171623-fa1d-4ffb-bb2f-591764116a64 HTTP/1.1" status: 200 len: 660 time: 0.9230039
2026-06-24 19:14:40.787 10 INFO neutron.wsgi [None req-883afa05-ef31-4d45-9c59-2bcc39c55cb6 db69e0587ecb49cca196a4e5057263e6 8d6c42b31683408895c786f9473354a1 - - default default] 10.0.0.60 "GET /v2.0/ports?device_id=5b171623-fa1d-4ffb-bb2f-591764116a64 HTTP/1.1" status: 200 len: 205 time: 0.0231895
2026-06-24 19:14:40.840 9 INFO neutron.wsgi [None req-563fb9bc-0b6a-432f-9ceb-70fa95cf7810 4704698c98ba4374820b454491f5b219 cf6e977c7a2d416aa03838f96b82a780 - - default default] 10.0.0.60 "GET /v2.0/ports?device_id=dcae65b2-b7e2-418e-94ef-29f215d405ea HTTP/1.1" status: 200 len: 1447 time: 0.2732291
2026-06-24 19:14:40.915 9 INFO neutron.wsgi [None req-260ea1a3-88de-4df9-b477-44f76d1f0649 ca7d7bb1568b4900a15d3a1d6cbfc232 74e1e80fdf824993a114e1b68ddd7be1 - - default default] 10.0.0.60 "GET /v2.0/floatingips?floating_network_id=f0dad41d-bdd4-4996-be46-9a646b1fc56e&port_id=43fc04cc-009c-43c3-90dc-d5479be02b62 HTTP/1.1" status: 200 len: 1055 time: 0.0684114
2026-06-24 19:14:41.038 10 INFO neutron.wsgi [None req-19824aa3-32a3-44a5-8db7-bb46dc99ebc5 db69e0587ecb49cca196a4e5057263e6 8d6c42b31683408895c786f9473354a1 - - default default] 10.0.0.60 "DELETE /v2.0/routers/5b171623-fa1d-4ffb-bb2f-591764116a64 HTTP/1.1" status: 204 len: 168 time: 0.2468951
2026-06-24 19:14:41.096 10 INFO neutron.wsgi [None req-e40c4bcd-f735-4c21-862b-65ebcb0cb6a7 db69e0587ecb49cca196a4e5057263e6 8d6c42b31683408895c786f9473354a1 - - default default] 10.0.0.60 "GET /v2.0/routers/9ebd7813-d724-4a94-83b5-d3412460ed2a HTTP/1.1" status: 200 len: 668 time: 0.0513022
2026-06-24 19:14:41.635 10 INFO neutron.db.ovn_revision_numbers_db [None req-0917c0a1-c790-453c-b6b7-603b944e7daa db69e0587ecb49cca196a4e5057263e6 8d6c42b31683408895c786f9473354a1 - - default default] Successfully bumped revision number for resource 9ebd7813-d724-4a94-83b5-d3412460ed2a (type: routers) to 2
2026-06-24 19:14:41.640 10 INFO neutron.wsgi [None req-0917c0a1-c790-453c-b6b7-603b944e7daa db69e0587ecb49cca196a4e5057263e6 8d6c42b31683408895c786f9473354a1 - - default default] 10.0.0.60 "PUT /v2.0/routers/9ebd7813-d724-4a94-83b5-d3412460ed2a HTTP/1.1" status: 200 len: 668 time: 0.5372818
2026-06-24 19:14:41.671 10 INFO neutron.wsgi [None req-beb403f2-03da-4fe0-99e3-823c21cfdc41 db69e0587ecb49cca196a4e5057263e6 8d6c42b31683408895c786f9473354a1 - - default default] 10.0.0.60 "GET /v2.0/ports?device_id=9ebd7813-d724-4a94-83b5-d3412460ed2a HTTP/1.1" status: 200 len: 205 time: 0.0252206
2026-06-24 19:14:41.925 10 INFO neutron.wsgi [None req-fd89ded8-e19d-49f6-8647-5e57e91a45e1 db69e0587ecb49cca196a4e5057263e6 8d6c42b31683408895c786f9473354a1 - - default default] 10.0.0.60 "DELETE /v2.0/routers/9ebd7813-d724-4a94-83b5-d3412460ed2a HTTP/1.1" status: 204 len: 168 time: 0.2479062
2026-06-24 19:14:42.010 9 INFO neutron.wsgi [None req-66fe92dc-aa20-4b35-9e54-2044e3876ffc db69e0587ecb49cca196a4e5057263e6 8d6c42b31683408895c786f9473354a1 - - default default] 10.0.0.60 "GET /v2.0/routers/93c3387f-cfbc-499c-a5f3-7d85c8bbef00 HTTP/1.1" status: 200 len: 677 time: 0.0744550
2026-06-24 19:14:42.016 9 INFO neutron.wsgi [req-f885b591-3d3e-43e1-ac7f-86ad6c377e77 req-7c7c764c-af54-4d37-8747-1d75f2190dc4 52fb1c1d35b84731972f977a422be3f3 d981d0a38e964a60b943653fbdf58e01 - - d26bc9c440664ddfbfbb63b400620f3e d26bc9c440664ddfbfbb63b400620f3e] 199.19.213.235 "GET /v2.0/ports?device_id=dcae65b2-b7e2-418e-94ef-29f215d405ea&fields=binding%3Ahost_id&fields=binding%3Avif_type HTTP/1.1" status: 200 len: 265 time: 0.0791521
2026-06-24 19:14:42.096 9 INFO neutron.wsgi [req-f885b591-3d3e-43e1-ac7f-86ad6c377e77 req-b7014889-18df-4489-9b7d-6e2179e05aa6 52fb1c1d35b84731972f977a422be3f3 d981d0a38e964a60b943653fbdf58e01 - - d26bc9c440664ddfbfbb63b400620f3e d26bc9c440664ddfbfbb63b400620f3e] 199.19.213.235 "GET /v2.0/ports?tenant_id=74e1e80fdf824993a114e1b68ddd7be1&device_id=dcae65b2-b7e2-418e-94ef-29f215d405ea HTTP/1.1" status: 200 len: 1452 time: 0.0381086
2026-06-24 19:14:42.219 9 INFO neutron.wsgi [req-f885b591-3d3e-43e1-ac7f-86ad6c377e77 req-447e76d9-ce3b-46f9-8635-1491d1fe8f5f 52fb1c1d35b84731972f977a422be3f3 d981d0a38e964a60b943653fbdf58e01 - - d26bc9c440664ddfbfbb63b400620f3e d26bc9c440664ddfbfbb63b400620f3e] 199.19.213.235 "GET /v2.0/networks?id=80642c26-d82b-4c88-a8e5-a906b91f2f3f HTTP/1.1" status: 200 len: 970 time: 0.0996070
2026-06-24 19:14:42.614 9 INFO neutron.wsgi [req-f885b591-3d3e-43e1-ac7f-86ad6c377e77 req-b24c0678-3279-42f4-93a1-f05d5897e398 52fb1c1d35b84731972f977a422be3f3 d981d0a38e964a60b943653fbdf58e01 - - d26bc9c440664ddfbfbb63b400620f3e d26bc9c440664ddfbfbb63b400620f3e] 199.19.213.235 "GET /v2.0/floatingips?fixed_ip_address=10.100.0.12&port_id=43fc04cc-009c-43c3-90dc-d5479be02b62 HTTP/1.1" status: 200 len: 1060 time: 0.3892863
2026-06-24 19:14:42.657 9 INFO neutron.wsgi [req-f885b591-3d3e-43e1-ac7f-86ad6c377e77 req-a661ac57-4f41-4009-84dc-bb3a1d580d3a 52fb1c1d35b84731972f977a422be3f3 d981d0a38e964a60b943653fbdf58e01 - - d26bc9c440664ddfbfbb63b400620f3e d26bc9c440664ddfbfbb63b400620f3e] 199.19.213.235 "GET /v2.0/subnets?id=685b7759-23b6-4b22-ae2f-452d89a0ceee HTTP/1.1" status: 200 len: 865 time: 0.0346651
2026-06-24 19:14:42.690 9 INFO neutron.wsgi [req-f885b591-3d3e-43e1-ac7f-86ad6c377e77 req-913d0c8c-483e-48d6-be26-c7d1a7a31f3b 52fb1c1d35b84731972f977a422be3f3 d981d0a38e964a60b943653fbdf58e01 - - d26bc9c440664ddfbfbb63b400620f3e d26bc9c440664ddfbfbb63b400620f3e] 199.19.213.235 "GET /v2.0/ports?network_id=80642c26-d82b-4c88-a8e5-a906b91f2f3f&device_owner=network%3Adhcp HTTP/1.1" status: 200 len: 210 time: 0.0245140
2026-06-24 19:14:42.746 9 INFO neutron.wsgi [req-03686488-211e-4616-9f7b-e79d40670f13 req-3eed2cf3-8245-4b37-bc3b-a0c94d12a311 52fb1c1d35b84731972f977a422be3f3 d981d0a38e964a60b943653fbdf58e01 - - d26bc9c440664ddfbfbb63b400620f3e d26bc9c440664ddfbfbb63b400620f3e] 10.0.0.79 "GET /v2.0/ports?device_id=dcae65b2-b7e2-418e-94ef-29f215d405ea HTTP/1.1" status: 200 len: 1452 time: 0.6483922
2026-06-24 19:14:42.752 10 INFO neutron.db.ovn_revision_numbers_db [None req-1fd6fc3c-e3cf-4eb0-b2cd-2c3d2a17d4c3 db69e0587ecb49cca196a4e5057263e6 8d6c42b31683408895c786f9473354a1 - - default default] Successfully bumped revision number for resource 93c3387f-cfbc-499c-a5f3-7d85c8bbef00 (type: routers) to 2
2026-06-24 19:14:42.756 10 INFO neutron.wsgi [None req-1fd6fc3c-e3cf-4eb0-b2cd-2c3d2a17d4c3 db69e0587ecb49cca196a4e5057263e6 8d6c42b31683408895c786f9473354a1 - - default default] 10.0.0.60 "PUT /v2.0/routers/93c3387f-cfbc-499c-a5f3-7d85c8bbef00 HTTP/1.1" status: 200 len: 677 time: 0.7395117
2026-06-24 19:14:42.784 10 INFO neutron.wsgi [None req-593a958d-523b-4fdc-9a32-c5365ffb4ea4 db69e0587ecb49cca196a4e5057263e6 8d6c42b31683408895c786f9473354a1 - - default default] 10.0.0.60 "GET /v2.0/ports?device_id=93c3387f-cfbc-499c-a5f3-7d85c8bbef00 HTTP/1.1" status: 200 len: 205 time: 0.0229611
2026-06-24 19:14:42.828 9 INFO neutron.wsgi [req-f885b591-3d3e-43e1-ac7f-86ad6c377e77 req-f0e77117-ed49-40e5-b1d9-a392fffb4069 52fb1c1d35b84731972f977a422be3f3 d981d0a38e964a60b943653fbdf58e01 - - d26bc9c440664ddfbfbb63b400620f3e d26bc9c440664ddfbfbb63b400620f3e] 199.19.213.235 "GET /v2.0/networks/80642c26-d82b-4c88-a8e5-a906b91f2f3f?fields=segments HTTP/1.1" status: 200 len: 212 time: 0.1274877
2026-06-24 19:14:42.834 9 INFO neutron.wsgi [req-03686488-211e-4616-9f7b-e79d40670f13 req-693dfcc4-d1d7-47a9-a5dc-897e59273c9b 52fb1c1d35b84731972f977a422be3f3 d981d0a38e964a60b943653fbdf58e01 - - d26bc9c440664ddfbfbb63b400620f3e d26bc9c440664ddfbfbb63b400620f3e] 10.0.0.79 "GET /v2.0/security-groups?id=c63224f0-0d9b-459f-8b7c-092110eeeed3&id=3f8acd10-274e-4180-8fe7-bec8be66e1d4&fields=id&fields=name HTTP/1.1" status: 200 len: 405 time: 0.0790722
2026-06-24 19:14:42.848 10 INFO neutron.wsgi [-] 10.0.0.213 "GET / HTTP/1.1" status: 200 len: 247 time: 0.0025530
2026-06-24 19:14:42.851 10 INFO neutron.wsgi [-] 10.0.0.213 "GET / HTTP/1.1" status: 200 len: 247 time: 0.0017087
2026-06-24 19:14:42.922 9 INFO neutron.wsgi [req-f885b591-3d3e-43e1-ac7f-86ad6c377e77 req-8e0a3b4f-629e-4fcd-ac2c-0bfe4a08069c 52fb1c1d35b84731972f977a422be3f3 d981d0a38e964a60b943653fbdf58e01 - - d26bc9c440664ddfbfbb63b400620f3e d26bc9c440664ddfbfbb63b400620f3e] 199.19.213.235 "GET /v2.0/networks/80642c26-d82b-4c88-a8e5-a906b91f2f3f?fields=provider%3Aphysical_network&fields=provider%3Anetwork_type HTTP/1.1" status: 200 len: 277 time: 0.0851450
2026-06-24 19:14:43.504 9 INFO neutron.db.ovn_revision_numbers_db [None req-360c5e65-b84d-4f95-bcb9-7a8d13090e59 0d30fd43087b480688503ef597652bdb 8ab5d85dbd3944269f238033df819e9e - - default default] Successfully bumped revision number for resource e8d96ddb-f8e2-4f12-8739-a083771a38d5 (type: security_groups) to 1
2026-06-24 19:14:43.607 9 INFO neutron.db.ovn_revision_numbers_db [None req-360c5e65-b84d-4f95-bcb9-7a8d13090e59 0d30fd43087b480688503ef597652bdb 8ab5d85dbd3944269f238033df819e9e - - default default] Successfully bumped revision number for resource 79ed7005-77f1-4dc5-8a15-cc99f625355b (type: security_group_rules) to 0
2026-06-24 19:14:43.654 10 INFO neutron.wsgi [None req-9ca800d3-175f-4c88-83d3-31774dc6faf0 db69e0587ecb49cca196a4e5057263e6 8d6c42b31683408895c786f9473354a1 - - default default] 10.0.0.60 "DELETE /v2.0/routers/93c3387f-cfbc-499c-a5f3-7d85c8bbef00 HTTP/1.1" status: 204 len: 168 time: 0.8601077
2026-06-24 19:14:43.746 10 INFO neutron.wsgi [None req-422d37b8-4503-4255-8c73-e066abac8b47 db69e0587ecb49cca196a4e5057263e6 8d6c42b31683408895c786f9473354a1 - - default default] 10.0.0.60 "GET /v2.0/routers/ae99ebff-b134-49c3-9a1c-836b3dbf3ffd HTTP/1.1" status: 200 len: 662 time: 0.0519719
2026-06-24 19:14:43.790 9 INFO neutron.db.ovn_revision_numbers_db [None req-360c5e65-b84d-4f95-bcb9-7a8d13090e59 0d30fd43087b480688503ef597652bdb 8ab5d85dbd3944269f238033df819e9e - - default default] Successfully bumped revision number for resource 8546d3b1-bafa-4a72-8ff3-a9a9e699943d (type: security_group_rules) to 0
2026-06-24 19:14:43.886 9 INFO neutron.db.ovn_revision_numbers_db [None req-360c5e65-b84d-4f95-bcb9-7a8d13090e59 0d30fd43087b480688503ef597652bdb 8ab5d85dbd3944269f238033df819e9e - - default default] Successfully bumped revision number for resource a415cc06-1a2a-4c8d-b31c-9fd553e269e8 (type: security_group_rules) to 0
2026-06-24 19:14:43.916 9 INFO neutron.db.ovn_revision_numbers_db [None req-360c5e65-b84d-4f95-bcb9-7a8d13090e59 0d30fd43087b480688503ef597652bdb 8ab5d85dbd3944269f238033df819e9e - - default default] Successfully bumped revision number for resource f499098a-7f12-4a3e-b387-93a35c2fd6f1 (type: security_group_rules) to 0
2026-06-24 19:14:43.946 9 INFO neutron.wsgi [None req-360c5e65-b84d-4f95-bcb9-7a8d13090e59 0d30fd43087b480688503ef597652bdb 8ab5d85dbd3944269f238033df819e9e - - default default] 10.0.0.60 "GET /v2.0/security-groups?tenant_id=5f75f8f112cb42c58e6f8af6b4963369&name=default HTTP/1.1" status: 200 len: 2996 time: 1.7187660
2026-06-24 19:14:43.967 9 INFO neutron.db.ovn_revision_numbers_db [None req-d55810e1-ce25-46c5-be61-f40f80aeaef6 e08179914e70470e81cecea840d78241 636cf54687554e91ad7f290dbac9aadb - - default default] Successfully bumped revision number for resource 78cac31e-eb54-463a-a37c-4e2e0a421a3a (type: security_groups) to 1
2026-06-24 19:14:43.990 9 INFO neutron.db.ovn_revision_numbers_db [None req-d55810e1-ce25-46c5-be61-f40f80aeaef6 e08179914e70470e81cecea840d78241 636cf54687554e91ad7f290dbac9aadb - - default default] Successfully bumped revision number for resource 0461e3c8-8bfc-498c-b041-798246f24a83 (type: security_group_rules) to 0
2026-06-24 19:14:44.007 9 INFO neutron.db.ovn_revision_numbers_db [None req-d55810e1-ce25-46c5-be61-f40f80aeaef6 e08179914e70470e81cecea840d78241 636cf54687554e91ad7f290dbac9aadb - - default default] Successfully bumped revision number for resource 0af81a8f-2181-4fe1-9260-df3aaf719bc6 (type: security_group_rules) to 0
2026-06-24 19:14:44.022 9 INFO neutron.db.ovn_revision_numbers_db [None req-d55810e1-ce25-46c5-be61-f40f80aeaef6 e08179914e70470e81cecea840d78241 636cf54687554e91ad7f290dbac9aadb - - default default] Successfully bumped revision number for resource 7dfd6a4f-67ac-4804-ae39-4f5f51b25f20 (type: security_group_rules) to 0
2026-06-24 19:14:44.040 9 INFO neutron.db.ovn_revision_numbers_db [None req-d55810e1-ce25-46c5-be61-f40f80aeaef6 e08179914e70470e81cecea840d78241 636cf54687554e91ad7f290dbac9aadb - - default default] Successfully bumped revision number for resource 904686a9-c42f-44c4-a2e7-0881ca63f920 (type: security_group_rules) to 0
2026-06-24 19:14:44.103 9 INFO neutron.db.segments_db [None req-d55810e1-ce25-46c5-be61-f40f80aeaef6 e08179914e70470e81cecea840d78241 636cf54687554e91ad7f290dbac9aadb - - default default] Added segment 6cac3a5e-e262-49c2-a309-b157c22b3663 of type geneve for network f791467f-dce2-476d-b796-b824b8d2d53b
2026-06-24 19:14:44.277 9 INFO neutron.db.ovn_revision_numbers_db [None req-d55810e1-ce25-46c5-be61-f40f80aeaef6 e08179914e70470e81cecea840d78241 636cf54687554e91ad7f290dbac9aadb - - default default] Successfully bumped revision number for resource f791467f-dce2-476d-b796-b824b8d2d53b (type: networks) to 1
2026-06-24 19:14:44.280 10 INFO neutron.db.ovn_revision_numbers_db [None req-d07435f8-62d6-41e6-b46f-4d866f639364 db69e0587ecb49cca196a4e5057263e6 8d6c42b31683408895c786f9473354a1 - - default default] Successfully bumped revision number for resource ae99ebff-b134-49c3-9a1c-836b3dbf3ffd (type: routers) to 2
2026-06-24 19:14:44.283 10 INFO neutron.wsgi [None req-d07435f8-62d6-41e6-b46f-4d866f639364 db69e0587ecb49cca196a4e5057263e6 8d6c42b31683408895c786f9473354a1 - - default default] 10.0.0.60 "PUT /v2.0/routers/ae99ebff-b134-49c3-9a1c-836b3dbf3ffd HTTP/1.1" status: 200 len: 662 time: 0.5313091
2026-06-24 19:14:44.308 10 INFO neutron.wsgi [None req-2b2d900a-e5ca-4dfe-acef-fb02a928023a db69e0587ecb49cca196a4e5057263e6 8d6c42b31683408895c786f9473354a1 - - default default] 10.0.0.60 "GET /v2.0/ports?device_id=ae99ebff-b134-49c3-9a1c-836b3dbf3ffd HTTP/1.1" status: 200 len: 205 time: 0.0195751
2026-06-24 19:14:44.470 10 INFO neutron.wsgi [None req-a54699a5-c7e2-493a-9c3c-9684b24c86e7 0d30fd43087b480688503ef597652bdb 8ab5d85dbd3944269f238033df819e9e - - default default] 10.0.0.60 "DELETE /v2.0/security-groups/e8d96ddb-f8e2-4f12-8739-a083771a38d5 HTTP/1.1" status: 204 len: 168 time: 0.5169220
2026-06-24 19:14:44.517 9 WARNING neutron.scheduler.dhcp_agent_scheduler [None req-d55810e1-ce25-46c5-be61-f40f80aeaef6 e08179914e70470e81cecea840d78241 636cf54687554e91ad7f290dbac9aadb - - default default] No more DHCP agents
2026-06-24 19:14:44.520 9 WARNING neutron.api.rpc.agentnotifiers.dhcp_rpc_agent_api [None req-d55810e1-ce25-46c5-be61-f40f80aeaef6 e08179914e70470e81cecea840d78241 636cf54687554e91ad7f290dbac9aadb - - default default] Unable to schedule network f791467f-dce2-476d-b796-b824b8d2d53b: no agents available; will retry on subsequent port and subnet creation events.
2026-06-24 19:14:44.609 10 INFO neutron.wsgi [None req-c2fbd16e-c8cd-41ec-8560-1d855dbd57b6 db69e0587ecb49cca196a4e5057263e6 8d6c42b31683408895c786f9473354a1 - - default default] 10.0.0.60 "DELETE /v2.0/routers/ae99ebff-b134-49c3-9a1c-836b3dbf3ffd HTTP/1.1" status: 204 len: 168 time: 0.2965646
2026-06-24 19:14:44.617 9 INFO neutron.db.ovn_revision_numbers_db [None req-d55810e1-ce25-46c5-be61-f40f80aeaef6 e08179914e70470e81cecea840d78241 636cf54687554e91ad7f290dbac9aadb - - default default] Successfully bumped revision number for resource 19e35064-63f7-4d87-b7b8-b6ae2b5df440 (type: ports) to 1
2026-06-24 19:14:44.644 9 INFO neutron.wsgi [None req-d55810e1-ce25-46c5-be61-f40f80aeaef6 e08179914e70470e81cecea840d78241 636cf54687554e91ad7f290dbac9aadb - - default default] 10.0.0.60 "POST /v2.0/networks HTTP/1.1" status: 201 len: 832 time: 1.7891161
2026-06-24 19:14:44.669 10 INFO neutron.wsgi [None req-92c14005-d47d-4d6d-9a83-50a69a7be9d7 db69e0587ecb49cca196a4e5057263e6 8d6c42b31683408895c786f9473354a1 - - default default] 10.0.0.60 "GET /v2.0/routers/2d823d1a-b7b5-4e3c-8122-40aa33951afa HTTP/1.1" status: 200 len: 655 time: 0.0532219
2026-06-24 19:14:45.154 9 WARNING neutron.scheduler.dhcp_agent_scheduler [None req-09641842-5e67-420c-9f6d-b5a8985789c9 e08179914e70470e81cecea840d78241 636cf54687554e91ad7f290dbac9aadb - - default default] No more DHCP agents
2026-06-24 19:14:45.158 9 WARNING neutron.api.rpc.agentnotifiers.dhcp_rpc_agent_api [None req-09641842-5e67-420c-9f6d-b5a8985789c9 e08179914e70470e81cecea840d78241 636cf54687554e91ad7f290dbac9aadb - - default default] Unable to schedule network f0dad41d-bdd4-4996-be46-9a646b1fc56e: no agents available; will retry on subsequent port and subnet creation events.
2026-06-24 19:14:45.267 10 INFO neutron.wsgi [None req-eeed1448-3405-48dd-8aee-1c1a4c2332d7 db69e0587ecb49cca196a4e5057263e6 8d6c42b31683408895c786f9473354a1 - - default default] 10.0.0.60 "PUT /v2.0/routers/2d823d1a-b7b5-4e3c-8122-40aa33951afa HTTP/1.1" status: 200 len: 655 time: 0.5932124
2026-06-24 19:14:45.293 10 INFO neutron.wsgi [None req-616d52d1-6c17-4ab4-afe0-308478cc3658 db69e0587ecb49cca196a4e5057263e6 8d6c42b31683408895c786f9473354a1 - - default default] 10.0.0.60 "GET /v2.0/ports?device_id=2d823d1a-b7b5-4e3c-8122-40aa33951afa HTTP/1.1" status: 200 len: 205 time: 0.0200882
2026-06-24 19:14:45.343 9 INFO neutron.db.ovn_revision_numbers_db [None req-09641842-5e67-420c-9f6d-b5a8985789c9 e08179914e70470e81cecea840d78241 636cf54687554e91ad7f290dbac9aadb - - default default] Successfully bumped revision number for resource 3006bc77-c4c5-4372-a885-50fcaa67c88e (type: ports) to 1
2026-06-24 19:14:45.514 10 INFO neutron.plugins.ml2.drivers.ovn.mech_driver.mech_driver [None req-7a8317e2-15ab-42fc-9706-817bc314ad69 - - - - - -] OVN reports status down for port: 43fc04cc-009c-43c3-90dc-d5479be02b62
2026-06-24 19:14:45.532 10 INFO neutron.wsgi [None req-c95924db-0d77-4c17-9a98-911d09a14f28 db69e0587ecb49cca196a4e5057263e6 8d6c42b31683408895c786f9473354a1 - - default default] 10.0.0.60 "DELETE /v2.0/routers/2d823d1a-b7b5-4e3c-8122-40aa33951afa HTTP/1.1" status: 204 len: 168 time: 0.2324204
2026-06-24 19:14:45.673 9 INFO neutron.wsgi [req-2065fa95-a393-48af-9e3a-e1a6808ead3e req-f914a1eb-a89d-4cdc-b7cb-3c8acad9c339 ca7d7bb1568b4900a15d3a1d6cbfc232 74e1e80fdf824993a114e1b68ddd7be1 - - default default] 10.0.0.183 "GET /v2.0/ports?device_id=dcae65b2-b7e2-418e-94ef-29f215d405ea HTTP/1.1" status: 200 len: 1214 time: 0.1999376
2026-06-24 19:14:45.697 10 INFO neutron.notifiers.nova [-] Nova event matching ['req-b37aa664-2748-4466-b7bd-d6a5916c940c'] response: {'server_uuid': 'dcae65b2-b7e2-418e-94ef-29f215d405ea', 'name': 'network-vif-unplugged', 'status': 'completed', 'tag': '43fc04cc-009c-43c3-90dc-d5479be02b62', 'code': 200}
