2026-06-24 19:12:01.934 10 INFO neutron.plugins.ml2.drivers.ovn.mech_driver.ovsdb.ovsdb_monitor [None req-7c3a6aa3-6fb1-43f6-916a-8cdf4d5506e3 - - - - - -] Router 84c6f940-b350-4052-ba5e-70d2467c3356 is bound to host instance
2026-06-24 19:12:01.946 9 INFO neutron.db.ovn_revision_numbers_db [None req-bf6782b8-b3bf-4ab7-bf0d-1bb01b640913 0d30fd43087b480688503ef597652bdb 8ab5d85dbd3944269f238033df819e9e - - default default] Successfully bumped revision number for resource e13dae4c-768a-4d82-bf40-0f9e4416875c (type: router_ports) to 1
2026-06-24 19:12:02.017 9 INFO neutron.db.ovn_revision_numbers_db [None req-bf6782b8-b3bf-4ab7-bf0d-1bb01b640913 0d30fd43087b480688503ef597652bdb 8ab5d85dbd3944269f238033df819e9e - - default default] Successfully bumped revision number for resource 84c6f940-b350-4052-ba5e-70d2467c3356 (type: routers) to 2
2026-06-24 19:12:02.035 9 INFO neutron.wsgi [None req-bf6782b8-b3bf-4ab7-bf0d-1bb01b640913 0d30fd43087b480688503ef597652bdb 8ab5d85dbd3944269f238033df819e9e - - default default] 10.0.0.60 "POST /v2.0/routers HTTP/1.1" status: 201 len: 885 time: 2.5018194
2026-06-24 19:12:02.036 10 INFO neutron.notifiers.nova [-] Nova event matching ['req-823225a2-61d4-4bef-bad9-5eedd4a5cea1'] response: {'server_uuid': '3ec5e64b-f7c6-4bbf-8326-baa436b51da9', 'name': 'network-vif-deleted', 'tag': 'a2142e26-26b5-4e53-a566-f83a8bb20e00', 'status': 'completed', 'code': 200}
2026-06-24 19:12:02.244 9 INFO neutron.db.ovn_revision_numbers_db [None req-3889345c-3d60-4d05-b31e-013775ca5dbf 64d3c71bf3d042838b4320084585365b 15a75626f58941d8ad48410a1ff6279e - - default default] Successfully bumped revision number for resource 6fc7ef05-ff24-416b-9fd6-0b4c17acb7c3 (type: security_groups) to 1
2026-06-24 19:12:02.271 9 INFO neutron.db.ovn_revision_numbers_db [None req-3889345c-3d60-4d05-b31e-013775ca5dbf 64d3c71bf3d042838b4320084585365b 15a75626f58941d8ad48410a1ff6279e - - default default] Successfully bumped revision number for resource 07277710-a460-420e-9aea-8c849189d0e3 (type: security_group_rules) to 0
2026-06-24 19:12:02.288 9 INFO neutron.db.ovn_revision_numbers_db [None req-3889345c-3d60-4d05-b31e-013775ca5dbf 64d3c71bf3d042838b4320084585365b 15a75626f58941d8ad48410a1ff6279e - - default default] Successfully bumped revision number for resource 4956dff5-485f-4255-960b-9e0935171c51 (type: security_group_rules) to 0
2026-06-24 19:12:02.329 9 INFO neutron.wsgi [None req-3889345c-3d60-4d05-b31e-013775ca5dbf 64d3c71bf3d042838b4320084585365b 15a75626f58941d8ad48410a1ff6279e - - default default] 10.0.0.60 "POST /v2.0/security-groups HTTP/1.1" status: 201 len: 1796 time: 0.2411337
2026-06-24 19:12:02.585 9 INFO neutron.db.ovn_revision_numbers_db [None req-503173e5-506e-4207-b2a6-74440bd9be4d 64d3c71bf3d042838b4320084585365b 15a75626f58941d8ad48410a1ff6279e - - default default] Successfully bumped revision number for resource 593c057e-a215-47b5-a1f6-0b88f2183c74 (type: security_group_rules) to 0
2026-06-24 19:12:02.595 9 WARNING neutron.scheduler.dhcp_agent_scheduler [None req-dd38bdab-c308-436c-8708-ed857455452d 0d30fd43087b480688503ef597652bdb 8ab5d85dbd3944269f238033df819e9e - - default default] No more DHCP agents
2026-06-24 19:12:02.601 9 WARNING neutron.api.rpc.agentnotifiers.dhcp_rpc_agent_api [None req-dd38bdab-c308-436c-8708-ed857455452d 0d30fd43087b480688503ef597652bdb 8ab5d85dbd3944269f238033df819e9e - - default default] Unable to schedule network 19853787-ce4e-4687-909e-2b147365321e: no agents available; will retry on subsequent port and subnet creation events.
2026-06-24 19:12:02.625 9 INFO neutron.wsgi [None req-503173e5-506e-4207-b2a6-74440bd9be4d 64d3c71bf3d042838b4320084585365b 15a75626f58941d8ad48410a1ff6279e - - default default] 10.0.0.60 "POST /v2.0/security-group-rules HTTP/1.1" status: 201 len: 764 time: 0.2837965
2026-06-24 19:12:02.771 10 INFO neutron.db.ovn_revision_numbers_db [None req-7c3a6aa3-6fb1-43f6-916a-8cdf4d5506e3 - - - - - -] Successfully bumped revision number for resource e13dae4c-768a-4d82-bf40-0f9e4416875c (type: ports) to 1
2026-06-24 19:12:02.788 9 INFO neutron.db.ovn_revision_numbers_db [None req-b7e95a7a-2bb4-4834-8691-c42f0f9c8ac1 64d3c71bf3d042838b4320084585365b 15a75626f58941d8ad48410a1ff6279e - - default default] Successfully bumped revision number for resource 8ee7951d-3c12-448c-a78a-2a52a41c3e07 (type: security_group_rules) to 0
2026-06-24 19:12:02.791 9 INFO neutron.db.ovn_revision_numbers_db [None req-dd38bdab-c308-436c-8708-ed857455452d 0d30fd43087b480688503ef597652bdb 8ab5d85dbd3944269f238033df819e9e - - default default] Successfully bumped revision number for resource 2a1f6ca9-6838-410d-a8d3-c2ff9ba136a0 (type: ports) to 1
2026-06-24 19:12:02.832 9 INFO neutron.wsgi [None req-b7e95a7a-2bb4-4834-8691-c42f0f9c8ac1 64d3c71bf3d042838b4320084585365b 15a75626f58941d8ad48410a1ff6279e - - default default] 10.0.0.60 "POST /v2.0/security-group-rules HTTP/1.1" status: 201 len: 769 time: 0.2016246
2026-06-24 19:12:03.214 9 WARNING neutron.scheduler.dhcp_agent_scheduler [None req-b1822052-32b6-4602-ba40-54dba867f4d3 64d3c71bf3d042838b4320084585365b 15a75626f58941d8ad48410a1ff6279e - - default default] No more DHCP agents
2026-06-24 19:12:03.218 9 WARNING neutron.api.rpc.agentnotifiers.dhcp_rpc_agent_api [None req-b1822052-32b6-4602-ba40-54dba867f4d3 64d3c71bf3d042838b4320084585365b 15a75626f58941d8ad48410a1ff6279e - - default default] Unable to schedule network f0dad41d-bdd4-4996-be46-9a646b1fc56e: no agents available; will retry on subsequent port and subnet creation events.
2026-06-24 19:12:03.228 10 INFO neutron.db.ovn_revision_numbers_db [None req-7c3a6aa3-6fb1-43f6-916a-8cdf4d5506e3 - - - - - -] Successfully bumped revision number for resource e13dae4c-768a-4d82-bf40-0f9e4416875c (type: router_ports) to 3
2026-06-24 19:12:03.417 9 INFO neutron.db.ovn_revision_numbers_db [None req-dd38bdab-c308-436c-8708-ed857455452d 0d30fd43087b480688503ef597652bdb 8ab5d85dbd3944269f238033df819e9e - - default default] Successfully bumped revision number for resource 2a1f6ca9-6838-410d-a8d3-c2ff9ba136a0 (type: router_ports) to 1
2026-06-24 19:12:03.761 10 INFO neutron.db.ovn_revision_numbers_db [None req-7c3a6aa3-6fb1-43f6-916a-8cdf4d5506e3 - - - - - -] Successfully bumped revision number for resource e13dae4c-768a-4d82-bf40-0f9e4416875c (type: ports) to 2
2026-06-24 19:12:03.921 9 INFO neutron.db.ovn_revision_numbers_db [None req-dd38bdab-c308-436c-8708-ed857455452d 0d30fd43087b480688503ef597652bdb 8ab5d85dbd3944269f238033df819e9e - - default default] Successfully bumped revision number for resource 2a1f6ca9-6838-410d-a8d3-c2ff9ba136a0 (type: ports) to 1
2026-06-24 19:12:03.924 9 INFO neutron.db.ovn_revision_numbers_db [None req-b1822052-32b6-4602-ba40-54dba867f4d3 64d3c71bf3d042838b4320084585365b 15a75626f58941d8ad48410a1ff6279e - - default default] Successfully bumped revision number for resource 5eb5c67a-a96d-4983-a9e2-9bb10eb5ecf5 (type: floatingips) to 0
2026-06-24 19:12:03.953 9 INFO neutron.wsgi [None req-b1822052-32b6-4602-ba40-54dba867f4d3 64d3c71bf3d042838b4320084585365b 15a75626f58941d8ad48410a1ff6279e - - default default] 10.0.0.60 "POST /v2.0/floatingips HTTP/1.1" status: 201 len: 751 time: 1.1149621
2026-06-24 19:12:04.017 9 WARNING neutron.scheduler.dhcp_agent_scheduler [None req-dd38bdab-c308-436c-8708-ed857455452d 0d30fd43087b480688503ef597652bdb 8ab5d85dbd3944269f238033df819e9e - - default default] No more DHCP agents
2026-06-24 19:12:04.018 9 WARNING neutron.api.rpc.agentnotifiers.dhcp_rpc_agent_api [None req-dd38bdab-c308-436c-8708-ed857455452d 0d30fd43087b480688503ef597652bdb 8ab5d85dbd3944269f238033df819e9e - - default default] Unable to schedule network 19853787-ce4e-4687-909e-2b147365321e: no agents available; will retry on subsequent port and subnet creation events.
2026-06-24 19:12:04.083 10 INFO neutron.wsgi [None req-524d6a5a-b684-48b2-be70-9d6faf70a623 0d30fd43087b480688503ef597652bdb 8ab5d85dbd3944269f238033df819e9e - - default default] 10.0.0.60 "PUT /v2.0/routers/7ba0f08a-b953-4b24-8c0c-0f9a480acc8f/remove_router_interface HTTP/1.1" status: 200 len: 503 time: 2.1652753 /var/lib/openstack/lib/python3.10/site-packages/pycadf/identifier.py:71: UserWarning: Invalid uuid: neutron. To ensure interoperability, identifiers should be a valid uuid. warnings.warn(('Invalid uuid: %s. To ensure interoperability, '
2026-06-24 19:12:04.223 10 INFO neutron.db.ovn_revision_numbers_db [None req-7c3a6aa3-6fb1-43f6-916a-8cdf4d5506e3 - - - - - -] Successfully bumped revision number for resource e13dae4c-768a-4d82-bf40-0f9e4416875c (type: ports) to 4
2026-06-24 19:12:04.461 9 INFO neutron.wsgi [req-ab39b7d0-ea0b-4267-b442-acb65714b16a req-bb3c5670-543d-4e98-9598-dca2c3a1d944 64d3c71bf3d042838b4320084585365b 15a75626f58941d8ad48410a1ff6279e - - default default] 10.0.0.183 "GET /v2.0/security-groups?name=tempest-securitygroup--1176128518&fields=id&tenant_id=15a75626f58941d8ad48410a1ff6279e HTTP/1.1" status: 200 len: 267 time: 0.0893123
2026-06-24 19:12:04.575 9 INFO neutron.wsgi [req-ab39b7d0-ea0b-4267-b442-acb65714b16a req-fd151ebc-4831-4979-bd31-f88775fb6718 64d3c71bf3d042838b4320084585365b 15a75626f58941d8ad48410a1ff6279e - - default default] 10.0.0.183 "GET /v2.0/networks?id=4dd8df67-1092-4706-9770-bcf6325eac45 HTTP/1.1" status: 200 len: 875 time: 0.1039381
2026-06-24 19:12:04.615 9 INFO neutron.wsgi [req-ab39b7d0-ea0b-4267-b442-acb65714b16a req-13258ba7-0824-4798-9c5c-6a54d249ac30 64d3c71bf3d042838b4320084585365b 15a75626f58941d8ad48410a1ff6279e - - default default] 10.0.0.183 "GET /v2.0/quotas/15a75626f58941d8ad48410a1ff6279e HTTP/1.1" status: 200 len: 386 time: 0.0275395
2026-06-24 19:12:04.659 10 INFO neutron.db.ovn_revision_numbers_db [None req-7c3a6aa3-6fb1-43f6-916a-8cdf4d5506e3 - - - - - -] Successfully bumped revision number for resource e13dae4c-768a-4d82-bf40-0f9e4416875c (type: router_ports) to 4
2026-06-24 19:12:04.760 9 INFO neutron.wsgi [req-ab39b7d0-ea0b-4267-b442-acb65714b16a req-d950b066-74da-483b-98f4-9df46003a673 64d3c71bf3d042838b4320084585365b 15a75626f58941d8ad48410a1ff6279e - - default default] 10.0.0.183 "GET /v2.0/ports?tenant_id=15a75626f58941d8ad48410a1ff6279e&fields=id HTTP/1.1" status: 200 len: 302 time: 0.1237950
2026-06-24 19:12:04.933 9 INFO neutron.db.ovn_revision_numbers_db [None req-dd38bdab-c308-436c-8708-ed857455452d 0d30fd43087b480688503ef597652bdb 8ab5d85dbd3944269f238033df819e9e - - default default] Successfully bumped revision number for resource 2a1f6ca9-6838-410d-a8d3-c2ff9ba136a0 (type: router_ports) to 1
2026-06-24 19:12:04.936 9 INFO neutron.wsgi [None req-dd38bdab-c308-436c-8708-ed857455452d 0d30fd43087b480688503ef597652bdb 8ab5d85dbd3944269f238033df819e9e - - default default] 10.0.0.60 "PUT /v2.0/routers/84c6f940-b350-4052-ba5e-70d2467c3356/add_router_interface HTTP/1.1" status: 200 len: 503 time: 2.8943594
2026-06-24 19:12:04.953 10 INFO neutron.wsgi [None req-91faa0ab-1118-49a4-be18-88a40f1568c4 0d30fd43087b480688503ef597652bdb 8ab5d85dbd3944269f238033df819e9e - - default default] 10.0.0.60 "DELETE /v2.0/routers/7ba0f08a-b953-4b24-8c0c-0f9a480acc8f HTTP/1.1" status: 204 len: 168 time: 0.8625813
2026-06-24 19:12:05.166 9 INFO neutron.wsgi [req-ab39b7d0-ea0b-4267-b442-acb65714b16a req-bfae25d0-4491-4488-bf20-0f7aeb0f7479 52fb1c1d35b84731972f977a422be3f3 d981d0a38e964a60b943653fbdf58e01 - - d26bc9c440664ddfbfbb63b400620f3e d26bc9c440664ddfbfbb63b400620f3e] 10.0.0.183 "GET /v2.0/extensions HTTP/1.1" status: 200 len: 16525 time: 0.0614166
2026-06-24 19:12:05.193 10 INFO neutron.wsgi [None req-20ca8eb2-8c2f-4461-8ecd-30cf8059c1f0 0d30fd43087b480688503ef597652bdb 8ab5d85dbd3944269f238033df819e9e - - default default] 10.0.0.60 "DELETE /v2.0/subnets/4a2c7ed9-0673-4084-b769-39d1e90fbd0a HTTP/1.1" status: 204 len: 168 time: 0.2333519
2026-06-24 19:12:05.242 9 INFO neutron.wsgi [req-ab39b7d0-ea0b-4267-b442-acb65714b16a req-b5128c56-716a-4ffb-b147-59cc3a09982b 52fb1c1d35b84731972f977a422be3f3 d981d0a38e964a60b943653fbdf58e01 - - d26bc9c440664ddfbfbb63b400620f3e d26bc9c440664ddfbfbb63b400620f3e] 10.0.0.183 "GET /v2.0/networks/4dd8df67-1092-4706-9770-bcf6325eac45?fields=segments HTTP/1.1" status: 200 len: 212 time: 0.0631926
2026-06-24 19:12:05.321 9 INFO neutron.wsgi [req-ab39b7d0-ea0b-4267-b442-acb65714b16a req-adf56430-26da-43bd-8c32-51d9201b58eb 52fb1c1d35b84731972f977a422be3f3 d981d0a38e964a60b943653fbdf58e01 - - d26bc9c440664ddfbfbb63b400620f3e d26bc9c440664ddfbfbb63b400620f3e] 10.0.0.183 "GET /v2.0/networks/4dd8df67-1092-4706-9770-bcf6325eac45?fields=provider%3Aphysical_network&fields=provider%3Anetwork_type HTTP/1.1" status: 200 len: 277 time: 0.0691717
2026-06-24 19:12:05.551 9 INFO neutron.wsgi [req-bd423146-2685-42c9-a3f8-8d93c204435c req-f8af1512-e321-49e7-89a8-b990d2fc2a15 64d3c71bf3d042838b4320084585365b 15a75626f58941d8ad48410a1ff6279e - - default default] 10.0.0.183 "GET /v2.0/ports?device_id=2e55fdce-ad5c-469c-b8a2-0c6fc631d5f1 HTTP/1.1" status: 200 len: 210 time: 0.0244312
2026-06-24 19:12:05.673 10 INFO neutron.services.segments.plugin [-] Segment 821dcc6a-bba9-4f54-914d-007d3e634ee9 resource provider aggregate not found
2026-06-24 19:12:05.680 10 INFO neutron.services.segments.plugin [-] Segment 821dcc6a-bba9-4f54-914d-007d3e634ee9 resource provider aggregate not found
2026-06-24 19:12:05.704 10 INFO neutron.services.segments.plugin [-] Segment 821dcc6a-bba9-4f54-914d-007d3e634ee9 resource provider not found; error: Placement Client Error (4xx): {"errors": [{"status": 404, "title": "Not Found", "detail": "The resource could not be found.\n\n No resource provider with uuid 821dcc6a-bba9-4f54-914d-007d3e634ee9 found for delete ", "request_id": "req-bf35e5ad-9bff-4b11-a9b8-d910b15c169d"}]}
2026-06-24 19:12:05.713 10 INFO neutron.services.segments.plugin [-] Segment 821dcc6a-bba9-4f54-914d-007d3e634ee9 resource provider not found; error: Placement Client Error (4xx): {"errors": [{"status": 404, "title": "Not Found", "detail": "The resource could not be found.\n\n No resource provider with uuid 821dcc6a-bba9-4f54-914d-007d3e634ee9 found for delete ", "request_id": "req-1b5fcfb1-2ef0-44a5-b27a-b3ed59699bd5"}]}
2026-06-24 19:12:05.733 10 INFO neutron.db.ovn_revision_numbers_db [None req-95452f7e-d9af-4485-b614-58e04cba6bca d5d8b415969d4334805b174447cf6b80 b6d94e4a96a443c3b6ea51d59a499bc4 - - default default] Successfully bumped revision number for resource 7fa4eff6-0533-40f9-83a2-0a584825b80a (type: security_groups) to 1
2026-06-24 19:12:05.741 10 INFO neutron.wsgi [None req-41ff878f-da58-469c-b7c6-daa7735462ac 0d30fd43087b480688503ef597652bdb 8ab5d85dbd3944269f238033df819e9e - - default default] 10.0.0.60 "DELETE /v2.0/networks/652ae2e1-54d8-47b4-8bb2-be3dc21920ef HTTP/1.1" status: 204 len: 168 time: 0.5410030
2026-06-24 19:12:05.768 10 INFO neutron.db.ovn_revision_numbers_db [None req-95452f7e-d9af-4485-b614-58e04cba6bca d5d8b415969d4334805b174447cf6b80 b6d94e4a96a443c3b6ea51d59a499bc4 - - default default] Successfully bumped revision number for resource 569581f1-355b-4d10-b0f6-554c747cb308 (type: security_group_rules) to 0
2026-06-24 19:12:05.785 10 INFO neutron.db.ovn_revision_numbers_db [None req-95452f7e-d9af-4485-b614-58e04cba6bca d5d8b415969d4334805b174447cf6b80 b6d94e4a96a443c3b6ea51d59a499bc4 - - default default] Successfully bumped revision number for resource 8a690551-15f4-4ba5-8bcf-8dcac76041b2 (type: security_group_rules) to 0
2026-06-24 19:12:05.805 10 INFO neutron.wsgi [None req-95452f7e-d9af-4485-b614-58e04cba6bca d5d8b415969d4334805b174447cf6b80 b6d94e4a96a443c3b6ea51d59a499bc4 - - default default] 10.0.0.60 "POST /v2.0/security-groups HTTP/1.1" status: 201 len: 1796 time: 0.3381865
2026-06-24 19:12:05.915 10 INFO neutron.wsgi [None req-f22183ad-5b42-4ec8-8506-bbc8f3f28a2b 0d30fd43087b480688503ef597652bdb 8ab5d85dbd3944269f238033df819e9e - - default default] 10.0.0.60 "GET /v2.0/security-groups?tenant_id=6a4d07e2fef845a3934d5b02863d0a4c&name=default HTTP/1.1" status: 200 len: 2992 time: 0.0462139
2026-06-24 19:12:05.948 10 INFO neutron.db.ovn_revision_numbers_db [None req-90a10c86-c038-46de-a5f4-0328de0b8965 d5d8b415969d4334805b174447cf6b80 b6d94e4a96a443c3b6ea51d59a499bc4 - - default default] Successfully bumped revision number for resource a18ca8ce-645c-40ed-977a-9bf04b8489c8 (type: security_group_rules) to 0
2026-06-24 19:12:05.983 10 INFO neutron.wsgi [None req-90a10c86-c038-46de-a5f4-0328de0b8965 d5d8b415969d4334805b174447cf6b80 b6d94e4a96a443c3b6ea51d59a499bc4 - - default default] 10.0.0.60 "POST /v2.0/security-group-rules HTTP/1.1" status: 201 len: 764 time: 0.1700683
2026-06-24 19:12:06.146 9 INFO neutron.db.ovn_revision_numbers_db [None req-d33f4012-0c83-41e1-8eb5-101eda5283a2 d5d8b415969d4334805b174447cf6b80 b6d94e4a96a443c3b6ea51d59a499bc4 - - default default] Successfully bumped revision number for resource 7c4ec99b-86e5-4669-be38-fb2de8651a7c (type: security_group_rules) to 0
2026-06-24 19:12:06.170 9 INFO neutron.wsgi [None req-d33f4012-0c83-41e1-8eb5-101eda5283a2 d5d8b415969d4334805b174447cf6b80 b6d94e4a96a443c3b6ea51d59a499bc4 - - default default] 10.0.0.60 "POST /v2.0/security-group-rules HTTP/1.1" status: 201 len: 769 time: 0.1779585
2026-06-24 19:12:06.173 9 INFO neutron.wsgi [None req-e078e0dd-cc99-4155-b125-0e6772c64934 0d30fd43087b480688503ef597652bdb 8ab5d85dbd3944269f238033df819e9e - - default default] 10.0.0.60 "DELETE /v2.0/security-groups/13592192-4081-44f6-abbc-4ca19d809bd6 HTTP/1.1" status: 204 len: 168 time: 0.2519033
2026-06-24 19:12:06.351 10 INFO neutron.wsgi [req-ab39b7d0-ea0b-4267-b442-acb65714b16a req-046f1b03-6644-4a9d-89c6-bf4ef84c483a 64d3c71bf3d042838b4320084585365b 15a75626f58941d8ad48410a1ff6279e - - default default] 199.19.213.235 "GET /v2.0/networks?id=4dd8df67-1092-4706-9770-bcf6325eac45 HTTP/1.1" status: 200 len: 875 time: 0.0883949
2026-06-24 19:12:06.381 9 WARNING neutron.plugins.ml2.drivers.ovn.mech_driver.ovsdb.ovn_client [None req-406106f4-f672-4df2-84d1-782bf5d1979d - - - - - -] No hosting information found for port 240fd303-fc54-413a-8f2b-071e9c63ac8d: RuntimeError: No hosting information found for port 240fd303-fc54-413a-8f2b-071e9c63ac8d
2026-06-24 19:12:06.382 9 INFO neutron.plugins.ml2.drivers.ovn.mech_driver.mech_driver [None req-406106f4-f672-4df2-84d1-782bf5d1979d - - - - - -] OVN reports status up for port: e13dae4c-768a-4d82-bf40-0f9e4416875c
2026-06-24 19:12:06.400 9 INFO neutron.plugins.ml2.plugin [None req-406106f4-f672-4df2-84d1-782bf5d1979d - - - - - -] Attempt 1 to provision port e13dae4c-768a-4d82-bf40-0f9e4416875c
2026-06-24 19:12:06.402 10 INFO neutron.wsgi [req-ab39b7d0-ea0b-4267-b442-acb65714b16a req-782e50e9-ae84-499c-a398-4e1db40aeed1 64d3c71bf3d042838b4320084585365b 15a75626f58941d8ad48410a1ff6279e - - default default] 199.19.213.235 "GET /v2.0/security-groups?fields=id&fields=name&tenant_id=15a75626f58941d8ad48410a1ff6279e HTTP/1.1" status: 200 len: 380 time: 0.0440810
2026-06-24 19:12:06.459 9 WARNING neutron.scheduler.dhcp_agent_scheduler [None req-29f9e496-0546-484e-90f6-4349a94ea031 d5d8b415969d4334805b174447cf6b80 b6d94e4a96a443c3b6ea51d59a499bc4 - - default default] No more DHCP agents
2026-06-24 19:12:06.465 9 WARNING neutron.api.rpc.agentnotifiers.dhcp_rpc_agent_api [None req-29f9e496-0546-484e-90f6-4349a94ea031 d5d8b415969d4334805b174447cf6b80 b6d94e4a96a443c3b6ea51d59a499bc4 - - default default] Unable to schedule network f0dad41d-bdd4-4996-be46-9a646b1fc56e: no agents available; will retry on subsequent port and subnet creation events.
2026-06-24 19:12:06.534 9 INFO neutron.plugins.ml2.drivers.ovn.mech_driver.mech_driver [None req-406106f4-f672-4df2-84d1-782bf5d1979d - - - - - -] OVN reports status up for port: 2a1f6ca9-6838-410d-a8d3-c2ff9ba136a0
2026-06-24 19:12:06.542 9 INFO neutron.plugins.ml2.plugin [None req-406106f4-f672-4df2-84d1-782bf5d1979d - - - - - -] Attempt 1 to provision port 2a1f6ca9-6838-410d-a8d3-c2ff9ba136a0
2026-06-24 19:12:06.678 9 INFO neutron.wsgi [req-e6935501-2e10-4c27-bd25-15fde0a0b496 req-4aa6bbb6-14ed-4af2-a1f1-87983d70e4c4 64d3c71bf3d042838b4320084585365b 15a75626f58941d8ad48410a1ff6279e - - default default] 10.0.0.183 "GET /v2.0/ports?device_id=2e55fdce-ad5c-469c-b8a2-0c6fc631d5f1 HTTP/1.1" status: 200 len: 210 time: 0.0336490
2026-06-24 19:12:06.950 9 INFO neutron.db.ovn_revision_numbers_db [None req-29f9e496-0546-484e-90f6-4349a94ea031 d5d8b415969d4334805b174447cf6b80 b6d94e4a96a443c3b6ea51d59a499bc4 - - default default] Successfully bumped revision number for resource a65157be-052f-40df-bde8-6c0ffdfbef94 (type: floatingips) to 0
2026-06-24 19:12:06.952 9 INFO neutron.db.ovn_revision_numbers_db [None req-406106f4-f672-4df2-84d1-782bf5d1979d - - - - - -] Successfully bumped revision number for resource 2a1f6ca9-6838-410d-a8d3-c2ff9ba136a0 (type: ports) to 2
2026-06-24 19:12:06.971 10 WARNING neutron.scheduler.dhcp_agent_scheduler [req-ab39b7d0-ea0b-4267-b442-acb65714b16a req-e7d14b66-00bd-404b-bbdc-d6dc015e611c 64d3c71bf3d042838b4320084585365b 15a75626f58941d8ad48410a1ff6279e - - default default] No more DHCP agents
2026-06-24 19:12:06.972 10 WARNING neutron.api.rpc.agentnotifiers.dhcp_rpc_agent_api [req-ab39b7d0-ea0b-4267-b442-acb65714b16a req-e7d14b66-00bd-404b-bbdc-d6dc015e611c 64d3c71bf3d042838b4320084585365b 15a75626f58941d8ad48410a1ff6279e - - default default] Unable to schedule network 4dd8df67-1092-4706-9770-bcf6325eac45: no agents available; will retry on subsequent port and subnet creation events.
2026-06-24 19:12:07.150 10 INFO neutron.db.ovn_revision_numbers_db [req-ab39b7d0-ea0b-4267-b442-acb65714b16a req-e7d14b66-00bd-404b-bbdc-d6dc015e611c 64d3c71bf3d042838b4320084585365b 15a75626f58941d8ad48410a1ff6279e - - default default] Successfully bumped revision number for resource 6aa72e11-1eba-4a6c-92c6-8a061394622f (type: ports) to 1
2026-06-24 19:12:07.177 10 INFO neutron.wsgi [req-ab39b7d0-ea0b-4267-b442-acb65714b16a req-e7d14b66-00bd-404b-bbdc-d6dc015e611c 64d3c71bf3d042838b4320084585365b 15a75626f58941d8ad48410a1ff6279e - - default default] 199.19.213.235 "POST /v2.0/ports HTTP/1.1" status: 201 len: 1162 time: 0.7685571 /var/lib/openstack/lib/python3.10/site-packages/pycadf/identifier.py:71: UserWarning: Invalid uuid: neutron. To ensure interoperability, identifiers should be a valid uuid. warnings.warn(('Invalid uuid: %s. To ensure interoperability, '
2026-06-24 19:12:07.196 9 INFO neutron.wsgi [None req-29f9e496-0546-484e-90f6-4349a94ea031 d5d8b415969d4334805b174447cf6b80 b6d94e4a96a443c3b6ea51d59a499bc4 - - default default] 10.0.0.60 "POST /v2.0/floatingips HTTP/1.1" status: 201 len: 751 time: 1.0214531
2026-06-24 19:12:07.332 9 INFO neutron.db.ovn_revision_numbers_db [None req-406106f4-f672-4df2-84d1-782bf5d1979d - - - - - -] Successfully bumped revision number for resource 2a1f6ca9-6838-410d-a8d3-c2ff9ba136a0 (type: router_ports) to 2
2026-06-24 19:12:07.690 9 INFO neutron.wsgi [req-3912fc30-bb14-4d44-a96c-8e5e6de68cfa req-bd34e5b4-05e4-4c3a-8c24-12564aa7ef85 d5d8b415969d4334805b174447cf6b80 b6d94e4a96a443c3b6ea51d59a499bc4 - - default default] 10.0.0.183 "GET /v2.0/security-groups?name=tempest-securitygroup--783551630&fields=id&tenant_id=b6d94e4a96a443c3b6ea51d59a499bc4 HTTP/1.1" status: 200 len: 267 time: 0.0368464
2026-06-24 19:12:07.728 10 INFO neutron.db.ovn_revision_numbers_db [req-ab39b7d0-ea0b-4267-b442-acb65714b16a req-1f98afaa-7300-4427-9ea3-baa5094f4314 52fb1c1d35b84731972f977a422be3f3 d981d0a38e964a60b943653fbdf58e01 - - d26bc9c440664ddfbfbb63b400620f3e d26bc9c440664ddfbfbb63b400620f3e] Successfully bumped revision number for resource 6aa72e11-1eba-4a6c-92c6-8a061394622f (type: ports) to 2
2026-06-24 19:12:07.778 9 INFO neutron.wsgi [req-3912fc30-bb14-4d44-a96c-8e5e6de68cfa req-e16b86dc-3272-4c6c-a979-00fa952d1a91 d5d8b415969d4334805b174447cf6b80 b6d94e4a96a443c3b6ea51d59a499bc4 - - default default] 10.0.0.183 "GET /v2.0/networks?id=19853787-ce4e-4687-909e-2b147365321e HTTP/1.1" status: 200 len: 883 time: 0.0789003
2026-06-24 19:12:07.824 9 INFO neutron.wsgi [req-3912fc30-bb14-4d44-a96c-8e5e6de68cfa req-f984f037-3149-4845-b2e5-806b757e771a d5d8b415969d4334805b174447cf6b80 b6d94e4a96a443c3b6ea51d59a499bc4 - - default default] 10.0.0.183 "GET /v2.0/quotas/b6d94e4a96a443c3b6ea51d59a499bc4 HTTP/1.1" status: 200 len: 386 time: 0.0372851
2026-06-24 19:12:07.833 9 INFO neutron.wsgi [req-258ba5b7-f34a-4185-a86d-bc58624786a1 req-d02b8c64-a32d-4203-a703-fb4be3811bed 64d3c71bf3d042838b4320084585365b 15a75626f58941d8ad48410a1ff6279e - - default default] 10.0.0.183 "GET /v2.0/ports?device_id=2e55fdce-ad5c-469c-b8a2-0c6fc631d5f1 HTTP/1.1" status: 200 len: 1172 time: 0.0587447
2026-06-24 19:12:07.930 9 INFO neutron.wsgi [req-258ba5b7-f34a-4185-a86d-bc58624786a1 req-494d6388-4499-47d4-9136-d5cf1878a1b0 64d3c71bf3d042838b4320084585365b 15a75626f58941d8ad48410a1ff6279e - - default default] 10.0.0.183 "GET /v2.0/security-groups?id=6fc7ef05-ff24-416b-9fd6-0b4c17acb7c3&fields=id&fields=name HTTP/1.1" status: 200 len: 313 time: 0.0878131
2026-06-24 19:12:07.970 10 INFO neutron.db.ovn_revision_numbers_db [req-ab39b7d0-ea0b-4267-b442-acb65714b16a req-1f98afaa-7300-4427-9ea3-baa5094f4314 52fb1c1d35b84731972f977a422be3f3 d981d0a38e964a60b943653fbdf58e01 - - d26bc9c440664ddfbfbb63b400620f3e d26bc9c440664ddfbfbb63b400620f3e] Successfully bumped revision number for resource 6aa72e11-1eba-4a6c-92c6-8a061394622f (type: ports) to 2
2026-06-24 19:12:07.973 9 INFO neutron.wsgi [req-3912fc30-bb14-4d44-a96c-8e5e6de68cfa req-1201a174-8e53-4a02-a495-8c13445785b1 d5d8b415969d4334805b174447cf6b80 b6d94e4a96a443c3b6ea51d59a499bc4 - - default default] 10.0.0.183 "GET /v2.0/ports?tenant_id=b6d94e4a96a443c3b6ea51d59a499bc4&fields=id HTTP/1.1" status: 200 len: 302 time: 0.1396687
2026-06-24 19:12:07.993 10 INFO neutron.wsgi [req-ab39b7d0-ea0b-4267-b442-acb65714b16a req-1f98afaa-7300-4427-9ea3-baa5094f4314 52fb1c1d35b84731972f977a422be3f3 d981d0a38e964a60b943653fbdf58e01 - - d26bc9c440664ddfbfbb63b400620f3e d26bc9c440664ddfbfbb63b400620f3e] 199.19.213.235 "PUT /v2.0/ports/6aa72e11-1eba-4a6c-92c6-8a061394622f HTTP/1.1" status: 200 len: 1380 time: 0.8075454
2026-06-24 19:12:08.039 10 INFO neutron.notifiers.nova [-] Nova event matching ['req-17b15ae1-0f35-454a-a667-7da85a04f79f'] response: {'name': 'network-changed', 'server_uuid': '2e55fdce-ad5c-469c-b8a2-0c6fc631d5f1', 'tag': '6aa72e11-1eba-4a6c-92c6-8a061394622f', 'status': 'completed', 'code': 200} /var/lib/openstack/lib/python3.10/site-packages/pycadf/identifier.py:71: UserWarning: Invalid uuid: neutron. To ensure interoperability, identifiers should be a valid uuid. warnings.warn(('Invalid uuid: %s. To ensure interoperability, '
2026-06-24 19:12:08.081 9 INFO neutron.wsgi [req-3912fc30-bb14-4d44-a96c-8e5e6de68cfa req-331c3113-181c-40d8-8c4a-06fa5495e451 52fb1c1d35b84731972f977a422be3f3 d981d0a38e964a60b943653fbdf58e01 - - d26bc9c440664ddfbfbb63b400620f3e d26bc9c440664ddfbfbb63b400620f3e] 10.0.0.183 "GET /v2.0/networks/19853787-ce4e-4687-909e-2b147365321e?fields=segments HTTP/1.1" status: 200 len: 212 time: 0.0896142
2026-06-24 19:12:08.101 10 INFO neutron.wsgi [req-ab39b7d0-ea0b-4267-b442-acb65714b16a req-37eebb9f-bc7f-4434-9c30-40cbe1e18eb8 52fb1c1d35b84731972f977a422be3f3 d981d0a38e964a60b943653fbdf58e01 - - d26bc9c440664ddfbfbb63b400620f3e d26bc9c440664ddfbfbb63b400620f3e] 199.19.213.235 "GET /v2.0/ports?tenant_id=15a75626f58941d8ad48410a1ff6279e&device_id=2e55fdce-ad5c-469c-b8a2-0c6fc631d5f1 HTTP/1.1" status: 200 len: 1411 time: 0.0568228
2026-06-24 19:12:08.144 10 INFO neutron.wsgi [req-ab39b7d0-ea0b-4267-b442-acb65714b16a req-e3ce7ad0-841b-4d76-a27f-0d5f85b7d601 52fb1c1d35b84731972f977a422be3f3 d981d0a38e964a60b943653fbdf58e01 - - d26bc9c440664ddfbfbb63b400620f3e d26bc9c440664ddfbfbb63b400620f3e] 199.19.213.235 "GET /v2.0/floatingips?fixed_ip_address=10.100.0.12&port_id=6aa72e11-1eba-4a6c-92c6-8a061394622f HTTP/1.1" status: 200 len: 217 time: 0.0363927
2026-06-24 19:12:08.157 9 INFO neutron.wsgi [req-3912fc30-bb14-4d44-a96c-8e5e6de68cfa req-dd5664dc-771d-401c-8d5b-688c9f45625b 52fb1c1d35b84731972f977a422be3f3 d981d0a38e964a60b943653fbdf58e01 - - d26bc9c440664ddfbfbb63b400620f3e d26bc9c440664ddfbfbb63b400620f3e] 10.0.0.183 "GET /v2.0/networks/19853787-ce4e-4687-909e-2b147365321e?fields=provider%3Aphysical_network&fields=provider%3Anetwork_type HTTP/1.1" status: 200 len: 277 time: 0.0685778
2026-06-24 19:12:08.197 10 INFO neutron.wsgi [req-ab39b7d0-ea0b-4267-b442-acb65714b16a req-41a36994-fe14-4633-8e1f-81bcb118f981 52fb1c1d35b84731972f977a422be3f3 d981d0a38e964a60b943653fbdf58e01 - - d26bc9c440664ddfbfbb63b400620f3e d26bc9c440664ddfbfbb63b400620f3e] 199.19.213.235 "GET /v2.0/subnets?id=72a2c4c5-055c-436b-887b-71139ac4c716 HTTP/1.1" status: 200 len: 869 time: 0.0438995
2026-06-24 19:12:08.237 10 INFO neutron.wsgi [req-ab39b7d0-ea0b-4267-b442-acb65714b16a req-dd02d5cb-b9c4-49f4-aa8e-1fac3a52068f 52fb1c1d35b84731972f977a422be3f3 d981d0a38e964a60b943653fbdf58e01 - - d26bc9c440664ddfbfbb63b400620f3e d26bc9c440664ddfbfbb63b400620f3e] 199.19.213.235 "GET /v2.0/ports?network_id=4dd8df67-1092-4706-9770-bcf6325eac45&device_owner=network%3Adhcp HTTP/1.1" status: 200 len: 210 time: 0.0342422
2026-06-24 19:12:08.323 9 INFO neutron.wsgi [req-59f81158-16b1-4dfb-b00f-473b8e30c8e6 req-807fd46c-d7ad-4f68-b7d3-74b33626e8fe d5d8b415969d4334805b174447cf6b80 b6d94e4a96a443c3b6ea51d59a499bc4 - - default default] 10.0.0.183 "GET /v2.0/ports?device_id=0f1facf6-473a-488b-a0eb-33a39c701f3c HTTP/1.1" status: 200 len: 210 time: 0.0288630
2026-06-24 19:12:08.341 10 INFO neutron.wsgi [req-ab39b7d0-ea0b-4267-b442-acb65714b16a req-7d426094-b8cb-4e10-a391-5ae2a409cd12 52fb1c1d35b84731972f977a422be3f3 d981d0a38e964a60b943653fbdf58e01 - - d26bc9c440664ddfbfbb63b400620f3e d26bc9c440664ddfbfbb63b400620f3e] 199.19.213.235 "GET /v2.0/networks/4dd8df67-1092-4706-9770-bcf6325eac45?fields=segments HTTP/1.1" status: 200 len: 212 time: 0.0948529
2026-06-24 19:12:08.447 10 INFO neutron.wsgi [req-ab39b7d0-ea0b-4267-b442-acb65714b16a req-e4d5ae97-8dc7-4e5f-a825-ff877a704960 52fb1c1d35b84731972f977a422be3f3 d981d0a38e964a60b943653fbdf58e01 - - d26bc9c440664ddfbfbb63b400620f3e d26bc9c440664ddfbfbb63b400620f3e] 199.19.213.235 "GET /v2.0/networks/4dd8df67-1092-4706-9770-bcf6325eac45?fields=provider%3Aphysical_network&fields=provider%3Anetwork_type HTTP/1.1" status: 200 len: 277 time: 0.0999551
2026-06-24 19:12:08.533 10 INFO neutron.wsgi [req-c216006e-dd16-4312-ba57-366f9105855a req-0ab71912-b7af-4bf0-a650-7ed5c9f6f662 52fb1c1d35b84731972f977a422be3f3 d981d0a38e964a60b943653fbdf58e01 - - d26bc9c440664ddfbfbb63b400620f3e d26bc9c440664ddfbfbb63b400620f3e] 199.19.213.235 "GET /v2.0/ports?tenant_id=15a75626f58941d8ad48410a1ff6279e&device_id=2e55fdce-ad5c-469c-b8a2-0c6fc631d5f1 HTTP/1.1" status: 200 len: 1411 time: 0.0339136
2026-06-24 19:12:08.615 10 INFO neutron.wsgi [req-c216006e-dd16-4312-ba57-366f9105855a req-b98c0cf6-ad21-4d75-9b76-41170d22c7e1 52fb1c1d35b84731972f977a422be3f3 d981d0a38e964a60b943653fbdf58e01 - - d26bc9c440664ddfbfbb63b400620f3e d26bc9c440664ddfbfbb63b400620f3e] 199.19.213.235 "GET /v2.0/networks?id=4dd8df67-1092-4706-9770-bcf6325eac45 HTTP/1.1" status: 200 len: 974 time: 0.0762534
2026-06-24 19:12:08.679 10 INFO neutron.wsgi [req-c216006e-dd16-4312-ba57-366f9105855a req-23769153-94fc-4b5b-aec8-9e77a38b11f6 52fb1c1d35b84731972f977a422be3f3 d981d0a38e964a60b943653fbdf58e01 - - d26bc9c440664ddfbfbb63b400620f3e d26bc9c440664ddfbfbb63b400620f3e] 199.19.213.235 "GET /v2.0/floatingips?fixed_ip_address=10.100.0.12&port_id=6aa72e11-1eba-4a6c-92c6-8a061394622f HTTP/1.1" status: 200 len: 217 time: 0.0547376
2026-06-24 19:12:08.736 10 INFO neutron.wsgi [req-c216006e-dd16-4312-ba57-366f9105855a req-e22c750b-f733-4988-9b23-9493308a4509 52fb1c1d35b84731972f977a422be3f3 d981d0a38e964a60b943653fbdf58e01 - - d26bc9c440664ddfbfbb63b400620f3e d26bc9c440664ddfbfbb63b400620f3e] 199.19.213.235 "GET /v2.0/subnets?id=72a2c4c5-055c-436b-887b-71139ac4c716 HTTP/1.1" status: 200 len: 869 time: 0.0463507
2026-06-24 19:12:08.768 10 INFO neutron.wsgi [req-c216006e-dd16-4312-ba57-366f9105855a req-fe44eb4c-f7a7-48a5-a840-980e06a9d63f 52fb1c1d35b84731972f977a422be3f3 d981d0a38e964a60b943653fbdf58e01 - - d26bc9c440664ddfbfbb63b400620f3e d26bc9c440664ddfbfbb63b400620f3e] 199.19.213.235 "GET /v2.0/ports?network_id=4dd8df67-1092-4706-9770-bcf6325eac45&device_owner=network%3Adhcp HTTP/1.1" status: 200 len: 210 time: 0.0264304
2026-06-24 19:12:08.869 10 INFO neutron.wsgi [req-c216006e-dd16-4312-ba57-366f9105855a req-27fda7f2-4e33-4f5c-887d-c7beaa4bf64a 52fb1c1d35b84731972f977a422be3f3 d981d0a38e964a60b943653fbdf58e01 - - d26bc9c440664ddfbfbb63b400620f3e d26bc9c440664ddfbfbb63b400620f3e] 199.19.213.235 "GET /v2.0/networks/4dd8df67-1092-4706-9770-bcf6325eac45?fields=segments HTTP/1.1" status: 200 len: 212 time: 0.0931582
2026-06-24 19:12:08.957 10 INFO neutron.wsgi [req-c216006e-dd16-4312-ba57-366f9105855a req-c6ad0dd3-8de0-48d6-8d37-0b0f2891a5b0 52fb1c1d35b84731972f977a422be3f3 d981d0a38e964a60b943653fbdf58e01 - - d26bc9c440664ddfbfbb63b400620f3e d26bc9c440664ddfbfbb63b400620f3e] 199.19.213.235 "GET /v2.0/networks/4dd8df67-1092-4706-9770-bcf6325eac45?fields=provider%3Aphysical_network&fields=provider%3Anetwork_type HTTP/1.1" status: 200 len: 277 time: 0.0798020
2026-06-24 19:12:09.046 9 INFO neutron.wsgi [req-538701a0-3db8-45c2-823e-6275139b5f2c req-a533e0e5-c199-4f9d-9ce6-56aaf8342ea1 64d3c71bf3d042838b4320084585365b 15a75626f58941d8ad48410a1ff6279e - - default default] 10.0.0.183 "GET /v2.0/ports?device_id=2e55fdce-ad5c-469c-b8a2-0c6fc631d5f1 HTTP/1.1" status: 200 len: 1172 time: 0.0422480
2026-06-24 19:12:09.104 9 INFO neutron.wsgi [req-538701a0-3db8-45c2-823e-6275139b5f2c req-2eecba3d-953f-4ff0-930d-d35c81738149 64d3c71bf3d042838b4320084585365b 15a75626f58941d8ad48410a1ff6279e - - default default] 10.0.0.183 "GET /v2.0/security-groups?id=6fc7ef05-ff24-416b-9fd6-0b4c17acb7c3&fields=id&fields=name HTTP/1.1" status: 200 len: 313 time: 0.0509007
2026-06-24 19:12:09.303 10 INFO neutron.wsgi [req-3912fc30-bb14-4d44-a96c-8e5e6de68cfa req-2a315bcf-e1df-4f70-8491-dfcedd9e8990 d5d8b415969d4334805b174447cf6b80 b6d94e4a96a443c3b6ea51d59a499bc4 - - default default] 199.19.213.235 "GET /v2.0/networks?id=19853787-ce4e-4687-909e-2b147365321e HTTP/1.1" status: 200 len: 883 time: 0.0809639
2026-06-24 19:12:09.437 9 INFO neutron.wsgi [req-77b8a61b-38f8-417f-a137-6c3299cc6790 req-fdbb2c60-4863-4187-927c-212401067b34 d5d8b415969d4334805b174447cf6b80 b6d94e4a96a443c3b6ea51d59a499bc4 - - default default] 10.0.0.183 "GET /v2.0/ports?device_id=0f1facf6-473a-488b-a0eb-33a39c701f3c HTTP/1.1" status: 200 len: 210 time: 0.0429089
2026-06-24 19:12:09.443 9 INFO neutron.wsgi [req-51b28718-cc7d-412f-a036-67668365c05f req-f3211fd8-25c9-43d8-aa62-45b3bd62bbaf 52fb1c1d35b84731972f977a422be3f3 d981d0a38e964a60b943653fbdf58e01 - - d26bc9c440664ddfbfbb63b400620f3e d26bc9c440664ddfbfbb63b400620f3e] 10.0.0.79 "GET /v2.0/ports?device_id=bdac049f-f4c0-4077-8da1-12f9184470be HTTP/1.1" status: 200 len: 1409 time: 0.3432157
2026-06-24 19:12:09.481 10 INFO neutron.wsgi [req-3912fc30-bb14-4d44-a96c-8e5e6de68cfa req-c188301d-d1b5-42a6-bbec-17f345704e64 d5d8b415969d4334805b174447cf6b80 b6d94e4a96a443c3b6ea51d59a499bc4 - - default default] 199.19.213.235 "GET /v2.0/security-groups?fields=id&fields=name&tenant_id=b6d94e4a96a443c3b6ea51d59a499bc4 HTTP/1.1" status: 200 len: 379 time: 0.0683415
2026-06-24 19:12:09.502 9 INFO neutron.wsgi [req-51b28718-cc7d-412f-a036-67668365c05f req-e3a49e99-22a5-443d-82ef-950ec4c5c909 52fb1c1d35b84731972f977a422be3f3 d981d0a38e964a60b943653fbdf58e01 - - d26bc9c440664ddfbfbb63b400620f3e d26bc9c440664ddfbfbb63b400620f3e] 10.0.0.79 "GET /v2.0/security-groups?id=e4a162e6-b218-4212-85d7-807ffdd240ce&fields=id&fields=name HTTP/1.1" status: 200 len: 313 time: 0.0526638
2026-06-24 19:12:09.830 10 WARNING neutron.scheduler.dhcp_agent_scheduler [req-3912fc30-bb14-4d44-a96c-8e5e6de68cfa req-cb9b1d53-7cd8-4784-9694-662c413bc7cb d5d8b415969d4334805b174447cf6b80 b6d94e4a96a443c3b6ea51d59a499bc4 - - default default] No more DHCP agents
2026-06-24 19:12:09.834 10 WARNING neutron.api.rpc.agentnotifiers.dhcp_rpc_agent_api [req-3912fc30-bb14-4d44-a96c-8e5e6de68cfa req-cb9b1d53-7cd8-4784-9694-662c413bc7cb d5d8b415969d4334805b174447cf6b80 b6d94e4a96a443c3b6ea51d59a499bc4 - - default default] Unable to schedule network 19853787-ce4e-4687-909e-2b147365321e: no agents available; will retry on subsequent port and subnet creation events.
2026-06-24 19:12:10.063 10 INFO neutron.db.ovn_revision_numbers_db [req-3912fc30-bb14-4d44-a96c-8e5e6de68cfa req-cb9b1d53-7cd8-4784-9694-662c413bc7cb d5d8b415969d4334805b174447cf6b80 b6d94e4a96a443c3b6ea51d59a499bc4 - - default default] Successfully bumped revision number for resource ff3f28bb-16e9-4c03-ae41-84f8b068adc3 (type: ports) to 1
2026-06-24 19:12:10.089 10 INFO neutron.wsgi [req-3912fc30-bb14-4d44-a96c-8e5e6de68cfa req-cb9b1d53-7cd8-4784-9694-662c413bc7cb d5d8b415969d4334805b174447cf6b80 b6d94e4a96a443c3b6ea51d59a499bc4 - - default default] 199.19.213.235 "POST /v2.0/ports HTTP/1.1" status: 201 len: 1158 time: 0.6018562 /var/lib/openstack/lib/python3.10/site-packages/pycadf/identifier.py:71: UserWarning: Invalid uuid: neutron. To ensure interoperability, identifiers should be a valid uuid. warnings.warn(('Invalid uuid: %s. To ensure interoperability, '
2026-06-24 19:12:10.280 9 INFO neutron.wsgi [req-4398c1e2-7ce2-46d3-ae91-08ca2ce906f5 req-933f6b1d-e6d2-462c-9342-af475fc8112e 64d3c71bf3d042838b4320084585365b 15a75626f58941d8ad48410a1ff6279e - - default default] 10.0.0.183 "GET /v2.0/ports?device_id=2e55fdce-ad5c-469c-b8a2-0c6fc631d5f1 HTTP/1.1" status: 200 len: 1172 time: 0.0940013
2026-06-24 19:12:10.337 9 INFO neutron.wsgi [req-4398c1e2-7ce2-46d3-ae91-08ca2ce906f5 req-f4767aee-25ee-4591-8730-0949515d19a5 64d3c71bf3d042838b4320084585365b 15a75626f58941d8ad48410a1ff6279e - - default default] 10.0.0.183 "GET /v2.0/security-groups?id=6fc7ef05-ff24-416b-9fd6-0b4c17acb7c3&fields=id&fields=name HTTP/1.1" status: 200 len: 313 time: 0.0481484
2026-06-24 19:12:10.587 9 INFO neutron.wsgi [req-506ada9e-6c61-46db-b8c7-0ed472b5d6d1 req-06722856-41ef-415a-be8a-75f237df8964 d5d8b415969d4334805b174447cf6b80 b6d94e4a96a443c3b6ea51d59a499bc4 - - default default] 10.0.0.183 "GET /v2.0/ports?device_id=0f1facf6-473a-488b-a0eb-33a39c701f3c HTTP/1.1" status: 200 len: 1168 time: 0.0648038
2026-06-24 19:12:10.590 10 INFO neutron.db.ovn_revision_numbers_db [req-3912fc30-bb14-4d44-a96c-8e5e6de68cfa req-4ce7b73d-388a-4c14-9cf5-bbe8c4b3c70e 52fb1c1d35b84731972f977a422be3f3 d981d0a38e964a60b943653fbdf58e01 - - d26bc9c440664ddfbfbb63b400620f3e d26bc9c440664ddfbfbb63b400620f3e] Successfully bumped revision number for resource ff3f28bb-16e9-4c03-ae41-84f8b068adc3 (type: ports) to 2
2026-06-24 19:12:10.639 9 INFO neutron.wsgi [req-506ada9e-6c61-46db-b8c7-0ed472b5d6d1 req-d0effe8b-2076-4a4a-984f-16178653c6ad d5d8b415969d4334805b174447cf6b80 b6d94e4a96a443c3b6ea51d59a499bc4 - - default default] 10.0.0.183 "GET /v2.0/security-groups?id=7fa4eff6-0533-40f9-83a2-0a584825b80a&fields=id&fields=name HTTP/1.1" status: 200 len: 312 time: 0.0437071
2026-06-24 19:12:10.693 9 INFO neutron.db.ovn_revision_numbers_db [None req-30272697-266f-40a1-b13c-26970a8eaf47 0d30fd43087b480688503ef597652bdb 8ab5d85dbd3944269f238033df819e9e - - default default] Successfully bumped revision number for resource b6073e66-3243-4c75-99ad-8381cd94a5bf (type: security_groups) to 1
2026-06-24 19:12:10.732 9 INFO neutron.db.ovn_revision_numbers_db [None req-30272697-266f-40a1-b13c-26970a8eaf47 0d30fd43087b480688503ef597652bdb 8ab5d85dbd3944269f238033df819e9e - - default default] Successfully bumped revision number for resource 99c0524b-c2f8-4de5-a05a-cc2dbb58e9db (type: security_group_rules) to 0
2026-06-24 19:12:10.749 9 INFO neutron.db.ovn_revision_numbers_db [None req-30272697-266f-40a1-b13c-26970a8eaf47 0d30fd43087b480688503ef597652bdb 8ab5d85dbd3944269f238033df819e9e - - default default] Successfully bumped revision number for resource a4e04b86-6eb6-4a50-b3a2-6be68a01dbc2 (type: security_group_rules) to 0
2026-06-24 19:12:10.776 9 INFO neutron.db.ovn_revision_numbers_db [None req-30272697-266f-40a1-b13c-26970a8eaf47 0d30fd43087b480688503ef597652bdb 8ab5d85dbd3944269f238033df819e9e - - default default] Successfully bumped revision number for resource b412704b-f26f-438b-98b9-227b42994815 (type: security_group_rules) to 0
2026-06-24 19:12:10.798 9 INFO neutron.db.ovn_revision_numbers_db [None req-30272697-266f-40a1-b13c-26970a8eaf47 0d30fd43087b480688503ef597652bdb 8ab5d85dbd3944269f238033df819e9e - - default default] Successfully bumped revision number for resource c15e3792-df99-408e-b800-59a4e5be0ef3 (type: security_group_rules) to 0
2026-06-24 19:12:10.819 10 INFO neutron.db.ovn_revision_numbers_db [req-3912fc30-bb14-4d44-a96c-8e5e6de68cfa req-4ce7b73d-388a-4c14-9cf5-bbe8c4b3c70e 52fb1c1d35b84731972f977a422be3f3 d981d0a38e964a60b943653fbdf58e01 - - d26bc9c440664ddfbfbb63b400620f3e d26bc9c440664ddfbfbb63b400620f3e] Successfully bumped revision number for resource ff3f28bb-16e9-4c03-ae41-84f8b068adc3 (type: ports) to 2
2026-06-24 19:12:10.829 9 INFO neutron.wsgi [None req-30272697-266f-40a1-b13c-26970a8eaf47 0d30fd43087b480688503ef597652bdb 8ab5d85dbd3944269f238033df819e9e - - default default] 10.0.0.60 "GET /v2.0/security-groups?tenant_id=776259c666db46b7b4a5f420fed84d04&name=default HTTP/1.1" status: 200 len: 2996 time: 0.4406638
2026-06-24 19:12:10.838 10 INFO neutron.wsgi [req-3912fc30-bb14-4d44-a96c-8e5e6de68cfa req-4ce7b73d-388a-4c14-9cf5-bbe8c4b3c70e 52fb1c1d35b84731972f977a422be3f3 d981d0a38e964a60b943653fbdf58e01 - - d26bc9c440664ddfbfbb63b400620f3e d26bc9c440664ddfbfbb63b400620f3e] 199.19.213.235 "PUT /v2.0/ports/ff3f28bb-16e9-4c03-ae41-84f8b068adc3 HTTP/1.1" status: 200 len: 1376 time: 0.7400920 /var/lib/openstack/lib/python3.10/site-packages/pycadf/identifier.py:71: UserWarning: Invalid uuid: neutron. To ensure interoperability, identifiers should be a valid uuid. warnings.warn(('Invalid uuid: %s. To ensure interoperability, '
2026-06-24 19:12:10.880 10 INFO neutron.notifiers.nova [-] Nova event matching ['req-fb428d6d-dc99-4c26-9241-1abe60f4e679'] response: {'name': 'network-changed', 'server_uuid': '0f1facf6-473a-488b-a0eb-33a39c701f3c', 'tag': 'ff3f28bb-16e9-4c03-ae41-84f8b068adc3', 'status': 'completed', 'code': 200}
2026-06-24 19:12:10.930 10 INFO neutron.wsgi [req-c8f74ef2-a007-437f-91e6-71bd40f8c832 req-6e50ab1b-7c6c-431b-b8b0-dc107de15e73 52fb1c1d35b84731972f977a422be3f3 d981d0a38e964a60b943653fbdf58e01 - - d26bc9c440664ddfbfbb63b400620f3e d26bc9c440664ddfbfbb63b400620f3e] 199.19.213.235 "GET /v2.0/ports?tenant_id=b6d94e4a96a443c3b6ea51d59a499bc4&device_id=0f1facf6-473a-488b-a0eb-33a39c701f3c HTTP/1.1" status: 200 len: 1407 time: 0.0291357
2026-06-24 19:12:11.019 10 INFO neutron.wsgi [req-c8f74ef2-a007-437f-91e6-71bd40f8c832 req-d4fb24d3-0d44-4c02-bc85-18ef2c473aa0 52fb1c1d35b84731972f977a422be3f3 d981d0a38e964a60b943653fbdf58e01 - - d26bc9c440664ddfbfbb63b400620f3e d26bc9c440664ddfbfbb63b400620f3e] 199.19.213.235 "GET /v2.0/networks?tenant_id=b6d94e4a96a443c3b6ea51d59a499bc4&shared=False HTTP/1.1" status: 200 len: 982 time: 0.0781100
2026-06-24 19:12:11.126 10 INFO neutron.wsgi [req-c8f74ef2-a007-437f-91e6-71bd40f8c832 req-1c1d7f47-b77d-4368-a296-354936f0a4d0 52fb1c1d35b84731972f977a422be3f3 d981d0a38e964a60b943653fbdf58e01 - - d26bc9c440664ddfbfbb63b400620f3e d26bc9c440664ddfbfbb63b400620f3e] 199.19.213.235 "GET /v2.0/networks?shared=True HTTP/1.1" status: 200 len: 952 time: 0.1008449
2026-06-24 19:12:11.134 10 INFO neutron.wsgi [None req-252f2a8b-c7bc-4c0a-afc0-d89184c588b2 0d30fd43087b480688503ef597652bdb 8ab5d85dbd3944269f238033df819e9e - - default default] 10.0.0.60 "DELETE /v2.0/security-groups/b6073e66-3243-4c75-99ad-8381cd94a5bf HTTP/1.1" status: 204 len: 168 time: 0.2988594
2026-06-24 19:12:11.234 10 INFO neutron.wsgi [req-3912fc30-bb14-4d44-a96c-8e5e6de68cfa req-baad6673-2663-4a5a-ae38-1dbcb760a409 52fb1c1d35b84731972f977a422be3f3 d981d0a38e964a60b943653fbdf58e01 - - d26bc9c440664ddfbfbb63b400620f3e d26bc9c440664ddfbfbb63b400620f3e] 199.19.213.235 "GET /v2.0/ports?tenant_id=b6d94e4a96a443c3b6ea51d59a499bc4&device_id=0f1facf6-473a-488b-a0eb-33a39c701f3c HTTP/1.1" status: 200 len: 1407 time: 0.0428274
2026-06-24 19:12:11.264 10 INFO neutron.wsgi [req-3912fc30-bb14-4d44-a96c-8e5e6de68cfa req-998ffb41-efe2-4a6b-b849-6cf71a67f3d1 52fb1c1d35b84731972f977a422be3f3 d981d0a38e964a60b943653fbdf58e01 - - d26bc9c440664ddfbfbb63b400620f3e d26bc9c440664ddfbfbb63b400620f3e] 199.19.213.235 "GET /v2.0/floatingips?fixed_ip_address=10.100.0.8&port_id=ff3f28bb-16e9-4c03-ae41-84f8b068adc3 HTTP/1.1" status: 200 len: 217 time: 0.0240822
2026-06-24 19:12:11.307 10 INFO neutron.wsgi [req-3912fc30-bb14-4d44-a96c-8e5e6de68cfa req-00cf9613-df59-40ae-85e7-605f06b15228 52fb1c1d35b84731972f977a422be3f3 d981d0a38e964a60b943653fbdf58e01 - - d26bc9c440664ddfbfbb63b400620f3e d26bc9c440664ddfbfbb63b400620f3e] 199.19.213.235 "GET /v2.0/subnets?id=2ac9045c-640e-4896-8e59-c8cebd6364f0 HTTP/1.1" status: 200 len: 877 time: 0.0364859
2026-06-24 19:12:11.334 10 INFO neutron.wsgi [req-3912fc30-bb14-4d44-a96c-8e5e6de68cfa req-58dd2352-254e-403b-a230-cd3ebb0ba1a8 52fb1c1d35b84731972f977a422be3f3 d981d0a38e964a60b943653fbdf58e01 - - d26bc9c440664ddfbfbb63b400620f3e d26bc9c440664ddfbfbb63b400620f3e] 199.19.213.235 "GET /v2.0/ports?network_id=19853787-ce4e-4687-909e-2b147365321e&device_owner=network%3Adhcp HTTP/1.1" status: 200 len: 210 time: 0.0225480
2026-06-24 19:12:11.443 10 INFO neutron.wsgi [req-3912fc30-bb14-4d44-a96c-8e5e6de68cfa req-d9bee630-85b7-4ee1-b3f4-afdbc934dcdd 52fb1c1d35b84731972f977a422be3f3 d981d0a38e964a60b943653fbdf58e01 - - d26bc9c440664ddfbfbb63b400620f3e d26bc9c440664ddfbfbb63b400620f3e] 199.19.213.235 "GET /v2.0/networks/19853787-ce4e-4687-909e-2b147365321e?fields=segments HTTP/1.1" status: 200 len: 212 time: 0.1009059
2026-06-24 19:12:11.444 10 INFO neutron.db.ovn_revision_numbers_db [None req-126cfc94-5368-4bc7-8cf7-dd5ff7d6cf3e 0d30fd43087b480688503ef597652bdb 8ab5d85dbd3944269f238033df819e9e - - default default] Successfully bumped revision number for resource 3b3a2c3d-0df8-470c-8f03-bc3bd69f5fdc (type: security_groups) to 1
2026-06-24 19:12:11.462 9 INFO neutron.wsgi [req-c909b537-81bd-40a9-88a1-969d8389ec49 req-c6bfc169-dd4d-47fc-b4cd-3300ef663710 64d3c71bf3d042838b4320084585365b 15a75626f58941d8ad48410a1ff6279e - - default default] 10.0.0.183 "GET /v2.0/ports?device_id=2e55fdce-ad5c-469c-b8a2-0c6fc631d5f1 HTTP/1.1" status: 200 len: 1172 time: 0.0439065
2026-06-24 19:12:11.476 10 INFO neutron.db.ovn_revision_numbers_db [None req-126cfc94-5368-4bc7-8cf7-dd5ff7d6cf3e 0d30fd43087b480688503ef597652bdb 8ab5d85dbd3944269f238033df819e9e - - default default] Successfully bumped revision number for resource 1e884f94-9b88-4734-be25-ac9987d60271 (type: security_group_rules) to 0
2026-06-24 19:12:11.509 9 INFO neutron.wsgi [req-c909b537-81bd-40a9-88a1-969d8389ec49 req-b6216939-bef7-4085-8a38-586a9fa70d79 64d3c71bf3d042838b4320084585365b 15a75626f58941d8ad48410a1ff6279e - - default default] 10.0.0.183 "GET /v2.0/security-groups?id=6fc7ef05-ff24-416b-9fd6-0b4c17acb7c3&fields=id&fields=name HTTP/1.1" status: 200 len: 313 time: 0.0390246
2026-06-24 19:12:11.710 10 INFO neutron.db.ovn_revision_numbers_db [None req-126cfc94-5368-4bc7-8cf7-dd5ff7d6cf3e 0d30fd43087b480688503ef597652bdb 8ab5d85dbd3944269f238033df819e9e - - default default] Successfully bumped revision number for resource 7b0680b0-d222-4035-9b9b-f35126037477 (type: security_group_rules) to 0
2026-06-24 19:12:11.731 10 INFO neutron.db.ovn_revision_numbers_db [None req-126cfc94-5368-4bc7-8cf7-dd5ff7d6cf3e 0d30fd43087b480688503ef597652bdb 8ab5d85dbd3944269f238033df819e9e - - default default] Successfully bumped revision number for resource 8899d9f4-7b40-45da-aa53-327a8aa3fc1c (type: security_group_rules) to 0
2026-06-24 19:12:11.735 10 INFO neutron.wsgi [req-3912fc30-bb14-4d44-a96c-8e5e6de68cfa req-766e61a5-dabc-4994-8ccd-09eb12565574 52fb1c1d35b84731972f977a422be3f3 d981d0a38e964a60b943653fbdf58e01 - - d26bc9c440664ddfbfbb63b400620f3e d26bc9c440664ddfbfbb63b400620f3e] 199.19.213.235 "GET /v2.0/networks/19853787-ce4e-4687-909e-2b147365321e?fields=provider%3Aphysical_network&fields=provider%3Anetwork_type HTTP/1.1" status: 200 len: 277 time: 0.2838867
2026-06-24 19:12:11.747 10 INFO neutron.db.ovn_revision_numbers_db [None req-126cfc94-5368-4bc7-8cf7-dd5ff7d6cf3e 0d30fd43087b480688503ef597652bdb 8ab5d85dbd3944269f238033df819e9e - - default default] Successfully bumped revision number for resource c2bec340-13f6-4770-8877-d4e12720b68f (type: security_group_rules) to 0
2026-06-24 19:12:11.765 9 INFO neutron.wsgi [req-063c177e-1f2a-4074-8c51-cafcc478d10b req-5a4e4855-fd6d-4cb6-92af-c8f2862d1a4d d5d8b415969d4334805b174447cf6b80 b6d94e4a96a443c3b6ea51d59a499bc4 - - default default] 10.0.0.183 "GET /v2.0/ports?device_id=0f1facf6-473a-488b-a0eb-33a39c701f3c HTTP/1.1" status: 200 len: 1168 time: 0.0393364
2026-06-24 19:12:11.776 10 INFO neutron.wsgi [None req-126cfc94-5368-4bc7-8cf7-dd5ff7d6cf3e 0d30fd43087b480688503ef597652bdb 8ab5d85dbd3944269f238033df819e9e - - default default] 10.0.0.60 "GET /v2.0/security-groups?tenant_id=591ed986eb834688822fc78dffe91eda&name=default HTTP/1.1" status: 200 len: 2996 time: 0.4950221
2026-06-24 19:12:11.808 9 INFO neutron.wsgi [req-063c177e-1f2a-4074-8c51-cafcc478d10b req-ef49d295-41bc-4b47-a7c1-554d97749c87 d5d8b415969d4334805b174447cf6b80 b6d94e4a96a443c3b6ea51d59a499bc4 - - default default] 10.0.0.183 "GET /v2.0/security-groups?id=7fa4eff6-0533-40f9-83a2-0a584825b80a&fields=id&fields=name HTTP/1.1" status: 200 len: 312 time: 0.0366940
2026-06-24 19:12:11.958 10 INFO neutron.plugins.ml2.drivers.ovn.mech_driver.mech_driver [None req-7a8317e2-15ab-42fc-9706-817bc314ad69 - - - - - -] OVN reports status up for port: ff3f28bb-16e9-4c03-ae41-84f8b068adc3
2026-06-24 19:12:11.974 10 INFO neutron.plugins.ml2.plugin [None req-7a8317e2-15ab-42fc-9706-817bc314ad69 - - - - - -] Attempt 1 to provision port ff3f28bb-16e9-4c03-ae41-84f8b068adc3
