2026-06-24 19:15:24.648 9 INFO neutron.wsgi [None req-c49ba7c7-58bf-4e58-8733-c174f8e68b71 e08179914e70470e81cecea840d78241 636cf54687554e91ad7f290dbac9aadb - - default default] 10.0.0.60 "GET /v2.0/floatingips/ece392cb-ecce-4559-9e46-7a763f58716b HTTP/1.1" status: 200 len: 746 time: 0.0419230
2026-06-24 19:15:24.685 9 INFO neutron.wsgi [None req-862a66d2-4383-4a18-9873-9f5b67776ad6 0d30fd43087b480688503ef597652bdb 8ab5d85dbd3944269f238033df819e9e - - default default] 10.0.0.60 "DELETE /v2.0/security-groups/8683f349-c82a-40d9-bfc3-f9eb5b6d6ef0 HTTP/1.1" status: 204 len: 168 time: 0.4164946
2026-06-24 19:15:24.697 9 INFO neutron.wsgi [req-b56d5e03-c72e-4f57-bbb4-789a8e1350ba req-9bcdd9d8-97e5-462f-88f9-f65b1fbfe5b0 52fb1c1d35b84731972f977a422be3f3 d981d0a38e964a60b943653fbdf58e01 - - d26bc9c440664ddfbfbb63b400620f3e d26bc9c440664ddfbfbb63b400620f3e] 199.19.213.235 "GET /v2.0/ports?tenant_id=636cf54687554e91ad7f290dbac9aadb&device_id=43ebe1f5-10fb-4a85-8eb2-687887421afd HTTP/1.1" status: 200 len: 1413 time: 0.0390456
2026-06-24 19:15:24.779 9 INFO neutron.wsgi [req-b56d5e03-c72e-4f57-bbb4-789a8e1350ba req-5777a59a-330b-47e0-b35d-80f699a6a7c3 52fb1c1d35b84731972f977a422be3f3 d981d0a38e964a60b943653fbdf58e01 - - d26bc9c440664ddfbfbb63b400620f3e d26bc9c440664ddfbfbb63b400620f3e] 199.19.213.235 "GET /v2.0/networks?id=f791467f-dce2-476d-b796-b824b8d2d53b HTTP/1.1" status: 200 len: 959 time: 0.0746334
2026-06-24 19:15:24.781 10 INFO neutron.services.segments.plugin [-] Segment 4010401f-c8fb-4aa7-ac93-dc41b83c0383 resource provider aggregate not found
2026-06-24 19:15:24.791 10 INFO neutron.services.segments.plugin [-] Segment 4010401f-c8fb-4aa7-ac93-dc41b83c0383 resource provider aggregate not found
2026-06-24 19:15:24.798 10 INFO neutron.services.segments.plugin [-] Segment 4010401f-c8fb-4aa7-ac93-dc41b83c0383 resource provider not found; error: Placement Client Error (4xx): {"errors": [{"status": 404, "title": "Not Found", "detail": "The resource could not be found.\n\n No resource provider with uuid 4010401f-c8fb-4aa7-ac93-dc41b83c0383 found for delete ", "request_id": "req-37946409-cc10-423a-92a1-cd5cb64eebc4"}]}
2026-06-24 19:15:24.814 9 INFO neutron.wsgi [req-b56d5e03-c72e-4f57-bbb4-789a8e1350ba req-1e572a67-60aa-4eea-80cb-ebec469dfe42 52fb1c1d35b84731972f977a422be3f3 d981d0a38e964a60b943653fbdf58e01 - - d26bc9c440664ddfbfbb63b400620f3e d26bc9c440664ddfbfbb63b400620f3e] 199.19.213.235 "GET /v2.0/floatingips?fixed_ip_address=10.100.0.12&port_id=c788991d-1632-41c6-b545-04202c4c782d HTTP/1.1" status: 200 len: 217 time: 0.0283523
2026-06-24 19:15:24.816 10 INFO neutron.services.segments.plugin [-] Segment 4010401f-c8fb-4aa7-ac93-dc41b83c0383 resource provider not found; error: Placement Client Error (4xx): {"errors": [{"status": 404, "title": "Not Found", "detail": "The resource could not be found.\n\n No resource provider with uuid 4010401f-c8fb-4aa7-ac93-dc41b83c0383 found for delete ", "request_id": "req-730eeb9d-16bc-4bbc-a510-66230e02075e"}]}
2026-06-24 19:15:24.861 9 INFO neutron.wsgi [req-b56d5e03-c72e-4f57-bbb4-789a8e1350ba req-0b3929ee-23db-4519-a4fd-e8234c40d527 52fb1c1d35b84731972f977a422be3f3 d981d0a38e964a60b943653fbdf58e01 - - d26bc9c440664ddfbfbb63b400620f3e d26bc9c440664ddfbfbb63b400620f3e] 199.19.213.235 "GET /v2.0/subnets?id=62b30846-c326-4f14-a540-8e1dea68f871 HTTP/1.1" status: 200 len: 852 time: 0.0398214
2026-06-24 19:15:24.893 9 INFO neutron.wsgi [req-b56d5e03-c72e-4f57-bbb4-789a8e1350ba req-4b8ff576-f58f-43f7-802d-3fb233ce87f4 52fb1c1d35b84731972f977a422be3f3 d981d0a38e964a60b943653fbdf58e01 - - d26bc9c440664ddfbfbb63b400620f3e d26bc9c440664ddfbfbb63b400620f3e] 199.19.213.235 "GET /v2.0/ports?network_id=f791467f-dce2-476d-b796-b824b8d2d53b&device_owner=network%3Adhcp HTTP/1.1" status: 200 len: 210 time: 0.0245237
2026-06-24 19:15:24.910 10 INFO neutron.wsgi [None req-eae88ca6-b70c-4c69-9b41-2431f7c3b224 0d30fd43087b480688503ef597652bdb 8ab5d85dbd3944269f238033df819e9e - - default default] 10.0.0.60 "GET /v2.0/security-groups?tenant_id=28de9d01e6b941fcbb2fcef6846209e5&name=default HTTP/1.1" status: 200 len: 2996 time: 0.0640240
2026-06-24 19:15:24.998 9 INFO neutron.wsgi [req-b56d5e03-c72e-4f57-bbb4-789a8e1350ba req-dbff3c59-c370-4db4-be0b-dd528357cfed 52fb1c1d35b84731972f977a422be3f3 d981d0a38e964a60b943653fbdf58e01 - - d26bc9c440664ddfbfbb63b400620f3e d26bc9c440664ddfbfbb63b400620f3e] 199.19.213.235 "GET /v2.0/networks/f791467f-dce2-476d-b796-b824b8d2d53b?fields=segments HTTP/1.1" status: 200 len: 212 time: 0.0902290
2026-06-24 19:15:25.086 9 INFO neutron.wsgi [req-b56d5e03-c72e-4f57-bbb4-789a8e1350ba req-4bda2f65-d70b-44f4-8b9f-493ce1e93be5 52fb1c1d35b84731972f977a422be3f3 d981d0a38e964a60b943653fbdf58e01 - - d26bc9c440664ddfbfbb63b400620f3e d26bc9c440664ddfbfbb63b400620f3e] 199.19.213.235 "GET /v2.0/networks/f791467f-dce2-476d-b796-b824b8d2d53b?fields=provider%3Aphysical_network&fields=provider%3Anetwork_type HTTP/1.1" status: 200 len: 277 time: 0.0814688
2026-06-24 19:15:25.137 10 INFO neutron.wsgi [None req-a7bcb901-22b0-4f17-8376-c6e64d0323b3 0d30fd43087b480688503ef597652bdb 8ab5d85dbd3944269f238033df819e9e - - default default] 10.0.0.60 "DELETE /v2.0/security-groups/06a1dfd4-0a37-48d0-a784-3c313765fded HTTP/1.1" status: 204 len: 168 time: 0.2169054
2026-06-24 19:15:25.270 10 INFO neutron.db.ovn_revision_numbers_db [None req-4b73ccd3-c239-4c7a-a905-96c06976c48e 0d30fd43087b480688503ef597652bdb 8ab5d85dbd3944269f238033df819e9e - - default default] Successfully bumped revision number for resource 888cb2a1-e9ca-4be5-b975-c2d29b69b657 (type: security_groups) to 1
2026-06-24 19:15:25.288 10 INFO neutron.db.ovn_revision_numbers_db [None req-4b73ccd3-c239-4c7a-a905-96c06976c48e 0d30fd43087b480688503ef597652bdb 8ab5d85dbd3944269f238033df819e9e - - default default] Successfully bumped revision number for resource 3b4143d8-c35c-4127-b20f-122c4cdb2bdf (type: security_group_rules) to 0
2026-06-24 19:15:25.305 10 INFO neutron.db.ovn_revision_numbers_db [None req-4b73ccd3-c239-4c7a-a905-96c06976c48e 0d30fd43087b480688503ef597652bdb 8ab5d85dbd3944269f238033df819e9e - - default default] Successfully bumped revision number for resource 4fba764e-63a0-4a00-af0b-75c36b34e618 (type: security_group_rules) to 0
2026-06-24 19:15:25.330 10 INFO neutron.db.ovn_revision_numbers_db [None req-4b73ccd3-c239-4c7a-a905-96c06976c48e 0d30fd43087b480688503ef597652bdb 8ab5d85dbd3944269f238033df819e9e - - default default] Successfully bumped revision number for resource 836ec38a-e7d3-4b7a-af99-90573a81d51a (type: security_group_rules) to 0
2026-06-24 19:15:25.348 10 INFO neutron.db.ovn_revision_numbers_db [None req-4b73ccd3-c239-4c7a-a905-96c06976c48e 0d30fd43087b480688503ef597652bdb 8ab5d85dbd3944269f238033df819e9e - - default default] Successfully bumped revision number for resource a73ee8b0-8e85-4ec5-9038-0168034807e9 (type: security_group_rules) to 0
2026-06-24 19:15:25.395 10 INFO neutron.wsgi [None req-4b73ccd3-c239-4c7a-a905-96c06976c48e 0d30fd43087b480688503ef597652bdb 8ab5d85dbd3944269f238033df819e9e - - default default] 10.0.0.60 "GET /v2.0/security-groups?tenant_id=af23304570ef4c768cea505fd5fdaab8&name=default HTTP/1.1" status: 200 len: 2996 time: 0.4206395
2026-06-24 19:15:25.622 10 INFO neutron.wsgi [None req-9e19fda3-47ba-4989-82c3-bc2c0f2dc699 0d30fd43087b480688503ef597652bdb 8ab5d85dbd3944269f238033df819e9e - - default default] 10.0.0.60 "DELETE /v2.0/security-groups/888cb2a1-e9ca-4be5-b975-c2d29b69b657 HTTP/1.1" status: 204 len: 168 time: 0.2202637
2026-06-24 19:15:25.846 10 INFO neutron.db.ovn_revision_numbers_db [None req-7c88d176-bb9f-44bf-9556-e855a67357a5 e08179914e70470e81cecea840d78241 636cf54687554e91ad7f290dbac9aadb - - default default] Successfully bumped revision number for resource 0e8bb146-736a-40db-9bfd-ba9b5e4f0a2f (type: security_groups) to 1
2026-06-24 19:15:25.861 10 INFO neutron.db.ovn_revision_numbers_db [None req-7c88d176-bb9f-44bf-9556-e855a67357a5 e08179914e70470e81cecea840d78241 636cf54687554e91ad7f290dbac9aadb - - default default] Successfully bumped revision number for resource 6731c6b2-61ef-4a20-af41-8b766d2616ee (type: security_group_rules) to 0
2026-06-24 19:15:25.893 10 INFO neutron.db.ovn_revision_numbers_db [None req-7c88d176-bb9f-44bf-9556-e855a67357a5 e08179914e70470e81cecea840d78241 636cf54687554e91ad7f290dbac9aadb - - default default] Successfully bumped revision number for resource 8c53828a-81bb-4183-9a1c-3d5e732c26f9 (type: security_group_rules) to 0
2026-06-24 19:15:25.900 9 INFO neutron.db.ovn_revision_numbers_db [None req-667e11d5-9592-48b1-b8f0-3d69bb8a457c 0d30fd43087b480688503ef597652bdb 8ab5d85dbd3944269f238033df819e9e - - default default] Successfully bumped revision number for resource 9051d66f-8321-4924-822b-d6d774e4c790 (type: security_groups) to 1
2026-06-24 19:15:25.919 10 INFO neutron.wsgi [None req-7c88d176-bb9f-44bf-9556-e855a67357a5 e08179914e70470e81cecea840d78241 636cf54687554e91ad7f290dbac9aadb - - default default] 10.0.0.60 "POST /v2.0/security-groups HTTP/1.1" status: 201 len: 1809 time: 0.2071912
2026-06-24 19:15:25.925 9 INFO neutron.db.ovn_revision_numbers_db [None req-667e11d5-9592-48b1-b8f0-3d69bb8a457c 0d30fd43087b480688503ef597652bdb 8ab5d85dbd3944269f238033df819e9e - - default default] Successfully bumped revision number for resource 1491fb5e-e908-4735-8d27-ea03a2637079 (type: security_group_rules) to 0
2026-06-24 19:15:25.967 9 INFO neutron.db.ovn_revision_numbers_db [None req-667e11d5-9592-48b1-b8f0-3d69bb8a457c 0d30fd43087b480688503ef597652bdb 8ab5d85dbd3944269f238033df819e9e - - default default] Successfully bumped revision number for resource 264febef-afd2-480e-8e02-7a5f239f278b (type: security_group_rules) to 0
2026-06-24 19:15:26.003 9 INFO neutron.db.ovn_revision_numbers_db [None req-667e11d5-9592-48b1-b8f0-3d69bb8a457c 0d30fd43087b480688503ef597652bdb 8ab5d85dbd3944269f238033df819e9e - - default default] Successfully bumped revision number for resource 8a393f88-ed01-4f89-9736-adf686e9fc21 (type: security_group_rules) to 0
2026-06-24 19:15:26.032 9 INFO neutron.db.ovn_revision_numbers_db [None req-667e11d5-9592-48b1-b8f0-3d69bb8a457c 0d30fd43087b480688503ef597652bdb 8ab5d85dbd3944269f238033df819e9e - - default default] Successfully bumped revision number for resource cc45cf1d-0d02-478c-95fd-4d81112ae15f (type: security_group_rules) to 0
2026-06-24 19:15:26.085 9 INFO neutron.wsgi [None req-667e11d5-9592-48b1-b8f0-3d69bb8a457c 0d30fd43087b480688503ef597652bdb 8ab5d85dbd3944269f238033df819e9e - - default default] 10.0.0.60 "GET /v2.0/security-groups?tenant_id=c09065e4053d4f209c18909f006b6c79&name=default HTTP/1.1" status: 200 len: 2996 time: 0.3651700
2026-06-24 19:15:26.170 9 INFO neutron.db.ovn_revision_numbers_db [None req-f8d56672-c3f3-47a8-a76e-527a4897c3b2 e08179914e70470e81cecea840d78241 636cf54687554e91ad7f290dbac9aadb - - default default] Successfully bumped revision number for resource 91fb642c-6707-4f72-b049-5250620cb8d3 (type: security_group_rules) to 0
2026-06-24 19:15:26.204 9 INFO neutron.wsgi [None req-f8d56672-c3f3-47a8-a76e-527a4897c3b2 e08179914e70470e81cecea840d78241 636cf54687554e91ad7f290dbac9aadb - - default default] 10.0.0.60 "POST /v2.0/security-group-rules HTTP/1.1" status: 201 len: 764 time: 0.2766900
2026-06-24 19:15:26.309 10 INFO neutron.wsgi [None req-1608beaf-c4cb-4f49-8d1a-874e4f5c1009 0d30fd43087b480688503ef597652bdb 8ab5d85dbd3944269f238033df819e9e - - default default] 10.0.0.60 "DELETE /v2.0/security-groups/9051d66f-8321-4924-822b-d6d774e4c790 HTTP/1.1" status: 204 len: 168 time: 0.2180014
2026-06-24 19:15:26.430 9 INFO neutron.db.ovn_revision_numbers_db [None req-0fca7523-ed0a-4b59-aa2e-0e95d25dc296 e08179914e70470e81cecea840d78241 636cf54687554e91ad7f290dbac9aadb - - default default] Successfully bumped revision number for resource 1c3b20f8-8298-4c63-be08-57c5e1a03a0b (type: security_group_rules) to 0
2026-06-24 19:15:26.468 9 INFO neutron.wsgi [None req-0fca7523-ed0a-4b59-aa2e-0e95d25dc296 e08179914e70470e81cecea840d78241 636cf54687554e91ad7f290dbac9aadb - - default default] 10.0.0.60 "POST /v2.0/security-group-rules HTTP/1.1" status: 201 len: 763 time: 0.2582443
2026-06-24 19:15:26.497 9 INFO neutron.wsgi [None req-4a90e8a9-aa61-4912-9675-1f5f061f58f6 0d30fd43087b480688503ef597652bdb 8ab5d85dbd3944269f238033df819e9e - - default default] 10.0.0.60 "GET /v2.0/security-groups?tenant_id=60981379eff648e4809328e4ee35a71a&name=default HTTP/1.1" status: 200 len: 2996 time: 0.0758185
2026-06-24 19:15:26.666 9 INFO neutron.db.ovn_revision_numbers_db [None req-5b63cceb-9cef-4977-badb-5a7f70632a46 e08179914e70470e81cecea840d78241 636cf54687554e91ad7f290dbac9aadb - - default default] Successfully bumped revision number for resource 789a60fa-b00e-4a2e-a947-b52c8f20d51f (type: security_group_rules) to 0
2026-06-24 19:15:26.699 9 INFO neutron.wsgi [None req-5b63cceb-9cef-4977-badb-5a7f70632a46 e08179914e70470e81cecea840d78241 636cf54687554e91ad7f290dbac9aadb - - default default] 10.0.0.60 "POST /v2.0/security-group-rules HTTP/1.1" status: 201 len: 769 time: 0.2251804
2026-06-24 19:15:26.809 9 INFO neutron.wsgi [None req-389498f4-f204-4a9b-b168-8b7a6fa12f72 0d30fd43087b480688503ef597652bdb 8ab5d85dbd3944269f238033df819e9e - - default default] 10.0.0.60 "DELETE /v2.0/security-groups/b4a119af-6bb4-4d12-bf34-e4accc248f07 HTTP/1.1" status: 204 len: 168 time: 0.3065493
2026-06-24 19:15:26.854 9 INFO neutron.db.ovn_revision_numbers_db [None req-430464ad-48e7-4e8d-bd7e-3a729f84cf80 e08179914e70470e81cecea840d78241 636cf54687554e91ad7f290dbac9aadb - - default default] Successfully bumped revision number for resource 484a3d14-6dde-42ee-95dc-7ff14c2d32b9 (type: security_group_rules) to 0
2026-06-24 19:15:26.885 9 INFO neutron.wsgi [None req-430464ad-48e7-4e8d-bd7e-3a729f84cf80 e08179914e70470e81cecea840d78241 636cf54687554e91ad7f290dbac9aadb - - default default] 10.0.0.60 "POST /v2.0/security-group-rules HTTP/1.1" status: 201 len: 768 time: 0.1829135
2026-06-24 19:15:26.913 9 INFO neutron.db.securitygroups_db [None req-012e241a-e29c-49d7-a135-750320c3b2e2 e08179914e70470e81cecea840d78241 636cf54687554e91ad7f290dbac9aadb - - default default] Project 636cf54687554e91ad7f290dbac9aadb added a security group rule with legacy IPv6 ICMP protocol name icmp, ipv6-icmp should be used instead. It was automatically converted.
2026-06-24 19:15:27.056 9 INFO neutron.db.ovn_revision_numbers_db [None req-012e241a-e29c-49d7-a135-750320c3b2e2 e08179914e70470e81cecea840d78241 636cf54687554e91ad7f290dbac9aadb - - default default] Successfully bumped revision number for resource 7a7806b1-dbb5-48f0-a98d-fdd1e7974776 (type: security_group_rules) to 0
2026-06-24 19:15:27.097 9 INFO neutron.wsgi [None req-012e241a-e29c-49d7-a135-750320c3b2e2 e08179914e70470e81cecea840d78241 636cf54687554e91ad7f290dbac9aadb - - default default] 10.0.0.60 "POST /v2.0/security-group-rules HTTP/1.1" status: 201 len: 774 time: 0.2064881
2026-06-24 19:15:27.173 9 INFO neutron.db.securitygroups_db [None req-c44d327c-8b75-4b25-9702-5875b346de1d e08179914e70470e81cecea840d78241 636cf54687554e91ad7f290dbac9aadb - - default default] Project 636cf54687554e91ad7f290dbac9aadb added a security group rule with legacy IPv6 ICMP protocol name icmp, ipv6-icmp should be used instead. It was automatically converted.
2026-06-24 19:15:27.316 9 INFO neutron.db.ovn_revision_numbers_db [None req-c44d327c-8b75-4b25-9702-5875b346de1d e08179914e70470e81cecea840d78241 636cf54687554e91ad7f290dbac9aadb - - default default] Successfully bumped revision number for resource f34410fb-441a-42fb-8ff7-b1f64560eb44 (type: security_group_rules) to 0
2026-06-24 19:15:27.372 9 INFO neutron.wsgi [None req-c44d327c-8b75-4b25-9702-5875b346de1d e08179914e70470e81cecea840d78241 636cf54687554e91ad7f290dbac9aadb - - default default] 10.0.0.60 "POST /v2.0/security-group-rules HTTP/1.1" status: 201 len: 773 time: 0.2707891
2026-06-24 19:15:27.712 10 INFO neutron.wsgi [None req-d18b5b77-69f6-4d2c-bd6d-b5914666bd08 98c9156af3604deeb519506c142c2ff0 d42690217f4b499591f5520eac767cd9 - - default default] 10.0.0.60 "POST /v2.0/qos/policies HTTP/1.1" status: 201 len: 558 time: 0.3011773
2026-06-24 19:15:27.792 9 INFO neutron.wsgi [None req-ce2ea65f-d19d-48b4-8140-714f95161c59 98c9156af3604deeb519506c142c2ff0 d42690217f4b499591f5520eac767cd9 - - default default] 10.0.0.60 "POST /v2.0/qos/policies HTTP/1.1" status: 201 len: 558 time: 0.0746684
2026-06-24 19:15:27.840 9 INFO neutron.wsgi [None req-e7c126f0-3b49-4991-a485-11fc486b2a73 98c9156af3604deeb519506c142c2ff0 d42690217f4b499591f5520eac767cd9 - - default default] 10.0.0.60 "POST /v2.0/qos/policies HTTP/1.1" status: 201 len: 558 time: 0.0422757
2026-06-24 19:15:27.846 10 INFO neutron.wsgi [-] 10.0.0.213 "GET / HTTP/1.1" status: 200 len: 247 time: 0.0018535
2026-06-24 19:15:27.848 10 INFO neutron.wsgi [-] 10.0.0.213 "GET / HTTP/1.1" status: 200 len: 247 time: 0.0014148
2026-06-24 19:15:27.884 9 INFO neutron.wsgi [None req-3ff131d1-23d6-49ab-be12-93a7bd7607b6 98c9156af3604deeb519506c142c2ff0 d42690217f4b499591f5520eac767cd9 - - default default] 10.0.0.60 "POST /v2.0/qos/policies HTTP/1.1" status: 201 len: 558 time: 0.0408168
2026-06-24 19:15:27.929 9 INFO neutron.wsgi [None req-1a3ae42e-2b2e-4739-9763-555039c23053 98c9156af3604deeb519506c142c2ff0 d42690217f4b499591f5520eac767cd9 - - default default] 10.0.0.60 "POST /v2.0/qos/policies HTTP/1.1" status: 201 len: 558 time: 0.0384552
2026-06-24 19:15:27.965 9 INFO neutron.wsgi [None req-3ad15aff-81c4-406a-aabb-a5e7fd031683 98c9156af3604deeb519506c142c2ff0 d42690217f4b499591f5520eac767cd9 - - default default] 10.0.0.60 "PUT /v2.0/policies/4b8e1624-eac3-4921-90de-0c64c6190602/tags HTTP/1.1" status: 200 len: 210 time: 0.0310378
2026-06-24 19:15:27.999 9 INFO neutron.wsgi [None req-970cf714-915d-4946-9330-b93948d70c14 98c9156af3604deeb519506c142c2ff0 d42690217f4b499591f5520eac767cd9 - - default default] 10.0.0.60 "PUT /v2.0/policies/c32808b4-38f3-457d-a089-73268b1d3fcf/tags HTTP/1.1" status: 200 len: 218 time: 0.0286241
2026-06-24 19:15:28.064 10 INFO neutron.wsgi [None req-aa69fd8b-35c3-474e-a146-05726a2429fc 98c9156af3604deeb519506c142c2ff0 d42690217f4b499591f5520eac767cd9 - - default default] 10.0.0.60 "PUT /v2.0/policies/64731b62-61ad-40d6-b314-557c0127ce21/tags HTTP/1.1" status: 200 len: 227 time: 0.0501361
2026-06-24 19:15:28.113 9 INFO neutron.wsgi [None req-6e69df1a-ee9b-4d4a-bec1-c4ef33438536 98c9156af3604deeb519506c142c2ff0 d42690217f4b499591f5520eac767cd9 - - default default] 10.0.0.60 "PUT /v2.0/policies/e5eaf05e-46c3-4c99-b24c-163187531e67/tags HTTP/1.1" status: 200 len: 212 time: 0.0424185
2026-06-24 19:15:28.143 10 INFO neutron.wsgi [None req-33c63fa2-c2da-4c22-a0d7-08881876da7c e08179914e70470e81cecea840d78241 636cf54687554e91ad7f290dbac9aadb - - default default] 10.0.0.60 "GET /v2.0/networks HTTP/1.1" status: 200 len: 1493 time: 0.3156123
2026-06-24 19:15:28.330 9 INFO neutron.wsgi [req-7af14f73-61b2-45c8-b773-7267894163fc req-7a5ca2b6-bb38-4f73-a8f1-5490827c916f e08179914e70470e81cecea840d78241 636cf54687554e91ad7f290dbac9aadb - - default default] 10.0.0.183 "GET /v2.0/security-groups?name=tempest-secgroup-smoke-681962976&fields=id&tenant_id=636cf54687554e91ad7f290dbac9aadb HTTP/1.1" status: 200 len: 267 time: 0.0923409
2026-06-24 19:15:28.418 9 INFO neutron.wsgi [req-7af14f73-61b2-45c8-b773-7267894163fc req-09bea453-2ea1-4364-8ffe-73ed1b418327 e08179914e70470e81cecea840d78241 636cf54687554e91ad7f290dbac9aadb - - default default] 10.0.0.183 "GET /v2.0/networks?id=f791467f-dce2-476d-b796-b824b8d2d53b HTTP/1.1" status: 200 len: 860 time: 0.0797989
2026-06-24 19:15:28.446 9 INFO neutron.wsgi [req-7af14f73-61b2-45c8-b773-7267894163fc req-9b1cbfb0-24ad-4d01-8b3b-792fa7d73e32 e08179914e70470e81cecea840d78241 636cf54687554e91ad7f290dbac9aadb - - default default] 10.0.0.183 "GET /v2.0/quotas/636cf54687554e91ad7f290dbac9aadb HTTP/1.1" status: 200 len: 386 time: 0.0197163
2026-06-24 19:15:28.577 9 INFO neutron.wsgi [req-7af14f73-61b2-45c8-b773-7267894163fc req-145b420e-f975-4d6a-aaf7-9d682365023f e08179914e70470e81cecea840d78241 636cf54687554e91ad7f290dbac9aadb - - default default] 10.0.0.183 "GET /v2.0/ports?tenant_id=636cf54687554e91ad7f290dbac9aadb&fields=id HTTP/1.1" status: 200 len: 348 time: 0.1211836
2026-06-24 19:15:28.656 9 INFO neutron.wsgi [req-7af14f73-61b2-45c8-b773-7267894163fc req-2f92b623-48d1-47a5-a6b1-222b1575ffae 52fb1c1d35b84731972f977a422be3f3 d981d0a38e964a60b943653fbdf58e01 - - d26bc9c440664ddfbfbb63b400620f3e d26bc9c440664ddfbfbb63b400620f3e] 10.0.0.183 "GET /v2.0/networks/f791467f-dce2-476d-b796-b824b8d2d53b?fields=segments HTTP/1.1" status: 200 len: 212 time: 0.0640609
2026-06-24 19:15:28.729 9 INFO neutron.wsgi [req-7af14f73-61b2-45c8-b773-7267894163fc req-3beaf29a-b4b6-495b-af53-78157184843f 52fb1c1d35b84731972f977a422be3f3 d981d0a38e964a60b943653fbdf58e01 - - d26bc9c440664ddfbfbb63b400620f3e d26bc9c440664ddfbfbb63b400620f3e] 10.0.0.183 "GET /v2.0/networks/f791467f-dce2-476d-b796-b824b8d2d53b?fields=provider%3Aphysical_network&fields=provider%3Anetwork_type HTTP/1.1" status: 200 len: 277 time: 0.0646491
2026-06-24 19:15:28.735 10 INFO neutron.wsgi [None req-4168d8c7-c894-48ec-a0f6-1ad98da79158 f716d772ed3b4e7c80e19f176cc12277 18c3ad1b3a90444386fe3d5921610f08 - - default default] 10.0.0.60 "GET /v2.0/qos/policies?tags=red HTTP/1.1" status: 200 len: 1296 time: 0.1954427
2026-06-24 19:15:28.857 9 INFO neutron.wsgi [req-fc411d31-c192-4f5d-ab26-f02e3aa132e8 req-75faf56b-6ac9-4f7c-8d26-76308637fee5 e08179914e70470e81cecea840d78241 636cf54687554e91ad7f290dbac9aadb - - default default] 10.0.0.183 "GET /v2.0/ports?device_id=6b6170d8-1037-47f6-81a5-1a0d293e6d6e HTTP/1.1" status: 200 len: 210 time: 0.0253239
2026-06-24 19:15:29.068 10 INFO neutron.wsgi [None req-d93cf474-3f05-4950-95f1-aa95fe172b2c f716d772ed3b4e7c80e19f176cc12277 18c3ad1b3a90444386fe3d5921610f08 - - default default] 10.0.0.60 "GET /v2.0/qos/policies?tags=red%2Cblue HTTP/1.1" status: 200 len: 941 time: 0.3274584
2026-06-24 19:15:29.126 10 INFO neutron.wsgi [None req-04b3b844-2ff2-4b25-8820-452ba5c6c0b5 f716d772ed3b4e7c80e19f176cc12277 18c3ad1b3a90444386fe3d5921610f08 - - default default] 10.0.0.60 "GET /v2.0/qos/policies?tags-any=blue HTTP/1.1" status: 200 len: 941 time: 0.0531702
2026-06-24 19:15:29.161 9 INFO neutron.db.ovn_revision_numbers_db [None req-d418243e-7ab3-48a1-b433-fe53f5d1d8a5 0362b85bd21c4700a9de98010539cce7 f39f73ef4e6d449f86d4240803e02ced - - default default] Successfully bumped revision number for resource 844c641e-dfea-487a-bf70-229804fd2f3b (type: security_groups) to 1
2026-06-24 19:15:29.176 9 INFO neutron.db.ovn_revision_numbers_db [None req-d418243e-7ab3-48a1-b433-fe53f5d1d8a5 0362b85bd21c4700a9de98010539cce7 f39f73ef4e6d449f86d4240803e02ced - - default default] Successfully bumped revision number for resource 18a9ec1f-1323-4a99-989d-7fda1dbd9443 (type: security_group_rules) to 0
2026-06-24 19:15:29.192 9 INFO neutron.db.ovn_revision_numbers_db [None req-d418243e-7ab3-48a1-b433-fe53f5d1d8a5 0362b85bd21c4700a9de98010539cce7 f39f73ef4e6d449f86d4240803e02ced - - default default] Successfully bumped revision number for resource 68492ee9-11ae-4958-ab4a-db0a24fd3583 (type: security_group_rules) to 0
2026-06-24 19:15:29.206 10 INFO neutron.wsgi [None req-67b0625b-34c0-4e37-ac57-7e3f0444704f f716d772ed3b4e7c80e19f176cc12277 18c3ad1b3a90444386fe3d5921610f08 - - default default] 10.0.0.60 "GET /v2.0/qos/policies?tags-any=red%2Cblue HTTP/1.1" status: 200 len: 1296 time: 0.0737391
2026-06-24 19:15:29.210 9 INFO neutron.db.ovn_revision_numbers_db [None req-d418243e-7ab3-48a1-b433-fe53f5d1d8a5 0362b85bd21c4700a9de98010539cce7 f39f73ef4e6d449f86d4240803e02ced - - default default] Successfully bumped revision number for resource 9a680cb2-5a46-465c-bd82-1733494d1f86 (type: security_group_rules) to 0
2026-06-24 19:15:29.251 9 INFO neutron.db.ovn_revision_numbers_db [None req-d418243e-7ab3-48a1-b433-fe53f5d1d8a5 0362b85bd21c4700a9de98010539cce7 f39f73ef4e6d449f86d4240803e02ced - - default default] Successfully bumped revision number for resource e5e48508-4f0d-4b97-aed2-3d332506978c (type: security_group_rules) to 0
2026-06-24 19:15:29.275 10 INFO neutron.wsgi [None req-5b42c232-de70-4f84-995c-2b0f168ebf6c f716d772ed3b4e7c80e19f176cc12277 18c3ad1b3a90444386fe3d5921610f08 - - default default] 10.0.0.60 "GET /v2.0/qos/policies?not-tags=red HTTP/1.1" status: 200 len: 913 time: 0.0641487
2026-06-24 19:15:29.321 9 INFO neutron.db.segments_db [None req-d418243e-7ab3-48a1-b433-fe53f5d1d8a5 0362b85bd21c4700a9de98010539cce7 f39f73ef4e6d449f86d4240803e02ced - - default default] Added segment c8b7edcd-6ff4-4bb0-b8e5-face26c62b9d of type geneve for network b7b1cd6d-840f-4b41-a6db-d3d11a7d29e5
2026-06-24 19:15:29.375 10 INFO neutron.wsgi [None req-42c3a3fe-9498-4008-be7a-141dc23293dc f716d772ed3b4e7c80e19f176cc12277 18c3ad1b3a90444386fe3d5921610f08 - - default default] 10.0.0.60 "GET /v2.0/qos/policies?not-tags=red%2Cblue HTTP/1.1" status: 200 len: 1268 time: 0.0933523
2026-06-24 19:15:29.488 10 INFO neutron.wsgi [None req-6ba12dba-1a18-41e9-a771-be4f2c9b23d0 f716d772ed3b4e7c80e19f176cc12277 18c3ad1b3a90444386fe3d5921610f08 - - default default] 10.0.0.60 "GET /v2.0/qos/policies?not-tags-any=blue HTTP/1.1" status: 200 len: 1268 time: 0.1082113
2026-06-24 19:15:29.525 9 INFO neutron.db.ovn_revision_numbers_db [None req-d418243e-7ab3-48a1-b433-fe53f5d1d8a5 0362b85bd21c4700a9de98010539cce7 f39f73ef4e6d449f86d4240803e02ced - - default default] Successfully bumped revision number for resource b7b1cd6d-840f-4b41-a6db-d3d11a7d29e5 (type: networks) to 1
2026-06-24 19:15:29.566 10 INFO neutron.wsgi [None req-33805c09-98dd-406e-abdc-63037bb84f81 f716d772ed3b4e7c80e19f176cc12277 18c3ad1b3a90444386fe3d5921610f08 - - default default] 10.0.0.60 "GET /v2.0/qos/policies?not-tags-any=red%2Cblue HTTP/1.1" status: 200 len: 913 time: 0.0720530
2026-06-24 19:15:29.648 9 INFO neutron.wsgi [req-7af14f73-61b2-45c8-b773-7267894163fc req-60890605-9eb2-420e-b4e7-be8431266c30 e08179914e70470e81cecea840d78241 636cf54687554e91ad7f290dbac9aadb - - default default] 199.19.213.235 "GET /v2.0/networks?id=f791467f-dce2-476d-b796-b824b8d2d53b HTTP/1.1" status: 200 len: 860 time: 0.0958643
2026-06-24 19:15:29.649 10 INFO neutron.wsgi [None req-c2816f23-a889-48eb-82aa-371127bf2fa2 98c9156af3604deeb519506c142c2ff0 d42690217f4b499591f5520eac767cd9 - - default default] 10.0.0.60 "DELETE /v2.0/qos/policies/4b8e1624-eac3-4921-90de-0c64c6190602 HTTP/1.1" status: 204 len: 168 time: 0.0753405
2026-06-24 19:15:29.732 10 INFO neutron.wsgi [None req-ddd43c8d-4826-42a2-87a0-a8a482980419 98c9156af3604deeb519506c142c2ff0 d42690217f4b499591f5520eac767cd9 - - default default] 10.0.0.60 "DELETE /v2.0/qos/policies/c32808b4-38f3-457d-a089-73268b1d3fcf HTTP/1.1" status: 204 len: 168 time: 0.0771308
2026-06-24 19:15:29.755 9 INFO neutron.wsgi [req-7af14f73-61b2-45c8-b773-7267894163fc req-5210a5b7-3d60-4690-afc4-aeb60ce7b667 e08179914e70470e81cecea840d78241 636cf54687554e91ad7f290dbac9aadb - - default default] 199.19.213.235 "GET /v2.0/security-groups?fields=id&fields=name&tenant_id=636cf54687554e91ad7f290dbac9aadb HTTP/1.1" status: 200 len: 472 time: 0.0936179
2026-06-24 19:15:29.827 9 WARNING neutron.scheduler.dhcp_agent_scheduler [None req-d418243e-7ab3-48a1-b433-fe53f5d1d8a5 0362b85bd21c4700a9de98010539cce7 f39f73ef4e6d449f86d4240803e02ced - - default default] No more DHCP agents
2026-06-24 19:15:29.834 9 WARNING neutron.api.rpc.agentnotifiers.dhcp_rpc_agent_api [None req-d418243e-7ab3-48a1-b433-fe53f5d1d8a5 0362b85bd21c4700a9de98010539cce7 f39f73ef4e6d449f86d4240803e02ced - - default default] Unable to schedule network b7b1cd6d-840f-4b41-a6db-d3d11a7d29e5: no agents available; will retry on subsequent port and subnet creation events.
2026-06-24 19:15:29.942 9 INFO neutron.wsgi [None req-73babc47-f12a-4543-9304-7604577e0f44 98c9156af3604deeb519506c142c2ff0 d42690217f4b499591f5520eac767cd9 - - default default] 10.0.0.60 "DELETE /v2.0/qos/policies/64731b62-61ad-40d6-b314-557c0127ce21 HTTP/1.1" status: 204 len: 168 time: 0.2045565
2026-06-24 19:15:29.981 10 INFO neutron.wsgi [None req-dde72570-105f-4407-8cab-720cc9eeab38 0d30fd43087b480688503ef597652bdb 8ab5d85dbd3944269f238033df819e9e - - default default] 10.0.0.17 "GET /v2.0/floatingips HTTP/1.1" status: 200 len: 730 time: 0.2782073
2026-06-24 19:15:29.985 9 INFO neutron.wsgi [req-df620c3b-8487-4242-bf77-e44df0af1853 req-0c9233d4-3018-4c94-806e-7ebb9d7600d7 e08179914e70470e81cecea840d78241 636cf54687554e91ad7f290dbac9aadb - - default default] 10.0.0.183 "GET /v2.0/ports?device_id=6b6170d8-1037-47f6-81a5-1a0d293e6d6e HTTP/1.1" status: 200 len: 210 time: 0.0388668
2026-06-24 19:15:30.007 9 INFO neutron.db.ovn_revision_numbers_db [None req-d418243e-7ab3-48a1-b433-fe53f5d1d8a5 0362b85bd21c4700a9de98010539cce7 f39f73ef4e6d449f86d4240803e02ced - - default default] Successfully bumped revision number for resource 567eac3a-5867-4fb4-9d47-611eaf2b627d (type: ports) to 1
2026-06-24 19:15:30.058 9 INFO neutron.wsgi [None req-d418243e-7ab3-48a1-b433-fe53f5d1d8a5 0362b85bd21c4700a9de98010539cce7 f39f73ef4e6d449f86d4240803e02ced - - default default] 10.0.0.60 "POST /v2.0/networks HTTP/1.1" status: 201 len: 830 time: 1.1234236
2026-06-24 19:15:30.078 10 INFO neutron.wsgi [None req-f1a4ec20-d1d1-422e-92f1-465e7077a39d 0d30fd43087b480688503ef597652bdb 8ab5d85dbd3944269f238033df819e9e - - default default] 10.0.0.17 "GET /v2.0/security-groups HTTP/1.1" status: 200 len: 32549 time: 0.0962663
2026-06-24 19:15:30.081 10 INFO neutron.wsgi [None req-08f495bc-47ab-4bfb-aa16-48d2c526a8ba 98c9156af3604deeb519506c142c2ff0 d42690217f4b499591f5520eac767cd9 - - default default] 10.0.0.60 "DELETE /v2.0/qos/policies/e5eaf05e-46c3-4c99-b24c-163187531e67 HTTP/1.1" status: 204 len: 168 time: 0.1323943
2026-06-24 19:15:30.121 10 INFO neutron.wsgi [None req-d536d7c0-7f27-48e9-afe1-a9504ba4e7dd 0d30fd43087b480688503ef597652bdb 8ab5d85dbd3944269f238033df819e9e - - default default] 10.0.0.17 "GET /v2.0/subnets HTTP/1.1" status: 200 len: 2077 time: 0.0349159
2026-06-24 19:15:30.146 9 INFO neutron.wsgi [None req-5eb75ec8-b4e9-4f6c-b2bc-efa02dfc715b 0362b85bd21c4700a9de98010539cce7 f39f73ef4e6d449f86d4240803e02ced - - default default] 10.0.0.60 "PUT /v2.0/networks/b7b1cd6d-840f-4b41-a6db-d3d11a7d29e5/tags HTTP/1.1" status: 200 len: 218 time: 0.0832548
2026-06-24 19:15:30.168 10 INFO neutron.wsgi [None req-903efb26-b24a-4e85-9375-9e643fbd2520 0d30fd43087b480688503ef597652bdb 8ab5d85dbd3944269f238033df819e9e - - default default] 10.0.0.17 "GET /v2.0/ports HTTP/1.1" status: 200 len: 11649 time: 0.0448580
2026-06-24 19:15:30.201 9 INFO neutron.wsgi [None req-ce651a3a-3828-4d1e-96ae-d662091d672f 98c9156af3604deeb519506c142c2ff0 d42690217f4b499591f5520eac767cd9 - - default default] 10.0.0.60 "DELETE /v2.0/qos/policies/19e6604b-03fe-46d4-bac2-f0693f130cd3 HTTP/1.1" status: 204 len: 168 time: 0.1083877
2026-06-24 19:15:30.215 10 INFO neutron.wsgi [None req-3a23d68e-131c-4170-908a-7ebf9513bd5c 0362b85bd21c4700a9de98010539cce7 f39f73ef4e6d449f86d4240803e02ced - - default default] 10.0.0.60 "GET /v2.0/networks/b7b1cd6d-840f-4b41-a6db-d3d11a7d29e5/tags HTTP/1.1" status: 200 len: 218 time: 0.0638189
2026-06-24 19:15:30.245 10 INFO neutron.wsgi [None req-a8e904cc-7f3b-490e-979d-241fa74688d1 0d30fd43087b480688503ef597652bdb 8ab5d85dbd3944269f238033df819e9e - - default default] 10.0.0.17 "GET /v2.0/subnets HTTP/1.1" status: 200 len: 2077 time: 0.0598900
2026-06-24 19:15:30.265 10 INFO neutron.wsgi [None req-a0e25338-e3b2-4cdf-b0d8-7b8227ccdffe 0d30fd43087b480688503ef597652bdb 8ab5d85dbd3944269f238033df819e9e - - default default] 10.0.0.17 "GET /v2.0/subnetpools HTTP/1.1" status: 200 len: 193 time: 0.0192194
2026-06-24 19:15:30.293 9 WARNING neutron.scheduler.dhcp_agent_scheduler [req-7af14f73-61b2-45c8-b773-7267894163fc req-bf4b48ae-2a27-4a8e-b2ae-76097808ee94 e08179914e70470e81cecea840d78241 636cf54687554e91ad7f290dbac9aadb - - default default] No more DHCP agents
2026-06-24 19:15:30.299 9 WARNING neutron.api.rpc.agentnotifiers.dhcp_rpc_agent_api [req-7af14f73-61b2-45c8-b773-7267894163fc req-bf4b48ae-2a27-4a8e-b2ae-76097808ee94 e08179914e70470e81cecea840d78241 636cf54687554e91ad7f290dbac9aadb - - default default] Unable to schedule network f791467f-dce2-476d-b796-b824b8d2d53b: no agents available; will retry on subsequent port and subnet creation events.
2026-06-24 19:15:30.311 10 INFO neutron.wsgi [None req-30802d87-c6e5-42c7-8da9-2f0be53da65c 0362b85bd21c4700a9de98010539cce7 f39f73ef4e6d449f86d4240803e02ced - - default default] 10.0.0.60 "PUT /v2.0/networks/b7b1cd6d-840f-4b41-a6db-d3d11a7d29e5/tags/green HTTP/1.1" status: 201 len: 201 time: 0.0875769
2026-06-24 19:15:30.368 10 INFO neutron.wsgi [None req-898b842c-b390-49dd-9bf0-7caa2e653e7d 0362b85bd21c4700a9de98010539cce7 f39f73ef4e6d449f86d4240803e02ced - - default default] 10.0.0.60 "GET /v2.0/networks/b7b1cd6d-840f-4b41-a6db-d3d11a7d29e5/tags HTTP/1.1" status: 200 len: 227 time: 0.0458167
2026-06-24 19:15:30.370 10 INFO neutron.wsgi [None req-1c09f4c1-65c5-4806-a121-f55de42e333e 0d30fd43087b480688503ef597652bdb 8ab5d85dbd3944269f238033df819e9e - - default default] 10.0.0.17 "GET /v2.0/routers HTTP/1.1" status: 200 len: 860 time: 0.1026256 /var/lib/openstack/lib/python3.10/site-packages/pycadf/identifier.py:71: UserWarning: Invalid uuid: neutron. To ensure interoperability, identifiers should be a valid uuid. warnings.warn(('Invalid uuid: %s. To ensure interoperability, '
2026-06-24 19:15:30.386 10 INFO neutron.wsgi [None req-2ff2863d-428f-4b8d-bb24-5b673579172c 0d30fd43087b480688503ef597652bdb 8ab5d85dbd3944269f238033df819e9e - - default default] 10.0.0.17 "GET /v2.0/agents?binary=ovn-controller HTTP/1.1" status: 200 len: 591 time: 0.0145130
2026-06-24 19:15:30.400 10 INFO neutron.wsgi [None req-daa3303d-f99e-46de-bf34-168f005c6e79 0d30fd43087b480688503ef597652bdb 8ab5d85dbd3944269f238033df819e9e - - default default] 10.0.0.17 "GET /v2.0/agents HTTP/1.1" status: 200 len: 997 time: 0.0121093
2026-06-24 19:15:30.413 10 INFO neutron.wsgi [None req-bec7b514-f775-4238-958e-7a51994c1fc0 0d30fd43087b480688503ef597652bdb 8ab5d85dbd3944269f238033df819e9e - - default default] 10.0.0.17 "GET /v2.0/network-ip-availabilities HTTP/1.1" status: 200 len: 1993 time: 0.0120709
2026-06-24 19:15:30.430 9 INFO neutron.wsgi [None req-2c863754-127b-409d-aff9-0e910538a9f8 0362b85bd21c4700a9de98010539cce7 f39f73ef4e6d449f86d4240803e02ced - - default default] 10.0.0.60 "PUT /v2.0/networks/b7b1cd6d-840f-4b41-a6db-d3d11a7d29e5/tags/red HTTP/1.1" status: 201 len: 201 time: 0.0573008
2026-06-24 19:15:30.522 10 INFO neutron.wsgi [None req-eb11bf0e-e098-4e75-bbe7-9e83af26bfe7 0362b85bd21c4700a9de98010539cce7 f39f73ef4e6d449f86d4240803e02ced - - default default] 10.0.0.60 "GET /v2.0/networks/b7b1cd6d-840f-4b41-a6db-d3d11a7d29e5/tags HTTP/1.1" status: 200 len: 227 time: 0.0718737
2026-06-24 19:15:30.523 9 INFO neutron.db.ovn_revision_numbers_db [req-7af14f73-61b2-45c8-b773-7267894163fc req-bf4b48ae-2a27-4a8e-b2ae-76097808ee94 e08179914e70470e81cecea840d78241 636cf54687554e91ad7f290dbac9aadb - - default default] Successfully bumped revision number for resource 60687ff5-1a89-4042-8642-b53bf9b871f0 (type: ports) to 1
2026-06-24 19:15:30.549 9 INFO neutron.wsgi [req-7af14f73-61b2-45c8-b773-7267894163fc req-bf4b48ae-2a27-4a8e-b2ae-76097808ee94 e08179914e70470e81cecea840d78241 636cf54687554e91ad7f290dbac9aadb - - default default] 199.19.213.235 "POST /v2.0/ports HTTP/1.1" status: 201 len: 1162 time: 0.7764649
2026-06-24 19:15:30.550 10 INFO neutron.wsgi [None req-e0824488-0586-4c22-9643-ef27174b27dd 0d30fd43087b480688503ef597652bdb 8ab5d85dbd3944269f238033df819e9e - - default default] 10.0.0.17 "GET /v2.0/networks HTTP/1.1" status: 200 len: 3822 time: 0.1343832
2026-06-24 19:15:30.589 10 INFO neutron.wsgi [None req-1b175dcc-ac38-4128-8fb8-7ecf45a6edc8 0362b85bd21c4700a9de98010539cce7 f39f73ef4e6d449f86d4240803e02ced - - default default] 10.0.0.60 "PUT /v2.0/networks/b7b1cd6d-840f-4b41-a6db-d3d11a7d29e5/tags/black.or.white HTTP/1.1" status: 201 len: 201 time: 0.0586271
2026-06-24 19:15:30.639 10 INFO neutron.wsgi [None req-026a5741-80f2-4972-9018-00f1a6e54611 0362b85bd21c4700a9de98010539cce7 f39f73ef4e6d449f86d4240803e02ced - - default default] 10.0.0.60 "GET /v2.0/networks/b7b1cd6d-840f-4b41-a6db-d3d11a7d29e5/tags HTTP/1.1" status: 200 len: 245 time: 0.0445411
2026-06-24 19:15:30.706 10 INFO neutron.wsgi [None req-800b8ab6-4055-4bd5-b91c-8da2121e958a 0362b85bd21c4700a9de98010539cce7 f39f73ef4e6d449f86d4240803e02ced - - default default] 10.0.0.60 "PUT /v2.0/networks/b7b1cd6d-840f-4b41-a6db-d3d11a7d29e5/tags HTTP/1.1" status: 200 len: 230 time: 0.0577292
2026-06-24 19:15:30.753 10 INFO neutron.wsgi [None req-64c5fac1-c7c2-41c9-8364-ee39d4265dec 0362b85bd21c4700a9de98010539cce7 f39f73ef4e6d449f86d4240803e02ced - - default default] 10.0.0.60 "GET /v2.0/networks/b7b1cd6d-840f-4b41-a6db-d3d11a7d29e5/tags HTTP/1.1" status: 200 len: 230 time: 0.0421398
2026-06-24 19:15:30.809 9 INFO neutron.wsgi [None req-57a65e7a-95ea-433c-b4da-65386047ed91 0362b85bd21c4700a9de98010539cce7 f39f73ef4e6d449f86d4240803e02ced - - default default] 10.0.0.60 "GET /v2.0/networks/b7b1cd6d-840f-4b41-a6db-d3d11a7d29e5/tags/red HTTP/1.1" status: 204 len: 168 time: 0.0483351
2026-06-24 19:15:30.869 10 INFO neutron.api.v2.resource [None req-a44dd347-3b9c-45a9-86b4-eda047b3902d 0362b85bd21c4700a9de98010539cce7 f39f73ef4e6d449f86d4240803e02ced - - default default] show failed (client error): The resource could not be found.
2026-06-24 19:15:30.871 10 INFO neutron.wsgi [None req-a44dd347-3b9c-45a9-86b4-eda047b3902d 0362b85bd21c4700a9de98010539cce7 f39f73ef4e6d449f86d4240803e02ced - - default default] 10.0.0.60 "GET /v2.0/networks/b7b1cd6d-840f-4b41-a6db-d3d11a7d29e5/tags/green HTTP/1.1" status: 404 len: 299 time: 0.0544565
2026-06-24 19:15:30.958 10 INFO neutron.wsgi [None req-e6c67ed8-ec3b-40d0-aad5-8c042bac7b51 0362b85bd21c4700a9de98010539cce7 f39f73ef4e6d449f86d4240803e02ced - - default default] 10.0.0.60 "DELETE /v2.0/networks/b7b1cd6d-840f-4b41-a6db-d3d11a7d29e5/tags/red HTTP/1.1" status: 204 len: 168 time: 0.0639715
2026-06-24 19:15:31.005 10 INFO neutron.wsgi [None req-c5ebcf0e-867d-410f-bd90-08b6b4ac7258 0362b85bd21c4700a9de98010539cce7 f39f73ef4e6d449f86d4240803e02ced - - default default] 10.0.0.60 "GET /v2.0/networks/b7b1cd6d-840f-4b41-a6db-d3d11a7d29e5/tags HTTP/1.1" status: 200 len: 223 time: 0.0426347 /var/lib/openstack/lib/python3.10/site-packages/pycadf/identifier.py:71: UserWarning: Invalid uuid: neutron. To ensure interoperability, identifiers should be a valid uuid. warnings.warn(('Invalid uuid: %s. To ensure interoperability, '
2026-06-24 19:15:31.035 9 INFO neutron.db.ovn_revision_numbers_db [req-7af14f73-61b2-45c8-b773-7267894163fc req-fd4955ef-1732-41d6-909f-00c83f36156c 52fb1c1d35b84731972f977a422be3f3 d981d0a38e964a60b943653fbdf58e01 - - d26bc9c440664ddfbfbb63b400620f3e d26bc9c440664ddfbfbb63b400620f3e] Successfully bumped revision number for resource 60687ff5-1a89-4042-8642-b53bf9b871f0 (type: ports) to 2
2026-06-24 19:15:31.092 9 INFO neutron.api.v2.resource [None req-b8b76dc5-17ea-46ab-a268-b4b4a1ee54d8 0362b85bd21c4700a9de98010539cce7 f39f73ef4e6d449f86d4240803e02ced - - default default] delete failed (client error): The resource could not be found.
2026-06-24 19:15:31.094 9 INFO neutron.wsgi [None req-b8b76dc5-17ea-46ab-a268-b4b4a1ee54d8 0362b85bd21c4700a9de98010539cce7 f39f73ef4e6d449f86d4240803e02ced - - default default] 10.0.0.60 "DELETE /v2.0/networks/b7b1cd6d-840f-4b41-a6db-d3d11a7d29e5/tags/green HTTP/1.1" status: 404 len: 299 time: 0.0825601
2026-06-24 19:15:31.114 9 INFO neutron.wsgi [req-10fbcd95-7c98-4c89-90e5-cef95c2ae280 req-675b0801-89ac-4368-8179-181fcbff4752 e08179914e70470e81cecea840d78241 636cf54687554e91ad7f290dbac9aadb - - default default] 10.0.0.183 "GET /v2.0/ports?device_id=6b6170d8-1037-47f6-81a5-1a0d293e6d6e HTTP/1.1" status: 200 len: 1172 time: 0.0534456
2026-06-24 19:15:31.163 10 INFO neutron.wsgi [None req-3847816d-608a-4e24-bd23-da098534abef 0362b85bd21c4700a9de98010539cce7 f39f73ef4e6d449f86d4240803e02ced - - default default] 10.0.0.60 "DELETE /v2.0/networks/b7b1cd6d-840f-4b41-a6db-d3d11a7d29e5/tags HTTP/1.1" status: 204 len: 168 time: 0.0639393
2026-06-24 19:15:31.178 9 INFO neutron.wsgi [req-10fbcd95-7c98-4c89-90e5-cef95c2ae280 req-b3ff4151-29a9-448d-b82a-d9b02c3ea05f e08179914e70470e81cecea840d78241 636cf54687554e91ad7f290dbac9aadb - - default default] 10.0.0.183 "GET /v2.0/security-groups?id=0e8bb146-736a-40db-9bfd-ba9b5e4f0a2f&fields=id&fields=name HTTP/1.1" status: 200 len: 312 time: 0.0589879
2026-06-24 19:15:31.207 10 INFO neutron.wsgi [None req-f6f2ffcb-f215-423f-9e89-27530e0505c7 0362b85bd21c4700a9de98010539cce7 f39f73ef4e6d449f86d4240803e02ced - - default default] 10.0.0.60 "GET /v2.0/networks/b7b1cd6d-840f-4b41-a6db-d3d11a7d29e5/tags HTTP/1.1" status: 200 len: 205 time: 0.0374327
2026-06-24 19:15:31.342 9 INFO neutron.db.ovn_revision_numbers_db [req-7af14f73-61b2-45c8-b773-7267894163fc req-fd4955ef-1732-41d6-909f-00c83f36156c 52fb1c1d35b84731972f977a422be3f3 d981d0a38e964a60b943653fbdf58e01 - - d26bc9c440664ddfbfbb63b400620f3e d26bc9c440664ddfbfbb63b400620f3e] Successfully bumped revision number for resource 60687ff5-1a89-4042-8642-b53bf9b871f0 (type: ports) to 2
2026-06-24 19:15:31.359 9 INFO neutron.wsgi [req-7af14f73-61b2-45c8-b773-7267894163fc req-fd4955ef-1732-41d6-909f-00c83f36156c 52fb1c1d35b84731972f977a422be3f3 d981d0a38e964a60b943653fbdf58e01 - - d26bc9c440664ddfbfbb63b400620f3e d26bc9c440664ddfbfbb63b400620f3e] 199.19.213.235 "PUT /v2.0/ports/60687ff5-1a89-4042-8642-b53bf9b871f0 HTTP/1.1" status: 200 len: 1380 time: 0.8048205
2026-06-24 19:15:31.417 9 INFO neutron.notifiers.nova [-] Nova event matching ['req-c73bf48d-391b-46d7-a7a8-e3884a846980'] response: {'name': 'network-changed', 'server_uuid': '6b6170d8-1037-47f6-81a5-1a0d293e6d6e', 'tag': '60687ff5-1a89-4042-8642-b53bf9b871f0', 'status': 'completed', 'code': 200} /var/lib/openstack/lib/python3.10/site-packages/pycadf/identifier.py:71: UserWarning: Invalid uuid: neutron. To ensure interoperability, identifiers should be a valid uuid. warnings.warn(('Invalid uuid: %s. To ensure interoperability, '
2026-06-24 19:15:31.479 9 INFO neutron.wsgi [req-7af14f73-61b2-45c8-b773-7267894163fc req-7ef7e423-95f2-4955-ab6f-38fb8ea5a551 52fb1c1d35b84731972f977a422be3f3 d981d0a38e964a60b943653fbdf58e01 - - d26bc9c440664ddfbfbb63b400620f3e d26bc9c440664ddfbfbb63b400620f3e] 199.19.213.235 "GET /v2.0/ports?tenant_id=636cf54687554e91ad7f290dbac9aadb&device_id=6b6170d8-1037-47f6-81a5-1a0d293e6d6e HTTP/1.1" status: 200 len: 1411 time: 0.0516474
2026-06-24 19:15:31.489 10 INFO neutron.db.ovn_revision_numbers_db [None req-c3d18b3b-3097-449e-bac7-c7b3348b6aec 0d30fd43087b480688503ef597652bdb 8ab5d85dbd3944269f238033df819e9e - - default default] Successfully bumped revision number for resource 1bfaea1e-bec2-4103-8f9f-b022511b511e (type: security_groups) to 1
2026-06-24 19:15:31.513 10 INFO neutron.db.ovn_revision_numbers_db [None req-c3d18b3b-3097-449e-bac7-c7b3348b6aec 0d30fd43087b480688503ef597652bdb 8ab5d85dbd3944269f238033df819e9e - - default default] Successfully bumped revision number for resource 18f3f812-fb34-4a19-88ab-e97c474d9fea (type: security_group_rules) to 0
2026-06-24 19:15:31.513 9 INFO neutron.wsgi [req-7af14f73-61b2-45c8-b773-7267894163fc req-ccad7a70-187f-433e-a6b6-2cf537edc650 52fb1c1d35b84731972f977a422be3f3 d981d0a38e964a60b943653fbdf58e01 - - d26bc9c440664ddfbfbb63b400620f3e d26bc9c440664ddfbfbb63b400620f3e] 199.19.213.235 "GET /v2.0/floatingips?fixed_ip_address=10.100.0.10&port_id=60687ff5-1a89-4042-8642-b53bf9b871f0 HTTP/1.1" status: 200 len: 217 time: 0.0276620
2026-06-24 19:15:31.551 10 INFO neutron.db.ovn_revision_numbers_db [None req-c3d18b3b-3097-449e-bac7-c7b3348b6aec 0d30fd43087b480688503ef597652bdb 8ab5d85dbd3944269f238033df819e9e - - default default] Successfully bumped revision number for resource 23fad913-411e-4190-81d0-3ed6947766ac (type: security_group_rules) to 0
2026-06-24 19:15:31.553 9 INFO neutron.wsgi [req-7af14f73-61b2-45c8-b773-7267894163fc req-87f344db-7694-4b2a-ba18-2b489e543b67 52fb1c1d35b84731972f977a422be3f3 d981d0a38e964a60b943653fbdf58e01 - - d26bc9c440664ddfbfbb63b400620f3e d26bc9c440664ddfbfbb63b400620f3e] 199.19.213.235 "GET /v2.0/subnets?id=62b30846-c326-4f14-a540-8e1dea68f871 HTTP/1.1" status: 200 len: 852 time: 0.0339260
2026-06-24 19:15:31.575 9 INFO neutron.wsgi [req-7af14f73-61b2-45c8-b773-7267894163fc req-4dcaa4e3-55f6-4b24-b508-73c706bcf989 52fb1c1d35b84731972f977a422be3f3 d981d0a38e964a60b943653fbdf58e01 - - d26bc9c440664ddfbfbb63b400620f3e d26bc9c440664ddfbfbb63b400620f3e] 199.19.213.235 "GET /v2.0/ports?network_id=f791467f-dce2-476d-b796-b824b8d2d53b&device_owner=network%3Adhcp HTTP/1.1" status: 200 len: 210 time: 0.0174446
2026-06-24 19:15:31.586 10 INFO neutron.db.ovn_revision_numbers_db [None req-c3d18b3b-3097-449e-bac7-c7b3348b6aec 0d30fd43087b480688503ef597652bdb 8ab5d85dbd3944269f238033df819e9e - - default default] Successfully bumped revision number for resource 43f1af89-2915-45f1-bfe7-debea288b076 (type: security_group_rules) to 0
2026-06-24 19:15:31.597 15 INFO neutron.plugins.ml2.drivers.ovn.mech_driver.ovsdb.maintenance [None req-2fce1ee3-241f-4910-b372-3afc75146375 - - - - - -] Maintenance task: Synchronization finished (took 1.82 seconds)
2026-06-24 19:15:31.615 10 INFO neutron.db.ovn_revision_numbers_db [None req-c3d18b3b-3097-449e-bac7-c7b3348b6aec 0d30fd43087b480688503ef597652bdb 8ab5d85dbd3944269f238033df819e9e - - default default] Successfully bumped revision number for resource 8da9ea4e-567e-43cf-8e66-027c02ea2df4 (type: security_group_rules) to 0
2026-06-24 19:15:31.629 10 INFO neutron.services.segments.plugin [-] Segment c8b7edcd-6ff4-4bb0-b8e5-face26c62b9d resource provider aggregate not found
2026-06-24 19:15:31.636 10 INFO neutron.services.segments.plugin [-] Segment c8b7edcd-6ff4-4bb0-b8e5-face26c62b9d resource provider aggregate not found
2026-06-24 19:15:31.657 9 INFO neutron.wsgi [req-7af14f73-61b2-45c8-b773-7267894163fc req-981e934c-ac6d-43d6-b9ab-a1c4becd38a6 52fb1c1d35b84731972f977a422be3f3 d981d0a38e964a60b943653fbdf58e01 - - d26bc9c440664ddfbfbb63b400620f3e d26bc9c440664ddfbfbb63b400620f3e] 199.19.213.235 "GET /v2.0/networks/f791467f-dce2-476d-b796-b824b8d2d53b?fields=segments HTTP/1.1" status: 200 len: 212 time: 0.0757134
2026-06-24 19:15:31.663 10 INFO neutron.services.segments.plugin [-] Segment c8b7edcd-6ff4-4bb0-b8e5-face26c62b9d resource provider not found; error: Placement Client Error (4xx): {"errors": [{"status": 404, "title": "Not Found", "detail": "The resource could not be found.\n\n No resource provider with uuid c8b7edcd-6ff4-4bb0-b8e5-face26c62b9d found for delete ", "request_id": "req-82e0391a-1c1f-4192-8af3-ec532e4c09ff"}]}
2026-06-24 19:15:31.665 10 INFO neutron.services.segments.plugin [-] Segment c8b7edcd-6ff4-4bb0-b8e5-face26c62b9d resource provider not found; error: Placement Client Error (4xx): {"errors": [{"status": 404, "title": "Not Found", "detail": "The resource could not be found.\n\n No resource provider with uuid c8b7edcd-6ff4-4bb0-b8e5-face26c62b9d found for delete ", "request_id": "req-b619ceca-3e36-4453-8e37-6b075bbce44e"}]}
2026-06-24 19:15:31.668 10 INFO neutron.wsgi [None req-c3d18b3b-3097-449e-bac7-c7b3348b6aec 0d30fd43087b480688503ef597652bdb 8ab5d85dbd3944269f238033df819e9e - - default default] 10.0.0.60 "GET /v2.0/security-groups?tenant_id=d42690217f4b499591f5520eac767cd9&name=default HTTP/1.1" status: 200 len: 2996 time: 0.5030775
2026-06-24 19:15:31.688 10 INFO neutron.wsgi [None req-7d5e2b9e-2296-4c04-a007-21c56a6d0c62 0362b85bd21c4700a9de98010539cce7 f39f73ef4e6d449f86d4240803e02ced - - default default] 10.0.0.60 "DELETE /v2.0/networks/b7b1cd6d-840f-4b41-a6db-d3d11a7d29e5 HTTP/1.1" status: 204 len: 168 time: 0.4747722
2026-06-24 19:15:31.784 9 INFO neutron.wsgi [req-7af14f73-61b2-45c8-b773-7267894163fc req-e2871690-fa79-41f5-8c5c-e3ca0cb359f0 52fb1c1d35b84731972f977a422be3f3 d981d0a38e964a60b943653fbdf58e01 - - d26bc9c440664ddfbfbb63b400620f3e d26bc9c440664ddfbfbb63b400620f3e] 199.19.213.235 "GET /v2.0/networks/f791467f-dce2-476d-b796-b824b8d2d53b?fields=provider%3Aphysical_network&fields=provider%3Anetwork_type HTTP/1.1" status: 200 len: 277 time: 0.1196604
2026-06-24 19:15:31.880 9 INFO neutron.wsgi [req-fc42b3ff-7e4d-469a-b925-cd4a5023af7b req-c294e415-c464-42c7-abac-b2b30c71a700 52fb1c1d35b84731972f977a422be3f3 d981d0a38e964a60b943653fbdf58e01 - - d26bc9c440664ddfbfbb63b400620f3e d26bc9c440664ddfbfbb63b400620f3e] 199.19.213.235 "GET /v2.0/ports?tenant_id=636cf54687554e91ad7f290dbac9aadb&device_id=6b6170d8-1037-47f6-81a5-1a0d293e6d6e HTTP/1.1" status: 200 len: 1411 time: 0.0583541
2026-06-24 19:15:31.993 10 INFO neutron.plugins.ml2.drivers.ovn.mech_driver.mech_driver [None req-7a8317e2-15ab-42fc-9706-817bc314ad69 - - - - - -] OVN reports status up for port: 60687ff5-1a89-4042-8642-b53bf9b871f0
2026-06-24 19:15:32.008 10 INFO neutron.plugins.ml2.plugin [None req-7a8317e2-15ab-42fc-9706-817bc314ad69 - - - - - -] Attempt 1 to provision port 60687ff5-1a89-4042-8642-b53bf9b871f0
2026-06-24 19:15:32.150 10 INFO neutron.notifiers.nova [-] Nova event matching ['req-7837c80c-1010-4ff1-9745-b3ed45705bd1'] response: {'server_uuid': '6b6170d8-1037-47f6-81a5-1a0d293e6d6e', 'name': 'network-vif-plugged', 'status': 'completed', 'tag': '60687ff5-1a89-4042-8642-b53bf9b871f0', 'code': 200}
2026-06-24 19:15:32.366 10 INFO neutron.db.ovn_revision_numbers_db [None req-7a8317e2-15ab-42fc-9706-817bc314ad69 - - - - - -] Successfully bumped revision number for resource 60687ff5-1a89-4042-8642-b53bf9b871f0 (type: ports) to 4
2026-06-24 19:15:32.418 9 INFO neutron.wsgi [req-fc42b3ff-7e4d-469a-b925-cd4a5023af7b req-ae3fbf17-f683-44f3-82e9-e581804ca2ba 52fb1c1d35b84731972f977a422be3f3 d981d0a38e964a60b943653fbdf58e01 - - d26bc9c440664ddfbfbb63b400620f3e d26bc9c440664ddfbfbb63b400620f3e] 199.19.213.235 "GET /v2.0/networks?id=f791467f-dce2-476d-b796-b824b8d2d53b HTTP/1.1" status: 200 len: 959 time: 0.5271833
