2026-06-24 19:13:41.892 10 INFO neutron.wsgi [None req-afd09160-47ee-41d8-9cae-b04da8907b88 ef88c38b15c04b0c988efb015b0e0a0e 4ce89bbdeeb445fdbab817896249697d - - default default] 10.0.0.60 "GET /v2.0/ports/1119ec17-692d-480d-b951-fdc7c10c6eb6 HTTP/1.1" status: 200 len: 1141 time: 0.1151433
2026-06-24 19:13:42.371 10 WARNING neutron.scheduler.dhcp_agent_scheduler [None req-51996ad7-1bed-45c2-b48d-fb90ff8b999b a379c64d70c44e1eb3373d1efefe814c b512d090564d4cdd8b5f91546ffdb0d8 - - default default] No more DHCP agents
2026-06-24 19:13:42.374 10 WARNING neutron.api.rpc.agentnotifiers.dhcp_rpc_agent_api [None req-51996ad7-1bed-45c2-b48d-fb90ff8b999b a379c64d70c44e1eb3373d1efefe814c b512d090564d4cdd8b5f91546ffdb0d8 - - default default] Unable to schedule network f0dad41d-bdd4-4996-be46-9a646b1fc56e: no agents available; will retry on subsequent port and subnet creation events.
2026-06-24 19:13:42.578 9 INFO neutron.wsgi [None req-e13c6788-0ed3-415c-95ba-61946d15f09a ef88c38b15c04b0c988efb015b0e0a0e 4ce89bbdeeb445fdbab817896249697d - - default default] 10.0.0.60 "PUT /v2.0/routers/fd2cdd29-b689-49e8-ad41-6135a1e21b40/remove_router_interface HTTP/1.1" status: 200 len: 503 time: 0.6795723 /var/lib/openstack/lib/python3.10/site-packages/pycadf/identifier.py:71: UserWarning: Invalid uuid: neutron. To ensure interoperability, identifiers should be a valid uuid. warnings.warn(('Invalid uuid: %s. To ensure interoperability, '
2026-06-24 19:13:42.591 10 INFO neutron.db.ovn_revision_numbers_db [None req-51996ad7-1bed-45c2-b48d-fb90ff8b999b a379c64d70c44e1eb3373d1efefe814c b512d090564d4cdd8b5f91546ffdb0d8 - - default default] Successfully bumped revision number for resource d69ac5be-fc89-4cc8-acd0-6a4bf7d0ccc5 (type: ports) to 1
2026-06-24 19:13:42.612 9 INFO neutron.wsgi [None req-71dd2bb7-0519-4a4c-8371-07335a209545 ef88c38b15c04b0c988efb015b0e0a0e 4ce89bbdeeb445fdbab817896249697d - - default default] 10.0.0.60 "GET /v2.0/ports?device_id=fd2cdd29-b689-49e8-ad41-6135a1e21b40 HTTP/1.1" status: 200 len: 205 time: 0.0277834
2026-06-24 19:13:42.818 10 INFO neutron.db.ovn_revision_numbers_db [None req-6a94351b-2145-4f48-8664-2f7460ec23ee 0d30fd43087b480688503ef597652bdb 8ab5d85dbd3944269f238033df819e9e - - default default] Successfully bumped revision number for resource 27f94197-c4ae-4ebc-b4f9-b84e1b3c3813 (type: security_groups) to 1
2026-06-24 19:13:42.850 9 INFO neutron.wsgi [-] 10.0.0.213 "GET / HTTP/1.1" status: 200 len: 247 time: 0.0026536
2026-06-24 19:13:42.853 9 INFO neutron.wsgi [-] 10.0.0.213 "GET / HTTP/1.1" status: 200 len: 247 time: 0.0013623
2026-06-24 19:13:42.853 10 INFO neutron.db.ovn_revision_numbers_db [None req-6a94351b-2145-4f48-8664-2f7460ec23ee 0d30fd43087b480688503ef597652bdb 8ab5d85dbd3944269f238033df819e9e - - default default] Successfully bumped revision number for resource 7ede3e36-932b-4c0a-91c7-38d18a0f78dc (type: security_group_rules) to 0
2026-06-24 19:13:42.869 9 INFO neutron.wsgi [None req-1bbf8add-81f8-4bbd-815d-81d92f0383ff ef88c38b15c04b0c988efb015b0e0a0e 4ce89bbdeeb445fdbab817896249697d - - default default] 10.0.0.60 "DELETE /v2.0/routers/fd2cdd29-b689-49e8-ad41-6135a1e21b40 HTTP/1.1" status: 204 len: 168 time: 0.2518117
2026-06-24 19:13:42.880 10 INFO neutron.db.ovn_revision_numbers_db [None req-6a94351b-2145-4f48-8664-2f7460ec23ee 0d30fd43087b480688503ef597652bdb 8ab5d85dbd3944269f238033df819e9e - - default default] Successfully bumped revision number for resource 94a9099b-06a9-4c6a-9155-087c35a2a7b5 (type: security_group_rules) to 0
2026-06-24 19:13:43.144 9 INFO neutron.db.ovn_revision_numbers_db [None req-92ca4ecc-3d1a-47fe-83b2-70aa4ec450e4 5c46666669cc4c0fb6456d03b0d0c46e 3c0bc5e9d1ff45faa5d2ab447a5af88a - - default default] Successfully bumped revision number for resource ae069a28-4a9d-400b-a115-79858ac4e22c (type: security_groups) to 1
2026-06-24 19:13:43.157 10 INFO neutron.db.ovn_revision_numbers_db [None req-6a94351b-2145-4f48-8664-2f7460ec23ee 0d30fd43087b480688503ef597652bdb 8ab5d85dbd3944269f238033df819e9e - - default default] Successfully bumped revision number for resource c718194c-7481-4855-affb-26d08dc110a4 (type: security_group_rules) to 0
2026-06-24 19:13:43.158 9 INFO neutron.db.ovn_revision_numbers_db [None req-92ca4ecc-3d1a-47fe-83b2-70aa4ec450e4 5c46666669cc4c0fb6456d03b0d0c46e 3c0bc5e9d1ff45faa5d2ab447a5af88a - - default default] Successfully bumped revision number for resource 2f6832eb-787b-4112-a7bf-a365e4e6b3a5 (type: security_group_rules) to 0
2026-06-24 19:13:43.171 9 INFO neutron.db.ovn_revision_numbers_db [None req-92ca4ecc-3d1a-47fe-83b2-70aa4ec450e4 5c46666669cc4c0fb6456d03b0d0c46e 3c0bc5e9d1ff45faa5d2ab447a5af88a - - default default] Successfully bumped revision number for resource 3d1ecef5-115a-4c37-aa29-337843917464 (type: security_group_rules) to 0
2026-06-24 19:13:43.188 10 INFO neutron.db.ovn_revision_numbers_db [None req-6a94351b-2145-4f48-8664-2f7460ec23ee 0d30fd43087b480688503ef597652bdb 8ab5d85dbd3944269f238033df819e9e - - default default] Successfully bumped revision number for resource d3128e74-e876-4555-be4c-0d5398db6ca4 (type: security_group_rules) to 0
2026-06-24 19:13:43.188 9 INFO neutron.db.ovn_revision_numbers_db [None req-92ca4ecc-3d1a-47fe-83b2-70aa4ec450e4 5c46666669cc4c0fb6456d03b0d0c46e 3c0bc5e9d1ff45faa5d2ab447a5af88a - - default default] Successfully bumped revision number for resource c8b4b5cd-ecbf-4837-a3d4-2abb96e2fe7a (type: security_group_rules) to 0
2026-06-24 19:13:43.201 9 INFO neutron.db.ovn_revision_numbers_db [None req-92ca4ecc-3d1a-47fe-83b2-70aa4ec450e4 5c46666669cc4c0fb6456d03b0d0c46e 3c0bc5e9d1ff45faa5d2ab447a5af88a - - default default] Successfully bumped revision number for resource f4c8ca4b-bd48-4a9f-8263-9a7c949421b4 (type: security_group_rules) to 0
2026-06-24 19:13:43.257 10 INFO neutron.wsgi [None req-6a94351b-2145-4f48-8664-2f7460ec23ee 0d30fd43087b480688503ef597652bdb 8ab5d85dbd3944269f238033df819e9e - - default default] 10.0.0.60 "GET /v2.0/security-groups?tenant_id=229a9bf718ec4aad843d94b8863f774e&name=default HTTP/1.1" status: 200 len: 2996 time: 0.8657546
2026-06-24 19:13:43.269 9 INFO neutron.db.segments_db [None req-92ca4ecc-3d1a-47fe-83b2-70aa4ec450e4 5c46666669cc4c0fb6456d03b0d0c46e 3c0bc5e9d1ff45faa5d2ab447a5af88a - - default default] Added segment 49c29c06-d4ea-4ed7-b1b2-43fcc00e1ceb of type geneve for network 995b857a-213c-47fc-9d06-620d4126fbff
2026-06-24 19:13:43.381 10 INFO neutron.wsgi [None req-802c0e91-597b-4dde-b83f-19219ce56bcb ef88c38b15c04b0c988efb015b0e0a0e 4ce89bbdeeb445fdbab817896249697d - - default default] 10.0.0.60 "DELETE /v2.0/subnets/d05a383f-59e3-4d0b-b657-6940838bb8f1 HTTP/1.1" status: 204 len: 168 time: 0.5066969
2026-06-24 19:13:43.464 9 INFO neutron.db.ovn_revision_numbers_db [None req-92ca4ecc-3d1a-47fe-83b2-70aa4ec450e4 5c46666669cc4c0fb6456d03b0d0c46e 3c0bc5e9d1ff45faa5d2ab447a5af88a - - default default] Successfully bumped revision number for resource 995b857a-213c-47fc-9d06-620d4126fbff (type: networks) to 1
2026-06-24 19:13:43.619 9 INFO neutron.wsgi [None req-5994a411-06e9-4df2-b32a-8f9932d69f42 0d30fd43087b480688503ef597652bdb 8ab5d85dbd3944269f238033df819e9e - - default default] 10.0.0.60 "DELETE /v2.0/security-groups/27f94197-c4ae-4ebc-b4f9-b84e1b3c3813 HTTP/1.1" status: 204 len: 168 time: 0.3557587
2026-06-24 19:13:43.639 9 INFO neutron.plugins.ml2.drivers.ovn.mech_driver.mech_driver [None req-406106f4-f672-4df2-84d1-782bf5d1979d - - - - - -] OVN reports status up for port: d69ac5be-fc89-4cc8-acd0-6a4bf7d0ccc5
2026-06-24 19:13:43.641 10 INFO neutron.wsgi [None req-aa3d1041-cf05-4b54-9c4b-c62c17054be2 ef88c38b15c04b0c988efb015b0e0a0e 4ce89bbdeeb445fdbab817896249697d - - default default] 10.0.0.60 "DELETE /v2.0/subnets/e1ead882-2d65-4aff-aa84-55a119fedd85 HTTP/1.1" status: 204 len: 168 time: 0.2508399
2026-06-24 19:13:43.654 9 INFO neutron.plugins.ml2.plugin [None req-406106f4-f672-4df2-84d1-782bf5d1979d - - - - - -] Attempt 1 to provision port d69ac5be-fc89-4cc8-acd0-6a4bf7d0ccc5
2026-06-24 19:13:43.658 10 INFO neutron.db.ovn_revision_numbers_db [None req-51996ad7-1bed-45c2-b48d-fb90ff8b999b a379c64d70c44e1eb3373d1efefe814c b512d090564d4cdd8b5f91546ffdb0d8 - - default default] Successfully bumped revision number for resource d69ac5be-fc89-4cc8-acd0-6a4bf7d0ccc5 (type: router_ports) to 1
2026-06-24 19:13:43.710 9 WARNING neutron.scheduler.dhcp_agent_scheduler [None req-92ca4ecc-3d1a-47fe-83b2-70aa4ec450e4 5c46666669cc4c0fb6456d03b0d0c46e 3c0bc5e9d1ff45faa5d2ab447a5af88a - - default default] No more DHCP agents
2026-06-24 19:13:43.715 10 INFO neutron.db.ovn_revision_numbers_db [None req-51996ad7-1bed-45c2-b48d-fb90ff8b999b a379c64d70c44e1eb3373d1efefe814c b512d090564d4cdd8b5f91546ffdb0d8 - - default default] Successfully bumped revision number for resource 4643f30c-179e-43e1-95b3-2ae2b74a2d61 (type: routers) to 2
2026-06-24 19:13:43.723 9 WARNING neutron.api.rpc.agentnotifiers.dhcp_rpc_agent_api [None req-92ca4ecc-3d1a-47fe-83b2-70aa4ec450e4 5c46666669cc4c0fb6456d03b0d0c46e 3c0bc5e9d1ff45faa5d2ab447a5af88a - - default default] Unable to schedule network 995b857a-213c-47fc-9d06-620d4126fbff: no agents available; will retry on subsequent port and subnet creation events.
2026-06-24 19:13:43.729 10 INFO neutron.wsgi [None req-51996ad7-1bed-45c2-b48d-fb90ff8b999b a379c64d70c44e1eb3373d1efefe814c b512d090564d4cdd8b5f91546ffdb0d8 - - default default] 10.0.0.60 "POST /v2.0/routers HTTP/1.1" status: 201 len: 875 time: 1.8790526
2026-06-24 19:13:44.147 9 INFO neutron.db.ovn_revision_numbers_db [None req-92ca4ecc-3d1a-47fe-83b2-70aa4ec450e4 5c46666669cc4c0fb6456d03b0d0c46e 3c0bc5e9d1ff45faa5d2ab447a5af88a - - default default] Successfully bumped revision number for resource 78e978c8-296d-49e1-b30a-395beef3f444 (type: ports) to 1
2026-06-24 19:13:44.184 9 INFO neutron.wsgi [None req-92ca4ecc-3d1a-47fe-83b2-70aa4ec450e4 5c46666669cc4c0fb6456d03b0d0c46e 3c0bc5e9d1ff45faa5d2ab447a5af88a - - default default] 10.0.0.60 "POST /v2.0/networks HTTP/1.1" status: 201 len: 828 time: 1.2709746
2026-06-24 19:13:44.290 9 INFO neutron.db.segments_db [None req-a43adbfa-079c-429c-9ce7-73352886b778 5c46666669cc4c0fb6456d03b0d0c46e 3c0bc5e9d1ff45faa5d2ab447a5af88a - - default default] Added segment 23c0cb30-c9b2-4839-9cf1-d3356a4590d6 of type geneve for network 8a9ab3dc-4f25-49e0-9d3a-07b64b7ef061
2026-06-24 19:13:44.309 10 WARNING neutron.scheduler.dhcp_agent_scheduler [None req-374340f5-66f6-47f7-a538-0370a4e0a92d a379c64d70c44e1eb3373d1efefe814c b512d090564d4cdd8b5f91546ffdb0d8 - - default default] No more DHCP agents
2026-06-24 19:13:44.312 10 WARNING neutron.api.rpc.agentnotifiers.dhcp_rpc_agent_api [None req-374340f5-66f6-47f7-a538-0370a4e0a92d a379c64d70c44e1eb3373d1efefe814c b512d090564d4cdd8b5f91546ffdb0d8 - - default default] Unable to schedule network 4457e7cf-9850-4d71-8862-dea592d5be32: no agents available; will retry on subsequent port and subnet creation events.
2026-06-24 19:13:44.471 9 INFO neutron.services.segments.plugin [-] Segment a81ed721-3393-4e82-8df7-7009fd97ca74 resource provider aggregate not found
2026-06-24 19:13:44.482 9 INFO neutron.services.segments.plugin [-] Segment a81ed721-3393-4e82-8df7-7009fd97ca74 resource provider aggregate not found
2026-06-24 19:13:44.516 9 INFO neutron.services.segments.plugin [-] Segment a81ed721-3393-4e82-8df7-7009fd97ca74 resource provider not found; error: Placement Client Error (4xx): {"errors": [{"status": 404, "title": "Not Found", "detail": "The resource could not be found.\n\n No resource provider with uuid a81ed721-3393-4e82-8df7-7009fd97ca74 found for delete ", "request_id": "req-c427ecf4-3658-42f0-8043-9011d0bd6642"}]}
2026-06-24 19:13:44.519 9 INFO neutron.services.segments.plugin [-] Segment a81ed721-3393-4e82-8df7-7009fd97ca74 resource provider not found; error: Placement Client Error (4xx): {"errors": [{"status": 404, "title": "Not Found", "detail": "The resource could not be found.\n\n No resource provider with uuid a81ed721-3393-4e82-8df7-7009fd97ca74 found for delete ", "request_id": "req-73f192a7-e2ee-4a5b-8ef2-c494effb9d31"}]}
2026-06-24 19:13:44.568 10 INFO neutron.db.ovn_revision_numbers_db [None req-374340f5-66f6-47f7-a538-0370a4e0a92d a379c64d70c44e1eb3373d1efefe814c b512d090564d4cdd8b5f91546ffdb0d8 - - default default] Successfully bumped revision number for resource 77298e74-0d1d-492f-8935-422183e2bcb5 (type: ports) to 1
2026-06-24 19:13:44.582 9 INFO neutron.wsgi [None req-dc0559ec-a18c-4cfe-abdd-2eaa4c313dfa ef88c38b15c04b0c988efb015b0e0a0e 4ce89bbdeeb445fdbab817896249697d - - default default] 10.0.0.60 "DELETE /v2.0/networks/da4e9ebd-0552-4f14-862b-fefcbd0fdd0f HTTP/1.1" status: 204 len: 168 time: 0.9349642
2026-06-24 19:13:44.624 9 INFO neutron.db.ovn_revision_numbers_db [None req-a43adbfa-079c-429c-9ce7-73352886b778 5c46666669cc4c0fb6456d03b0d0c46e 3c0bc5e9d1ff45faa5d2ab447a5af88a - - default default] Successfully bumped revision number for resource 8a9ab3dc-4f25-49e0-9d3a-07b64b7ef061 (type: networks) to 1
2026-06-24 19:13:44.914 9 WARNING neutron.scheduler.dhcp_agent_scheduler [None req-a43adbfa-079c-429c-9ce7-73352886b778 5c46666669cc4c0fb6456d03b0d0c46e 3c0bc5e9d1ff45faa5d2ab447a5af88a - - default default] No more DHCP agents
2026-06-24 19:13:44.917 9 WARNING neutron.api.rpc.agentnotifiers.dhcp_rpc_agent_api [None req-a43adbfa-079c-429c-9ce7-73352886b778 5c46666669cc4c0fb6456d03b0d0c46e 3c0bc5e9d1ff45faa5d2ab447a5af88a - - default default] Unable to schedule network 8a9ab3dc-4f25-49e0-9d3a-07b64b7ef061: no agents available; will retry on subsequent port and subnet creation events.
2026-06-24 19:13:45.018 9 INFO neutron.db.ovn_revision_numbers_db [None req-a43adbfa-079c-429c-9ce7-73352886b778 5c46666669cc4c0fb6456d03b0d0c46e 3c0bc5e9d1ff45faa5d2ab447a5af88a - - default default] Successfully bumped revision number for resource 6d9f5f39-d555-4b1e-a2d5-7838e54799d7 (type: ports) to 1
2026-06-24 19:13:45.065 9 INFO neutron.wsgi [None req-a43adbfa-079c-429c-9ce7-73352886b778 5c46666669cc4c0fb6456d03b0d0c46e 3c0bc5e9d1ff45faa5d2ab447a5af88a - - default default] 10.0.0.60 "POST /v2.0/networks HTTP/1.1" status: 201 len: 829 time: 0.8763623
2026-06-24 19:13:45.121 10 INFO neutron.db.ovn_revision_numbers_db [None req-374340f5-66f6-47f7-a538-0370a4e0a92d a379c64d70c44e1eb3373d1efefe814c b512d090564d4cdd8b5f91546ffdb0d8 - - default default] Successfully bumped revision number for resource 77298e74-0d1d-492f-8935-422183e2bcb5 (type: router_ports) to 1
2026-06-24 19:13:45.196 9 INFO neutron.wsgi [None req-4d2645ec-8ef3-4f93-a12f-f3a7af52147f ef88c38b15c04b0c988efb015b0e0a0e 4ce89bbdeeb445fdbab817896249697d - - default default] 10.0.0.60 "DELETE /v2.0/networks/d59abda9-1350-422f-9ed3-143c6f5dad6a HTTP/1.1" status: 204 len: 168 time: 0.6016896
2026-06-24 19:13:45.269 10 WARNING neutron.plugins.ml2.drivers.ovn.mech_driver.ovsdb.ovn_client [None req-7a8317e2-15ab-42fc-9706-817bc314ad69 - - - - - -] No port found with ID 55318297-f148-4762-8437-f8165bdbca8b: RuntimeError: No port found with ID 55318297-f148-4762-8437-f8165bdbca8b
2026-06-24 19:13:45.269 10 INFO neutron.plugins.ml2.drivers.ovn.mech_driver.mech_driver [None req-7a8317e2-15ab-42fc-9706-817bc314ad69 - - - - - -] OVN reports status down for port: 6b820c86-39f2-4748-abd9-e89316029fa3
2026-06-24 19:13:45.294 10 INFO neutron.plugins.ml2.drivers.ovn.mech_driver.mech_driver [None req-7a8317e2-15ab-42fc-9706-817bc314ad69 - - - - - -] OVN reports status up for port: 77298e74-0d1d-492f-8935-422183e2bcb5
2026-06-24 19:13:45.306 9 INFO neutron.db.segments_db [None req-058fc4b0-446d-4acd-a436-fc62a89b90b8 ef88c38b15c04b0c988efb015b0e0a0e 4ce89bbdeeb445fdbab817896249697d - - default default] Added segment 2dba7f70-0e29-410e-97be-0c2912edbe14 of type geneve for network 622aa72a-b716-4b75-a830-4214194b73b5
2026-06-24 19:13:45.311 10 INFO neutron.plugins.ml2.plugin [None req-7a8317e2-15ab-42fc-9706-817bc314ad69 - - - - - -] Attempt 1 to provision port 77298e74-0d1d-492f-8935-422183e2bcb5
2026-06-24 19:13:45.431 10 INFO neutron.db.ovn_revision_numbers_db [None req-374340f5-66f6-47f7-a538-0370a4e0a92d a379c64d70c44e1eb3373d1efefe814c b512d090564d4cdd8b5f91546ffdb0d8 - - default default] Successfully bumped revision number for resource 77298e74-0d1d-492f-8935-422183e2bcb5 (type: ports) to 1
2026-06-24 19:13:45.520 9 INFO neutron.db.ovn_revision_numbers_db [None req-058fc4b0-446d-4acd-a436-fc62a89b90b8 ef88c38b15c04b0c988efb015b0e0a0e 4ce89bbdeeb445fdbab817896249697d - - default default] Successfully bumped revision number for resource 622aa72a-b716-4b75-a830-4214194b73b5 (type: networks) to 1
2026-06-24 19:13:45.569 10 WARNING neutron.scheduler.dhcp_agent_scheduler [None req-30c905e2-e212-481c-8ef1-38a0ab1a951d 5c46666669cc4c0fb6456d03b0d0c46e 3c0bc5e9d1ff45faa5d2ab447a5af88a - - default default] No more DHCP agents
2026-06-24 19:13:45.578 10 WARNING neutron.api.rpc.agentnotifiers.dhcp_rpc_agent_api [None req-30c905e2-e212-481c-8ef1-38a0ab1a951d 5c46666669cc4c0fb6456d03b0d0c46e 3c0bc5e9d1ff45faa5d2ab447a5af88a - - default default] Unable to schedule network 995b857a-213c-47fc-9d06-620d4126fbff: no agents available; will retry on subsequent port and subnet creation events.
2026-06-24 19:13:45.616 10 WARNING neutron.scheduler.dhcp_agent_scheduler [None req-374340f5-66f6-47f7-a538-0370a4e0a92d a379c64d70c44e1eb3373d1efefe814c b512d090564d4cdd8b5f91546ffdb0d8 - - default default] No more DHCP agents
2026-06-24 19:13:45.624 10 WARNING neutron.api.rpc.agentnotifiers.dhcp_rpc_agent_api [None req-374340f5-66f6-47f7-a538-0370a4e0a92d a379c64d70c44e1eb3373d1efefe814c b512d090564d4cdd8b5f91546ffdb0d8 - - default default] Unable to schedule network 4457e7cf-9850-4d71-8862-dea592d5be32: no agents available; will retry on subsequent port and subnet creation events.
2026-06-24 19:13:45.734 9 WARNING neutron.scheduler.dhcp_agent_scheduler [None req-058fc4b0-446d-4acd-a436-fc62a89b90b8 ef88c38b15c04b0c988efb015b0e0a0e 4ce89bbdeeb445fdbab817896249697d - - default default] No more DHCP agents
2026-06-24 19:13:45.739 9 WARNING neutron.api.rpc.agentnotifiers.dhcp_rpc_agent_api [None req-058fc4b0-446d-4acd-a436-fc62a89b90b8 ef88c38b15c04b0c988efb015b0e0a0e 4ce89bbdeeb445fdbab817896249697d - - default default] Unable to schedule network 622aa72a-b716-4b75-a830-4214194b73b5: no agents available; will retry on subsequent port and subnet creation events.
2026-06-24 19:13:45.820 9 INFO neutron.db.ovn_revision_numbers_db [None req-ad3dafea-5a9b-42b0-b474-3317787055e1 0d30fd43087b480688503ef597652bdb 8ab5d85dbd3944269f238033df819e9e - - default default] Successfully bumped revision number for resource d4097dc4-73ee-4af7-8230-053a82fba5ea (type: security_groups) to 1
2026-06-24 19:13:45.844 9 INFO neutron.db.ovn_revision_numbers_db [None req-ad3dafea-5a9b-42b0-b474-3317787055e1 0d30fd43087b480688503ef597652bdb 8ab5d85dbd3944269f238033df819e9e - - default default] Successfully bumped revision number for resource 0e77231f-8d12-46eb-976b-ec41721a3bcf (type: security_group_rules) to 0
2026-06-24 19:13:45.862 9 INFO neutron.db.ovn_revision_numbers_db [None req-ad3dafea-5a9b-42b0-b474-3317787055e1 0d30fd43087b480688503ef597652bdb 8ab5d85dbd3944269f238033df819e9e - - default default] Successfully bumped revision number for resource 46138680-3f27-4551-bf3f-192e48904d86 (type: security_group_rules) to 0
2026-06-24 19:13:45.863 9 INFO neutron.db.ovn_revision_numbers_db [None req-058fc4b0-446d-4acd-a436-fc62a89b90b8 ef88c38b15c04b0c988efb015b0e0a0e 4ce89bbdeeb445fdbab817896249697d - - default default] Successfully bumped revision number for resource 51e2e2b6-665f-4ed5-a203-fabcdddfdadd (type: ports) to 1
2026-06-24 19:13:45.884 9 INFO neutron.db.ovn_revision_numbers_db [None req-ad3dafea-5a9b-42b0-b474-3317787055e1 0d30fd43087b480688503ef597652bdb 8ab5d85dbd3944269f238033df819e9e - - default default] Successfully bumped revision number for resource d1d29957-6506-4a0a-8fe1-88ee2b57bbee (type: security_group_rules) to 0
2026-06-24 19:13:45.888 9 INFO neutron.wsgi [None req-058fc4b0-446d-4acd-a436-fc62a89b90b8 ef88c38b15c04b0c988efb015b0e0a0e 4ce89bbdeeb445fdbab817896249697d - - default default] 10.0.0.60 "POST /v2.0/networks HTTP/1.1" status: 201 len: 832 time: 0.6839907
2026-06-24 19:13:45.906 9 INFO neutron.db.ovn_revision_numbers_db [None req-ad3dafea-5a9b-42b0-b474-3317787055e1 0d30fd43087b480688503ef597652bdb 8ab5d85dbd3944269f238033df819e9e - - default default] Successfully bumped revision number for resource dc7f8d07-5623-4490-8e12-ff128326def2 (type: security_group_rules) to 0
2026-06-24 19:13:45.968 9 INFO neutron.db.segments_db [None req-ad3dafea-5a9b-42b0-b474-3317787055e1 0d30fd43087b480688503ef597652bdb 8ab5d85dbd3944269f238033df819e9e - - default default] Added segment 9bb7f604-3492-4682-b1dd-a18c65c4be0d of type geneve for network 80642c26-d82b-4c88-a8e5-a906b91f2f3f
2026-06-24 19:13:46.179 9 INFO neutron.db.ovn_revision_numbers_db [None req-ad3dafea-5a9b-42b0-b474-3317787055e1 0d30fd43087b480688503ef597652bdb 8ab5d85dbd3944269f238033df819e9e - - default default] Successfully bumped revision number for resource 80642c26-d82b-4c88-a8e5-a906b91f2f3f (type: networks) to 1
2026-06-24 19:13:46.291 9 WARNING neutron.scheduler.dhcp_agent_scheduler [None req-6b9a0265-c111-43cd-89a7-135a0b22564a ef88c38b15c04b0c988efb015b0e0a0e 4ce89bbdeeb445fdbab817896249697d - - default default] No more DHCP agents
2026-06-24 19:13:46.294 9 WARNING neutron.api.rpc.agentnotifiers.dhcp_rpc_agent_api [None req-6b9a0265-c111-43cd-89a7-135a0b22564a ef88c38b15c04b0c988efb015b0e0a0e 4ce89bbdeeb445fdbab817896249697d - - default default] Unable to schedule network 622aa72a-b716-4b75-a830-4214194b73b5: no agents available; will retry on subsequent port and subnet creation events.
2026-06-24 19:13:46.359 9 INFO neutron.db.ovn_revision_numbers_db [None req-6b9a0265-c111-43cd-89a7-135a0b22564a ef88c38b15c04b0c988efb015b0e0a0e 4ce89bbdeeb445fdbab817896249697d - - default default] Successfully bumped revision number for resource 5c4c6a8d-4515-4f2d-a219-0b5251c7a44b (type: subnets) to 0
2026-06-24 19:13:46.362 10 INFO neutron.db.ovn_revision_numbers_db [None req-7a8317e2-15ab-42fc-9706-817bc314ad69 - - - - - -] Successfully bumped revision number for resource 77298e74-0d1d-492f-8935-422183e2bcb5 (type: ports) to 2
2026-06-24 19:13:46.381 9 INFO neutron.wsgi [None req-6b9a0265-c111-43cd-89a7-135a0b22564a ef88c38b15c04b0c988efb015b0e0a0e 4ce89bbdeeb445fdbab817896249697d - - default default] 10.0.0.60 "POST /v2.0/subnets HTTP/1.1" status: 201 len: 821 time: 0.4834707
2026-06-24 19:13:46.457 9 WARNING neutron.scheduler.dhcp_agent_scheduler [None req-ad3dafea-5a9b-42b0-b474-3317787055e1 0d30fd43087b480688503ef597652bdb 8ab5d85dbd3944269f238033df819e9e - - default default] No more DHCP agents
2026-06-24 19:13:46.461 9 WARNING neutron.api.rpc.agentnotifiers.dhcp_rpc_agent_api [None req-ad3dafea-5a9b-42b0-b474-3317787055e1 0d30fd43087b480688503ef597652bdb 8ab5d85dbd3944269f238033df819e9e - - default default] Unable to schedule network 80642c26-d82b-4c88-a8e5-a906b91f2f3f: no agents available; will retry on subsequent port and subnet creation events.
2026-06-24 19:13:46.545 9 INFO neutron.services.segments.plugin [-] Segment 532b917b-cd22-4697-a4fc-f46b0266ff08 resource provider aggregate not found
2026-06-24 19:13:46.553 9 INFO neutron.services.segments.plugin [-] Segment 532b917b-cd22-4697-a4fc-f46b0266ff08 resource provider aggregate not found
2026-06-24 19:13:46.578 9 INFO neutron.services.segments.plugin [-] Segment 532b917b-cd22-4697-a4fc-f46b0266ff08 resource provider not found; error: Placement Client Error (4xx): {"errors": [{"status": 404, "title": "Not Found", "detail": "The resource could not be found.\n\n No resource provider with uuid 532b917b-cd22-4697-a4fc-f46b0266ff08 found for delete ", "request_id": "req-0087e887-4b27-4b5b-adbb-d780ef2044c0"}]}
2026-06-24 19:13:46.579 9 INFO neutron.services.segments.plugin [-] Segment 532b917b-cd22-4697-a4fc-f46b0266ff08 resource provider not found; error: Placement Client Error (4xx): {"errors": [{"status": 404, "title": "Not Found", "detail": "The resource could not be found.\n\n No resource provider with uuid 532b917b-cd22-4697-a4fc-f46b0266ff08 found for delete ", "request_id": "req-090d07c0-0067-4978-9c79-08d0990825c2"}]}
2026-06-24 19:13:46.668 9 INFO neutron.db.ovn_revision_numbers_db [None req-d9c24993-aa49-4430-87ee-34e14435237e ef88c38b15c04b0c988efb015b0e0a0e 4ce89bbdeeb445fdbab817896249697d - - default default] Successfully bumped revision number for resource a812e4a5-ffe5-46ae-867b-f53c82812237 (type: routers) to 1
2026-06-24 19:13:46.674 9 INFO neutron.db.ovn_revision_numbers_db [None req-ad3dafea-5a9b-42b0-b474-3317787055e1 0d30fd43087b480688503ef597652bdb 8ab5d85dbd3944269f238033df819e9e - - default default] Successfully bumped revision number for resource cfa25867-0bb4-4276-b33e-7981bcf3d0b6 (type: ports) to 1
2026-06-24 19:13:46.684 9 INFO neutron.wsgi [None req-d9c24993-aa49-4430-87ee-34e14435237e ef88c38b15c04b0c988efb015b0e0a0e 4ce89bbdeeb445fdbab817896249697d - - default default] 10.0.0.60 "POST /v2.0/routers HTTP/1.1" status: 201 len: 690 time: 0.2966464
2026-06-24 19:13:46.693 10 INFO neutron.db.ovn_revision_numbers_db [None req-7a8317e2-15ab-42fc-9706-817bc314ad69 - - - - - -] Successfully bumped revision number for resource 77298e74-0d1d-492f-8935-422183e2bcb5 (type: router_ports) to 2
2026-06-24 19:13:46.714 9 INFO neutron.wsgi [None req-ad3dafea-5a9b-42b0-b474-3317787055e1 0d30fd43087b480688503ef597652bdb 8ab5d85dbd3944269f238033df819e9e - - default default] 10.0.0.60 "POST /v2.0/networks HTTP/1.1" status: 201 len: 942 time: 1.3234463
2026-06-24 19:13:46.735 10 INFO neutron.db.ovn_revision_numbers_db [None req-374340f5-66f6-47f7-a538-0370a4e0a92d a379c64d70c44e1eb3373d1efefe814c b512d090564d4cdd8b5f91546ffdb0d8 - - default default] Successfully bumped revision number for resource 77298e74-0d1d-492f-8935-422183e2bcb5 (type: router_ports) to 2
2026-06-24 19:13:46.738 10 INFO neutron.wsgi [None req-374340f5-66f6-47f7-a538-0370a4e0a92d a379c64d70c44e1eb3373d1efefe814c b512d090564d4cdd8b5f91546ffdb0d8 - - default default] 10.0.0.60 "PUT /v2.0/routers/4643f30c-179e-43e1-95b3-2ae2b74a2d61/add_router_interface HTTP/1.1" status: 200 len: 503 time: 3.0032628
2026-06-24 19:13:46.916 10 INFO neutron.db.ovn_revision_numbers_db [None req-30c905e2-e212-481c-8ef1-38a0ab1a951d 5c46666669cc4c0fb6456d03b0d0c46e 3c0bc5e9d1ff45faa5d2ab447a5af88a - - default default] Successfully bumped revision number for resource 78e978c8-296d-49e1-b30a-395beef3f444 (type: ports) to 2
2026-06-24 19:13:46.952 10 INFO neutron.db.ovn_revision_numbers_db [None req-30c905e2-e212-481c-8ef1-38a0ab1a951d 5c46666669cc4c0fb6456d03b0d0c46e 3c0bc5e9d1ff45faa5d2ab447a5af88a - - default default] Successfully bumped revision number for resource 1c31941f-e0df-4b95-956d-911782556653 (type: subnets) to 0
2026-06-24 19:13:46.972 10 INFO neutron.wsgi [None req-30c905e2-e212-481c-8ef1-38a0ab1a951d 5c46666669cc4c0fb6456d03b0d0c46e 3c0bc5e9d1ff45faa5d2ab447a5af88a - - default default] 10.0.0.60 "POST /v2.0/subnets HTTP/1.1" status: 201 len: 801 time: 1.8969035
2026-06-24 19:13:47.046 9 WARNING neutron.scheduler.dhcp_agent_scheduler [None req-0ea96e41-b23d-4abf-bfd4-5b27a4c9f065 0d30fd43087b480688503ef597652bdb 8ab5d85dbd3944269f238033df819e9e - - default default] No more DHCP agents
2026-06-24 19:13:47.060 9 WARNING neutron.api.rpc.agentnotifiers.dhcp_rpc_agent_api [None req-0ea96e41-b23d-4abf-bfd4-5b27a4c9f065 0d30fd43087b480688503ef597652bdb 8ab5d85dbd3944269f238033df819e9e - - default default] Unable to schedule network 80642c26-d82b-4c88-a8e5-a906b91f2f3f: no agents available; will retry on subsequent port and subnet creation events.
2026-06-24 19:13:47.240 10 WARNING neutron.scheduler.dhcp_agent_scheduler [None req-e4c311c0-0985-42c3-91ab-b5e155f46dbb 5c46666669cc4c0fb6456d03b0d0c46e 3c0bc5e9d1ff45faa5d2ab447a5af88a - - default default] No more DHCP agents
2026-06-24 19:13:47.241 10 WARNING neutron.api.rpc.agentnotifiers.dhcp_rpc_agent_api [None req-e4c311c0-0985-42c3-91ab-b5e155f46dbb 5c46666669cc4c0fb6456d03b0d0c46e 3c0bc5e9d1ff45faa5d2ab447a5af88a - - default default] Unable to schedule network 8a9ab3dc-4f25-49e0-9d3a-07b64b7ef061: no agents available; will retry on subsequent port and subnet creation events.
2026-06-24 19:13:47.695 9 WARNING neutron.scheduler.dhcp_agent_scheduler [None req-1e88af79-c6d6-4000-9914-7b6649d33678 ef88c38b15c04b0c988efb015b0e0a0e 4ce89bbdeeb445fdbab817896249697d - - default default] No more DHCP agents
2026-06-24 19:13:47.702 9 WARNING neutron.api.rpc.agentnotifiers.dhcp_rpc_agent_api [None req-1e88af79-c6d6-4000-9914-7b6649d33678 ef88c38b15c04b0c988efb015b0e0a0e 4ce89bbdeeb445fdbab817896249697d - - default default] Unable to schedule network 622aa72a-b716-4b75-a830-4214194b73b5: no agents available; will retry on subsequent port and subnet creation events.
2026-06-24 19:13:47.752 9 WARNING neutron.scheduler.dhcp_agent_scheduler [None req-7518e1ae-0c6d-4f27-af08-7ced297e5e95 a379c64d70c44e1eb3373d1efefe814c b512d090564d4cdd8b5f91546ffdb0d8 - - default default] No more DHCP agents
2026-06-24 19:13:47.759 9 WARNING neutron.api.rpc.agentnotifiers.dhcp_rpc_agent_api [None req-7518e1ae-0c6d-4f27-af08-7ced297e5e95 a379c64d70c44e1eb3373d1efefe814c b512d090564d4cdd8b5f91546ffdb0d8 - - default default] Unable to schedule network 4457e7cf-9850-4d71-8862-dea592d5be32: no agents available; will retry on subsequent port and subnet creation events.
2026-06-24 19:13:47.823 10 INFO neutron.db.ovn_revision_numbers_db [None req-e4c311c0-0985-42c3-91ab-b5e155f46dbb 5c46666669cc4c0fb6456d03b0d0c46e 3c0bc5e9d1ff45faa5d2ab447a5af88a - - default default] Successfully bumped revision number for resource 6d9f5f39-d555-4b1e-a2d5-7838e54799d7 (type: ports) to 2
2026-06-24 19:13:47.867 10 INFO neutron.db.ovn_revision_numbers_db [None req-e4c311c0-0985-42c3-91ab-b5e155f46dbb 5c46666669cc4c0fb6456d03b0d0c46e 3c0bc5e9d1ff45faa5d2ab447a5af88a - - default default] Successfully bumped revision number for resource 854bd016-e517-47a8-96ac-b02f1fa36b51 (type: subnets) to 0
2026-06-24 19:13:47.889 10 INFO neutron.wsgi [None req-e4c311c0-0985-42c3-91ab-b5e155f46dbb 5c46666669cc4c0fb6456d03b0d0c46e 3c0bc5e9d1ff45faa5d2ab447a5af88a - - default default] 10.0.0.60 "POST /v2.0/subnets HTTP/1.1" status: 201 len: 801 time: 0.9098961
2026-06-24 19:13:47.935 9 INFO neutron.db.ovn_revision_numbers_db [None req-1e88af79-c6d6-4000-9914-7b6649d33678 ef88c38b15c04b0c988efb015b0e0a0e 4ce89bbdeeb445fdbab817896249697d - - default default] Successfully bumped revision number for resource 18adb32c-bb93-459a-a333-4fb888e6d5dd (type: ports) to 1
2026-06-24 19:13:47.988 9 INFO neutron.wsgi [None req-1e88af79-c6d6-4000-9914-7b6649d33678 ef88c38b15c04b0c988efb015b0e0a0e 4ce89bbdeeb445fdbab817896249697d - - default default] 10.0.0.60 "POST /v2.0/ports HTTP/1.1" status: 201 len: 1163 time: 1.2968895 /var/lib/openstack/lib/python3.10/site-packages/pycadf/identifier.py:71: UserWarning: Invalid uuid: neutron. To ensure interoperability, identifiers should be a valid uuid. warnings.warn(('Invalid uuid: %s. To ensure interoperability, '
2026-06-24 19:13:48.078 10 INFO neutron.db.ovn_revision_numbers_db [None req-1cd8fa71-6f0b-413a-9840-060ddf92c42f 5c46666669cc4c0fb6456d03b0d0c46e 3c0bc5e9d1ff45faa5d2ab447a5af88a - - default default] Successfully bumped revision number for resource 5cdaa37f-b422-4d08-ad03-cc12eecfb2d8 (type: routers) to 1
2026-06-24 19:13:48.097 10 INFO neutron.wsgi [None req-1cd8fa71-6f0b-413a-9840-060ddf92c42f 5c46666669cc4c0fb6456d03b0d0c46e 3c0bc5e9d1ff45faa5d2ab447a5af88a - - default default] 10.0.0.60 "POST /v2.0/routers HTTP/1.1" status: 201 len: 687 time: 0.2023871
2026-06-24 19:13:48.136 9 INFO neutron.db.ovn_revision_numbers_db [None req-7518e1ae-0c6d-4f27-af08-7ced297e5e95 a379c64d70c44e1eb3373d1efefe814c b512d090564d4cdd8b5f91546ffdb0d8 - - default default] Successfully bumped revision number for resource b3e5c7ad-17c7-48b4-a083-0839daefd270 (type: ports) to 1
2026-06-24 19:13:48.182 9 INFO neutron.wsgi [None req-7518e1ae-0c6d-4f27-af08-7ced297e5e95 a379c64d70c44e1eb3373d1efefe814c b512d090564d4cdd8b5f91546ffdb0d8 - - default default] 10.0.0.60 "POST /v2.0/ports HTTP/1.1" status: 201 len: 1153 time: 1.4358828
2026-06-24 19:13:48.324 9 INFO neutron.db.ovn_revision_numbers_db [None req-0ea96e41-b23d-4abf-bfd4-5b27a4c9f065 0d30fd43087b480688503ef597652bdb 8ab5d85dbd3944269f238033df819e9e - - default default] Successfully bumped revision number for resource cfa25867-0bb4-4276-b33e-7981bcf3d0b6 (type: ports) to 2
2026-06-24 19:13:48.401 9 INFO neutron.db.ovn_revision_numbers_db [None req-0ea96e41-b23d-4abf-bfd4-5b27a4c9f065 0d30fd43087b480688503ef597652bdb 8ab5d85dbd3944269f238033df819e9e - - default default] Successfully bumped revision number for resource 685b7759-23b6-4b22-ae2f-452d89a0ceee (type: subnets) to 0
2026-06-24 19:13:48.437 9 INFO neutron.wsgi [None req-0ea96e41-b23d-4abf-bfd4-5b27a4c9f065 0d30fd43087b480688503ef597652bdb 8ab5d85dbd3944269f238033df819e9e - - default default] 10.0.0.60 "POST /v2.0/subnets HTTP/1.1" status: 201 len: 862 time: 1.7165782
2026-06-24 19:13:48.618 9 INFO neutron.db.ovn_revision_numbers_db [None req-d29effb9-a0fd-4df6-97ff-ae6aac60addf ef88c38b15c04b0c988efb015b0e0a0e 4ce89bbdeeb445fdbab817896249697d - - default default] Successfully bumped revision number for resource 18adb32c-bb93-459a-a333-4fb888e6d5dd (type: router_ports) to 2
2026-06-24 19:13:48.748 10 WARNING neutron.scheduler.dhcp_agent_scheduler [None req-ce55e742-98a1-46bb-b23c-4532d71edd93 5c46666669cc4c0fb6456d03b0d0c46e 3c0bc5e9d1ff45faa5d2ab447a5af88a - - default default] No more DHCP agents
2026-06-24 19:13:48.757 10 WARNING neutron.api.rpc.agentnotifiers.dhcp_rpc_agent_api [None req-ce55e742-98a1-46bb-b23c-4532d71edd93 5c46666669cc4c0fb6456d03b0d0c46e 3c0bc5e9d1ff45faa5d2ab447a5af88a - - default default] Unable to schedule network 995b857a-213c-47fc-9d06-620d4126fbff: no agents available; will retry on subsequent port and subnet creation events.
2026-06-24 19:13:48.793 9 INFO neutron.db.ovn_revision_numbers_db [None req-d29effb9-a0fd-4df6-97ff-ae6aac60addf ef88c38b15c04b0c988efb015b0e0a0e 4ce89bbdeeb445fdbab817896249697d - - default default] Successfully bumped revision number for resource 18adb32c-bb93-459a-a333-4fb888e6d5dd (type: ports) to 2
2026-06-24 19:13:48.813 10 WARNING neutron.scheduler.dhcp_agent_scheduler [None req-72fa4ad5-b024-470d-8fae-953f0bb1ff13 a379c64d70c44e1eb3373d1efefe814c b512d090564d4cdd8b5f91546ffdb0d8 - - default default] No more DHCP agents
2026-06-24 19:13:48.819 10 WARNING neutron.api.rpc.agentnotifiers.dhcp_rpc_agent_api [None req-72fa4ad5-b024-470d-8fae-953f0bb1ff13 a379c64d70c44e1eb3373d1efefe814c b512d090564d4cdd8b5f91546ffdb0d8 - - default default] Unable to schedule network 4457e7cf-9850-4d71-8862-dea592d5be32: no agents available; will retry on subsequent port and subnet creation events.
2026-06-24 19:13:48.917 9 WARNING neutron.plugins.ml2.drivers.ovn.mech_driver.ovsdb.ovn_client [None req-406106f4-f672-4df2-84d1-782bf5d1979d - - - - - -] No hosting information found for port d69ac5be-fc89-4cc8-acd0-6a4bf7d0ccc5: RuntimeError: No hosting information found for port d69ac5be-fc89-4cc8-acd0-6a4bf7d0ccc5
2026-06-24 19:13:49.334 9 INFO neutron.db.ovn_revision_numbers_db [None req-d29effb9-a0fd-4df6-97ff-ae6aac60addf ef88c38b15c04b0c988efb015b0e0a0e 4ce89bbdeeb445fdbab817896249697d - - default default] Successfully bumped revision number for resource 18adb32c-bb93-459a-a333-4fb888e6d5dd (type: router_ports) to 2
2026-06-24 19:13:49.480 9 INFO neutron.db.ovn_revision_numbers_db [None req-d29effb9-a0fd-4df6-97ff-ae6aac60addf ef88c38b15c04b0c988efb015b0e0a0e 4ce89bbdeeb445fdbab817896249697d - - default default] Successfully bumped revision number for resource 18adb32c-bb93-459a-a333-4fb888e6d5dd (type: ports) to 2
2026-06-24 19:13:49.499 10 INFO neutron.db.ovn_revision_numbers_db [None req-ce55e742-98a1-46bb-b23c-4532d71edd93 5c46666669cc4c0fb6456d03b0d0c46e 3c0bc5e9d1ff45faa5d2ab447a5af88a - - default default] Successfully bumped revision number for resource 2f9a4852-c2c7-4a1f-8b6d-54050a4d0cda (type: ports) to 1
2026-06-24 19:13:49.564 10 INFO neutron.db.ovn_revision_numbers_db [None req-72fa4ad5-b024-470d-8fae-953f0bb1ff13 a379c64d70c44e1eb3373d1efefe814c b512d090564d4cdd8b5f91546ffdb0d8 - - default default] Successfully bumped revision number for resource b53946c3-8f74-468f-9f8e-1ed821d72fc0 (type: ports) to 1
2026-06-24 19:13:49.571 9 WARNING neutron.scheduler.dhcp_agent_scheduler [None req-d29effb9-a0fd-4df6-97ff-ae6aac60addf ef88c38b15c04b0c988efb015b0e0a0e 4ce89bbdeeb445fdbab817896249697d - - default default] No more DHCP agents
2026-06-24 19:13:49.573 9 WARNING neutron.api.rpc.agentnotifiers.dhcp_rpc_agent_api [None req-d29effb9-a0fd-4df6-97ff-ae6aac60addf ef88c38b15c04b0c988efb015b0e0a0e 4ce89bbdeeb445fdbab817896249697d - - default default] Unable to schedule network 622aa72a-b716-4b75-a830-4214194b73b5: no agents available; will retry on subsequent port and subnet creation events.
2026-06-24 19:13:49.641 10 INFO neutron.wsgi [None req-72fa4ad5-b024-470d-8fae-953f0bb1ff13 a379c64d70c44e1eb3373d1efefe814c b512d090564d4cdd8b5f91546ffdb0d8 - - default default] 10.0.0.60 "POST /v2.0/ports HTTP/1.1" status: 201 len: 1156 time: 1.4488339 /var/lib/openstack/lib/python3.10/site-packages/pycadf/identifier.py:71: UserWarning: Invalid uuid: neutron. To ensure interoperability, identifiers should be a valid uuid. warnings.warn(('Invalid uuid: %s. To ensure interoperability, '
2026-06-24 19:13:49.693 10 WARNING neutron.scheduler.dhcp_agent_scheduler [None req-9514eb87-878f-4106-84c6-6747b2c5c581 0d30fd43087b480688503ef597652bdb 8ab5d85dbd3944269f238033df819e9e - - default default] No more DHCP agents
2026-06-24 19:13:49.698 10 WARNING neutron.api.rpc.agentnotifiers.dhcp_rpc_agent_api [None req-9514eb87-878f-4106-84c6-6747b2c5c581 0d30fd43087b480688503ef597652bdb 8ab5d85dbd3944269f238033df819e9e - - default default] Unable to schedule network f0dad41d-bdd4-4996-be46-9a646b1fc56e: no agents available; will retry on subsequent port and subnet creation events.
2026-06-24 19:13:49.813 9 INFO neutron.db.ovn_revision_numbers_db [None req-d29effb9-a0fd-4df6-97ff-ae6aac60addf ef88c38b15c04b0c988efb015b0e0a0e 4ce89bbdeeb445fdbab817896249697d - - default default] Successfully bumped revision number for resource 18adb32c-bb93-459a-a333-4fb888e6d5dd (type: router_ports) to 2
2026-06-24 19:13:49.816 9 INFO neutron.wsgi [None req-d29effb9-a0fd-4df6-97ff-ae6aac60addf ef88c38b15c04b0c988efb015b0e0a0e 4ce89bbdeeb445fdbab817896249697d - - default default] 10.0.0.60 "PUT /v2.0/routers/a812e4a5-ffe5-46ae-867b-f53c82812237/add_router_interface HTTP/1.1" status: 200 len: 503 time: 1.8203726 /var/lib/openstack/lib/python3.10/site-packages/pycadf/identifier.py:71: UserWarning: Invalid uuid: neutron. To ensure interoperability, identifiers should be a valid uuid. warnings.warn(('Invalid uuid: %s. To ensure interoperability, '
2026-06-24 19:13:49.965 9 WARNING neutron.scheduler.dhcp_agent_scheduler [None req-edbfef20-5762-48fa-a544-2a717f12d9dd a379c64d70c44e1eb3373d1efefe814c b512d090564d4cdd8b5f91546ffdb0d8 - - default default] No more DHCP agents
2026-06-24 19:13:49.968 9 WARNING neutron.api.rpc.agentnotifiers.dhcp_rpc_agent_api [None req-edbfef20-5762-48fa-a544-2a717f12d9dd a379c64d70c44e1eb3373d1efefe814c b512d090564d4cdd8b5f91546ffdb0d8 - - default default] Unable to schedule network f0dad41d-bdd4-4996-be46-9a646b1fc56e: no agents available; will retry on subsequent port and subnet creation events.
2026-06-24 19:13:50.012 10 INFO neutron.wsgi [None req-78f87706-8ff7-4b96-b8da-f6a25146b0d3 ef88c38b15c04b0c988efb015b0e0a0e 4ce89bbdeeb445fdbab817896249697d - - default default] 10.0.0.60 "GET /v2.0/ports/18adb32c-bb93-459a-a333-4fb888e6d5dd HTTP/1.1" status: 200 len: 1219 time: 0.1881754
2026-06-24 19:13:50.027 10 INFO neutron.db.ovn_revision_numbers_db [None req-9514eb87-878f-4106-84c6-6747b2c5c581 0d30fd43087b480688503ef597652bdb 8ab5d85dbd3944269f238033df819e9e - - default default] Successfully bumped revision number for resource 819a7062-ebf4-4ce4-b899-9131a6111668 (type: ports) to 1
2026-06-24 19:13:50.402 10 INFO neutron.db.ovn_revision_numbers_db [None req-ce55e742-98a1-46bb-b23c-4532d71edd93 5c46666669cc4c0fb6456d03b0d0c46e 3c0bc5e9d1ff45faa5d2ab447a5af88a - - default default] Successfully bumped revision number for resource 2f9a4852-c2c7-4a1f-8b6d-54050a4d0cda (type: router_ports) to 1
2026-06-24 19:13:50.775 9 INFO neutron.db.l3_db [None req-edbfef20-5762-48fa-a544-2a717f12d9dd a379c64d70c44e1eb3373d1efefe814c b512d090564d4cdd8b5f91546ffdb0d8 - - default default] Floating IP 8a8c97f5-db90-42be-be4c-af19ff33e26b associated. External IP: 10.96.250.214, port: b53946c3-8f74-468f-9f8e-1ed821d72fc0.
2026-06-24 19:13:50.992 9 INFO neutron.db.ovn_revision_numbers_db [None req-edbfef20-5762-48fa-a544-2a717f12d9dd a379c64d70c44e1eb3373d1efefe814c b512d090564d4cdd8b5f91546ffdb0d8 - - default default] Successfully bumped revision number for resource 8a8c97f5-db90-42be-be4c-af19ff33e26b (type: floatingips) to 0
2026-06-24 19:13:51.104 9 INFO neutron.db.ovn_revision_numbers_db [None req-edbfef20-5762-48fa-a544-2a717f12d9dd a379c64d70c44e1eb3373d1efefe814c b512d090564d4cdd8b5f91546ffdb0d8 - - default default] Successfully bumped revision number for resource 8a8c97f5-db90-42be-be4c-af19ff33e26b (type: floatingips) to 1
2026-06-24 19:13:51.132 10 INFO neutron.db.ovn_revision_numbers_db [None req-ce55e742-98a1-46bb-b23c-4532d71edd93 5c46666669cc4c0fb6456d03b0d0c46e 3c0bc5e9d1ff45faa5d2ab447a5af88a - - default default] Successfully bumped revision number for resource 2f9a4852-c2c7-4a1f-8b6d-54050a4d0cda (type: ports) to 1
2026-06-24 19:13:51.143 9 INFO neutron.wsgi [None req-edbfef20-5762-48fa-a544-2a717f12d9dd a379c64d70c44e1eb3373d1efefe814c b512d090564d4cdd8b5f91546ffdb0d8 - - default default] 10.0.0.60 "POST /v2.0/floatingips HTTP/1.1" status: 201 len: 1040 time: 1.4959328
2026-06-24 19:13:51.282 10 WARNING neutron.scheduler.dhcp_agent_scheduler [None req-ce55e742-98a1-46bb-b23c-4532d71edd93 5c46666669cc4c0fb6456d03b0d0c46e 3c0bc5e9d1ff45faa5d2ab447a5af88a - - default default] No more DHCP agents
2026-06-24 19:13:51.289 10 WARNING neutron.api.rpc.agentnotifiers.dhcp_rpc_agent_api [None req-ce55e742-98a1-46bb-b23c-4532d71edd93 5c46666669cc4c0fb6456d03b0d0c46e 3c0bc5e9d1ff45faa5d2ab447a5af88a - - default default] Unable to schedule network 995b857a-213c-47fc-9d06-620d4126fbff: no agents available; will retry on subsequent port and subnet creation events.
2026-06-24 19:13:51.326 9 INFO neutron.db.l3_db [None req-02259a3c-5bb9-43a9-a5d7-4b5e094c1184 a379c64d70c44e1eb3373d1efefe814c b512d090564d4cdd8b5f91546ffdb0d8 - - default default] Floating IP 8a8c97f5-db90-42be-be4c-af19ff33e26b disassociated. External IP: 10.96.250.214, port: b53946c3-8f74-468f-9f8e-1ed821d72fc0.
2026-06-24 19:13:51.377 9 INFO neutron.db.ovn_revision_numbers_db [None req-02259a3c-5bb9-43a9-a5d7-4b5e094c1184 a379c64d70c44e1eb3373d1efefe814c b512d090564d4cdd8b5f91546ffdb0d8 - - default default] Successfully bumped revision number for resource 8a8c97f5-db90-42be-be4c-af19ff33e26b (type: floatingips) to 2
2026-06-24 19:13:51.471 9 INFO neutron.wsgi [None req-02259a3c-5bb9-43a9-a5d7-4b5e094c1184 a379c64d70c44e1eb3373d1efefe814c b512d090564d4cdd8b5f91546ffdb0d8 - - default default] 10.0.0.60 "PUT /v2.0/floatingips/8a8c97f5-db90-42be-be4c-af19ff33e26b HTTP/1.1" status: 200 len: 748 time: 0.3224645
2026-06-24 19:13:51.566 10 INFO neutron.wsgi [None req-6fb51e87-2ce2-460a-ad09-af7b794661a1 ef88c38b15c04b0c988efb015b0e0a0e 4ce89bbdeeb445fdbab817896249697d - - default default] 10.0.0.60 "PUT /v2.0/routers/a812e4a5-ffe5-46ae-867b-f53c82812237/remove_router_interface HTTP/1.1" status: 200 len: 503 time: 1.5479708
2026-06-24 19:13:51.605 10 INFO neutron.plugins.ml2.drivers.ovn.mech_driver.ovsdb.ovsdb_monitor [None req-7c3a6aa3-6fb1-43f6-916a-8cdf4d5506e3 - - - - - -] Router f38dbcee-92b0-4b18-bdf2-990d78f66b02 is bound to host instance
2026-06-24 19:13:51.621 9 INFO neutron.plugins.ml2.drivers.ovn.mech_driver.mech_driver [None req-406106f4-f672-4df2-84d1-782bf5d1979d - - - - - -] OVN reports status up for port: 819a7062-ebf4-4ce4-b899-9131a6111668
2026-06-24 19:13:51.634 10 INFO neutron.db.ovn_revision_numbers_db [None req-9514eb87-878f-4106-84c6-6747b2c5c581 0d30fd43087b480688503ef597652bdb 8ab5d85dbd3944269f238033df819e9e - - default default] Successfully bumped revision number for resource 819a7062-ebf4-4ce4-b899-9131a6111668 (type: router_ports) to 1
2026-06-24 19:13:51.688 9 INFO neutron.plugins.ml2.plugin [None req-406106f4-f672-4df2-84d1-782bf5d1979d - - - - - -] Attempt 1 to provision port 819a7062-ebf4-4ce4-b899-9131a6111668
2026-06-24 19:13:51.701 10 INFO neutron.db.ovn_revision_numbers_db [None req-ce55e742-98a1-46bb-b23c-4532d71edd93 5c46666669cc4c0fb6456d03b0d0c46e 3c0bc5e9d1ff45faa5d2ab447a5af88a - - default default] Successfully bumped revision number for resource 2f9a4852-c2c7-4a1f-8b6d-54050a4d0cda (type: router_ports) to 1
2026-06-24 19:13:51.704 10 INFO neutron.wsgi [None req-ce55e742-98a1-46bb-b23c-4532d71edd93 5c46666669cc4c0fb6456d03b0d0c46e 3c0bc5e9d1ff45faa5d2ab447a5af88a - - default default] 10.0.0.60 "PUT /v2.0/routers/5cdaa37f-b422-4d08-ad03-cc12eecfb2d8/add_router_interface HTTP/1.1" status: 200 len: 503 time: 3.6006572
2026-06-24 19:13:51.707 9 INFO neutron.api.v2.resource [None req-c397b1f8-473f-4ac1-9328-d5ee2d0a0295 ef88c38b15c04b0c988efb015b0e0a0e 4ce89bbdeeb445fdbab817896249697d - - default default] remove_router_interface failed (client error): The resource could not be found.
2026-06-24 19:13:51.708 9 INFO neutron.wsgi [None req-c397b1f8-473f-4ac1-9328-d5ee2d0a0295 ef88c38b15c04b0c988efb015b0e0a0e 4ce89bbdeeb445fdbab817896249697d - - default default] 10.0.0.60 "PUT /v2.0/routers/a812e4a5-ffe5-46ae-867b-f53c82812237/remove_router_interface HTTP/1.1" status: 404 len: 398 time: 0.1343226 /var/lib/openstack/lib/python3.10/site-packages/pycadf/identifier.py:71: UserWarning: Invalid uuid: neutron. To ensure interoperability, identifiers should be a valid uuid. warnings.warn(('Invalid uuid: %s. To ensure interoperability, '
2026-06-24 19:13:51.748 9 INFO neutron.wsgi [None req-467692a7-d9a5-4b95-ad2d-fa3a9ad2d92a ef88c38b15c04b0c988efb015b0e0a0e 4ce89bbdeeb445fdbab817896249697d - - default default] 10.0.0.60 "GET /v2.0/ports?device_id=a812e4a5-ffe5-46ae-867b-f53c82812237 HTTP/1.1" status: 200 len: 205 time: 0.0273352
2026-06-24 19:13:51.753 10 INFO neutron.db.ovn_revision_numbers_db [None req-9514eb87-878f-4106-84c6-6747b2c5c581 0d30fd43087b480688503ef597652bdb 8ab5d85dbd3944269f238033df819e9e - - default default] Successfully bumped revision number for resource f38dbcee-92b0-4b18-bdf2-990d78f66b02 (type: routers) to 2
2026-06-24 19:13:51.792 10 INFO neutron.wsgi [None req-9514eb87-878f-4106-84c6-6747b2c5c581 0d30fd43087b480688503ef597652bdb 8ab5d85dbd3944269f238033df819e9e - - default default] 10.0.0.60 "POST /v2.0/routers HTTP/1.1" status: 201 len: 873 time: 3.3481789
2026-06-24 19:13:51.918 10 INFO neutron.wsgi [None req-03aba8cb-ccb4-47cc-bcef-e6b04896334c 5c46666669cc4c0fb6456d03b0d0c46e 3c0bc5e9d1ff45faa5d2ab447a5af88a - - default default] 10.0.0.60 "GET /v2.0/ports/2f9a4852-c2c7-4a1f-8b6d-54050a4d0cda HTTP/1.1" status: 200 len: 1135 time: 0.2066338
2026-06-24 19:13:52.022 9 INFO neutron.wsgi [None req-e60277f3-c40d-4524-bf17-53e4cba5d8e9 ef88c38b15c04b0c988efb015b0e0a0e 4ce89bbdeeb445fdbab817896249697d - - default default] 10.0.0.60 "DELETE /v2.0/routers/a812e4a5-ffe5-46ae-867b-f53c82812237 HTTP/1.1" status: 204 len: 168 time: 0.2685258
2026-06-24 19:13:52.056 10 WARNING neutron.plugins.ml2.drivers.ovn.mech_driver.ovsdb.ovn_client [None req-7a8317e2-15ab-42fc-9706-817bc314ad69 - - - - - -] No hosting information found for port 77298e74-0d1d-492f-8935-422183e2bcb5: RuntimeError: No hosting information found for port 77298e74-0d1d-492f-8935-422183e2bcb5
2026-06-24 19:13:52.057 10 INFO neutron.plugins.ml2.drivers.ovn.mech_driver.mech_driver [None req-7a8317e2-15ab-42fc-9706-817bc314ad69 - - - - - -] OVN reports status up for port: 18adb32c-bb93-459a-a333-4fb888e6d5dd
2026-06-24 19:13:52.106 9 INFO neutron.wsgi [None req-65f3bb75-7952-4e62-a6bf-f10ae5be21d7 a379c64d70c44e1eb3373d1efefe814c b512d090564d4cdd8b5f91546ffdb0d8 - - default default] 10.0.0.60 "DELETE /v2.0/floatingips/8a8c97f5-db90-42be-be4c-af19ff33e26b HTTP/1.1" status: 204 len: 168 time: 0.6288452
2026-06-24 19:13:52.117 10 INFO neutron.plugins.ml2.drivers.ovn.mech_driver.mech_driver [None req-7a8317e2-15ab-42fc-9706-817bc314ad69 - - - - - -] OVN reports status up for port: 2f9a4852-c2c7-4a1f-8b6d-54050a4d0cda
2026-06-24 19:13:52.156 10 INFO neutron.plugins.ml2.plugin [None req-7a8317e2-15ab-42fc-9706-817bc314ad69 - - - - - -] Attempt 1 to provision port 2f9a4852-c2c7-4a1f-8b6d-54050a4d0cda
2026-06-24 19:13:52.418 9 WARNING neutron.scheduler.dhcp_agent_scheduler [None req-75ae92c2-c76e-4713-862a-6cfdcda5c155 a379c64d70c44e1eb3373d1efefe814c b512d090564d4cdd8b5f91546ffdb0d8 - - default default] No more DHCP agents
2026-06-24 19:13:52.421 9 WARNING neutron.api.rpc.agentnotifiers.dhcp_rpc_agent_api [None req-75ae92c2-c76e-4713-862a-6cfdcda5c155 a379c64d70c44e1eb3373d1efefe814c b512d090564d4cdd8b5f91546ffdb0d8 - - default default] Unable to schedule network f0dad41d-bdd4-4996-be46-9a646b1fc56e: no agents available; will retry on subsequent port and subnet creation events.
2026-06-24 19:13:52.910 9 INFO neutron.db.l3_db [None req-75ae92c2-c76e-4713-862a-6cfdcda5c155 a379c64d70c44e1eb3373d1efefe814c b512d090564d4cdd8b5f91546ffdb0d8 - - default default] Floating IP 892eea10-febd-468e-9d32-65aeb0f1f24b associated. External IP: 10.96.250.220, port: b3e5c7ad-17c7-48b4-a083-0839daefd270.
