Jun 17 14:18:01.259358 np0000181146 devstack@neutron-api.service[107395]: DEBUG neutron_lib.callbacks.manager [None req-7b4f7c71-f0ce-45ff-beba-fb657dc46b32 None None] Subscribe: > floatingip after_status_update 55550000, False {{(pid=107395) subscribe /opt/stack/data/venv/lib/python3.12/site-packages/neutron_lib/callbacks/manager.py:52}}
Jun 17 14:18:01.259388 np0000181146 devstack@neutron-api.service[107393]: DEBUG neutron_lib.callbacks.manager [None req-feead6ae-bbfb-4760-80b8-2c8f453b4a9c None None] Subscribe: > allowed_address_pair before_create 55550000, False {{(pid=107393) subscribe /opt/stack/data/venv/lib/python3.12/site-packages/neutron_lib/callbacks/manager.py:52}}
Jun 17 14:18:01.259450 np0000181146 devstack@neutron-api.service[107395]: DEBUG neutron_lib.callbacks.manager [None req-7b4f7c71-f0ce-45ff-beba-fb657dc46b32 None None] Subscribe: > floatingip after_update 55550000, False {{(pid=107395) subscribe /opt/stack/data/venv/lib/python3.12/site-packages/neutron_lib/callbacks/manager.py:52}}
Jun 17 14:18:01.259510 np0000181146 devstack@neutron-api.service[107393]: DEBUG neutron_lib.callbacks.manager [None req-feead6ae-bbfb-4760-80b8-2c8f453b4a9c None None] Subscribe: > security_group precommit_create 55550000, False {{(pid=107393) subscribe /opt/stack/data/venv/lib/python3.12/site-packages/neutron_lib/callbacks/manager.py:52}}
Jun 17 14:18:01.259679 np0000181146 devstack@neutron-api.service[107393]: DEBUG neutron_lib.callbacks.manager [None req-feead6ae-bbfb-4760-80b8-2c8f453b4a9c None None] Subscribe: > security_group after_update 55550000, False {{(pid=107393) subscribe /opt/stack/data/venv/lib/python3.12/site-packages/neutron_lib/callbacks/manager.py:52}}
Jun 17 14:18:01.259723 np0000181146 devstack@neutron-api.service[107395]: DEBUG neutron_lib.callbacks.manager [None req-7b4f7c71-f0ce-45ff-beba-fb657dc46b32 None None] Subscribe: > port_forwarding after_create 55550000, False {{(pid=107395) subscribe /opt/stack/data/venv/lib/python3.12/site-packages/neutron_lib/callbacks/manager.py:52}}
Jun 17 14:18:01.259812 np0000181146 devstack@neutron-api.service[107393]: DEBUG neutron_lib.callbacks.manager [None req-feead6ae-bbfb-4760-80b8-2c8f453b4a9c None None] Subscribe: > security_group after_create 55550000, False {{(pid=107393) subscribe /opt/stack/data/venv/lib/python3.12/site-packages/neutron_lib/callbacks/manager.py:52}}
Jun 17 14:18:01.259894 np0000181146 devstack@neutron-api.service[107395]: DEBUG neutron_lib.callbacks.manager [None req-7b4f7c71-f0ce-45ff-beba-fb657dc46b32 None None] Subscribe: > router_interface after_delete 55550000, False {{(pid=107395) subscribe /opt/stack/data/venv/lib/python3.12/site-packages/neutron_lib/callbacks/manager.py:52}}
Jun 17 14:18:01.259978 np0000181146 devstack@neutron-api.service[107393]: DEBUG neutron_lib.callbacks.manager [None req-feead6ae-bbfb-4760-80b8-2c8f453b4a9c None None] Subscribe: > security_group precommit_delete 55550000, False {{(pid=107393) subscribe /opt/stack/data/venv/lib/python3.12/site-packages/neutron_lib/callbacks/manager.py:52}}
Jun 17 14:18:01.260035 np0000181146 devstack@neutron-api.service[107395]: DEBUG neutron_lib.callbacks.manager [None req-7b4f7c71-f0ce-45ff-beba-fb657dc46b32 None None] Subscribe: > router after_create 55550000, False {{(pid=107395) subscribe /opt/stack/data/venv/lib/python3.12/site-packages/neutron_lib/callbacks/manager.py:52}}
Jun 17 14:18:01.260035 np0000181146 devstack@neutron-api.service[107395]: DEBUG neutron_lib.callbacks.manager [None req-7b4f7c71-f0ce-45ff-beba-fb657dc46b32 None None] Subscribe: > router precommit_create 55550000, False {{(pid=107395) subscribe /opt/stack/data/venv/lib/python3.12/site-packages/neutron_lib/callbacks/manager.py:52}}
Jun 17 14:18:01.260114 np0000181146 devstack@neutron-api.service[107393]: DEBUG neutron_lib.callbacks.manager [None req-feead6ae-bbfb-4760-80b8-2c8f453b4a9c None None] Subscribe: > security_group after_delete 55550000, False {{(pid=107393) subscribe /opt/stack/data/venv/lib/python3.12/site-packages/neutron_lib/callbacks/manager.py:52}}
Jun 17 14:18:01.260244 np0000181146 devstack@neutron-api.service[107395]: DEBUG neutron_lib.callbacks.manager [None req-7b4f7c71-f0ce-45ff-beba-fb657dc46b32 None None] Subscribe: > router after_delete 55550000, False {{(pid=107395) subscribe /opt/stack/data/venv/lib/python3.12/site-packages/neutron_lib/callbacks/manager.py:52}}
Jun 17 14:18:01.260304 np0000181146 devstack@neutron-api.service[107393]: DEBUG neutron_lib.callbacks.manager [None req-feead6ae-bbfb-4760-80b8-2c8f453b4a9c None None] Subscribe: > security_group_rule precommit_create 55550000, False {{(pid=107393) subscribe /opt/stack/data/venv/lib/python3.12/site-packages/neutron_lib/callbacks/manager.py:52}}
Jun 17 14:18:01.260359 np0000181146 devstack@neutron-api.service[107395]: DEBUG neutron_lib.callbacks.manager [None req-7b4f7c71-f0ce-45ff-beba-fb657dc46b32 None None] Subscribe: > router after_update 55550000, False {{(pid=107395) subscribe /opt/stack/data/venv/lib/python3.12/site-packages/neutron_lib/callbacks/manager.py:52}}
Jun 17 14:18:01.260392 np0000181146 devstack@neutron-api.service[107393]: DEBUG neutron_lib.callbacks.manager [None req-feead6ae-bbfb-4760-80b8-2c8f453b4a9c None None] Subscribe: > security_group_rule after_create 55550000, False {{(pid=107393) subscribe /opt/stack/data/venv/lib/python3.12/site-packages/neutron_lib/callbacks/manager.py:52}}
Jun 17 14:18:01.260474 np0000181146 devstack@neutron-api.service[107395]: DEBUG neutron.services.service_base [None req-7b4f7c71-f0ce-45ff-beba-fb657dc46b32 None None] Loaded 'neutron.services.ovn_l3.service_providers.ovn.OvnDriver' provider for service L3_ROUTER_NAT {{(pid=107395) load_drivers /opt/stack/neutron/neutron/services/service_base.py:49}}
Jun 17 14:18:01.260541 np0000181146 devstack@neutron-api.service[107393]: DEBUG neutron_lib.callbacks.manager [None req-feead6ae-bbfb-4760-80b8-2c8f453b4a9c None None] Subscribe: > security_group_rule before_delete 55550000, False {{(pid=107393) subscribe /opt/stack/data/venv/lib/python3.12/site-packages/neutron_lib/callbacks/manager.py:52}}
Jun 17 14:18:01.260571 np0000181146 devstack@neutron-api.service[107395]: DEBUG neutron_lib.callbacks.manager [None req-7b4f7c71-f0ce-45ff-beba-fb657dc46b32 None None] Subscribe: > process after_init 55550001, True {{(pid=107395) subscribe /opt/stack/data/venv/lib/python3.12/site-packages/neutron_lib/callbacks/manager.py:52}}
Jun 17 14:18:01.260627 np0000181146 devstack@neutron-api.service[107393]: DEBUG neutron_lib.callbacks.manager [None req-feead6ae-bbfb-4760-80b8-2c8f453b4a9c None None] Subscribe: > address_group after_create 55550000, False {{(pid=107393) subscribe /opt/stack/data/venv/lib/python3.12/site-packages/neutron_lib/callbacks/manager.py:52}}
Jun 17 14:18:01.260656 np0000181146 devstack@neutron-api.service[107395]: DEBUG neutron.manager [None req-7b4f7c71-f0ce-45ff-beba-fb657dc46b32 None None] Successfully loaded L3_ROUTER_NAT plugin. Description: L3 Router Service Plugin for basic L3 forwarding using OVN {{(pid=107395) _create_and_add_service_plugin /opt/stack/neutron/neutron/manager.py:239}}
Jun 17 14:18:01.260656 np0000181146 devstack@neutron-api.service[107395]: INFO neutron.manager [None req-7b4f7c71-f0ce-45ff-beba-fb657dc46b32 None None] Loading Plugin: auto_allocate
Jun 17 14:18:01.260741 np0000181146 devstack@neutron-api.service[107393]: DEBUG neutron_lib.callbacks.manager [None req-feead6ae-bbfb-4760-80b8-2c8f453b4a9c None None] Subscribe: > address_group after_update 55550000, False {{(pid=107393) subscribe /opt/stack/data/venv/lib/python3.12/site-packages/neutron_lib/callbacks/manager.py:52}}
Jun 17 14:18:01.260806 np0000181146 devstack@neutron-api.service[107393]: DEBUG neutron_lib.callbacks.manager [None req-feead6ae-bbfb-4760-80b8-2c8f453b4a9c None None] Subscribe: > address_group after_delete 55550000, False {{(pid=107393) subscribe /opt/stack/data/venv/lib/python3.12/site-packages/neutron_lib/callbacks/manager.py:52}}
Jun 17 14:18:01.261087 np0000181146 devstack@neutron-api.service[107393]: DEBUG neutron_lib.callbacks.manager [None req-feead6ae-bbfb-4760-80b8-2c8f453b4a9c None None] Subscribe: > qos_plugin after_init 55550000, False {{(pid=107393) subscribe /opt/stack/data/venv/lib/python3.12/site-packages/neutron_lib/callbacks/manager.py:52}}
Jun 17 14:18:01.261343 np0000181146 devstack@neutron-api.service[107393]: DEBUG neutron_lib.callbacks.manager [None req-feead6ae-bbfb-4760-80b8-2c8f453b4a9c None None] Subscribe: > trunk_plugin after_init 55550000, False {{(pid=107393) subscribe /opt/stack/data/venv/lib/python3.12/site-packages/neutron_lib/callbacks/manager.py:52}}
Jun 17 14:18:01.261673 np0000181146 devstack@neutron-api.service[107393]: DEBUG neutron_lib.callbacks.manager [None req-feead6ae-bbfb-4760-80b8-2c8f453b4a9c None None] Subscribe: > logging-plugin after_init 55550000, False {{(pid=107393) subscribe /opt/stack/data/venv/lib/python3.12/site-packages/neutron_lib/callbacks/manager.py:52}}
Jun 17 14:18:01.261703 np0000181146 devstack@neutron-api.service[107395]: DEBUG neutron_lib.callbacks.manager [None req-7b4f7c71-f0ce-45ff-beba-fb657dc46b32 None None] Subscribe: network precommit_update 55550000, False {{(pid=107395) subscribe /opt/stack/data/venv/lib/python3.12/site-packages/neutron_lib/callbacks/manager.py:52}}
Jun 17 14:18:01.261758 np0000181146 devstack@neutron-api.service[107395]: DEBUG neutron_lib.callbacks.manager [None req-7b4f7c71-f0ce-45ff-beba-fb657dc46b32 None None] Subscribe: network precommit_create 55550000, False {{(pid=107395) subscribe /opt/stack/data/venv/lib/python3.12/site-packages/neutron_lib/callbacks/manager.py:52}}
Jun 17 14:18:01.261992 np0000181146 devstack@neutron-api.service[107395]: DEBUG neutron.manager [None req-7b4f7c71-f0ce-45ff-beba-fb657dc46b32 None None] Successfully loaded auto-allocated-topology plugin. Description: Auto Allocated Topology - aka get me a network. {{(pid=107395) _create_and_add_service_plugin /opt/stack/neutron/neutron/manager.py:239}}
Jun 17 14:18:01.262114 np0000181146 devstack@neutron-api.service[107395]: INFO neutron.manager [None req-7b4f7c71-f0ce-45ff-beba-fb657dc46b32 None None] Loading Plugin: tag
Jun 17 14:18:01.262144 np0000181146 devstack@neutron-api.service[107393]: INFO neutron.services.logapi.drivers.ovn.driver [None req-feead6ae-bbfb-4760-80b8-2c8f453b4a9c None None] OVN logging driver registered
Jun 17 14:18:01.262242 np0000181146 devstack@neutron-api.service[107393]: DEBUG neutron_lib.callbacks.manager [None req-feead6ae-bbfb-4760-80b8-2c8f453b4a9c None None] Subscribe: ._register_pvlan_driver at 0x756607baf920> pvlan_plugin before_spawn 55550000, False {{(pid=107393) subscribe /opt/stack/data/venv/lib/python3.12/site-packages/neutron_lib/callbacks/manager.py:52}}
Jun 17 14:18:01.262370 np0000181146 devstack@neutron-api.service[107393]: DEBUG neutron_lib.callbacks.manager [None req-feead6ae-bbfb-4760-80b8-2c8f453b4a9c None None] Subscribe: process after_init 55550000, False {{(pid=107393) subscribe /opt/stack/data/venv/lib/python3.12/site-packages/neutron_lib/callbacks/manager.py:52}}
Jun 17 14:18:01.264220 np0000181146 devstack@neutron-api.service[107393]: DEBUG neutron.plugins.ml2.plugin [None req-feead6ae-bbfb-4760-80b8-2c8f453b4a9c None None] neutron.plugins.ml2.plugin.Ml2Plugin method _start_rpc_notifiers called with arguments () {} {{(pid=107393) wrapper /opt/stack/data/venv/lib/python3.12/site-packages/oslo_log/helpers.py:77}}
Jun 17 14:18:01.264526 np0000181146 devstack@neutron-api.service[107393]: DEBUG neutron_lib.callbacks.manager [None req-feead6ae-bbfb-4760-80b8-2c8f453b4a9c None None] Subscribe: > port after_create 55550000, False {{(pid=107393) subscribe /opt/stack/data/venv/lib/python3.12/site-packages/neutron_lib/callbacks/manager.py:52}}
Jun 17 14:18:01.264694 np0000181146 devstack@neutron-api.service[107393]: DEBUG neutron_lib.callbacks.manager [None req-feead6ae-bbfb-4760-80b8-2c8f453b4a9c None None] Subscribe: > port after_update 55550000, False {{(pid=107393) subscribe /opt/stack/data/venv/lib/python3.12/site-packages/neutron_lib/callbacks/manager.py:52}}
Jun 17 14:18:01.264815 np0000181146 devstack@neutron-api.service[107393]: DEBUG neutron_lib.callbacks.manager [None req-feead6ae-bbfb-4760-80b8-2c8f453b4a9c None None] Subscribe: > port after_delete 55550000, False {{(pid=107393) subscribe /opt/stack/data/venv/lib/python3.12/site-packages/neutron_lib/callbacks/manager.py:52}}
Jun 17 14:18:01.264958 np0000181146 devstack@neutron-api.service[107393]: DEBUG neutron_lib.callbacks.manager [None req-feead6ae-bbfb-4760-80b8-2c8f453b4a9c None None] Subscribe: > subnet after_create 55550000, False {{(pid=107393) subscribe /opt/stack/data/venv/lib/python3.12/site-packages/neutron_lib/callbacks/manager.py:52}}
Jun 17 14:18:01.265020 np0000181146 devstack@neutron-api.service[107395]: DEBUG neutron.manager [None req-7b4f7c71-f0ce-45ff-beba-fb657dc46b32 None None] Successfully loaded TAG plugin. Description: Tag support {{(pid=107395) _create_and_add_service_plugin /opt/stack/neutron/neutron/manager.py:239}}
Jun 17 14:18:01.265145 np0000181146 devstack@neutron-api.service[107393]: DEBUG neutron_lib.callbacks.manager [None req-feead6ae-bbfb-4760-80b8-2c8f453b4a9c None None] Subscribe: > subnet after_update 55550000, False {{(pid=107393) subscribe /opt/stack/data/venv/lib/python3.12/site-packages/neutron_lib/callbacks/manager.py:52}}
Jun 17 14:18:01.265180 np0000181146 devstack@neutron-api.service[107395]: INFO neutron.manager [None req-7b4f7c71-f0ce-45ff-beba-fb657dc46b32 None None] Loading Plugin: timestamp
Jun 17 14:18:01.265211 np0000181146 devstack@neutron-api.service[107393]: DEBUG neutron_lib.callbacks.manager [None req-feead6ae-bbfb-4760-80b8-2c8f453b4a9c None None] Subscribe: > subnet after_delete 55550000, False {{(pid=107393) subscribe /opt/stack/data/venv/lib/python3.12/site-packages/neutron_lib/callbacks/manager.py:52}}
Jun 17 14:18:01.265326 np0000181146 devstack@neutron-api.service[107393]: DEBUG neutron_lib.callbacks.manager [None req-feead6ae-bbfb-4760-80b8-2c8f453b4a9c None None] Subscribe: > network after_create 55550000, False {{(pid=107393) subscribe /opt/stack/data/venv/lib/python3.12/site-packages/neutron_lib/callbacks/manager.py:52}}
Jun 17 14:18:01.265441 np0000181146 devstack@neutron-api.service[107393]: DEBUG neutron_lib.callbacks.manager [None req-feead6ae-bbfb-4760-80b8-2c8f453b4a9c None None] Subscribe: > network after_update 55550000, False {{(pid=107393) subscribe /opt/stack/data/venv/lib/python3.12/site-packages/neutron_lib/callbacks/manager.py:52}}
Jun 17 14:18:01.265605 np0000181146 devstack@neutron-api.service[107393]: DEBUG neutron_lib.callbacks.manager [None req-feead6ae-bbfb-4760-80b8-2c8f453b4a9c None None] Subscribe: > network after_delete 55550000, False {{(pid=107393) subscribe /opt/stack/data/venv/lib/python3.12/site-packages/neutron_lib/callbacks/manager.py:52}}
Jun 17 14:18:01.265690 np0000181146 devstack@neutron-api.service[107393]: DEBUG neutron_lib.callbacks.manager [None req-feead6ae-bbfb-4760-80b8-2c8f453b4a9c None None] Subscribe: > security_group after_create 55550000, False {{(pid=107393) subscribe /opt/stack/data/venv/lib/python3.12/site-packages/neutron_lib/callbacks/manager.py:52}}
Jun 17 14:18:01.265821 np0000181146 devstack@neutron-api.service[107393]: DEBUG neutron_lib.callbacks.manager [None req-feead6ae-bbfb-4760-80b8-2c8f453b4a9c None None] Subscribe: > security_group after_update 55550000, False {{(pid=107393) subscribe /opt/stack/data/venv/lib/python3.12/site-packages/neutron_lib/callbacks/manager.py:52}}
Jun 17 14:18:01.265933 np0000181146 devstack@neutron-api.service[107393]: DEBUG neutron_lib.callbacks.manager [None req-feead6ae-bbfb-4760-80b8-2c8f453b4a9c None None] Subscribe: > security_group after_delete 55550000, False {{(pid=107393) subscribe /opt/stack/data/venv/lib/python3.12/site-packages/neutron_lib/callbacks/manager.py:52}}
Jun 17 14:18:01.266070 np0000181146 devstack@neutron-api.service[107393]: DEBUG neutron_lib.callbacks.manager [None req-feead6ae-bbfb-4760-80b8-2c8f453b4a9c None None] Subscribe: > security_group_rule after_create 55550000, False {{(pid=107393) subscribe /opt/stack/data/venv/lib/python3.12/site-packages/neutron_lib/callbacks/manager.py:52}}
Jun 17 14:18:01.266153 np0000181146 devstack@neutron-api.service[107393]: DEBUG neutron_lib.callbacks.manager [None req-feead6ae-bbfb-4760-80b8-2c8f453b4a9c None None] Subscribe: > security_group_rule after_update 55550000, False {{(pid=107393) subscribe /opt/stack/data/venv/lib/python3.12/site-packages/neutron_lib/callbacks/manager.py:52}}
Jun 17 14:18:01.266244 np0000181146 devstack@neutron-api.service[107393]: DEBUG neutron_lib.callbacks.manager [None req-feead6ae-bbfb-4760-80b8-2c8f453b4a9c None None] Subscribe: > security_group_rule after_delete 55550000, False {{(pid=107393) subscribe /opt/stack/data/venv/lib/python3.12/site-packages/neutron_lib/callbacks/manager.py:52}}
Jun 17 14:18:01.266359 np0000181146 devstack@neutron-api.service[107393]: DEBUG neutron_lib.callbacks.manager [None req-feead6ae-bbfb-4760-80b8-2c8f453b4a9c None None] Subscribe: > address_group after_create 55550000, False {{(pid=107393) subscribe /opt/stack/data/venv/lib/python3.12/site-packages/neutron_lib/callbacks/manager.py:52}}
Jun 17 14:18:01.266394 np0000181146 devstack@neutron-api.service[107395]: DEBUG neutron.manager [None req-7b4f7c71-f0ce-45ff-beba-fb657dc46b32 None None] Successfully loaded timestamp plugin. Description: Adds timestamps to Neutron resources with standard attributes {{(pid=107395) _create_and_add_service_plugin /opt/stack/neutron/neutron/manager.py:239}}
Jun 17 14:18:01.266451 np0000181146 devstack@neutron-api.service[107393]: DEBUG neutron_lib.callbacks.manager [None req-feead6ae-bbfb-4760-80b8-2c8f453b4a9c None None] Subscribe: > address_group after_update 55550000, False {{(pid=107393) subscribe /opt/stack/data/venv/lib/python3.12/site-packages/neutron_lib/callbacks/manager.py:52}}
Jun 17 14:18:01.266508 np0000181146 devstack@neutron-api.service[107395]: INFO neutron.manager [None req-7b4f7c71-f0ce-45ff-beba-fb657dc46b32 None None] Loading Plugin: network_ip_availability
Jun 17 14:18:01.266596 np0000181146 devstack@neutron-api.service[107393]: DEBUG neutron_lib.callbacks.manager [None req-feead6ae-bbfb-4760-80b8-2c8f453b4a9c None None] Subscribe: > address_group after_delete 55550000, False {{(pid=107393) subscribe /opt/stack/data/venv/lib/python3.12/site-packages/neutron_lib/callbacks/manager.py:52}}
Jun 17 14:18:01.266683 np0000181146 devstack@neutron-api.service[107393]: DEBUG neutron.plugins.ml2.ovo_rpc [None req-feead6ae-bbfb-4760-80b8-2c8f453b4a9c None None] ML2 OVO RPC backend initialized. {{(pid=107393) __init__ /opt/stack/neutron/neutron/plugins/ml2/ovo_rpc.py:117}}
Jun 17 14:18:01.267567 np0000181146 devstack@neutron-api.service[107393]: INFO neutron.quota [None req-feead6ae-bbfb-4760-80b8-2c8f453b4a9c None None] Loaded quota_driver: .
Jun 17 14:18:01.267710 np0000181146 devstack@neutron-api.service[107393]: INFO neutron.plugins.ml2.plugin [None req-feead6ae-bbfb-4760-80b8-2c8f453b4a9c None None] Modular L2 Plugin initialization complete
Jun 17 14:18:01.267848 np0000181146 devstack@neutron-api.service[107393]: DEBUG neutron.manager [None req-feead6ae-bbfb-4760-80b8-2c8f453b4a9c None None] Loading services supported by the core plugin {{(pid=107393) _load_services_from_core_plugin /opt/stack/neutron/neutron/manager.py:170}}
Jun 17 14:18:01.267973 np0000181146 devstack@neutron-api.service[107393]: INFO neutron.plugins.ml2.managers [None req-feead6ae-bbfb-4760-80b8-2c8f453b4a9c None None] Got port-security extension from driver 'port_security'
Jun 17 14:18:01.268098 np0000181146 devstack@neutron-api.service[107395]: DEBUG neutron.manager [None req-7b4f7c71-f0ce-45ff-beba-fb657dc46b32 None None] Successfully loaded network-ip-availability plugin. Description: Provides IP availability data for each network and subnet. {{(pid=107395) _create_and_add_service_plugin /opt/stack/neutron/neutron/manager.py:239}}
Jun 17 14:18:01.268178 np0000181146 devstack@neutron-api.service[107395]: INFO neutron.manager [None req-7b4f7c71-f0ce-45ff-beba-fb657dc46b32 None None] Loading Plugin: flavors
Jun 17 14:18:01.268268 np0000181146 devstack@neutron-api.service[107393]: DEBUG neutron.manager [None req-feead6ae-bbfb-4760-80b8-2c8f453b4a9c None None] Loading service plugins: ['ovn-router', 'auto_allocate', 'tag', 'timestamp', 'network_ip_availability', 'flavors', 'revisions'] {{(pid=107393) _load_service_plugins /opt/stack/neutron/neutron/manager.py:195}}
Jun 17 14:18:01.268358 np0000181146 devstack@neutron-api.service[107393]: INFO neutron.manager [None req-feead6ae-bbfb-4760-80b8-2c8f453b4a9c None None] Loading Plugin: ovn-router
Jun 17 14:18:01.269065 np0000181146 devstack@neutron-api.service[107395]: DEBUG neutron.manager [None req-7b4f7c71-f0ce-45ff-beba-fb657dc46b32 None None] Successfully loaded FLAVORS plugin. Description: Neutron Flavors and Service Profiles manager plugin {{(pid=107395) _create_and_add_service_plugin /opt/stack/neutron/neutron/manager.py:239}}
Jun 17 14:18:01.269232 np0000181146 devstack@neutron-api.service[107395]: INFO neutron.manager [None req-7b4f7c71-f0ce-45ff-beba-fb657dc46b32 None None] Loading Plugin: revisions
Jun 17 14:18:01.270439 np0000181146 devstack@neutron-api.service[107395]: DEBUG neutron.manager [None req-7b4f7c71-f0ce-45ff-beba-fb657dc46b32 None None] Successfully loaded revision_plugin plugin. Description: Adds revision numbers to resources. {{(pid=107395) _create_and_add_service_plugin /opt/stack/neutron/neutron/manager.py:239}}
Jun 17 14:18:01.270589 np0000181146 devstack@neutron-api.service[107395]: DEBUG oslo_concurrency.lockutils [None req-7b4f7c71-f0ce-45ff-beba-fb657dc46b32 None None] Lock "manager" "released" by "neutron.manager.NeutronManager._create_instance" :: held 4.766s {{(pid=107395) inner /opt/stack/data/venv/lib/python3.12/site-packages/oslo_concurrency/lockutils.py:543}}
Jun 17 14:18:01.270844 np0000181146 devstack@neutron-api.service[107395]: DEBUG neutron.api.extensions [None req-7b4f7c71-f0ce-45ff-beba-fb657dc46b32 None None] get_extension_paths = OrderedDict({'/opt/stack/neutron/neutron/extensions': 1}) {{(pid=107395) get_extensions_path /opt/stack/neutron/neutron/api/extensions.py:640}}
Jun 17 14:18:01.270955 np0000181146 devstack@neutron-api.service[107395]: INFO neutron.api.extensions [None req-7b4f7c71-f0ce-45ff-beba-fb657dc46b32 None None] Initializing extension manager.
Jun 17 14:18:01.271223 np0000181146 devstack@neutron-api.service[107395]: DEBUG neutron.api.extensions [None req-7b4f7c71-f0ce-45ff-beba-fb657dc46b32 None None] Loading extension file: __init__.py {{(pid=107395) _load_all_extensions_from_path /opt/stack/neutron/neutron/api/extensions.py:449}}
Jun 17 14:18:01.271331 np0000181146 devstack@neutron-api.service[107395]: DEBUG neutron.api.extensions [None req-7b4f7c71-f0ce-45ff-beba-fb657dc46b32 None None] Loading extension file: __pycache__ {{(pid=107395) _load_all_extensions_from_path /opt/stack/neutron/neutron/api/extensions.py:449}}
Jun 17 14:18:01.271431 np0000181146 devstack@neutron-api.service[107395]: DEBUG neutron.api.extensions [None req-7b4f7c71-f0ce-45ff-beba-fb657dc46b32 None None] Loading extension file: aap_reject_multicast.py {{(pid=107395) _load_all_extensions_from_path /opt/stack/neutron/neutron/api/extensions.py:449}}
Jun 17 14:18:01.271766 np0000181146 devstack@neutron-api.service[107395]: DEBUG neutron.api.extensions [None req-7b4f7c71-f0ce-45ff-beba-fb657dc46b32 None None] Ext name="Allowed address pairs reject multicast extension" alias="aap-reject-multicast" description="Reject multicast addresses in Allowed Address Pairs" updated="2026-04-01T00:00:00-00:00" {{(pid=107395) _check_extension /opt/stack/neutron/neutron/api/extensions.py:415}}
Jun 17 14:18:01.272022 np0000181146 devstack@neutron-api.service[107395]: INFO neutron.api.extensions [None req-7b4f7c71-f0ce-45ff-beba-fb657dc46b32 None None] Extension aap-reject-multicast not supported by any of loaded plugins
Jun 17 14:18:01.272136 np0000181146 devstack@neutron-api.service[107395]: DEBUG neutron.api.extensions [None req-7b4f7c71-f0ce-45ff-beba-fb657dc46b32 None None] Loading extension file: address_group.py {{(pid=107395) _load_all_extensions_from_path /opt/stack/neutron/neutron/api/extensions.py:449}}
Jun 17 14:18:01.272426 np0000181146 devstack@neutron-api.service[107395]: DEBUG neutron.api.extensions [None req-7b4f7c71-f0ce-45ff-beba-fb657dc46b32 None None] Ext name="Address group" alias="address-group" description="Support address group" updated="2020-07-15T10:00:00-00:00" {{(pid=107395) _check_extension /opt/stack/neutron/neutron/api/extensions.py:415}}
Jun 17 14:18:01.272691 np0000181146 devstack@neutron-api.service[107395]: INFO neutron.api.extensions [None req-7b4f7c71-f0ce-45ff-beba-fb657dc46b32 None None] Loaded extension: address-group
Jun 17 14:18:01.272749 np0000181146 devstack@neutron-api.service[107395]: DEBUG neutron.api.extensions [None req-7b4f7c71-f0ce-45ff-beba-fb657dc46b32 None None] Loading extension file: address_scope.py {{(pid=107395) _load_all_extensions_from_path /opt/stack/neutron/neutron/api/extensions.py:449}}
Jun 17 14:18:01.273127 np0000181146 devstack@neutron-api.service[107395]: DEBUG neutron.api.extensions [None req-7b4f7c71-f0ce-45ff-beba-fb657dc46b32 None None] Ext name="Address scope" alias="address-scope" description="Address scopes extension." updated="2015-07-26T10:00:00-00:00" {{(pid=107395) _check_extension /opt/stack/neutron/neutron/api/extensions.py:415}}
Jun 17 14:18:01.273342 np0000181146 devstack@neutron-api.service[107395]: INFO neutron.api.extensions [None req-7b4f7c71-f0ce-45ff-beba-fb657dc46b32 None None] Loaded extension: address-scope
Jun 17 14:18:01.273429 np0000181146 devstack@neutron-api.service[107395]: DEBUG neutron.api.extensions [None req-7b4f7c71-f0ce-45ff-beba-fb657dc46b32 None None] Loading extension file: admin_state_down_before_update.py {{(pid=107395) _load_all_extensions_from_path /opt/stack/neutron/neutron/api/extensions.py:449}}
Jun 17 14:18:01.273674 np0000181146 devstack@neutron-api.service[107395]: DEBUG neutron.api.extensions [None req-7b4f7c71-f0ce-45ff-beba-fb657dc46b32 None None] Ext name="Enforce Router's Admin State Down Before Update Extension" alias="router-admin-state-down-before-update" description="Ensure that the admin state of a router is DOWN (admin_state_up=False) before updating the distributed attribute" updated="2019-07-02T15:56:00" {{(pid=107395) _check_extension /opt/stack/neutron/neutron/api/extensions.py:415}}
Jun 17 14:18:01.273884 np0000181146 devstack@neutron-api.service[107395]: INFO neutron.api.extensions [None req-7b4f7c71-f0ce-45ff-beba-fb657dc46b32 None None] Extension router-admin-state-down-before-update not supported by any of loaded plugins
Jun 17 14:18:01.274018 np0000181146 devstack@neutron-api.service[107395]: DEBUG neutron.api.extensions [None req-7b4f7c71-f0ce-45ff-beba-fb657dc46b32 None None] Loading extension file: agent.py {{(pid=107395) _load_all_extensions_from_path /opt/stack/neutron/neutron/api/extensions.py:449}}
Jun 17 14:18:01.274358 np0000181146 devstack@neutron-api.service[107395]: DEBUG neutron.api.extensions [None req-7b4f7c71-f0ce-45ff-beba-fb657dc46b32 None None] Ext name="agent" alias="agent" description="The agent management extension." updated="2013-02-03T10:00:00-00:00" {{(pid=107395) _check_extension /opt/stack/neutron/neutron/api/extensions.py:415}}
Jun 17 14:18:01.274578 np0000181146 devstack@neutron-api.service[107395]: INFO neutron.api.extensions [None req-7b4f7c71-f0ce-45ff-beba-fb657dc46b32 None None] Loaded extension: agent
Jun 17 14:18:01.274681 np0000181146 devstack@neutron-api.service[107395]: DEBUG neutron.api.extensions [None req-7b4f7c71-f0ce-45ff-beba-fb657dc46b32 None None] Loading extension file: agent_resources_synced.py {{(pid=107395) _load_all_extensions_from_path /opt/stack/neutron/neutron/api/extensions.py:449}}
Jun 17 14:18:01.274927 np0000181146 devstack@neutron-api.service[107395]: DEBUG neutron.api.extensions [None req-7b4f7c71-f0ce-45ff-beba-fb657dc46b32 None None] Ext name="Agent's Resource View Synced to Placement" alias="agent-resources-synced" description="Stores success/failure of last sync to Placement" updated="2018-12-19T00:00:00-00:00" {{(pid=107395) _check_extension /opt/stack/neutron/neutron/api/extensions.py:415}}
Jun 17 14:18:01.275131 np0000181146 devstack@neutron-api.service[107395]: INFO neutron.api.extensions [None req-7b4f7c71-f0ce-45ff-beba-fb657dc46b32 None None] Extension agent-resources-synced not supported by any of loaded plugins
Jun 17 14:18:01.275229 np0000181146 devstack@neutron-api.service[107395]: DEBUG neutron.api.extensions [None req-7b4f7c71-f0ce-45ff-beba-fb657dc46b32 None None] Loading extension file: agent_sort_key.py {{(pid=107395) _load_all_extensions_from_path /opt/stack/neutron/neutron/api/extensions.py:449}}
Jun 17 14:18:01.275450 np0000181146 devstack@neutron-api.service[107395]: DEBUG neutron.api.extensions [None req-7b4f7c71-f0ce-45ff-beba-fb657dc46b32 None None] Ext name="Agents Sort Key" alias="agent_sort_key" description="Enabling the keyword sort_key for sorting in agents." updated="2013-02-03T10:00:00-00:00" {{(pid=107395) _check_extension /opt/stack/neutron/neutron/api/extensions.py:415}}
Jun 17 14:18:01.275647 np0000181146 devstack@neutron-api.service[107395]: INFO neutron.api.extensions [None req-7b4f7c71-f0ce-45ff-beba-fb657dc46b32 None None] Extension agent_sort_key not supported by any of loaded plugins
Jun 17 14:18:01.275751 np0000181146 devstack@neutron-api.service[107395]: DEBUG neutron.api.extensions [None req-7b4f7c71-f0ce-45ff-beba-fb657dc46b32 None None] Loading extension file: allowedaddresspairs.py {{(pid=107395) _load_all_extensions_from_path /opt/stack/neutron/neutron/api/extensions.py:449}}
Jun 17 14:18:01.276454 np0000181146 devstack@neutron-api.service[107395]: DEBUG neutron.api.extensions [None req-7b4f7c71-f0ce-45ff-beba-fb657dc46b32 None None] Ext name="Allowed Address Pairs" alias="allowed-address-pairs" description="Provides allowed address pairs" updated="2013-07-23T10:00:00-00:00" {{(pid=107395) _check_extension /opt/stack/neutron/neutron/api/extensions.py:415}}
Jun 17 14:18:01.276654 np0000181146 devstack@neutron-api.service[107395]: INFO neutron.api.extensions [None req-7b4f7c71-f0ce-45ff-beba-fb657dc46b32 None None] Loaded extension: allowed-address-pairs
Jun 17 14:18:01.276742 np0000181146 devstack@neutron-api.service[107395]: DEBUG neutron.api.extensions [None req-7b4f7c71-f0ce-45ff-beba-fb657dc46b32 None None] Loading extension file: auto_allocated_topology.py {{(pid=107395) _load_all_extensions_from_path /opt/stack/neutron/neutron/api/extensions.py:449}}
Jun 17 14:18:01.277062 np0000181146 devstack@neutron-api.service[107395]: DEBUG neutron.api.extensions [None req-7b4f7c71-f0ce-45ff-beba-fb657dc46b32 None None] Ext name="Auto Allocated Topology Services" alias="auto-allocated-topology" description="Auto Allocated Topology Services." updated="2016-01-01T00:00:00-00:00" {{(pid=107395) _check_extension /opt/stack/neutron/neutron/api/extensions.py:415}}
Jun 17 14:18:01.277204 np0000181146 devstack@neutron-api.service[107395]: INFO neutron.api.extensions [None req-7b4f7c71-f0ce-45ff-beba-fb657dc46b32 None None] Loaded extension: auto-allocated-topology
Jun 17 14:18:01.277311 np0000181146 devstack@neutron-api.service[107395]: DEBUG neutron.api.extensions [None req-7b4f7c71-f0ce-45ff-beba-fb657dc46b32 None None] Loading extension file: availability_zone.py {{(pid=107395) _load_all_extensions_from_path /opt/stack/neutron/neutron/api/extensions.py:449}}
Jun 17 14:18:01.278818 np0000181146 devstack@neutron-api.service[107395]: DEBUG neutron.api.extensions [None req-7b4f7c71-f0ce-45ff-beba-fb657dc46b32 None None] Ext name="Availability Zone" alias="availability_zone" description="The availability zone extension." updated="2015-01-01T10:00:00-00:00" {{(pid=107395) _check_extension /opt/stack/neutron/neutron/api/extensions.py:415}}
Jun 17 14:18:01.278984 np0000181146 devstack@neutron-api.service[107395]: INFO neutron.api.extensions [None req-7b4f7c71-f0ce-45ff-beba-fb657dc46b32 None None] Loaded extension: availability_zone
Jun 17 14:18:01.279138 np0000181146 devstack@neutron-api.service[107395]: DEBUG neutron.api.extensions [None req-7b4f7c71-f0ce-45ff-beba-fb657dc46b32 None None] Loading extension file: availability_zone_filter.py {{(pid=107395) _load_all_extensions_from_path /opt/stack/neutron/neutron/api/extensions.py:449}}
Jun 17 14:18:01.279212 np0000181146 devstack@neutron-api.service[107393]: DEBUG neutron_lib.callbacks.manager [None req-feead6ae-bbfb-4760-80b8-2c8f453b4a9c None None] Subscribe: > router before_delete 55550000, False {{(pid=107393) subscribe /opt/stack/data/venv/lib/python3.12/site-packages/neutron_lib/callbacks/manager.py:52}}
Jun 17 14:18:01.279306 np0000181146 devstack@neutron-api.service[107393]: DEBUG neutron_lib.callbacks.manager [None req-feead6ae-bbfb-4760-80b8-2c8f453b4a9c None None] Subscribe: port before_update 55550000, False {{(pid=107393) subscribe /opt/stack/data/venv/lib/python3.12/site-packages/neutron_lib/callbacks/manager.py:52}}
Jun 17 14:18:01.279402 np0000181146 devstack@neutron-api.service[107395]: DEBUG neutron.api.extensions [None req-7b4f7c71-f0ce-45ff-beba-fb657dc46b32 None None] Ext name="Availability Zone Filter Extension" alias="availability_zone_filter" description="Add filter parameters to AvailabilityZone resource" updated="2018-06-22T10:00:00-00:00" {{(pid=107395) _check_extension /opt/stack/neutron/neutron/api/extensions.py:415}}
Jun 17 14:18:01.279433 np0000181146 devstack@neutron-api.service[107393]: DEBUG neutron_lib.callbacks.manager [None req-feead6ae-bbfb-4760-80b8-2c8f453b4a9c None None] Subscribe: port after_update 55550000, False {{(pid=107393) subscribe /opt/stack/data/venv/lib/python3.12/site-packages/neutron_lib/callbacks/manager.py:52}}
Jun 17 14:18:01.279519 np0000181146 devstack@neutron-api.service[107393]: DEBUG neutron_lib.callbacks.manager [None req-feead6ae-bbfb-4760-80b8-2c8f453b4a9c None None] Subscribe: > port precommit_delete 55550000, False {{(pid=107393) subscribe /opt/stack/data/venv/lib/python3.12/site-packages/neutron_lib/callbacks/manager.py:52}}
Jun 17 14:18:01.279579 np0000181146 devstack@neutron-api.service[107395]: INFO neutron.api.extensions [None req-7b4f7c71-f0ce-45ff-beba-fb657dc46b32 None None] Extension availability_zone_filter not supported by any of loaded plugins
Jun 17 14:18:01.279664 np0000181146 devstack@neutron-api.service[107393]: DEBUG neutron_lib.callbacks.manager [None req-feead6ae-bbfb-4760-80b8-2c8f453b4a9c None None] Subscribe: port before_update 55550000, False {{(pid=107393) subscribe /opt/stack/data/venv/lib/python3.12/site-packages/neutron_lib/callbacks/manager.py:52}}
Jun 17 14:18:01.279693 np0000181146 devstack@neutron-api.service[107395]: DEBUG neutron.api.extensions [None req-7b4f7c71-f0ce-45ff-beba-fb657dc46b32 None None] Loading extension file: data_plane_status.py {{(pid=107395) _load_all_extensions_from_path /opt/stack/neutron/neutron/api/extensions.py:449}}
Jun 17 14:18:01.279749 np0000181146 devstack@neutron-api.service[107393]: DEBUG neutron_lib.callbacks.manager [None req-feead6ae-bbfb-4760-80b8-2c8f453b4a9c None None] Subscribe: port before_delete 55550000, False {{(pid=107393) subscribe /opt/stack/data/venv/lib/python3.12/site-packages/neutron_lib/callbacks/manager.py:52}}
Jun 17 14:18:01.279831 np0000181146 devstack@neutron-api.service[107393]: DEBUG neutron_lib.callbacks.manager [None req-feead6ae-bbfb-4760-80b8-2c8f453b4a9c None None] Subscribe: > router precommit_create 55550000, False {{(pid=107393) subscribe /opt/stack/data/venv/lib/python3.12/site-packages/neutron_lib/callbacks/manager.py:52}}
Jun 17 14:18:01.279896 np0000181146 devstack@neutron-api.service[107395]: DEBUG neutron.api.extensions [None req-7b4f7c71-f0ce-45ff-beba-fb657dc46b32 None None] Ext name="Port data plane status extension" alias="data-plane-status" description="Expose status of underlying data plane" updated="2017-01-24T10:00:00-00:00" {{(pid=107395) _check_extension /opt/stack/neutron/neutron/api/extensions.py:415}}
Jun 17 14:18:01.279952 np0000181146 devstack@neutron-api.service[107393]: DEBUG neutron_lib.callbacks.manager [None req-feead6ae-bbfb-4760-80b8-2c8f453b4a9c None None] Subscribe: > router precommit_create 55550000, False {{(pid=107393) subscribe /opt/stack/data/venv/lib/python3.12/site-packages/neutron_lib/callbacks/manager.py:52}}
Jun 17 14:18:01.280048 np0000181146 devstack@neutron-api.service[107393]: DEBUG neutron_lib.callbacks.manager [None req-feead6ae-bbfb-4760-80b8-2c8f453b4a9c None None] Subscribe: > router precommit_update 55550000, False {{(pid=107393) subscribe /opt/stack/data/venv/lib/python3.12/site-packages/neutron_lib/callbacks/manager.py:52}}
Jun 17 14:18:01.280077 np0000181146 devstack@neutron-api.service[107395]: INFO neutron.api.extensions [None req-7b4f7c71-f0ce-45ff-beba-fb657dc46b32 None None] Extension data-plane-status not supported by any of loaded plugins
Jun 17 14:18:01.280175 np0000181146 devstack@neutron-api.service[107395]: DEBUG neutron.api.extensions [None req-7b4f7c71-f0ce-45ff-beba-fb657dc46b32 None None] Loading extension file: default_subnetpools.py {{(pid=107395) _load_all_extensions_from_path /opt/stack/neutron/neutron/api/extensions.py:449}}
Jun 17 14:18:01.280210 np0000181146 devstack@neutron-api.service[107393]: DEBUG neutron_lib.callbacks.manager [None req-feead6ae-bbfb-4760-80b8-2c8f453b4a9c None None] Subscribe: subnet after_update 55550000, False {{(pid=107393) subscribe /opt/stack/data/venv/lib/python3.12/site-packages/neutron_lib/callbacks/manager.py:52}}
Jun 17 14:18:01.280389 np0000181146 devstack@neutron-api.service[107393]: DEBUG neutron.quota.resource_registry [None req-feead6ae-bbfb-4760-80b8-2c8f453b4a9c None None] Tracking information for resource: router configured {{(pid=107393) set_tracked_resource /opt/stack/neutron/neutron/quota/resource_registry.py:203}}
Jun 17 14:18:01.280422 np0000181146 devstack@neutron-api.service[107395]: DEBUG neutron.api.extensions [None req-7b4f7c71-f0ce-45ff-beba-fb657dc46b32 None None] Ext name="Default Subnetpools" alias="default-subnetpools" description="Provides ability to mark and use a subnetpool as the default." updated="2016-02-18T18:00:00-00:00" {{(pid=107395) _check_extension /opt/stack/neutron/neutron/api/extensions.py:415}}
Jun 17 14:18:01.280472 np0000181146 devstack@neutron-api.service[107393]: DEBUG neutron.quota.resource_registry [None req-feead6ae-bbfb-4760-80b8-2c8f453b4a9c None None] Tracking information for resource: floatingip configured {{(pid=107393) set_tracked_resource /opt/stack/neutron/neutron/quota/resource_registry.py:203}}
Jun 17 14:18:01.280598 np0000181146 devstack@neutron-api.service[107393]: INFO neutron.services.ovn_l3.plugin [None req-feead6ae-bbfb-4760-80b8-2c8f453b4a9c None None] Starting OVNL3RouterPlugin
Jun 17 14:18:01.280646 np0000181146 devstack@neutron-api.service[107395]: INFO neutron.api.extensions [None req-7b4f7c71-f0ce-45ff-beba-fb657dc46b32 None None] Loaded extension: default-subnetpools
Jun 17 14:18:01.280745 np0000181146 devstack@neutron-api.service[107395]: DEBUG neutron.api.extensions [None req-7b4f7c71-f0ce-45ff-beba-fb657dc46b32 None None] Loading extension file: dhcpagentscheduler.py {{(pid=107395) _load_all_extensions_from_path /opt/stack/neutron/neutron/api/extensions.py:449}}
Jun 17 14:18:01.280816 np0000181146 devstack@neutron-api.service[107393]: DEBUG neutron_lib.callbacks.manager [None req-feead6ae-bbfb-4760-80b8-2c8f453b4a9c None None] Subscribe: > port_forwarding_plugin after_init 55550000, False {{(pid=107393) subscribe /opt/stack/data/venv/lib/python3.12/site-packages/neutron_lib/callbacks/manager.py:52}}
Jun 17 14:18:01.281084 np0000181146 devstack@neutron-api.service[107393]: DEBUG neutron_lib.callbacks.manager [None req-feead6ae-bbfb-4760-80b8-2c8f453b4a9c None None] Subscribe: > router before_create 55550100, False {{(pid=107393) subscribe /opt/stack/data/venv/lib/python3.12/site-packages/neutron_lib/callbacks/manager.py:52}}
Jun 17 14:18:01.281169 np0000181146 devstack@neutron-api.service[107395]: DEBUG neutron.api.extensions [None req-7b4f7c71-f0ce-45ff-beba-fb657dc46b32 None None] Ext name="DHCP Agent Scheduler" alias="dhcp_agent_scheduler" description="Schedule networks among dhcp agents" updated="2013-02-07T10:00:00-00:00" {{(pid=107395) _check_extension /opt/stack/neutron/neutron/api/extensions.py:415}}
Jun 17 14:18:01.281197 np0000181146 devstack@neutron-api.service[107393]: DEBUG neutron_lib.callbacks.manager [None req-feead6ae-bbfb-4760-80b8-2c8f453b4a9c None None] Subscribe: > router precommit_delete 55550100, False {{(pid=107393) subscribe /opt/stack/data/venv/lib/python3.12/site-packages/neutron_lib/callbacks/manager.py:52}}
Jun 17 14:18:01.281274 np0000181146 devstack@neutron-api.service[107393]: DEBUG neutron_lib.callbacks.manager [None req-feead6ae-bbfb-4760-80b8-2c8f453b4a9c None None] Subscribe: > router precommit_create 55550100, False {{(pid=107393) subscribe /opt/stack/data/venv/lib/python3.12/site-packages/neutron_lib/callbacks/manager.py:52}}
Jun 17 14:18:01.281311 np0000181146 devstack@neutron-api.service[107395]: INFO neutron.api.extensions [None req-7b4f7c71-f0ce-45ff-beba-fb657dc46b32 None None] Loaded extension: dhcp_agent_scheduler
Jun 17 14:18:01.281447 np0000181146 devstack@neutron-api.service[107393]: DEBUG neutron_lib.callbacks.manager [None req-feead6ae-bbfb-4760-80b8-2c8f453b4a9c None None] Subscribe: > router precommit_update 55550100, False {{(pid=107393) subscribe /opt/stack/data/venv/lib/python3.12/site-packages/neutron_lib/callbacks/manager.py:52}}
Jun 17 14:18:01.281500 np0000181146 devstack@neutron-api.service[107395]: DEBUG neutron.api.extensions [None req-7b4f7c71-f0ce-45ff-beba-fb657dc46b32 None None] Loading extension file: dns.py {{(pid=107395) _load_all_extensions_from_path /opt/stack/neutron/neutron/api/extensions.py:449}}
Jun 17 14:18:01.281665 np0000181146 devstack@neutron-api.service[107395]: DEBUG neutron.api.extensions [None req-7b4f7c71-f0ce-45ff-beba-fb657dc46b32 None None] Ext name="DNS Integration" alias="dns-integration" description="Provides integration with DNS." updated="2015-08-15T18:00:00-00:00" {{(pid=107395) _check_extension /opt/stack/neutron/neutron/api/extensions.py:415}}
Jun 17 14:18:01.281888 np0000181146 devstack@neutron-api.service[107395]: INFO neutron.api.extensions [None req-7b4f7c71-f0ce-45ff-beba-fb657dc46b32 None None] Loaded extension: dns-integration
Jun 17 14:18:01.282001 np0000181146 devstack@neutron-api.service[107395]: DEBUG neutron.api.extensions [None req-7b4f7c71-f0ce-45ff-beba-fb657dc46b32 None None] Loading extension file: dns_domain_ports.py {{(pid=107395) _load_all_extensions_from_path /opt/stack/neutron/neutron/api/extensions.py:449}}
Jun 17 14:18:01.282196 np0000181146 devstack@neutron-api.service[107395]: DEBUG neutron.api.extensions [None req-7b4f7c71-f0ce-45ff-beba-fb657dc46b32 None None] Ext name="dns_domain for ports" alias="dns-domain-ports" description="Allows the DNS domain to be specified for a network port." updated="2017-04-24T10:00:00-00:00" {{(pid=107395) _check_extension /opt/stack/neutron/neutron/api/extensions.py:415}}
Jun 17 14:18:01.282382 np0000181146 devstack@neutron-api.service[107395]: INFO neutron.api.extensions [None req-7b4f7c71-f0ce-45ff-beba-fb657dc46b32 None None] Loaded extension: dns-domain-ports
Jun 17 14:18:01.282479 np0000181146 devstack@neutron-api.service[107395]: DEBUG neutron.api.extensions [None req-7b4f7c71-f0ce-45ff-beba-fb657dc46b32 None None] Loading extension file: dns_integration_domain_keywords.py {{(pid=107395) _load_all_extensions_from_path /opt/stack/neutron/neutron/api/extensions.py:449}}
Jun 17 14:18:01.282712 np0000181146 devstack@neutron-api.service[107395]: DEBUG neutron.api.extensions [None req-7b4f7c71-f0ce-45ff-beba-fb657dc46b32 None None] Ext name="DNS domain names with keywords allowed" alias="dns-integration-domain-keywords" description="Allows to use keywords like , , and as DNS domain name" updated="2020-06-15T18:00:00-00:00" {{(pid=107395) _check_extension /opt/stack/neutron/neutron/api/extensions.py:415}}
Jun 17 14:18:01.282904 np0000181146 devstack@neutron-api.service[107395]: INFO neutron.api.extensions [None req-7b4f7c71-f0ce-45ff-beba-fb657dc46b32 None None] Loaded extension: dns-integration-domain-keywords
Jun 17 14:18:01.283001 np0000181146 devstack@neutron-api.service[107395]: DEBUG neutron.api.extensions [None req-7b4f7c71-f0ce-45ff-beba-fb657dc46b32 None None] Loading extension file: dvr.py {{(pid=107395) _load_all_extensions_from_path /opt/stack/neutron/neutron/api/extensions.py:449}}
Jun 17 14:18:01.283268 np0000181146 devstack@neutron-api.service[107395]: DEBUG neutron.api.extensions [None req-7b4f7c71-f0ce-45ff-beba-fb657dc46b32 None None] Ext name="Distributed Virtual Router" alias="dvr" description="Enables configuration of Distributed Virtual Routers." updated="2014-06-1T10:00:00-00:00" {{(pid=107395) _check_extension /opt/stack/neutron/neutron/api/extensions.py:415}}
Jun 17 14:18:01.283444 np0000181146 devstack@neutron-api.service[107395]: INFO neutron.api.extensions [None req-7b4f7c71-f0ce-45ff-beba-fb657dc46b32 None None] Extension dvr not supported by any of loaded plugins
Jun 17 14:18:01.283561 np0000181146 devstack@neutron-api.service[107395]: DEBUG neutron.api.extensions [None req-7b4f7c71-f0ce-45ff-beba-fb657dc46b32 None None] Loading extension file: ecmp_routes.py {{(pid=107395) _load_all_extensions_from_path /opt/stack/neutron/neutron/api/extensions.py:449}}
Jun 17 14:18:01.283814 np0000181146 devstack@neutron-api.service[107395]: DEBUG neutron.api.extensions [None req-7b4f7c71-f0ce-45ff-beba-fb657dc46b32 None None] Ext name="Equal Cost Multipath Routing" alias="ecmp_routes" description="Allows traffic to reach thesame destination via multiple different links " updated="2020-11-26T18:00:00-00:00" {{(pid=107395) _check_extension /opt/stack/neutron/neutron/api/extensions.py:415}}
Jun 17 14:18:01.284039 np0000181146 devstack@neutron-api.service[107395]: INFO neutron.api.extensions [None req-7b4f7c71-f0ce-45ff-beba-fb657dc46b32 None None] Extension ecmp_routes not supported by any of loaded plugins
Jun 17 14:18:01.284127 np0000181146 devstack@neutron-api.service[107395]: DEBUG neutron.api.extensions [None req-7b4f7c71-f0ce-45ff-beba-fb657dc46b32 None None] Loading extension file: empty_string_filtering.py {{(pid=107395) _load_all_extensions_from_path /opt/stack/neutron/neutron/api/extensions.py:449}}
Jun 17 14:18:01.284333 np0000181146 devstack@neutron-api.service[107395]: DEBUG neutron.api.extensions [None req-7b4f7c71-f0ce-45ff-beba-fb657dc46b32 None None] Ext name="Empty String Filtering Extension" alias="empty-string-filtering" description="Allow filtering by attributes with empty string value" updated="2018-05-01T10:00:00-00:00" {{(pid=107395) _check_extension /opt/stack/neutron/neutron/api/extensions.py:415}}
Jun 17 14:18:01.284531 np0000181146 devstack@neutron-api.service[107395]: INFO neutron.api.extensions [None req-7b4f7c71-f0ce-45ff-beba-fb657dc46b32 None None] Loaded extension: empty-string-filtering
Jun 17 14:18:01.284627 np0000181146 devstack@neutron-api.service[107395]: DEBUG neutron.api.extensions [None req-7b4f7c71-f0ce-45ff-beba-fb657dc46b32 None None] Loading extension file: evpn.py {{(pid=107395) _load_all_extensions_from_path /opt/stack/neutron/neutron/api/extensions.py:449}}
Jun 17 14:18:01.284876 np0000181146 devstack@neutron-api.service[107395]: DEBUG neutron.api.extensions [None req-7b4f7c71-f0ce-45ff-beba-fb657dc46b32 None None] Ext name="EVPN" alias="evpn" description="Router extension to support EVPN Type-5 route advertisement" updated="2026-04-28T00:00:00-00:00" {{(pid=107395) _check_extension /opt/stack/neutron/neutron/api/extensions.py:415}}
Jun 17 14:18:01.285115 np0000181146 devstack@neutron-api.service[107393]: DEBUG neutron.services.provider_configuration [None req-feead6ae-bbfb-4760-80b8-2c8f453b4a9c None None] Service providers = [] {{(pid=107393) parse_service_provider_opt /opt/stack/neutron/neutron/services/provider_configuration.py:170}}
Jun 17 14:18:01.285145 np0000181146 devstack@neutron-api.service[107395]: INFO neutron.api.extensions [None req-7b4f7c71-f0ce-45ff-beba-fb657dc46b32 None None] Extension evpn not supported by any of loaded plugins
Jun 17 14:18:01.285210 np0000181146 devstack@neutron-api.service[107395]: DEBUG neutron.api.extensions [None req-7b4f7c71-f0ce-45ff-beba-fb657dc46b32 None None] Loading extension file: expose_l3_conntrack_helper.py {{(pid=107395) _load_all_extensions_from_path /opt/stack/neutron/neutron/api/extensions.py:449}}
Jun 17 14:18:01.285243 np0000181146 devstack@neutron-api.service[107393]: DEBUG neutron.db.servicetype_db [None req-feead6ae-bbfb-4760-80b8-2c8f453b4a9c None None] Adding provider configuration for service L3_ROUTER_NAT {{(pid=107393) add_provider_configuration /opt/stack/neutron/neutron/db/servicetype_db.py:45}}
Jun 17 14:18:01.285441 np0000181146 devstack@neutron-api.service[107395]: DEBUG neutron.api.extensions [None req-7b4f7c71-f0ce-45ff-beba-fb657dc46b32 None None] Ext name="Expose CT target rules for conntrack helper" alias="expose-l3-conntrack-helper" description="Expose allow adding CT target rules for conntrack helper" updated="2019-04-04T10:00:00-00:00" {{(pid=107395) _check_extension /opt/stack/neutron/neutron/api/extensions.py:415}}
Jun 17 14:18:01.285614 np0000181146 devstack@neutron-api.service[107395]: INFO neutron.api.extensions [None req-7b4f7c71-f0ce-45ff-beba-fb657dc46b32 None None] Extension expose-l3-conntrack-helper not supported by any of loaded plugins
