2026-07-07 00:32:35.752 10 INFO neutron.wsgi [None req-b7dfc11b-5a6a-4455-809d-f5e6706a040a 531bc25121e549f792689038675353ad 0d9b39aeee8242a6ba70d3bc004b4744 - - default default] 10.0.0.141 "GET /v2.0/subnets/c2055fdb-a5a5-4b29-bd32-2db645168e03 HTTP/1.1" status: 404 len: 337 time: 0.0194457
2026-07-07 00:32:35.952 10 INFO neutron.wsgi [None req-92fe43c6-a2d4-4e52-8765-58fb2119a635 531bc25121e549f792689038675353ad 0d9b39aeee8242a6ba70d3bc004b4744 - - default default] 10.0.0.141 "DELETE /v2.0/subnets/2a0afca6-2af8-44f9-b0de-5bca6238739d HTTP/1.1" status: 204 len: 168 time: 0.1964133
2026-07-07 00:32:35.976 9 INFO neutron.pecan_wsgi.hooks.translation [None req-a1d65817-9678-4fba-9dcf-71daa8edb312 531bc25121e549f792689038675353ad 0d9b39aeee8242a6ba70d3bc004b4744 - - default default] GET failed (client error): The resource could not be found.
2026-07-07 00:32:35.979 9 INFO neutron.wsgi [None req-a1d65817-9678-4fba-9dcf-71daa8edb312 531bc25121e549f792689038675353ad 0d9b39aeee8242a6ba70d3bc004b4744 - - default default] 10.0.0.141 "GET /v2.0/subnets/2a0afca6-2af8-44f9-b0de-5bca6238739d HTTP/1.1" status: 404 len: 337 time: 0.0204575
2026-07-07 00:32:36.383 9 INFO neutron.wsgi [None req-6fc29728-692f-4c7b-9709-c5d13e6eed36 531bc25121e549f792689038675353ad 0d9b39aeee8242a6ba70d3bc004b4744 - - default default] 10.0.0.141 "DELETE /v2.0/networks/f4907d1e-c937-47e7-9e3c-21664ce8775b HTTP/1.1" status: 204 len: 168 time: 0.4000018
2026-07-07 00:32:36.405 10 INFO neutron.pecan_wsgi.hooks.translation [None req-ea527ff5-0593-49e4-b463-e93745d62cc6 531bc25121e549f792689038675353ad 0d9b39aeee8242a6ba70d3bc004b4744 - - default default] GET failed (client error): The resource could not be found.
2026-07-07 00:32:36.407 10 INFO neutron.wsgi [None req-ea527ff5-0593-49e4-b463-e93745d62cc6 531bc25121e549f792689038675353ad 0d9b39aeee8242a6ba70d3bc004b4744 - - default default] 10.0.0.141 "GET /v2.0/networks/f4907d1e-c937-47e7-9e3c-21664ce8775b HTTP/1.1" status: 404 len: 339 time: 0.0180953
2026-07-07 00:32:36.547 9 INFO neutron.services.segments.plugin [-] Segment 65efd51c-56f4-4f9e-abed-cd973b8e94aa resource provider aggregate not found
2026-07-07 00:32:36.561 9 INFO neutron.services.segments.plugin [-] Segment 65efd51c-56f4-4f9e-abed-cd973b8e94aa resource provider aggregate not found
2026-07-07 00:32:36.571 9 INFO neutron.services.segments.plugin [-] Segment 65efd51c-56f4-4f9e-abed-cd973b8e94aa resource provider not found; error: Placement Client Error (4xx): {"errors": [{"status": 404, "title": "Not Found", "detail": "The resource could not be found.\n\n No resource provider with uuid 65efd51c-56f4-4f9e-abed-cd973b8e94aa found for delete ", "request_id": "req-3670a209-829e-4a9e-aeef-ce872c0c82dd"}]}
2026-07-07 00:32:36.581 9 INFO neutron.services.segments.plugin [-] Segment 65efd51c-56f4-4f9e-abed-cd973b8e94aa resource provider not found; error: Placement Client Error (4xx): {"errors": [{"status": 404, "title": "Not Found", "detail": "The resource could not be found.\n\n No resource provider with uuid 65efd51c-56f4-4f9e-abed-cd973b8e94aa found for delete ", "request_id": "req-a1db3d6c-7597-4b23-9c43-692cbbc2c9c0"}]}
2026-07-07 00:32:36.588 9 INFO neutron.services.segments.plugin [-] Segment 407f0173-5c9d-4ba9-987d-d54696b94ee6 resource provider aggregate not found
2026-07-07 00:32:36.619 9 INFO neutron.services.segments.plugin [-] Segment 407f0173-5c9d-4ba9-987d-d54696b94ee6 resource provider aggregate not found
2026-07-07 00:32:36.626 9 INFO neutron.services.segments.plugin [-] Segment 407f0173-5c9d-4ba9-987d-d54696b94ee6 resource provider not found; error: Placement Client Error (4xx): {"errors": [{"status": 404, "title": "Not Found", "detail": "The resource could not be found.\n\n No resource provider with uuid 407f0173-5c9d-4ba9-987d-d54696b94ee6 found for delete ", "request_id": "req-59f1f7f0-4852-40ca-999b-cd86e01afc23"}]}
2026-07-07 00:32:36.636 9 INFO neutron.services.segments.plugin [-] Segment 407f0173-5c9d-4ba9-987d-d54696b94ee6 resource provider not found; error: Placement Client Error (4xx): {"errors": [{"status": 404, "title": "Not Found", "detail": "The resource could not be found.\n\n No resource provider with uuid 407f0173-5c9d-4ba9-987d-d54696b94ee6 found for delete ", "request_id": "req-a7ca6387-c5b4-4e1d-8fb5-9cd9c8c3685b"}]}
2026-07-07 00:32:37.600 9 INFO neutron.wsgi [-] 10.0.0.178 "GET / HTTP/1.1" status: 200 len: 247 time: 0.0022285
2026-07-07 00:32:37.601 10 INFO neutron.wsgi [-] 10.0.0.178 "GET / HTTP/1.1" status: 200 len: 247 time: 0.0026186
2026-07-07 00:32:38.882 9 INFO neutron.db.ovn_revision_numbers_db [None req-7776a95e-e367-4795-aca0-d4fa99121a3f be4cb84c4ba948ec9c062b7a4008b662 7a10b33a19c046c49c77a20affc073e2 - - default default] Successfully bumped revision number for resource 079c63fd-fc38-4425-bb38-06af8ec06503 (type: security_groups) to 1
2026-07-07 00:32:38.897 9 INFO neutron.db.ovn_revision_numbers_db [None req-7776a95e-e367-4795-aca0-d4fa99121a3f be4cb84c4ba948ec9c062b7a4008b662 7a10b33a19c046c49c77a20affc073e2 - - default default] Successfully bumped revision number for resource 1670147a-bd73-4757-9481-67b763089d83 (type: security_group_rules) to 0
2026-07-07 00:32:38.912 9 INFO neutron.db.ovn_revision_numbers_db [None req-7776a95e-e367-4795-aca0-d4fa99121a3f be4cb84c4ba948ec9c062b7a4008b662 7a10b33a19c046c49c77a20affc073e2 - - default default] Successfully bumped revision number for resource 8aa0f6de-e691-4a60-aae3-af70b85b572d (type: security_group_rules) to 0
2026-07-07 00:32:38.929 9 INFO neutron.db.ovn_revision_numbers_db [None req-7776a95e-e367-4795-aca0-d4fa99121a3f be4cb84c4ba948ec9c062b7a4008b662 7a10b33a19c046c49c77a20affc073e2 - - default default] Successfully bumped revision number for resource 9d56e8b1-4e09-4ca3-a10d-2f72661cb623 (type: security_group_rules) to 0
2026-07-07 00:32:38.943 9 INFO neutron.db.ovn_revision_numbers_db [None req-7776a95e-e367-4795-aca0-d4fa99121a3f be4cb84c4ba948ec9c062b7a4008b662 7a10b33a19c046c49c77a20affc073e2 - - default default] Successfully bumped revision number for resource 9ef4c00f-1daf-4e30-ab90-d2f68e6c7ebd (type: security_group_rules) to 0
2026-07-07 00:32:38.967 9 INFO neutron.wsgi [None req-7776a95e-e367-4795-aca0-d4fa99121a3f be4cb84c4ba948ec9c062b7a4008b662 7a10b33a19c046c49c77a20affc073e2 - - default default] 10.0.0.141 "GET /v2.0/security-groups?tenant_id=edf8d1479b774825883d54c17f21991e&name=default HTTP/1.1" status: 200 len: 3000 time: 0.4174995
2026-07-07 00:32:39.156 9 INFO neutron.wsgi [None req-ac46ed0f-4000-4212-afa9-a7522905f646 be4cb84c4ba948ec9c062b7a4008b662 7a10b33a19c046c49c77a20affc073e2 - - default default] 10.0.0.141 "DELETE /v2.0/security-groups/079c63fd-fc38-4425-bb38-06af8ec06503 HTTP/1.1" status: 204 len: 168 time: 0.1835377
2026-07-07 00:32:39.376 10 INFO neutron.db.ovn_revision_numbers_db [None req-2206cdc5-4bb6-4168-bbbf-e7b2d60050ac be4cb84c4ba948ec9c062b7a4008b662 7a10b33a19c046c49c77a20affc073e2 - - default default] Successfully bumped revision number for resource beee10c0-6dc3-4961-a95c-93192fb13968 (type: security_groups) to 1
2026-07-07 00:32:39.390 10 INFO neutron.db.ovn_revision_numbers_db [None req-2206cdc5-4bb6-4168-bbbf-e7b2d60050ac be4cb84c4ba948ec9c062b7a4008b662 7a10b33a19c046c49c77a20affc073e2 - - default default] Successfully bumped revision number for resource 4a6612e2-5d4f-4bdb-a111-daeee5236493 (type: security_group_rules) to 0
2026-07-07 00:32:39.404 10 INFO neutron.db.ovn_revision_numbers_db [None req-2206cdc5-4bb6-4168-bbbf-e7b2d60050ac be4cb84c4ba948ec9c062b7a4008b662 7a10b33a19c046c49c77a20affc073e2 - - default default] Successfully bumped revision number for resource 7abb645b-04c7-4df3-8874-9df305dc5a26 (type: security_group_rules) to 0
2026-07-07 00:32:39.418 10 INFO neutron.db.ovn_revision_numbers_db [None req-2206cdc5-4bb6-4168-bbbf-e7b2d60050ac be4cb84c4ba948ec9c062b7a4008b662 7a10b33a19c046c49c77a20affc073e2 - - default default] Successfully bumped revision number for resource 98f1390b-872c-47fa-a48d-ebcd1ea758e6 (type: security_group_rules) to 0
2026-07-07 00:32:39.432 10 INFO neutron.db.ovn_revision_numbers_db [None req-2206cdc5-4bb6-4168-bbbf-e7b2d60050ac be4cb84c4ba948ec9c062b7a4008b662 7a10b33a19c046c49c77a20affc073e2 - - default default] Successfully bumped revision number for resource b865443d-f5fa-4a93-9580-2906814f8ecc (type: security_group_rules) to 0
2026-07-07 00:32:39.454 10 INFO neutron.wsgi [None req-2206cdc5-4bb6-4168-bbbf-e7b2d60050ac be4cb84c4ba948ec9c062b7a4008b662 7a10b33a19c046c49c77a20affc073e2 - - default default] 10.0.0.141 "GET /v2.0/security-groups?tenant_id=5fbbee1b66cd4bb8b2b098766f8aff4e&name=default HTTP/1.1" status: 200 len: 3000 time: 0.1853428
2026-07-07 00:32:39.664 10 INFO neutron.wsgi [None req-e8047603-f588-41a0-a1b2-5c9ba23fc384 be4cb84c4ba948ec9c062b7a4008b662 7a10b33a19c046c49c77a20affc073e2 - - default default] 10.0.0.141 "DELETE /v2.0/security-groups/beee10c0-6dc3-4961-a95c-93192fb13968 HTTP/1.1" status: 204 len: 168 time: 0.2052383
2026-07-07 00:32:39.969 10 INFO neutron.db.ovn_revision_numbers_db [None req-c95d4593-2d09-405f-beaf-525b2312fe88 be4cb84c4ba948ec9c062b7a4008b662 7a10b33a19c046c49c77a20affc073e2 - - default default] Successfully bumped revision number for resource 3bc801f3-23d0-42a4-9d87-275875e2c235 (type: security_groups) to 1
2026-07-07 00:32:39.982 10 INFO neutron.db.ovn_revision_numbers_db [None req-c95d4593-2d09-405f-beaf-525b2312fe88 be4cb84c4ba948ec9c062b7a4008b662 7a10b33a19c046c49c77a20affc073e2 - - default default] Successfully bumped revision number for resource 7d881f4a-64ae-49e0-b183-6edb9b371382 (type: security_group_rules) to 0
2026-07-07 00:32:39.995 10 INFO neutron.db.ovn_revision_numbers_db [None req-c95d4593-2d09-405f-beaf-525b2312fe88 be4cb84c4ba948ec9c062b7a4008b662 7a10b33a19c046c49c77a20affc073e2 - - default default] Successfully bumped revision number for resource 985eb5ee-8a09-4251-a005-1a58e774acec (type: security_group_rules) to 0
2026-07-07 00:32:40.011 10 INFO neutron.db.ovn_revision_numbers_db [None req-c95d4593-2d09-405f-beaf-525b2312fe88 be4cb84c4ba948ec9c062b7a4008b662 7a10b33a19c046c49c77a20affc073e2 - - default default] Successfully bumped revision number for resource b1b18633-610e-4123-9c33-149503bbfc74 (type: security_group_rules) to 0
2026-07-07 00:32:40.028 10 INFO neutron.db.ovn_revision_numbers_db [None req-c95d4593-2d09-405f-beaf-525b2312fe88 be4cb84c4ba948ec9c062b7a4008b662 7a10b33a19c046c49c77a20affc073e2 - - default default] Successfully bumped revision number for resource e8f99bfd-f615-4a93-8353-83a6f0c121c6 (type: security_group_rules) to 0
2026-07-07 00:32:40.054 10 INFO neutron.wsgi [None req-c95d4593-2d09-405f-beaf-525b2312fe88 be4cb84c4ba948ec9c062b7a4008b662 7a10b33a19c046c49c77a20affc073e2 - - default default] 10.0.0.141 "GET /v2.0/security-groups?tenant_id=6218461db8d74e4c96cc557fb09e1cf0&name=default HTTP/1.1" status: 200 len: 3000 time: 0.1986198
2026-07-07 00:32:40.251 10 INFO neutron.wsgi [None req-84cfec7b-2c3a-4eb8-b02e-c167b9813e9a be4cb84c4ba948ec9c062b7a4008b662 7a10b33a19c046c49c77a20affc073e2 - - default default] 10.0.0.141 "DELETE /v2.0/security-groups/3bc801f3-23d0-42a4-9d87-275875e2c235 HTTP/1.1" status: 204 len: 168 time: 0.1914480
2026-07-07 00:32:40.517 9 INFO neutron.db.ovn_revision_numbers_db [None req-66d6e4f9-bb0a-4ce5-bcd7-d1512b0c6748 be4cb84c4ba948ec9c062b7a4008b662 7a10b33a19c046c49c77a20affc073e2 - - default default] Successfully bumped revision number for resource 92074e43-9487-4ce5-ade0-075e22692521 (type: security_groups) to 1
2026-07-07 00:32:40.534 9 INFO neutron.db.ovn_revision_numbers_db [None req-66d6e4f9-bb0a-4ce5-bcd7-d1512b0c6748 be4cb84c4ba948ec9c062b7a4008b662 7a10b33a19c046c49c77a20affc073e2 - - default default] Successfully bumped revision number for resource 2788c356-2a58-4d44-ae3d-ca90aae2105a (type: security_group_rules) to 0
2026-07-07 00:32:40.549 9 INFO neutron.db.ovn_revision_numbers_db [None req-66d6e4f9-bb0a-4ce5-bcd7-d1512b0c6748 be4cb84c4ba948ec9c062b7a4008b662 7a10b33a19c046c49c77a20affc073e2 - - default default] Successfully bumped revision number for resource 7441314f-182e-4f92-827a-2b0eb5067c22 (type: security_group_rules) to 0
2026-07-07 00:32:40.566 9 INFO neutron.db.ovn_revision_numbers_db [None req-66d6e4f9-bb0a-4ce5-bcd7-d1512b0c6748 be4cb84c4ba948ec9c062b7a4008b662 7a10b33a19c046c49c77a20affc073e2 - - default default] Successfully bumped revision number for resource 9965d640-f9e1-4eca-b84f-aef7fa36d540 (type: security_group_rules) to 0
2026-07-07 00:32:40.582 9 INFO neutron.db.ovn_revision_numbers_db [None req-66d6e4f9-bb0a-4ce5-bcd7-d1512b0c6748 be4cb84c4ba948ec9c062b7a4008b662 7a10b33a19c046c49c77a20affc073e2 - - default default] Successfully bumped revision number for resource f7cc15ca-9f3c-42bf-83a8-ec03c72c4cfc (type: security_group_rules) to 0
2026-07-07 00:32:40.611 9 INFO neutron.wsgi [None req-66d6e4f9-bb0a-4ce5-bcd7-d1512b0c6748 be4cb84c4ba948ec9c062b7a4008b662 7a10b33a19c046c49c77a20affc073e2 - - default default] 10.0.0.141 "GET /v2.0/security-groups?tenant_id=9b1117ae5a3640758f3b021950f8a983&name=default HTTP/1.1" status: 200 len: 3000 time: 0.2138209
2026-07-07 00:32:40.831 9 INFO neutron.wsgi [None req-d3d701e4-c2e3-42d3-8581-3bf4e17392f6 be4cb84c4ba948ec9c062b7a4008b662 7a10b33a19c046c49c77a20affc073e2 - - default default] 10.0.0.141 "DELETE /v2.0/security-groups/92074e43-9487-4ce5-ade0-075e22692521 HTTP/1.1" status: 204 len: 168 time: 0.2119794
2026-07-07 00:32:41.055 10 INFO neutron.wsgi [None req-11b300c8-eac4-4ed6-b480-6a1ca740d0b9 be4cb84c4ba948ec9c062b7a4008b662 7a10b33a19c046c49c77a20affc073e2 - - default default] 10.0.0.141 "GET /v2.0/security-groups?tenant_id=0d9b39aeee8242a6ba70d3bc004b4744&name=default HTTP/1.1" status: 200 len: 3000 time: 0.0509777
2026-07-07 00:32:41.247 10 INFO neutron.wsgi [None req-a430e761-8daa-4ecf-8441-0ff2a0c00138 be4cb84c4ba948ec9c062b7a4008b662 7a10b33a19c046c49c77a20affc073e2 - - default default] 10.0.0.141 "DELETE /v2.0/security-groups/e2fbea5a-9833-4ceb-a88f-9e9151432be7 HTTP/1.1" status: 204 len: 168 time: 0.1874478
2026-07-07 00:32:41.504 9 INFO neutron.db.ovn_revision_numbers_db [None req-460cc4e4-1fec-4113-88b9-29d99d0988e5 be4cb84c4ba948ec9c062b7a4008b662 7a10b33a19c046c49c77a20affc073e2 - - default default] Successfully bumped revision number for resource 79920bd4-bc5e-420b-bbbb-91379f7e1480 (type: security_groups) to 1
2026-07-07 00:32:41.519 9 INFO neutron.db.ovn_revision_numbers_db [None req-460cc4e4-1fec-4113-88b9-29d99d0988e5 be4cb84c4ba948ec9c062b7a4008b662 7a10b33a19c046c49c77a20affc073e2 - - default default] Successfully bumped revision number for resource 100cde03-b5c4-47c3-8d6a-71fe71677791 (type: security_group_rules) to 0
2026-07-07 00:32:41.533 9 INFO neutron.db.ovn_revision_numbers_db [None req-460cc4e4-1fec-4113-88b9-29d99d0988e5 be4cb84c4ba948ec9c062b7a4008b662 7a10b33a19c046c49c77a20affc073e2 - - default default] Successfully bumped revision number for resource 1160a217-d6c9-4b17-99ec-0ad86b2386f8 (type: security_group_rules) to 0
2026-07-07 00:32:41.548 9 INFO neutron.db.ovn_revision_numbers_db [None req-460cc4e4-1fec-4113-88b9-29d99d0988e5 be4cb84c4ba948ec9c062b7a4008b662 7a10b33a19c046c49c77a20affc073e2 - - default default] Successfully bumped revision number for resource b11f1761-cd6c-441f-b3fd-5fe51743b6f6 (type: security_group_rules) to 0
2026-07-07 00:32:41.563 9 INFO neutron.db.ovn_revision_numbers_db [None req-460cc4e4-1fec-4113-88b9-29d99d0988e5 be4cb84c4ba948ec9c062b7a4008b662 7a10b33a19c046c49c77a20affc073e2 - - default default] Successfully bumped revision number for resource d481db35-3e80-4a56-9843-fcdfd573a54f (type: security_group_rules) to 0
2026-07-07 00:32:41.589 9 INFO neutron.wsgi [None req-460cc4e4-1fec-4113-88b9-29d99d0988e5 be4cb84c4ba948ec9c062b7a4008b662 7a10b33a19c046c49c77a20affc073e2 - - default default] 10.0.0.141 "GET /v2.0/security-groups?tenant_id=fefd0666e8f849f9a23b5f591c6bdc00&name=default HTTP/1.1" status: 200 len: 3000 time: 0.1875300
2026-07-07 00:32:41.801 9 INFO neutron.wsgi [None req-3cf4e2bf-36f2-4506-bc18-f04d04b02000 be4cb84c4ba948ec9c062b7a4008b662 7a10b33a19c046c49c77a20affc073e2 - - default default] 10.0.0.141 "DELETE /v2.0/security-groups/79920bd4-bc5e-420b-bbbb-91379f7e1480 HTTP/1.1" status: 204 len: 168 time: 0.2051988
2026-07-07 00:32:42.026 9 INFO neutron.db.ovn_revision_numbers_db [None req-003b0ece-8712-455e-a751-1c1f9a8498b8 be4cb84c4ba948ec9c062b7a4008b662 7a10b33a19c046c49c77a20affc073e2 - - default default] Successfully bumped revision number for resource 3a3907b0-092f-4f2d-aac5-df2b90c088aa (type: security_groups) to 1
2026-07-07 00:32:42.040 9 INFO neutron.db.ovn_revision_numbers_db [None req-003b0ece-8712-455e-a751-1c1f9a8498b8 be4cb84c4ba948ec9c062b7a4008b662 7a10b33a19c046c49c77a20affc073e2 - - default default] Successfully bumped revision number for resource 13055457-ebe6-41d3-9dc4-0bbae4b06e09 (type: security_group_rules) to 0
2026-07-07 00:32:42.053 9 INFO neutron.db.ovn_revision_numbers_db [None req-003b0ece-8712-455e-a751-1c1f9a8498b8 be4cb84c4ba948ec9c062b7a4008b662 7a10b33a19c046c49c77a20affc073e2 - - default default] Successfully bumped revision number for resource 98af712a-1fff-43b6-9d52-3313f77d865b (type: security_group_rules) to 0
2026-07-07 00:32:42.070 9 INFO neutron.db.ovn_revision_numbers_db [None req-003b0ece-8712-455e-a751-1c1f9a8498b8 be4cb84c4ba948ec9c062b7a4008b662 7a10b33a19c046c49c77a20affc073e2 - - default default] Successfully bumped revision number for resource b0e7ca8f-28e1-41d0-8370-0feaf1f6be18 (type: security_group_rules) to 0
2026-07-07 00:32:42.084 9 INFO neutron.db.ovn_revision_numbers_db [None req-003b0ece-8712-455e-a751-1c1f9a8498b8 be4cb84c4ba948ec9c062b7a4008b662 7a10b33a19c046c49c77a20affc073e2 - - default default] Successfully bumped revision number for resource fab24c52-2739-44a2-8667-12df23aae593 (type: security_group_rules) to 0
2026-07-07 00:32:42.112 9 INFO neutron.wsgi [None req-003b0ece-8712-455e-a751-1c1f9a8498b8 be4cb84c4ba948ec9c062b7a4008b662 7a10b33a19c046c49c77a20affc073e2 - - default default] 10.0.0.141 "GET /v2.0/security-groups?tenant_id=453ba5c033134bb39b227e7d95a481e2&name=default HTTP/1.1" status: 200 len: 3000 time: 0.1777668
2026-07-07 00:32:42.310 9 INFO neutron.wsgi [None req-ed61bdde-1a4c-4bea-aecc-73c57f9ac4d7 be4cb84c4ba948ec9c062b7a4008b662 7a10b33a19c046c49c77a20affc073e2 - - default default] 10.0.0.141 "DELETE /v2.0/security-groups/3a3907b0-092f-4f2d-aac5-df2b90c088aa HTTP/1.1" status: 204 len: 168 time: 0.1927147
2026-07-07 00:32:45.034 9 INFO neutron.wsgi [None req-c6d3fa5f-7d25-4b7c-863a-087683289ab9 be4cb84c4ba948ec9c062b7a4008b662 7a10b33a19c046c49c77a20affc073e2 - - default default] 10.0.0.141 "GET /v2.0/networks HTTP/1.1" status: 200 len: 2369 time: 0.2483931
2026-07-07 00:32:46.237 9 INFO neutron.wsgi [None req-b401a57d-d878-4c64-9d1d-dc09ce776cf4 be4cb84c4ba948ec9c062b7a4008b662 7a10b33a19c046c49c77a20affc073e2 - - default default] 10.0.0.141 "GET /v2.0/floatingips HTTP/1.1" status: 200 len: 212 time: 0.0313570
2026-07-07 00:32:46.266 9 INFO neutron.wsgi [None req-996027c9-8856-4751-9b33-9f51a4f18f8e be4cb84c4ba948ec9c062b7a4008b662 7a10b33a19c046c49c77a20affc073e2 - - default default] 10.0.0.141 "GET /v2.0/routers HTTP/1.1" status: 200 len: 208 time: 0.0251429
2026-07-07 00:32:46.304 9 INFO neutron.wsgi [None req-2ad658c0-f99d-43f2-a8f8-b7e67e216ab6 be4cb84c4ba948ec9c062b7a4008b662 7a10b33a19c046c49c77a20affc073e2 - - default default] 10.0.0.141 "GET /v2.0/ports HTTP/1.1" status: 200 len: 5366 time: 0.0339558
2026-07-07 00:32:46.346 9 INFO neutron.wsgi [None req-78f965ef-0431-4984-a34a-0eb682518519 be4cb84c4ba948ec9c062b7a4008b662 7a10b33a19c046c49c77a20affc073e2 - - default default] 10.0.0.141 "GET /v2.0/subnets HTTP/1.1" status: 200 len: 1456 time: 0.0367434
2026-07-07 00:32:46.418 9 INFO neutron.wsgi [None req-568beec4-708d-4b1f-a780-94ba8ff47f5e be4cb84c4ba948ec9c062b7a4008b662 7a10b33a19c046c49c77a20affc073e2 - - default default] 10.0.0.141 "GET /v2.0/networks HTTP/1.1" status: 200 len: 2369 time: 0.0676477
2026-07-07 00:32:46.475 9 INFO neutron.wsgi [None req-5780be23-ff8f-4ff3-8662-cf7292e6bce4 be4cb84c4ba948ec9c062b7a4008b662 7a10b33a19c046c49c77a20affc073e2 - - default default] 10.0.0.141 "GET /v2.0/security-groups HTTP/1.1" status: 200 len: 16818 time: 0.0521758
2026-07-07 00:32:46.490 9 INFO neutron.wsgi [None req-fdb08adb-cbe4-48aa-b262-89d5c600bd01 be4cb84c4ba948ec9c062b7a4008b662 7a10b33a19c046c49c77a20affc073e2 - - default default] 10.0.0.141 "GET /v2.0/subnetpools HTTP/1.1" status: 200 len: 212 time: 0.0096512
2026-07-07 00:32:52.600 9 INFO neutron.wsgi [-] 10.0.0.178 "GET / HTTP/1.1" status: 200 len: 247 time: 0.0031214
2026-07-07 00:32:52.602 10 INFO neutron.wsgi [-] 10.0.0.178 "GET / HTTP/1.1" status: 200 len: 247 time: 0.0019457
2026-07-07 00:33:07.601 9 INFO neutron.wsgi [-] 10.0.0.178 "GET / HTTP/1.1" status: 200 len: 247 time: 0.0035455
2026-07-07 00:33:07.603 9 INFO neutron.wsgi [-] 10.0.0.178 "GET / HTTP/1.1" status: 200 len: 247 time: 0.0012517
2026-07-07 00:33:11.030 9 INFO neutron.wsgi [None req-794184ff-2966-4af0-a319-a66c3849ab7d be4cb84c4ba948ec9c062b7a4008b662 7a10b33a19c046c49c77a20affc073e2 - - default default] 10.0.0.215 "GET /v2.0/networks HTTP/1.1" status: 200 len: 2350 time: 0.1136563
2026-07-07 00:33:11.064 9 INFO neutron.wsgi [None req-043140d0-1806-4210-81b8-3c6683f4bf0c be4cb84c4ba948ec9c062b7a4008b662 7a10b33a19c046c49c77a20affc073e2 - - default default] 10.0.0.215 "GET /v2.0/routers HTTP/1.1" status: 200 len: 189 time: 0.0300026
2026-07-07 00:33:11.112 9 INFO neutron.wsgi [None req-b70f7788-e59e-4219-94d8-cfe3cfbe0cac be4cb84c4ba948ec9c062b7a4008b662 7a10b33a19c046c49c77a20affc073e2 - - default default] 10.0.0.215 "GET /v2.0/agents?binary=ovn-controller HTTP/1.1" status: 200 len: 591 time: 0.0472136
2026-07-07 00:33:11.125 9 INFO neutron.wsgi [None req-2dfd7d96-419b-4d43-b4f2-0dc068ad208a be4cb84c4ba948ec9c062b7a4008b662 7a10b33a19c046c49c77a20affc073e2 - - default default] 10.0.0.215 "GET /v2.0/agents HTTP/1.1" status: 200 len: 997 time: 0.0113726
2026-07-07 00:33:11.140 9 INFO neutron.wsgi [None req-755c8d4b-5606-4663-9cc1-df2fd71f3cc9 be4cb84c4ba948ec9c062b7a4008b662 7a10b33a19c046c49c77a20affc073e2 - - default default] 10.0.0.215 "GET /v2.0/network-ip-availabilities HTTP/1.1" status: 200 len: 1280 time: 0.0141187
2026-07-07 00:33:11.178 9 INFO neutron.wsgi [None req-954d8d4f-8e4c-4d33-9379-97ef88e5bc84 be4cb84c4ba948ec9c062b7a4008b662 7a10b33a19c046c49c77a20affc073e2 - - default default] 10.0.0.215 "GET /v2.0/ports HTTP/1.1" status: 200 len: 5347 time: 0.0364964
2026-07-07 00:33:11.219 9 INFO neutron.wsgi [None req-35cd414f-c515-48a3-a3ae-c21e9a41be62 be4cb84c4ba948ec9c062b7a4008b662 7a10b33a19c046c49c77a20affc073e2 - - default default] 10.0.0.215 "GET /v2.0/subnets HTTP/1.1" status: 200 len: 1437 time: 0.0381277
2026-07-07 00:33:11.230 9 INFO neutron.wsgi [None req-9edfd42f-5c7c-4a7b-bd5a-6ca7af6d8661 be4cb84c4ba948ec9c062b7a4008b662 7a10b33a19c046c49c77a20affc073e2 - - default default] 10.0.0.215 "GET /v2.0/subnetpools HTTP/1.1" status: 200 len: 193 time: 0.0098813
2026-07-07 00:33:11.292 9 INFO neutron.wsgi [None req-94783a99-3db1-45ec-971b-535b6997bdae be4cb84c4ba948ec9c062b7a4008b662 7a10b33a19c046c49c77a20affc073e2 - - default default] 10.0.0.215 "GET /v2.0/security-groups HTTP/1.1" status: 200 len: 16799 time: 0.0621867
2026-07-07 00:33:11.337 9 INFO neutron.wsgi [None req-5120fb9c-b208-4633-9b32-49681236efb6 be4cb84c4ba948ec9c062b7a4008b662 7a10b33a19c046c49c77a20affc073e2 - - default default] 10.0.0.215 "GET /v2.0/subnets HTTP/1.1" status: 200 len: 1437 time: 0.0363481
2026-07-07 00:33:11.359 9 INFO neutron.wsgi [None req-c5dab81a-a2c6-4f6b-8033-57e3c6194677 be4cb84c4ba948ec9c062b7a4008b662 7a10b33a19c046c49c77a20affc073e2 - - default default] 10.0.0.215 "GET /v2.0/floatingips HTTP/1.1" status: 200 len: 193 time: 0.0218196
2026-07-07 00:33:22.599 10 INFO neutron.wsgi [-] 10.0.0.178 "GET / HTTP/1.1" status: 200 len: 247 time: 0.0014186
2026-07-07 00:33:22.613 9 INFO neutron.wsgi [-] 10.0.0.178 "GET / HTTP/1.1" status: 200 len: 247 time: 0.0034688
2026-07-07 00:33:36.576 15 INFO neutron.plugins.ml2.drivers.ovn.mech_driver.ovsdb.maintenance [None req-9493971a-a729-46f6-8ac3-146a038640cc - - - - - -] Maintenance task: Synchronization finished (took 0.71 seconds)
2026-07-07 00:33:37.598 10 INFO neutron.wsgi [-] 10.0.0.178 "GET / HTTP/1.1" status: 200 len: 247 time: 0.0014994
2026-07-07 00:33:37.601 9 INFO neutron.wsgi [-] 10.0.0.178 "GET / HTTP/1.1" status: 200 len: 247 time: 0.0024602
2026-07-07 00:33:52.599 9 INFO neutron.wsgi [-] 10.0.0.178 "GET / HTTP/1.1" status: 200 len: 247 time: 0.0024836
2026-07-07 00:33:52.600 10 INFO neutron.wsgi [-] 10.0.0.178 "GET / HTTP/1.1" status: 200 len: 247 time: 0.0031450
2026-07-07 00:34:07.600 10 INFO neutron.wsgi [-] 10.0.0.178 "GET / HTTP/1.1" status: 200 len: 247 time: 0.0024025
2026-07-07 00:34:07.604 9 INFO neutron.wsgi [-] 10.0.0.178 "GET / HTTP/1.1" status: 200 len: 247 time: 0.0068047
2026-07-07 00:34:11.033 9 INFO neutron.wsgi [None req-87418e7d-df11-4ebf-ac5b-d7f2a35afe0e be4cb84c4ba948ec9c062b7a4008b662 7a10b33a19c046c49c77a20affc073e2 - - default default] 10.0.0.215 "GET /v2.0/security-groups HTTP/1.1" status: 200 len: 16799 time: 0.1113973
2026-07-07 00:34:11.057 9 INFO neutron.wsgi [None req-d93e24f7-b097-4243-8eb9-b93ef29d8861 be4cb84c4ba948ec9c062b7a4008b662 7a10b33a19c046c49c77a20affc073e2 - - default default] 10.0.0.215 "GET /v2.0/routers HTTP/1.1" status: 200 len: 189 time: 0.0217690
2026-07-07 00:34:11.107 9 INFO neutron.wsgi [None req-7a698470-96be-4de0-a68d-4643c09d88a5 be4cb84c4ba948ec9c062b7a4008b662 7a10b33a19c046c49c77a20affc073e2 - - default default] 10.0.0.215 "GET /v2.0/agents?binary=ovn-controller HTTP/1.1" status: 200 len: 591 time: 0.0489318
2026-07-07 00:34:11.175 9 INFO neutron.wsgi [None req-aff4baf2-0c72-4dda-ad65-72130a51f706 be4cb84c4ba948ec9c062b7a4008b662 7a10b33a19c046c49c77a20affc073e2 - - default default] 10.0.0.215 "GET /v2.0/networks HTTP/1.1" status: 200 len: 2350 time: 0.0674393
2026-07-07 00:34:11.222 9 INFO neutron.wsgi [None req-1a508135-3624-4e25-9f32-49183d59ff6c be4cb84c4ba948ec9c062b7a4008b662 7a10b33a19c046c49c77a20affc073e2 - - default default] 10.0.0.215 "GET /v2.0/subnets HTTP/1.1" status: 200 len: 1437 time: 0.0431623
2026-07-07 00:34:11.236 9 INFO neutron.wsgi [None req-59ed3878-ee57-4069-b68f-0266019201d5 be4cb84c4ba948ec9c062b7a4008b662 7a10b33a19c046c49c77a20affc073e2 - - default default] 10.0.0.215 "GET /v2.0/agents HTTP/1.1" status: 200 len: 997 time: 0.0126736
2026-07-07 00:34:11.257 9 INFO neutron.wsgi [None req-c7289c74-8a94-4845-8c4d-3423a441c081 be4cb84c4ba948ec9c062b7a4008b662 7a10b33a19c046c49c77a20affc073e2 - - default default] 10.0.0.215 "GET /v2.0/floatingips HTTP/1.1" status: 200 len: 193 time: 0.0201247
2026-07-07 00:34:11.299 9 INFO neutron.wsgi [None req-c046093d-5315-40c6-b518-999f672ba9fc be4cb84c4ba948ec9c062b7a4008b662 7a10b33a19c046c49c77a20affc073e2 - - default default] 10.0.0.215 "GET /v2.0/ports HTTP/1.1" status: 200 len: 5347 time: 0.0411499
2026-07-07 00:34:11.317 9 INFO neutron.wsgi [None req-a9ef0665-b34d-4868-8829-244743056fb2 be4cb84c4ba948ec9c062b7a4008b662 7a10b33a19c046c49c77a20affc073e2 - - default default] 10.0.0.215 "GET /v2.0/network-ip-availabilities HTTP/1.1" status: 200 len: 1280 time: 0.0142665
2026-07-07 00:34:11.353 9 INFO neutron.wsgi [None req-719ab954-01b7-4e78-9f1e-452ad0a991b3 be4cb84c4ba948ec9c062b7a4008b662 7a10b33a19c046c49c77a20affc073e2 - - default default] 10.0.0.215 "GET /v2.0/subnets HTTP/1.1" status: 200 len: 1437 time: 0.0349536
2026-07-07 00:34:11.375 9 INFO neutron.wsgi [None req-70c9f12b-3894-4b61-9a72-d72be2937d28 be4cb84c4ba948ec9c062b7a4008b662 7a10b33a19c046c49c77a20affc073e2 - - default default] 10.0.0.215 "GET /v2.0/subnetpools HTTP/1.1" status: 200 len: 193 time: 0.0207217
2026-07-07 00:34:22.607 10 INFO neutron.wsgi [-] 10.0.0.178 "GET / HTTP/1.1" status: 200 len: 247 time: 0.0017180
2026-07-07 00:34:22.608 10 INFO neutron.wsgi [-] 10.0.0.178 "GET / HTTP/1.1" status: 200 len: 247 time: 0.0011973
2026-07-07 00:34:37.606 10 INFO neutron.wsgi [-] 10.0.0.178 "GET / HTTP/1.1" status: 200 len: 247 time: 0.0074599
2026-07-07 00:34:37.608 10 INFO neutron.wsgi [-] 10.0.0.178 "GET / HTTP/1.1" status: 200 len: 247 time: 0.0013707
2026-07-07 00:34:52.599 10 INFO neutron.wsgi [-] 10.0.0.178 "GET / HTTP/1.1" status: 200 len: 247 time: 0.0019572
2026-07-07 00:34:52.600 9 INFO neutron.wsgi [-] 10.0.0.178 "GET / HTTP/1.1" status: 200 len: 247 time: 0.0028834
2026-07-07 00:35:07.601 9 INFO neutron.wsgi [-] 10.0.0.178 "GET / HTTP/1.1" status: 200 len: 247 time: 0.0023892
2026-07-07 00:35:07.601 10 INFO neutron.wsgi [-] 10.0.0.178 "GET / HTTP/1.1" status: 200 len: 247 time: 0.0027125
2026-07-07 00:35:11.012 9 INFO neutron.wsgi [None req-cff42fdf-6497-4b34-b40e-81e6bf445c9c be4cb84c4ba948ec9c062b7a4008b662 7a10b33a19c046c49c77a20affc073e2 - - default default] 10.0.0.215 "GET /v2.0/agents HTTP/1.1" status: 200 len: 997 time: 0.0879209
2026-07-07 00:35:11.025 9 INFO neutron.wsgi [None req-dc6e355d-eccb-487a-a0bb-5be6383c6d12 be4cb84c4ba948ec9c062b7a4008b662 7a10b33a19c046c49c77a20affc073e2 - - default default] 10.0.0.215 "GET /v2.0/network-ip-availabilities HTTP/1.1" status: 200 len: 1280 time: 0.0121329
2026-07-07 00:35:11.089 9 INFO neutron.wsgi [None req-7206fc54-7841-484c-bb5c-e6e3086087b5 be4cb84c4ba948ec9c062b7a4008b662 7a10b33a19c046c49c77a20affc073e2 - - default default] 10.0.0.215 "GET /v2.0/security-groups HTTP/1.1" status: 200 len: 16799 time: 0.0616844
2026-07-07 00:35:11.124 9 INFO neutron.wsgi [None req-45f07771-3fbd-4249-942b-d09a4d67247f be4cb84c4ba948ec9c062b7a4008b662 7a10b33a19c046c49c77a20affc073e2 - - default default] 10.0.0.215 "GET /v2.0/routers HTTP/1.1" status: 200 len: 189 time: 0.0278099
2026-07-07 00:35:11.137 9 INFO neutron.wsgi [None req-ff09c1c9-f634-40ab-90d5-5d9968015714 be4cb84c4ba948ec9c062b7a4008b662 7a10b33a19c046c49c77a20affc073e2 - - default default] 10.0.0.215 "GET /v2.0/agents?binary=ovn-controller HTTP/1.1" status: 200 len: 591 time: 0.0129526
2026-07-07 00:35:11.174 9 INFO neutron.wsgi [None req-7b45894f-559b-415e-b46c-c7f58aca74cf be4cb84c4ba948ec9c062b7a4008b662 7a10b33a19c046c49c77a20affc073e2 - - default default] 10.0.0.215 "GET /v2.0/subnets HTTP/1.1" status: 200 len: 1437 time: 0.0354106
2026-07-07 00:35:11.208 9 INFO neutron.wsgi [None req-a165ce2b-ff41-4e8c-b248-418a30c4fb19 be4cb84c4ba948ec9c062b7a4008b662 7a10b33a19c046c49c77a20affc073e2 - - default default] 10.0.0.215 "GET /v2.0/subnets HTTP/1.1" status: 200 len: 1437 time: 0.0335443
2026-07-07 00:35:11.222 9 INFO neutron.wsgi [None req-6226e72e-930e-4e07-8629-70c375d87085 be4cb84c4ba948ec9c062b7a4008b662 7a10b33a19c046c49c77a20affc073e2 - - default default] 10.0.0.215 "GET /v2.0/subnetpools HTTP/1.1" status: 200 len: 193 time: 0.0131257
2026-07-07 00:35:11.300 9 INFO neutron.wsgi [None req-16e40058-b689-4212-b5a7-88e530bde676 be4cb84c4ba948ec9c062b7a4008b662 7a10b33a19c046c49c77a20affc073e2 - - default default] 10.0.0.215 "GET /v2.0/networks HTTP/1.1" status: 200 len: 2350 time: 0.0770087
2026-07-07 00:35:11.327 9 INFO neutron.wsgi [None req-621056cf-eb0d-4e93-8156-8f4ca3d23719 be4cb84c4ba948ec9c062b7a4008b662 7a10b33a19c046c49c77a20affc073e2 - - default default] 10.0.0.215 "GET /v2.0/floatingips HTTP/1.1" status: 200 len: 193 time: 0.0235059
2026-07-07 00:35:11.358 9 INFO neutron.wsgi [None req-8297516b-1815-4e2f-a830-0ca489adbbfb be4cb84c4ba948ec9c062b7a4008b662 7a10b33a19c046c49c77a20affc073e2 - - default default] 10.0.0.215 "GET /v2.0/ports HTTP/1.1" status: 200 len: 5347 time: 0.0310135
2026-07-07 00:35:22.600 9 INFO neutron.wsgi [-] 10.0.0.178 "GET / HTTP/1.1" status: 200 len: 247 time: 0.0028150
2026-07-07 00:35:22.602 10 INFO neutron.wsgi [-] 10.0.0.178 "GET / HTTP/1.1" status: 200 len: 247 time: 0.0045724
2026-07-07 00:35:37.600 10 INFO neutron.wsgi [-] 10.0.0.178 "GET / HTTP/1.1" status: 200 len: 247 time: 0.0019686
2026-07-07 00:35:37.603 9 INFO neutron.wsgi [-] 10.0.0.178 "GET / HTTP/1.1" status: 200 len: 247 time: 0.0045996
2026-07-07 00:35:52.604 9 INFO neutron.wsgi [-] 10.0.0.178 "GET / HTTP/1.1" status: 200 len: 247 time: 0.0069330
2026-07-07 00:35:52.610 9 INFO neutron.wsgi [-] 10.0.0.178 "GET / HTTP/1.1" status: 200 len: 247 time: 0.0035272
2026-07-07 00:36:07.602 9 INFO neutron.wsgi [-] 10.0.0.178 "GET / HTTP/1.1" status: 200 len: 247 time: 0.0051847
2026-07-07 00:36:07.604 9 INFO neutron.wsgi [-] 10.0.0.178 "GET / HTTP/1.1" status: 200 len: 247 time: 0.0017622
2026-07-07 00:36:11.067 9 INFO neutron.wsgi [None req-935a5129-5f7f-4a80-9e91-413e0f0cbba6 be4cb84c4ba948ec9c062b7a4008b662 7a10b33a19c046c49c77a20affc073e2 - - default default] 10.0.0.215 "GET /v2.0/networks HTTP/1.1" status: 200 len: 2350 time: 0.1558220
2026-07-07 00:36:11.112 9 INFO neutron.wsgi [None req-628efcf2-54cd-42c1-9315-6489611055dc be4cb84c4ba948ec9c062b7a4008b662 7a10b33a19c046c49c77a20affc073e2 - - default default] 10.0.0.215 "GET /v2.0/ports HTTP/1.1" status: 200 len: 5347 time: 0.0434864
2026-07-07 00:36:11.133 9 INFO neutron.wsgi [None req-b2f4538b-6740-449d-86a5-caecd2391cbb be4cb84c4ba948ec9c062b7a4008b662 7a10b33a19c046c49c77a20affc073e2 - - default default] 10.0.0.215 "GET /v2.0/network-ip-availabilities HTTP/1.1" status: 200 len: 1280 time: 0.0151503
2026-07-07 00:36:11.155 9 INFO neutron.wsgi [None req-74840edc-d1a7-4bec-8c81-4749e44231a9 be4cb84c4ba948ec9c062b7a4008b662 7a10b33a19c046c49c77a20affc073e2 - - default default] 10.0.0.215 "GET /v2.0/floatingips HTTP/1.1" status: 200 len: 193 time: 0.0216959
2026-07-07 00:36:11.207 9 INFO neutron.wsgi [None req-21bda645-a135-445e-98f3-6555ee48362f be4cb84c4ba948ec9c062b7a4008b662 7a10b33a19c046c49c77a20affc073e2 - - default default] 10.0.0.215 "GET /v2.0/security-groups HTTP/1.1" status: 200 len: 16799 time: 0.0512004
2026-07-07 00:36:11.257 9 INFO neutron.wsgi [None req-8570a331-49b3-4a15-9700-e65803013f81 be4cb84c4ba948ec9c062b7a4008b662 7a10b33a19c046c49c77a20affc073e2 - - default default] 10.0.0.215 "GET /v2.0/subnets HTTP/1.1" status: 200 len: 1437 time: 0.0460296
2026-07-07 00:36:11.284 9 INFO neutron.wsgi [None req-2b5f0ea6-038e-4f7f-abcf-58543cddb4b1 be4cb84c4ba948ec9c062b7a4008b662 7a10b33a19c046c49c77a20affc073e2 - - default default] 10.0.0.215 "GET /v2.0/routers HTTP/1.1" status: 200 len: 189 time: 0.0254271
2026-07-07 00:36:11.328 9 INFO neutron.wsgi [None req-b005a72d-0df4-4281-8671-351ed3ac0af3 be4cb84c4ba948ec9c062b7a4008b662 7a10b33a19c046c49c77a20affc073e2 - - default default] 10.0.0.215 "GET /v2.0/agents?binary=ovn-controller HTTP/1.1" status: 200 len: 591 time: 0.0440269
2026-07-07 00:36:11.344 9 INFO neutron.wsgi [None req-48ce4272-1830-4883-b12d-3f1f8db6d9f6 be4cb84c4ba948ec9c062b7a4008b662 7a10b33a19c046c49c77a20affc073e2 - - default default] 10.0.0.215 "GET /v2.0/agents HTTP/1.1" status: 200 len: 997 time: 0.0143003
2026-07-07 00:36:11.378 9 INFO neutron.wsgi [None req-dc29580e-b5f8-4e3f-a517-4475c8b725b5 be4cb84c4ba948ec9c062b7a4008b662 7a10b33a19c046c49c77a20affc073e2 - - default default] 10.0.0.215 "GET /v2.0/subnets HTTP/1.1" status: 200 len: 1437 time: 0.0333266
2026-07-07 00:36:11.396 9 INFO neutron.wsgi [None req-21b93326-1e04-483e-821c-425e4a9a9453 be4cb84c4ba948ec9c062b7a4008b662 7a10b33a19c046c49c77a20affc073e2 - - default default] 10.0.0.215 "GET /v2.0/subnetpools HTTP/1.1" status: 200 len: 193 time: 0.0169685
2026-07-07 00:36:22.599 10 INFO neutron.wsgi [-] 10.0.0.178 "GET / HTTP/1.1" status: 200 len: 247 time: 0.0023334
2026-07-07 00:36:22.601 9 INFO neutron.wsgi [-] 10.0.0.178 "GET / HTTP/1.1" status: 200 len: 247 time: 0.0030074
2026-07-07 00:36:37.601 9 INFO neutron.wsgi [-] 10.0.0.178 "GET / HTTP/1.1" status: 200 len: 247 time: 0.0035448
2026-07-07 00:36:37.604 9 INFO neutron.wsgi [-] 10.0.0.178 "GET / HTTP/1.1" status: 200 len: 247 time: 0.0024652
2026-07-07 00:36:52.600 10 INFO neutron.wsgi [-] 10.0.0.178 "GET / HTTP/1.1" status: 200 len: 247 time: 0.0026839
2026-07-07 00:36:52.600 9 INFO neutron.wsgi [-] 10.0.0.178 "GET / HTTP/1.1" status: 200 len: 247 time: 0.0027964
2026-07-07 00:37:07.603 10 INFO neutron.wsgi [-] 10.0.0.178 "GET / HTTP/1.1" status: 200 len: 247 time: 0.0043428
2026-07-07 00:37:07.607 9 INFO neutron.wsgi [-] 10.0.0.178 "GET / HTTP/1.1" status: 200 len: 247 time: 0.0085721
2026-07-07 00:37:10.987 9 INFO neutron.wsgi [None req-4e14d0e6-867c-46e2-acfb-c85a58fee389 be4cb84c4ba948ec9c062b7a4008b662 7a10b33a19c046c49c77a20affc073e2 - - default default] 10.0.0.215 "GET /v2.0/subnets HTTP/1.1" status: 200 len: 1437 time: 0.0806313
2026-07-07 00:37:11.002 9 INFO neutron.wsgi [None req-9955ce4a-09a3-47ee-94d7-cd3b7810d107 be4cb84c4ba948ec9c062b7a4008b662 7a10b33a19c046c49c77a20affc073e2 - - default default] 10.0.0.215 "GET /v2.0/subnetpools HTTP/1.1" status: 200 len: 193 time: 0.0133445
2026-07-07 00:37:11.021 9 INFO neutron.wsgi [None req-dfb2f61b-6130-48f9-87c5-196ebcd9ce73 be4cb84c4ba948ec9c062b7a4008b662 7a10b33a19c046c49c77a20affc073e2 - - default default] 10.0.0.215 "GET /v2.0/routers HTTP/1.1" status: 200 len: 189 time: 0.0181043
2026-07-07 00:37:11.065 9 INFO neutron.wsgi [None req-e6348bf4-de20-46cc-ad74-c948bdf70de9 be4cb84c4ba948ec9c062b7a4008b662 7a10b33a19c046c49c77a20affc073e2 - - default default] 10.0.0.215 "GET /v2.0/agents?binary=ovn-controller HTTP/1.1" status: 200 len: 591 time: 0.0439651
2026-07-07 00:37:11.109 9 INFO neutron.wsgi [None req-8fa8f501-ccf9-40f5-88c5-1294dda84a00 be4cb84c4ba948ec9c062b7a4008b662 7a10b33a19c046c49c77a20affc073e2 - - default default] 10.0.0.215 "GET /v2.0/security-groups HTTP/1.1" status: 200 len: 16799 time: 0.0431159
2026-07-07 00:37:11.142 9 INFO neutron.wsgi [None req-03758209-0419-47a3-9cfa-8dec4fe58b22 be4cb84c4ba948ec9c062b7a4008b662 7a10b33a19c046c49c77a20affc073e2 - - default default] 10.0.0.215 "GET /v2.0/floatingips HTTP/1.1" status: 200 len: 193 time: 0.0262852
2026-07-07 00:37:11.212 9 INFO neutron.wsgi [None req-8fccbfc9-8eff-4560-9987-a9ecc4111d20 be4cb84c4ba948ec9c062b7a4008b662 7a10b33a19c046c49c77a20affc073e2 - - default default] 10.0.0.215 "GET /v2.0/networks HTTP/1.1" status: 200 len: 2350 time: 0.0691020
2026-07-07 00:37:11.251 9 INFO neutron.wsgi [None req-310798c7-26e1-4df9-92ef-83b1696a99d4 be4cb84c4ba948ec9c062b7a4008b662 7a10b33a19c046c49c77a20affc073e2 - - default default] 10.0.0.215 "GET /v2.0/subnets HTTP/1.1" status: 200 len: 1437 time: 0.0376863
2026-07-07 00:37:11.286 9 INFO neutron.wsgi [None req-53f27a05-4e54-4ae8-90ad-97931664da9b be4cb84c4ba948ec9c062b7a4008b662 7a10b33a19c046c49c77a20affc073e2 - - default default] 10.0.0.215 "GET /v2.0/ports HTTP/1.1" status: 200 len: 5347 time: 0.0340056
2026-07-07 00:37:11.305 9 INFO neutron.wsgi [None req-e7bd1c2d-7fbd-45a2-b810-8a8902641637 be4cb84c4ba948ec9c062b7a4008b662 7a10b33a19c046c49c77a20affc073e2 - - default default] 10.0.0.215 "GET /v2.0/agents HTTP/1.1" status: 200 len: 997 time: 0.0129740
2026-07-07 00:37:11.319 9 INFO neutron.wsgi [None req-4cb31346-3fe7-4fa7-aa33-6fc5de7c23a0 be4cb84c4ba948ec9c062b7a4008b662 7a10b33a19c046c49c77a20affc073e2 - - default default] 10.0.0.215 "GET /v2.0/network-ip-availabilities HTTP/1.1" status: 200 len: 1280 time: 0.0123837
2026-07-07 00:37:22.601 10 INFO neutron.wsgi [-] 10.0.0.178 "GET / HTTP/1.1" status: 200 len: 247 time: 0.0038369
2026-07-07 00:37:22.602 9 INFO neutron.wsgi [-] 10.0.0.178 "GET / HTTP/1.1" status: 200 len: 247 time: 0.0046666
2026-07-07 00:37:37.599 10 INFO neutron.wsgi [-] 10.0.0.178 "GET / HTTP/1.1" status: 200 len: 247 time: 0.0017128
2026-07-07 00:37:37.599 9 INFO neutron.wsgi [-] 10.0.0.178 "GET / HTTP/1.1" status: 200 len: 247 time: 0.0017140
2026-07-07 00:37:52.601 10 INFO neutron.wsgi [-] 10.0.0.178 "GET / HTTP/1.1" status: 200 len: 247 time: 0.0032568
2026-07-07 00:37:52.601 9 INFO neutron.wsgi [-] 10.0.0.178 "GET / HTTP/1.1" status: 200 len: 247 time: 0.0034003
2026-07-07 00:38:07.599 10 INFO neutron.wsgi [-] 10.0.0.178 "GET / HTTP/1.1" status: 200 len: 247 time: 0.0017195
2026-07-07 00:38:07.600 9 INFO neutron.wsgi [-] 10.0.0.178 "GET / HTTP/1.1" status: 200 len: 247 time: 0.0023386
2026-07-07 00:38:11.113 9 INFO neutron.wsgi [None req-5409b43d-2817-4477-a46c-92912e78a8ec be4cb84c4ba948ec9c062b7a4008b662 7a10b33a19c046c49c77a20affc073e2 - - default default] 10.0.0.215 "GET /v2.0/agents HTTP/1.1" status: 200 len: 997 time: 0.0904715
2026-07-07 00:38:11.165 9 INFO neutron.wsgi [None req-228b0c93-7526-4187-9363-62f6b7e023fb be4cb84c4ba948ec9c062b7a4008b662 7a10b33a19c046c49c77a20affc073e2 - - default default] 10.0.0.215 "GET /v2.0/subnets HTTP/1.1" status: 200 len: 1437 time: 0.0519981
2026-07-07 00:38:11.187 9 INFO neutron.wsgi [None req-fbadb6f9-f84d-4803-a418-4751bb92fc4d be4cb84c4ba948ec9c062b7a4008b662 7a10b33a19c046c49c77a20affc073e2 - - default default] 10.0.0.215 "GET /v2.0/subnetpools HTTP/1.1" status: 200 len: 193 time: 0.0199094
2026-07-07 00:38:11.223 9 INFO neutron.wsgi [None req-347bfbaa-85ee-4406-8ffe-ce5c8266aba2 be4cb84c4ba948ec9c062b7a4008b662 7a10b33a19c046c49c77a20affc073e2 - - default default] 10.0.0.215 "GET /v2.0/ports HTTP/1.1" status: 200 len: 5347 time: 0.0351007
2026-07-07 00:38:11.260 9 INFO neutron.wsgi [None req-2c6835f7-9618-4617-aa30-be7e56bba61b be4cb84c4ba948ec9c062b7a4008b662 7a10b33a19c046c49c77a20affc073e2 - - default default] 10.0.0.215 "GET /v2.0/routers HTTP/1.1" status: 200 len: 189 time: 0.0313139
2026-07-07 00:38:11.273 9 INFO neutron.wsgi [None req-80635274-d521-4d33-a152-0b1438598ea6 be4cb84c4ba948ec9c062b7a4008b662 7a10b33a19c046c49c77a20affc073e2 - - default default] 10.0.0.215 "GET /v2.0/agents?binary=ovn-controller HTTP/1.1" status: 200 len: 591 time: 0.0122988
2026-07-07 00:38:11.342 9 INFO neutron.wsgi [None req-5f812f33-c7b8-43df-8d23-ed0c7fcf9fd9 be4cb84c4ba948ec9c062b7a4008b662 7a10b33a19c046c49c77a20affc073e2 - - default default] 10.0.0.215 "GET /v2.0/networks HTTP/1.1" status: 200 len: 2350 time: 0.0676451
2026-07-07 00:38:11.382 9 INFO neutron.wsgi [None req-7bcfccba-55d4-4c58-8a1f-e802f75a7af1 be4cb84c4ba948ec9c062b7a4008b662 7a10b33a19c046c49c77a20affc073e2 - - default default] 10.0.0.215 "GET /v2.0/subnets HTTP/1.1" status: 200 len: 1437 time: 0.0357420
2026-07-07 00:38:11.429 9 INFO neutron.wsgi [None req-c92dcc2c-02b7-4376-a97d-16d5a8a445fb be4cb84c4ba948ec9c062b7a4008b662 7a10b33a19c046c49c77a20affc073e2 - - default default] 10.0.0.215 "GET /v2.0/security-groups HTTP/1.1" status: 200 len: 16799 time: 0.0454628
2026-07-07 00:38:11.443 9 INFO neutron.wsgi [None req-f8d20b70-4b57-4bcc-a5a7-95a13ca14721 be4cb84c4ba948ec9c062b7a4008b662 7a10b33a19c046c49c77a20affc073e2 - - default default] 10.0.0.215 "GET /v2.0/network-ip-availabilities HTTP/1.1" status: 200 len: 1280 time: 0.0110085
2026-07-07 00:38:11.461 9 INFO neutron.wsgi [None req-595f1e2e-733b-4941-9b05-f111bed22bb4 be4cb84c4ba948ec9c062b7a4008b662 7a10b33a19c046c49c77a20affc073e2 - - default default] 10.0.0.215 "GET /v2.0/floatingips HTTP/1.1" status: 200 len: 193 time: 0.0166659
2026-07-07 00:38:22.598 9 INFO neutron.wsgi [-] 10.0.0.178 "GET / HTTP/1.1" status: 200 len: 247 time: 0.0019100
2026-07-07 00:38:22.602 10 INFO neutron.wsgi [-] 10.0.0.178 "GET / HTTP/1.1" status: 200 len: 247 time: 0.0047021