2026-07-07 00:27:39.929 9 INFO neutron.db.ovn_revision_numbers_db [None req-da20e1bc-0839-45da-86ae-3e07bb91c6dd be4cb84c4ba948ec9c062b7a4008b662 7a10b33a19c046c49c77a20affc073e2 - - default default] Successfully bumped revision number for resource 4a901d0d-6967-46a0-8afd-631f666431c1 (type: security_group_rules) to 0
2026-07-07 00:27:39.951 9 INFO neutron.wsgi [req-305ac4dd-e892-4d4b-9c9a-79f6e09d43ba req-8351e1af-1747-42d5-b162-94d8a7ea0568 89c303b20e664d4fbb7d2652fddd4b9e 1031b3bb3e9b4720a61baed768c1d65e - - 4a9d02f35e214977bc4d1f5b1325aaf9 4a9d02f35e214977bc4d1f5b1325aaf9] 199.204.45.70 "GET /v2.0/ports?network_id=5400cc5d-479d-41b9-ba6d-49aa5486a952&device_owner=network%3Adhcp HTTP/1.1" status: 200 len: 210 time: 0.0323241
2026-07-07 00:27:39.966 9 INFO neutron.db.ovn_revision_numbers_db [None req-da20e1bc-0839-45da-86ae-3e07bb91c6dd be4cb84c4ba948ec9c062b7a4008b662 7a10b33a19c046c49c77a20affc073e2 - - default default] Successfully bumped revision number for resource 4e9ea2e4-eb5a-4b4a-9ecc-3a08de4f9782 (type: security_group_rules) to 0
2026-07-07 00:27:39.966 10 INFO neutron.wsgi [None req-ac8988be-5d38-496b-9911-213a7d4325d2 f385dbab708a43ce941683145b866856 ee3fc1615a9e48618c73af2e677ccfd4 - - default default] 10.0.0.141 "GET /v2.0/ HTTP/1.1" status: 200 len: 826 time: 0.2183864
2026-07-07 00:27:39.994 9 INFO neutron.db.ovn_revision_numbers_db [None req-da20e1bc-0839-45da-86ae-3e07bb91c6dd be4cb84c4ba948ec9c062b7a4008b662 7a10b33a19c046c49c77a20affc073e2 - - default default] Successfully bumped revision number for resource 74343c60-039b-4c12-8b95-94bf5fe6cbea (type: security_group_rules) to 0
2026-07-07 00:27:39.996 10 INFO neutron.wsgi [None req-01433705-656c-4302-bc23-3c842c96a51f e6505fda6b2f4b5e996fb8181cfc5ab3 11e3fabf22bd451ca16dc744efd81686 - - default default] 10.0.0.141 "PUT /v2.0/ports/aa0e8e09-ecf1-4d22-ad12-cca3ca4aea51/tags HTTP/1.1" status: 200 len: 230 time: 0.0583682
2026-07-07 00:27:40.012 9 INFO neutron.db.ovn_revision_numbers_db [None req-da20e1bc-0839-45da-86ae-3e07bb91c6dd be4cb84c4ba948ec9c062b7a4008b662 7a10b33a19c046c49c77a20affc073e2 - - default default] Successfully bumped revision number for resource 7d693226-b4f1-4efb-8001-8aa59b469c0d (type: security_group_rules) to 0
2026-07-07 00:27:40.029 9 INFO neutron.wsgi [req-305ac4dd-e892-4d4b-9c9a-79f6e09d43ba req-eefc1d7b-6db4-4c6c-afdd-b915b3c0356e 89c303b20e664d4fbb7d2652fddd4b9e 1031b3bb3e9b4720a61baed768c1d65e - - 4a9d02f35e214977bc4d1f5b1325aaf9 4a9d02f35e214977bc4d1f5b1325aaf9] 199.204.45.70 "GET /v2.0/networks/5400cc5d-479d-41b9-ba6d-49aa5486a952?fields=segments HTTP/1.1" status: 200 len: 212 time: 0.0722318
2026-07-07 00:27:40.045 9 INFO neutron.wsgi [None req-da20e1bc-0839-45da-86ae-3e07bb91c6dd be4cb84c4ba948ec9c062b7a4008b662 7a10b33a19c046c49c77a20affc073e2 - - default default] 10.0.0.141 "GET /v2.0/security-groups?tenant_id=812025793f7e42dd828214eb1e6b43a5&name=default HTTP/1.1" status: 200 len: 2996 time: 0.3527441
2026-07-07 00:27:40.049 10 INFO neutron.wsgi [None req-b1661611-e13f-43be-80bd-a5a9f2f97f32 e6505fda6b2f4b5e996fb8181cfc5ab3 11e3fabf22bd451ca16dc744efd81686 - - default default] 10.0.0.141 "GET /v2.0/ports/aa0e8e09-ecf1-4d22-ad12-cca3ca4aea51/tags HTTP/1.1" status: 200 len: 230 time: 0.0450349
2026-07-07 00:27:40.091 10 INFO neutron.wsgi [None req-b9aaacc2-4924-4bee-bc96-7b7a24f2e2c8 e6505fda6b2f4b5e996fb8181cfc5ab3 11e3fabf22bd451ca16dc744efd81686 - - default default] 10.0.0.141 "GET /v2.0/ports/aa0e8e09-ecf1-4d22-ad12-cca3ca4aea51/tags/red HTTP/1.1" status: 204 len: 168 time: 0.0359287
2026-07-07 00:27:40.105 9 INFO neutron.wsgi [req-305ac4dd-e892-4d4b-9c9a-79f6e09d43ba req-e0a393d7-dba6-41cc-b795-86af152b0427 89c303b20e664d4fbb7d2652fddd4b9e 1031b3bb3e9b4720a61baed768c1d65e - - 4a9d02f35e214977bc4d1f5b1325aaf9 4a9d02f35e214977bc4d1f5b1325aaf9] 199.204.45.70 "GET /v2.0/networks/5400cc5d-479d-41b9-ba6d-49aa5486a952?fields=provider%3Aphysical_network&fields=provider%3Anetwork_type HTTP/1.1" status: 200 len: 277 time: 0.0697718
2026-07-07 00:27:40.135 10 INFO neutron.api.v2.resource [None req-363114c4-91f1-4874-8066-9dbe51352751 e6505fda6b2f4b5e996fb8181cfc5ab3 11e3fabf22bd451ca16dc744efd81686 - - default default] show failed (client error): The resource could not be found.
2026-07-07 00:27:40.137 10 INFO neutron.wsgi [None req-363114c4-91f1-4874-8066-9dbe51352751 e6505fda6b2f4b5e996fb8181cfc5ab3 11e3fabf22bd451ca16dc744efd81686 - - default default] 10.0.0.141 "GET /v2.0/ports/aa0e8e09-ecf1-4d22-ad12-cca3ca4aea51/tags/green HTTP/1.1" status: 404 len: 299 time: 0.0387843
2026-07-07 00:27:40.236 9 INFO neutron.wsgi [None req-ddaaa6e5-96ce-4dec-9c1b-0d5de62c06ef e6505fda6b2f4b5e996fb8181cfc5ab3 11e3fabf22bd451ca16dc744efd81686 - - default default] 10.0.0.141 "DELETE /v2.0/ports/aa0e8e09-ecf1-4d22-ad12-cca3ca4aea51/tags/red HTTP/1.1" status: 204 len: 168 time: 0.0928061
2026-07-07 00:27:40.288 10 INFO neutron.wsgi [None req-9bbf9727-edc9-497e-a420-1cc078094ae5 e6505fda6b2f4b5e996fb8181cfc5ab3 11e3fabf22bd451ca16dc744efd81686 - - default default] 10.0.0.141 "GET /v2.0/ports/aa0e8e09-ecf1-4d22-ad12-cca3ca4aea51/tags HTTP/1.1" status: 200 len: 223 time: 0.0441353
2026-07-07 00:27:40.327 9 INFO neutron.api.v2.resource [None req-e6d4bd7a-447f-4339-8d33-75800d56cb74 e6505fda6b2f4b5e996fb8181cfc5ab3 11e3fabf22bd451ca16dc744efd81686 - - default default] delete failed (client error): The resource could not be found.
2026-07-07 00:27:40.329 9 INFO neutron.wsgi [None req-e6d4bd7a-447f-4339-8d33-75800d56cb74 e6505fda6b2f4b5e996fb8181cfc5ab3 11e3fabf22bd451ca16dc744efd81686 - - default default] 10.0.0.141 "DELETE /v2.0/ports/aa0e8e09-ecf1-4d22-ad12-cca3ca4aea51/tags/green HTTP/1.1" status: 404 len: 299 time: 0.0369558
2026-07-07 00:27:40.346 9 INFO neutron.wsgi [None req-0745b7d8-4365-4b2a-b886-beb1040b4ce8 be4cb84c4ba948ec9c062b7a4008b662 7a10b33a19c046c49c77a20affc073e2 - - default default] 10.0.0.141 "DELETE /v2.0/security-groups/ef8d0914-8682-401d-9f56-541549561ec0 HTTP/1.1" status: 204 len: 168 time: 0.2950330
2026-07-07 00:27:40.382 10 INFO neutron.wsgi [None req-b371d04f-02c6-4b54-bc02-865af7d27b3a e6505fda6b2f4b5e996fb8181cfc5ab3 11e3fabf22bd451ca16dc744efd81686 - - default default] 10.0.0.141 "DELETE /v2.0/ports/aa0e8e09-ecf1-4d22-ad12-cca3ca4aea51/tags HTTP/1.1" status: 204 len: 168 time: 0.0464525
2026-07-07 00:27:40.416 10 INFO neutron.wsgi [None req-f2a94663-bd92-4bc1-8fb4-6d9bb5651640 e6505fda6b2f4b5e996fb8181cfc5ab3 11e3fabf22bd451ca16dc744efd81686 - - default default] 10.0.0.141 "GET /v2.0/ports/aa0e8e09-ecf1-4d22-ad12-cca3ca4aea51/tags HTTP/1.1" status: 200 len: 205 time: 0.0306928
2026-07-07 00:27:40.765 10 INFO neutron.wsgi [None req-c8623267-1c73-4b52-96f0-6e0a39f801ec e6505fda6b2f4b5e996fb8181cfc5ab3 11e3fabf22bd451ca16dc744efd81686 - - default default] 10.0.0.141 "DELETE /v2.0/ports/aa0e8e09-ecf1-4d22-ad12-cca3ca4aea51 HTTP/1.1" status: 204 len: 168 time: 0.3399704
2026-07-07 00:27:40.933 9 INFO neutron.db.ovn_revision_numbers_db [None req-f16ace00-95b0-49a2-9f41-49d32c895599 be4cb84c4ba948ec9c062b7a4008b662 7a10b33a19c046c49c77a20affc073e2 - - default default] Successfully bumped revision number for resource b922f680-5744-40f4-ad41-f783563e662e (type: security_groups) to 1
2026-07-07 00:27:40.949 9 INFO neutron.db.ovn_revision_numbers_db [None req-f16ace00-95b0-49a2-9f41-49d32c895599 be4cb84c4ba948ec9c062b7a4008b662 7a10b33a19c046c49c77a20affc073e2 - - default default] Successfully bumped revision number for resource 0e2fcff3-206f-4070-b740-c5c776e95835 (type: security_group_rules) to 0
2026-07-07 00:27:40.963 9 INFO neutron.db.ovn_revision_numbers_db [None req-f16ace00-95b0-49a2-9f41-49d32c895599 be4cb84c4ba948ec9c062b7a4008b662 7a10b33a19c046c49c77a20affc073e2 - - default default] Successfully bumped revision number for resource 43f4cf61-cba1-4b14-b4f3-22f4e789ceb8 (type: security_group_rules) to 0
2026-07-07 00:27:40.985 9 INFO neutron.db.ovn_revision_numbers_db [None req-f16ace00-95b0-49a2-9f41-49d32c895599 be4cb84c4ba948ec9c062b7a4008b662 7a10b33a19c046c49c77a20affc073e2 - - default default] Successfully bumped revision number for resource 5a753df2-66a2-43bd-b5cc-25fd12951630 (type: security_group_rules) to 0
2026-07-07 00:27:41.002 9 INFO neutron.db.ovn_revision_numbers_db [None req-f16ace00-95b0-49a2-9f41-49d32c895599 be4cb84c4ba948ec9c062b7a4008b662 7a10b33a19c046c49c77a20affc073e2 - - default default] Successfully bumped revision number for resource ddde6e0e-c661-4ca1-8ddc-a61fc9b7d4ae (type: security_group_rules) to 0
2026-07-07 00:27:41.029 9 INFO neutron.wsgi [None req-f16ace00-95b0-49a2-9f41-49d32c895599 be4cb84c4ba948ec9c062b7a4008b662 7a10b33a19c046c49c77a20affc073e2 - - default default] 10.0.0.141 "GET /v2.0/security-groups?tenant_id=ee3fc1615a9e48618c73af2e677ccfd4&name=default HTTP/1.1" status: 200 len: 2996 time: 0.3943591
2026-07-07 00:27:41.153 10 INFO neutron.services.segments.plugin [-] Segment 5a3c3008-ece2-4ae1-acb9-65f80386a2da resource provider aggregate not found
2026-07-07 00:27:41.160 10 INFO neutron.services.segments.plugin [-] Segment 5a3c3008-ece2-4ae1-acb9-65f80386a2da resource provider aggregate not found
2026-07-07 00:27:41.184 10 INFO neutron.services.segments.plugin [-] Segment 5a3c3008-ece2-4ae1-acb9-65f80386a2da resource provider not found; error: Placement Client Error (4xx): {"errors": [{"status": 404, "title": "Not Found", "detail": "The resource could not be found.\n\n No resource provider with uuid 5a3c3008-ece2-4ae1-acb9-65f80386a2da found for delete ", "request_id": "req-9622afdd-1adc-4e30-8e86-277f3f889027"}]}
2026-07-07 00:27:41.186 10 INFO neutron.services.segments.plugin [-] Segment 5a3c3008-ece2-4ae1-acb9-65f80386a2da resource provider not found; error: Placement Client Error (4xx): {"errors": [{"status": 404, "title": "Not Found", "detail": "The resource could not be found.\n\n No resource provider with uuid 5a3c3008-ece2-4ae1-acb9-65f80386a2da found for delete ", "request_id": "req-013474b6-fdcb-4829-b72d-ec53fbd2ebb5"}]}
2026-07-07 00:27:41.210 10 INFO neutron.wsgi [None req-424963f6-f7ce-4201-8f00-6b2fe0675508 e6505fda6b2f4b5e996fb8181cfc5ab3 11e3fabf22bd451ca16dc744efd81686 - - default default] 10.0.0.141 "DELETE /v2.0/networks/5482b2b6-89ad-4eee-b9b9-300e54944635 HTTP/1.1" status: 204 len: 168 time: 0.4362521
2026-07-07 00:27:41.273 9 INFO neutron.wsgi [None req-9d2c2b52-2802-4c2c-acf5-dd913508a78c be4cb84c4ba948ec9c062b7a4008b662 7a10b33a19c046c49c77a20affc073e2 - - default default] 10.0.0.141 "DELETE /v2.0/security-groups/b922f680-5744-40f4-ad41-f783563e662e HTTP/1.1" status: 204 len: 168 time: 0.2375832
2026-07-07 00:27:42.253 10 INFO neutron.db.ovn_revision_numbers_db [None req-6f4e5403-61ea-4283-bc07-ebf4f8352182 be4cb84c4ba948ec9c062b7a4008b662 7a10b33a19c046c49c77a20affc073e2 - - default default] Successfully bumped revision number for resource 84cf2491-71a8-43f9-9ba8-486ad5290cf6 (type: security_groups) to 1
2026-07-07 00:27:42.269 10 INFO neutron.db.ovn_revision_numbers_db [None req-6f4e5403-61ea-4283-bc07-ebf4f8352182 be4cb84c4ba948ec9c062b7a4008b662 7a10b33a19c046c49c77a20affc073e2 - - default default] Successfully bumped revision number for resource 01009b33-7c3b-4dd7-8acd-0364a6f3c0d9 (type: security_group_rules) to 0
2026-07-07 00:27:42.284 10 INFO neutron.db.ovn_revision_numbers_db [None req-6f4e5403-61ea-4283-bc07-ebf4f8352182 be4cb84c4ba948ec9c062b7a4008b662 7a10b33a19c046c49c77a20affc073e2 - - default default] Successfully bumped revision number for resource 5314b2a1-c387-424b-94a0-92116b87a183 (type: security_group_rules) to 0
2026-07-07 00:27:42.298 10 INFO neutron.db.ovn_revision_numbers_db [None req-6f4e5403-61ea-4283-bc07-ebf4f8352182 be4cb84c4ba948ec9c062b7a4008b662 7a10b33a19c046c49c77a20affc073e2 - - default default] Successfully bumped revision number for resource b85984ef-468a-4821-8d94-642735ccf2b4 (type: security_group_rules) to 0
2026-07-07 00:27:42.314 10 INFO neutron.db.ovn_revision_numbers_db [None req-6f4e5403-61ea-4283-bc07-ebf4f8352182 be4cb84c4ba948ec9c062b7a4008b662 7a10b33a19c046c49c77a20affc073e2 - - default default] Successfully bumped revision number for resource ba611c6e-d125-4d2b-82da-434f253b7df8 (type: security_group_rules) to 0
2026-07-07 00:27:42.337 10 INFO neutron.wsgi [None req-6f4e5403-61ea-4283-bc07-ebf4f8352182 be4cb84c4ba948ec9c062b7a4008b662 7a10b33a19c046c49c77a20affc073e2 - - default default] 10.0.0.141 "GET /v2.0/security-groups?tenant_id=bcc777531cf64b4eb963c4b381be87a6&name=default HTTP/1.1" status: 200 len: 2996 time: 0.3313272
2026-07-07 00:27:42.598 10 INFO neutron.wsgi [None req-715c0ad4-3f32-47dc-b1a6-e60ce9c41e8e be4cb84c4ba948ec9c062b7a4008b662 7a10b33a19c046c49c77a20affc073e2 - - default default] 10.0.0.141 "DELETE /v2.0/security-groups/84cf2491-71a8-43f9-9ba8-486ad5290cf6 HTTP/1.1" status: 204 len: 168 time: 0.2526169
2026-07-07 00:27:42.777 9 INFO neutron.wsgi [None req-4e0e8c29-1afb-4f85-be00-509acc7bdd23 be4cb84c4ba948ec9c062b7a4008b662 7a10b33a19c046c49c77a20affc073e2 - - default default] 10.0.0.141 "GET /v2.0/security-groups?tenant_id=11e3fabf22bd451ca16dc744efd81686&name=default HTTP/1.1" status: 200 len: 2996 time: 0.0456254
2026-07-07 00:27:42.977 9 INFO neutron.wsgi [None req-eec8dc68-f90f-4f6f-ade4-2dae57a532e6 be4cb84c4ba948ec9c062b7a4008b662 7a10b33a19c046c49c77a20affc073e2 - - default default] 10.0.0.141 "DELETE /v2.0/security-groups/a68478f4-c046-44ef-989c-6115025c1a6f HTTP/1.1" status: 204 len: 168 time: 0.1933973
2026-07-07 00:27:44.270 10 INFO neutron.db.ovn_revision_numbers_db [None req-83926018-68bd-46fd-8ff8-fc226473971b d1b1413ac68848388fbf0647414c5b3c f473fc911fe54c5695989b0870d10c63 - - default default] Successfully bumped revision number for resource 231ce14b-7ed3-4e66-830d-6c7f53ee9749 (type: security_groups) to 1
2026-07-07 00:27:44.287 10 INFO neutron.db.ovn_revision_numbers_db [None req-83926018-68bd-46fd-8ff8-fc226473971b d1b1413ac68848388fbf0647414c5b3c f473fc911fe54c5695989b0870d10c63 - - default default] Successfully bumped revision number for resource 1cee9152-e363-4f7b-9d25-977e7594497b (type: security_group_rules) to 0
2026-07-07 00:27:44.305 10 INFO neutron.db.ovn_revision_numbers_db [None req-83926018-68bd-46fd-8ff8-fc226473971b d1b1413ac68848388fbf0647414c5b3c f473fc911fe54c5695989b0870d10c63 - - default default] Successfully bumped revision number for resource 405c2daf-c62e-493b-adf6-32e10b76dcf8 (type: security_group_rules) to 0
2026-07-07 00:27:44.325 10 INFO neutron.db.ovn_revision_numbers_db [None req-83926018-68bd-46fd-8ff8-fc226473971b d1b1413ac68848388fbf0647414c5b3c f473fc911fe54c5695989b0870d10c63 - - default default] Successfully bumped revision number for resource 90136705-a07d-4960-be20-74df90a8a701 (type: security_group_rules) to 0
2026-07-07 00:27:44.343 10 INFO neutron.db.ovn_revision_numbers_db [None req-83926018-68bd-46fd-8ff8-fc226473971b d1b1413ac68848388fbf0647414c5b3c f473fc911fe54c5695989b0870d10c63 - - default default] Successfully bumped revision number for resource f7f8184a-40b7-44b6-9a0d-de9ae2879029 (type: security_group_rules) to 0
2026-07-07 00:27:44.400 10 INFO neutron.db.segments_db [None req-83926018-68bd-46fd-8ff8-fc226473971b d1b1413ac68848388fbf0647414c5b3c f473fc911fe54c5695989b0870d10c63 - - default default] Added segment 1e73ac63-e2f4-49d6-b092-99460394388d of type geneve for network e31d04d2-110c-4332-8189-13fc2c3a5d50
2026-07-07 00:27:44.580 10 INFO neutron.db.ovn_revision_numbers_db [None req-83926018-68bd-46fd-8ff8-fc226473971b d1b1413ac68848388fbf0647414c5b3c f473fc911fe54c5695989b0870d10c63 - - default default] Successfully bumped revision number for resource e31d04d2-110c-4332-8189-13fc2c3a5d50 (type: networks) to 1
2026-07-07 00:27:44.787 10 WARNING neutron.scheduler.dhcp_agent_scheduler [None req-83926018-68bd-46fd-8ff8-fc226473971b d1b1413ac68848388fbf0647414c5b3c f473fc911fe54c5695989b0870d10c63 - - default default] No more DHCP agents
2026-07-07 00:27:44.790 10 WARNING neutron.api.rpc.agentnotifiers.dhcp_rpc_agent_api [None req-83926018-68bd-46fd-8ff8-fc226473971b d1b1413ac68848388fbf0647414c5b3c f473fc911fe54c5695989b0870d10c63 - - default default] Unable to schedule network e31d04d2-110c-4332-8189-13fc2c3a5d50: no agents available; will retry on subsequent port and subnet creation events.
2026-07-07 00:27:44.868 10 INFO neutron.db.ovn_revision_numbers_db [None req-83926018-68bd-46fd-8ff8-fc226473971b d1b1413ac68848388fbf0647414c5b3c f473fc911fe54c5695989b0870d10c63 - - default default] Successfully bumped revision number for resource 448fe5bd-d278-42b4-ad83-f7ddd1afffa4 (type: ports) to 1
2026-07-07 00:27:44.892 10 INFO neutron.wsgi [None req-83926018-68bd-46fd-8ff8-fc226473971b d1b1413ac68848388fbf0647414c5b3c f473fc911fe54c5695989b0870d10c63 - - default default] 10.0.0.141 "POST /v2.0/networks HTTP/1.1" status: 201 len: 831 time: 1.0225513
2026-07-07 00:27:44.952 10 INFO neutron.wsgi [None req-fb894041-67e3-4461-a48a-f32f1f8330ab d1b1413ac68848388fbf0647414c5b3c f473fc911fe54c5695989b0870d10c63 - - default default] 10.0.0.141 "PUT /v2.0/networks/e31d04d2-110c-4332-8189-13fc2c3a5d50/tags HTTP/1.1" status: 200 len: 218 time: 0.0533612
2026-07-07 00:27:44.997 10 INFO neutron.wsgi [None req-65248bb5-517b-4d4e-b3e8-4d19fd7d6e95 d1b1413ac68848388fbf0647414c5b3c f473fc911fe54c5695989b0870d10c63 - - default default] 10.0.0.141 "GET /v2.0/networks/e31d04d2-110c-4332-8189-13fc2c3a5d50/tags HTTP/1.1" status: 200 len: 218 time: 0.0383613
2026-07-07 00:27:45.071 10 INFO neutron.wsgi [None req-a6803649-1aa2-4441-a363-1aded13b46c7 d1b1413ac68848388fbf0647414c5b3c f473fc911fe54c5695989b0870d10c63 - - default default] 10.0.0.141 "PUT /v2.0/networks/e31d04d2-110c-4332-8189-13fc2c3a5d50/tags/green HTTP/1.1" status: 201 len: 201 time: 0.0673077
2026-07-07 00:27:45.123 10 INFO neutron.wsgi [None req-62c09d4c-c448-4cd0-bdf0-ba5def7fc9bd d1b1413ac68848388fbf0647414c5b3c f473fc911fe54c5695989b0870d10c63 - - default default] 10.0.0.141 "GET /v2.0/networks/e31d04d2-110c-4332-8189-13fc2c3a5d50/tags HTTP/1.1" status: 200 len: 227 time: 0.0460191
2026-07-07 00:27:45.170 10 INFO neutron.wsgi [None req-35490a56-77e0-4276-a23b-179c9788a2d4 d1b1413ac68848388fbf0647414c5b3c f473fc911fe54c5695989b0870d10c63 - - default default] 10.0.0.141 "PUT /v2.0/networks/e31d04d2-110c-4332-8189-13fc2c3a5d50/tags/red HTTP/1.1" status: 201 len: 201 time: 0.0406809
2026-07-07 00:27:45.220 10 INFO neutron.wsgi [None req-2ae30828-2723-44e4-b014-6c5b6a2272ae d1b1413ac68848388fbf0647414c5b3c f473fc911fe54c5695989b0870d10c63 - - default default] 10.0.0.141 "GET /v2.0/networks/e31d04d2-110c-4332-8189-13fc2c3a5d50/tags HTTP/1.1" status: 200 len: 227 time: 0.0444841
2026-07-07 00:27:45.283 10 INFO neutron.wsgi [None req-bcb5bd28-2b0b-4ef4-b2f9-e378b363a230 d1b1413ac68848388fbf0647414c5b3c f473fc911fe54c5695989b0870d10c63 - - default default] 10.0.0.141 "PUT /v2.0/networks/e31d04d2-110c-4332-8189-13fc2c3a5d50/tags/black.or.white HTTP/1.1" status: 201 len: 201 time: 0.0559740
2026-07-07 00:27:45.328 10 INFO neutron.wsgi [None req-57348957-954a-4740-81f6-af45670f1442 d1b1413ac68848388fbf0647414c5b3c f473fc911fe54c5695989b0870d10c63 - - default default] 10.0.0.141 "GET /v2.0/networks/e31d04d2-110c-4332-8189-13fc2c3a5d50/tags HTTP/1.1" status: 200 len: 245 time: 0.0387614
2026-07-07 00:27:45.385 10 INFO neutron.wsgi [None req-da19da39-fb3c-4ba9-9981-8f33743863c6 d1b1413ac68848388fbf0647414c5b3c f473fc911fe54c5695989b0870d10c63 - - default default] 10.0.0.141 "PUT /v2.0/networks/e31d04d2-110c-4332-8189-13fc2c3a5d50/tags HTTP/1.1" status: 200 len: 230 time: 0.0511258
2026-07-07 00:27:45.433 10 INFO neutron.wsgi [None req-047f3b76-c08e-4531-a093-b48744f93c8d d1b1413ac68848388fbf0647414c5b3c f473fc911fe54c5695989b0870d10c63 - - default default] 10.0.0.141 "GET /v2.0/networks/e31d04d2-110c-4332-8189-13fc2c3a5d50/tags HTTP/1.1" status: 200 len: 230 time: 0.0425241
2026-07-07 00:27:45.480 10 INFO neutron.wsgi [None req-ce655986-a9e9-4bca-8580-0acfce0fb388 d1b1413ac68848388fbf0647414c5b3c f473fc911fe54c5695989b0870d10c63 - - default default] 10.0.0.141 "GET /v2.0/networks/e31d04d2-110c-4332-8189-13fc2c3a5d50/tags/red HTTP/1.1" status: 204 len: 168 time: 0.0409510
2026-07-07 00:27:45.521 10 INFO neutron.api.v2.resource [None req-afeddcaf-980e-4175-a387-250c73fb8cd0 d1b1413ac68848388fbf0647414c5b3c f473fc911fe54c5695989b0870d10c63 - - default default] show failed (client error): The resource could not be found.
2026-07-07 00:27:45.522 10 INFO neutron.wsgi [None req-afeddcaf-980e-4175-a387-250c73fb8cd0 d1b1413ac68848388fbf0647414c5b3c f473fc911fe54c5695989b0870d10c63 - - default default] 10.0.0.141 "GET /v2.0/networks/e31d04d2-110c-4332-8189-13fc2c3a5d50/tags/green HTTP/1.1" status: 404 len: 299 time: 0.0365093
2026-07-07 00:27:45.590 10 INFO neutron.wsgi [None req-a8f7161d-b4da-4025-a34b-6e9021038637 d1b1413ac68848388fbf0647414c5b3c f473fc911fe54c5695989b0870d10c63 - - default default] 10.0.0.141 "DELETE /v2.0/networks/e31d04d2-110c-4332-8189-13fc2c3a5d50/tags/red HTTP/1.1" status: 204 len: 168 time: 0.0637391
2026-07-07 00:27:45.640 10 INFO neutron.wsgi [None req-6e7f19cd-0735-470b-bfb1-1bb71b6ef811 d1b1413ac68848388fbf0647414c5b3c f473fc911fe54c5695989b0870d10c63 - - default default] 10.0.0.141 "GET /v2.0/networks/e31d04d2-110c-4332-8189-13fc2c3a5d50/tags HTTP/1.1" status: 200 len: 223 time: 0.0416052
2026-07-07 00:27:45.691 10 INFO neutron.api.v2.resource [None req-2b63bd26-84a9-469d-ab02-dbc49aea6986 d1b1413ac68848388fbf0647414c5b3c f473fc911fe54c5695989b0870d10c63 - - default default] delete failed (client error): The resource could not be found.
2026-07-07 00:27:45.693 10 INFO neutron.wsgi [None req-2b63bd26-84a9-469d-ab02-dbc49aea6986 d1b1413ac68848388fbf0647414c5b3c f473fc911fe54c5695989b0870d10c63 - - default default] 10.0.0.141 "DELETE /v2.0/networks/e31d04d2-110c-4332-8189-13fc2c3a5d50/tags/green HTTP/1.1" status: 404 len: 299 time: 0.0460148
2026-07-07 00:27:45.760 10 INFO neutron.wsgi [None req-ffddac87-8a95-4fd4-b789-e9a02e203ae6 d1b1413ac68848388fbf0647414c5b3c f473fc911fe54c5695989b0870d10c63 - - default default] 10.0.0.141 "DELETE /v2.0/networks/e31d04d2-110c-4332-8189-13fc2c3a5d50/tags HTTP/1.1" status: 204 len: 168 time: 0.0611613
2026-07-07 00:27:45.806 10 INFO neutron.wsgi [None req-0c59b292-eddf-41a3-8673-f1aac2217c01 d1b1413ac68848388fbf0647414c5b3c f473fc911fe54c5695989b0870d10c63 - - default default] 10.0.0.141 "GET /v2.0/networks/e31d04d2-110c-4332-8189-13fc2c3a5d50/tags HTTP/1.1" status: 200 len: 205 time: 0.0404320
2026-07-07 00:27:46.226 9 INFO neutron.services.segments.plugin [-] Segment 1e73ac63-e2f4-49d6-b092-99460394388d resource provider aggregate not found
2026-07-07 00:27:46.232 9 INFO neutron.services.segments.plugin [-] Segment 1e73ac63-e2f4-49d6-b092-99460394388d resource provider aggregate not found
2026-07-07 00:27:46.268 9 INFO neutron.services.segments.plugin [-] Segment 1e73ac63-e2f4-49d6-b092-99460394388d resource provider not found; error: Placement Client Error (4xx): {"errors": [{"status": 404, "title": "Not Found", "detail": "The resource could not be found.\n\n No resource provider with uuid 1e73ac63-e2f4-49d6-b092-99460394388d found for delete ", "request_id": "req-7ba58634-ca4b-48ea-98b7-4cda86c4a39e"}]}
2026-07-07 00:27:46.275 9 INFO neutron.services.segments.plugin [-] Segment 1e73ac63-e2f4-49d6-b092-99460394388d resource provider not found; error: Placement Client Error (4xx): {"errors": [{"status": 404, "title": "Not Found", "detail": "The resource could not be found.\n\n No resource provider with uuid 1e73ac63-e2f4-49d6-b092-99460394388d found for delete ", "request_id": "req-bb90742b-bf4a-42d2-9a72-3215f288ea4a"}]}
2026-07-07 00:27:46.313 9 INFO neutron.wsgi [None req-0fc0cf47-16ca-4051-8c05-dfef214d7954 d1b1413ac68848388fbf0647414c5b3c f473fc911fe54c5695989b0870d10c63 - - default default] 10.0.0.141 "DELETE /v2.0/networks/e31d04d2-110c-4332-8189-13fc2c3a5d50 HTTP/1.1" status: 204 len: 168 time: 0.5008199
2026-07-07 00:27:46.979 10 INFO neutron.db.ovn_revision_numbers_db [None req-76b450a9-d8de-4eb9-94eb-c62600eae1a7 ab174b875ad94afda24f8326c858b01c 68bd90163c8449ccb13eb9d39db99ab7 - - default default] Successfully bumped revision number for resource f439240c-d2fd-4186-846e-7d45f3cbe851 (type: security_groups) to 1
2026-07-07 00:27:46.997 10 INFO neutron.db.ovn_revision_numbers_db [None req-76b450a9-d8de-4eb9-94eb-c62600eae1a7 ab174b875ad94afda24f8326c858b01c 68bd90163c8449ccb13eb9d39db99ab7 - - default default] Successfully bumped revision number for resource 3fc5b988-d2d4-4451-bb73-2162d882f389 (type: security_group_rules) to 0
2026-07-07 00:27:47.015 10 INFO neutron.db.ovn_revision_numbers_db [None req-76b450a9-d8de-4eb9-94eb-c62600eae1a7 ab174b875ad94afda24f8326c858b01c 68bd90163c8449ccb13eb9d39db99ab7 - - default default] Successfully bumped revision number for resource 71f4af12-f3e8-486b-9e81-d5a0a4306bdd (type: security_group_rules) to 0
2026-07-07 00:27:47.029 10 INFO neutron.db.ovn_revision_numbers_db [None req-76b450a9-d8de-4eb9-94eb-c62600eae1a7 ab174b875ad94afda24f8326c858b01c 68bd90163c8449ccb13eb9d39db99ab7 - - default default] Successfully bumped revision number for resource 864f6128-9da7-47d3-8c6e-f8107463c78a (type: security_group_rules) to 0
2026-07-07 00:27:47.046 10 INFO neutron.db.ovn_revision_numbers_db [None req-76b450a9-d8de-4eb9-94eb-c62600eae1a7 ab174b875ad94afda24f8326c858b01c 68bd90163c8449ccb13eb9d39db99ab7 - - default default] Successfully bumped revision number for resource d45d1b30-ad87-407e-be76-f0c9e2a0da23 (type: security_group_rules) to 0
2026-07-07 00:27:47.158 10 INFO neutron.db.ovn_revision_numbers_db [None req-76b450a9-d8de-4eb9-94eb-c62600eae1a7 ab174b875ad94afda24f8326c858b01c 68bd90163c8449ccb13eb9d39db99ab7 - - default default] Successfully bumped revision number for resource 400a44c3-2236-4d11-8827-28adf68f0846 (type: security_groups) to 1
2026-07-07 00:27:47.178 10 INFO neutron.db.ovn_revision_numbers_db [None req-76b450a9-d8de-4eb9-94eb-c62600eae1a7 ab174b875ad94afda24f8326c858b01c 68bd90163c8449ccb13eb9d39db99ab7 - - default default] Successfully bumped revision number for resource 5d8126db-5136-44ae-b03d-055c5aac13dd (type: security_group_rules) to 0
2026-07-07 00:27:47.203 10 INFO neutron.db.ovn_revision_numbers_db [None req-76b450a9-d8de-4eb9-94eb-c62600eae1a7 ab174b875ad94afda24f8326c858b01c 68bd90163c8449ccb13eb9d39db99ab7 - - default default] Successfully bumped revision number for resource 7a0b6ca8-5650-4141-b5b8-0379c5e8b08d (type: security_group_rules) to 0
2026-07-07 00:27:47.233 10 INFO neutron.wsgi [None req-76b450a9-d8de-4eb9-94eb-c62600eae1a7 ab174b875ad94afda24f8326c858b01c 68bd90163c8449ccb13eb9d39db99ab7 - - default default] 10.0.0.141 "POST /v2.0/security-groups HTTP/1.1" status: 201 len: 1737 time: 0.7198460
2026-07-07 00:27:47.287 9 INFO neutron.wsgi [None req-350de398-b677-448f-a21c-6a169796eb39 ab174b875ad94afda24f8326c858b01c 68bd90163c8449ccb13eb9d39db99ab7 - - default default] 10.0.0.141 "PUT /v2.0/security-groups/400a44c3-2236-4d11-8827-28adf68f0846/tags HTTP/1.1" status: 200 len: 218 time: 0.0476563
2026-07-07 00:27:47.321 10 INFO neutron.wsgi [None req-02f581ef-7837-461f-ac60-33711245305c ab174b875ad94afda24f8326c858b01c 68bd90163c8449ccb13eb9d39db99ab7 - - default default] 10.0.0.141 "GET /v2.0/security-groups/400a44c3-2236-4d11-8827-28adf68f0846/tags HTTP/1.1" status: 200 len: 218 time: 0.0245857
2026-07-07 00:27:47.360 9 INFO neutron.db.ovn_revision_numbers_db [None req-56b3d8bc-cb3f-4624-9cd9-27375b3e4c39 be4cb84c4ba948ec9c062b7a4008b662 7a10b33a19c046c49c77a20affc073e2 - - default default] Successfully bumped revision number for resource fae0ea10-2184-42fb-95f4-ce558d723e98 (type: security_groups) to 1
2026-07-07 00:27:47.371 10 INFO neutron.wsgi [None req-a9a81ae0-4b04-4b79-945c-2f144c7185b8 ab174b875ad94afda24f8326c858b01c 68bd90163c8449ccb13eb9d39db99ab7 - - default default] 10.0.0.141 "PUT /v2.0/security-groups/400a44c3-2236-4d11-8827-28adf68f0846/tags/green HTTP/1.1" status: 201 len: 201 time: 0.0429459
2026-07-07 00:27:47.375 9 INFO neutron.db.ovn_revision_numbers_db [None req-56b3d8bc-cb3f-4624-9cd9-27375b3e4c39 be4cb84c4ba948ec9c062b7a4008b662 7a10b33a19c046c49c77a20affc073e2 - - default default] Successfully bumped revision number for resource 2ddec04d-4c0f-4911-bfeb-74a3f0138d09 (type: security_group_rules) to 0
2026-07-07 00:27:47.389 9 INFO neutron.db.ovn_revision_numbers_db [None req-56b3d8bc-cb3f-4624-9cd9-27375b3e4c39 be4cb84c4ba948ec9c062b7a4008b662 7a10b33a19c046c49c77a20affc073e2 - - default default] Successfully bumped revision number for resource 5c28d0b4-8059-4d41-9de0-9beb8c6021e3 (type: security_group_rules) to 0
2026-07-07 00:27:47.399 10 INFO neutron.wsgi [None req-ccd6dc2f-837c-4b24-a2c8-b3722fad6d68 ab174b875ad94afda24f8326c858b01c 68bd90163c8449ccb13eb9d39db99ab7 - - default default] 10.0.0.141 "GET /v2.0/security-groups/400a44c3-2236-4d11-8827-28adf68f0846/tags HTTP/1.1" status: 200 len: 227 time: 0.0231538
2026-07-07 00:27:47.402 9 INFO neutron.db.ovn_revision_numbers_db [None req-56b3d8bc-cb3f-4624-9cd9-27375b3e4c39 be4cb84c4ba948ec9c062b7a4008b662 7a10b33a19c046c49c77a20affc073e2 - - default default] Successfully bumped revision number for resource 894e4173-6500-484f-9730-0bdbc0795463 (type: security_group_rules) to 0
2026-07-07 00:27:47.415 9 INFO neutron.db.ovn_revision_numbers_db [None req-56b3d8bc-cb3f-4624-9cd9-27375b3e4c39 be4cb84c4ba948ec9c062b7a4008b662 7a10b33a19c046c49c77a20affc073e2 - - default default] Successfully bumped revision number for resource f72c91c6-d0f4-4029-957c-be242c4f6463 (type: security_group_rules) to 0
2026-07-07 00:27:47.427 10 INFO neutron.wsgi [None req-eb10d797-c7f4-43a5-9883-36d3f6ff3723 ab174b875ad94afda24f8326c858b01c 68bd90163c8449ccb13eb9d39db99ab7 - - default default] 10.0.0.141 "PUT /v2.0/security-groups/400a44c3-2236-4d11-8827-28adf68f0846/tags/red HTTP/1.1" status: 201 len: 201 time: 0.0221546
2026-07-07 00:27:47.447 9 INFO neutron.wsgi [None req-56b3d8bc-cb3f-4624-9cd9-27375b3e4c39 be4cb84c4ba948ec9c062b7a4008b662 7a10b33a19c046c49c77a20affc073e2 - - default default] 10.0.0.141 "GET /v2.0/security-groups?tenant_id=25e0265c65a74142a83fe5dbc87c0578&name=default HTTP/1.1" status: 200 len: 2996 time: 0.4110875
2026-07-07 00:27:47.458 9 INFO neutron.wsgi [None req-20bc4f0c-3c8a-4d88-9457-c78455b88f8b ab174b875ad94afda24f8326c858b01c 68bd90163c8449ccb13eb9d39db99ab7 - - default default] 10.0.0.141 "GET /v2.0/security-groups/400a44c3-2236-4d11-8827-28adf68f0846/tags HTTP/1.1" status: 200 len: 227 time: 0.0241821
2026-07-07 00:27:47.491 9 INFO neutron.wsgi [None req-675c2694-0b43-4744-9e6d-f00f7d6ff5c1 ab174b875ad94afda24f8326c858b01c 68bd90163c8449ccb13eb9d39db99ab7 - - default default] 10.0.0.141 "PUT /v2.0/security-groups/400a44c3-2236-4d11-8827-28adf68f0846/tags/black.or.white HTTP/1.1" status: 201 len: 201 time: 0.0286007
2026-07-07 00:27:47.526 10 INFO neutron.wsgi [None req-bf38a7b0-c76e-42e8-acbd-e0428e56c285 ab174b875ad94afda24f8326c858b01c 68bd90163c8449ccb13eb9d39db99ab7 - - default default] 10.0.0.141 "GET /v2.0/security-groups/400a44c3-2236-4d11-8827-28adf68f0846/tags HTTP/1.1" status: 200 len: 245 time: 0.0288186
2026-07-07 00:27:47.593 9 INFO neutron.wsgi [None req-e35b4fad-a849-4fcf-9c0e-db9c49f52bf0 ab174b875ad94afda24f8326c858b01c 68bd90163c8449ccb13eb9d39db99ab7 - - default default] 10.0.0.141 "PUT /v2.0/security-groups/400a44c3-2236-4d11-8827-28adf68f0846/tags HTTP/1.1" status: 200 len: 230 time: 0.0615082
2026-07-07 00:27:47.630 9 INFO neutron.wsgi [None req-db57d8d4-c56b-45cc-8850-9fa8ce319bfd ab174b875ad94afda24f8326c858b01c 68bd90163c8449ccb13eb9d39db99ab7 - - default default] 10.0.0.141 "GET /v2.0/security-groups/400a44c3-2236-4d11-8827-28adf68f0846/tags HTTP/1.1" status: 200 len: 230 time: 0.0321977
2026-07-07 00:27:47.663 9 INFO neutron.wsgi [None req-b72fa9dc-a5ba-4cd6-907c-b711e9e480a1 ab174b875ad94afda24f8326c858b01c 68bd90163c8449ccb13eb9d39db99ab7 - - default default] 10.0.0.141 "GET /v2.0/security-groups/400a44c3-2236-4d11-8827-28adf68f0846/tags/red HTTP/1.1" status: 204 len: 168 time: 0.0243714
2026-07-07 00:27:47.678 10 INFO neutron.wsgi [None req-d5d2e7d7-63b8-4efc-b284-2b610eb849f3 be4cb84c4ba948ec9c062b7a4008b662 7a10b33a19c046c49c77a20affc073e2 - - default default] 10.0.0.141 "DELETE /v2.0/security-groups/fae0ea10-2184-42fb-95f4-ce558d723e98 HTTP/1.1" status: 204 len: 168 time: 0.2253189
2026-07-07 00:27:47.693 9 INFO neutron.api.v2.resource [None req-f985cfbb-9f53-4475-9e33-ec9a8e33387f ab174b875ad94afda24f8326c858b01c 68bd90163c8449ccb13eb9d39db99ab7 - - default default] show failed (client error): The resource could not be found.
2026-07-07 00:27:47.696 9 INFO neutron.wsgi [None req-f985cfbb-9f53-4475-9e33-ec9a8e33387f ab174b875ad94afda24f8326c858b01c 68bd90163c8449ccb13eb9d39db99ab7 - - default default] 10.0.0.141 "GET /v2.0/security-groups/400a44c3-2236-4d11-8827-28adf68f0846/tags/green HTTP/1.1" status: 404 len: 299 time: 0.0275495
2026-07-07 00:27:47.752 9 INFO neutron.wsgi [None req-4391b34d-fe01-480b-bbad-2655864ccc48 ab174b875ad94afda24f8326c858b01c 68bd90163c8449ccb13eb9d39db99ab7 - - default default] 10.0.0.141 "DELETE /v2.0/security-groups/400a44c3-2236-4d11-8827-28adf68f0846/tags/red HTTP/1.1" status: 204 len: 168 time: 0.0503273
2026-07-07 00:27:47.789 9 INFO neutron.wsgi [None req-a20c3972-e918-4e71-8765-3b40c2e60046 ab174b875ad94afda24f8326c858b01c 68bd90163c8449ccb13eb9d39db99ab7 - - default default] 10.0.0.141 "GET /v2.0/security-groups/400a44c3-2236-4d11-8827-28adf68f0846/tags HTTP/1.1" status: 200 len: 223 time: 0.0310235
2026-07-07 00:27:47.820 9 INFO neutron.api.v2.resource [None req-ca59b8e8-db37-4360-b42b-df814c523113 ab174b875ad94afda24f8326c858b01c 68bd90163c8449ccb13eb9d39db99ab7 - - default default] delete failed (client error): The resource could not be found.
2026-07-07 00:27:47.821 9 INFO neutron.wsgi [None req-ca59b8e8-db37-4360-b42b-df814c523113 ab174b875ad94afda24f8326c858b01c 68bd90163c8449ccb13eb9d39db99ab7 - - default default] 10.0.0.141 "DELETE /v2.0/security-groups/400a44c3-2236-4d11-8827-28adf68f0846/tags/green HTTP/1.1" status: 404 len: 299 time: 0.0259840
2026-07-07 00:27:47.861 9 INFO neutron.wsgi [None req-4e871830-afdc-4313-8201-b6e957054dfe ab174b875ad94afda24f8326c858b01c 68bd90163c8449ccb13eb9d39db99ab7 - - default default] 10.0.0.141 "DELETE /v2.0/security-groups/400a44c3-2236-4d11-8827-28adf68f0846/tags HTTP/1.1" status: 204 len: 168 time: 0.0345254
2026-07-07 00:27:47.891 10 INFO neutron.wsgi [None req-5dc7108f-a354-4184-aa7c-f39cf2606d06 ab174b875ad94afda24f8326c858b01c 68bd90163c8449ccb13eb9d39db99ab7 - - default default] 10.0.0.141 "GET /v2.0/security-groups/400a44c3-2236-4d11-8827-28adf68f0846/tags HTTP/1.1" status: 200 len: 205 time: 0.0252888
2026-07-07 00:27:47.898 10 INFO neutron.wsgi [None req-0ab5c6b4-dca3-45bc-974f-5207cf8f4b14 be4cb84c4ba948ec9c062b7a4008b662 7a10b33a19c046c49c77a20affc073e2 - - default default] 10.0.0.141 "GET /v2.0/security-groups?tenant_id=f473fc911fe54c5695989b0870d10c63&name=default HTTP/1.1" status: 200 len: 2996 time: 0.0455484
2026-07-07 00:27:48.035 10 INFO neutron.wsgi [None req-e2f7104b-d870-4185-8e86-9a705e2d7d15 ab174b875ad94afda24f8326c858b01c 68bd90163c8449ccb13eb9d39db99ab7 - - default default] 10.0.0.141 "DELETE /v2.0/security-groups/400a44c3-2236-4d11-8827-28adf68f0846 HTTP/1.1" status: 204 len: 168 time: 0.1249645
2026-07-07 00:27:48.127 9 INFO neutron.wsgi [None req-73f2e6cd-44c3-4b91-8610-3f46c10fe1e0 be4cb84c4ba948ec9c062b7a4008b662 7a10b33a19c046c49c77a20affc073e2 - - default default] 10.0.0.141 "DELETE /v2.0/security-groups/231ce14b-7ed3-4e66-830d-6c7f53ee9749 HTTP/1.1" status: 204 len: 168 time: 0.2233112
2026-07-07 00:27:48.219 10 INFO neutron.db.ovn_revision_numbers_db [None req-304546aa-337d-478f-9148-61044cd848fa be4cb84c4ba948ec9c062b7a4008b662 7a10b33a19c046c49c77a20affc073e2 - - default default] Successfully bumped revision number for resource 771b5206-ac11-4420-93f1-1735105132b2 (type: security_groups) to 1
2026-07-07 00:27:48.235 10 INFO neutron.db.ovn_revision_numbers_db [None req-304546aa-337d-478f-9148-61044cd848fa be4cb84c4ba948ec9c062b7a4008b662 7a10b33a19c046c49c77a20affc073e2 - - default default] Successfully bumped revision number for resource 45a9f903-1779-4b11-9202-21d4c97615d7 (type: security_group_rules) to 0
2026-07-07 00:27:48.249 10 INFO neutron.db.ovn_revision_numbers_db [None req-304546aa-337d-478f-9148-61044cd848fa be4cb84c4ba948ec9c062b7a4008b662 7a10b33a19c046c49c77a20affc073e2 - - default default] Successfully bumped revision number for resource 68acf390-8765-4977-b951-2265e4fd6374 (type: security_group_rules) to 0
2026-07-07 00:27:48.264 10 INFO neutron.db.ovn_revision_numbers_db [None req-304546aa-337d-478f-9148-61044cd848fa be4cb84c4ba948ec9c062b7a4008b662 7a10b33a19c046c49c77a20affc073e2 - - default default] Successfully bumped revision number for resource c6850f33-d9db-4972-8e9e-baf7e70cfc5b (type: security_group_rules) to 0
2026-07-07 00:27:48.279 10 INFO neutron.db.ovn_revision_numbers_db [None req-304546aa-337d-478f-9148-61044cd848fa be4cb84c4ba948ec9c062b7a4008b662 7a10b33a19c046c49c77a20affc073e2 - - default default] Successfully bumped revision number for resource fa1f4b1f-9ee9-4bbe-a6ff-c8d40714a963 (type: security_group_rules) to 0
2026-07-07 00:27:48.300 10 INFO neutron.wsgi [None req-304546aa-337d-478f-9148-61044cd848fa be4cb84c4ba948ec9c062b7a4008b662 7a10b33a19c046c49c77a20affc073e2 - - default default] 10.0.0.141 "GET /v2.0/security-groups?tenant_id=ec44070ac1824a40828ff82a04db052d&name=default HTTP/1.1" status: 200 len: 2996 time: 0.3774476
2026-07-07 00:27:48.565 10 INFO neutron.wsgi [None req-a46a88e1-6dae-4185-adf8-7fe4e8e74b9b be4cb84c4ba948ec9c062b7a4008b662 7a10b33a19c046c49c77a20affc073e2 - - default default] 10.0.0.141 "DELETE /v2.0/security-groups/771b5206-ac11-4420-93f1-1735105132b2 HTTP/1.1" status: 204 len: 168 time: 0.2605107
2026-07-07 00:27:48.970 10 INFO neutron.wsgi [req-02412291-ff1f-45b3-a783-604ab310cd00 req-9e4016e3-7e0c-4f2e-a8ea-70f7b5947dc2 89c303b20e664d4fbb7d2652fddd4b9e 1031b3bb3e9b4720a61baed768c1d65e - - 4a9d02f35e214977bc4d1f5b1325aaf9 4a9d02f35e214977bc4d1f5b1325aaf9] 10.0.0.202 "GET /v2.0/ports?device_id=38100ac4-aaf8-49dc-bc94-d0b0b29ac67e HTTP/1.1" status: 200 len: 1409 time: 0.0583310
2026-07-07 00:27:49.053 10 INFO neutron.wsgi [req-02412291-ff1f-45b3-a783-604ab310cd00 req-cb05a538-5e2e-4060-9a07-cbe54ac77603 89c303b20e664d4fbb7d2652fddd4b9e 1031b3bb3e9b4720a61baed768c1d65e - - 4a9d02f35e214977bc4d1f5b1325aaf9 4a9d02f35e214977bc4d1f5b1325aaf9] 10.0.0.202 "GET /v2.0/security-groups?id=f1cf0515-1eb4-43a7-b84d-ae647ae4484c&fields=id&fields=name HTTP/1.1" status: 200 len: 312 time: 0.0776746
2026-07-07 00:27:49.061 9 INFO neutron.db.ovn_revision_numbers_db [None req-04aafb8c-2dd2-44f4-bb28-b66442372162 be4cb84c4ba948ec9c062b7a4008b662 7a10b33a19c046c49c77a20affc073e2 - - default default] Successfully bumped revision number for resource 33096dcb-0a36-424c-9efa-6899251171bc (type: security_groups) to 1
2026-07-07 00:27:49.079 9 INFO neutron.db.ovn_revision_numbers_db [None req-04aafb8c-2dd2-44f4-bb28-b66442372162 be4cb84c4ba948ec9c062b7a4008b662 7a10b33a19c046c49c77a20affc073e2 - - default default] Successfully bumped revision number for resource 16a37cee-d8af-4210-b125-50a70934c300 (type: security_group_rules) to 0
2026-07-07 00:27:49.352 10 INFO neutron.db.ovn_revision_numbers_db [None req-19fac344-47ad-4b6f-bcb9-5b3789ee7e00 be4cb84c4ba948ec9c062b7a4008b662 7a10b33a19c046c49c77a20affc073e2 - - default default] Successfully bumped revision number for resource 70966df3-1dfa-4feb-b755-f97ffd9b3e54 (type: security_groups) to 1
2026-07-07 00:27:49.357 9 INFO neutron.db.ovn_revision_numbers_db [None req-04aafb8c-2dd2-44f4-bb28-b66442372162 be4cb84c4ba948ec9c062b7a4008b662 7a10b33a19c046c49c77a20affc073e2 - - default default] Successfully bumped revision number for resource 79dcdb2b-abc6-49ff-92ec-039eb12aee40 (type: security_group_rules) to 0
2026-07-07 00:27:49.374 10 INFO neutron.db.ovn_revision_numbers_db [None req-19fac344-47ad-4b6f-bcb9-5b3789ee7e00 be4cb84c4ba948ec9c062b7a4008b662 7a10b33a19c046c49c77a20affc073e2 - - default default] Successfully bumped revision number for resource 136657c8-4e9c-45ee-91a5-ebe48b8ee42a (type: security_group_rules) to 0
2026-07-07 00:27:49.382 9 INFO neutron.db.ovn_revision_numbers_db [None req-04aafb8c-2dd2-44f4-bb28-b66442372162 be4cb84c4ba948ec9c062b7a4008b662 7a10b33a19c046c49c77a20affc073e2 - - default default] Successfully bumped revision number for resource 94e0909b-f784-4862-b0e3-9e7f5ebba9ce (type: security_group_rules) to 0
2026-07-07 00:27:49.393 10 INFO neutron.db.ovn_revision_numbers_db [None req-19fac344-47ad-4b6f-bcb9-5b3789ee7e00 be4cb84c4ba948ec9c062b7a4008b662 7a10b33a19c046c49c77a20affc073e2 - - default default] Successfully bumped revision number for resource 178c1733-26a7-4759-b8dc-a0ea9fa0f2ce (type: security_group_rules) to 0
2026-07-07 00:27:49.434 9 INFO neutron.db.ovn_revision_numbers_db [None req-04aafb8c-2dd2-44f4-bb28-b66442372162 be4cb84c4ba948ec9c062b7a4008b662 7a10b33a19c046c49c77a20affc073e2 - - default default] Successfully bumped revision number for resource fb6ce9d5-9905-47fe-98a9-5ed4476e7500 (type: security_group_rules) to 0
2026-07-07 00:27:49.436 10 INFO neutron.db.ovn_revision_numbers_db [None req-19fac344-47ad-4b6f-bcb9-5b3789ee7e00 be4cb84c4ba948ec9c062b7a4008b662 7a10b33a19c046c49c77a20affc073e2 - - default default] Successfully bumped revision number for resource 451153b3-e97f-43a1-80e6-6abf146ebdea (type: security_group_rules) to 0
2026-07-07 00:27:49.464 9 INFO neutron.wsgi [None req-04aafb8c-2dd2-44f4-bb28-b66442372162 be4cb84c4ba948ec9c062b7a4008b662 7a10b33a19c046c49c77a20affc073e2 - - default default] 10.0.0.141 "GET /v2.0/security-groups?tenant_id=386fe2c8f5254a848cbd953fb2f9ca69&name=default HTTP/1.1" status: 200 len: 2996 time: 0.5500379
2026-07-07 00:27:49.474 10 INFO neutron.db.ovn_revision_numbers_db [None req-19fac344-47ad-4b6f-bcb9-5b3789ee7e00 be4cb84c4ba948ec9c062b7a4008b662 7a10b33a19c046c49c77a20affc073e2 - - default default] Successfully bumped revision number for resource ea64f4ca-2233-4b09-a83a-bc5323f0e453 (type: security_group_rules) to 0
2026-07-07 00:27:49.506 10 INFO neutron.wsgi [None req-19fac344-47ad-4b6f-bcb9-5b3789ee7e00 be4cb84c4ba948ec9c062b7a4008b662 7a10b33a19c046c49c77a20affc073e2 - - default default] 10.0.0.141 "GET /v2.0/security-groups?tenant_id=841fa126f5ef4bee80422b41f0a6d738&name=default HTTP/1.1" status: 200 len: 2996 time: 0.7966373
2026-07-07 00:27:51.705 10 INFO neutron.wsgi [None req-6aaae3c5-b182-4558-bde3-1071812ea061 be4cb84c4ba948ec9c062b7a4008b662 7a10b33a19c046c49c77a20affc073e2 - - default default] 10.0.0.141 "DELETE /v2.0/security-groups/70966df3-1dfa-4feb-b755-f97ffd9b3e54 HTTP/1.1" status: 204 len: 168 time: 2.1907203
2026-07-07 00:27:51.708 9 INFO neutron.wsgi [None req-697abadb-59af-425c-afda-d07e0c8ba864 be4cb84c4ba948ec9c062b7a4008b662 7a10b33a19c046c49c77a20affc073e2 - - default default] 10.0.0.141 "DELETE /v2.0/security-groups/33096dcb-0a36-424c-9efa-6899251171bc HTTP/1.1" status: 204 len: 168 time: 2.2398736
2026-07-07 00:27:51.856 9 INFO neutron.plugins.ml2.drivers.ovn.mech_driver.mech_driver [None req-3fdcba31-e094-4b92-868b-d5eff4a849a8 - - - - - -] OVN reports status down for port: adac5e41-e0aa-45fd-a7e6-6af7e8c82a82
2026-07-07 00:27:51.878 9 INFO neutron.wsgi [req-8cfb1947-103b-4078-8a64-98d00699a5e7 req-9654eddc-eb87-4fdb-8ce3-16ce1a796a69 067095f7ad814bae9b56522d12e646c0 3a4f1df2cf834d2b8e0d43d616bfe385 - - default default] 10.0.0.51 "GET /v2.0/ports?device_id=38100ac4-aaf8-49dc-bc94-d0b0b29ac67e HTTP/1.1" status: 200 len: 1170 time: 0.0935035
2026-07-07 00:27:51.922 10 INFO neutron.wsgi [None req-12c0840c-6641-417b-8ea8-ac2d858a1783 be4cb84c4ba948ec9c062b7a4008b662 7a10b33a19c046c49c77a20affc073e2 - - default default] 10.0.0.141 "GET /v2.0/security-groups?tenant_id=68bd90163c8449ccb13eb9d39db99ab7&name=default HTTP/1.1" status: 200 len: 2996 time: 0.0394499
2026-07-07 00:27:51.938 9 INFO neutron.wsgi [req-8cfb1947-103b-4078-8a64-98d00699a5e7 req-67264136-5ce6-415b-809b-d0ea719ec33e 067095f7ad814bae9b56522d12e646c0 3a4f1df2cf834d2b8e0d43d616bfe385 - - default default] 10.0.0.51 "GET /v2.0/security-groups?id=f1cf0515-1eb4-43a7-b84d-ae647ae4484c&fields=id&fields=name HTTP/1.1" status: 200 len: 312 time: 0.0551319
2026-07-07 00:27:52.022 9 INFO neutron.notifiers.nova [-] Nova event matching ['req-33884295-9ecb-42cb-96bc-8a630f0a9335'] response: {'server_uuid': '38100ac4-aaf8-49dc-bc94-d0b0b29ac67e', 'name': 'network-vif-unplugged', 'status': 'completed', 'tag': 'adac5e41-e0aa-45fd-a7e6-6af7e8c82a82', 'code': 200}
2026-07-07 00:27:52.151 9 INFO neutron.wsgi [req-83c5f5c3-f66a-468d-9f80-b6b0e952cc0d req-75c90a9a-afd7-439f-a18f-20543d413cff 067095f7ad814bae9b56522d12e646c0 3a4f1df2cf834d2b8e0d43d616bfe385 - - default default] 199.204.45.70 "GET /v2.0/ports?device_id=38100ac4-aaf8-49dc-bc94-d0b0b29ac67e HTTP/1.1" status: 200 len: 1168 time: 0.0451617
2026-07-07 00:27:52.153 10 INFO neutron.wsgi [None req-0e4ee7fe-fb99-4813-8739-f77c2260f8ac be4cb84c4ba948ec9c062b7a4008b662 7a10b33a19c046c49c77a20affc073e2 - - default default] 10.0.0.141 "DELETE /v2.0/security-groups/f439240c-d2fd-4186-846e-7d45f3cbe851 HTTP/1.1" status: 204 len: 168 time: 0.2241189
2026-07-07 00:27:52.266 9 INFO neutron.db.ovn_revision_numbers_db [None req-3fdcba31-e094-4b92-868b-d5eff4a849a8 - - - - - -] Successfully bumped revision number for resource adac5e41-e0aa-45fd-a7e6-6af7e8c82a82 (type: ports) to 5
2026-07-07 00:27:52.569 9 INFO neutron.db.l3_db [req-83c5f5c3-f66a-468d-9f80-b6b0e952cc0d req-4a36386f-f381-491d-b877-a30d16b42f7f 067095f7ad814bae9b56522d12e646c0 3a4f1df2cf834d2b8e0d43d616bfe385 - - default default] Floating IP 364e6b17-be2f-4ebe-bb07-8dd8ab8d428d disassociated. External IP: 10.96.250.211, port: adac5e41-e0aa-45fd-a7e6-6af7e8c82a82.
2026-07-07 00:27:52.599 9 INFO neutron.wsgi [-] 10.0.0.178 "GET / HTTP/1.1" status: 200 len: 247 time: 0.0013390
2026-07-07 00:27:52.600 9 INFO neutron.wsgi [-] 10.0.0.178 "GET / HTTP/1.1" status: 200 len: 247 time: 0.0009320
2026-07-07 00:27:53.017 9 INFO neutron.wsgi [req-83c5f5c3-f66a-468d-9f80-b6b0e952cc0d req-4a36386f-f381-491d-b877-a30d16b42f7f 067095f7ad814bae9b56522d12e646c0 3a4f1df2cf834d2b8e0d43d616bfe385 - - default default] 199.204.45.70 "DELETE /v2.0/ports/adac5e41-e0aa-45fd-a7e6-6af7e8c82a82 HTTP/1.1" status: 204 len: 173 time: 0.8575602 /var/lib/openstack/lib/python3.10/site-packages/pycadf/identifier.py:71: UserWarning: Invalid uuid: neutron. To ensure interoperability, identifiers should be a valid uuid. warnings.warn(('Invalid uuid: %s. To ensure interoperability, '
2026-07-07 00:27:53.045 9 INFO neutron.wsgi [req-26a2ed95-6cf4-45b4-9168-4ae24a38444d req-3d85e403-93a1-42f5-902d-7a3d633b5af4 067095f7ad814bae9b56522d12e646c0 3a4f1df2cf834d2b8e0d43d616bfe385 - - default default] 10.0.0.51 "GET /v2.0/ports?device_id=38100ac4-aaf8-49dc-bc94-d0b0b29ac67e HTTP/1.1" status: 200 len: 210 time: 0.0221212 /var/lib/openstack/lib/python3.10/site-packages/pycadf/identifier.py:71: UserWarning: Invalid uuid: neutron. To ensure interoperability, identifiers should be a valid uuid. warnings.warn(('Invalid uuid: %s. To ensure interoperability, '
2026-07-07 00:27:53.630 9 INFO neutron.wsgi [None req-83cc73fc-4247-43af-bc94-735840c296e8 879fa892dfe14516b8fe6f0f1147dfa2 66724cf218d04b348f00f30313072585 - - default default] 10.0.0.141 "POST /v2.0/qos/policies HTTP/1.1" status: 201 len: 558 time: 0.2100322
2026-07-07 00:27:53.669 9 INFO neutron.wsgi [None req-a71cfb85-ca34-46e2-8864-f0667637b5fc 879fa892dfe14516b8fe6f0f1147dfa2 66724cf218d04b348f00f30313072585 - - default default] 10.0.0.141 "PUT /v2.0/policies/7ed1f6f4-d9f2-432a-8612-5029204a5f2b/tags HTTP/1.1" status: 200 len: 218 time: 0.0318620
2026-07-07 00:27:53.698 10 INFO neutron.wsgi [None req-ea253533-9c57-42e9-b5d5-8fb666eaf924 879fa892dfe14516b8fe6f0f1147dfa2 66724cf218d04b348f00f30313072585 - - default default] 10.0.0.141 "GET /v2.0/policies/7ed1f6f4-d9f2-432a-8612-5029204a5f2b/tags HTTP/1.1" status: 200 len: 218 time: 0.0226359
2026-07-07 00:27:53.731 9 INFO neutron.wsgi [None req-7cf78c15-31ab-46d8-92fd-9a6b76c57db9 879fa892dfe14516b8fe6f0f1147dfa2 66724cf218d04b348f00f30313072585 - - default default] 10.0.0.141 "PUT /v2.0/policies/7ed1f6f4-d9f2-432a-8612-5029204a5f2b/tags/green HTTP/1.1" status: 201 len: 201 time: 0.0280521
2026-07-07 00:27:53.755 9 INFO neutron.wsgi [None req-2b097a0d-31e2-46d1-898b-1a00b93a0c2d 879fa892dfe14516b8fe6f0f1147dfa2 66724cf218d04b348f00f30313072585 - - default default] 10.0.0.141 "GET /v2.0/policies/7ed1f6f4-d9f2-432a-8612-5029204a5f2b/tags HTTP/1.1" status: 200 len: 227 time: 0.0165577
2026-07-07 00:27:53.777 9 INFO neutron.wsgi [None req-07597f5d-e0a8-4195-8cc8-5c632a058096 879fa892dfe14516b8fe6f0f1147dfa2 66724cf218d04b348f00f30313072585 - - default default] 10.0.0.141 "PUT /v2.0/policies/7ed1f6f4-d9f2-432a-8612-5029204a5f2b/tags/red HTTP/1.1" status: 201 len: 201 time: 0.0159683
2026-07-07 00:27:53.789 10 INFO neutron.db.ovn_revision_numbers_db [None req-4a1f27b2-49a6-4c35-9ae4-e006251bb7f2 be4cb84c4ba948ec9c062b7a4008b662 7a10b33a19c046c49c77a20affc073e2 - - default default] Successfully bumped revision number for resource 973ca434-3e3a-4f11-8c9d-b3d436f9638a (type: security_groups) to 1
2026-07-07 00:27:53.801 9 INFO neutron.wsgi [None req-23d5dabd-fc3c-43c3-8341-87eca4c60680 879fa892dfe14516b8fe6f0f1147dfa2 66724cf218d04b348f00f30313072585 - - default default] 10.0.0.141 "GET /v2.0/policies/7ed1f6f4-d9f2-432a-8612-5029204a5f2b/tags HTTP/1.1" status: 200 len: 227 time: 0.0178106
2026-07-07 00:27:53.803 10 INFO neutron.db.ovn_revision_numbers_db [None req-4a1f27b2-49a6-4c35-9ae4-e006251bb7f2 be4cb84c4ba948ec9c062b7a4008b662 7a10b33a19c046c49c77a20affc073e2 - - default default] Successfully bumped revision number for resource 171f53bc-a457-4cd2-a48b-f45f91231095 (type: security_group_rules) to 0
