2026-07-07 00:29:07.212 9 INFO neutron.wsgi [None req-b417269a-4eb5-43f8-800e-4515e611be42 be4cb84c4ba948ec9c062b7a4008b662 7a10b33a19c046c49c77a20affc073e2 - - default default] 10.0.0.141 "GET /v2.0/security-groups?tenant_id=563d9f03bee445ec83f1bafcde11eb31&name=default HTTP/1.1" status: 200 len: 3000 time: 0.1854258
2026-07-07 00:29:07.396 9 INFO neutron.wsgi [None req-700a37d3-26c4-425c-8529-5c0f750179b4 be4cb84c4ba948ec9c062b7a4008b662 7a10b33a19c046c49c77a20affc073e2 - - default default] 10.0.0.141 "DELETE /v2.0/security-groups/95276e28-d80e-41f3-b198-5b51d6188ca1 HTTP/1.1" status: 204 len: 168 time: 0.1795926
2026-07-07 00:29:07.599 9 INFO neutron.wsgi [-] 10.0.0.178 "GET / HTTP/1.1" status: 200 len: 247 time: 0.0023530
2026-07-07 00:29:07.600 10 INFO neutron.wsgi [-] 10.0.0.178 "GET / HTTP/1.1" status: 200 len: 247 time: 0.0030413
2026-07-07 00:29:11.042 9 INFO neutron.wsgi [None req-14fdda85-afe5-47e6-8c3c-cae134cc49a6 be4cb84c4ba948ec9c062b7a4008b662 7a10b33a19c046c49c77a20affc073e2 - - default default] 10.0.0.215 "GET /v2.0/agents HTTP/1.1" status: 200 len: 997 time: 0.0729055
2026-07-07 00:29:11.060 10 INFO neutron.db.ovn_revision_numbers_db [None req-9b253875-df99-4ed9-9d8c-71b1642b9a88 a808a2c375904159802c765682b03a20 cfa1d2d4e5c8419ebc2fc2b0737ac709 - - default default] Successfully bumped revision number for resource b1ee74f8-f1d5-4ce7-b1de-4705edbde4fa (type: routers) to 1
2026-07-07 00:29:11.064 9 INFO neutron.wsgi [None req-690665f7-27b3-4f29-bc57-50faf261620c be4cb84c4ba948ec9c062b7a4008b662 7a10b33a19c046c49c77a20affc073e2 - - default default] 10.0.0.215 "GET /v2.0/floatingips HTTP/1.1" status: 200 len: 193 time: 0.0196302
2026-07-07 00:29:11.076 10 INFO neutron.wsgi [None req-9b253875-df99-4ed9-9d8c-71b1642b9a88 a808a2c375904159802c765682b03a20 cfa1d2d4e5c8419ebc2fc2b0737ac709 - - default default] 10.0.0.141 "POST /v2.0/routers HTTP/1.1" status: 201 len: 654 time: 0.2976956
2026-07-07 00:29:11.101 9 INFO neutron.wsgi [None req-8161649a-dbec-4cd1-883c-12dae01bdba2 be4cb84c4ba948ec9c062b7a4008b662 7a10b33a19c046c49c77a20affc073e2 - - default default] 10.0.0.215 "GET /v2.0/subnets HTTP/1.1" status: 200 len: 1437 time: 0.0354795
2026-07-07 00:29:11.116 9 INFO neutron.wsgi [None req-54e1fc7e-ff6a-40ae-825b-27d2344b6e77 be4cb84c4ba948ec9c062b7a4008b662 7a10b33a19c046c49c77a20affc073e2 - - default default] 10.0.0.215 "GET /v2.0/network-ip-availabilities HTTP/1.1" status: 200 len: 1280 time: 0.0129206
2026-07-07 00:29:11.136 10 INFO neutron.wsgi [None req-94229ce0-120c-4f0e-bee4-fc6e07faa6de a808a2c375904159802c765682b03a20 cfa1d2d4e5c8419ebc2fc2b0737ac709 - - default default] 10.0.0.141 "PUT /v2.0/routers/b1ee74f8-f1d5-4ce7-b1de-4705edbde4fa/tags HTTP/1.1" status: 200 len: 218 time: 0.0553918
2026-07-07 00:29:11.155 9 INFO neutron.wsgi [None req-a4aab5e7-9d33-4d97-9eb5-b8ec7e9f7314 be4cb84c4ba948ec9c062b7a4008b662 7a10b33a19c046c49c77a20affc073e2 - - default default] 10.0.0.215 "GET /v2.0/subnets HTTP/1.1" status: 200 len: 1437 time: 0.0382955
2026-07-07 00:29:11.168 9 INFO neutron.wsgi [None req-2e574b5a-dc7e-44a6-a587-1795649bb40a be4cb84c4ba948ec9c062b7a4008b662 7a10b33a19c046c49c77a20affc073e2 - - default default] 10.0.0.215 "GET /v2.0/subnetpools HTTP/1.1" status: 200 len: 193 time: 0.0101748
2026-07-07 00:29:11.182 10 INFO neutron.wsgi [None req-60ebbc39-cf8f-4912-b04d-2852baccc8b3 a808a2c375904159802c765682b03a20 cfa1d2d4e5c8419ebc2fc2b0737ac709 - - default default] 10.0.0.141 "GET /v2.0/routers/b1ee74f8-f1d5-4ce7-b1de-4705edbde4fa/tags HTTP/1.1" status: 200 len: 218 time: 0.0400488
2026-07-07 00:29:11.217 9 INFO neutron.wsgi [None req-87633e62-582a-4e73-a1c0-47beec12a1f3 be4cb84c4ba948ec9c062b7a4008b662 7a10b33a19c046c49c77a20affc073e2 - - default default] 10.0.0.215 "GET /v2.0/security-groups HTTP/1.1" status: 200 len: 16799 time: 0.0484750
2026-07-07 00:29:11.238 10 INFO neutron.wsgi [None req-cbd5c5b3-11e7-4a39-832b-908d1fdd2b5b a808a2c375904159802c765682b03a20 cfa1d2d4e5c8419ebc2fc2b0737ac709 - - default default] 10.0.0.141 "PUT /v2.0/routers/b1ee74f8-f1d5-4ce7-b1de-4705edbde4fa/tags/green HTTP/1.1" status: 201 len: 201 time: 0.0524807
2026-07-07 00:29:11.270 9 INFO neutron.wsgi [None req-0b4c2496-095f-4e3f-9522-a64fa6a99501 be4cb84c4ba948ec9c062b7a4008b662 7a10b33a19c046c49c77a20affc073e2 - - default default] 10.0.0.215 "GET /v2.0/routers HTTP/1.1" status: 200 len: 652 time: 0.0459280
2026-07-07 00:29:11.280 9 INFO neutron.wsgi [None req-82a6031f-504c-48d9-9605-58e5d4d39f48 be4cb84c4ba948ec9c062b7a4008b662 7a10b33a19c046c49c77a20affc073e2 - - default default] 10.0.0.215 "GET /v2.0/agents?binary=ovn-controller HTTP/1.1" status: 200 len: 591 time: 0.0085149
2026-07-07 00:29:11.286 10 INFO neutron.wsgi [None req-2b732f97-bdd4-4d08-a71d-aa20ed699b59 a808a2c375904159802c765682b03a20 cfa1d2d4e5c8419ebc2fc2b0737ac709 - - default default] 10.0.0.141 "GET /v2.0/routers/b1ee74f8-f1d5-4ce7-b1de-4705edbde4fa/tags HTTP/1.1" status: 200 len: 227 time: 0.0426195
2026-07-07 00:29:11.333 10 INFO neutron.wsgi [None req-759e2eb5-f1d9-4b81-bf7e-84c08d4919cf a808a2c375904159802c765682b03a20 cfa1d2d4e5c8419ebc2fc2b0737ac709 - - default default] 10.0.0.141 "PUT /v2.0/routers/b1ee74f8-f1d5-4ce7-b1de-4705edbde4fa/tags/red HTTP/1.1" status: 201 len: 201 time: 0.0417235
2026-07-07 00:29:11.334 9 INFO neutron.wsgi [None req-bc956fc5-bbf1-4fdf-ad0b-0eec1f9f9d37 be4cb84c4ba948ec9c062b7a4008b662 7a10b33a19c046c49c77a20affc073e2 - - default default] 10.0.0.215 "GET /v2.0/networks HTTP/1.1" status: 200 len: 2350 time: 0.0527260
2026-07-07 00:29:11.374 9 INFO neutron.wsgi [None req-edcb40b8-f6a6-49a1-a2f0-abc6076e9a1e be4cb84c4ba948ec9c062b7a4008b662 7a10b33a19c046c49c77a20affc073e2 - - default default] 10.0.0.215 "GET /v2.0/ports HTTP/1.1" status: 200 len: 5347 time: 0.0370889
2026-07-07 00:29:11.551 10 INFO neutron.wsgi [None req-d7360950-9eb6-46e2-b0b3-736101915c0e a808a2c375904159802c765682b03a20 cfa1d2d4e5c8419ebc2fc2b0737ac709 - - default default] 10.0.0.141 "GET /v2.0/routers/b1ee74f8-f1d5-4ce7-b1de-4705edbde4fa/tags HTTP/1.1" status: 200 len: 227 time: 0.2122970
2026-07-07 00:29:11.635 10 INFO neutron.wsgi [None req-1a673e8c-6a5c-4496-b47f-08bbcc18a597 a808a2c375904159802c765682b03a20 cfa1d2d4e5c8419ebc2fc2b0737ac709 - - default default] 10.0.0.141 "PUT /v2.0/routers/b1ee74f8-f1d5-4ce7-b1de-4705edbde4fa/tags/black.or.white HTTP/1.1" status: 201 len: 201 time: 0.0793874
2026-07-07 00:29:11.701 10 INFO neutron.wsgi [None req-c763d372-6435-4c81-b4ce-04d92da2c8c3 a808a2c375904159802c765682b03a20 cfa1d2d4e5c8419ebc2fc2b0737ac709 - - default default] 10.0.0.141 "GET /v2.0/routers/b1ee74f8-f1d5-4ce7-b1de-4705edbde4fa/tags HTTP/1.1" status: 200 len: 245 time: 0.0602396
2026-07-07 00:29:11.772 10 INFO neutron.wsgi [None req-bd2536bc-0c34-4d86-ba8b-78b3c8bcab22 a808a2c375904159802c765682b03a20 cfa1d2d4e5c8419ebc2fc2b0737ac709 - - default default] 10.0.0.141 "PUT /v2.0/routers/b1ee74f8-f1d5-4ce7-b1de-4705edbde4fa/tags HTTP/1.1" status: 200 len: 230 time: 0.0647433
2026-07-07 00:29:11.823 10 INFO neutron.wsgi [None req-388cc94f-c8bf-4029-8abd-2fd6c99d5bd7 a808a2c375904159802c765682b03a20 cfa1d2d4e5c8419ebc2fc2b0737ac709 - - default default] 10.0.0.141 "GET /v2.0/routers/b1ee74f8-f1d5-4ce7-b1de-4705edbde4fa/tags HTTP/1.1" status: 200 len: 230 time: 0.0442023
2026-07-07 00:29:11.877 10 INFO neutron.wsgi [None req-61aadeae-e606-46c9-ad6d-f1e3f5f10618 a808a2c375904159802c765682b03a20 cfa1d2d4e5c8419ebc2fc2b0737ac709 - - default default] 10.0.0.141 "GET /v2.0/routers/b1ee74f8-f1d5-4ce7-b1de-4705edbde4fa/tags/red HTTP/1.1" status: 204 len: 168 time: 0.0494459
2026-07-07 00:29:11.922 9 INFO neutron.api.v2.resource [None req-6171bd49-cd77-483a-96f2-ab7680fb05c7 a808a2c375904159802c765682b03a20 cfa1d2d4e5c8419ebc2fc2b0737ac709 - - default default] show failed (client error): The resource could not be found.
2026-07-07 00:29:11.923 9 INFO neutron.wsgi [None req-6171bd49-cd77-483a-96f2-ab7680fb05c7 a808a2c375904159802c765682b03a20 cfa1d2d4e5c8419ebc2fc2b0737ac709 - - default default] 10.0.0.141 "GET /v2.0/routers/b1ee74f8-f1d5-4ce7-b1de-4705edbde4fa/tags/green HTTP/1.1" status: 404 len: 299 time: 0.0397239
2026-07-07 00:29:11.986 9 INFO neutron.wsgi [None req-a3c86b64-53b1-4a42-a672-c277facf4694 a808a2c375904159802c765682b03a20 cfa1d2d4e5c8419ebc2fc2b0737ac709 - - default default] 10.0.0.141 "DELETE /v2.0/routers/b1ee74f8-f1d5-4ce7-b1de-4705edbde4fa/tags/red HTTP/1.1" status: 204 len: 168 time: 0.0586662
2026-07-07 00:29:12.033 9 INFO neutron.wsgi [None req-07e316ef-04d2-4082-9c6e-9d9a6b6c43a5 a808a2c375904159802c765682b03a20 cfa1d2d4e5c8419ebc2fc2b0737ac709 - - default default] 10.0.0.141 "GET /v2.0/routers/b1ee74f8-f1d5-4ce7-b1de-4705edbde4fa/tags HTTP/1.1" status: 200 len: 223 time: 0.0427246
2026-07-07 00:29:12.081 9 INFO neutron.api.v2.resource [None req-d19925df-1851-4217-8959-26ef7ccc6961 a808a2c375904159802c765682b03a20 cfa1d2d4e5c8419ebc2fc2b0737ac709 - - default default] delete failed (client error): The resource could not be found.
2026-07-07 00:29:12.082 9 INFO neutron.wsgi [None req-d19925df-1851-4217-8959-26ef7ccc6961 a808a2c375904159802c765682b03a20 cfa1d2d4e5c8419ebc2fc2b0737ac709 - - default default] 10.0.0.141 "DELETE /v2.0/routers/b1ee74f8-f1d5-4ce7-b1de-4705edbde4fa/tags/green HTTP/1.1" status: 404 len: 299 time: 0.0439868
2026-07-07 00:29:12.135 9 INFO neutron.wsgi [None req-d53410cd-b766-4473-b313-02a863f06ac9 a808a2c375904159802c765682b03a20 cfa1d2d4e5c8419ebc2fc2b0737ac709 - - default default] 10.0.0.141 "DELETE /v2.0/routers/b1ee74f8-f1d5-4ce7-b1de-4705edbde4fa/tags HTTP/1.1" status: 204 len: 168 time: 0.0481415
2026-07-07 00:29:12.180 9 INFO neutron.wsgi [None req-186e7f3a-656a-4ba0-b9c7-446f497294e3 a808a2c375904159802c765682b03a20 cfa1d2d4e5c8419ebc2fc2b0737ac709 - - default default] 10.0.0.141 "GET /v2.0/routers/b1ee74f8-f1d5-4ce7-b1de-4705edbde4fa/tags HTTP/1.1" status: 200 len: 205 time: 0.0411785
2026-07-07 00:29:12.236 9 INFO neutron.wsgi [None req-952e5b41-f00d-4fff-99b7-9172c2b0c1f4 a808a2c375904159802c765682b03a20 cfa1d2d4e5c8419ebc2fc2b0737ac709 - - default default] 10.0.0.141 "GET /v2.0/routers/b1ee74f8-f1d5-4ce7-b1de-4705edbde4fa HTTP/1.1" status: 200 len: 655 time: 0.0434091
2026-07-07 00:29:12.895 9 INFO neutron.db.ovn_revision_numbers_db [None req-1d680924-aacf-4163-a276-5b9d30f1d516 a808a2c375904159802c765682b03a20 cfa1d2d4e5c8419ebc2fc2b0737ac709 - - default default] Successfully bumped revision number for resource b1ee74f8-f1d5-4ce7-b1de-4705edbde4fa (type: routers) to 7
2026-07-07 00:29:12.897 9 INFO neutron.wsgi [None req-1d680924-aacf-4163-a276-5b9d30f1d516 a808a2c375904159802c765682b03a20 cfa1d2d4e5c8419ebc2fc2b0737ac709 - - default default] 10.0.0.141 "PUT /v2.0/routers/b1ee74f8-f1d5-4ce7-b1de-4705edbde4fa HTTP/1.1" status: 200 len: 655 time: 0.6550946
2026-07-07 00:29:12.920 9 INFO neutron.wsgi [None req-7f372f99-cd7e-41b7-9ea6-4b29844751b7 a808a2c375904159802c765682b03a20 cfa1d2d4e5c8419ebc2fc2b0737ac709 - - default default] 10.0.0.141 "GET /v2.0/ports?device_id=b1ee74f8-f1d5-4ce7-b1de-4705edbde4fa HTTP/1.1" status: 200 len: 205 time: 0.0181024
2026-07-07 00:29:13.125 9 INFO neutron.wsgi [None req-510d3d71-3fb0-496b-b686-15c8b8aa9cf1 a808a2c375904159802c765682b03a20 cfa1d2d4e5c8419ebc2fc2b0737ac709 - - default default] 10.0.0.141 "DELETE /v2.0/routers/b1ee74f8-f1d5-4ce7-b1de-4705edbde4fa HTTP/1.1" status: 204 len: 168 time: 0.1998260
2026-07-07 00:29:14.000 10 INFO neutron.db.ovn_revision_numbers_db [None req-887b8be7-f900-4e95-abf6-dbcf924b060d be4cb84c4ba948ec9c062b7a4008b662 7a10b33a19c046c49c77a20affc073e2 - - default default] Successfully bumped revision number for resource 5dd34e57-73fc-49b0-817d-4b2e04e208b3 (type: security_groups) to 1
2026-07-07 00:29:14.016 10 INFO neutron.db.ovn_revision_numbers_db [None req-887b8be7-f900-4e95-abf6-dbcf924b060d be4cb84c4ba948ec9c062b7a4008b662 7a10b33a19c046c49c77a20affc073e2 - - default default] Successfully bumped revision number for resource 51bac271-015a-4dfb-83fb-ef199d7606c1 (type: security_group_rules) to 0
2026-07-07 00:29:14.033 10 INFO neutron.db.ovn_revision_numbers_db [None req-887b8be7-f900-4e95-abf6-dbcf924b060d be4cb84c4ba948ec9c062b7a4008b662 7a10b33a19c046c49c77a20affc073e2 - - default default] Successfully bumped revision number for resource 93532f48-577d-47e6-80be-8aa3ef9f3b03 (type: security_group_rules) to 0
2026-07-07 00:29:14.047 10 INFO neutron.db.ovn_revision_numbers_db [None req-887b8be7-f900-4e95-abf6-dbcf924b060d be4cb84c4ba948ec9c062b7a4008b662 7a10b33a19c046c49c77a20affc073e2 - - default default] Successfully bumped revision number for resource bde4530c-58bc-406d-be5e-10a982e0e9a6 (type: security_group_rules) to 0
2026-07-07 00:29:14.061 10 INFO neutron.db.ovn_revision_numbers_db [None req-887b8be7-f900-4e95-abf6-dbcf924b060d be4cb84c4ba948ec9c062b7a4008b662 7a10b33a19c046c49c77a20affc073e2 - - default default] Successfully bumped revision number for resource d489e963-db30-4d99-96c0-116822d8c84a (type: security_group_rules) to 0
2026-07-07 00:29:14.082 10 INFO neutron.wsgi [None req-887b8be7-f900-4e95-abf6-dbcf924b060d be4cb84c4ba948ec9c062b7a4008b662 7a10b33a19c046c49c77a20affc073e2 - - default default] 10.0.0.141 "GET /v2.0/security-groups?tenant_id=b3e8e846495943d2a49143d102cde4c9&name=default HTTP/1.1" status: 200 len: 3000 time: 0.3141322
2026-07-07 00:29:14.275 9 INFO neutron.wsgi [None req-fb1e2772-6098-4f7d-9e2f-b32e0aff7661 be4cb84c4ba948ec9c062b7a4008b662 7a10b33a19c046c49c77a20affc073e2 - - default default] 10.0.0.141 "DELETE /v2.0/security-groups/5dd34e57-73fc-49b0-817d-4b2e04e208b3 HTTP/1.1" status: 204 len: 168 time: 0.1863875
2026-07-07 00:29:14.475 9 INFO neutron.db.ovn_revision_numbers_db [None req-5f93748d-537e-4853-96bb-9d585e44dadf be4cb84c4ba948ec9c062b7a4008b662 7a10b33a19c046c49c77a20affc073e2 - - default default] Successfully bumped revision number for resource 01d6ce02-ff35-4dd9-b347-1131e8baf1df (type: security_groups) to 1
2026-07-07 00:29:14.490 9 INFO neutron.db.ovn_revision_numbers_db [None req-5f93748d-537e-4853-96bb-9d585e44dadf be4cb84c4ba948ec9c062b7a4008b662 7a10b33a19c046c49c77a20affc073e2 - - default default] Successfully bumped revision number for resource 337afb10-6f8b-4456-81e6-13b24dc3e13f (type: security_group_rules) to 0
2026-07-07 00:29:14.503 9 INFO neutron.db.ovn_revision_numbers_db [None req-5f93748d-537e-4853-96bb-9d585e44dadf be4cb84c4ba948ec9c062b7a4008b662 7a10b33a19c046c49c77a20affc073e2 - - default default] Successfully bumped revision number for resource 3e68beeb-7924-4bf2-b487-95c5930f0f82 (type: security_group_rules) to 0
2026-07-07 00:29:14.524 9 INFO neutron.db.ovn_revision_numbers_db [None req-5f93748d-537e-4853-96bb-9d585e44dadf be4cb84c4ba948ec9c062b7a4008b662 7a10b33a19c046c49c77a20affc073e2 - - default default] Successfully bumped revision number for resource cb69193a-f192-4048-bc75-487879749c93 (type: security_group_rules) to 0
2026-07-07 00:29:14.539 9 INFO neutron.db.ovn_revision_numbers_db [None req-5f93748d-537e-4853-96bb-9d585e44dadf be4cb84c4ba948ec9c062b7a4008b662 7a10b33a19c046c49c77a20affc073e2 - - default default] Successfully bumped revision number for resource d5999bd5-ffb9-477b-8523-17663b11df83 (type: security_group_rules) to 0
2026-07-07 00:29:14.562 9 INFO neutron.wsgi [None req-5f93748d-537e-4853-96bb-9d585e44dadf be4cb84c4ba948ec9c062b7a4008b662 7a10b33a19c046c49c77a20affc073e2 - - default default] 10.0.0.141 "GET /v2.0/security-groups?tenant_id=cfa1d2d4e5c8419ebc2fc2b0737ac709&name=default HTTP/1.1" status: 200 len: 3000 time: 0.1934659
2026-07-07 00:29:14.813 9 INFO neutron.wsgi [None req-88f58e79-34f1-44cb-a43b-722644b3f06f be4cb84c4ba948ec9c062b7a4008b662 7a10b33a19c046c49c77a20affc073e2 - - default default] 10.0.0.141 "DELETE /v2.0/security-groups/01d6ce02-ff35-4dd9-b347-1131e8baf1df HTTP/1.1" status: 204 len: 168 time: 0.2443485
2026-07-07 00:29:22.600 10 INFO neutron.wsgi [-] 10.0.0.178 "GET / HTTP/1.1" status: 200 len: 247 time: 0.0032268
2026-07-07 00:29:22.601 9 INFO neutron.wsgi [-] 10.0.0.178 "GET / HTTP/1.1" status: 200 len: 247 time: 0.0032585
2026-07-07 00:29:24.367 9 INFO neutron.db.ovn_revision_numbers_db [None req-436b1a39-821f-4193-b7cc-96601f35ae1a 531bc25121e549f792689038675353ad 0d9b39aeee8242a6ba70d3bc004b4744 - - default default] Successfully bumped revision number for resource e2fbea5a-9833-4ceb-a88f-9e9151432be7 (type: security_groups) to 1
2026-07-07 00:29:24.386 9 INFO neutron.db.ovn_revision_numbers_db [None req-436b1a39-821f-4193-b7cc-96601f35ae1a 531bc25121e549f792689038675353ad 0d9b39aeee8242a6ba70d3bc004b4744 - - default default] Successfully bumped revision number for resource 1d28d640-2d7c-49b9-951a-f6cb6a7d8058 (type: security_group_rules) to 0
2026-07-07 00:29:24.400 9 INFO neutron.db.ovn_revision_numbers_db [None req-436b1a39-821f-4193-b7cc-96601f35ae1a 531bc25121e549f792689038675353ad 0d9b39aeee8242a6ba70d3bc004b4744 - - default default] Successfully bumped revision number for resource 1d497444-b058-4f9b-97a3-567e730b34ad (type: security_group_rules) to 0
2026-07-07 00:29:24.415 9 INFO neutron.db.ovn_revision_numbers_db [None req-436b1a39-821f-4193-b7cc-96601f35ae1a 531bc25121e549f792689038675353ad 0d9b39aeee8242a6ba70d3bc004b4744 - - default default] Successfully bumped revision number for resource 954c9494-20ab-4b48-b67f-d08c54be374e (type: security_group_rules) to 0
2026-07-07 00:29:24.427 9 INFO neutron.db.ovn_revision_numbers_db [None req-436b1a39-821f-4193-b7cc-96601f35ae1a 531bc25121e549f792689038675353ad 0d9b39aeee8242a6ba70d3bc004b4744 - - default default] Successfully bumped revision number for resource f06ce560-2280-4a29-a7a1-2d9358283af4 (type: security_group_rules) to 0
2026-07-07 00:29:24.481 9 INFO neutron.db.segments_db [None req-436b1a39-821f-4193-b7cc-96601f35ae1a 531bc25121e549f792689038675353ad 0d9b39aeee8242a6ba70d3bc004b4744 - - default default] Added segment 407f0173-5c9d-4ba9-987d-d54696b94ee6 of type geneve for network f4907d1e-c937-47e7-9e3c-21664ce8775b
2026-07-07 00:29:24.666 9 INFO neutron.db.ovn_revision_numbers_db [None req-436b1a39-821f-4193-b7cc-96601f35ae1a 531bc25121e549f792689038675353ad 0d9b39aeee8242a6ba70d3bc004b4744 - - default default] Successfully bumped revision number for resource f4907d1e-c937-47e7-9e3c-21664ce8775b (type: networks) to 1
2026-07-07 00:29:24.884 9 WARNING neutron.scheduler.dhcp_agent_scheduler [None req-436b1a39-821f-4193-b7cc-96601f35ae1a 531bc25121e549f792689038675353ad 0d9b39aeee8242a6ba70d3bc004b4744 - - default default] No more DHCP agents
2026-07-07 00:29:24.886 9 WARNING neutron.api.rpc.agentnotifiers.dhcp_rpc_agent_api [None req-436b1a39-821f-4193-b7cc-96601f35ae1a 531bc25121e549f792689038675353ad 0d9b39aeee8242a6ba70d3bc004b4744 - - default default] Unable to schedule network f4907d1e-c937-47e7-9e3c-21664ce8775b: no agents available; will retry on subsequent port and subnet creation events.
2026-07-07 00:29:24.970 9 INFO neutron.db.ovn_revision_numbers_db [None req-436b1a39-821f-4193-b7cc-96601f35ae1a 531bc25121e549f792689038675353ad 0d9b39aeee8242a6ba70d3bc004b4744 - - default default] Successfully bumped revision number for resource 91b5a61c-bce6-4ba4-9946-db28f2e9aa47 (type: ports) to 1
2026-07-07 00:29:24.993 9 INFO neutron.wsgi [None req-436b1a39-821f-4193-b7cc-96601f35ae1a 531bc25121e549f792689038675353ad 0d9b39aeee8242a6ba70d3bc004b4744 - - default default] 10.0.0.141 "POST /v2.0/networks HTTP/1.1" status: 201 len: 839 time: 0.9169581
2026-07-07 00:29:25.271 9 WARNING neutron.scheduler.dhcp_agent_scheduler [None req-61bccd99-dc8c-434c-9edc-e900fb27916f 531bc25121e549f792689038675353ad 0d9b39aeee8242a6ba70d3bc004b4744 - - default default] No more DHCP agents
2026-07-07 00:29:25.273 9 WARNING neutron.api.rpc.agentnotifiers.dhcp_rpc_agent_api [None req-61bccd99-dc8c-434c-9edc-e900fb27916f 531bc25121e549f792689038675353ad 0d9b39aeee8242a6ba70d3bc004b4744 - - default default] Unable to schedule network f4907d1e-c937-47e7-9e3c-21664ce8775b: no agents available; will retry on subsequent port and subnet creation events.
2026-07-07 00:29:25.808 9 INFO neutron.db.ovn_revision_numbers_db [None req-61bccd99-dc8c-434c-9edc-e900fb27916f 531bc25121e549f792689038675353ad 0d9b39aeee8242a6ba70d3bc004b4744 - - default default] Successfully bumped revision number for resource 91b5a61c-bce6-4ba4-9946-db28f2e9aa47 (type: ports) to 2
2026-07-07 00:29:25.843 9 INFO neutron.db.ovn_revision_numbers_db [None req-61bccd99-dc8c-434c-9edc-e900fb27916f 531bc25121e549f792689038675353ad 0d9b39aeee8242a6ba70d3bc004b4744 - - default default] Successfully bumped revision number for resource 2a0afca6-2af8-44f9-b0de-5bca6238739d (type: subnets) to 0
2026-07-07 00:29:25.858 9 INFO neutron.wsgi [None req-61bccd99-dc8c-434c-9edc-e900fb27916f 531bc25121e549f792689038675353ad 0d9b39aeee8242a6ba70d3bc004b4744 - - default default] 10.0.0.141 "POST /v2.0/subnets HTTP/1.1" status: 201 len: 833 time: 0.8609166
2026-07-07 00:29:25.926 9 INFO neutron.wsgi [None req-c318449a-e23f-42df-8e70-99b149981f93 77f24d80adbf4e92aa4be927c1f6e61c 453ba5c033134bb39b227e7d95a481e2 - - default default] 10.0.0.141 "GET /v2.0/subnetpools?name=shared-default-subnetpool-v6 HTTP/1.1" status: 200 len: 212 time: 0.0606959
2026-07-07 00:29:26.269 9 WARNING neutron.scheduler.dhcp_agent_scheduler [None req-a9e9c212-c9ab-4982-b94d-b0910ccb3223 531bc25121e549f792689038675353ad 0d9b39aeee8242a6ba70d3bc004b4744 - - default default] No more DHCP agents
2026-07-07 00:29:26.271 9 WARNING neutron.api.rpc.agentnotifiers.dhcp_rpc_agent_api [None req-a9e9c212-c9ab-4982-b94d-b0910ccb3223 531bc25121e549f792689038675353ad 0d9b39aeee8242a6ba70d3bc004b4744 - - default default] Unable to schedule network f4907d1e-c937-47e7-9e3c-21664ce8775b: no agents available; will retry on subsequent port and subnet creation events.
2026-07-07 00:29:26.308 9 INFO neutron.db.ovn_revision_numbers_db [None req-a9e9c212-c9ab-4982-b94d-b0910ccb3223 531bc25121e549f792689038675353ad 0d9b39aeee8242a6ba70d3bc004b4744 - - default default] Successfully bumped revision number for resource c2055fdb-a5a5-4b29-bd32-2db645168e03 (type: subnets) to 0
2026-07-07 00:29:26.326 9 INFO neutron.wsgi [None req-a9e9c212-c9ab-4982-b94d-b0910ccb3223 531bc25121e549f792689038675353ad 0d9b39aeee8242a6ba70d3bc004b4744 - - default default] 10.0.0.141 "POST /v2.0/subnets HTTP/1.1" status: 201 len: 905 time: 0.3933902
2026-07-07 00:29:26.417 9 INFO neutron.db.segments_db [None req-7f93b977-1283-4911-8044-8b94fd6a5c61 531bc25121e549f792689038675353ad 0d9b39aeee8242a6ba70d3bc004b4744 - - default default] Added segment 65efd51c-56f4-4f9e-abed-cd973b8e94aa of type geneve for network b89e3d68-7446-44fe-80b6-ec254294e71f
2026-07-07 00:29:26.573 9 INFO neutron.db.ovn_revision_numbers_db [None req-7f93b977-1283-4911-8044-8b94fd6a5c61 531bc25121e549f792689038675353ad 0d9b39aeee8242a6ba70d3bc004b4744 - - default default] Successfully bumped revision number for resource b89e3d68-7446-44fe-80b6-ec254294e71f (type: networks) to 1
2026-07-07 00:29:26.770 9 WARNING neutron.scheduler.dhcp_agent_scheduler [None req-7f93b977-1283-4911-8044-8b94fd6a5c61 531bc25121e549f792689038675353ad 0d9b39aeee8242a6ba70d3bc004b4744 - - default default] No more DHCP agents
2026-07-07 00:29:26.773 9 WARNING neutron.api.rpc.agentnotifiers.dhcp_rpc_agent_api [None req-7f93b977-1283-4911-8044-8b94fd6a5c61 531bc25121e549f792689038675353ad 0d9b39aeee8242a6ba70d3bc004b4744 - - default default] Unable to schedule network b89e3d68-7446-44fe-80b6-ec254294e71f: no agents available; will retry on subsequent port and subnet creation events.
2026-07-07 00:29:26.858 9 INFO neutron.db.ovn_revision_numbers_db [None req-7f93b977-1283-4911-8044-8b94fd6a5c61 531bc25121e549f792689038675353ad 0d9b39aeee8242a6ba70d3bc004b4744 - - default default] Successfully bumped revision number for resource feb8a41b-dec8-485a-8413-7a8ba7fa2c49 (type: ports) to 1
2026-07-07 00:29:26.883 9 INFO neutron.wsgi [None req-7f93b977-1283-4911-8044-8b94fd6a5c61 531bc25121e549f792689038675353ad 0d9b39aeee8242a6ba70d3bc004b4744 - - default default] 10.0.0.141 "POST /v2.0/networks HTTP/1.1" status: 201 len: 837 time: 0.5499983
2026-07-07 00:29:27.137 9 WARNING neutron.scheduler.dhcp_agent_scheduler [None req-95a3f6a6-0e34-4236-92f3-5936f69c3d90 531bc25121e549f792689038675353ad 0d9b39aeee8242a6ba70d3bc004b4744 - - default default] No more DHCP agents
2026-07-07 00:29:27.140 9 WARNING neutron.api.rpc.agentnotifiers.dhcp_rpc_agent_api [None req-95a3f6a6-0e34-4236-92f3-5936f69c3d90 531bc25121e549f792689038675353ad 0d9b39aeee8242a6ba70d3bc004b4744 - - default default] Unable to schedule network b89e3d68-7446-44fe-80b6-ec254294e71f: no agents available; will retry on subsequent port and subnet creation events.
2026-07-07 00:29:27.598 9 INFO neutron.db.ovn_revision_numbers_db [None req-95a3f6a6-0e34-4236-92f3-5936f69c3d90 531bc25121e549f792689038675353ad 0d9b39aeee8242a6ba70d3bc004b4744 - - default default] Successfully bumped revision number for resource feb8a41b-dec8-485a-8413-7a8ba7fa2c49 (type: ports) to 2
2026-07-07 00:29:27.659 9 INFO neutron.db.ovn_revision_numbers_db [None req-95a3f6a6-0e34-4236-92f3-5936f69c3d90 531bc25121e549f792689038675353ad 0d9b39aeee8242a6ba70d3bc004b4744 - - default default] Successfully bumped revision number for resource f80e91f9-dfde-417b-8914-2cbbd3f5c70c (type: subnets) to 0
2026-07-07 00:29:27.681 9 INFO neutron.wsgi [None req-95a3f6a6-0e34-4236-92f3-5936f69c3d90 531bc25121e549f792689038675353ad 0d9b39aeee8242a6ba70d3bc004b4744 - - default default] 10.0.0.141 "POST /v2.0/subnets HTTP/1.1" status: 201 len: 831 time: 0.7911730
2026-07-07 00:29:27.934 9 WARNING neutron.scheduler.dhcp_agent_scheduler [None req-d1ccfc44-1748-4ff4-93ae-aeb1c3161144 531bc25121e549f792689038675353ad 0d9b39aeee8242a6ba70d3bc004b4744 - - default default] No more DHCP agents
2026-07-07 00:29:27.935 9 WARNING neutron.api.rpc.agentnotifiers.dhcp_rpc_agent_api [None req-d1ccfc44-1748-4ff4-93ae-aeb1c3161144 531bc25121e549f792689038675353ad 0d9b39aeee8242a6ba70d3bc004b4744 - - default default] Unable to schedule network b89e3d68-7446-44fe-80b6-ec254294e71f: no agents available; will retry on subsequent port and subnet creation events.
2026-07-07 00:29:27.974 9 INFO neutron.db.ovn_revision_numbers_db [None req-d1ccfc44-1748-4ff4-93ae-aeb1c3161144 531bc25121e549f792689038675353ad 0d9b39aeee8242a6ba70d3bc004b4744 - - default default] Successfully bumped revision number for resource 493266a6-4cf7-43aa-851f-cb375bce3973 (type: subnets) to 0
2026-07-07 00:29:27.989 9 INFO neutron.wsgi [None req-d1ccfc44-1748-4ff4-93ae-aeb1c3161144 531bc25121e549f792689038675353ad 0d9b39aeee8242a6ba70d3bc004b4744 - - default default] 10.0.0.141 "POST /v2.0/subnets HTTP/1.1" status: 201 len: 900 time: 0.3024633
2026-07-07 00:29:28.084 9 INFO neutron.db.segments_db [None req-38ecc4f3-056c-49b3-ba9f-39d0254701be 531bc25121e549f792689038675353ad 0d9b39aeee8242a6ba70d3bc004b4744 - - default default] Added segment 9be15bec-7997-40b2-b59e-07a6b377ae42 of type geneve for network b44fe6b2-84ed-48c3-b652-42aabaad4bac
2026-07-07 00:29:28.236 9 INFO neutron.db.ovn_revision_numbers_db [None req-38ecc4f3-056c-49b3-ba9f-39d0254701be 531bc25121e549f792689038675353ad 0d9b39aeee8242a6ba70d3bc004b4744 - - default default] Successfully bumped revision number for resource b44fe6b2-84ed-48c3-b652-42aabaad4bac (type: networks) to 1
2026-07-07 00:29:28.430 9 WARNING neutron.scheduler.dhcp_agent_scheduler [None req-38ecc4f3-056c-49b3-ba9f-39d0254701be 531bc25121e549f792689038675353ad 0d9b39aeee8242a6ba70d3bc004b4744 - - default default] No more DHCP agents
2026-07-07 00:29:28.434 9 WARNING neutron.api.rpc.agentnotifiers.dhcp_rpc_agent_api [None req-38ecc4f3-056c-49b3-ba9f-39d0254701be 531bc25121e549f792689038675353ad 0d9b39aeee8242a6ba70d3bc004b4744 - - default default] Unable to schedule network b44fe6b2-84ed-48c3-b652-42aabaad4bac: no agents available; will retry on subsequent port and subnet creation events.
2026-07-07 00:29:28.508 9 INFO neutron.db.ovn_revision_numbers_db [None req-38ecc4f3-056c-49b3-ba9f-39d0254701be 531bc25121e549f792689038675353ad 0d9b39aeee8242a6ba70d3bc004b4744 - - default default] Successfully bumped revision number for resource c616aae8-fcab-4479-b4ed-85486bff1e6f (type: ports) to 1
2026-07-07 00:29:28.533 9 INFO neutron.wsgi [None req-38ecc4f3-056c-49b3-ba9f-39d0254701be 531bc25121e549f792689038675353ad 0d9b39aeee8242a6ba70d3bc004b4744 - - default default] 10.0.0.141 "POST /v2.0/networks HTTP/1.1" status: 201 len: 836 time: 0.5376110
2026-07-07 00:29:28.812 9 WARNING neutron.scheduler.dhcp_agent_scheduler [None req-8208d832-ea77-473a-b71c-a7e5f2e8c745 531bc25121e549f792689038675353ad 0d9b39aeee8242a6ba70d3bc004b4744 - - default default] No more DHCP agents
2026-07-07 00:29:28.814 9 WARNING neutron.api.rpc.agentnotifiers.dhcp_rpc_agent_api [None req-8208d832-ea77-473a-b71c-a7e5f2e8c745 531bc25121e549f792689038675353ad 0d9b39aeee8242a6ba70d3bc004b4744 - - default default] Unable to schedule network b44fe6b2-84ed-48c3-b652-42aabaad4bac: no agents available; will retry on subsequent port and subnet creation events.
2026-07-07 00:29:29.511 9 INFO neutron.db.ovn_revision_numbers_db [None req-8208d832-ea77-473a-b71c-a7e5f2e8c745 531bc25121e549f792689038675353ad 0d9b39aeee8242a6ba70d3bc004b4744 - - default default] Successfully bumped revision number for resource c616aae8-fcab-4479-b4ed-85486bff1e6f (type: ports) to 2
2026-07-07 00:29:29.548 9 INFO neutron.db.ovn_revision_numbers_db [None req-8208d832-ea77-473a-b71c-a7e5f2e8c745 531bc25121e549f792689038675353ad 0d9b39aeee8242a6ba70d3bc004b4744 - - default default] Successfully bumped revision number for resource ec0d126a-e000-4a7b-9665-9810f252e59f (type: subnets) to 0
2026-07-07 00:29:29.563 9 INFO neutron.wsgi [None req-8208d832-ea77-473a-b71c-a7e5f2e8c745 531bc25121e549f792689038675353ad 0d9b39aeee8242a6ba70d3bc004b4744 - - default default] 10.0.0.141 "POST /v2.0/subnets HTTP/1.1" status: 201 len: 831 time: 1.0252767
2026-07-07 00:29:29.861 9 WARNING neutron.scheduler.dhcp_agent_scheduler [None req-499369bb-deb3-4152-a58a-58f14a4e49b3 531bc25121e549f792689038675353ad 0d9b39aeee8242a6ba70d3bc004b4744 - - default default] No more DHCP agents
2026-07-07 00:29:29.863 9 WARNING neutron.api.rpc.agentnotifiers.dhcp_rpc_agent_api [None req-499369bb-deb3-4152-a58a-58f14a4e49b3 531bc25121e549f792689038675353ad 0d9b39aeee8242a6ba70d3bc004b4744 - - default default] Unable to schedule network b44fe6b2-84ed-48c3-b652-42aabaad4bac: no agents available; will retry on subsequent port and subnet creation events.
2026-07-07 00:29:29.894 9 INFO neutron.db.ovn_revision_numbers_db [None req-499369bb-deb3-4152-a58a-58f14a4e49b3 531bc25121e549f792689038675353ad 0d9b39aeee8242a6ba70d3bc004b4744 - - default default] Successfully bumped revision number for resource 4e399351-08b8-4816-9db2-ac237c6d5a0f (type: subnets) to 0
2026-07-07 00:29:29.914 9 INFO neutron.wsgi [None req-499369bb-deb3-4152-a58a-58f14a4e49b3 531bc25121e549f792689038675353ad 0d9b39aeee8242a6ba70d3bc004b4744 - - default default] 10.0.0.141 "POST /v2.0/subnets HTTP/1.1" status: 201 len: 904 time: 0.3452957
2026-07-07 00:29:30.458 9 WARNING neutron.scheduler.dhcp_agent_scheduler [None req-7d4b9976-dfff-4a9e-972d-7e255559b81e 531bc25121e549f792689038675353ad 0d9b39aeee8242a6ba70d3bc004b4744 - - default default] No more DHCP agents
2026-07-07 00:29:30.464 9 WARNING neutron.api.rpc.agentnotifiers.dhcp_rpc_agent_api [None req-7d4b9976-dfff-4a9e-972d-7e255559b81e 531bc25121e549f792689038675353ad 0d9b39aeee8242a6ba70d3bc004b4744 - - default default] Unable to schedule network fc093fff-c53f-4348-a77b-2fab9ce5afff: no agents available; will retry on subsequent port and subnet creation events.
2026-07-07 00:29:30.646 9 INFO neutron.db.ovn_revision_numbers_db [None req-7d4b9976-dfff-4a9e-972d-7e255559b81e 531bc25121e549f792689038675353ad 0d9b39aeee8242a6ba70d3bc004b4744 - - default default] Successfully bumped revision number for resource 16ad6da4-cbed-4829-8568-619dbfe9a442 (type: ports) to 1
2026-07-07 00:29:31.298 9 INFO neutron.plugins.ml2.drivers.ovn.mech_driver.mech_driver [None req-3fdcba31-e094-4b92-868b-d5eff4a849a8 - - - - - -] OVN reports status up for port: 16ad6da4-cbed-4829-8568-619dbfe9a442
2026-07-07 00:29:31.318 9 INFO neutron.plugins.ml2.drivers.ovn.mech_driver.ovsdb.ovsdb_monitor [None req-07c90cce-8d81-489d-8ea1-587afcf35d67 - - - - - -] Router a431e15b-295c-4527-83fe-dda945196763 is bound to host instance
2026-07-07 00:29:31.319 9 INFO neutron.plugins.ml2.plugin [None req-3fdcba31-e094-4b92-868b-d5eff4a849a8 - - - - - -] Attempt 1 to provision port 16ad6da4-cbed-4829-8568-619dbfe9a442
2026-07-07 00:29:31.379 9 INFO neutron.db.ovn_revision_numbers_db [None req-7d4b9976-dfff-4a9e-972d-7e255559b81e 531bc25121e549f792689038675353ad 0d9b39aeee8242a6ba70d3bc004b4744 - - default default] Successfully bumped revision number for resource 16ad6da4-cbed-4829-8568-619dbfe9a442 (type: router_ports) to 1
2026-07-07 00:29:31.502 9 INFO neutron.db.ovn_revision_numbers_db [None req-7d4b9976-dfff-4a9e-972d-7e255559b81e 531bc25121e549f792689038675353ad 0d9b39aeee8242a6ba70d3bc004b4744 - - default default] Successfully bumped revision number for resource a431e15b-295c-4527-83fe-dda945196763 (type: routers) to 2
2026-07-07 00:29:31.522 9 INFO neutron.wsgi [None req-7d4b9976-dfff-4a9e-972d-7e255559b81e 531bc25121e549f792689038675353ad 0d9b39aeee8242a6ba70d3bc004b4744 - - default default] 10.0.0.141 "POST /v2.0/routers HTTP/1.1" status: 201 len: 865 time: 1.6008306
2026-07-07 00:29:32.106 9 INFO neutron.db.ovn_revision_numbers_db [None req-07c90cce-8d81-489d-8ea1-587afcf35d67 - - - - - -] Successfully bumped revision number for resource 16ad6da4-cbed-4829-8568-619dbfe9a442 (type: ports) to 1
2026-07-07 00:29:32.206 10 WARNING neutron.scheduler.dhcp_agent_scheduler [None req-6a173948-6965-4fad-a493-580ba98e0656 531bc25121e549f792689038675353ad 0d9b39aeee8242a6ba70d3bc004b4744 - - default default] No more DHCP agents
2026-07-07 00:29:32.211 10 WARNING neutron.api.rpc.agentnotifiers.dhcp_rpc_agent_api [None req-6a173948-6965-4fad-a493-580ba98e0656 531bc25121e549f792689038675353ad 0d9b39aeee8242a6ba70d3bc004b4744 - - default default] Unable to schedule network f4907d1e-c937-47e7-9e3c-21664ce8775b: no agents available; will retry on subsequent port and subnet creation events.
2026-07-07 00:29:32.391 10 INFO neutron.db.ovn_revision_numbers_db [None req-6a173948-6965-4fad-a493-580ba98e0656 531bc25121e549f792689038675353ad 0d9b39aeee8242a6ba70d3bc004b4744 - - default default] Successfully bumped revision number for resource 936fe1c0-f9e7-4a22-ad1f-0f958902decc (type: ports) to 1
2026-07-07 00:29:32.718 9 INFO neutron.db.ovn_revision_numbers_db [None req-07c90cce-8d81-489d-8ea1-587afcf35d67 - - - - - -] Successfully bumped revision number for resource 16ad6da4-cbed-4829-8568-619dbfe9a442 (type: router_ports) to 3
2026-07-07 00:29:32.901 9 INFO neutron.db.ovn_revision_numbers_db [None req-07c90cce-8d81-489d-8ea1-587afcf35d67 - - - - - -] Successfully bumped revision number for resource 16ad6da4-cbed-4829-8568-619dbfe9a442 (type: ports) to 2
2026-07-07 00:29:32.905 10 INFO neutron.db.ovn_revision_numbers_db [None req-6a173948-6965-4fad-a493-580ba98e0656 531bc25121e549f792689038675353ad 0d9b39aeee8242a6ba70d3bc004b4744 - - default default] Successfully bumped revision number for resource 936fe1c0-f9e7-4a22-ad1f-0f958902decc (type: router_ports) to 1
2026-07-07 00:29:33.090 10 INFO neutron.db.ovn_revision_numbers_db [None req-6a173948-6965-4fad-a493-580ba98e0656 531bc25121e549f792689038675353ad 0d9b39aeee8242a6ba70d3bc004b4744 - - default default] Successfully bumped revision number for resource 936fe1c0-f9e7-4a22-ad1f-0f958902decc (type: ports) to 1
2026-07-07 00:29:33.176 10 WARNING neutron.scheduler.dhcp_agent_scheduler [None req-6a173948-6965-4fad-a493-580ba98e0656 531bc25121e549f792689038675353ad 0d9b39aeee8242a6ba70d3bc004b4744 - - default default] No more DHCP agents
2026-07-07 00:29:33.177 10 WARNING neutron.api.rpc.agentnotifiers.dhcp_rpc_agent_api [None req-6a173948-6965-4fad-a493-580ba98e0656 531bc25121e549f792689038675353ad 0d9b39aeee8242a6ba70d3bc004b4744 - - default default] Unable to schedule network f4907d1e-c937-47e7-9e3c-21664ce8775b: no agents available; will retry on subsequent port and subnet creation events.
2026-07-07 00:29:33.190 9 INFO neutron.db.ovn_revision_numbers_db [None req-07c90cce-8d81-489d-8ea1-587afcf35d67 - - - - - -] Successfully bumped revision number for resource 16ad6da4-cbed-4829-8568-619dbfe9a442 (type: ports) to 4
2026-07-07 00:29:33.450 9 INFO neutron.db.ovn_revision_numbers_db [None req-07c90cce-8d81-489d-8ea1-587afcf35d67 - - - - - -] Successfully bumped revision number for resource 16ad6da4-cbed-4829-8568-619dbfe9a442 (type: router_ports) to 4
2026-07-07 00:29:33.554 10 INFO neutron.db.ovn_revision_numbers_db [None req-6a173948-6965-4fad-a493-580ba98e0656 531bc25121e549f792689038675353ad 0d9b39aeee8242a6ba70d3bc004b4744 - - default default] Successfully bumped revision number for resource 936fe1c0-f9e7-4a22-ad1f-0f958902decc (type: router_ports) to 1
2026-07-07 00:29:33.557 10 INFO neutron.wsgi [None req-6a173948-6965-4fad-a493-580ba98e0656 531bc25121e549f792689038675353ad 0d9b39aeee8242a6ba70d3bc004b4744 - - default default] 10.0.0.141 "PUT /v2.0/routers/a431e15b-295c-4527-83fe-dda945196763/add_router_interface HTTP/1.1" status: 200 len: 503 time: 2.0270827
2026-07-07 00:29:33.990 9 INFO neutron.plugins.ml2.drivers.ovn.mech_driver.mech_driver [None req-3fdcba31-e094-4b92-868b-d5eff4a849a8 - - - - - -] OVN reports status up for port: 936fe1c0-f9e7-4a22-ad1f-0f958902decc
2026-07-07 00:29:33.996 9 INFO neutron.plugins.ml2.plugin [None req-3fdcba31-e094-4b92-868b-d5eff4a849a8 - - - - - -] Attempt 1 to provision port 936fe1c0-f9e7-4a22-ad1f-0f958902decc
2026-07-07 00:29:34.179 10 WARNING neutron.scheduler.dhcp_agent_scheduler [None req-34a31496-ae88-4784-a0b1-b82127c8906e 531bc25121e549f792689038675353ad 0d9b39aeee8242a6ba70d3bc004b4744 - - default default] No more DHCP agents
2026-07-07 00:29:34.182 10 WARNING neutron.api.rpc.agentnotifiers.dhcp_rpc_agent_api [None req-34a31496-ae88-4784-a0b1-b82127c8906e 531bc25121e549f792689038675353ad 0d9b39aeee8242a6ba70d3bc004b4744 - - default default] Unable to schedule network b89e3d68-7446-44fe-80b6-ec254294e71f: no agents available; will retry on subsequent port and subnet creation events.
2026-07-07 00:29:34.295 9 INFO neutron.db.ovn_revision_numbers_db [None req-3fdcba31-e094-4b92-868b-d5eff4a849a8 - - - - - -] Successfully bumped revision number for resource 936fe1c0-f9e7-4a22-ad1f-0f958902decc (type: ports) to 2
2026-07-07 00:29:34.355 10 INFO neutron.db.ovn_revision_numbers_db [None req-34a31496-ae88-4784-a0b1-b82127c8906e 531bc25121e549f792689038675353ad 0d9b39aeee8242a6ba70d3bc004b4744 - - default default] Successfully bumped revision number for resource 577d9623-13ac-40cb-8151-ede7a35b273d (type: ports) to 1
2026-07-07 00:29:34.447 9 INFO neutron.db.ovn_revision_numbers_db [None req-3fdcba31-e094-4b92-868b-d5eff4a849a8 - - - - - -] Successfully bumped revision number for resource 936fe1c0-f9e7-4a22-ad1f-0f958902decc (type: router_ports) to 2
2026-07-07 00:29:35.093 10 INFO neutron.db.ovn_revision_numbers_db [None req-34a31496-ae88-4784-a0b1-b82127c8906e 531bc25121e549f792689038675353ad 0d9b39aeee8242a6ba70d3bc004b4744 - - default default] Successfully bumped revision number for resource 577d9623-13ac-40cb-8151-ede7a35b273d (type: router_ports) to 1
2026-07-07 00:29:35.269 10 INFO neutron.db.ovn_revision_numbers_db [None req-34a31496-ae88-4784-a0b1-b82127c8906e 531bc25121e549f792689038675353ad 0d9b39aeee8242a6ba70d3bc004b4744 - - default default] Successfully bumped revision number for resource 577d9623-13ac-40cb-8151-ede7a35b273d (type: ports) to 1
2026-07-07 00:29:35.331 10 WARNING neutron.scheduler.dhcp_agent_scheduler [None req-34a31496-ae88-4784-a0b1-b82127c8906e 531bc25121e549f792689038675353ad 0d9b39aeee8242a6ba70d3bc004b4744 - - default default] No more DHCP agents
2026-07-07 00:29:35.332 10 WARNING neutron.api.rpc.agentnotifiers.dhcp_rpc_agent_api [None req-34a31496-ae88-4784-a0b1-b82127c8906e 531bc25121e549f792689038675353ad 0d9b39aeee8242a6ba70d3bc004b4744 - - default default] Unable to schedule network b89e3d68-7446-44fe-80b6-ec254294e71f: no agents available; will retry on subsequent port and subnet creation events.
2026-07-07 00:29:35.711 10 INFO neutron.db.ovn_revision_numbers_db [None req-34a31496-ae88-4784-a0b1-b82127c8906e 531bc25121e549f792689038675353ad 0d9b39aeee8242a6ba70d3bc004b4744 - - default default] Successfully bumped revision number for resource 577d9623-13ac-40cb-8151-ede7a35b273d (type: router_ports) to 1
2026-07-07 00:29:35.714 10 INFO neutron.wsgi [None req-34a31496-ae88-4784-a0b1-b82127c8906e 531bc25121e549f792689038675353ad 0d9b39aeee8242a6ba70d3bc004b4744 - - default default] 10.0.0.141 "PUT /v2.0/routers/a431e15b-295c-4527-83fe-dda945196763/add_router_interface HTTP/1.1" status: 200 len: 503 time: 2.1512649
2026-07-07 00:29:36.319 10 WARNING neutron.scheduler.dhcp_agent_scheduler [None req-a817f983-53e4-4f23-80d6-7e8a32721b18 531bc25121e549f792689038675353ad 0d9b39aeee8242a6ba70d3bc004b4744 - - default default] No more DHCP agents
2026-07-07 00:29:36.324 10 WARNING neutron.api.rpc.agentnotifiers.dhcp_rpc_agent_api [None req-a817f983-53e4-4f23-80d6-7e8a32721b18 531bc25121e549f792689038675353ad 0d9b39aeee8242a6ba70d3bc004b4744 - - default default] Unable to schedule network b44fe6b2-84ed-48c3-b652-42aabaad4bac: no agents available; will retry on subsequent port and subnet creation events.
2026-07-07 00:29:36.555 10 INFO neutron.db.ovn_revision_numbers_db [None req-a817f983-53e4-4f23-80d6-7e8a32721b18 531bc25121e549f792689038675353ad 0d9b39aeee8242a6ba70d3bc004b4744 - - default default] Successfully bumped revision number for resource ac2e0bf1-0180-480b-bbb3-e8a7e33dba2c (type: ports) to 1
2026-07-07 00:29:37.121 10 INFO neutron.plugins.ml2.drivers.ovn.mech_driver.mech_driver [None req-3a0a643f-de9c-4c71-9c69-d4447a6e9dc9 - - - - - -] OVN reports status up for port: ac2e0bf1-0180-480b-bbb3-e8a7e33dba2c
2026-07-07 00:29:37.135 10 INFO neutron.plugins.ml2.plugin [None req-3a0a643f-de9c-4c71-9c69-d4447a6e9dc9 - - - - - -] Attempt 1 to provision port ac2e0bf1-0180-480b-bbb3-e8a7e33dba2c
2026-07-07 00:29:37.153 10 INFO neutron.db.ovn_revision_numbers_db [None req-a817f983-53e4-4f23-80d6-7e8a32721b18 531bc25121e549f792689038675353ad 0d9b39aeee8242a6ba70d3bc004b4744 - - default default] Successfully bumped revision number for resource ac2e0bf1-0180-480b-bbb3-e8a7e33dba2c (type: router_ports) to 1
2026-07-07 00:29:37.346 10 INFO neutron.db.ovn_revision_numbers_db [None req-a817f983-53e4-4f23-80d6-7e8a32721b18 531bc25121e549f792689038675353ad 0d9b39aeee8242a6ba70d3bc004b4744 - - default default] Successfully bumped revision number for resource ac2e0bf1-0180-480b-bbb3-e8a7e33dba2c (type: ports) to 1
2026-07-07 00:29:37.446 10 WARNING neutron.scheduler.dhcp_agent_scheduler [None req-a817f983-53e4-4f23-80d6-7e8a32721b18 531bc25121e549f792689038675353ad 0d9b39aeee8242a6ba70d3bc004b4744 - - default default] No more DHCP agents
2026-07-07 00:29:37.447 10 WARNING neutron.api.rpc.agentnotifiers.dhcp_rpc_agent_api [None req-a817f983-53e4-4f23-80d6-7e8a32721b18 531bc25121e549f792689038675353ad 0d9b39aeee8242a6ba70d3bc004b4744 - - default default] Unable to schedule network b44fe6b2-84ed-48c3-b652-42aabaad4bac: no agents available; will retry on subsequent port and subnet creation events.
2026-07-07 00:29:37.468 10 INFO neutron.db.ovn_revision_numbers_db [None req-3a0a643f-de9c-4c71-9c69-d4447a6e9dc9 - - - - - -] Successfully bumped revision number for resource ac2e0bf1-0180-480b-bbb3-e8a7e33dba2c (type: ports) to 2
2026-07-07 00:29:37.600 9 INFO neutron.wsgi [-] 10.0.0.178 "GET / HTTP/1.1" status: 200 len: 247 time: 0.0023041
2026-07-07 00:29:37.602 9 INFO neutron.wsgi [-] 10.0.0.178 "GET / HTTP/1.1" status: 200 len: 247 time: 0.0014791
2026-07-07 00:29:37.633 10 INFO neutron.db.ovn_revision_numbers_db [None req-3a0a643f-de9c-4c71-9c69-d4447a6e9dc9 - - - - - -] Successfully bumped revision number for resource ac2e0bf1-0180-480b-bbb3-e8a7e33dba2c (type: router_ports) to 2
2026-07-07 00:29:37.821 10 INFO neutron.db.ovn_revision_numbers_db [None req-a817f983-53e4-4f23-80d6-7e8a32721b18 531bc25121e549f792689038675353ad 0d9b39aeee8242a6ba70d3bc004b4744 - - default default] Successfully bumped revision number for resource ac2e0bf1-0180-480b-bbb3-e8a7e33dba2c (type: router_ports) to 2
2026-07-07 00:29:37.824 10 INFO neutron.wsgi [None req-a817f983-53e4-4f23-80d6-7e8a32721b18 531bc25121e549f792689038675353ad 0d9b39aeee8242a6ba70d3bc004b4744 - - default default] 10.0.0.141 "PUT /v2.0/routers/a431e15b-295c-4527-83fe-dda945196763/add_router_interface HTTP/1.1" status: 200 len: 503 time: 2.1049759
2026-07-07 00:29:37.985 10 INFO neutron.db.ovn_revision_numbers_db [None req-c4f4d529-1c3e-4096-adad-dbd3a041a713 531bc25121e549f792689038675353ad 0d9b39aeee8242a6ba70d3bc004b4744 - - default default] Successfully bumped revision number for resource a2ce3414-80da-45a9-a711-c4f8cd9e36f7 (type: security_groups) to 1
2026-07-07 00:29:37.999 10 INFO neutron.db.ovn_revision_numbers_db [None req-c4f4d529-1c3e-4096-adad-dbd3a041a713 531bc25121e549f792689038675353ad 0d9b39aeee8242a6ba70d3bc004b4744 - - default default] Successfully bumped revision number for resource 7821ff21-d7a3-4835-baa4-0a25d081963d (type: security_group_rules) to 0
2026-07-07 00:29:38.013 10 INFO neutron.db.ovn_revision_numbers_db [None req-c4f4d529-1c3e-4096-adad-dbd3a041a713 531bc25121e549f792689038675353ad 0d9b39aeee8242a6ba70d3bc004b4744 - - default default] Successfully bumped revision number for resource f05ed4de-2f89-4f61-abd5-6f03cfad54e5 (type: security_group_rules) to 0
2026-07-07 00:29:38.033 10 INFO neutron.wsgi [None req-c4f4d529-1c3e-4096-adad-dbd3a041a713 531bc25121e549f792689038675353ad 0d9b39aeee8242a6ba70d3bc004b4744 - - default default] 10.0.0.141 "POST /v2.0/security-groups HTTP/1.1" status: 201 len: 1765 time: 0.1573431
2026-07-07 00:29:38.150 10 INFO neutron.db.ovn_revision_numbers_db [None req-69a26ca6-fe93-42a4-9753-e510261cf1f7 531bc25121e549f792689038675353ad 0d9b39aeee8242a6ba70d3bc004b4744 - - default default] Successfully bumped revision number for resource e984a1ea-3531-4f19-b602-1be583c7238a (type: security_group_rules) to 0
2026-07-07 00:29:38.172 10 INFO neutron.wsgi [None req-69a26ca6-fe93-42a4-9753-e510261cf1f7 531bc25121e549f792689038675353ad 0d9b39aeee8242a6ba70d3bc004b4744 - - default default] 10.0.0.141 "POST /v2.0/security-group-rules HTTP/1.1" status: 201 len: 764 time: 0.1330540
2026-07-07 00:29:38.284 10 INFO neutron.db.ovn_revision_numbers_db [None req-dd275ce2-00dd-4673-8c6e-04ece0aa4853 531bc25121e549f792689038675353ad 0d9b39aeee8242a6ba70d3bc004b4744 - - default default] Successfully bumped revision number for resource f1203b9b-46c3-46f3-9a47-9748281df0e5 (type: security_group_rules) to 0
2026-07-07 00:29:38.312 10 INFO neutron.wsgi [None req-dd275ce2-00dd-4673-8c6e-04ece0aa4853 531bc25121e549f792689038675353ad 0d9b39aeee8242a6ba70d3bc004b4744 - - default default] 10.0.0.141 "POST /v2.0/security-group-rules HTTP/1.1" status: 201 len: 764 time: 0.1354682
2026-07-07 00:29:38.431 10 INFO neutron.db.ovn_revision_numbers_db [None req-00d39bb8-d6a7-4f37-98a8-d04d74856fe5 531bc25121e549f792689038675353ad 0d9b39aeee8242a6ba70d3bc004b4744 - - default default] Successfully bumped revision number for resource 9e3ca9bf-d872-423a-b25f-7d9cd5c473cc (type: security_group_rules) to 0
2026-07-07 00:29:38.455 10 INFO neutron.wsgi [None req-00d39bb8-d6a7-4f37-98a8-d04d74856fe5 531bc25121e549f792689038675353ad 0d9b39aeee8242a6ba70d3bc004b4744 - - default default] 10.0.0.141 "POST /v2.0/security-group-rules HTTP/1.1" status: 201 len: 766 time: 0.1366589
2026-07-07 00:29:38.579 10 INFO neutron.db.ovn_revision_numbers_db [None req-9659f133-59aa-4077-ad02-95e0a838cff1 531bc25121e549f792689038675353ad 0d9b39aeee8242a6ba70d3bc004b4744 - - default default] Successfully bumped revision number for resource 7d40a00b-edf0-49a2-a38c-b7f8745e92ed (type: security_group_rules) to 0
2026-07-07 00:29:38.602 10 INFO neutron.wsgi [None req-9659f133-59aa-4077-ad02-95e0a838cff1 531bc25121e549f792689038675353ad 0d9b39aeee8242a6ba70d3bc004b4744 - - default default] 10.0.0.141 "POST /v2.0/security-group-rules HTTP/1.1" status: 201 len: 768 time: 0.1394250
2026-07-07 00:29:38.763 9 INFO neutron.db.ovn_revision_numbers_db [None req-9236d103-3b14-4261-b205-19e3d3decdaa 531bc25121e549f792689038675353ad 0d9b39aeee8242a6ba70d3bc004b4744 - - default default] Successfully bumped revision number for resource eff4332a-0947-4951-92d6-bb80bd51091a (type: security_group_rules) to 0
2026-07-07 00:29:38.788 9 INFO neutron.wsgi [None req-9236d103-3b14-4261-b205-19e3d3decdaa 531bc25121e549f792689038675353ad 0d9b39aeee8242a6ba70d3bc004b4744 - - default default] 10.0.0.141 "POST /v2.0/security-group-rules HTTP/1.1" status: 201 len: 768 time: 0.1790547
2026-07-07 00:29:38.965 9 INFO neutron.db.ovn_revision_numbers_db [None req-6bdacf2c-6038-42fc-b7a3-a4e40a626dd7 531bc25121e549f792689038675353ad 0d9b39aeee8242a6ba70d3bc004b4744 - - default default] Successfully bumped revision number for resource e453104a-2cd6-433e-93d7-eb84127c7ed4 (type: security_group_rules) to 0
2026-07-07 00:29:39.014 9 INFO neutron.wsgi [None req-6bdacf2c-6038-42fc-b7a3-a4e40a626dd7 531bc25121e549f792689038675353ad 0d9b39aeee8242a6ba70d3bc004b4744 - - default default] 10.0.0.141 "POST /v2.0/security-group-rules HTTP/1.1" status: 201 len: 764 time: 0.2195644
2026-07-07 00:29:39.179 10 INFO neutron.db.ovn_revision_numbers_db [None req-c302b553-cc05-429b-8de8-42e19eae47a8 531bc25121e549f792689038675353ad 0d9b39aeee8242a6ba70d3bc004b4744 - - default default] Successfully bumped revision number for resource a2d15d1f-8101-494c-96f0-cad97e7ca9dc (type: security_group_rules) to 0
