2026-07-07 00:24:19.319 9 INFO neutron.wsgi [req-8758268b-c62e-467c-9af0-2fb8bd07af13 req-0d09ad9c-fffb-4122-af20-7caa58a11341 dd90be565cc54163a9a3b45352f2b5b9 ad9250ca30b24e5fbfc3238dca42faa3 - - default default] 10.0.0.51 "DELETE /v2.0/security-groups/3e8b55bf-add2-4a47-9c1c-06c33e1f83c2 HTTP/1.1" status: 204 len: 173 time: 0.2431922
2026-07-07 00:24:19.395 10 WARNING neutron.plugins.ml2.drivers.ovn.mech_driver.ovsdb.ovn_client [None req-3a0a643f-de9c-4c71-9c69-d4447a6e9dc9 - - - - - -] No port found with ID e9e02b29-dc2a-4c38-bc5d-3dce0b5b29ee: RuntimeError: No port found with ID e9e02b29-dc2a-4c38-bc5d-3dce0b5b29ee
2026-07-07 00:24:19.449 9 INFO neutron.wsgi [req-168c13fd-4c26-403c-a50d-46eecb029936 req-c5886939-b1f7-4112-87e1-d3c2c2dddc09 dd90be565cc54163a9a3b45352f2b5b9 ad9250ca30b24e5fbfc3238dca42faa3 - - default default] 10.0.0.51 "GET /v2.0/security-groups/47de0719-94dc-4b27-b3ef-30151bc14a97 HTTP/1.1" status: 200 len: 2414 time: 0.1026998
2026-07-07 00:24:19.680 9 WARNING neutron.scheduler.dhcp_agent_scheduler [None req-4fd95698-fa66-43ae-9f19-2839bd13c73f f003a02d17594e1b945d59c1d7446ce0 c8ace76cc6c541be8608850070278a4b - - default default] No more DHCP agents
2026-07-07 00:24:19.685 9 WARNING neutron.api.rpc.agentnotifiers.dhcp_rpc_agent_api [None req-4fd95698-fa66-43ae-9f19-2839bd13c73f f003a02d17594e1b945d59c1d7446ce0 c8ace76cc6c541be8608850070278a4b - - default default] Unable to schedule network 3acaf8ee-4da4-4371-a437-add7a00b27fe: no agents available; will retry on subsequent port and subnet creation events.
2026-07-07 00:24:19.715 9 INFO neutron.wsgi [req-168c13fd-4c26-403c-a50d-46eecb029936 req-4866ef6d-b00d-4503-a652-386ac796a16a dd90be565cc54163a9a3b45352f2b5b9 ad9250ca30b24e5fbfc3238dca42faa3 - - default default] 10.0.0.51 "DELETE /v2.0/security-groups/47de0719-94dc-4b27-b3ef-30151bc14a97 HTTP/1.1" status: 204 len: 173 time: 0.2485170
2026-07-07 00:24:19.744 9 INFO neutron.db.ovn_revision_numbers_db [None req-4fd95698-fa66-43ae-9f19-2839bd13c73f f003a02d17594e1b945d59c1d7446ce0 c8ace76cc6c541be8608850070278a4b - - default default] Successfully bumped revision number for resource d2c8e19d-6761-4a65-8950-c03df2f590ff (type: subnets) to 0
2026-07-07 00:24:19.761 9 INFO neutron.wsgi [None req-4fd95698-fa66-43ae-9f19-2839bd13c73f f003a02d17594e1b945d59c1d7446ce0 c8ace76cc6c541be8608850070278a4b - - default default] 10.0.0.141 "POST /v2.0/subnets HTTP/1.1" status: 201 len: 802 time: 0.5274687
2026-07-07 00:24:19.828 10 INFO neutron.wsgi [None req-85843c6d-7dfb-4879-8514-96127d3c2f14 be4cb84c4ba948ec9c062b7a4008b662 7a10b33a19c046c49c77a20affc073e2 - - default default] 10.0.0.141 "PUT /v2.0/routers/ed5790cf-9e34-4280-be95-ad1d9ace5577/remove_router_interface HTTP/1.1" status: 200 len: 503 time: 1.5681987 /var/lib/openstack/lib/python3.10/site-packages/pycadf/identifier.py:71: UserWarning: Invalid uuid: neutron. To ensure interoperability, identifiers should be a valid uuid. warnings.warn(('Invalid uuid: %s. To ensure interoperability, '
2026-07-07 00:24:19.971 9 INFO neutron.db.ovn_revision_numbers_db [None req-459d7808-a3c7-4f8c-92e8-e7dfeab2c681 be4cb84c4ba948ec9c062b7a4008b662 7a10b33a19c046c49c77a20affc073e2 - - default default] Successfully bumped revision number for resource a25f6880-87d4-4964-b1d5-307ccd45e32b (type: router_ports) to 1
2026-07-07 00:24:19.973 9 INFO neutron.wsgi [None req-459d7808-a3c7-4f8c-92e8-e7dfeab2c681 be4cb84c4ba948ec9c062b7a4008b662 7a10b33a19c046c49c77a20affc073e2 - - default default] 10.0.0.141 "PUT /v2.0/routers/a4b2dce6-f21d-4c55-a5e4-9d3649067b65/add_router_interface HTTP/1.1" status: 200 len: 503 time: 3.5006855
2026-07-07 00:24:20.266 9 WARNING neutron.plugins.ml2.drivers.ovn.mech_driver.ovsdb.ovn_client [None req-3fdcba31-e094-4b92-868b-d5eff4a849a8 - - - - - -] No hosting information found for port 1ec6f7ed-a8dc-4f6c-ba1a-7fb360a58e69: RuntimeError: No hosting information found for port 1ec6f7ed-a8dc-4f6c-ba1a-7fb360a58e69
2026-07-07 00:24:20.266 9 INFO neutron.plugins.ml2.drivers.ovn.mech_driver.mech_driver [None req-3fdcba31-e094-4b92-868b-d5eff4a849a8 - - - - - -] OVN reports status up for port: af476747-a109-4693-abf6-f092739c38b7
2026-07-07 00:24:20.287 9 INFO neutron.plugins.ml2.plugin [None req-3fdcba31-e094-4b92-868b-d5eff4a849a8 - - - - - -] Attempt 1 to provision port af476747-a109-4693-abf6-f092739c38b7
2026-07-07 00:24:20.391 9 INFO neutron.plugins.ml2.drivers.ovn.mech_driver.mech_driver [None req-3fdcba31-e094-4b92-868b-d5eff4a849a8 - - - - - -] OVN reports status up for port: a25f6880-87d4-4964-b1d5-307ccd45e32b
2026-07-07 00:24:20.399 9 INFO neutron.plugins.ml2.plugin [None req-3fdcba31-e094-4b92-868b-d5eff4a849a8 - - - - - -] Attempt 1 to provision port a25f6880-87d4-4964-b1d5-307ccd45e32b
2026-07-07 00:24:20.501 9 WARNING neutron.scheduler.dhcp_agent_scheduler [None req-06074c09-3e45-49ed-ae72-5225e2e15231 f003a02d17594e1b945d59c1d7446ce0 c8ace76cc6c541be8608850070278a4b - - default default] No more DHCP agents
2026-07-07 00:24:20.505 9 WARNING neutron.api.rpc.agentnotifiers.dhcp_rpc_agent_api [None req-06074c09-3e45-49ed-ae72-5225e2e15231 f003a02d17594e1b945d59c1d7446ce0 c8ace76cc6c541be8608850070278a4b - - default default] Unable to schedule network fc093fff-c53f-4348-a77b-2fab9ce5afff: no agents available; will retry on subsequent port and subnet creation events.
2026-07-07 00:24:20.731 9 INFO neutron.db.ovn_revision_numbers_db [None req-06074c09-3e45-49ed-ae72-5225e2e15231 f003a02d17594e1b945d59c1d7446ce0 c8ace76cc6c541be8608850070278a4b - - default default] Successfully bumped revision number for resource a3b3b76f-024d-421d-baf6-c2f25b9115f4 (type: ports) to 1
2026-07-07 00:24:20.742 9 INFO neutron.db.ovn_revision_numbers_db [None req-b7c87c79-5c9d-45fa-aa37-86f359e57ae9 3b896eb5b4634c7ca425dccd731de72e f1d9a582d3e9490a8073c690d39cf55f - - default default] Successfully bumped revision number for resource bc9cccb0-c88f-4e3d-a703-0b342cebcaed (type: security_groups) to 1
2026-07-07 00:24:20.794 9 INFO neutron.db.ovn_revision_numbers_db [None req-b7c87c79-5c9d-45fa-aa37-86f359e57ae9 3b896eb5b4634c7ca425dccd731de72e f1d9a582d3e9490a8073c690d39cf55f - - default default] Successfully bumped revision number for resource 0b0fc484-5431-490c-b5d5-d5dfa3e90bd9 (type: security_group_rules) to 0
2026-07-07 00:24:20.819 9 INFO neutron.db.ovn_revision_numbers_db [None req-b7c87c79-5c9d-45fa-aa37-86f359e57ae9 3b896eb5b4634c7ca425dccd731de72e f1d9a582d3e9490a8073c690d39cf55f - - default default] Successfully bumped revision number for resource 32ff8bd1-22f9-45a5-9880-f81aa549f0b6 (type: security_group_rules) to 0
2026-07-07 00:24:20.833 10 INFO neutron.wsgi [None req-2d867823-35cb-480d-93f5-fddec0986f0b be4cb84c4ba948ec9c062b7a4008b662 7a10b33a19c046c49c77a20affc073e2 - - default default] 10.0.0.141 "DELETE /v2.0/routers/ed5790cf-9e34-4280-be95-ad1d9ace5577 HTTP/1.1" status: 204 len: 168 time: 0.9989502
2026-07-07 00:24:20.858 9 INFO neutron.db.ovn_revision_numbers_db [None req-3fdcba31-e094-4b92-868b-d5eff4a849a8 - - - - - -] Successfully bumped revision number for resource a25f6880-87d4-4964-b1d5-307ccd45e32b (type: ports) to 2
2026-07-07 00:24:20.876 9 INFO neutron.wsgi [None req-b7c87c79-5c9d-45fa-aa37-86f359e57ae9 3b896eb5b4634c7ca425dccd731de72e f1d9a582d3e9490a8073c690d39cf55f - - default default] 10.0.0.141 "POST /v2.0/security-groups HTTP/1.1" status: 201 len: 1796 time: 0.3513787
2026-07-07 00:24:21.064 9 INFO neutron.db.ovn_revision_numbers_db [None req-3fdcba31-e094-4b92-868b-d5eff4a849a8 - - - - - -] Successfully bumped revision number for resource a25f6880-87d4-4964-b1d5-307ccd45e32b (type: router_ports) to 2
2026-07-07 00:24:21.303 10 INFO neutron.wsgi [None req-c396911f-25e0-476b-8cbf-3f573fcafb0f be4cb84c4ba948ec9c062b7a4008b662 7a10b33a19c046c49c77a20affc073e2 - - default default] 10.0.0.141 "DELETE /v2.0/subnets/f9392ab0-b38d-4774-9092-0434cebbe9f3 HTTP/1.1" status: 204 len: 168 time: 0.4650028
2026-07-07 00:24:21.319 10 INFO neutron.db.ovn_revision_numbers_db [None req-78589c12-d073-4942-baa1-30cc5a83d505 3b896eb5b4634c7ca425dccd731de72e f1d9a582d3e9490a8073c690d39cf55f - - default default] Successfully bumped revision number for resource 66c180e3-e5d8-4c24-8a0d-8cf0df51c030 (type: security_group_rules) to 0
2026-07-07 00:24:21.401 10 INFO neutron.wsgi [None req-78589c12-d073-4942-baa1-30cc5a83d505 3b896eb5b4634c7ca425dccd731de72e f1d9a582d3e9490a8073c690d39cf55f - - default default] 10.0.0.141 "POST /v2.0/security-group-rules HTTP/1.1" status: 201 len: 764 time: 0.5186694
2026-07-07 00:24:21.527 10 INFO neutron.plugins.ml2.drivers.ovn.mech_driver.mech_driver [None req-3a0a643f-de9c-4c71-9c69-d4447a6e9dc9 - - - - - -] OVN reports status up for port: a3b3b76f-024d-421d-baf6-c2f25b9115f4
2026-07-07 00:24:21.541 9 INFO neutron.db.ovn_revision_numbers_db [None req-06074c09-3e45-49ed-ae72-5225e2e15231 f003a02d17594e1b945d59c1d7446ce0 c8ace76cc6c541be8608850070278a4b - - default default] Successfully bumped revision number for resource a3b3b76f-024d-421d-baf6-c2f25b9115f4 (type: router_ports) to 1
2026-07-07 00:24:21.560 10 INFO neutron.plugins.ml2.plugin [None req-3a0a643f-de9c-4c71-9c69-d4447a6e9dc9 - - - - - -] Attempt 1 to provision port a3b3b76f-024d-421d-baf6-c2f25b9115f4
2026-07-07 00:24:21.616 9 INFO neutron.db.ovn_revision_numbers_db [None req-06074c09-3e45-49ed-ae72-5225e2e15231 f003a02d17594e1b945d59c1d7446ce0 c8ace76cc6c541be8608850070278a4b - - default default] Successfully bumped revision number for resource 99a88826-ebc0-454e-b66e-570264fe2bca (type: routers) to 2
2026-07-07 00:24:21.637 9 INFO neutron.wsgi [None req-06074c09-3e45-49ed-ae72-5225e2e15231 f003a02d17594e1b945d59c1d7446ce0 c8ace76cc6c541be8608850070278a4b - - default default] 10.0.0.141 "POST /v2.0/routers HTTP/1.1" status: 201 len: 873 time: 1.8697467
2026-07-07 00:24:21.751 10 INFO neutron.db.ovn_revision_numbers_db [None req-ec172f08-723c-4861-a289-988e4f0d9163 3b896eb5b4634c7ca425dccd731de72e f1d9a582d3e9490a8073c690d39cf55f - - default default] Successfully bumped revision number for resource 6ddf25fd-ff51-45b5-a01c-c5b2f28cc335 (type: security_group_rules) to 0
2026-07-07 00:24:21.774 10 INFO neutron.wsgi [None req-be51e4d9-9de0-4a19-92df-5afeb51b602f be4cb84c4ba948ec9c062b7a4008b662 7a10b33a19c046c49c77a20affc073e2 - - default default] 10.0.0.141 "PUT /v2.0/routers/e095805c-0027-49cc-bcdb-883760bc2d46/remove_router_interface HTTP/1.1" status: 200 len: 503 time: 2.0467851
2026-07-07 00:24:21.818 10 INFO neutron.wsgi [None req-ec172f08-723c-4861-a289-988e4f0d9163 3b896eb5b4634c7ca425dccd731de72e f1d9a582d3e9490a8073c690d39cf55f - - default default] 10.0.0.141 "POST /v2.0/security-group-rules HTTP/1.1" status: 201 len: 769 time: 0.4099832 /var/lib/openstack/lib/python3.10/site-packages/pycadf/identifier.py:71: UserWarning: Invalid uuid: neutron. To ensure interoperability, identifiers should be a valid uuid. warnings.warn(('Invalid uuid: %s. To ensure interoperability, '
2026-07-07 00:24:22.035 10 INFO neutron.wsgi [None req-ab658bce-745d-48ae-8bf0-1a7a23c3de0b be4cb84c4ba948ec9c062b7a4008b662 7a10b33a19c046c49c77a20affc073e2 - - default default] 10.0.0.141 "DELETE /v2.0/networks/804e101e-08ac-4437-84c8-e07add3c0961 HTTP/1.1" status: 204 len: 168 time: 0.7213836
2026-07-07 00:24:22.172 10 WARNING neutron.scheduler.dhcp_agent_scheduler [None req-672e1e42-e5f3-4f4b-b188-f16e9c8f53d2 3b896eb5b4634c7ca425dccd731de72e f1d9a582d3e9490a8073c690d39cf55f - - default default] No more DHCP agents
2026-07-07 00:24:22.174 10 WARNING neutron.api.rpc.agentnotifiers.dhcp_rpc_agent_api [None req-672e1e42-e5f3-4f4b-b188-f16e9c8f53d2 3b896eb5b4634c7ca425dccd731de72e f1d9a582d3e9490a8073c690d39cf55f - - default default] Unable to schedule network fc093fff-c53f-4348-a77b-2fab9ce5afff: no agents available; will retry on subsequent port and subnet creation events.
2026-07-07 00:24:22.353 9 INFO neutron.wsgi [None req-07dc012f-443c-4639-9b2a-f4d2be819fb4 be4cb84c4ba948ec9c062b7a4008b662 7a10b33a19c046c49c77a20affc073e2 - - default default] 10.0.0.141 "GET /v2.0/security-groups?tenant_id=2ce6fa38331a429dbc76ad84aea7e3d6&name=default HTTP/1.1" status: 200 len: 2992 time: 0.1437449
2026-07-07 00:24:22.485 10 INFO neutron.services.segments.plugin [-] Segment 143233a6-3963-4919-86dc-19e88e2e60ed resource provider aggregate not found
2026-07-07 00:24:22.522 10 INFO neutron.services.segments.plugin [-] Segment 143233a6-3963-4919-86dc-19e88e2e60ed resource provider not found; error: Placement Client Error (4xx): {"errors": [{"status": 404, "title": "Not Found", "detail": "The resource could not be found.\n\n No resource provider with uuid 143233a6-3963-4919-86dc-19e88e2e60ed found for delete ", "request_id": "req-6d7c5616-4e7e-48ae-bbb4-8c97eaa229b5"}]}
2026-07-07 00:24:22.523 10 INFO neutron.services.segments.plugin [-] Segment 143233a6-3963-4919-86dc-19e88e2e60ed resource provider aggregate not found
2026-07-07 00:24:22.547 10 INFO neutron.services.segments.plugin [-] Segment 143233a6-3963-4919-86dc-19e88e2e60ed resource provider not found; error: Placement Client Error (4xx): {"errors": [{"status": 404, "title": "Not Found", "detail": "The resource could not be found.\n\n No resource provider with uuid 143233a6-3963-4919-86dc-19e88e2e60ed found for delete ", "request_id": "req-21dec226-3972-438b-9c56-df5c745592d2"}]}
2026-07-07 00:24:22.607 9 INFO neutron.wsgi [-] 10.0.0.178 "GET / HTTP/1.1" status: 200 len: 247 time: 0.0027099
2026-07-07 00:24:22.609 9 INFO neutron.wsgi [-] 10.0.0.178 "GET / HTTP/1.1" status: 200 len: 247 time: 0.0011201
2026-07-07 00:24:22.637 10 INFO neutron.db.ovn_revision_numbers_db [None req-672e1e42-e5f3-4f4b-b188-f16e9c8f53d2 3b896eb5b4634c7ca425dccd731de72e f1d9a582d3e9490a8073c690d39cf55f - - default default] Successfully bumped revision number for resource 2a79faee-6c02-4c99-82d5-2f3b85e5e9c4 (type: floatingips) to 0
2026-07-07 00:24:22.657 10 INFO neutron.wsgi [None req-672e1e42-e5f3-4f4b-b188-f16e9c8f53d2 3b896eb5b4634c7ca425dccd731de72e f1d9a582d3e9490a8073c690d39cf55f - - default default] 10.0.0.141 "POST /v2.0/floatingips HTTP/1.1" status: 201 len: 751 time: 0.8320358
2026-07-07 00:24:22.699 9 WARNING neutron.scheduler.dhcp_agent_scheduler [None req-1d7f1280-fc57-4c07-b12e-8e40cc284706 f003a02d17594e1b945d59c1d7446ce0 c8ace76cc6c541be8608850070278a4b - - default default] No more DHCP agents
2026-07-07 00:24:22.706 9 WARNING neutron.api.rpc.agentnotifiers.dhcp_rpc_agent_api [None req-1d7f1280-fc57-4c07-b12e-8e40cc284706 f003a02d17594e1b945d59c1d7446ce0 c8ace76cc6c541be8608850070278a4b - - default default] Unable to schedule network 3acaf8ee-4da4-4371-a437-add7a00b27fe: no agents available; will retry on subsequent port and subnet creation events.
2026-07-07 00:24:22.724 10 INFO neutron.wsgi [None req-a6e03b19-e2ba-4b49-97a6-888955eef309 be4cb84c4ba948ec9c062b7a4008b662 7a10b33a19c046c49c77a20affc073e2 - - default default] 10.0.0.141 "DELETE /v2.0/security-groups/30fea5b3-bb81-49b5-8a18-c5ff1098bba5 HTTP/1.1" status: 204 len: 168 time: 0.3643279
2026-07-07 00:24:23.022 9 INFO neutron.db.ovn_revision_numbers_db [None req-1d7f1280-fc57-4c07-b12e-8e40cc284706 f003a02d17594e1b945d59c1d7446ce0 c8ace76cc6c541be8608850070278a4b - - default default] Successfully bumped revision number for resource 1c7d74d2-0845-4cc5-9631-81888ee0b5c2 (type: ports) to 1
2026-07-07 00:24:23.065 9 INFO neutron.wsgi [None req-cb4cf5fc-ead3-4b7d-b51f-0c79ae4f5b18 be4cb84c4ba948ec9c062b7a4008b662 7a10b33a19c046c49c77a20affc073e2 - - default default] 10.0.0.141 "DELETE /v2.0/routers/e095805c-0027-49cc-bcdb-883760bc2d46 HTTP/1.1" status: 204 len: 168 time: 1.2840309
2026-07-07 00:24:23.416 10 INFO neutron.wsgi [None req-ec596a68-2b23-4fa5-b54c-464b2a96c127 be4cb84c4ba948ec9c062b7a4008b662 7a10b33a19c046c49c77a20affc073e2 - - default default] 10.0.0.141 "DELETE /v2.0/subnets/3f711d6f-33c9-4767-ae56-c598d5bf0db5 HTTP/1.1" status: 204 len: 168 time: 0.3441305
2026-07-07 00:24:23.587 9 INFO neutron.db.ovn_revision_numbers_db [None req-1d7f1280-fc57-4c07-b12e-8e40cc284706 f003a02d17594e1b945d59c1d7446ce0 c8ace76cc6c541be8608850070278a4b - - default default] Successfully bumped revision number for resource 1c7d74d2-0845-4cc5-9631-81888ee0b5c2 (type: router_ports) to 1
2026-07-07 00:24:23.761 9 INFO neutron.db.ovn_revision_numbers_db [None req-1d7f1280-fc57-4c07-b12e-8e40cc284706 f003a02d17594e1b945d59c1d7446ce0 c8ace76cc6c541be8608850070278a4b - - default default] Successfully bumped revision number for resource 1c7d74d2-0845-4cc5-9631-81888ee0b5c2 (type: ports) to 1
2026-07-07 00:24:23.837 9 WARNING neutron.scheduler.dhcp_agent_scheduler [None req-1d7f1280-fc57-4c07-b12e-8e40cc284706 f003a02d17594e1b945d59c1d7446ce0 c8ace76cc6c541be8608850070278a4b - - default default] No more DHCP agents
2026-07-07 00:24:23.839 9 WARNING neutron.api.rpc.agentnotifiers.dhcp_rpc_agent_api [None req-1d7f1280-fc57-4c07-b12e-8e40cc284706 f003a02d17594e1b945d59c1d7446ce0 c8ace76cc6c541be8608850070278a4b - - default default] Unable to schedule network 3acaf8ee-4da4-4371-a437-add7a00b27fe: no agents available; will retry on subsequent port and subnet creation events.
2026-07-07 00:24:23.839 10 INFO neutron.wsgi [None req-70692045-97e0-4448-a74e-6e01b6587216 be4cb84c4ba948ec9c062b7a4008b662 7a10b33a19c046c49c77a20affc073e2 - - default default] 10.0.0.141 "DELETE /v2.0/networks/a61288ae-9ede-4561-9a46-2cb0a34f1d08 HTTP/1.1" status: 204 len: 168 time: 0.4159036
2026-07-07 00:24:24.032 9 INFO neutron.wsgi [None req-1e13424b-8f7a-4b74-83d8-93f84e7a1721 be4cb84c4ba948ec9c062b7a4008b662 7a10b33a19c046c49c77a20affc073e2 - - default default] 10.0.0.141 "GET /v2.0/security-groups?tenant_id=ad9250ca30b24e5fbfc3238dca42faa3&name=default HTTP/1.1" status: 200 len: 2992 time: 0.0437064
2026-07-07 00:24:24.262 9 INFO neutron.db.ovn_revision_numbers_db [None req-1d7f1280-fc57-4c07-b12e-8e40cc284706 f003a02d17594e1b945d59c1d7446ce0 c8ace76cc6c541be8608850070278a4b - - default default] Successfully bumped revision number for resource 1c7d74d2-0845-4cc5-9631-81888ee0b5c2 (type: router_ports) to 1
2026-07-07 00:24:24.264 9 INFO neutron.wsgi [None req-1d7f1280-fc57-4c07-b12e-8e40cc284706 f003a02d17594e1b945d59c1d7446ce0 c8ace76cc6c541be8608850070278a4b - - default default] 10.0.0.141 "PUT /v2.0/routers/99a88826-ebc0-454e-b66e-570264fe2bca/add_router_interface HTTP/1.1" status: 200 len: 503 time: 2.6215529
2026-07-07 00:24:24.379 9 INFO neutron.wsgi [None req-9d8ef421-cfe0-474d-a66c-6ab536c8a19c be4cb84c4ba948ec9c062b7a4008b662 7a10b33a19c046c49c77a20affc073e2 - - default default] 10.0.0.141 "DELETE /v2.0/security-groups/2791c7ed-d040-40ac-ab3c-674189391dae HTTP/1.1" status: 204 len: 168 time: 0.3430121
2026-07-07 00:24:24.545 10 INFO neutron.services.segments.plugin [-] Segment 9c05cf2b-546e-4dc9-aa70-de85707f1f21 resource provider aggregate not found
2026-07-07 00:24:24.572 10 INFO neutron.services.segments.plugin [-] Segment 9c05cf2b-546e-4dc9-aa70-de85707f1f21 resource provider not found; error: Placement Client Error (4xx): {"errors": [{"status": 404, "title": "Not Found", "detail": "The resource could not be found.\n\n No resource provider with uuid 9c05cf2b-546e-4dc9-aa70-de85707f1f21 found for delete ", "request_id": "req-a123a768-1632-4e88-b453-56ea0e39c37f"}]}
2026-07-07 00:24:24.574 10 INFO neutron.services.segments.plugin [-] Segment 9c05cf2b-546e-4dc9-aa70-de85707f1f21 resource provider aggregate not found
2026-07-07 00:24:24.598 10 INFO neutron.services.segments.plugin [-] Segment 9c05cf2b-546e-4dc9-aa70-de85707f1f21 resource provider not found; error: Placement Client Error (4xx): {"errors": [{"status": 404, "title": "Not Found", "detail": "The resource could not be found.\n\n No resource provider with uuid 9c05cf2b-546e-4dc9-aa70-de85707f1f21 found for delete ", "request_id": "req-fd34373b-45fb-4927-8b80-51b4a5dd36f7"}]}
2026-07-07 00:24:24.742 9 WARNING neutron.scheduler.dhcp_agent_scheduler [None req-b5b3efcb-09a5-41a7-a7b8-d27901a770da f003a02d17594e1b945d59c1d7446ce0 c8ace76cc6c541be8608850070278a4b - - default default] No more DHCP agents
2026-07-07 00:24:24.745 9 WARNING neutron.api.rpc.agentnotifiers.dhcp_rpc_agent_api [None req-b5b3efcb-09a5-41a7-a7b8-d27901a770da f003a02d17594e1b945d59c1d7446ce0 c8ace76cc6c541be8608850070278a4b - - default default] Unable to schedule network 3acaf8ee-4da4-4371-a437-add7a00b27fe: no agents available; will retry on subsequent port and subnet creation events. /var/lib/openstack/lib/python3.10/site-packages/pycadf/identifier.py:71: UserWarning: Invalid uuid: neutron. To ensure interoperability, identifiers should be a valid uuid. warnings.warn(('Invalid uuid: %s. To ensure interoperability, '
2026-07-07 00:24:24.883 9 INFO neutron.db.ovn_revision_numbers_db [None req-b5b3efcb-09a5-41a7-a7b8-d27901a770da f003a02d17594e1b945d59c1d7446ce0 c8ace76cc6c541be8608850070278a4b - - default default] Successfully bumped revision number for resource af878c00-0b3f-43d2-899d-bc757d1edafe (type: ports) to 1
2026-07-07 00:24:24.912 9 INFO neutron.wsgi [None req-b5b3efcb-09a5-41a7-a7b8-d27901a770da f003a02d17594e1b945d59c1d7446ce0 c8ace76cc6c541be8608850070278a4b - - default default] 10.0.0.141 "POST /v2.0/ports HTTP/1.1" status: 201 len: 1154 time: 0.6434190
2026-07-07 00:24:24.969 9 INFO neutron.db.ovn_revision_numbers_db [None req-b923ec09-dc1e-42d0-82f5-b258642fe4b7 be4cb84c4ba948ec9c062b7a4008b662 7a10b33a19c046c49c77a20affc073e2 - - default default] Successfully bumped revision number for resource 3c854ab7-d394-425c-a90d-8a43ce57c3d1 (type: security_groups) to 1
2026-07-07 00:24:24.990 9 INFO neutron.db.ovn_revision_numbers_db [None req-b923ec09-dc1e-42d0-82f5-b258642fe4b7 be4cb84c4ba948ec9c062b7a4008b662 7a10b33a19c046c49c77a20affc073e2 - - default default] Successfully bumped revision number for resource 1f6db20d-d845-4aa3-95c3-97d8b815e004 (type: security_group_rules) to 0
2026-07-07 00:24:25.012 9 INFO neutron.db.ovn_revision_numbers_db [None req-b923ec09-dc1e-42d0-82f5-b258642fe4b7 be4cb84c4ba948ec9c062b7a4008b662 7a10b33a19c046c49c77a20affc073e2 - - default default] Successfully bumped revision number for resource 7f87eeae-69c3-435e-bc2b-0e7b16ebaea8 (type: security_group_rules) to 0
2026-07-07 00:24:25.034 9 INFO neutron.db.ovn_revision_numbers_db [None req-b923ec09-dc1e-42d0-82f5-b258642fe4b7 be4cb84c4ba948ec9c062b7a4008b662 7a10b33a19c046c49c77a20affc073e2 - - default default] Successfully bumped revision number for resource 86c31565-9edb-4e2e-8123-c88ac34591ec (type: security_group_rules) to 0
2026-07-07 00:24:25.055 9 INFO neutron.db.ovn_revision_numbers_db [None req-b923ec09-dc1e-42d0-82f5-b258642fe4b7 be4cb84c4ba948ec9c062b7a4008b662 7a10b33a19c046c49c77a20affc073e2 - - default default] Successfully bumped revision number for resource cd6aefbf-5d6f-483a-929c-2959bf291dc2 (type: security_group_rules) to 0
2026-07-07 00:24:25.108 9 INFO neutron.db.segments_db [None req-b923ec09-dc1e-42d0-82f5-b258642fe4b7 be4cb84c4ba948ec9c062b7a4008b662 7a10b33a19c046c49c77a20affc073e2 - - default default] Added segment 4d2b50a1-464b-4804-bf63-3df91bae493b of type geneve for network cebf3323-98f4-4a73-994e-cef2e5f27797
2026-07-07 00:24:25.269 9 INFO neutron.db.ovn_revision_numbers_db [None req-b923ec09-dc1e-42d0-82f5-b258642fe4b7 be4cb84c4ba948ec9c062b7a4008b662 7a10b33a19c046c49c77a20affc073e2 - - default default] Successfully bumped revision number for resource cebf3323-98f4-4a73-994e-cef2e5f27797 (type: networks) to 1
2026-07-07 00:24:25.377 10 WARNING neutron.scheduler.dhcp_agent_scheduler [None req-e7499c19-669b-4022-a39b-372900bbe2da f003a02d17594e1b945d59c1d7446ce0 c8ace76cc6c541be8608850070278a4b - - default default] No more DHCP agents
2026-07-07 00:24:25.379 10 WARNING neutron.api.rpc.agentnotifiers.dhcp_rpc_agent_api [None req-e7499c19-669b-4022-a39b-372900bbe2da f003a02d17594e1b945d59c1d7446ce0 c8ace76cc6c541be8608850070278a4b - - default default] Unable to schedule network 3acaf8ee-4da4-4371-a437-add7a00b27fe: no agents available; will retry on subsequent port and subnet creation events.
2026-07-07 00:24:25.557 10 INFO neutron.db.ovn_revision_numbers_db [None req-e7499c19-669b-4022-a39b-372900bbe2da f003a02d17594e1b945d59c1d7446ce0 c8ace76cc6c541be8608850070278a4b - - default default] Successfully bumped revision number for resource c804fb45-827a-457a-bc9c-5e575f81d96b (type: ports) to 1
2026-07-07 00:24:25.580 10 INFO neutron.wsgi [None req-e7499c19-669b-4022-a39b-372900bbe2da f003a02d17594e1b945d59c1d7446ce0 c8ace76cc6c541be8608850070278a4b - - default default] 10.0.0.141 "POST /v2.0/ports HTTP/1.1" status: 201 len: 1158 time: 0.6629639 /var/lib/openstack/lib/python3.10/site-packages/pycadf/identifier.py:71: UserWarning: Invalid uuid: neutron. To ensure interoperability, identifiers should be a valid uuid. warnings.warn(('Invalid uuid: %s. To ensure interoperability, '
2026-07-07 00:24:25.652 9 WARNING neutron.scheduler.dhcp_agent_scheduler [None req-b923ec09-dc1e-42d0-82f5-b258642fe4b7 be4cb84c4ba948ec9c062b7a4008b662 7a10b33a19c046c49c77a20affc073e2 - - default default] No more DHCP agents
2026-07-07 00:24:25.656 9 WARNING neutron.api.rpc.agentnotifiers.dhcp_rpc_agent_api [None req-b923ec09-dc1e-42d0-82f5-b258642fe4b7 be4cb84c4ba948ec9c062b7a4008b662 7a10b33a19c046c49c77a20affc073e2 - - default default] Unable to schedule network cebf3323-98f4-4a73-994e-cef2e5f27797: no agents available; will retry on subsequent port and subnet creation events.
2026-07-07 00:24:25.731 9 INFO neutron.db.ovn_revision_numbers_db [None req-b923ec09-dc1e-42d0-82f5-b258642fe4b7 be4cb84c4ba948ec9c062b7a4008b662 7a10b33a19c046c49c77a20affc073e2 - - default default] Successfully bumped revision number for resource e8970d4d-a89a-4191-8b76-b6f9da202cd2 (type: ports) to 1
2026-07-07 00:24:25.752 9 INFO neutron.wsgi [None req-b923ec09-dc1e-42d0-82f5-b258642fe4b7 be4cb84c4ba948ec9c062b7a4008b662 7a10b33a19c046c49c77a20affc073e2 - - default default] 10.0.0.141 "POST /v2.0/networks HTTP/1.1" status: 201 len: 954 time: 1.0655258
2026-07-07 00:24:25.884 10 WARNING neutron.scheduler.dhcp_agent_scheduler [None req-a0858de4-c43b-409e-9771-863cd0929edb f003a02d17594e1b945d59c1d7446ce0 c8ace76cc6c541be8608850070278a4b - - default default] No more DHCP agents
2026-07-07 00:24:25.887 10 WARNING neutron.api.rpc.agentnotifiers.dhcp_rpc_agent_api [None req-a0858de4-c43b-409e-9771-863cd0929edb f003a02d17594e1b945d59c1d7446ce0 c8ace76cc6c541be8608850070278a4b - - default default] Unable to schedule network fc093fff-c53f-4348-a77b-2fab9ce5afff: no agents available; will retry on subsequent port and subnet creation events.
2026-07-07 00:24:25.927 9 WARNING neutron.scheduler.dhcp_agent_scheduler [None req-48c9925b-730a-4b85-948e-6b1bc4a91d21 be4cb84c4ba948ec9c062b7a4008b662 7a10b33a19c046c49c77a20affc073e2 - - default default] No more DHCP agents
2026-07-07 00:24:25.931 9 WARNING neutron.api.rpc.agentnotifiers.dhcp_rpc_agent_api [None req-48c9925b-730a-4b85-948e-6b1bc4a91d21 be4cb84c4ba948ec9c062b7a4008b662 7a10b33a19c046c49c77a20affc073e2 - - default default] Unable to schedule network cebf3323-98f4-4a73-994e-cef2e5f27797: no agents available; will retry on subsequent port and subnet creation events.
2026-07-07 00:24:26.363 10 INFO neutron.db.l3_db [None req-a0858de4-c43b-409e-9771-863cd0929edb f003a02d17594e1b945d59c1d7446ce0 c8ace76cc6c541be8608850070278a4b - - default default] Floating IP 26088616-cd19-4dd6-bb27-bc24a188d566 associated. External IP: 10.96.250.213, port: c804fb45-827a-457a-bc9c-5e575f81d96b.
2026-07-07 00:24:26.428 9 WARNING neutron.plugins.ml2.drivers.ovn.mech_driver.ovsdb.ovn_client [None req-3fdcba31-e094-4b92-868b-d5eff4a849a8 - - - - - -] No hosting information found for port a25f6880-87d4-4964-b1d5-307ccd45e32b: RuntimeError: No hosting information found for port a25f6880-87d4-4964-b1d5-307ccd45e32b
2026-07-07 00:24:26.476 9 INFO neutron.db.ovn_revision_numbers_db [None req-00378416-896b-4be5-8015-ab446f98d768 be4cb84c4ba948ec9c062b7a4008b662 7a10b33a19c046c49c77a20affc073e2 - - default default] Successfully bumped revision number for resource 8e4b92e1-8269-4e29-b8b5-1f44dcd5b339 (type: security_groups) to 1
2026-07-07 00:24:26.485 9 INFO neutron.db.ovn_revision_numbers_db [None req-48c9925b-730a-4b85-948e-6b1bc4a91d21 be4cb84c4ba948ec9c062b7a4008b662 7a10b33a19c046c49c77a20affc073e2 - - default default] Successfully bumped revision number for resource e8970d4d-a89a-4191-8b76-b6f9da202cd2 (type: ports) to 2
2026-07-07 00:24:26.491 9 INFO neutron.db.ovn_revision_numbers_db [None req-00378416-896b-4be5-8015-ab446f98d768 be4cb84c4ba948ec9c062b7a4008b662 7a10b33a19c046c49c77a20affc073e2 - - default default] Successfully bumped revision number for resource 153d3ca9-16a3-42c8-97e6-11724da9eb71 (type: security_group_rules) to 0
2026-07-07 00:24:26.511 9 INFO neutron.db.ovn_revision_numbers_db [None req-00378416-896b-4be5-8015-ab446f98d768 be4cb84c4ba948ec9c062b7a4008b662 7a10b33a19c046c49c77a20affc073e2 - - default default] Successfully bumped revision number for resource b51c3f00-2d94-4372-a054-75b82a9846e1 (type: security_group_rules) to 0
2026-07-07 00:24:26.518 9 INFO neutron.db.ovn_revision_numbers_db [None req-48c9925b-730a-4b85-948e-6b1bc4a91d21 be4cb84c4ba948ec9c062b7a4008b662 7a10b33a19c046c49c77a20affc073e2 - - default default] Successfully bumped revision number for resource 9783d50f-399a-48e4-ab8f-96929c75692f (type: subnets) to 0
2026-07-07 00:24:26.526 9 INFO neutron.db.ovn_revision_numbers_db [None req-00378416-896b-4be5-8015-ab446f98d768 be4cb84c4ba948ec9c062b7a4008b662 7a10b33a19c046c49c77a20affc073e2 - - default default] Successfully bumped revision number for resource b72fef55-2c3c-4851-b8f4-7111be469db9 (type: security_group_rules) to 0
2026-07-07 00:24:26.531 9 INFO neutron.wsgi [None req-48c9925b-730a-4b85-948e-6b1bc4a91d21 be4cb84c4ba948ec9c062b7a4008b662 7a10b33a19c046c49c77a20affc073e2 - - default default] 10.0.0.141 "POST /v2.0/subnets HTTP/1.1" status: 201 len: 874 time: 0.7696149
2026-07-07 00:24:26.551 9 INFO neutron.db.ovn_revision_numbers_db [None req-00378416-896b-4be5-8015-ab446f98d768 be4cb84c4ba948ec9c062b7a4008b662 7a10b33a19c046c49c77a20affc073e2 - - default default] Successfully bumped revision number for resource c582c146-e235-4b61-81cd-ae81bf499e0a (type: security_group_rules) to 0
2026-07-07 00:24:26.621 9 INFO neutron.db.segments_db [None req-00378416-896b-4be5-8015-ab446f98d768 be4cb84c4ba948ec9c062b7a4008b662 7a10b33a19c046c49c77a20affc073e2 - - default default] Added segment 57a32e62-4ee0-425f-847d-5fd8bb0a1cdd of type geneve for network ba33a10a-59d5-40a4-b9af-0baed8bb997d
2026-07-07 00:24:26.736 10 INFO neutron.db.ovn_revision_numbers_db [None req-a0858de4-c43b-409e-9771-863cd0929edb f003a02d17594e1b945d59c1d7446ce0 c8ace76cc6c541be8608850070278a4b - - default default] Successfully bumped revision number for resource 26088616-cd19-4dd6-bb27-bc24a188d566 (type: floatingips) to 0
2026-07-07 00:24:26.862 10 WARNING neutron.plugins.ml2.drivers.ovn.mech_driver.ovsdb.ovn_client [None req-3a0a643f-de9c-4c71-9c69-d4447a6e9dc9 - - - - - -] No hosting information found for port a3b3b76f-024d-421d-baf6-c2f25b9115f4: RuntimeError: No hosting information found for port a3b3b76f-024d-421d-baf6-c2f25b9115f4
2026-07-07 00:24:26.862 10 INFO neutron.plugins.ml2.drivers.ovn.mech_driver.mech_driver [None req-3a0a643f-de9c-4c71-9c69-d4447a6e9dc9 - - - - - -] OVN reports status up for port: 1c7d74d2-0845-4cc5-9631-81888ee0b5c2
2026-07-07 00:24:26.871 10 INFO neutron.plugins.ml2.plugin [None req-3a0a643f-de9c-4c71-9c69-d4447a6e9dc9 - - - - - -] Attempt 1 to provision port 1c7d74d2-0845-4cc5-9631-81888ee0b5c2
2026-07-07 00:24:26.881 10 INFO neutron.db.ovn_revision_numbers_db [None req-a0858de4-c43b-409e-9771-863cd0929edb f003a02d17594e1b945d59c1d7446ce0 c8ace76cc6c541be8608850070278a4b - - default default] Successfully bumped revision number for resource 26088616-cd19-4dd6-bb27-bc24a188d566 (type: floatingips) to 1
2026-07-07 00:24:26.925 9 INFO neutron.db.ovn_revision_numbers_db [None req-00378416-896b-4be5-8015-ab446f98d768 be4cb84c4ba948ec9c062b7a4008b662 7a10b33a19c046c49c77a20affc073e2 - - default default] Successfully bumped revision number for resource ba33a10a-59d5-40a4-b9af-0baed8bb997d (type: networks) to 1
2026-07-07 00:24:26.928 10 INFO neutron.wsgi [None req-a0858de4-c43b-409e-9771-863cd0929edb f003a02d17594e1b945d59c1d7446ce0 c8ace76cc6c541be8608850070278a4b - - default default] 10.0.0.141 "POST /v2.0/floatingips HTTP/1.1" status: 201 len: 1042 time: 1.3376985
2026-07-07 00:24:27.116 10 INFO neutron.db.l3_db [None req-8da66447-3e76-4539-8e14-44a70509bf4c f003a02d17594e1b945d59c1d7446ce0 c8ace76cc6c541be8608850070278a4b - - default default] Floating IP 26088616-cd19-4dd6-bb27-bc24a188d566 disassociated. External IP: 10.96.250.213, port: c804fb45-827a-457a-bc9c-5e575f81d96b.
2026-07-07 00:24:27.177 10 INFO neutron.db.ovn_revision_numbers_db [None req-8da66447-3e76-4539-8e14-44a70509bf4c f003a02d17594e1b945d59c1d7446ce0 c8ace76cc6c541be8608850070278a4b - - default default] Successfully bumped revision number for resource 26088616-cd19-4dd6-bb27-bc24a188d566 (type: floatingips) to 2
2026-07-07 00:24:27.219 9 WARNING neutron.scheduler.dhcp_agent_scheduler [None req-00378416-896b-4be5-8015-ab446f98d768 be4cb84c4ba948ec9c062b7a4008b662 7a10b33a19c046c49c77a20affc073e2 - - default default] No more DHCP agents
2026-07-07 00:24:27.222 9 WARNING neutron.api.rpc.agentnotifiers.dhcp_rpc_agent_api [None req-00378416-896b-4be5-8015-ab446f98d768 be4cb84c4ba948ec9c062b7a4008b662 7a10b33a19c046c49c77a20affc073e2 - - default default] Unable to schedule network ba33a10a-59d5-40a4-b9af-0baed8bb997d: no agents available; will retry on subsequent port and subnet creation events.
2026-07-07 00:24:27.265 10 INFO neutron.wsgi [None req-8da66447-3e76-4539-8e14-44a70509bf4c f003a02d17594e1b945d59c1d7446ce0 c8ace76cc6c541be8608850070278a4b - - default default] 10.0.0.141 "PUT /v2.0/floatingips/26088616-cd19-4dd6-bb27-bc24a188d566 HTTP/1.1" status: 200 len: 748 time: 0.3309207
2026-07-07 00:24:27.335 10 INFO neutron.db.ovn_revision_numbers_db [None req-3a0a643f-de9c-4c71-9c69-d4447a6e9dc9 - - - - - -] Successfully bumped revision number for resource 1c7d74d2-0845-4cc5-9631-81888ee0b5c2 (type: ports) to 2
2026-07-07 00:24:27.346 9 WARNING neutron.scheduler.dhcp_agent_scheduler [None req-48688b97-a661-4dff-9322-d4dc0ba9a889 be4cb84c4ba948ec9c062b7a4008b662 7a10b33a19c046c49c77a20affc073e2 - - default default] No more DHCP agents
2026-07-07 00:24:27.348 9 WARNING neutron.api.rpc.agentnotifiers.dhcp_rpc_agent_api [None req-48688b97-a661-4dff-9322-d4dc0ba9a889 be4cb84c4ba948ec9c062b7a4008b662 7a10b33a19c046c49c77a20affc073e2 - - default default] Unable to schedule network fc093fff-c53f-4348-a77b-2fab9ce5afff: no agents available; will retry on subsequent port and subnet creation events.
2026-07-07 00:24:27.350 9 INFO neutron.db.ovn_revision_numbers_db [None req-00378416-896b-4be5-8015-ab446f98d768 be4cb84c4ba948ec9c062b7a4008b662 7a10b33a19c046c49c77a20affc073e2 - - default default] Successfully bumped revision number for resource 1706279a-970f-4a97-99d4-9e381ee3ede7 (type: ports) to 1
2026-07-07 00:24:27.400 9 INFO neutron.wsgi [None req-00378416-896b-4be5-8015-ab446f98d768 be4cb84c4ba948ec9c062b7a4008b662 7a10b33a19c046c49c77a20affc073e2 - - default default] 10.0.0.141 "POST /v2.0/networks HTTP/1.1" status: 201 len: 946 time: 1.3158469
2026-07-07 00:24:27.519 9 INFO neutron.db.ovn_revision_numbers_db [None req-48688b97-a661-4dff-9322-d4dc0ba9a889 be4cb84c4ba948ec9c062b7a4008b662 7a10b33a19c046c49c77a20affc073e2 - - default default] Successfully bumped revision number for resource 64ed24b5-5ee9-4e7f-ae02-d8db78b4d0fd (type: ports) to 1 /var/lib/openstack/lib/python3.10/site-packages/pycadf/identifier.py:71: UserWarning: Invalid uuid: neutron. To ensure interoperability, identifiers should be a valid uuid. warnings.warn(('Invalid uuid: %s. To ensure interoperability, '
2026-07-07 00:24:27.630 9 INFO neutron.wsgi [req-6ace8fe2-b316-42b6-9b2c-ca210987dc7b req-ac382c5f-dfe3-493f-8583-cb05b8d870a0 3b896eb5b4634c7ca425dccd731de72e f1d9a582d3e9490a8073c690d39cf55f - - default default] 10.0.0.51 "GET /v2.0/security-groups?name=tempest-securitygroup--803660145&fields=id&tenant_id=f1d9a582d3e9490a8073c690d39cf55f HTTP/1.1" status: 200 len: 267 time: 0.0830343
2026-07-07 00:24:27.648 10 INFO neutron.db.ovn_revision_numbers_db [None req-3a0a643f-de9c-4c71-9c69-d4447a6e9dc9 - - - - - -] Successfully bumped revision number for resource 1c7d74d2-0845-4cc5-9631-81888ee0b5c2 (type: router_ports) to 2
2026-07-07 00:24:27.699 10 WARNING neutron.scheduler.dhcp_agent_scheduler [None req-5f692c3e-2da1-4047-b4f7-bf215f8f97ce be4cb84c4ba948ec9c062b7a4008b662 7a10b33a19c046c49c77a20affc073e2 - - default default] No more DHCP agents
2026-07-07 00:24:27.703 10 WARNING neutron.api.rpc.agentnotifiers.dhcp_rpc_agent_api [None req-5f692c3e-2da1-4047-b4f7-bf215f8f97ce be4cb84c4ba948ec9c062b7a4008b662 7a10b33a19c046c49c77a20affc073e2 - - default default] Unable to schedule network ba33a10a-59d5-40a4-b9af-0baed8bb997d: no agents available; will retry on subsequent port and subnet creation events.
2026-07-07 00:24:27.868 10 INFO neutron.wsgi [None req-8c0d68ca-651c-48b3-a240-c33efae894f7 f003a02d17594e1b945d59c1d7446ce0 c8ace76cc6c541be8608850070278a4b - - default default] 10.0.0.141 "DELETE /v2.0/floatingips/26088616-cd19-4dd6-bb27-bc24a188d566 HTTP/1.1" status: 204 len: 168 time: 0.5982673
2026-07-07 00:24:27.933 9 INFO neutron.wsgi [req-6ace8fe2-b316-42b6-9b2c-ca210987dc7b req-7ba2c52b-2c8c-46b5-a8e3-27d5d8f13257 3b896eb5b4634c7ca425dccd731de72e f1d9a582d3e9490a8073c690d39cf55f - - default default] 10.0.0.51 "GET /v2.0/networks?id=6b5582d9-dc01-4a1e-bdf7-d1cb690141a2 HTTP/1.1" status: 200 len: 878 time: 0.2832718
2026-07-07 00:24:27.960 9 INFO neutron.wsgi [req-6ace8fe2-b316-42b6-9b2c-ca210987dc7b req-2c6c1797-08aa-45ee-abf5-37c7331c6fc6 3b896eb5b4634c7ca425dccd731de72e f1d9a582d3e9490a8073c690d39cf55f - - default default] 10.0.0.51 "GET /v2.0/quotas/f1d9a582d3e9490a8073c690d39cf55f HTTP/1.1" status: 200 len: 386 time: 0.0111277
2026-07-07 00:24:28.097 9 INFO neutron.wsgi [req-6ace8fe2-b316-42b6-9b2c-ca210987dc7b req-17cc01ed-2707-4bc2-8e74-a5a0f7a272fb 3b896eb5b4634c7ca425dccd731de72e f1d9a582d3e9490a8073c690d39cf55f - - default default] 10.0.0.51 "GET /v2.0/ports?tenant_id=f1d9a582d3e9490a8073c690d39cf55f&fields=id HTTP/1.1" status: 200 len: 302 time: 0.1286435
2026-07-07 00:24:28.402 10 WARNING neutron.scheduler.dhcp_agent_scheduler [None req-f7e3da39-173e-4146-a3cb-ac948c31518f f003a02d17594e1b945d59c1d7446ce0 c8ace76cc6c541be8608850070278a4b - - default default] No more DHCP agents
2026-07-07 00:24:28.407 10 WARNING neutron.api.rpc.agentnotifiers.dhcp_rpc_agent_api [None req-f7e3da39-173e-4146-a3cb-ac948c31518f f003a02d17594e1b945d59c1d7446ce0 c8ace76cc6c541be8608850070278a4b - - default default] Unable to schedule network fc093fff-c53f-4348-a77b-2fab9ce5afff: no agents available; will retry on subsequent port and subnet creation events.
2026-07-07 00:24:28.462 9 INFO neutron.plugins.ml2.drivers.ovn.mech_driver.ovsdb.ovsdb_monitor [None req-07c90cce-8d81-489d-8ea1-587afcf35d67 - - - - - -] Router 13a6ab8a-3647-4ad7-a44e-2b37ae9f3dd6 is bound to host instance
2026-07-07 00:24:28.496 9 INFO neutron.db.ovn_revision_numbers_db [None req-48688b97-a661-4dff-9322-d4dc0ba9a889 be4cb84c4ba948ec9c062b7a4008b662 7a10b33a19c046c49c77a20affc073e2 - - default default] Successfully bumped revision number for resource 64ed24b5-5ee9-4e7f-ae02-d8db78b4d0fd (type: router_ports) to 1
2026-07-07 00:24:28.510 10 INFO neutron.db.ovn_revision_numbers_db [None req-5f692c3e-2da1-4047-b4f7-bf215f8f97ce be4cb84c4ba948ec9c062b7a4008b662 7a10b33a19c046c49c77a20affc073e2 - - default default] Successfully bumped revision number for resource 1706279a-970f-4a97-99d4-9e381ee3ede7 (type: ports) to 2
2026-07-07 00:24:28.520 9 INFO neutron.wsgi [req-6ace8fe2-b316-42b6-9b2c-ca210987dc7b req-801e0013-9237-4142-b34f-3bd748dba171 89c303b20e664d4fbb7d2652fddd4b9e 1031b3bb3e9b4720a61baed768c1d65e - - 4a9d02f35e214977bc4d1f5b1325aaf9 4a9d02f35e214977bc4d1f5b1325aaf9] 10.0.0.51 "GET /v2.0/extensions HTTP/1.1" status: 200 len: 16525 time: 0.0685921
2026-07-07 00:24:28.573 10 INFO neutron.db.ovn_revision_numbers_db [None req-5f692c3e-2da1-4047-b4f7-bf215f8f97ce be4cb84c4ba948ec9c062b7a4008b662 7a10b33a19c046c49c77a20affc073e2 - - default default] Successfully bumped revision number for resource d94ab6ba-4a13-43b7-8395-3fc2fff5d1e4 (type: subnets) to 0
2026-07-07 00:24:28.593 10 INFO neutron.wsgi [None req-5f692c3e-2da1-4047-b4f7-bf215f8f97ce be4cb84c4ba948ec9c062b7a4008b662 7a10b33a19c046c49c77a20affc073e2 - - default default] 10.0.0.141 "POST /v2.0/subnets HTTP/1.1" status: 201 len: 866 time: 1.1857533
2026-07-07 00:24:28.632 9 INFO neutron.wsgi [req-6ace8fe2-b316-42b6-9b2c-ca210987dc7b req-ec82e972-f4fd-4132-ae03-fb75e227329a 89c303b20e664d4fbb7d2652fddd4b9e 1031b3bb3e9b4720a61baed768c1d65e - - 4a9d02f35e214977bc4d1f5b1325aaf9 4a9d02f35e214977bc4d1f5b1325aaf9] 10.0.0.51 "GET /v2.0/networks/6b5582d9-dc01-4a1e-bdf7-d1cb690141a2?fields=segments HTTP/1.1" status: 200 len: 212 time: 0.0950992
2026-07-07 00:24:28.633 9 INFO neutron.db.ovn_revision_numbers_db [None req-48688b97-a661-4dff-9322-d4dc0ba9a889 be4cb84c4ba948ec9c062b7a4008b662 7a10b33a19c046c49c77a20affc073e2 - - default default] Successfully bumped revision number for resource 13a6ab8a-3647-4ad7-a44e-2b37ae9f3dd6 (type: routers) to 2
2026-07-07 00:24:28.668 9 INFO neutron.wsgi [None req-48688b97-a661-4dff-9322-d4dc0ba9a889 be4cb84c4ba948ec9c062b7a4008b662 7a10b33a19c046c49c77a20affc073e2 - - default default] 10.0.0.141 "POST /v2.0/routers HTTP/1.1" status: 201 len: 885 time: 2.1320434
2026-07-07 00:24:28.772 9 INFO neutron.wsgi [req-6ace8fe2-b316-42b6-9b2c-ca210987dc7b req-4eb6fb7f-e5e7-400f-9223-672322e625bf 89c303b20e664d4fbb7d2652fddd4b9e 1031b3bb3e9b4720a61baed768c1d65e - - 4a9d02f35e214977bc4d1f5b1325aaf9 4a9d02f35e214977bc4d1f5b1325aaf9] 10.0.0.51 "GET /v2.0/networks/6b5582d9-dc01-4a1e-bdf7-d1cb690141a2?fields=provider%3Aphysical_network&fields=provider%3Anetwork_type HTTP/1.1" status: 200 len: 277 time: 0.1300211
2026-07-07 00:24:29.025 10 INFO neutron.db.l3_db [None req-f7e3da39-173e-4146-a3cb-ac948c31518f f003a02d17594e1b945d59c1d7446ce0 c8ace76cc6c541be8608850070278a4b - - default default] Floating IP 1ea1a211-7c27-40df-855f-3c4e52dbe4f7 associated. External IP: 10.96.250.215, port: af878c00-0b3f-43d2-899d-bc757d1edafe.
2026-07-07 00:24:29.275 10 WARNING neutron.scheduler.dhcp_agent_scheduler [None req-41558e98-70ae-436b-be75-91c7c0da1111 be4cb84c4ba948ec9c062b7a4008b662 7a10b33a19c046c49c77a20affc073e2 - - default default] No more DHCP agents /var/lib/openstack/lib/python3.10/site-packages/pycadf/identifier.py:71: UserWarning: Invalid uuid: neutron. To ensure interoperability, identifiers should be a valid uuid. warnings.warn(('Invalid uuid: %s. To ensure interoperability, '
2026-07-07 00:24:29.281 10 WARNING neutron.api.rpc.agentnotifiers.dhcp_rpc_agent_api [None req-41558e98-70ae-436b-be75-91c7c0da1111 be4cb84c4ba948ec9c062b7a4008b662 7a10b33a19c046c49c77a20affc073e2 - - default default] Unable to schedule network fc093fff-c53f-4348-a77b-2fab9ce5afff: no agents available; will retry on subsequent port and subnet creation events.
2026-07-07 00:24:29.311 10 INFO neutron.db.ovn_revision_numbers_db [None req-f7e3da39-173e-4146-a3cb-ac948c31518f f003a02d17594e1b945d59c1d7446ce0 c8ace76cc6c541be8608850070278a4b - - default default] Successfully bumped revision number for resource 1ea1a211-7c27-40df-855f-3c4e52dbe4f7 (type: floatingips) to 0
2026-07-07 00:24:29.319 9 INFO neutron.wsgi [req-f5e089df-2d7b-4211-8de7-920ddc6fd0fd req-d481c67e-3361-4225-adbc-413612da6c13 3b896eb5b4634c7ca425dccd731de72e f1d9a582d3e9490a8073c690d39cf55f - - default default] 10.0.0.51 "GET /v2.0/ports?device_id=472f4d55-85bf-4cb0-a820-6b24c3e393a3 HTTP/1.1" status: 200 len: 210 time: 0.0487437
2026-07-07 00:24:29.474 9 INFO neutron.db.ovn_revision_numbers_db [None req-07c90cce-8d81-489d-8ea1-587afcf35d67 - - - - - -] Successfully bumped revision number for resource 64ed24b5-5ee9-4e7f-ae02-d8db78b4d0fd (type: ports) to 1
2026-07-07 00:24:29.486 10 INFO neutron.db.ovn_revision_numbers_db [None req-f7e3da39-173e-4146-a3cb-ac948c31518f f003a02d17594e1b945d59c1d7446ce0 c8ace76cc6c541be8608850070278a4b - - default default] Successfully bumped revision number for resource 1ea1a211-7c27-40df-855f-3c4e52dbe4f7 (type: floatingips) to 1
2026-07-07 00:24:29.525 10 INFO neutron.db.ovn_revision_numbers_db [None req-41558e98-70ae-436b-be75-91c7c0da1111 be4cb84c4ba948ec9c062b7a4008b662 7a10b33a19c046c49c77a20affc073e2 - - default default] Successfully bumped revision number for resource c9b862f9-cd1f-4395-bf5c-005a17100b0f (type: ports) to 1
2026-07-07 00:24:29.534 10 INFO neutron.wsgi [None req-f7e3da39-173e-4146-a3cb-ac948c31518f f003a02d17594e1b945d59c1d7446ce0 c8ace76cc6c541be8608850070278a4b - - default default] 10.0.0.141 "POST /v2.0/floatingips HTTP/1.1" status: 201 len: 1041 time: 1.6564140
2026-07-07 00:24:29.551 9 WARNING neutron.scheduler.dhcp_agent_scheduler [None req-542be708-5a1d-4b42-9f2b-4bd65ca3730a be4cb84c4ba948ec9c062b7a4008b662 7a10b33a19c046c49c77a20affc073e2 - - default default] No more DHCP agents
2026-07-07 00:24:29.554 9 WARNING neutron.api.rpc.agentnotifiers.dhcp_rpc_agent_api [None req-542be708-5a1d-4b42-9f2b-4bd65ca3730a be4cb84c4ba948ec9c062b7a4008b662 7a10b33a19c046c49c77a20affc073e2 - - default default] Unable to schedule network cebf3323-98f4-4a73-994e-cef2e5f27797: no agents available; will retry on subsequent port and subnet creation events.
2026-07-07 00:24:29.774 9 INFO neutron.db.ovn_revision_numbers_db [None req-542be708-5a1d-4b42-9f2b-4bd65ca3730a be4cb84c4ba948ec9c062b7a4008b662 7a10b33a19c046c49c77a20affc073e2 - - default default] Successfully bumped revision number for resource 342a664c-ceb1-4f78-b134-07bb2ca79136 (type: ports) to 1
2026-07-07 00:24:29.788 10 INFO neutron.wsgi [None req-8e6fa4ce-a80c-4978-a73f-1a6a50398e1f f003a02d17594e1b945d59c1d7446ce0 c8ace76cc6c541be8608850070278a4b - - default default] 10.0.0.141 "GET /v2.0/floatingips/1ea1a211-7c27-40df-855f-3c4e52dbe4f7 HTTP/1.1" status: 200 len: 1038 time: 0.2495646
2026-07-07 00:24:29.843 9 INFO neutron.db.ovn_revision_numbers_db [None req-07c90cce-8d81-489d-8ea1-587afcf35d67 - - - - - -] Successfully bumped revision number for resource 64ed24b5-5ee9-4e7f-ae02-d8db78b4d0fd (type: router_ports) to 3
2026-07-07 00:24:29.879 10 INFO neutron.wsgi [None req-e05b0748-9360-4293-9ba6-12185462846d f003a02d17594e1b945d59c1d7446ce0 c8ace76cc6c541be8608850070278a4b - - default default] 10.0.0.141 "GET /v2.0/floatingips HTTP/1.1" status: 200 len: 1041 time: 0.0858152
2026-07-07 00:24:30.015 9 INFO neutron.db.ovn_revision_numbers_db [None req-07c90cce-8d81-489d-8ea1-587afcf35d67 - - - - - -] Successfully bumped revision number for resource 64ed24b5-5ee9-4e7f-ae02-d8db78b4d0fd (type: ports) to 2
2026-07-07 00:24:30.321 10 INFO neutron.db.l3_db [None req-eea91f6a-c3cb-4ffb-a89c-01596adc9e4e f003a02d17594e1b945d59c1d7446ce0 c8ace76cc6c541be8608850070278a4b - - default default] Floating IP 1ea1a211-7c27-40df-855f-3c4e52dbe4f7 associated. External IP: 10.96.250.215, port: af878c00-0b3f-43d2-899d-bc757d1edafe.
2026-07-07 00:24:30.364 9 INFO neutron.db.ovn_revision_numbers_db [None req-542be708-5a1d-4b42-9f2b-4bd65ca3730a be4cb84c4ba948ec9c062b7a4008b662 7a10b33a19c046c49c77a20affc073e2 - - default default] Successfully bumped revision number for resource 342a664c-ceb1-4f78-b134-07bb2ca79136 (type: router_ports) to 1
2026-07-07 00:24:30.431 9 INFO neutron.db.ovn_revision_numbers_db [None req-07c90cce-8d81-489d-8ea1-587afcf35d67 - - - - - -] Successfully bumped revision number for resource 64ed24b5-5ee9-4e7f-ae02-d8db78b4d0fd (type: ports) to 4
2026-07-07 00:24:30.496 9 INFO neutron.wsgi [req-d33a23f1-ef05-4144-a759-6907159aaa50 req-2c16997a-92af-429f-b4e6-2d40b06f4a45 3b896eb5b4634c7ca425dccd731de72e f1d9a582d3e9490a8073c690d39cf55f - - default default] 10.0.0.51 "GET /v2.0/ports?device_id=472f4d55-85bf-4cb0-a820-6b24c3e393a3 HTTP/1.1" status: 200 len: 210 time: 0.0393593
2026-07-07 00:24:30.602 10 INFO neutron.db.ovn_revision_numbers_db [None req-eea91f6a-c3cb-4ffb-a89c-01596adc9e4e f003a02d17594e1b945d59c1d7446ce0 c8ace76cc6c541be8608850070278a4b - - default default] Successfully bumped revision number for resource 1ea1a211-7c27-40df-855f-3c4e52dbe4f7 (type: floatingips) to 2
2026-07-07 00:24:30.616 9 INFO neutron.db.ovn_revision_numbers_db [None req-542be708-5a1d-4b42-9f2b-4bd65ca3730a be4cb84c4ba948ec9c062b7a4008b662 7a10b33a19c046c49c77a20affc073e2 - - default default] Successfully bumped revision number for resource 342a664c-ceb1-4f78-b134-07bb2ca79136 (type: ports) to 1
2026-07-07 00:24:30.681 10 INFO neutron.db.ovn_revision_numbers_db [None req-41558e98-70ae-436b-be75-91c7c0da1111 be4cb84c4ba948ec9c062b7a4008b662 7a10b33a19c046c49c77a20affc073e2 - - default default] Successfully bumped revision number for resource c9b862f9-cd1f-4395-bf5c-005a17100b0f (type: router_ports) to 1
2026-07-07 00:24:30.725 9 WARNING neutron.scheduler.dhcp_agent_scheduler [None req-542be708-5a1d-4b42-9f2b-4bd65ca3730a be4cb84c4ba948ec9c062b7a4008b662 7a10b33a19c046c49c77a20affc073e2 - - default default] No more DHCP agents
2026-07-07 00:24:30.728 9 WARNING neutron.api.rpc.agentnotifiers.dhcp_rpc_agent_api [None req-542be708-5a1d-4b42-9f2b-4bd65ca3730a be4cb84c4ba948ec9c062b7a4008b662 7a10b33a19c046c49c77a20affc073e2 - - default default] Unable to schedule network cebf3323-98f4-4a73-994e-cef2e5f27797: no agents available; will retry on subsequent port and subnet creation events.
2026-07-07 00:24:30.908 10 INFO neutron.db.ovn_revision_numbers_db [None req-eea91f6a-c3cb-4ffb-a89c-01596adc9e4e f003a02d17594e1b945d59c1d7446ce0 c8ace76cc6c541be8608850070278a4b - - default default] Successfully bumped revision number for resource 1ea1a211-7c27-40df-855f-3c4e52dbe4f7 (type: floatingips) to 2
