2026-07-07 00:26:41.808 10 INFO neutron.wsgi [None req-2633a102-a341-469c-9218-46789aa401b5 a00b5ffc65204cbfba860a82cc58fbf3 470e42ddf2aa4a09bbab38ab7424e9ca - - default default] 10.0.0.141 "POST /v2.0/ports HTTP/1.1" status: 201 len: 942 time: 0.6441948
2026-07-07 00:26:41.910 9 INFO neutron.db.segments_db [None req-05695963-74b0-43d9-b786-573f4948c979 a00b5ffc65204cbfba860a82cc58fbf3 470e42ddf2aa4a09bbab38ab7424e9ca - - default default] Added segment e8d90799-7409-4583-a2ca-219b6ea42c7c of type geneve for network 8af5fa70-a64b-4e55-9666-f238e873ea71
2026-07-07 00:26:42.129 10 INFO neutron.wsgi [None req-f8e73ab8-e23c-4818-9823-45eb2496b70f be4cb84c4ba948ec9c062b7a4008b662 7a10b33a19c046c49c77a20affc073e2 - - default default] 10.0.0.141 "DELETE /v2.0/routers/028e0589-0fb0-4b96-96fc-d676a8c7c594 HTTP/1.1" status: 204 len: 168 time: 0.9150891
2026-07-07 00:26:42.166 9 INFO neutron.db.ovn_revision_numbers_db [None req-05695963-74b0-43d9-b786-573f4948c979 a00b5ffc65204cbfba860a82cc58fbf3 470e42ddf2aa4a09bbab38ab7424e9ca - - default default] Successfully bumped revision number for resource 8af5fa70-a64b-4e55-9666-f238e873ea71 (type: networks) to 1
2026-07-07 00:26:42.495 9 WARNING neutron.scheduler.dhcp_agent_scheduler [None req-05695963-74b0-43d9-b786-573f4948c979 a00b5ffc65204cbfba860a82cc58fbf3 470e42ddf2aa4a09bbab38ab7424e9ca - - default default] No more DHCP agents
2026-07-07 00:26:42.499 9 WARNING neutron.api.rpc.agentnotifiers.dhcp_rpc_agent_api [None req-05695963-74b0-43d9-b786-573f4948c979 a00b5ffc65204cbfba860a82cc58fbf3 470e42ddf2aa4a09bbab38ab7424e9ca - - default default] Unable to schedule network 8af5fa70-a64b-4e55-9666-f238e873ea71: no agents available; will retry on subsequent port and subnet creation events.
2026-07-07 00:26:42.563 9 INFO neutron.wsgi [None req-dc0a350a-ab7e-425c-83c0-31c0a004c4c2 be4cb84c4ba948ec9c062b7a4008b662 7a10b33a19c046c49c77a20affc073e2 - - default default] 10.0.0.141 "DELETE /v2.0/subnets/90f81b5c-309c-45ab-87bd-c977265671d2 HTTP/1.1" status: 204 len: 168 time: 0.4268365 /var/lib/openstack/lib/python3.10/site-packages/pycadf/identifier.py:71: UserWarning: Invalid uuid: neutron. To ensure interoperability, identifiers should be a valid uuid. warnings.warn(('Invalid uuid: %s. To ensure interoperability, '
2026-07-07 00:26:42.625 9 INFO neutron.db.ovn_revision_numbers_db [None req-05695963-74b0-43d9-b786-573f4948c979 a00b5ffc65204cbfba860a82cc58fbf3 470e42ddf2aa4a09bbab38ab7424e9ca - - default default] Successfully bumped revision number for resource 0d0957ab-5fa5-4017-8bd0-390dbf3aa33d (type: ports) to 1
2026-07-07 00:26:42.652 9 INFO neutron.wsgi [None req-05695963-74b0-43d9-b786-573f4948c979 a00b5ffc65204cbfba860a82cc58fbf3 470e42ddf2aa4a09bbab38ab7424e9ca - - default default] 10.0.0.141 "POST /v2.0/networks HTTP/1.1" status: 201 len: 830 time: 0.8362553
2026-07-07 00:26:43.007 9 INFO neutron.db.ovn_revision_numbers_db [None req-8766b6f6-1872-4456-b288-a2d9bf5a6475 be4cb84c4ba948ec9c062b7a4008b662 7a10b33a19c046c49c77a20affc073e2 - - default default] Successfully bumped revision number for resource eabf1ba3-9d53-4663-b17d-1a246320f490 (type: security_groups) to 1
2026-07-07 00:26:43.008 10 WARNING neutron.scheduler.dhcp_agent_scheduler [None req-8e1c641d-d517-4d45-a8c1-f127767cba11 a00b5ffc65204cbfba860a82cc58fbf3 470e42ddf2aa4a09bbab38ab7424e9ca - - default default] No more DHCP agents
2026-07-07 00:26:43.012 10 WARNING neutron.api.rpc.agentnotifiers.dhcp_rpc_agent_api [None req-8e1c641d-d517-4d45-a8c1-f127767cba11 a00b5ffc65204cbfba860a82cc58fbf3 470e42ddf2aa4a09bbab38ab7424e9ca - - default default] Unable to schedule network 8af5fa70-a64b-4e55-9666-f238e873ea71: no agents available; will retry on subsequent port and subnet creation events.
2026-07-07 00:26:43.028 9 INFO neutron.db.ovn_revision_numbers_db [None req-8766b6f6-1872-4456-b288-a2d9bf5a6475 be4cb84c4ba948ec9c062b7a4008b662 7a10b33a19c046c49c77a20affc073e2 - - default default] Successfully bumped revision number for resource 6f5c2506-2ad0-4dfa-9619-68de8e62415c (type: security_group_rules) to 0
2026-07-07 00:26:43.047 9 INFO neutron.db.ovn_revision_numbers_db [None req-8766b6f6-1872-4456-b288-a2d9bf5a6475 be4cb84c4ba948ec9c062b7a4008b662 7a10b33a19c046c49c77a20affc073e2 - - default default] Successfully bumped revision number for resource b47b3487-f772-411a-87ac-d654bffb91d3 (type: security_group_rules) to 0
2026-07-07 00:26:43.050 10 INFO neutron.services.segments.plugin [-] Segment 239067bb-3aa4-4ae4-871b-1d903bd84811 resource provider aggregate not found
2026-07-07 00:26:43.055 10 INFO neutron.services.segments.plugin [-] Segment 239067bb-3aa4-4ae4-871b-1d903bd84811 resource provider aggregate not found
2026-07-07 00:26:43.068 9 INFO neutron.db.ovn_revision_numbers_db [None req-8766b6f6-1872-4456-b288-a2d9bf5a6475 be4cb84c4ba948ec9c062b7a4008b662 7a10b33a19c046c49c77a20affc073e2 - - default default] Successfully bumped revision number for resource ba41ef33-ae82-4151-b889-3c4b107e5e7d (type: security_group_rules) to 0
2026-07-07 00:26:43.073 10 INFO neutron.services.segments.plugin [-] Segment 239067bb-3aa4-4ae4-871b-1d903bd84811 resource provider not found; error: Placement Client Error (4xx): {"errors": [{"status": 404, "title": "Not Found", "detail": "The resource could not be found.\n\n No resource provider with uuid 239067bb-3aa4-4ae4-871b-1d903bd84811 found for delete ", "request_id": "req-12b36ecc-23cb-43e8-8d66-7671ac58c31f"}]}
2026-07-07 00:26:43.077 10 INFO neutron.services.segments.plugin [-] Segment 239067bb-3aa4-4ae4-871b-1d903bd84811 resource provider not found; error: Placement Client Error (4xx): {"errors": [{"status": 404, "title": "Not Found", "detail": "The resource could not be found.\n\n No resource provider with uuid 239067bb-3aa4-4ae4-871b-1d903bd84811 found for delete ", "request_id": "req-b0f8a47f-acb8-4b9b-9a34-b81f0d2421e8"}]}
2026-07-07 00:26:43.088 9 INFO neutron.db.ovn_revision_numbers_db [None req-8766b6f6-1872-4456-b288-a2d9bf5a6475 be4cb84c4ba948ec9c062b7a4008b662 7a10b33a19c046c49c77a20affc073e2 - - default default] Successfully bumped revision number for resource c75864ce-f4cd-40ac-a6cd-3d2cc30141c2 (type: security_group_rules) to 0
2026-07-07 00:26:43.120 9 INFO neutron.wsgi [None req-8766b6f6-1872-4456-b288-a2d9bf5a6475 be4cb84c4ba948ec9c062b7a4008b662 7a10b33a19c046c49c77a20affc073e2 - - default default] 10.0.0.141 "GET /v2.0/security-groups?tenant_id=f401ca8585634aa5b4676b792f675b7d&name=default HTTP/1.1" status: 200 len: 2996 time: 0.4188180
2026-07-07 00:26:43.121 10 INFO neutron.wsgi [None req-face1eaa-8f33-4a7b-afbf-bb9f87f04bd9 be4cb84c4ba948ec9c062b7a4008b662 7a10b33a19c046c49c77a20affc073e2 - - default default] 10.0.0.141 "DELETE /v2.0/networks/10a04208-70b3-4724-b32c-f771b3bc90bb HTTP/1.1" status: 204 len: 168 time: 0.5537534
2026-07-07 00:26:43.154 10 INFO neutron.db.ovn_revision_numbers_db [None req-8e1c641d-d517-4d45-a8c1-f127767cba11 a00b5ffc65204cbfba860a82cc58fbf3 470e42ddf2aa4a09bbab38ab7424e9ca - - default default] Successfully bumped revision number for resource f98c3330-7f33-4c41-b00d-76877b58d59b (type: ports) to 1
2026-07-07 00:26:43.185 10 INFO neutron.wsgi [None req-8e1c641d-d517-4d45-a8c1-f127767cba11 a00b5ffc65204cbfba860a82cc58fbf3 470e42ddf2aa4a09bbab38ab7424e9ca - - default default] 10.0.0.141 "POST /v2.0/ports HTTP/1.1" status: 201 len: 942 time: 0.5259671 /var/lib/openstack/lib/python3.10/site-packages/pycadf/identifier.py:71: UserWarning: Invalid uuid: neutron. To ensure interoperability, identifiers should be a valid uuid. warnings.warn(('Invalid uuid: %s. To ensure interoperability, '
2026-07-07 00:26:43.291 10 INFO neutron.db.segments_db [None req-cfdd95cb-5406-4d33-b667-c32f3b34c78c a00b5ffc65204cbfba860a82cc58fbf3 470e42ddf2aa4a09bbab38ab7424e9ca - - default default] Added segment 62c58e47-b326-4547-9c7e-348996407645 of type geneve for network 484143e0-7490-4b45-ab31-10b29b7712ed
2026-07-07 00:26:43.299 9 INFO neutron.wsgi [None req-3ae5de8b-f6e4-4bd3-a786-9114c7d49379 be4cb84c4ba948ec9c062b7a4008b662 7a10b33a19c046c49c77a20affc073e2 - - default default] 10.0.0.141 "GET /v2.0/security-groups?tenant_id=7d84920fef7d4488b26c6b12a44b5018&name=default HTTP/1.1" status: 200 len: 2996 time: 0.0429881
2026-07-07 00:26:43.359 9 INFO neutron.wsgi [None req-0e3037ac-1c6e-4169-bc68-45bd08e6ae60 be4cb84c4ba948ec9c062b7a4008b662 7a10b33a19c046c49c77a20affc073e2 - - default default] 10.0.0.141 "DELETE /v2.0/security-groups/eabf1ba3-9d53-4663-b17d-1a246320f490 HTTP/1.1" status: 204 len: 168 time: 0.2271321
2026-07-07 00:26:43.444 10 INFO neutron.db.ovn_revision_numbers_db [None req-cfdd95cb-5406-4d33-b667-c32f3b34c78c a00b5ffc65204cbfba860a82cc58fbf3 470e42ddf2aa4a09bbab38ab7424e9ca - - default default] Successfully bumped revision number for resource 484143e0-7490-4b45-ab31-10b29b7712ed (type: networks) to 1
2026-07-07 00:26:43.518 9 INFO neutron.wsgi [None req-e87e6fdf-2a71-4a80-be1d-97f58f037816 be4cb84c4ba948ec9c062b7a4008b662 7a10b33a19c046c49c77a20affc073e2 - - default default] 10.0.0.141 "DELETE /v2.0/security-groups/4d4477e1-3b89-411b-90a6-771a8af2a91c HTTP/1.1" status: 204 len: 168 time: 0.2130096
2026-07-07 00:26:43.593 9 INFO neutron.wsgi [None req-1c502c41-1c50-4398-acec-69f989008592 be4cb84c4ba948ec9c062b7a4008b662 7a10b33a19c046c49c77a20affc073e2 - - default default] 10.0.0.141 "GET /v2.0/security-groups?tenant_id=0b708387db27434b8b061345c0efa460&name=default HTTP/1.1" status: 200 len: 2996 time: 0.0487790
2026-07-07 00:26:43.695 10 WARNING neutron.scheduler.dhcp_agent_scheduler [None req-cfdd95cb-5406-4d33-b667-c32f3b34c78c a00b5ffc65204cbfba860a82cc58fbf3 470e42ddf2aa4a09bbab38ab7424e9ca - - default default] No more DHCP agents
2026-07-07 00:26:43.701 10 WARNING neutron.api.rpc.agentnotifiers.dhcp_rpc_agent_api [None req-cfdd95cb-5406-4d33-b667-c32f3b34c78c a00b5ffc65204cbfba860a82cc58fbf3 470e42ddf2aa4a09bbab38ab7424e9ca - - default default] Unable to schedule network 484143e0-7490-4b45-ab31-10b29b7712ed: no agents available; will retry on subsequent port and subnet creation events.
2026-07-07 00:26:43.830 10 INFO neutron.db.ovn_revision_numbers_db [None req-cfdd95cb-5406-4d33-b667-c32f3b34c78c a00b5ffc65204cbfba860a82cc58fbf3 470e42ddf2aa4a09bbab38ab7424e9ca - - default default] Successfully bumped revision number for resource 17e62605-aa92-4020-95d8-33994c9d02ac (type: ports) to 1
2026-07-07 00:26:43.849 9 INFO neutron.wsgi [None req-d024c435-bcfb-4111-8301-cc2c6f9156fa be4cb84c4ba948ec9c062b7a4008b662 7a10b33a19c046c49c77a20affc073e2 - - default default] 10.0.0.141 "DELETE /v2.0/security-groups/20db7dbc-365c-4b8c-8b0a-3717396b0d30 HTTP/1.1" status: 204 len: 168 time: 0.2515140
2026-07-07 00:26:43.858 10 INFO neutron.wsgi [None req-cfdd95cb-5406-4d33-b667-c32f3b34c78c a00b5ffc65204cbfba860a82cc58fbf3 470e42ddf2aa4a09bbab38ab7424e9ca - - default default] 10.0.0.141 "POST /v2.0/networks HTTP/1.1" status: 201 len: 831 time: 0.6655970 /var/lib/openstack/lib/python3.10/site-packages/pycadf/identifier.py:71: UserWarning: Invalid uuid: neutron. To ensure interoperability, identifiers should be a valid uuid. warnings.warn(('Invalid uuid: %s. To ensure interoperability, '
2026-07-07 00:26:44.114 9 WARNING neutron.scheduler.dhcp_agent_scheduler [None req-ca92639e-b4df-4bd2-97ab-8217392b84f4 a00b5ffc65204cbfba860a82cc58fbf3 470e42ddf2aa4a09bbab38ab7424e9ca - - default default] No more DHCP agents
2026-07-07 00:26:44.118 9 WARNING neutron.api.rpc.agentnotifiers.dhcp_rpc_agent_api [None req-ca92639e-b4df-4bd2-97ab-8217392b84f4 a00b5ffc65204cbfba860a82cc58fbf3 470e42ddf2aa4a09bbab38ab7424e9ca - - default default] Unable to schedule network 484143e0-7490-4b45-ab31-10b29b7712ed: no agents available; will retry on subsequent port and subnet creation events.
2026-07-07 00:26:44.210 9 INFO neutron.db.ovn_revision_numbers_db [None req-ca92639e-b4df-4bd2-97ab-8217392b84f4 a00b5ffc65204cbfba860a82cc58fbf3 470e42ddf2aa4a09bbab38ab7424e9ca - - default default] Successfully bumped revision number for resource b15acbed-9180-4ec1-b5c3-559d3110ef73 (type: ports) to 1
2026-07-07 00:26:44.245 9 INFO neutron.wsgi [None req-ca92639e-b4df-4bd2-97ab-8217392b84f4 a00b5ffc65204cbfba860a82cc58fbf3 470e42ddf2aa4a09bbab38ab7424e9ca - - default default] 10.0.0.141 "POST /v2.0/ports HTTP/1.1" status: 201 len: 942 time: 0.3817103
2026-07-07 00:26:44.249 9 INFO neutron.db.ovn_revision_numbers_db [None req-81ce9160-3301-4098-bb38-45fe4ff0eda0 be4cb84c4ba948ec9c062b7a4008b662 7a10b33a19c046c49c77a20affc073e2 - - default default] Successfully bumped revision number for resource 4cd8735f-3c82-4248-93e2-ef8370c44aea (type: security_groups) to 1 /var/lib/openstack/lib/python3.10/site-packages/pycadf/identifier.py:71: UserWarning: Invalid uuid: neutron. To ensure interoperability, identifiers should be a valid uuid. warnings.warn(('Invalid uuid: %s. To ensure interoperability, '
2026-07-07 00:26:44.274 9 INFO neutron.db.ovn_revision_numbers_db [None req-81ce9160-3301-4098-bb38-45fe4ff0eda0 be4cb84c4ba948ec9c062b7a4008b662 7a10b33a19c046c49c77a20affc073e2 - - default default] Successfully bumped revision number for resource 1380de3c-01fb-42ea-987a-766e528cf8b0 (type: security_group_rules) to 0
2026-07-07 00:26:44.298 9 INFO neutron.db.ovn_revision_numbers_db [None req-81ce9160-3301-4098-bb38-45fe4ff0eda0 be4cb84c4ba948ec9c062b7a4008b662 7a10b33a19c046c49c77a20affc073e2 - - default default] Successfully bumped revision number for resource 33ea9e71-c025-4001-b9bc-d58629c2e3e8 (type: security_group_rules) to 0
2026-07-07 00:26:44.316 9 INFO neutron.db.ovn_revision_numbers_db [None req-81ce9160-3301-4098-bb38-45fe4ff0eda0 be4cb84c4ba948ec9c062b7a4008b662 7a10b33a19c046c49c77a20affc073e2 - - default default] Successfully bumped revision number for resource 45e64b6b-ecad-4f98-810c-9b73ab78de99 (type: security_group_rules) to 0
2026-07-07 00:26:44.331 9 INFO neutron.db.ovn_revision_numbers_db [None req-81ce9160-3301-4098-bb38-45fe4ff0eda0 be4cb84c4ba948ec9c062b7a4008b662 7a10b33a19c046c49c77a20affc073e2 - - default default] Successfully bumped revision number for resource 7d58cfc8-b6f0-43a7-87aa-878925c631de (type: security_group_rules) to 0
2026-07-07 00:26:44.361 9 INFO neutron.wsgi [None req-81ce9160-3301-4098-bb38-45fe4ff0eda0 be4cb84c4ba948ec9c062b7a4008b662 7a10b33a19c046c49c77a20affc073e2 - - default default] 10.0.0.141 "GET /v2.0/security-groups?tenant_id=518e454a711b414cb285b14edbe5bdce&name=default HTTP/1.1" status: 200 len: 2996 time: 0.2811320
2026-07-07 00:26:44.384 9 INFO neutron.db.segments_db [None req-e38a38c2-24bd-40d9-b165-26bc6ffaeea5 a00b5ffc65204cbfba860a82cc58fbf3 470e42ddf2aa4a09bbab38ab7424e9ca - - default default] Added segment 4677cd9e-662a-40cb-812a-042b0a33aa11 of type geneve for network f8a34e9c-a1eb-4cde-a2e9-aa2872931ae3
2026-07-07 00:26:44.500 9 INFO neutron.wsgi [req-f92082a8-2f81-4d1e-a8b0-19e15d6d7c85 req-59bf5afd-e5ab-45e7-9759-70d3c3935328 8bb3d32e8231429da84f0d9981d73fd8 7030727b2a144de5bf3e3b1852e6e45c - - default default] 10.0.0.51 "GET /v2.0/ports?device_id=ac543189-9948-4601-9f59-53bafb1fc3d4 HTTP/1.1" status: 200 len: 1174 time: 0.1428480
2026-07-07 00:26:44.577 10 INFO neutron.wsgi [None req-81840923-c1e5-4491-ba8a-7771b6630775 be4cb84c4ba948ec9c062b7a4008b662 7a10b33a19c046c49c77a20affc073e2 - - default default] 10.0.0.141 "DELETE /v2.0/security-groups/4cd8735f-3c82-4248-93e2-ef8370c44aea HTTP/1.1" status: 204 len: 168 time: 0.2060061
2026-07-07 00:26:44.594 9 INFO neutron.wsgi [req-f92082a8-2f81-4d1e-a8b0-19e15d6d7c85 req-0be2a162-7bdd-43b4-b079-12dec72ced89 8bb3d32e8231429da84f0d9981d73fd8 7030727b2a144de5bf3e3b1852e6e45c - - default default] 10.0.0.51 "GET /v2.0/security-groups?id=0953e25e-f169-4cec-8231-bb667f695fb0&fields=id&fields=name HTTP/1.1" status: 200 len: 312 time: 0.0845342
2026-07-07 00:26:44.612 9 INFO neutron.db.ovn_revision_numbers_db [None req-e38a38c2-24bd-40d9-b165-26bc6ffaeea5 a00b5ffc65204cbfba860a82cc58fbf3 470e42ddf2aa4a09bbab38ab7424e9ca - - default default] Successfully bumped revision number for resource f8a34e9c-a1eb-4cde-a2e9-aa2872931ae3 (type: networks) to 1
2026-07-07 00:26:44.863 10 INFO neutron.plugins.ml2.drivers.ovn.mech_driver.mech_driver [None req-3a0a643f-de9c-4c71-9c69-d4447a6e9dc9 - - - - - -] OVN reports status down for port: 27579c64-e694-40d0-ac24-f10c7a41b557
2026-07-07 00:26:44.939 9 INFO neutron.wsgi [req-200e44de-43d6-4695-9402-691065eccb04 req-6876a3a6-2cf1-462b-a5de-fa1993a012e9 8bb3d32e8231429da84f0d9981d73fd8 7030727b2a144de5bf3e3b1852e6e45c - - default default] 10.0.0.51 "GET /v2.0/ports?device_id=ac543189-9948-4601-9f59-53bafb1fc3d4 HTTP/1.1" status: 200 len: 1174 time: 0.0594988
2026-07-07 00:26:45.055 10 INFO neutron.notifiers.nova [-] Nova event matching ['req-38cbf3b8-8173-490d-a358-e5df4666af61'] response: {'server_uuid': 'ac543189-9948-4601-9f59-53bafb1fc3d4', 'name': 'network-vif-unplugged', 'status': 'completed', 'tag': '27579c64-e694-40d0-ac24-f10c7a41b557', 'code': 200}
2026-07-07 00:26:45.067 9 INFO neutron.wsgi [req-200e44de-43d6-4695-9402-691065eccb04 req-5e1ccefb-82d5-4298-86e2-ce06820c6454 8bb3d32e8231429da84f0d9981d73fd8 7030727b2a144de5bf3e3b1852e6e45c - - default default] 10.0.0.51 "GET /v2.0/security-groups?id=0953e25e-f169-4cec-8231-bb667f695fb0&fields=id&fields=name HTTP/1.1" status: 200 len: 312 time: 0.1165411
2026-07-07 00:26:45.168 9 WARNING neutron.scheduler.dhcp_agent_scheduler [None req-e38a38c2-24bd-40d9-b165-26bc6ffaeea5 a00b5ffc65204cbfba860a82cc58fbf3 470e42ddf2aa4a09bbab38ab7424e9ca - - default default] No more DHCP agents
2026-07-07 00:26:45.183 9 WARNING neutron.api.rpc.agentnotifiers.dhcp_rpc_agent_api [None req-e38a38c2-24bd-40d9-b165-26bc6ffaeea5 a00b5ffc65204cbfba860a82cc58fbf3 470e42ddf2aa4a09bbab38ab7424e9ca - - default default] Unable to schedule network f8a34e9c-a1eb-4cde-a2e9-aa2872931ae3: no agents available; will retry on subsequent port and subnet creation events.
2026-07-07 00:26:45.227 9 INFO neutron.wsgi [req-48f72363-f532-4a4e-8b7c-c68e084d1dac req-b29c98c3-6b33-4459-ad09-5313d331d14b 8bb3d32e8231429da84f0d9981d73fd8 7030727b2a144de5bf3e3b1852e6e45c - - default default] 199.204.45.70 "GET /v2.0/ports?device_id=ac543189-9948-4601-9f59-53bafb1fc3d4 HTTP/1.1" status: 200 len: 1172 time: 0.0579865
2026-07-07 00:26:45.251 10 INFO neutron.db.ovn_revision_numbers_db [None req-3a0a643f-de9c-4c71-9c69-d4447a6e9dc9 - - - - - -] Successfully bumped revision number for resource 27579c64-e694-40d0-ac24-f10c7a41b557 (type: ports) to 7
2026-07-07 00:26:45.348 9 INFO neutron.db.ovn_revision_numbers_db [None req-e38a38c2-24bd-40d9-b165-26bc6ffaeea5 a00b5ffc65204cbfba860a82cc58fbf3 470e42ddf2aa4a09bbab38ab7424e9ca - - default default] Successfully bumped revision number for resource 50b8b719-2d37-40f5-8529-f8b098ba553b (type: ports) to 1
2026-07-07 00:26:45.381 9 INFO neutron.wsgi [None req-e38a38c2-24bd-40d9-b165-26bc6ffaeea5 a00b5ffc65204cbfba860a82cc58fbf3 470e42ddf2aa4a09bbab38ab7424e9ca - - default default] 10.0.0.141 "POST /v2.0/networks HTTP/1.1" status: 201 len: 831 time: 1.1292279 /var/lib/openstack/lib/python3.10/site-packages/pycadf/identifier.py:71: UserWarning: Invalid uuid: neutron. To ensure interoperability, identifiers should be a valid uuid. warnings.warn(('Invalid uuid: %s. To ensure interoperability, '
2026-07-07 00:26:45.686 9 INFO neutron.db.l3_db [req-48f72363-f532-4a4e-8b7c-c68e084d1dac req-fc8f754e-7bfd-4c30-80ed-e1107e1462db 8bb3d32e8231429da84f0d9981d73fd8 7030727b2a144de5bf3e3b1852e6e45c - - default default] Floating IP 885bcd7a-b045-457d-8524-6647b6827f9c disassociated. External IP: 10.96.250.216, port: 27579c64-e694-40d0-ac24-f10c7a41b557.
2026-07-07 00:26:45.723 10 WARNING neutron.scheduler.dhcp_agent_scheduler [None req-ecd5f6e8-6feb-4be1-be31-4a80a687de87 a00b5ffc65204cbfba860a82cc58fbf3 470e42ddf2aa4a09bbab38ab7424e9ca - - default default] No more DHCP agents
2026-07-07 00:26:45.727 10 WARNING neutron.api.rpc.agentnotifiers.dhcp_rpc_agent_api [None req-ecd5f6e8-6feb-4be1-be31-4a80a687de87 a00b5ffc65204cbfba860a82cc58fbf3 470e42ddf2aa4a09bbab38ab7424e9ca - - default default] Unable to schedule network f8a34e9c-a1eb-4cde-a2e9-aa2872931ae3: no agents available; will retry on subsequent port and subnet creation events.
2026-07-07 00:26:45.827 10 INFO neutron.db.ovn_revision_numbers_db [None req-ecd5f6e8-6feb-4be1-be31-4a80a687de87 a00b5ffc65204cbfba860a82cc58fbf3 470e42ddf2aa4a09bbab38ab7424e9ca - - default default] Successfully bumped revision number for resource 5b446f6d-1e22-4997-b5c5-416fbaca3cd4 (type: ports) to 1
2026-07-07 00:26:45.852 10 INFO neutron.wsgi [None req-ecd5f6e8-6feb-4be1-be31-4a80a687de87 a00b5ffc65204cbfba860a82cc58fbf3 470e42ddf2aa4a09bbab38ab7424e9ca - - default default] 10.0.0.141 "POST /v2.0/ports HTTP/1.1" status: 201 len: 942 time: 0.4659235 /var/lib/openstack/lib/python3.10/site-packages/pycadf/identifier.py:71: UserWarning: Invalid uuid: neutron. To ensure interoperability, identifiers should be a valid uuid. warnings.warn(('Invalid uuid: %s. To ensure interoperability, '
2026-07-07 00:26:45.939 9 INFO neutron.wsgi [req-48f72363-f532-4a4e-8b7c-c68e084d1dac req-fc8f754e-7bfd-4c30-80ed-e1107e1462db 8bb3d32e8231429da84f0d9981d73fd8 7030727b2a144de5bf3e3b1852e6e45c - - default default] 199.204.45.70 "DELETE /v2.0/ports/27579c64-e694-40d0-ac24-f10c7a41b557 HTTP/1.1" status: 204 len: 173 time: 0.6996608
2026-07-07 00:26:45.944 10 INFO neutron.db.segments_db [None req-ab3ca19f-fe42-492d-9ed1-1ec89b62e1a8 a00b5ffc65204cbfba860a82cc58fbf3 470e42ddf2aa4a09bbab38ab7424e9ca - - default default] Added segment 34369907-37d1-4857-9bba-2728e2ca915b of type geneve for network 593b9535-de8e-4c71-8d5f-f4c37e6725ef
2026-07-07 00:26:45.977 9 INFO neutron.notifiers.nova [-] Nova event matching ['req-b4223a5f-6e55-4171-a666-ec1ed045c785'] response: {'server_uuid': 'ac543189-9948-4601-9f59-53bafb1fc3d4', 'name': 'network-vif-deleted', 'tag': '27579c64-e694-40d0-ac24-f10c7a41b557', 'status': 'completed', 'code': 200}
2026-07-07 00:26:46.113 10 INFO neutron.db.ovn_revision_numbers_db [None req-ab3ca19f-fe42-492d-9ed1-1ec89b62e1a8 a00b5ffc65204cbfba860a82cc58fbf3 470e42ddf2aa4a09bbab38ab7424e9ca - - default default] Successfully bumped revision number for resource 593b9535-de8e-4c71-8d5f-f4c37e6725ef (type: networks) to 1 /var/lib/openstack/lib/python3.10/site-packages/pycadf/identifier.py:71: UserWarning: Invalid uuid: neutron. To ensure interoperability, identifiers should be a valid uuid. warnings.warn(('Invalid uuid: %s. To ensure interoperability, '
2026-07-07 00:26:46.208 9 INFO neutron.wsgi [req-5ce5afb2-0182-42be-83de-85d794ea3388 req-531f7cc4-af93-4cac-9ddc-d9c9ff89198c 8bb3d32e8231429da84f0d9981d73fd8 7030727b2a144de5bf3e3b1852e6e45c - - default default] 10.0.0.51 "GET /v2.0/ports?device_id=ac543189-9948-4601-9f59-53bafb1fc3d4 HTTP/1.1" status: 200 len: 210 time: 0.0230718
2026-07-07 00:26:46.348 10 WARNING neutron.scheduler.dhcp_agent_scheduler [None req-ab3ca19f-fe42-492d-9ed1-1ec89b62e1a8 a00b5ffc65204cbfba860a82cc58fbf3 470e42ddf2aa4a09bbab38ab7424e9ca - - default default] No more DHCP agents
2026-07-07 00:26:46.351 10 WARNING neutron.api.rpc.agentnotifiers.dhcp_rpc_agent_api [None req-ab3ca19f-fe42-492d-9ed1-1ec89b62e1a8 a00b5ffc65204cbfba860a82cc58fbf3 470e42ddf2aa4a09bbab38ab7424e9ca - - default default] Unable to schedule network 593b9535-de8e-4c71-8d5f-f4c37e6725ef: no agents available; will retry on subsequent port and subnet creation events.
2026-07-07 00:26:46.466 10 INFO neutron.db.ovn_revision_numbers_db [None req-ab3ca19f-fe42-492d-9ed1-1ec89b62e1a8 a00b5ffc65204cbfba860a82cc58fbf3 470e42ddf2aa4a09bbab38ab7424e9ca - - default default] Successfully bumped revision number for resource eee19ec0-da6c-458f-9d6d-12ecda4b55a4 (type: ports) to 1
2026-07-07 00:26:46.491 10 INFO neutron.wsgi [None req-ab3ca19f-fe42-492d-9ed1-1ec89b62e1a8 a00b5ffc65204cbfba860a82cc58fbf3 470e42ddf2aa4a09bbab38ab7424e9ca - - default default] 10.0.0.141 "POST /v2.0/networks HTTP/1.1" status: 201 len: 831 time: 0.6333158
2026-07-07 00:26:46.795 10 WARNING neutron.scheduler.dhcp_agent_scheduler [None req-e7b82b4a-1bd3-4ca1-9129-e40e45f12fab a00b5ffc65204cbfba860a82cc58fbf3 470e42ddf2aa4a09bbab38ab7424e9ca - - default default] No more DHCP agents
2026-07-07 00:26:46.798 10 WARNING neutron.api.rpc.agentnotifiers.dhcp_rpc_agent_api [None req-e7b82b4a-1bd3-4ca1-9129-e40e45f12fab a00b5ffc65204cbfba860a82cc58fbf3 470e42ddf2aa4a09bbab38ab7424e9ca - - default default] Unable to schedule network 593b9535-de8e-4c71-8d5f-f4c37e6725ef: no agents available; will retry on subsequent port and subnet creation events.
2026-07-07 00:26:46.907 10 INFO neutron.db.ovn_revision_numbers_db [None req-e7b82b4a-1bd3-4ca1-9129-e40e45f12fab a00b5ffc65204cbfba860a82cc58fbf3 470e42ddf2aa4a09bbab38ab7424e9ca - - default default] Successfully bumped revision number for resource 132aaa3b-379e-4172-92a0-27e544cb0afa (type: ports) to 1
2026-07-07 00:26:46.942 10 INFO neutron.wsgi [None req-e7b82b4a-1bd3-4ca1-9129-e40e45f12fab a00b5ffc65204cbfba860a82cc58fbf3 470e42ddf2aa4a09bbab38ab7424e9ca - - default default] 10.0.0.141 "POST /v2.0/ports HTTP/1.1" status: 201 len: 942 time: 0.4437907 /var/lib/openstack/lib/python3.10/site-packages/pycadf/identifier.py:71: UserWarning: Invalid uuid: neutron. To ensure interoperability, identifiers should be a valid uuid. warnings.warn(('Invalid uuid: %s. To ensure interoperability, '
2026-07-07 00:26:46.996 10 INFO neutron.wsgi [None req-c73c6954-17b7-4d80-9ab6-ff35daadd69d a00b5ffc65204cbfba860a82cc58fbf3 470e42ddf2aa4a09bbab38ab7424e9ca - - default default] 10.0.0.141 "PUT /v2.0/ports/28ddea16-b2dd-4b5d-a593-e7fbbd25e980/tags HTTP/1.1" status: 200 len: 210 time: 0.0467870
2026-07-07 00:26:47.046 10 INFO neutron.wsgi [None req-3250586a-8e7f-4866-8de4-55e8bdb555a7 a00b5ffc65204cbfba860a82cc58fbf3 470e42ddf2aa4a09bbab38ab7424e9ca - - default default] 10.0.0.141 "PUT /v2.0/ports/f98c3330-7f33-4c41-b00d-76877b58d59b/tags HTTP/1.1" status: 200 len: 218 time: 0.0421162
2026-07-07 00:26:47.100 10 INFO neutron.notifiers.nova [-] Nova event matching ['req-a61f114c-412d-4059-9c97-d3caf516e940'] response: {'server_uuid': 'ac543189-9948-4601-9f59-53bafb1fc3d4', 'name': 'network-vif-plugged', 'status': 'completed', 'tag': '27579c64-e694-40d0-ac24-f10c7a41b557', 'code': 200}
2026-07-07 00:26:47.115 10 INFO neutron.wsgi [None req-0da1347c-9219-4dfa-a54f-cc756435b9b2 a00b5ffc65204cbfba860a82cc58fbf3 470e42ddf2aa4a09bbab38ab7424e9ca - - default default] 10.0.0.141 "PUT /v2.0/ports/b15acbed-9180-4ec1-b5c3-559d3110ef73/tags HTTP/1.1" status: 200 len: 227 time: 0.0600140
2026-07-07 00:26:47.162 9 INFO neutron.wsgi [None req-bf2bab49-05be-483b-a1e2-f276f99df466 a00b5ffc65204cbfba860a82cc58fbf3 470e42ddf2aa4a09bbab38ab7424e9ca - - default default] 10.0.0.141 "PUT /v2.0/ports/5b446f6d-1e22-4997-b5c5-416fbaca3cd4/tags HTTP/1.1" status: 200 len: 212 time: 0.0421672
2026-07-07 00:26:47.225 9 INFO neutron.wsgi [None req-7d4caff3-8491-418f-8dd0-b1b8898c0e06 990198a2716d40978e08a425cee4cc69 9dd1918417b84b4cb060f068e77751e4 - - default default] 10.0.0.59 "GET /v2.0/extensions HTTP/1.1" status: 200 len: 16525 time: 0.1092460
2026-07-07 00:26:47.380 9 INFO neutron.wsgi [None req-d72d8c96-d815-4dcd-8220-4b18d36d2f3b a00b5ffc65204cbfba860a82cc58fbf3 470e42ddf2aa4a09bbab38ab7424e9ca - - default default] 10.0.0.141 "GET /v2.0/ports?tags=red HTTP/1.1" status: 200 len: 2448 time: 0.2111719
2026-07-07 00:26:47.413 10 INFO neutron.wsgi [None req-55d8b05e-fc8d-4e2a-95da-ce2afc248562 990198a2716d40978e08a425cee4cc69 9dd1918417b84b4cb060f068e77751e4 - - default default] 10.0.0.59 "GET /v2.0/quotas/9dd1918417b84b4cb060f068e77751e4/details HTTP/1.1" status: 200 len: 756 time: 0.1660628
2026-07-07 00:26:47.448 9 INFO neutron.wsgi [None req-6556da51-baaf-49c8-b7a7-465599fc400e a00b5ffc65204cbfba860a82cc58fbf3 470e42ddf2aa4a09bbab38ab7424e9ca - - default default] 10.0.0.141 "GET /v2.0/ports?tags=red%2Cblue HTTP/1.1" status: 200 len: 1708 time: 0.0621657
2026-07-07 00:26:47.467 10 INFO neutron.wsgi [None req-5f4f31f6-2e97-469a-977e-34aa2fa52cd4 8bb3d32e8231429da84f0d9981d73fd8 7030727b2a144de5bf3e3b1852e6e45c - - default default] 10.0.0.141 "DELETE /v2.0/security-groups/0953e25e-f169-4cec-8231-bb667f695fb0 HTTP/1.1" status: 204 len: 168 time: 0.1582048
2026-07-07 00:26:47.491 10 INFO neutron.api.v2.resource [None req-d1eeba87-91ac-4235-8a38-0054f6453011 8bb3d32e8231429da84f0d9981d73fd8 7030727b2a144de5bf3e3b1852e6e45c - - default default] show failed (client error): The resource could not be found.
2026-07-07 00:26:47.492 10 INFO neutron.wsgi [None req-d1eeba87-91ac-4235-8a38-0054f6453011 8bb3d32e8231429da84f0d9981d73fd8 7030727b2a144de5bf3e3b1852e6e45c - - default default] 10.0.0.141 "GET /v2.0/security-groups/0953e25e-f169-4cec-8231-bb667f695fb0 HTTP/1.1" status: 404 len: 347 time: 0.0136356
2026-07-07 00:26:47.516 9 INFO neutron.wsgi [None req-c2c6de6e-ddfd-4cdd-8a25-159ec1078580 a00b5ffc65204cbfba860a82cc58fbf3 470e42ddf2aa4a09bbab38ab7424e9ca - - default default] 10.0.0.141 "GET /v2.0/ports?tags-any=blue HTTP/1.1" status: 200 len: 1708 time: 0.0625238
2026-07-07 00:26:47.589 9 INFO neutron.wsgi [None req-3f4f5d52-b98d-4a0e-b923-9043e6fa3586 a00b5ffc65204cbfba860a82cc58fbf3 470e42ddf2aa4a09bbab38ab7424e9ca - - default default] 10.0.0.141 "GET /v2.0/ports?tags-any=red%2Cblue HTTP/1.1" status: 200 len: 2448 time: 0.0655048
2026-07-07 00:26:47.803 9 INFO neutron.wsgi [None req-c8e0ffd6-ae16-483d-889e-2a0c3687a457 a00b5ffc65204cbfba860a82cc58fbf3 470e42ddf2aa4a09bbab38ab7424e9ca - - default default] 10.0.0.141 "GET /v2.0/ports?not-tags=red HTTP/1.1" status: 200 len: 5463 time: 0.2085648
2026-07-07 00:26:47.872 10 INFO neutron.wsgi [None req-0daec372-db4a-4f0c-99a7-2db720bf7fda 8bb3d32e8231429da84f0d9981d73fd8 7030727b2a144de5bf3e3b1852e6e45c - - default default] 10.0.0.141 "DELETE /v2.0/floatingips/885bcd7a-b045-457d-8524-6647b6827f9c HTTP/1.1" status: 204 len: 168 time: 0.3721259
2026-07-07 00:26:47.913 9 INFO neutron.wsgi [None req-2905b143-9c16-4219-859d-429eff38481d a00b5ffc65204cbfba860a82cc58fbf3 470e42ddf2aa4a09bbab38ab7424e9ca - - default default] 10.0.0.141 "GET /v2.0/ports?not-tags=red%2Cblue HTTP/1.1" status: 200 len: 6203 time: 0.1036878
2026-07-07 00:26:48.197 10 INFO neutron.wsgi [None req-96bc1b0e-eb51-483e-83cf-5b8261ea5b4a a00b5ffc65204cbfba860a82cc58fbf3 470e42ddf2aa4a09bbab38ab7424e9ca - - default default] 10.0.0.141 "GET /v2.0/ports?not-tags-any=blue HTTP/1.1" status: 200 len: 6203 time: 0.2771297
2026-07-07 00:26:48.267 10 INFO neutron.wsgi [None req-db1b9d6e-256a-4f08-a5bc-e47f1948acce a00b5ffc65204cbfba860a82cc58fbf3 470e42ddf2aa4a09bbab38ab7424e9ca - - default default] 10.0.0.141 "GET /v2.0/ports?not-tags-any=red%2Cblue HTTP/1.1" status: 200 len: 5463 time: 0.0635896
2026-07-07 00:26:48.625 9 INFO neutron.wsgi [None req-a1aa40cb-528f-4985-af80-db54f68be086 a00b5ffc65204cbfba860a82cc58fbf3 470e42ddf2aa4a09bbab38ab7424e9ca - - default default] 10.0.0.141 "DELETE /v2.0/ports/28ddea16-b2dd-4b5d-a593-e7fbbd25e980 HTTP/1.1" status: 204 len: 168 time: 0.3519709
2026-07-07 00:26:48.957 10 INFO neutron.wsgi [None req-fea7aea2-21e2-4558-bbc4-cd61d6b58ef7 a00b5ffc65204cbfba860a82cc58fbf3 470e42ddf2aa4a09bbab38ab7424e9ca - - default default] 10.0.0.141 "DELETE /v2.0/ports/f98c3330-7f33-4c41-b00d-76877b58d59b HTTP/1.1" status: 204 len: 168 time: 0.3266280
2026-07-07 00:26:49.053 9 INFO neutron.wsgi [None req-9561a56d-8b65-4372-95da-1210806d9204 be4cb84c4ba948ec9c062b7a4008b662 7a10b33a19c046c49c77a20affc073e2 - - default default] 10.0.0.141 "PUT /v2.0/routers/e2d76bda-9e89-4fc1-a977-7b03fbe08ede/remove_router_interface HTTP/1.1" status: 200 len: 503 time: 1.1755900 /var/lib/openstack/lib/python3.10/site-packages/pycadf/identifier.py:71: UserWarning: Invalid uuid: neutron. To ensure interoperability, identifiers should be a valid uuid. warnings.warn(('Invalid uuid: %s. To ensure interoperability, '
2026-07-07 00:26:49.568 10 INFO neutron.wsgi [None req-d9860e55-ad13-488d-baf9-115c984fd759 a00b5ffc65204cbfba860a82cc58fbf3 470e42ddf2aa4a09bbab38ab7424e9ca - - default default] 10.0.0.141 "DELETE /v2.0/ports/b15acbed-9180-4ec1-b5c3-559d3110ef73 HTTP/1.1" status: 204 len: 168 time: 0.6048849
2026-07-07 00:26:49.797 9 INFO neutron.db.ovn_revision_numbers_db [None req-cb1a3c6c-9cb0-4166-aabc-66121c35b489 a818f44ce3444bedb2719f123150beba d56b36dde06c469792783518af071e36 - - default default] Successfully bumped revision number for resource e645b549-9ab8-45cc-b27c-34e5e6f297a9 (type: security_groups) to 1
2026-07-07 00:26:49.825 9 INFO neutron.db.ovn_revision_numbers_db [None req-cb1a3c6c-9cb0-4166-aabc-66121c35b489 a818f44ce3444bedb2719f123150beba d56b36dde06c469792783518af071e36 - - default default] Successfully bumped revision number for resource 06770fa3-d582-4638-855f-c7ff597eb0f1 (type: security_group_rules) to 0
2026-07-07 00:26:49.854 10 INFO neutron.wsgi [None req-1e065cd0-ff50-4edf-9382-1fd61dae2bdb a00b5ffc65204cbfba860a82cc58fbf3 470e42ddf2aa4a09bbab38ab7424e9ca - - default default] 10.0.0.141 "DELETE /v2.0/ports/5b446f6d-1e22-4997-b5c5-416fbaca3cd4 HTTP/1.1" status: 204 len: 168 time: 0.2805610
2026-07-07 00:26:49.856 9 INFO neutron.db.ovn_revision_numbers_db [None req-cb1a3c6c-9cb0-4166-aabc-66121c35b489 a818f44ce3444bedb2719f123150beba d56b36dde06c469792783518af071e36 - - default default] Successfully bumped revision number for resource 55ec485c-0617-47d5-9e63-bf699dc53969 (type: security_group_rules) to 0
2026-07-07 00:26:49.879 9 INFO neutron.db.ovn_revision_numbers_db [None req-cb1a3c6c-9cb0-4166-aabc-66121c35b489 a818f44ce3444bedb2719f123150beba d56b36dde06c469792783518af071e36 - - default default] Successfully bumped revision number for resource de335739-1a3c-4261-a948-62b7e96b2fd0 (type: security_group_rules) to 0
2026-07-07 00:26:49.903 9 INFO neutron.db.ovn_revision_numbers_db [None req-cb1a3c6c-9cb0-4166-aabc-66121c35b489 a818f44ce3444bedb2719f123150beba d56b36dde06c469792783518af071e36 - - default default] Successfully bumped revision number for resource fb3093b0-149a-46b1-888f-ea9a8f02bbc0 (type: security_group_rules) to 0
2026-07-07 00:26:49.993 9 INFO neutron.db.segments_db [None req-cb1a3c6c-9cb0-4166-aabc-66121c35b489 a818f44ce3444bedb2719f123150beba d56b36dde06c469792783518af071e36 - - default default] Added segment 960d815b-42ca-49b2-a3e3-093e632f955c of type geneve for network e397afc9-2b39-495c-8119-82464cfb5810
2026-07-07 00:26:50.003 10 INFO neutron.wsgi [None req-0eb32896-1df5-4240-bb5b-d9e9f65ac692 990198a2716d40978e08a425cee4cc69 9dd1918417b84b4cb060f068e77751e4 - - default default] 10.0.0.59 "GET /v2.0/extensions HTTP/1.1" status: 200 len: 16525 time: 0.0061796
2026-07-07 00:26:50.064 9 INFO neutron.wsgi [None req-ab635e70-8637-4ce9-9a1e-4ac0ae730447 be4cb84c4ba948ec9c062b7a4008b662 7a10b33a19c046c49c77a20affc073e2 - - default default] 10.0.0.141 "DELETE /v2.0/routers/e2d76bda-9e89-4fc1-a977-7b03fbe08ede HTTP/1.1" status: 204 len: 168 time: 1.0030692
2026-07-07 00:26:50.198 10 INFO neutron.wsgi [None req-7a6cc0c0-80a8-4765-a491-8f990df3653c a00b5ffc65204cbfba860a82cc58fbf3 470e42ddf2aa4a09bbab38ab7424e9ca - - default default] 10.0.0.141 "DELETE /v2.0/ports/132aaa3b-379e-4172-92a0-27e544cb0afa HTTP/1.1" status: 204 len: 168 time: 0.3364708
2026-07-07 00:26:50.213 9 INFO neutron.db.ovn_revision_numbers_db [None req-cb1a3c6c-9cb0-4166-aabc-66121c35b489 a818f44ce3444bedb2719f123150beba d56b36dde06c469792783518af071e36 - - default default] Successfully bumped revision number for resource e397afc9-2b39-495c-8119-82464cfb5810 (type: networks) to 1
2026-07-07 00:26:50.238 10 INFO neutron.wsgi [None req-eafd80b5-196f-4506-a355-7fd1848ab6b2 990198a2716d40978e08a425cee4cc69 9dd1918417b84b4cb060f068e77751e4 - - default default] 10.0.0.59 "GET /v2.0/quotas/9dd1918417b84b4cb060f068e77751e4/details HTTP/1.1" status: 200 len: 756 time: 0.2125955
2026-07-07 00:26:50.339 10 INFO neutron.wsgi [None req-6bfe7056-3e3f-4bc8-96a5-f34990871090 be4cb84c4ba948ec9c062b7a4008b662 7a10b33a19c046c49c77a20affc073e2 - - default default] 10.0.0.141 "DELETE /v2.0/subnets/5aa80f8c-fa14-44b6-baeb-524c276fdb1d HTTP/1.1" status: 204 len: 168 time: 0.2684178
2026-07-07 00:26:50.470 9 WARNING neutron.scheduler.dhcp_agent_scheduler [None req-cb1a3c6c-9cb0-4166-aabc-66121c35b489 a818f44ce3444bedb2719f123150beba d56b36dde06c469792783518af071e36 - - default default] No more DHCP agents
2026-07-07 00:26:50.472 9 WARNING neutron.api.rpc.agentnotifiers.dhcp_rpc_agent_api [None req-cb1a3c6c-9cb0-4166-aabc-66121c35b489 a818f44ce3444bedb2719f123150beba d56b36dde06c469792783518af071e36 - - default default] Unable to schedule network e397afc9-2b39-495c-8119-82464cfb5810: no agents available; will retry on subsequent port and subnet creation events.
2026-07-07 00:26:50.573 9 INFO neutron.db.ovn_revision_numbers_db [None req-cb1a3c6c-9cb0-4166-aabc-66121c35b489 a818f44ce3444bedb2719f123150beba d56b36dde06c469792783518af071e36 - - default default] Successfully bumped revision number for resource 3091c69a-dd4a-4425-8206-6e1a71693431 (type: ports) to 1
2026-07-07 00:26:50.612 9 INFO neutron.wsgi [None req-cb1a3c6c-9cb0-4166-aabc-66121c35b489 a818f44ce3444bedb2719f123150beba d56b36dde06c469792783518af071e36 - - default default] 10.0.0.141 "POST /v2.0/networks HTTP/1.1" status: 201 len: 827 time: 1.2951183
2026-07-07 00:26:50.698 9 INFO neutron.services.segments.plugin [-] Segment f5e6321c-ec93-4c81-a99a-f43b9156a1df resource provider aggregate not found
2026-07-07 00:26:50.705 9 INFO neutron.services.segments.plugin [-] Segment f5e6321c-ec93-4c81-a99a-f43b9156a1df resource provider aggregate not found
2026-07-07 00:26:50.732 9 INFO neutron.services.segments.plugin [-] Segment f5e6321c-ec93-4c81-a99a-f43b9156a1df resource provider not found; error: Placement Client Error (4xx): {"errors": [{"status": 404, "title": "Not Found", "detail": "The resource could not be found.\n\n No resource provider with uuid f5e6321c-ec93-4c81-a99a-f43b9156a1df found for delete ", "request_id": "req-ed6ec59c-da71-4eda-aa72-df69851e722c"}]}
2026-07-07 00:26:50.742 9 INFO neutron.services.segments.plugin [-] Segment f5e6321c-ec93-4c81-a99a-f43b9156a1df resource provider not found; error: Placement Client Error (4xx): {"errors": [{"status": 404, "title": "Not Found", "detail": "The resource could not be found.\n\n No resource provider with uuid f5e6321c-ec93-4c81-a99a-f43b9156a1df found for delete ", "request_id": "req-6c4b9884-017a-4ee5-b9d5-b7563cf438ad"}]}
2026-07-07 00:26:50.762 9 INFO neutron.wsgi [None req-dba10dd2-59c7-4101-b39a-4142491373b6 a00b5ffc65204cbfba860a82cc58fbf3 470e42ddf2aa4a09bbab38ab7424e9ca - - default default] 10.0.0.141 "DELETE /v2.0/networks/034061a9-f75b-41ce-884c-213ee8597656 HTTP/1.1" status: 204 len: 168 time: 0.5605516
2026-07-07 00:26:50.779 10 INFO neutron.db.segments_db [None req-0b1e1c98-5ab8-4832-ab61-4dec46cbbf52 a818f44ce3444bedb2719f123150beba d56b36dde06c469792783518af071e36 - - default default] Added segment 9afa90e5-b590-46f9-bb81-818459cf85c4 of type geneve for network b40e66b9-9379-4ee6-b988-904cb008d0d6
2026-07-07 00:26:50.795 10 INFO neutron.services.segments.plugin [-] Segment f4c7dee5-64a6-4ecc-ae41-7aa699f8dac6 resource provider aggregate not found
2026-07-07 00:26:50.806 10 INFO neutron.services.segments.plugin [-] Segment f4c7dee5-64a6-4ecc-ae41-7aa699f8dac6 resource provider aggregate not found
2026-07-07 00:26:50.830 10 INFO neutron.services.segments.plugin [-] Segment f4c7dee5-64a6-4ecc-ae41-7aa699f8dac6 resource provider not found; error: Placement Client Error (4xx): {"errors": [{"status": 404, "title": "Not Found", "detail": "The resource could not be found.\n\n No resource provider with uuid f4c7dee5-64a6-4ecc-ae41-7aa699f8dac6 found for delete ", "request_id": "req-97720d97-3e30-4eeb-9092-c4ea59a74927"}]}
2026-07-07 00:26:50.833 10 INFO neutron.services.segments.plugin [-] Segment f4c7dee5-64a6-4ecc-ae41-7aa699f8dac6 resource provider not found; error: Placement Client Error (4xx): {"errors": [{"status": 404, "title": "Not Found", "detail": "The resource could not be found.\n\n No resource provider with uuid f4c7dee5-64a6-4ecc-ae41-7aa699f8dac6 found for delete ", "request_id": "req-4624b256-89db-4952-bedf-c7d8785bcee9"}]}
2026-07-07 00:26:50.866 10 INFO neutron.wsgi [None req-1f97a69b-dbde-4572-908d-2509d34feda6 be4cb84c4ba948ec9c062b7a4008b662 7a10b33a19c046c49c77a20affc073e2 - - default default] 10.0.0.141 "DELETE /v2.0/networks/f00590cd-773c-40e6-8141-d938526c7566 HTTP/1.1" status: 204 len: 168 time: 0.5191941
2026-07-07 00:26:50.988 10 INFO neutron.db.ovn_revision_numbers_db [None req-0b1e1c98-5ab8-4832-ab61-4dec46cbbf52 a818f44ce3444bedb2719f123150beba d56b36dde06c469792783518af071e36 - - default default] Successfully bumped revision number for resource b40e66b9-9379-4ee6-b988-904cb008d0d6 (type: networks) to 1
2026-07-07 00:26:51.069 9 INFO neutron.wsgi [None req-a771b61c-6d9a-4cc5-a7ee-91241096bf0e be4cb84c4ba948ec9c062b7a4008b662 7a10b33a19c046c49c77a20affc073e2 - - default default] 10.0.0.141 "GET /v2.0/security-groups?tenant_id=7030727b2a144de5bf3e3b1852e6e45c&name=default HTTP/1.1" status: 200 len: 2996 time: 0.0367231
2026-07-07 00:26:51.221 9 INFO neutron.wsgi [None req-ad369d62-4415-429b-83ef-cb048f919957 a00b5ffc65204cbfba860a82cc58fbf3 470e42ddf2aa4a09bbab38ab7424e9ca - - default default] 10.0.0.141 "DELETE /v2.0/networks/8af5fa70-a64b-4e55-9666-f238e873ea71 HTTP/1.1" status: 204 len: 168 time: 0.4506073
2026-07-07 00:26:51.231 10 WARNING neutron.scheduler.dhcp_agent_scheduler [None req-0b1e1c98-5ab8-4832-ab61-4dec46cbbf52 a818f44ce3444bedb2719f123150beba d56b36dde06c469792783518af071e36 - - default default] No more DHCP agents
2026-07-07 00:26:51.235 10 WARNING neutron.api.rpc.agentnotifiers.dhcp_rpc_agent_api [None req-0b1e1c98-5ab8-4832-ab61-4dec46cbbf52 a818f44ce3444bedb2719f123150beba d56b36dde06c469792783518af071e36 - - default default] Unable to schedule network b40e66b9-9379-4ee6-b988-904cb008d0d6: no agents available; will retry on subsequent port and subnet creation events.
2026-07-07 00:26:51.346 10 INFO neutron.db.ovn_revision_numbers_db [None req-0b1e1c98-5ab8-4832-ab61-4dec46cbbf52 a818f44ce3444bedb2719f123150beba d56b36dde06c469792783518af071e36 - - default default] Successfully bumped revision number for resource 380e484e-3444-4580-a770-33cf24a15caa (type: ports) to 1
2026-07-07 00:26:51.375 10 INFO neutron.wsgi [None req-0b1e1c98-5ab8-4832-ab61-4dec46cbbf52 a818f44ce3444bedb2719f123150beba d56b36dde06c469792783518af071e36 - - default default] 10.0.0.141 "POST /v2.0/networks HTTP/1.1" status: 201 len: 830 time: 0.7580907
2026-07-07 00:26:51.408 10 INFO neutron.wsgi [None req-dc8c9668-b899-4e0a-afb4-a72726f95bad be4cb84c4ba948ec9c062b7a4008b662 7a10b33a19c046c49c77a20affc073e2 - - default default] 10.0.0.141 "DELETE /v2.0/security-groups/37516a0b-0f41-4fe3-887d-0e82dcb2ad60 HTTP/1.1" status: 204 len: 168 time: 0.3298576
2026-07-07 00:26:51.483 10 INFO neutron.db.segments_db [None req-380dab62-98fd-42a8-b59f-2e4765155e29 a818f44ce3444bedb2719f123150beba d56b36dde06c469792783518af071e36 - - default default] Added segment f757deed-ddfe-404d-b9ef-3c41c74bc650 of type geneve for network 58163bbe-0321-4434-b402-b4509e0289ea
2026-07-07 00:26:51.691 9 INFO neutron.wsgi [None req-df36a80a-13a1-47a6-a8a4-574bec786e80 a00b5ffc65204cbfba860a82cc58fbf3 470e42ddf2aa4a09bbab38ab7424e9ca - - default default] 10.0.0.141 "DELETE /v2.0/networks/484143e0-7490-4b45-ab31-10b29b7712ed HTTP/1.1" status: 204 len: 168 time: 0.4625728
2026-07-07 00:26:51.714 10 INFO neutron.db.ovn_revision_numbers_db [None req-380dab62-98fd-42a8-b59f-2e4765155e29 a818f44ce3444bedb2719f123150beba d56b36dde06c469792783518af071e36 - - default default] Successfully bumped revision number for resource 58163bbe-0321-4434-b402-b4509e0289ea (type: networks) to 1
2026-07-07 00:26:51.978 10 WARNING neutron.scheduler.dhcp_agent_scheduler [None req-380dab62-98fd-42a8-b59f-2e4765155e29 a818f44ce3444bedb2719f123150beba d56b36dde06c469792783518af071e36 - - default default] No more DHCP agents
2026-07-07 00:26:51.981 10 WARNING neutron.api.rpc.agentnotifiers.dhcp_rpc_agent_api [None req-380dab62-98fd-42a8-b59f-2e4765155e29 a818f44ce3444bedb2719f123150beba d56b36dde06c469792783518af071e36 - - default default] Unable to schedule network 58163bbe-0321-4434-b402-b4509e0289ea: no agents available; will retry on subsequent port and subnet creation events.
2026-07-07 00:26:52.121 10 INFO neutron.db.ovn_revision_numbers_db [None req-380dab62-98fd-42a8-b59f-2e4765155e29 a818f44ce3444bedb2719f123150beba d56b36dde06c469792783518af071e36 - - default default] Successfully bumped revision number for resource c863a51e-1797-464c-8330-457c508695b6 (type: ports) to 1
2026-07-07 00:26:52.159 10 INFO neutron.wsgi [None req-380dab62-98fd-42a8-b59f-2e4765155e29 a818f44ce3444bedb2719f123150beba d56b36dde06c469792783518af071e36 - - default default] 10.0.0.141 "POST /v2.0/networks HTTP/1.1" status: 201 len: 831 time: 0.7782519
2026-07-07 00:26:52.256 10 INFO neutron.wsgi [None req-c9c54e85-5f47-493c-96cc-46bdf78743ac a00b5ffc65204cbfba860a82cc58fbf3 470e42ddf2aa4a09bbab38ab7424e9ca - - default default] 10.0.0.141 "DELETE /v2.0/networks/f8a34e9c-a1eb-4cde-a2e9-aa2872931ae3 HTTP/1.1" status: 204 len: 168 time: 0.5518641
2026-07-07 00:26:52.267 9 INFO neutron.db.segments_db [None req-0e38b0a6-47b2-40f5-a482-54d602116288 a818f44ce3444bedb2719f123150beba d56b36dde06c469792783518af071e36 - - default default] Added segment 4dbccc69-051c-4435-9e64-e2614cdc414a of type geneve for network 9f5c25af-2d36-4937-913e-9410d8fdecdf
2026-07-07 00:26:52.438 9 INFO neutron.db.ovn_revision_numbers_db [None req-0e38b0a6-47b2-40f5-a482-54d602116288 a818f44ce3444bedb2719f123150beba d56b36dde06c469792783518af071e36 - - default default] Successfully bumped revision number for resource 9f5c25af-2d36-4937-913e-9410d8fdecdf (type: networks) to 1
2026-07-07 00:26:52.600 9 INFO neutron.wsgi [-] 10.0.0.178 "GET / HTTP/1.1" status: 200 len: 247 time: 0.0013726
2026-07-07 00:26:52.602 9 INFO neutron.wsgi [-] 10.0.0.178 "GET / HTTP/1.1" status: 200 len: 247 time: 0.0009189
2026-07-07 00:26:52.716 9 WARNING neutron.scheduler.dhcp_agent_scheduler [None req-0e38b0a6-47b2-40f5-a482-54d602116288 a818f44ce3444bedb2719f123150beba d56b36dde06c469792783518af071e36 - - default default] No more DHCP agents
2026-07-07 00:26:52.720 10 INFO neutron.wsgi [None req-8b4752ad-5b5d-44a0-9586-ffe0f8f8d5e2 a00b5ffc65204cbfba860a82cc58fbf3 470e42ddf2aa4a09bbab38ab7424e9ca - - default default] 10.0.0.141 "DELETE /v2.0/networks/593b9535-de8e-4c71-8d5f-f4c37e6725ef HTTP/1.1" status: 204 len: 168 time: 0.4577937
2026-07-07 00:26:52.725 9 WARNING neutron.api.rpc.agentnotifiers.dhcp_rpc_agent_api [None req-0e38b0a6-47b2-40f5-a482-54d602116288 a818f44ce3444bedb2719f123150beba d56b36dde06c469792783518af071e36 - - default default] Unable to schedule network 9f5c25af-2d36-4937-913e-9410d8fdecdf: no agents available; will retry on subsequent port and subnet creation events.
2026-07-07 00:26:52.765 9 INFO neutron.services.segments.plugin [-] Segment e8d90799-7409-4583-a2ca-219b6ea42c7c resource provider aggregate not found
2026-07-07 00:26:52.771 9 INFO neutron.services.segments.plugin [-] Segment e8d90799-7409-4583-a2ca-219b6ea42c7c resource provider aggregate not found
2026-07-07 00:26:52.797 9 INFO neutron.services.segments.plugin [-] Segment e8d90799-7409-4583-a2ca-219b6ea42c7c resource provider not found; error: Placement Client Error (4xx): {"errors": [{"status": 404, "title": "Not Found", "detail": "The resource could not be found.\n\n No resource provider with uuid e8d90799-7409-4583-a2ca-219b6ea42c7c found for delete ", "request_id": "req-a0df776a-fe2d-4fbd-99d5-5c5d02512323"}]}
2026-07-07 00:26:52.806 9 INFO neutron.services.segments.plugin [-] Segment e8d90799-7409-4583-a2ca-219b6ea42c7c resource provider not found; error: Placement Client Error (4xx): {"errors": [{"status": 404, "title": "Not Found", "detail": "The resource could not be found.\n\n No resource provider with uuid e8d90799-7409-4583-a2ca-219b6ea42c7c found for delete ", "request_id": "req-dcb3a451-32f4-4208-bff8-9114b59e9ba8"}]}
2026-07-07 00:26:52.820 9 INFO neutron.services.segments.plugin [-] Segment 62c58e47-b326-4547-9c7e-348996407645 resource provider aggregate not found
2026-07-07 00:26:52.834 9 INFO neutron.services.segments.plugin [-] Segment 62c58e47-b326-4547-9c7e-348996407645 resource provider aggregate not found
2026-07-07 00:26:52.853 9 INFO neutron.services.segments.plugin [-] Segment 62c58e47-b326-4547-9c7e-348996407645 resource provider not found; error: Placement Client Error (4xx): {"errors": [{"status": 404, "title": "Not Found", "detail": "The resource could not be found.\n\n No resource provider with uuid 62c58e47-b326-4547-9c7e-348996407645 found for delete ", "request_id": "req-8c36352a-ff60-4a91-819c-0e9e1f4cc603"}]}
2026-07-07 00:26:52.857 9 INFO neutron.services.segments.plugin [-] Segment 62c58e47-b326-4547-9c7e-348996407645 resource provider not found; error: Placement Client Error (4xx): {"errors": [{"status": 404, "title": "Not Found", "detail": "The resource could not be found.\n\n No resource provider with uuid 62c58e47-b326-4547-9c7e-348996407645 found for delete ", "request_id": "req-20bc2fdd-7eb9-4bae-8789-bdd99b26aced"}]}
2026-07-07 00:26:52.861 10 INFO neutron.services.segments.plugin [-] Segment 4677cd9e-662a-40cb-812a-042b0a33aa11 resource provider aggregate not found
2026-07-07 00:26:52.878 9 INFO neutron.db.ovn_revision_numbers_db [None req-0e38b0a6-47b2-40f5-a482-54d602116288 a818f44ce3444bedb2719f123150beba d56b36dde06c469792783518af071e36 - - default default] Successfully bumped revision number for resource aa5e79d6-ebf3-45f3-b5de-e41863186476 (type: ports) to 1
