2026-07-07 00:27:11.345 9 INFO neutron.wsgi [None req-bf447132-f32a-46ed-ae6a-95e3d67482b7 be4cb84c4ba948ec9c062b7a4008b662 7a10b33a19c046c49c77a20affc073e2 - - default default] 10.0.0.215 "GET /v2.0/routers HTTP/1.1" status: 200 len: 860 time: 0.1019897
2026-07-07 00:27:11.358 10 INFO neutron.db.ovn_revision_numbers_db [None req-0504b188-fddc-4306-be12-6018949d9048 b362fb0e9f72461c984e955d83db14a5 6652b77c1bde4e6bb729bfa10051acc4 - - default default] Successfully bumped revision number for resource d7e723a4-fa5c-4215-9f79-1d27cd1b1d61 (type: security_group_rules) to 0
2026-07-07 00:27:11.360 9 INFO neutron.wsgi [None req-cdcdbf1a-f77d-4a2e-acc8-94b8f0a48dcf be4cb84c4ba948ec9c062b7a4008b662 7a10b33a19c046c49c77a20affc073e2 - - default default] 10.0.0.215 "GET /v2.0/agents?binary=ovn-controller HTTP/1.1" status: 200 len: 591 time: 0.0132585
2026-07-07 00:27:11.363 10 INFO neutron.db.ovn_revision_numbers_db [None req-31bbc9ee-fb41-459c-b4f6-62cddda44b6a be4cb84c4ba948ec9c062b7a4008b662 7a10b33a19c046c49c77a20affc073e2 - - default default] Successfully bumped revision number for resource 51b4be40-4a2b-4e6a-b901-feef16c32554 (type: security_group_rules) to 0
2026-07-07 00:27:11.380 9 INFO neutron.wsgi [None req-e96c92d2-f6f5-411e-925c-0c15cf070380 be4cb84c4ba948ec9c062b7a4008b662 7a10b33a19c046c49c77a20affc073e2 - - default default] 10.0.0.215 "GET /v2.0/network-ip-availabilities HTTP/1.1" status: 200 len: 3241 time: 0.0142651
2026-07-07 00:27:11.388 10 INFO neutron.wsgi [None req-0504b188-fddc-4306-be12-6018949d9048 b362fb0e9f72461c984e955d83db14a5 6652b77c1bde4e6bb729bfa10051acc4 - - default default] 10.0.0.141 "POST /v2.0/security-groups HTTP/1.1" status: 201 len: 1737 time: 0.5555978
2026-07-07 00:27:11.402 10 INFO neutron.db.ovn_revision_numbers_db [None req-31bbc9ee-fb41-459c-b4f6-62cddda44b6a be4cb84c4ba948ec9c062b7a4008b662 7a10b33a19c046c49c77a20affc073e2 - - default default] Successfully bumped revision number for resource 9bfcd7a7-927d-4747-b0de-f082d80dec05 (type: security_group_rules) to 0
2026-07-07 00:27:11.425 10 INFO neutron.db.ovn_revision_numbers_db [None req-31bbc9ee-fb41-459c-b4f6-62cddda44b6a be4cb84c4ba948ec9c062b7a4008b662 7a10b33a19c046c49c77a20affc073e2 - - default default] Successfully bumped revision number for resource ac64b611-4372-4359-9171-e43f412a03c3 (type: security_group_rules) to 0
2026-07-07 00:27:11.448 9 INFO neutron.wsgi [None req-2aa3bdd0-c3a8-470d-926e-a67cb35aa1d2 be4cb84c4ba948ec9c062b7a4008b662 7a10b33a19c046c49c77a20affc073e2 - - default default] 10.0.0.215 "GET /v2.0/subnets HTTP/1.1" status: 200 len: 3914 time: 0.0658669
2026-07-07 00:27:11.448 10 INFO neutron.db.ovn_revision_numbers_db [None req-31bbc9ee-fb41-459c-b4f6-62cddda44b6a be4cb84c4ba948ec9c062b7a4008b662 7a10b33a19c046c49c77a20affc073e2 - - default default] Successfully bumped revision number for resource fd62c173-ee58-4e1b-b15a-51b805407371 (type: security_group_rules) to 0
2026-07-07 00:27:11.474 10 INFO neutron.wsgi [None req-31bbc9ee-fb41-459c-b4f6-62cddda44b6a be4cb84c4ba948ec9c062b7a4008b662 7a10b33a19c046c49c77a20affc073e2 - - default default] 10.0.0.141 "GET /v2.0/security-groups?tenant_id=804181c393a24c99bd5f3872d4d919a8&name=default HTTP/1.1" status: 200 len: 2996 time: 0.3599660
2026-07-07 00:27:11.498 9 WARNING neutron.scheduler.dhcp_agent_scheduler [None req-d9414ade-ec51-42a8-a32c-713b7516db92 5b74f6fc00e040edbf96742df85db664 deb7d857ddee4e8497a7ba8c865382dc - - default default] No more DHCP agents
2026-07-07 00:27:11.502 9 WARNING neutron.api.rpc.agentnotifiers.dhcp_rpc_agent_api [None req-d9414ade-ec51-42a8-a32c-713b7516db92 5b74f6fc00e040edbf96742df85db664 deb7d857ddee4e8497a7ba8c865382dc - - default default] Unable to schedule network 54430bc5-4f35-4303-a312-77284469fdc2: no agents available; will retry on subsequent port and subnet creation events.
2026-07-07 00:27:11.525 9 INFO neutron.wsgi [None req-14e2a53d-a309-4377-a5b0-3363a0d2457d be4cb84c4ba948ec9c062b7a4008b662 7a10b33a19c046c49c77a20affc073e2 - - default default] 10.0.0.215 "GET /v2.0/ports HTTP/1.1" status: 200 len: 13812 time: 0.0713248
2026-07-07 00:27:11.585 9 INFO neutron.wsgi [None req-f4ba9bfa-a25d-4834-bf97-e7492e961102 be4cb84c4ba948ec9c062b7a4008b662 7a10b33a19c046c49c77a20affc073e2 - - default default] 10.0.0.215 "GET /v2.0/subnets HTTP/1.1" status: 200 len: 4527 time: 0.0513594
2026-07-07 00:27:11.610 9 INFO neutron.wsgi [None req-779f5807-6f15-42b6-932b-7487ff086d02 be4cb84c4ba948ec9c062b7a4008b662 7a10b33a19c046c49c77a20affc073e2 - - default default] 10.0.0.215 "GET /v2.0/subnetpools HTTP/1.1" status: 200 len: 193 time: 0.0219774
2026-07-07 00:27:11.691 9 INFO neutron.db.ovn_revision_numbers_db [None req-54212642-2ec1-453a-8ab7-3f60335e23d9 b362fb0e9f72461c984e955d83db14a5 6652b77c1bde4e6bb729bfa10051acc4 - - default default] Successfully bumped revision number for resource d8547a1a-27f3-474a-873e-f378f95a4883 (type: security_groups) to 1
2026-07-07 00:27:11.705 10 INFO neutron.wsgi [None req-3f1a0d02-5ecf-4cc6-8e53-dfe7fcc9e3b2 be4cb84c4ba948ec9c062b7a4008b662 7a10b33a19c046c49c77a20affc073e2 - - default default] 10.0.0.141 "DELETE /v2.0/security-groups/664c8fdc-4633-4175-9a02-580ea56785e7 HTTP/1.1" status: 204 len: 168 time: 0.2246928
2026-07-07 00:27:11.716 9 INFO neutron.notifiers.nova [-] Nova event matching ['req-454c46e1-f832-4b16-abf1-70c7984edcc8'] response: {'server_uuid': '07a4c649-a38e-4039-bd7f-76f99700d213', 'name': 'network-vif-plugged', 'status': 'completed', 'tag': 'ebdceb3b-c3c4-4fd0-ae6b-a793f60f3d8b', 'code': 200}
2026-07-07 00:27:11.725 9 INFO neutron.notifiers.nova [-] Nova event matching ['req-454c46e1-f832-4b16-abf1-70c7984edcc8'] response: {'server_uuid': '07a4c649-a38e-4039-bd7f-76f99700d213', 'name': 'network-vif-plugged', 'status': 'completed', 'tag': 'ebdceb3b-c3c4-4fd0-ae6b-a793f60f3d8b', 'code': 200}
2026-07-07 00:27:11.774 9 INFO neutron.db.ovn_revision_numbers_db [None req-54212642-2ec1-453a-8ab7-3f60335e23d9 b362fb0e9f72461c984e955d83db14a5 6652b77c1bde4e6bb729bfa10051acc4 - - default default] Successfully bumped revision number for resource 08ece157-d183-48ff-8517-8ea6859bf138 (type: security_group_rules) to 0
2026-07-07 00:27:11.806 9 INFO neutron.wsgi [None req-252388a8-8c0f-4acb-8562-855d9d265b5c be4cb84c4ba948ec9c062b7a4008b662 7a10b33a19c046c49c77a20affc073e2 - - default default] 10.0.0.215 "GET /v2.0/security-groups HTTP/1.1" status: 200 len: 33271 time: 0.1947038
2026-07-07 00:27:11.808 9 INFO neutron.db.ovn_revision_numbers_db [None req-54212642-2ec1-453a-8ab7-3f60335e23d9 b362fb0e9f72461c984e955d83db14a5 6652b77c1bde4e6bb729bfa10051acc4 - - default default] Successfully bumped revision number for resource a210a4df-055f-4f3b-bc32-4f59bb8517a7 (type: security_group_rules) to 0
2026-07-07 00:27:11.860 9 INFO neutron.wsgi [None req-0aa390e6-69c2-4e5b-ae97-3a5047b2654c be4cb84c4ba948ec9c062b7a4008b662 7a10b33a19c046c49c77a20affc073e2 - - default default] 10.0.0.215 "GET /v2.0/agents HTTP/1.1" status: 200 len: 997 time: 0.0395262
2026-07-07 00:27:11.869 9 INFO neutron.wsgi [None req-54212642-2ec1-453a-8ab7-3f60335e23d9 b362fb0e9f72461c984e955d83db14a5 6652b77c1bde4e6bb729bfa10051acc4 - - default default] 10.0.0.141 "POST /v2.0/security-groups HTTP/1.1" status: 201 len: 1737 time: 0.4748030
2026-07-07 00:27:11.876 9 INFO neutron.wsgi [req-76b91d7c-88cf-45cc-92be-327c520d2729 req-0d359275-e3c5-467b-af00-603f06f082af 067095f7ad814bae9b56522d12e646c0 3a4f1df2cf834d2b8e0d43d616bfe385 - - default default] 10.0.0.51 "GET /v2.0/ports?device_id=07a4c649-a38e-4039-bd7f-76f99700d213 HTTP/1.1" status: 200 len: 1174 time: 0.0776463
2026-07-07 00:27:11.942 9 INFO neutron.wsgi [req-76b91d7c-88cf-45cc-92be-327c520d2729 req-953a6915-2660-47c7-8161-528163f4fe54 067095f7ad814bae9b56522d12e646c0 3a4f1df2cf834d2b8e0d43d616bfe385 - - default default] 10.0.0.51 "GET /v2.0/security-groups?id=24255479-dc11-488d-a054-728c60ef014d&fields=id&fields=name HTTP/1.1" status: 200 len: 313 time: 0.0560110
2026-07-07 00:27:12.063 10 INFO neutron.db.ovn_revision_numbers_db [None req-87890ff2-c92d-4bfb-ab62-0d2662b8e53a b362fb0e9f72461c984e955d83db14a5 6652b77c1bde4e6bb729bfa10051acc4 - - default default] Successfully bumped revision number for resource 6c3e7a44-908e-4167-ad7e-99b13fd0dcc1 (type: security_groups) to 1
2026-07-07 00:27:12.079 10 INFO neutron.db.ovn_revision_numbers_db [None req-87890ff2-c92d-4bfb-ab62-0d2662b8e53a b362fb0e9f72461c984e955d83db14a5 6652b77c1bde4e6bb729bfa10051acc4 - - default default] Successfully bumped revision number for resource 08583de4-8d86-4fed-a1db-6170e52631c6 (type: security_group_rules) to 0
2026-07-07 00:27:12.108 10 INFO neutron.db.ovn_revision_numbers_db [None req-87890ff2-c92d-4bfb-ab62-0d2662b8e53a b362fb0e9f72461c984e955d83db14a5 6652b77c1bde4e6bb729bfa10051acc4 - - default default] Successfully bumped revision number for resource 81dc151d-2d4a-4763-8659-7b5c3c1cc161 (type: security_group_rules) to 0
2026-07-07 00:27:12.133 10 INFO neutron.wsgi [None req-87890ff2-c92d-4bfb-ab62-0d2662b8e53a b362fb0e9f72461c984e955d83db14a5 6652b77c1bde4e6bb729bfa10051acc4 - - default default] 10.0.0.141 "POST /v2.0/security-groups HTTP/1.1" status: 201 len: 1737 time: 0.2469673
2026-07-07 00:27:12.260 10 INFO neutron.db.ovn_revision_numbers_db [None req-61a592f0-f245-44f6-869c-4eca206009ba b362fb0e9f72461c984e955d83db14a5 6652b77c1bde4e6bb729bfa10051acc4 - - default default] Successfully bumped revision number for resource 6780247a-e2a2-43b9-8af9-cb7c0aae53f3 (type: security_groups) to 1
2026-07-07 00:27:12.278 10 INFO neutron.db.ovn_revision_numbers_db [None req-61a592f0-f245-44f6-869c-4eca206009ba b362fb0e9f72461c984e955d83db14a5 6652b77c1bde4e6bb729bfa10051acc4 - - default default] Successfully bumped revision number for resource 2c75c152-5a27-414a-8723-a1de50949867 (type: security_group_rules) to 0
2026-07-07 00:27:12.303 10 INFO neutron.db.ovn_revision_numbers_db [None req-61a592f0-f245-44f6-869c-4eca206009ba b362fb0e9f72461c984e955d83db14a5 6652b77c1bde4e6bb729bfa10051acc4 - - default default] Successfully bumped revision number for resource e7bf9c5e-7036-4d8d-8070-537ce23f205c (type: security_group_rules) to 0
2026-07-07 00:27:12.324 10 INFO neutron.wsgi [None req-61a592f0-f245-44f6-869c-4eca206009ba b362fb0e9f72461c984e955d83db14a5 6652b77c1bde4e6bb729bfa10051acc4 - - default default] 10.0.0.141 "POST /v2.0/security-groups HTTP/1.1" status: 201 len: 1737 time: 0.1856573
2026-07-07 00:27:12.539 9 INFO neutron.db.ovn_revision_numbers_db [None req-1c31fe82-4782-4d8b-a591-4404ddf38613 b362fb0e9f72461c984e955d83db14a5 6652b77c1bde4e6bb729bfa10051acc4 - - default default] Successfully bumped revision number for resource 171dfa45-de34-482c-be81-6608e551fee3 (type: security_groups) to 1
2026-07-07 00:27:12.558 9 INFO neutron.db.ovn_revision_numbers_db [None req-1c31fe82-4782-4d8b-a591-4404ddf38613 b362fb0e9f72461c984e955d83db14a5 6652b77c1bde4e6bb729bfa10051acc4 - - default default] Successfully bumped revision number for resource b087726b-d466-4864-a056-70dd6518d1c3 (type: security_group_rules) to 0
2026-07-07 00:27:12.583 9 INFO neutron.db.ovn_revision_numbers_db [None req-1c31fe82-4782-4d8b-a591-4404ddf38613 b362fb0e9f72461c984e955d83db14a5 6652b77c1bde4e6bb729bfa10051acc4 - - default default] Successfully bumped revision number for resource f6f6c3b5-b765-4184-bbc3-ed528d563c28 (type: security_group_rules) to 0
2026-07-07 00:27:12.611 9 INFO neutron.wsgi [None req-1c31fe82-4782-4d8b-a591-4404ddf38613 b362fb0e9f72461c984e955d83db14a5 6652b77c1bde4e6bb729bfa10051acc4 - - default default] 10.0.0.141 "POST /v2.0/security-groups HTTP/1.1" status: 201 len: 1737 time: 0.2811713
2026-07-07 00:27:12.638 9 INFO neutron.db.ovn_revision_numbers_db [None req-d9414ade-ec51-42a8-a32c-713b7516db92 5b74f6fc00e040edbf96742df85db664 deb7d857ddee4e8497a7ba8c865382dc - - default default] Successfully bumped revision number for resource c922d4d1-f30f-4a2b-bd66-e1866a46c4b4 (type: ports) to 2
2026-07-07 00:27:12.653 9 INFO neutron.wsgi [None req-bcde7b4c-1c10-4ce1-a08a-1a728c6452b5 b362fb0e9f72461c984e955d83db14a5 6652b77c1bde4e6bb729bfa10051acc4 - - default default] 10.0.0.141 "PUT /v2.0/security-groups/43e2ef3d-7190-471f-8878-d9823f20ea81/tags HTTP/1.1" status: 200 len: 210 time: 0.0345614
2026-07-07 00:27:12.689 9 INFO neutron.db.ovn_revision_numbers_db [None req-d9414ade-ec51-42a8-a32c-713b7516db92 5b74f6fc00e040edbf96742df85db664 deb7d857ddee4e8497a7ba8c865382dc - - default default] Successfully bumped revision number for resource 1a62444d-02c9-406b-8c3e-7ee1bcc40326 (type: subnets) to 0
2026-07-07 00:27:12.702 10 INFO neutron.wsgi [None req-734c64b1-32f4-4194-a4fb-e53126cb9af1 b362fb0e9f72461c984e955d83db14a5 6652b77c1bde4e6bb729bfa10051acc4 - - default default] 10.0.0.141 "PUT /v2.0/security-groups/d8547a1a-27f3-474a-873e-f378f95a4883/tags HTTP/1.1" status: 200 len: 218 time: 0.0389023
2026-07-07 00:27:12.710 9 INFO neutron.wsgi [None req-d9414ade-ec51-42a8-a32c-713b7516db92 5b74f6fc00e040edbf96742df85db664 deb7d857ddee4e8497a7ba8c865382dc - - default default] 10.0.0.141 "POST /v2.0/subnets HTTP/1.1" status: 201 len: 804 time: 1.6284513
2026-07-07 00:27:12.742 10 INFO neutron.wsgi [None req-ab2af71c-e60a-468e-a0b1-6ce94a2b9d74 b362fb0e9f72461c984e955d83db14a5 6652b77c1bde4e6bb729bfa10051acc4 - - default default] 10.0.0.141 "PUT /v2.0/security-groups/6c3e7a44-908e-4167-ad7e-99b13fd0dcc1/tags HTTP/1.1" status: 200 len: 227 time: 0.0356164
2026-07-07 00:27:12.792 9 INFO neutron.wsgi [None req-4b3f7986-3304-423b-8438-0dada9d27438 b362fb0e9f72461c984e955d83db14a5 6652b77c1bde4e6bb729bfa10051acc4 - - default default] 10.0.0.141 "PUT /v2.0/security-groups/6780247a-e2a2-43b9-8af9-cb7c0aae53f3/tags HTTP/1.1" status: 200 len: 212 time: 0.0412896
2026-07-07 00:27:12.840 9 INFO neutron.db.segments_db [None req-b4f759d5-d8db-4106-a780-accf50298697 5b74f6fc00e040edbf96742df85db664 deb7d857ddee4e8497a7ba8c865382dc - - default default] Added segment e3965bd6-0a6a-4c5a-a225-669ab9d6fb56 of type geneve for network f7450ef7-a8ce-4021-9c25-f4e6e249550f
2026-07-07 00:27:12.902 9 INFO neutron.wsgi [None req-0aa43185-47ec-488c-a161-5d3e01327e72 b362fb0e9f72461c984e955d83db14a5 6652b77c1bde4e6bb729bfa10051acc4 - - default default] 10.0.0.141 "GET /v2.0/security-groups?tags=red HTTP/1.1" status: 200 len: 4813 time: 0.0934157
2026-07-07 00:27:12.994 10 INFO neutron.wsgi [None req-5145ed43-eac3-44a2-93ee-4d9b9486bcd0 b362fb0e9f72461c984e955d83db14a5 6652b77c1bde4e6bb729bfa10051acc4 - - default default] 10.0.0.141 "GET /v2.0/security-groups?tags=red%2Cblue HTTP/1.1" status: 200 len: 3289 time: 0.0809321
2026-07-07 00:27:13.057 10 INFO neutron.wsgi [None req-e7fae9df-d55d-43a4-9bae-e6d0685a0345 b362fb0e9f72461c984e955d83db14a5 6652b77c1bde4e6bb729bfa10051acc4 - - default default] 10.0.0.141 "GET /v2.0/security-groups?tags-any=blue HTTP/1.1" status: 200 len: 3289 time: 0.0557492
2026-07-07 00:27:13.085 9 INFO neutron.db.ovn_revision_numbers_db [None req-b4f759d5-d8db-4106-a780-accf50298697 5b74f6fc00e040edbf96742df85db664 deb7d857ddee4e8497a7ba8c865382dc - - default default] Successfully bumped revision number for resource f7450ef7-a8ce-4021-9c25-f4e6e249550f (type: networks) to 1
2026-07-07 00:27:13.112 10 INFO neutron.wsgi [None req-3f54e166-a573-4135-a330-b9f15d933733 b362fb0e9f72461c984e955d83db14a5 6652b77c1bde4e6bb729bfa10051acc4 - - default default] 10.0.0.141 "GET /v2.0/security-groups?tags-any=red%2Cblue HTTP/1.1" status: 200 len: 4813 time: 0.0500622
2026-07-07 00:27:13.163 9 INFO neutron.wsgi [req-f62e2612-801b-4913-a680-f9ff1e43a262 req-c3aff3e4-dc6d-4bec-a06d-f037b83518b0 067095f7ad814bae9b56522d12e646c0 3a4f1df2cf834d2b8e0d43d616bfe385 - - default default] 10.0.0.51 "GET /v2.0/ports?device_id=07a4c649-a38e-4039-bd7f-76f99700d213 HTTP/1.1" status: 200 len: 1174 time: 0.1461096
2026-07-07 00:27:13.182 10 INFO neutron.wsgi [None req-f70ff68a-3711-4cd3-8436-b09207004be4 b362fb0e9f72461c984e955d83db14a5 6652b77c1bde4e6bb729bfa10051acc4 - - default default] 10.0.0.141 "GET /v2.0/security-groups?not-tags=red HTTP/1.1" status: 200 len: 6041 time: 0.0653975
2026-07-07 00:27:13.233 9 INFO neutron.wsgi [req-f62e2612-801b-4913-a680-f9ff1e43a262 req-f6ec5af2-c537-4ff3-834a-bdb8b47f3dd8 067095f7ad814bae9b56522d12e646c0 3a4f1df2cf834d2b8e0d43d616bfe385 - - default default] 10.0.0.51 "GET /v2.0/security-groups?id=24255479-dc11-488d-a054-728c60ef014d&fields=id&fields=name HTTP/1.1" status: 200 len: 313 time: 0.0573142
2026-07-07 00:27:13.249 10 INFO neutron.wsgi [None req-59b3b20e-a3c3-48fa-b9a9-9472f4378ed3 b362fb0e9f72461c984e955d83db14a5 6652b77c1bde4e6bb729bfa10051acc4 - - default default] 10.0.0.141 "GET /v2.0/security-groups?not-tags=red%2Cblue HTTP/1.1" status: 200 len: 7565 time: 0.0624146
2026-07-07 00:27:13.338 9 WARNING neutron.scheduler.dhcp_agent_scheduler [None req-b4f759d5-d8db-4106-a780-accf50298697 5b74f6fc00e040edbf96742df85db664 deb7d857ddee4e8497a7ba8c865382dc - - default default] No more DHCP agents
2026-07-07 00:27:13.341 9 WARNING neutron.api.rpc.agentnotifiers.dhcp_rpc_agent_api [None req-b4f759d5-d8db-4106-a780-accf50298697 5b74f6fc00e040edbf96742df85db664 deb7d857ddee4e8497a7ba8c865382dc - - default default] Unable to schedule network f7450ef7-a8ce-4021-9c25-f4e6e249550f: no agents available; will retry on subsequent port and subnet creation events.
2026-07-07 00:27:13.350 9 INFO neutron.wsgi [None req-6a1060d3-4837-48cc-a8da-6b51caa7ca64 b362fb0e9f72461c984e955d83db14a5 6652b77c1bde4e6bb729bfa10051acc4 - - default default] 10.0.0.141 "GET /v2.0/security-groups?not-tags-any=blue HTTP/1.1" status: 200 len: 7565 time: 0.0946174
2026-07-07 00:27:13.366 9 INFO neutron.wsgi [req-16d5fe4e-9309-4515-8524-04e5b8e66687 req-eeab8f48-6759-48e7-9875-9501fb07239f 067095f7ad814bae9b56522d12e646c0 3a4f1df2cf834d2b8e0d43d616bfe385 - - default default] 10.0.0.51 "GET /v2.0/ports?device_id=07a4c649-a38e-4039-bd7f-76f99700d213 HTTP/1.1" status: 200 len: 1174 time: 0.0597990
2026-07-07 00:27:13.431 10 INFO neutron.wsgi [None req-28ea75cf-52f6-466b-a96d-64f2d1c78f5e b362fb0e9f72461c984e955d83db14a5 6652b77c1bde4e6bb729bfa10051acc4 - - default default] 10.0.0.141 "GET /v2.0/security-groups?not-tags-any=red%2Cblue HTTP/1.1" status: 200 len: 6041 time: 0.0737510
2026-07-07 00:27:13.442 9 INFO neutron.wsgi [req-16d5fe4e-9309-4515-8524-04e5b8e66687 req-8ebd80d9-07f6-4ce0-bbe6-d404e383aabb 067095f7ad814bae9b56522d12e646c0 3a4f1df2cf834d2b8e0d43d616bfe385 - - default default] 10.0.0.51 "GET /v2.0/security-groups?id=24255479-dc11-488d-a054-728c60ef014d&fields=id&fields=name HTTP/1.1" status: 200 len: 313 time: 0.0661147
2026-07-07 00:27:13.456 9 INFO neutron.db.ovn_revision_numbers_db [None req-b4f759d5-d8db-4106-a780-accf50298697 5b74f6fc00e040edbf96742df85db664 deb7d857ddee4e8497a7ba8c865382dc - - default default] Successfully bumped revision number for resource e15a2c58-2bfa-4391-8d73-588e2204ae2c (type: ports) to 1
2026-07-07 00:27:13.493 9 INFO neutron.wsgi [None req-b4f759d5-d8db-4106-a780-accf50298697 5b74f6fc00e040edbf96742df85db664 deb7d857ddee4e8497a7ba8c865382dc - - default default] 10.0.0.141 "POST /v2.0/networks HTTP/1.1" status: 201 len: 831 time: 0.7756333
2026-07-07 00:27:13.521 9 INFO neutron.wsgi [None req-465a2050-9928-4444-b2c7-c98625b96c97 2e40dfcfa3164f9bb78bdb247b65b661 229878dd0178432f9dbbf43667c46a45 - - default default] 10.0.0.141 "GET /v2.0/ports?device_id=07a4c649-a38e-4039-bd7f-76f99700d213 HTTP/1.1" status: 200 len: 1408 time: 0.0479698
2026-07-07 00:27:13.600 10 INFO neutron.wsgi [None req-035e3060-86fb-4eff-bd5a-a55a5417fbf6 b362fb0e9f72461c984e955d83db14a5 6652b77c1bde4e6bb729bfa10051acc4 - - default default] 10.0.0.141 "DELETE /v2.0/security-groups/43e2ef3d-7190-471f-8878-d9823f20ea81 HTTP/1.1" status: 204 len: 168 time: 0.1594815
2026-07-07 00:27:13.822 9 INFO neutron.wsgi [None req-35df6484-a160-404e-a8dc-a3b3724aef6e b362fb0e9f72461c984e955d83db14a5 6652b77c1bde4e6bb729bfa10051acc4 - - default default] 10.0.0.141 "DELETE /v2.0/security-groups/d8547a1a-27f3-474a-873e-f378f95a4883 HTTP/1.1" status: 204 len: 168 time: 0.2074301
2026-07-07 00:27:13.883 9 WARNING neutron.scheduler.dhcp_agent_scheduler [None req-04dd7ffe-5717-4080-a797-569ef92e9ef0 067095f7ad814bae9b56522d12e646c0 3a4f1df2cf834d2b8e0d43d616bfe385 - - default default] No more DHCP agents
2026-07-07 00:27:13.887 9 WARNING neutron.api.rpc.agentnotifiers.dhcp_rpc_agent_api [None req-04dd7ffe-5717-4080-a797-569ef92e9ef0 067095f7ad814bae9b56522d12e646c0 3a4f1df2cf834d2b8e0d43d616bfe385 - - default default] Unable to schedule network fc093fff-c53f-4348-a77b-2fab9ce5afff: no agents available; will retry on subsequent port and subnet creation events.
2026-07-07 00:27:14.172 10 WARNING neutron.scheduler.dhcp_agent_scheduler [None req-22157d5c-8de0-45f3-b623-a8c9b8e6ed0b 5b74f6fc00e040edbf96742df85db664 deb7d857ddee4e8497a7ba8c865382dc - - default default] No more DHCP agents
2026-07-07 00:27:14.174 10 WARNING neutron.api.rpc.agentnotifiers.dhcp_rpc_agent_api [None req-22157d5c-8de0-45f3-b623-a8c9b8e6ed0b 5b74f6fc00e040edbf96742df85db664 deb7d857ddee4e8497a7ba8c865382dc - - default default] Unable to schedule network f7450ef7-a8ce-4021-9c25-f4e6e249550f: no agents available; will retry on subsequent port and subnet creation events.
2026-07-07 00:27:14.292 10 INFO neutron.wsgi [None req-b8ee175a-63ae-41bf-9b48-8a3336db8b3c b362fb0e9f72461c984e955d83db14a5 6652b77c1bde4e6bb729bfa10051acc4 - - default default] 10.0.0.141 "DELETE /v2.0/security-groups/6c3e7a44-908e-4167-ad7e-99b13fd0dcc1 HTTP/1.1" status: 204 len: 168 time: 0.4643095
2026-07-07 00:27:14.415 9 INFO neutron.db.l3_db [None req-04dd7ffe-5717-4080-a797-569ef92e9ef0 067095f7ad814bae9b56522d12e646c0 3a4f1df2cf834d2b8e0d43d616bfe385 - - default default] Floating IP 364e6b17-be2f-4ebe-bb07-8dd8ab8d428d associated. External IP: 10.96.250.211, port: ebdceb3b-c3c4-4fd0-ae6b-a793f60f3d8b.
2026-07-07 00:27:14.567 9 INFO neutron.wsgi [None req-c5780b57-ca49-496c-be52-1bbe9fbee648 b362fb0e9f72461c984e955d83db14a5 6652b77c1bde4e6bb729bfa10051acc4 - - default default] 10.0.0.141 "DELETE /v2.0/security-groups/6780247a-e2a2-43b9-8af9-cb7c0aae53f3 HTTP/1.1" status: 204 len: 168 time: 0.2595649
2026-07-07 00:27:14.699 9 INFO neutron.db.ovn_revision_numbers_db [None req-de37d1fa-9f9c-403d-91d2-e31103295890 be4cb84c4ba948ec9c062b7a4008b662 7a10b33a19c046c49c77a20affc073e2 - - default default] Successfully bumped revision number for resource ab07db29-88f3-4de8-b81e-9a3f326c534e (type: security_groups) to 1
2026-07-07 00:27:14.732 10 INFO neutron.db.ovn_revision_numbers_db [None req-22157d5c-8de0-45f3-b623-a8c9b8e6ed0b 5b74f6fc00e040edbf96742df85db664 deb7d857ddee4e8497a7ba8c865382dc - - default default] Successfully bumped revision number for resource e15a2c58-2bfa-4391-8d73-588e2204ae2c (type: ports) to 2
2026-07-07 00:27:14.775 10 INFO neutron.db.ovn_revision_numbers_db [None req-22157d5c-8de0-45f3-b623-a8c9b8e6ed0b 5b74f6fc00e040edbf96742df85db664 deb7d857ddee4e8497a7ba8c865382dc - - default default] Successfully bumped revision number for resource 73002c67-6df0-4211-96a4-4a472a5d7697 (type: subnets) to 0
2026-07-07 00:27:14.780 9 INFO neutron.db.ovn_revision_numbers_db [None req-de37d1fa-9f9c-403d-91d2-e31103295890 be4cb84c4ba948ec9c062b7a4008b662 7a10b33a19c046c49c77a20affc073e2 - - default default] Successfully bumped revision number for resource 24249dd7-ffcb-40e7-a627-ae5cf8b9feea (type: security_group_rules) to 0
2026-07-07 00:27:14.791 10 INFO neutron.wsgi [None req-22157d5c-8de0-45f3-b623-a8c9b8e6ed0b 5b74f6fc00e040edbf96742df85db664 deb7d857ddee4e8497a7ba8c865382dc - - default default] 10.0.0.141 "POST /v2.0/subnets HTTP/1.1" status: 201 len: 804 time: 1.2902915
2026-07-07 00:27:14.812 9 INFO neutron.db.ovn_revision_numbers_db [None req-de37d1fa-9f9c-403d-91d2-e31103295890 be4cb84c4ba948ec9c062b7a4008b662 7a10b33a19c046c49c77a20affc073e2 - - default default] Successfully bumped revision number for resource 308a35a8-cab8-4395-8134-e1cdf5ef6cf4 (type: security_group_rules) to 0
2026-07-07 00:27:14.831 9 INFO neutron.db.ovn_revision_numbers_db [None req-04dd7ffe-5717-4080-a797-569ef92e9ef0 067095f7ad814bae9b56522d12e646c0 3a4f1df2cf834d2b8e0d43d616bfe385 - - default default] Successfully bumped revision number for resource 364e6b17-be2f-4ebe-bb07-8dd8ab8d428d (type: floatingips) to 0
2026-07-07 00:27:14.855 9 INFO neutron.db.ovn_revision_numbers_db [None req-de37d1fa-9f9c-403d-91d2-e31103295890 be4cb84c4ba948ec9c062b7a4008b662 7a10b33a19c046c49c77a20affc073e2 - - default default] Successfully bumped revision number for resource ded193aa-fb22-4b78-b9d0-43d55de0bc36 (type: security_group_rules) to 0
2026-07-07 00:27:14.875 10 INFO neutron.wsgi [None req-79e6fdb0-f246-432b-8fbb-99f98b803832 5b74f6fc00e040edbf96742df85db664 deb7d857ddee4e8497a7ba8c865382dc - - default default] 10.0.0.141 "PUT /v2.0/subnets/911895ad-eea2-4e70-997c-ec2d3db8b47a/tags HTTP/1.1" status: 200 len: 210 time: 0.0761619
2026-07-07 00:27:14.881 9 INFO neutron.wsgi [None req-9bf43955-2921-49d2-b5bd-b0906ed3731c b362fb0e9f72461c984e955d83db14a5 6652b77c1bde4e6bb729bfa10051acc4 - - default default] 10.0.0.141 "DELETE /v2.0/security-groups/171dfa45-de34-482c-be81-6608e551fee3 HTTP/1.1" status: 204 len: 168 time: 0.3042009
2026-07-07 00:27:14.886 9 INFO neutron.db.ovn_revision_numbers_db [None req-de37d1fa-9f9c-403d-91d2-e31103295890 be4cb84c4ba948ec9c062b7a4008b662 7a10b33a19c046c49c77a20affc073e2 - - default default] Successfully bumped revision number for resource f997f3ec-5859-4397-a761-c786d53db746 (type: security_group_rules) to 0
2026-07-07 00:27:14.918 9 INFO neutron.wsgi [None req-de37d1fa-9f9c-403d-91d2-e31103295890 be4cb84c4ba948ec9c062b7a4008b662 7a10b33a19c046c49c77a20affc073e2 - - default default] 10.0.0.141 "GET /v2.0/security-groups?tenant_id=0cae68a7dfca46398793e13e7f4c53d3&name=default HTTP/1.1" status: 200 len: 2996 time: 0.6863506
2026-07-07 00:27:14.929 10 INFO neutron.wsgi [None req-ff458add-6b77-43d7-bc62-4bb3c767b533 5b74f6fc00e040edbf96742df85db664 deb7d857ddee4e8497a7ba8c865382dc - - default default] 10.0.0.141 "PUT /v2.0/subnets/28df51f6-67b8-473e-bbea-d64dd64c1b53/tags HTTP/1.1" status: 200 len: 218 time: 0.0489905 /var/lib/openstack/lib/python3.10/site-packages/pycadf/identifier.py:71: UserWarning: Invalid uuid: neutron. To ensure interoperability, identifiers should be a valid uuid. warnings.warn(('Invalid uuid: %s. To ensure interoperability, '
2026-07-07 00:27:14.988 9 INFO neutron.db.ovn_revision_numbers_db [None req-04dd7ffe-5717-4080-a797-569ef92e9ef0 067095f7ad814bae9b56522d12e646c0 3a4f1df2cf834d2b8e0d43d616bfe385 - - default default] Successfully bumped revision number for resource 364e6b17-be2f-4ebe-bb07-8dd8ab8d428d (type: floatingips) to 1
2026-07-07 00:27:14.996 10 INFO neutron.wsgi [None req-4a5f9034-f192-4589-a2cc-6704b9c6dca2 5b74f6fc00e040edbf96742df85db664 deb7d857ddee4e8497a7ba8c865382dc - - default default] 10.0.0.141 "PUT /v2.0/subnets/d410cbb1-2f32-49a7-9953-47e6098e9549/tags HTTP/1.1" status: 200 len: 227 time: 0.0627284
2026-07-07 00:27:15.076 9 INFO neutron.wsgi [None req-04dd7ffe-5717-4080-a797-569ef92e9ef0 067095f7ad814bae9b56522d12e646c0 3a4f1df2cf834d2b8e0d43d616bfe385 - - default default] 10.0.0.141 "POST /v2.0/floatingips HTTP/1.1" status: 201 len: 1055 time: 1.5488074
2026-07-07 00:27:15.106 9 INFO neutron.wsgi [None req-141523bd-28a8-4251-8725-51008ac98289 5b74f6fc00e040edbf96742df85db664 deb7d857ddee4e8497a7ba8c865382dc - - default default] 10.0.0.141 "PUT /v2.0/subnets/1a62444d-02c9-406b-8c3e-7ee1bcc40326/tags HTTP/1.1" status: 200 len: 212 time: 0.1037881
2026-07-07 00:27:15.134 9 INFO neutron.notifiers.nova [-] Nova event matching ['req-a7d8b9a0-f00d-472c-8c3b-c1f97d53e78f'] response: {'name': 'network-changed', 'server_uuid': '07a4c649-a38e-4039-bd7f-76f99700d213', 'tag': 'ebdceb3b-c3c4-4fd0-ae6b-a793f60f3d8b', 'status': 'completed', 'code': 200}
2026-07-07 00:27:15.145 10 INFO neutron.wsgi [None req-bdfe53c6-501c-45e6-9756-3aa1903cc5b5 067095f7ad814bae9b56522d12e646c0 3a4f1df2cf834d2b8e0d43d616bfe385 - - default default] 10.0.0.141 "GET /v2.0/floatingips/364e6b17-be2f-4ebe-bb07-8dd8ab8d428d HTTP/1.1" status: 200 len: 1052 time: 0.0606956
2026-07-07 00:27:15.205 9 INFO neutron.wsgi [None req-9bca4392-ec97-446f-acb5-3808e4162932 5b74f6fc00e040edbf96742df85db664 deb7d857ddee4e8497a7ba8c865382dc - - default default] 10.0.0.141 "GET /v2.0/subnets?tags=red HTTP/1.1" status: 200 len: 2027 time: 0.0900359
2026-07-07 00:27:15.216 9 INFO neutron.wsgi [req-f51a4319-92aa-4e53-8bd9-5ba4797f7005 req-c9e617b1-d5a1-4607-ae18-2be7d20cbf66 89c303b20e664d4fbb7d2652fddd4b9e 1031b3bb3e9b4720a61baed768c1d65e - - 4a9d02f35e214977bc4d1f5b1325aaf9 4a9d02f35e214977bc4d1f5b1325aaf9] 199.204.45.70 "GET /v2.0/ports?tenant_id=3a4f1df2cf834d2b8e0d43d616bfe385&device_id=07a4c649-a38e-4039-bd7f-76f99700d213 HTTP/1.1" status: 200 len: 1413 time: 0.0506399
2026-07-07 00:27:15.303 9 INFO neutron.wsgi [req-f51a4319-92aa-4e53-8bd9-5ba4797f7005 req-0310705f-69b8-4b91-b834-fbfc98d360d7 89c303b20e664d4fbb7d2652fddd4b9e 1031b3bb3e9b4720a61baed768c1d65e - - 4a9d02f35e214977bc4d1f5b1325aaf9 4a9d02f35e214977bc4d1f5b1325aaf9] 199.204.45.70 "GET /v2.0/networks?id=5400cc5d-479d-41b9-ba6d-49aa5486a952 HTTP/1.1" status: 200 len: 959 time: 0.0808759
2026-07-07 00:27:15.308 10 INFO neutron.wsgi [None req-e98af09b-df4f-4ee9-acaa-d45860a231d8 5b74f6fc00e040edbf96742df85db664 deb7d857ddee4e8497a7ba8c865382dc - - default default] 10.0.0.141 "GET /v2.0/subnets?tags=red%2Cblue HTTP/1.1" status: 200 len: 1430 time: 0.0924273
2026-07-07 00:27:15.371 9 INFO neutron.wsgi [req-f51a4319-92aa-4e53-8bd9-5ba4797f7005 req-972de34b-3482-4c27-ad1b-187865337fca 89c303b20e664d4fbb7d2652fddd4b9e 1031b3bb3e9b4720a61baed768c1d65e - - 4a9d02f35e214977bc4d1f5b1325aaf9 4a9d02f35e214977bc4d1f5b1325aaf9] 199.204.45.70 "GET /v2.0/floatingips?fixed_ip_address=10.100.0.12&port_id=ebdceb3b-c3c4-4fd0-ae6b-a793f60f3d8b HTTP/1.1" status: 200 len: 1060 time: 0.0569892
2026-07-07 00:27:15.374 9 INFO neutron.wsgi [None req-d37bf4fc-d42b-4906-b26e-4419965ace1d be4cb84c4ba948ec9c062b7a4008b662 7a10b33a19c046c49c77a20affc073e2 - - default default] 10.0.0.141 "DELETE /v2.0/security-groups/ab07db29-88f3-4de8-b81e-9a3f326c534e HTTP/1.1" status: 204 len: 168 time: 0.4437640
2026-07-07 00:27:15.381 10 INFO neutron.wsgi [None req-239bb453-8960-4932-b26c-7fbf67202620 5b74f6fc00e040edbf96742df85db664 deb7d857ddee4e8497a7ba8c865382dc - - default default] 10.0.0.141 "GET /v2.0/subnets?tags-any=blue HTTP/1.1" status: 200 len: 1430 time: 0.0651984
2026-07-07 00:27:15.417 9 INFO neutron.wsgi [req-f51a4319-92aa-4e53-8bd9-5ba4797f7005 req-fdd4822c-e600-4aee-960a-e46e299b8be9 89c303b20e664d4fbb7d2652fddd4b9e 1031b3bb3e9b4720a61baed768c1d65e - - 4a9d02f35e214977bc4d1f5b1325aaf9 4a9d02f35e214977bc4d1f5b1325aaf9] 199.204.45.70 "GET /v2.0/subnets?id=c8ccfa9f-c845-4c5f-af66-ef07da993c3e HTTP/1.1" status: 200 len: 853 time: 0.0384583
2026-07-07 00:27:15.435 10 INFO neutron.wsgi [None req-13327da3-83b8-4d05-9a76-433c7a9a6254 5b74f6fc00e040edbf96742df85db664 deb7d857ddee4e8497a7ba8c865382dc - - default default] 10.0.0.141 "GET /v2.0/subnets?tags-any=red%2Cblue HTTP/1.1" status: 200 len: 2027 time: 0.0489607
2026-07-07 00:27:15.473 9 INFO neutron.wsgi [req-f51a4319-92aa-4e53-8bd9-5ba4797f7005 req-b796a23a-7005-4dcd-a8ab-da4c948696b8 89c303b20e664d4fbb7d2652fddd4b9e 1031b3bb3e9b4720a61baed768c1d65e - - 4a9d02f35e214977bc4d1f5b1325aaf9 4a9d02f35e214977bc4d1f5b1325aaf9] 199.204.45.70 "GET /v2.0/ports?network_id=5400cc5d-479d-41b9-ba6d-49aa5486a952&device_owner=network%3Adhcp HTTP/1.1" status: 200 len: 210 time: 0.0483959
2026-07-07 00:27:15.521 10 INFO neutron.wsgi [None req-97f03772-66a5-47dd-bfe1-55f54c1178c2 5b74f6fc00e040edbf96742df85db664 deb7d857ddee4e8497a7ba8c865382dc - - default default] 10.0.0.141 "GET /v2.0/subnets?not-tags=red HTTP/1.1" status: 200 len: 2018 time: 0.0804179
2026-07-07 00:27:15.552 9 INFO neutron.wsgi [req-f51a4319-92aa-4e53-8bd9-5ba4797f7005 req-86789bac-da61-4f37-821a-49ac8d653e05 89c303b20e664d4fbb7d2652fddd4b9e 1031b3bb3e9b4720a61baed768c1d65e - - 4a9d02f35e214977bc4d1f5b1325aaf9 4a9d02f35e214977bc4d1f5b1325aaf9] 199.204.45.70 "GET /v2.0/networks/5400cc5d-479d-41b9-ba6d-49aa5486a952?fields=segments HTTP/1.1" status: 200 len: 212 time: 0.0743248
2026-07-07 00:27:15.615 10 INFO neutron.wsgi [None req-89efa860-2d93-4858-891e-0eeb6aeed94a 5b74f6fc00e040edbf96742df85db664 deb7d857ddee4e8497a7ba8c865382dc - - default default] 10.0.0.141 "GET /v2.0/subnets?not-tags=red%2Cblue HTTP/1.1" status: 200 len: 2615 time: 0.0853388
2026-07-07 00:27:15.647 9 INFO neutron.wsgi [req-f51a4319-92aa-4e53-8bd9-5ba4797f7005 req-608b107f-9084-43fe-99c0-b7a6f1484aab 89c303b20e664d4fbb7d2652fddd4b9e 1031b3bb3e9b4720a61baed768c1d65e - - 4a9d02f35e214977bc4d1f5b1325aaf9 4a9d02f35e214977bc4d1f5b1325aaf9] 199.204.45.70 "GET /v2.0/networks/5400cc5d-479d-41b9-ba6d-49aa5486a952?fields=provider%3Aphysical_network&fields=provider%3Anetwork_type HTTP/1.1" status: 200 len: 277 time: 0.0892410
2026-07-07 00:27:15.734 10 INFO neutron.wsgi [None req-5d87c854-8414-42ba-abfe-d956a3145808 5b74f6fc00e040edbf96742df85db664 deb7d857ddee4e8497a7ba8c865382dc - - default default] 10.0.0.141 "GET /v2.0/subnets?not-tags-any=blue HTTP/1.1" status: 200 len: 2615 time: 0.1099594
2026-07-07 00:27:15.813 9 INFO neutron.wsgi [None req-dfb492b7-28c3-4aa2-8334-6a19139bbaa0 5b74f6fc00e040edbf96742df85db664 deb7d857ddee4e8497a7ba8c865382dc - - default default] 10.0.0.141 "GET /v2.0/subnets?not-tags-any=red%2Cblue HTTP/1.1" status: 200 len: 2018 time: 0.0727992
2026-07-07 00:27:16.043 9 INFO neutron.wsgi [None req-03778033-863c-44be-881e-1779273d4cc8 5b74f6fc00e040edbf96742df85db664 deb7d857ddee4e8497a7ba8c865382dc - - default default] 10.0.0.141 "DELETE /v2.0/subnets/911895ad-eea2-4e70-997c-ec2d3db8b47a HTTP/1.1" status: 204 len: 168 time: 0.2217581
2026-07-07 00:27:16.067 10 INFO neutron.db.ovn_revision_numbers_db [None req-5343ff4c-93cf-4ff6-8c8d-0774cd9e2d6b be4cb84c4ba948ec9c062b7a4008b662 7a10b33a19c046c49c77a20affc073e2 - - default default] Successfully bumped revision number for resource 8f913997-ce47-43bd-b6a2-2edc03e57eea (type: security_groups) to 1
2026-07-07 00:27:16.089 10 INFO neutron.db.ovn_revision_numbers_db [None req-5343ff4c-93cf-4ff6-8c8d-0774cd9e2d6b be4cb84c4ba948ec9c062b7a4008b662 7a10b33a19c046c49c77a20affc073e2 - - default default] Successfully bumped revision number for resource 985b9157-432d-4694-8dfd-4279b0e6e116 (type: security_group_rules) to 0
2026-07-07 00:27:16.122 10 INFO neutron.db.ovn_revision_numbers_db [None req-5343ff4c-93cf-4ff6-8c8d-0774cd9e2d6b be4cb84c4ba948ec9c062b7a4008b662 7a10b33a19c046c49c77a20affc073e2 - - default default] Successfully bumped revision number for resource aa88543e-3472-4cd2-ac6a-72eb356bf203 (type: security_group_rules) to 0
2026-07-07 00:27:16.139 10 INFO neutron.db.ovn_revision_numbers_db [None req-5343ff4c-93cf-4ff6-8c8d-0774cd9e2d6b be4cb84c4ba948ec9c062b7a4008b662 7a10b33a19c046c49c77a20affc073e2 - - default default] Successfully bumped revision number for resource b7ee36d3-c681-4ee6-8607-f76643574faf (type: security_group_rules) to 0
2026-07-07 00:27:16.155 10 INFO neutron.db.ovn_revision_numbers_db [None req-5343ff4c-93cf-4ff6-8c8d-0774cd9e2d6b be4cb84c4ba948ec9c062b7a4008b662 7a10b33a19c046c49c77a20affc073e2 - - default default] Successfully bumped revision number for resource ca82f50e-ddba-46ea-be9f-74ee82b3731c (type: security_group_rules) to 0
2026-07-07 00:27:16.177 10 INFO neutron.wsgi [None req-5343ff4c-93cf-4ff6-8c8d-0774cd9e2d6b be4cb84c4ba948ec9c062b7a4008b662 7a10b33a19c046c49c77a20affc073e2 - - default default] 10.0.0.141 "GET /v2.0/security-groups?tenant_id=8d42219dcd574795beb6a23e84069c0a&name=default HTTP/1.1" status: 200 len: 2996 time: 0.3966026
2026-07-07 00:27:16.307 9 INFO neutron.wsgi [None req-8e628129-99b0-4e8f-bb59-e1e1efbe1551 5b74f6fc00e040edbf96742df85db664 deb7d857ddee4e8497a7ba8c865382dc - - default default] 10.0.0.141 "DELETE /v2.0/subnets/28df51f6-67b8-473e-bbea-d64dd64c1b53 HTTP/1.1" status: 204 len: 168 time: 0.2593598
2026-07-07 00:27:16.446 10 INFO neutron.wsgi [None req-7d85406c-3203-4620-b378-5ac75c3ffed3 be4cb84c4ba948ec9c062b7a4008b662 7a10b33a19c046c49c77a20affc073e2 - - default default] 10.0.0.141 "DELETE /v2.0/security-groups/8f913997-ce47-43bd-b6a2-2edc03e57eea HTTP/1.1" status: 204 len: 168 time: 0.2634230
2026-07-07 00:27:16.544 10 INFO neutron.wsgi [None req-c96b3fe3-bd4c-4a88-adff-c64938c2442c 5b74f6fc00e040edbf96742df85db664 deb7d857ddee4e8497a7ba8c865382dc - - default default] 10.0.0.141 "DELETE /v2.0/subnets/d410cbb1-2f32-49a7-9953-47e6098e9549 HTTP/1.1" status: 204 len: 168 time: 0.2281179
2026-07-07 00:27:16.726 9 INFO neutron.db.ovn_revision_numbers_db [None req-745a8e38-6f13-4420-97d4-ae40e80b47b1 be4cb84c4ba948ec9c062b7a4008b662 7a10b33a19c046c49c77a20affc073e2 - - default default] Successfully bumped revision number for resource e0cb09c3-05ca-4b6b-bb9e-1fe2b4f8b159 (type: security_groups) to 1
2026-07-07 00:27:16.750 9 INFO neutron.db.ovn_revision_numbers_db [None req-745a8e38-6f13-4420-97d4-ae40e80b47b1 be4cb84c4ba948ec9c062b7a4008b662 7a10b33a19c046c49c77a20affc073e2 - - default default] Successfully bumped revision number for resource 082115b5-31df-4770-af60-0e08c57c9022 (type: security_group_rules) to 0
2026-07-07 00:27:16.771 9 INFO neutron.db.ovn_revision_numbers_db [None req-745a8e38-6f13-4420-97d4-ae40e80b47b1 be4cb84c4ba948ec9c062b7a4008b662 7a10b33a19c046c49c77a20affc073e2 - - default default] Successfully bumped revision number for resource 6a1be52f-2fc5-449f-b0d7-2565bb0f59f8 (type: security_group_rules) to 0
2026-07-07 00:27:16.797 10 INFO neutron.wsgi [None req-5895dcb7-a854-4734-bb5f-30e6b2d156d2 5b74f6fc00e040edbf96742df85db664 deb7d857ddee4e8497a7ba8c865382dc - - default default] 10.0.0.141 "DELETE /v2.0/subnets/1a62444d-02c9-406b-8c3e-7ee1bcc40326 HTTP/1.1" status: 204 len: 168 time: 0.2457716
2026-07-07 00:27:16.799 9 INFO neutron.db.ovn_revision_numbers_db [None req-745a8e38-6f13-4420-97d4-ae40e80b47b1 be4cb84c4ba948ec9c062b7a4008b662 7a10b33a19c046c49c77a20affc073e2 - - default default] Successfully bumped revision number for resource c24c5d81-d6cf-4871-b2bf-320343ebf437 (type: security_group_rules) to 0
2026-07-07 00:27:16.818 9 INFO neutron.db.ovn_revision_numbers_db [None req-745a8e38-6f13-4420-97d4-ae40e80b47b1 be4cb84c4ba948ec9c062b7a4008b662 7a10b33a19c046c49c77a20affc073e2 - - default default] Successfully bumped revision number for resource cd276894-33aa-4f9a-b7cd-7eaaf241174f (type: security_group_rules) to 0
2026-07-07 00:27:16.846 9 INFO neutron.wsgi [None req-745a8e38-6f13-4420-97d4-ae40e80b47b1 be4cb84c4ba948ec9c062b7a4008b662 7a10b33a19c046c49c77a20affc073e2 - - default default] 10.0.0.141 "GET /v2.0/security-groups?tenant_id=d5b14591075440beb42dd680782d2ac9&name=default HTTP/1.1" status: 200 len: 2996 time: 0.2748036
2026-07-07 00:27:17.069 10 INFO neutron.wsgi [None req-c402f6ea-64e4-4040-a728-d99997d85968 5b74f6fc00e040edbf96742df85db664 deb7d857ddee4e8497a7ba8c865382dc - - default default] 10.0.0.141 "DELETE /v2.0/subnets/73002c67-6df0-4211-96a4-4a472a5d7697 HTTP/1.1" status: 204 len: 168 time: 0.2664082
2026-07-07 00:27:17.145 10 INFO neutron.wsgi [None req-80bc88c2-f722-436c-93aa-a767a1f15a6d be4cb84c4ba948ec9c062b7a4008b662 7a10b33a19c046c49c77a20affc073e2 - - default default] 10.0.0.141 "DELETE /v2.0/security-groups/e0cb09c3-05ca-4b6b-bb9e-1fe2b4f8b159 HTTP/1.1" status: 204 len: 168 time: 0.2831659
2026-07-07 00:27:17.397 9 INFO neutron.wsgi [None req-9649c0f0-1cc1-407f-8eef-aea8c3b06988 be4cb84c4ba948ec9c062b7a4008b662 7a10b33a19c046c49c77a20affc073e2 - - default default] 10.0.0.141 "GET /v2.0/security-groups?tenant_id=6652b77c1bde4e6bb729bfa10051acc4&name=default HTTP/1.1" status: 200 len: 2996 time: 0.0488582
2026-07-07 00:27:17.559 9 INFO neutron.services.segments.plugin [-] Segment f667e377-2828-467e-bf0a-3cd0cec2e64c resource provider aggregate not found
2026-07-07 00:27:17.566 9 INFO neutron.services.segments.plugin [-] Segment f667e377-2828-467e-bf0a-3cd0cec2e64c resource provider aggregate not found
2026-07-07 00:27:17.607 9 INFO neutron.services.segments.plugin [-] Segment f667e377-2828-467e-bf0a-3cd0cec2e64c resource provider not found; error: Placement Client Error (4xx): {"errors": [{"status": 404, "title": "Not Found", "detail": "The resource could not be found.\n\n No resource provider with uuid f667e377-2828-467e-bf0a-3cd0cec2e64c found for delete ", "request_id": "req-7e6f8a14-f448-4999-ba54-fc3a207f2a0c"}]}
2026-07-07 00:27:17.608 9 INFO neutron.services.segments.plugin [-] Segment f667e377-2828-467e-bf0a-3cd0cec2e64c resource provider not found; error: Placement Client Error (4xx): {"errors": [{"status": 404, "title": "Not Found", "detail": "The resource could not be found.\n\n No resource provider with uuid f667e377-2828-467e-bf0a-3cd0cec2e64c found for delete ", "request_id": "req-b6c8b336-bd0a-4d79-ae89-e56e7ff78ee4"}]}
2026-07-07 00:27:17.644 10 INFO neutron.wsgi [None req-0cb9ef13-ece3-46f7-8c46-62b345deb0ad e1592f6efae94d8cbae65d28bd0a398d 027ea5ee946f4d13a230cdc782d02d17 - - default default] 10.0.0.141 "GET /v2.0/extensions HTTP/1.1" status: 200 len: 16520 time: 0.2647800
2026-07-07 00:27:17.651 9 INFO neutron.wsgi [None req-c61fb21e-2de7-4291-b276-c1ddbb7e6162 5b74f6fc00e040edbf96742df85db664 deb7d857ddee4e8497a7ba8c865382dc - - default default] 10.0.0.141 "DELETE /v2.0/networks/4e88f99c-ba80-4ace-a71e-f0a34c36a8c4 HTTP/1.1" status: 204 len: 168 time: 0.5729301
2026-07-07 00:27:17.657 10 INFO neutron.wsgi [None req-0357e512-41a9-487d-9e07-edf81287b2ac e1592f6efae94d8cbae65d28bd0a398d 027ea5ee946f4d13a230cdc782d02d17 - - default default] 10.0.0.141 "GET /v2.0/extensions/address-group HTTP/1.1" status: 200 len: 353 time: 0.0073712
2026-07-07 00:27:17.666 9 INFO neutron.wsgi [None req-ee0035c6-777b-4553-851c-285ec2091f4d e1592f6efae94d8cbae65d28bd0a398d 027ea5ee946f4d13a230cdc782d02d17 - - default default] 10.0.0.141 "GET /v2.0/extensions/address-scope HTTP/1.1" status: 200 len: 357 time: 0.0048394
2026-07-07 00:27:17.675 9 INFO neutron.wsgi [None req-f7032c02-94d0-49a5-9ee5-2dc6389093ce e1592f6efae94d8cbae65d28bd0a398d 027ea5ee946f4d13a230cdc782d02d17 - - default default] 10.0.0.141 "GET /v2.0/extensions/agent HTTP/1.1" status: 200 len: 347 time: 0.0048652
2026-07-07 00:27:17.685 9 INFO neutron.wsgi [None req-9a9fd2e8-bf9f-4075-8187-ea0760118d06 e1592f6efae94d8cbae65d28bd0a398d 027ea5ee946f4d13a230cdc782d02d17 - - default default] 10.0.0.141 "GET /v2.0/extensions/allowed-address-pairs HTTP/1.1" status: 200 len: 378 time: 0.0057859
2026-07-07 00:27:17.695 9 INFO neutron.wsgi [None req-77febdec-245f-45f5-a232-d8f455f8e024 e1592f6efae94d8cbae65d28bd0a398d 027ea5ee946f4d13a230cdc782d02d17 - - default default] 10.0.0.141 "GET /v2.0/extensions/auto-allocated-topology HTTP/1.1" status: 200 len: 394 time: 0.0069909
2026-07-07 00:27:17.705 9 INFO neutron.wsgi [None req-1c70d39f-5d72-46db-9f62-47880750b9ca e1592f6efae94d8cbae65d28bd0a398d 027ea5ee946f4d13a230cdc782d02d17 - - default default] 10.0.0.141 "GET /v2.0/extensions/availability_zone HTTP/1.1" status: 200 len: 372 time: 0.0054083
2026-07-07 00:27:17.716 10 INFO neutron.wsgi [None req-7c0c7b2d-b26e-427f-b9b0-3e11625d893a e1592f6efae94d8cbae65d28bd0a398d 027ea5ee946f4d13a230cdc782d02d17 - - default default] 10.0.0.141 "GET /v2.0/extensions/default-subnetpools HTTP/1.1" status: 200 len: 405 time: 0.0061815
2026-07-07 00:27:17.727 9 INFO neutron.wsgi [None req-fb4ff022-445a-40dd-8f55-c805ed823cf6 e1592f6efae94d8cbae65d28bd0a398d 027ea5ee946f4d13a230cdc782d02d17 - - default default] 10.0.0.141 "GET /v2.0/extensions/dhcp_agent_scheduler HTTP/1.1" status: 200 len: 381 time: 0.0071342
2026-07-07 00:27:17.737 10 INFO neutron.wsgi [None req-21d2e5a3-6166-433d-94ec-31e63f4fb688 e1592f6efae94d8cbae65d28bd0a398d 027ea5ee946f4d13a230cdc782d02d17 - - default default] 10.0.0.141 "GET /v2.0/extensions/dns-integration HTTP/1.1" status: 200 len: 366 time: 0.0044756
2026-07-07 00:27:17.754 9 INFO neutron.wsgi [None req-dc10e2f0-6098-415f-8fff-18f8c5fa5308 e1592f6efae94d8cbae65d28bd0a398d 027ea5ee946f4d13a230cdc782d02d17 - - default default] 10.0.0.141 "GET /v2.0/extensions/dns-domain-ports HTTP/1.1" status: 200 len: 399 time: 0.0092254
2026-07-07 00:27:17.763 9 INFO neutron.wsgi [None req-2128e9ff-fed2-4855-85fe-ffc2775816d6 e1592f6efae94d8cbae65d28bd0a398d 027ea5ee946f4d13a230cdc782d02d17 - - default default] 10.0.0.141 "GET /v2.0/extensions/dns-integration-domain-keywords HTTP/1.1" status: 200 len: 477 time: 0.0052633
2026-07-07 00:27:17.773 9 INFO neutron.wsgi [None req-0954e39a-9a63-4fba-af30-7e6a7878fcc3 e1592f6efae94d8cbae65d28bd0a398d 027ea5ee946f4d13a230cdc782d02d17 - - default default] 10.0.0.141 "GET /v2.0/extensions/external-net HTTP/1.1" status: 200 len: 394 time: 0.0044444
2026-07-07 00:27:17.784 10 INFO neutron.wsgi [None req-d489ae25-1094-46a1-abb5-0f553da4db75 e1592f6efae94d8cbae65d28bd0a398d 027ea5ee946f4d13a230cdc782d02d17 - - default default] 10.0.0.141 "GET /v2.0/extensions/extra_dhcp_opt HTTP/1.1" status: 200 len: 498 time: 0.0055282
2026-07-07 00:27:17.785 9 INFO neutron.wsgi [None req-a66d49cd-9740-465b-939a-281597a1ab5c be4cb84c4ba948ec9c062b7a4008b662 7a10b33a19c046c49c77a20affc073e2 - - default default] 10.0.0.141 "DELETE /v2.0/security-groups/a23364d4-fa9b-49d5-b345-8ceb51233bbc HTTP/1.1" status: 204 len: 168 time: 0.3801959
2026-07-07 00:27:17.792 9 INFO neutron.wsgi [None req-4264eaac-d55d-4a4a-b253-0521cac40646 e1592f6efae94d8cbae65d28bd0a398d 027ea5ee946f4d13a230cdc782d02d17 - - default default] 10.0.0.141 "GET /v2.0/extensions/extraroute HTTP/1.1" status: 200 len: 375 time: 0.0041268
2026-07-07 00:27:17.803 10 INFO neutron.wsgi [None req-aae7d03d-0266-491b-a36b-47521b0cd1d0 e1592f6efae94d8cbae65d28bd0a398d 027ea5ee946f4d13a230cdc782d02d17 - - default default] 10.0.0.141 "GET /v2.0/extensions/filter-validation HTTP/1.1" status: 200 len: 392 time: 0.0073507
2026-07-07 00:27:17.816 9 INFO neutron.wsgi [None req-7636d4f6-4c20-4861-b27b-99646a3a9783 e1592f6efae94d8cbae65d28bd0a398d 027ea5ee946f4d13a230cdc782d02d17 - - default default] 10.0.0.141 "GET /v2.0/extensions/floating-ip-port-forwarding-detail HTTP/1.1" status: 200 len: 465 time: 0.0068667
2026-07-07 00:27:17.830 10 INFO neutron.wsgi [None req-e3b1bd86-d631-406f-925f-35894464ae9c e1592f6efae94d8cbae65d28bd0a398d 027ea5ee946f4d13a230cdc782d02d17 - - default default] 10.0.0.141 "GET /v2.0/extensions/fip-port-details HTTP/1.1" status: 200 len: 406 time: 0.0072269
2026-07-07 00:27:17.839 10 INFO neutron.wsgi [None req-fe53d0ba-d410-44b2-a410-15670616d850 e1592f6efae94d8cbae65d28bd0a398d 027ea5ee946f4d13a230cdc782d02d17 - - default default] 10.0.0.141 "GET /v2.0/extensions/flavors HTTP/1.1" status: 200 len: 387 time: 0.0038786
2026-07-07 00:27:17.851 9 INFO neutron.wsgi [None req-b1a9f1fc-1d11-4cdd-a4f0-fc75a25fe3b0 e1592f6efae94d8cbae65d28bd0a398d 027ea5ee946f4d13a230cdc782d02d17 - - default default] 10.0.0.141 "GET /v2.0/extensions/floatingip-pools HTTP/1.1" status: 200 len: 382 time: 0.0070267
2026-07-07 00:27:17.861 10 INFO neutron.wsgi [None req-c4db61df-92b4-4cda-978b-929a1d5ade79 e1592f6efae94d8cbae65d28bd0a398d 027ea5ee946f4d13a230cdc782d02d17 - - default default] 10.0.0.141 "GET /v2.0/extensions/ip_allocation HTTP/1.1" status: 200 len: 356 time: 0.0059731
2026-07-07 00:27:17.875 9 INFO neutron.wsgi [None req-c39b22cf-59bd-43d9-a29a-646ead1d4668 e1592f6efae94d8cbae65d28bd0a398d 027ea5ee946f4d13a230cdc782d02d17 - - default default] 10.0.0.141 "GET /v2.0/extensions/l2_adjacency HTTP/1.1" status: 200 len: 372 time: 0.0088029
2026-07-07 00:27:17.884 10 INFO neutron.wsgi [None req-8b83d052-9598-4a45-b774-3ed3f1da7fa9 e1592f6efae94d8cbae65d28bd0a398d 027ea5ee946f4d13a230cdc782d02d17 - - default default] 10.0.0.141 "GET /v2.0/extensions/router HTTP/1.1" status: 200 len: 450 time: 0.0049274
2026-07-07 00:27:17.893 10 INFO neutron.wsgi [None req-165e7307-4c04-4cdc-87dd-c7931041b725 e1592f6efae94d8cbae65d28bd0a398d 027ea5ee946f4d13a230cdc782d02d17 - - default default] 10.0.0.141 "GET /v2.0/extensions/ext-gw-mode HTTP/1.1" status: 200 len: 462 time: 0.0055091
2026-07-07 00:27:17.903 10 INFO neutron.wsgi [None req-30f7a3fe-1210-4e14-be5d-44e78653dbf3 e1592f6efae94d8cbae65d28bd0a398d 027ea5ee946f4d13a230cdc782d02d17 - - default default] 10.0.0.141 "GET /v2.0/extensions/logging HTTP/1.1" status: 200 len: 407 time: 0.0050926
2026-07-07 00:27:17.912 10 INFO neutron.wsgi [None req-274c141d-1155-4340-a442-0d6f83a29428 e1592f6efae94d8cbae65d28bd0a398d 027ea5ee946f4d13a230cdc782d02d17 - - default default] 10.0.0.141 "GET /v2.0/extensions/multi-provider HTTP/1.1" status: 200 len: 406 time: 0.0045207
2026-07-07 00:27:17.922 10 INFO neutron.wsgi [None req-a482cb6f-ebe1-42e5-aa7b-f295d576e1c5 e1592f6efae94d8cbae65d28bd0a398d 027ea5ee946f4d13a230cdc782d02d17 - - default default] 10.0.0.141 "GET /v2.0/extensions/net-mtu HTTP/1.1" status: 200 len: 370 time: 0.0060046
2026-07-07 00:27:17.934 9 INFO neutron.wsgi [None req-4e25e6bb-79c5-4401-8043-531dbd5609ff e1592f6efae94d8cbae65d28bd0a398d 027ea5ee946f4d13a230cdc782d02d17 - - default default] 10.0.0.141 "GET /v2.0/extensions/net-mtu-writable HTTP/1.1" status: 200 len: 401 time: 0.0060875
2026-07-07 00:27:17.947 10 INFO neutron.wsgi [None req-ad0f35f4-9bdf-4a47-9c5d-ce0ac8e1484f e1592f6efae94d8cbae65d28bd0a398d 027ea5ee946f4d13a230cdc782d02d17 - - default default] 10.0.0.141 "GET /v2.0/extensions/network_availability_zone HTTP/1.1" status: 200 len: 394 time: 0.0049028
2026-07-07 00:27:17.966 9 INFO neutron.wsgi [None req-af707117-631d-456c-9b47-f311526ef702 e1592f6efae94d8cbae65d28bd0a398d 027ea5ee946f4d13a230cdc782d02d17 - - default default] 10.0.0.141 "GET /v2.0/extensions/network-ip-availability HTTP/1.1" status: 200 len: 410 time: 0.0066571
