2026-07-07 00:27:17.979 9 INFO neutron.wsgi [None req-1b7f9297-a3fa-4292-ab2b-007889691d26 e1592f6efae94d8cbae65d28bd0a398d 027ea5ee946f4d13a230cdc782d02d17 - - default default] 10.0.0.141 "GET /v2.0/extensions/pagination HTTP/1.1" status: 200 len: 386 time: 0.0070136
2026-07-07 00:27:17.990 9 INFO neutron.wsgi [None req-885d75fb-4ca6-4467-8439-3322728fc18d e1592f6efae94d8cbae65d28bd0a398d 027ea5ee946f4d13a230cdc782d02d17 - - default default] 10.0.0.141 "GET /v2.0/extensions/port-device-profile HTTP/1.1" status: 200 len: 383 time: 0.0062048
2026-07-07 00:27:18.007 9 INFO neutron.wsgi [None req-c3034af6-c56b-4302-a136-ec1a7f619014 e1592f6efae94d8cbae65d28bd0a398d 027ea5ee946f4d13a230cdc782d02d17 - - default default] 10.0.0.141 "GET /v2.0/extensions/port-mac-address-regenerate HTTP/1.1" status: 200 len: 403 time: 0.0094607
2026-07-07 00:27:18.019 9 INFO neutron.wsgi [None req-5efb790a-4466-4ac4-b3ac-749382ede184 e1592f6efae94d8cbae65d28bd0a398d 027ea5ee946f4d13a230cdc782d02d17 - - default default] 10.0.0.141 "GET /v2.0/extensions/port-numa-affinity-policy HTTP/1.1" status: 200 len: 392 time: 0.0049210
2026-07-07 00:27:18.028 9 INFO neutron.wsgi [None req-15bc1cb9-63e4-4115-b3bd-8f38afe8e8b2 e1592f6efae94d8cbae65d28bd0a398d 027ea5ee946f4d13a230cdc782d02d17 - - default default] 10.0.0.141 "GET /v2.0/extensions/port-resource-request HTTP/1.1" status: 200 len: 379 time: 0.0049350
2026-07-07 00:27:18.039 9 INFO neutron.wsgi [None req-80d6eb5d-29d6-4d2d-b29e-1e053b7d70cf e1592f6efae94d8cbae65d28bd0a398d 027ea5ee946f4d13a230cdc782d02d17 - - default default] 10.0.0.141 "GET /v2.0/extensions/port-resource-request-groups HTTP/1.1" status: 200 len: 465 time: 0.0056002
2026-07-07 00:27:18.050 9 INFO neutron.wsgi [None req-17f438ab-f978-493c-88f3-e80ac343796a e1592f6efae94d8cbae65d28bd0a398d 027ea5ee946f4d13a230cdc782d02d17 - - default default] 10.0.0.141 "GET /v2.0/extensions/binding HTTP/1.1" status: 200 len: 387 time: 0.0051599
2026-07-07 00:27:18.060 9 INFO neutron.wsgi [None req-92016f3d-ea81-42e6-b7ff-57ff342e1d30 e1592f6efae94d8cbae65d28bd0a398d 027ea5ee946f4d13a230cdc782d02d17 - - default default] 10.0.0.141 "GET /v2.0/extensions/binding-extended HTTP/1.1" status: 200 len: 406 time: 0.0044301
2026-07-07 00:27:18.067 9 INFO neutron.wsgi [None req-e6c6350c-1b6c-441d-ba40-019ddc6a86d9 e1592f6efae94d8cbae65d28bd0a398d 027ea5ee946f4d13a230cdc782d02d17 - - default default] 10.0.0.141 "GET /v2.0/extensions/port-security HTTP/1.1" status: 200 len: 354 time: 0.0044339
2026-07-07 00:27:18.075 9 INFO neutron.wsgi [None req-c7bce7ba-76a7-462b-9356-55198c9792d7 e1592f6efae94d8cbae65d28bd0a398d 027ea5ee946f4d13a230cdc782d02d17 - - default default] 10.0.0.141 "GET /v2.0/extensions/project-id HTTP/1.1" status: 200 len: 398 time: 0.0042069
2026-07-07 00:27:18.085 9 INFO neutron.wsgi [None req-1409aa10-4dc7-4df8-a48c-3350f273cb4a e1592f6efae94d8cbae65d28bd0a398d 027ea5ee946f4d13a230cdc782d02d17 - - default default] 10.0.0.141 "GET /v2.0/extensions/provider HTTP/1.1" status: 200 len: 385 time: 0.0049369
2026-07-07 00:27:18.097 9 INFO neutron.wsgi [None req-a48316b1-8b33-41f1-9d66-e45938eda945 e1592f6efae94d8cbae65d28bd0a398d 027ea5ee946f4d13a230cdc782d02d17 - - default default] 10.0.0.141 "GET /v2.0/extensions/qos HTTP/1.1" status: 200 len: 360 time: 0.0062158
2026-07-07 00:27:18.106 9 INFO neutron.wsgi [None req-d0b8eb94-0236-4fee-bdc1-9fa37202be0f e1592f6efae94d8cbae65d28bd0a398d 027ea5ee946f4d13a230cdc782d02d17 - - default default] 10.0.0.141 "GET /v2.0/extensions/qos-bw-limit-direction HTTP/1.1" status: 200 len: 452 time: 0.0045786
2026-07-07 00:27:18.116 9 INFO neutron.wsgi [None req-a7d23f51-294c-454b-89f0-700284661ec8 e1592f6efae94d8cbae65d28bd0a398d 027ea5ee946f4d13a230cdc782d02d17 - - default default] 10.0.0.141 "GET /v2.0/extensions/qos-bw-minimum-ingress HTTP/1.1" status: 200 len: 445 time: 0.0060723
2026-07-07 00:27:18.125 9 INFO neutron.wsgi [None req-fc59d47f-aec5-4d92-ac5c-250cc5795464 e1592f6efae94d8cbae65d28bd0a398d 027ea5ee946f4d13a230cdc782d02d17 - - default default] 10.0.0.141 "GET /v2.0/extensions/qos-default HTTP/1.1" status: 200 len: 377 time: 0.0055115
2026-07-07 00:27:18.133 9 INFO neutron.wsgi [None req-bae211e9-867e-47a0-b984-b9e986eb0442 e1592f6efae94d8cbae65d28bd0a398d 027ea5ee946f4d13a230cdc782d02d17 - - default default] 10.0.0.141 "GET /v2.0/extensions/qos-fip HTTP/1.1" status: 200 len: 372 time: 0.0046558
2026-07-07 00:27:18.136 10 INFO neutron.services.segments.plugin [-] Segment 4c2d9454-8451-484a-a718-7f2aacf551d7 resource provider aggregate not found
2026-07-07 00:27:18.142 10 INFO neutron.services.segments.plugin [-] Segment 4c2d9454-8451-484a-a718-7f2aacf551d7 resource provider aggregate not found
2026-07-07 00:27:18.146 9 INFO neutron.wsgi [None req-8d233469-13ae-4716-95d2-b8daba3e16cd e1592f6efae94d8cbae65d28bd0a398d 027ea5ee946f4d13a230cdc782d02d17 - - default default] 10.0.0.141 "GET /v2.0/extensions/qos-gateway-ip HTTP/1.1" status: 200 len: 391 time: 0.0086124
2026-07-07 00:27:18.154 9 INFO neutron.wsgi [None req-6decf9c2-ff05-46c0-82f3-d92b04079851 e1592f6efae94d8cbae65d28bd0a398d 027ea5ee946f4d13a230cdc782d02d17 - - default default] 10.0.0.141 "GET /v2.0/extensions/qos-port-network-policy HTTP/1.1" status: 200 len: 403 time: 0.0052986
2026-07-07 00:27:18.159 10 INFO neutron.services.segments.plugin [-] Segment 4c2d9454-8451-484a-a718-7f2aacf551d7 resource provider not found; error: Placement Client Error (4xx): {"errors": [{"status": 404, "title": "Not Found", "detail": "The resource could not be found.\n\n No resource provider with uuid 4c2d9454-8451-484a-a718-7f2aacf551d7 found for delete ", "request_id": "req-9e93a423-4bf3-4ace-94f8-28ed9f9b00f6"}]}
2026-07-07 00:27:18.164 10 INFO neutron.services.segments.plugin [-] Segment 4c2d9454-8451-484a-a718-7f2aacf551d7 resource provider not found; error: Placement Client Error (4xx): {"errors": [{"status": 404, "title": "Not Found", "detail": "The resource could not be found.\n\n No resource provider with uuid 4c2d9454-8451-484a-a718-7f2aacf551d7 found for delete ", "request_id": "req-a5aafe60-fd59-4b3b-95a4-d00c375aad43"}]}
2026-07-07 00:27:18.165 9 INFO neutron.wsgi [None req-f8b2c427-a16e-4eed-8b65-613102fa5143 e1592f6efae94d8cbae65d28bd0a398d 027ea5ee946f4d13a230cdc782d02d17 - - default default] 10.0.0.141 "GET /v2.0/extensions/qos-pps-minimum HTTP/1.1" status: 200 len: 397 time: 0.0057840
2026-07-07 00:27:18.174 9 INFO neutron.wsgi [None req-642ce727-eab0-40c7-8596-12832f9fa425 e1592f6efae94d8cbae65d28bd0a398d 027ea5ee946f4d13a230cdc782d02d17 - - default default] 10.0.0.141 "GET /v2.0/extensions/qos-pps-minimum-rule-alias HTTP/1.1" status: 200 len: 471 time: 0.0053895
2026-07-07 00:27:18.185 10 INFO neutron.wsgi [None req-ce221164-69c3-4783-996b-61cf272eb247 5b74f6fc00e040edbf96742df85db664 deb7d857ddee4e8497a7ba8c865382dc - - default default] 10.0.0.141 "DELETE /v2.0/networks/7d033548-00b6-46c1-8be8-226e344ce0dc HTTP/1.1" status: 204 len: 168 time: 0.5236855
2026-07-07 00:27:18.196 10 INFO neutron.wsgi [None req-94f8da6a-3e39-41e8-8ea4-d8452541bb0b e1592f6efae94d8cbae65d28bd0a398d 027ea5ee946f4d13a230cdc782d02d17 - - default default] 10.0.0.141 "GET /v2.0/extensions/qos-pps HTTP/1.1" status: 200 len: 389 time: 0.0182054
2026-07-07 00:27:18.206 10 INFO neutron.wsgi [None req-890a2d2d-1225-4db0-a355-26455f3a95df e1592f6efae94d8cbae65d28bd0a398d 027ea5ee946f4d13a230cdc782d02d17 - - default default] 10.0.0.141 "GET /v2.0/extensions/qos-rule-type-details HTTP/1.1" status: 200 len: 423 time: 0.0056233
2026-07-07 00:27:18.217 10 INFO neutron.wsgi [None req-1cb4ded0-3d2b-4ab6-b042-b9e4b27e79b1 e1592f6efae94d8cbae65d28bd0a398d 027ea5ee946f4d13a230cdc782d02d17 - - default default] 10.0.0.141 "GET /v2.0/extensions/qos-rule-type-filter HTTP/1.1" status: 200 len: 567 time: 0.0049446
2026-07-07 00:27:18.229 10 INFO neutron.wsgi [None req-dc498d34-f6b8-437a-8f16-da65844f2f3e e1592f6efae94d8cbae65d28bd0a398d 027ea5ee946f4d13a230cdc782d02d17 - - default default] 10.0.0.141 "GET /v2.0/extensions/qos-rules-alias HTTP/1.1" status: 200 len: 448 time: 0.0086594
2026-07-07 00:27:18.244 10 INFO neutron.wsgi [None req-408a5a38-c747-455b-8a3b-71af7daf4676 e1592f6efae94d8cbae65d28bd0a398d 027ea5ee946f4d13a230cdc782d02d17 - - default default] 10.0.0.141 "GET /v2.0/extensions/quota-check-limit HTTP/1.1" status: 200 len: 420 time: 0.0071845
2026-07-07 00:27:18.255 10 INFO neutron.wsgi [None req-6faefecd-ffde-4e09-97ff-db8dc9b3c435 e1592f6efae94d8cbae65d28bd0a398d 027ea5ee946f4d13a230cdc782d02d17 - - default default] 10.0.0.141 "GET /v2.0/extensions/quotas HTTP/1.1" status: 200 len: 386 time: 0.0056255
2026-07-07 00:27:18.268 9 INFO neutron.wsgi [None req-6979aaef-15ad-41f9-9e91-d2907820cf9e e1592f6efae94d8cbae65d28bd0a398d 027ea5ee946f4d13a230cdc782d02d17 - - default default] 10.0.0.141 "GET /v2.0/extensions/quota_details HTTP/1.1" status: 200 len: 407 time: 0.0078166
2026-07-07 00:27:18.280 10 INFO neutron.wsgi [None req-7c260c6c-040d-4124-8aa6-af558d16328a e1592f6efae94d8cbae65d28bd0a398d 027ea5ee946f4d13a230cdc782d02d17 - - default default] 10.0.0.141 "GET /v2.0/extensions/rbac-policies HTTP/1.1" status: 200 len: 417 time: 0.0062013
2026-07-07 00:27:18.291 10 INFO neutron.wsgi [None req-e093921d-207d-47ff-a49f-5c000cc2b222 e1592f6efae94d8cbae65d28bd0a398d 027ea5ee946f4d13a230cdc782d02d17 - - default default] 10.0.0.141 "GET /v2.0/extensions/rbac-address-scope HTTP/1.1" status: 200 len: 384 time: 0.0055373
2026-07-07 00:27:18.304 10 INFO neutron.wsgi [None req-22085714-7f59-4745-99b7-ad9585d7dc79 e1592f6efae94d8cbae65d28bd0a398d 027ea5ee946f4d13a230cdc782d02d17 - - default default] 10.0.0.141 "GET /v2.0/extensions/rbac-security-groups HTTP/1.1" status: 200 len: 404 time: 0.0055311
2026-07-07 00:27:18.315 10 INFO neutron.wsgi [None req-c3d31c54-21af-4d28-b60d-77484a98c770 e1592f6efae94d8cbae65d28bd0a398d 027ea5ee946f4d13a230cdc782d02d17 - - default default] 10.0.0.141 "GET /v2.0/extensions/revision-if-match HTTP/1.1" status: 200 len: 441 time: 0.0058250
2026-07-07 00:27:18.324 9 INFO neutron.wsgi [None req-976ff52b-90dc-4b8a-a9f1-9fffb6d320aa e1592f6efae94d8cbae65d28bd0a398d 027ea5ee946f4d13a230cdc782d02d17 - - default default] 10.0.0.141 "GET /v2.0/extensions/standard-attr-revisions HTTP/1.1" status: 200 len: 423 time: 0.0049961
2026-07-07 00:27:18.333 9 INFO neutron.wsgi [None req-82527fbb-3830-48ac-82d5-3e5f0eaefa6b e1592f6efae94d8cbae65d28bd0a398d 027ea5ee946f4d13a230cdc782d02d17 - - default default] 10.0.0.141 "GET /v2.0/extensions/router_availability_zone HTTP/1.1" status: 200 len: 391 time: 0.0057027
2026-07-07 00:27:18.347 10 INFO neutron.wsgi [None req-4cd2543c-3a1b-431c-b558-56c270de0d72 e1592f6efae94d8cbae65d28bd0a398d 027ea5ee946f4d13a230cdc782d02d17 - - default default] 10.0.0.141 "GET /v2.0/extensions/security-groups-normalized-cidr HTTP/1.1" status: 200 len: 445 time: 0.0083666
2026-07-07 00:27:18.356 10 INFO neutron.wsgi [None req-e9fc1e47-263d-460d-8ab5-5a72c7b478e6 e1592f6efae94d8cbae65d28bd0a398d 027ea5ee946f4d13a230cdc782d02d17 - - default default] 10.0.0.141 "GET /v2.0/extensions/security-groups-remote-address-group HTTP/1.1" status: 200 len: 448 time: 0.0052249
2026-07-07 00:27:18.365 10 INFO neutron.wsgi [None req-54342a4f-588d-443a-a30b-a95aa8c69591 e1592f6efae94d8cbae65d28bd0a398d 027ea5ee946f4d13a230cdc782d02d17 - - default default] 10.0.0.141 "GET /v2.0/extensions/security-groups-shared-filtering HTTP/1.1" status: 200 len: 435 time: 0.0046761
2026-07-07 00:27:18.373 10 INFO neutron.wsgi [None req-5447a952-362e-45bf-8efd-6df19333f2c0 e1592f6efae94d8cbae65d28bd0a398d 027ea5ee946f4d13a230cdc782d02d17 - - default default] 10.0.0.141 "GET /v2.0/extensions/security-group HTTP/1.1" status: 200 len: 364 time: 0.0049493
2026-07-07 00:27:18.383 10 INFO neutron.wsgi [None req-382966df-0be1-423c-9cb1-af038111f0f1 e1592f6efae94d8cbae65d28bd0a398d 027ea5ee946f4d13a230cdc782d02d17 - - default default] 10.0.0.141 "GET /v2.0/extensions/segment HTTP/1.1" status: 200 len: 339 time: 0.0052776
2026-07-07 00:27:18.394 10 INFO neutron.wsgi [None req-c5262e11-604f-4df2-a574-461febfb8fd4 e1592f6efae94d8cbae65d28bd0a398d 027ea5ee946f4d13a230cdc782d02d17 - - default default] 10.0.0.141 "GET /v2.0/extensions/segments-peer-subnet-host-routes HTTP/1.1" status: 200 len: 427 time: 0.0048676
2026-07-07 00:27:18.402 10 INFO neutron.wsgi [None req-e76f869f-c9cd-447f-a289-8b632ae23780 e1592f6efae94d8cbae65d28bd0a398d 027ea5ee946f4d13a230cdc782d02d17 - - default default] 10.0.0.141 "GET /v2.0/extensions/service-type HTTP/1.1" status: 200 len: 415 time: 0.0044684
2026-07-07 00:27:18.415 10 INFO neutron.wsgi [None req-73d17235-899a-4fc0-ac99-fc1692971881 e1592f6efae94d8cbae65d28bd0a398d 027ea5ee946f4d13a230cdc782d02d17 - - default default] 10.0.0.141 "GET /v2.0/extensions/sorting HTTP/1.1" status: 200 len: 377 time: 0.0086796
2026-07-07 00:27:18.422 10 INFO neutron.wsgi [None req-ca42c54c-8183-4cfb-a939-ed45ef1b62af e1592f6efae94d8cbae65d28bd0a398d 027ea5ee946f4d13a230cdc782d02d17 - - default default] 10.0.0.141 "GET /v2.0/extensions/standard-attr-segment HTTP/1.1" status: 200 len: 406 time: 0.0033343
2026-07-07 00:27:18.431 10 INFO neutron.wsgi [None req-4fd43c7c-2c4f-4d31-9ba2-be317945d82a e1592f6efae94d8cbae65d28bd0a398d 027ea5ee946f4d13a230cdc782d02d17 - - default default] 10.0.0.141 "GET /v2.0/extensions/standard-attr-description HTTP/1.1" status: 200 len: 408 time: 0.0043688
2026-07-07 00:27:18.439 10 INFO neutron.wsgi [None req-8f4daabb-dccc-41d0-839f-f9d24fb91eb8 e1592f6efae94d8cbae65d28bd0a398d 027ea5ee946f4d13a230cdc782d02d17 - - default default] 10.0.0.141 "GET /v2.0/extensions/stateful-security-group HTTP/1.1" status: 200 len: 402 time: 0.0048964
2026-07-07 00:27:18.449 10 INFO neutron.wsgi [None req-e84645fd-7076-4f25-bfb6-e66b2e9f8d50 e1592f6efae94d8cbae65d28bd0a398d 027ea5ee946f4d13a230cdc782d02d17 - - default default] 10.0.0.141 "GET /v2.0/extensions/subnet-dns-publish-fixed-ip HTTP/1.1" status: 200 len: 421 time: 0.0052500
2026-07-07 00:27:18.457 10 INFO neutron.wsgi [None req-8705a6fb-b3d4-4ed3-b918-a81fb72966e1 e1592f6efae94d8cbae65d28bd0a398d 027ea5ee946f4d13a230cdc782d02d17 - - default default] 10.0.0.141 "GET /v2.0/extensions/subnet-segmentid-writable HTTP/1.1" status: 200 len: 421 time: 0.0047057
2026-07-07 00:27:18.466 10 INFO neutron.wsgi [None req-9d0297ab-8520-4ca5-aa56-0df11b320cd1 e1592f6efae94d8cbae65d28bd0a398d 027ea5ee946f4d13a230cdc782d02d17 - - default default] 10.0.0.141 "GET /v2.0/extensions/subnet-service-types HTTP/1.1" status: 200 len: 400 time: 0.0044653
2026-07-07 00:27:18.477 10 INFO neutron.wsgi [None req-eaea0003-460a-4711-aa6e-2da92745765f e1592f6efae94d8cbae65d28bd0a398d 027ea5ee946f4d13a230cdc782d02d17 - - default default] 10.0.0.141 "GET /v2.0/extensions/subnet_allocation HTTP/1.1" status: 200 len: 388 time: 0.0064521
2026-07-07 00:27:18.487 10 INFO neutron.wsgi [None req-e76a85df-f546-4b8a-b605-a90bcec596ff e1592f6efae94d8cbae65d28bd0a398d 027ea5ee946f4d13a230cdc782d02d17 - - default default] 10.0.0.141 "GET /v2.0/extensions/subnetpool-prefix-ops HTTP/1.1" status: 200 len: 418 time: 0.0055258
2026-07-07 00:27:18.496 10 INFO neutron.wsgi [None req-5bc33289-5978-43a1-a6c2-81958b0f9f94 e1592f6efae94d8cbae65d28bd0a398d 027ea5ee946f4d13a230cdc782d02d17 - - default default] 10.0.0.141 "GET /v2.0/extensions/standard-attr-tag HTTP/1.1" status: 200 len: 537 time: 0.0048096
2026-07-07 00:27:18.503 10 INFO neutron.wsgi [None req-909b3a49-ceb0-4d0c-babd-6bc77678095d e1592f6efae94d8cbae65d28bd0a398d 027ea5ee946f4d13a230cdc782d02d17 - - default default] 10.0.0.141 "GET /v2.0/extensions/standard-attr-timestamp HTTP/1.1" status: 200 len: 449 time: 0.0043266
2026-07-07 00:27:18.512 10 INFO neutron.wsgi [None req-ddf8cd6d-accd-4878-ab9f-0b8aa19231ee e1592f6efae94d8cbae65d28bd0a398d 027ea5ee946f4d13a230cdc782d02d17 - - default default] 10.0.0.141 "GET /v2.0/extensions/trunk HTTP/1.1" status: 200 len: 358 time: 0.0045455
2026-07-07 00:27:18.520 10 INFO neutron.wsgi [None req-07d6320a-9e5a-4fb9-8a90-8c55f80a305f e1592f6efae94d8cbae65d28bd0a398d 027ea5ee946f4d13a230cdc782d02d17 - - default default] 10.0.0.141 "GET /v2.0/extensions/trunk-details HTTP/1.1" status: 200 len: 362 time: 0.0051551
2026-07-07 00:27:18.931 9 INFO neutron.wsgi [None req-fbf235ed-b84e-4a37-8228-e98364a0a9d3 5b74f6fc00e040edbf96742df85db664 deb7d857ddee4e8497a7ba8c865382dc - - default default] 10.0.0.141 "DELETE /v2.0/networks/f16e37d3-8274-464a-aba6-07258c4d62c2 HTTP/1.1" status: 204 len: 168 time: 0.7382793
2026-07-07 00:27:19.323 9 INFO neutron.db.ovn_revision_numbers_db [None req-307df756-a8b1-4d91-86c3-2e525f7c60d7 be4cb84c4ba948ec9c062b7a4008b662 7a10b33a19c046c49c77a20affc073e2 - - default default] Successfully bumped revision number for resource fc3a3a3c-c81c-407f-afe0-e4b9fc902547 (type: security_groups) to 1
2026-07-07 00:27:19.337 9 INFO neutron.db.ovn_revision_numbers_db [None req-307df756-a8b1-4d91-86c3-2e525f7c60d7 be4cb84c4ba948ec9c062b7a4008b662 7a10b33a19c046c49c77a20affc073e2 - - default default] Successfully bumped revision number for resource 6232ed39-9dcf-4c9c-a00d-258bb95e37ad (type: security_group_rules) to 0
2026-07-07 00:27:19.353 9 INFO neutron.db.ovn_revision_numbers_db [None req-307df756-a8b1-4d91-86c3-2e525f7c60d7 be4cb84c4ba948ec9c062b7a4008b662 7a10b33a19c046c49c77a20affc073e2 - - default default] Successfully bumped revision number for resource 8f6a7331-5707-4323-b10c-0fe69c4a6b79 (type: security_group_rules) to 0
2026-07-07 00:27:19.367 9 INFO neutron.db.ovn_revision_numbers_db [None req-307df756-a8b1-4d91-86c3-2e525f7c60d7 be4cb84c4ba948ec9c062b7a4008b662 7a10b33a19c046c49c77a20affc073e2 - - default default] Successfully bumped revision number for resource e259c0df-22a2-4556-8ddb-e43bbbdfd666 (type: security_group_rules) to 0
2026-07-07 00:27:19.385 9 INFO neutron.db.ovn_revision_numbers_db [None req-307df756-a8b1-4d91-86c3-2e525f7c60d7 be4cb84c4ba948ec9c062b7a4008b662 7a10b33a19c046c49c77a20affc073e2 - - default default] Successfully bumped revision number for resource e65845be-83b0-4c2c-b5a0-d385c79faaab (type: security_group_rules) to 0
2026-07-07 00:27:19.407 10 INFO neutron.wsgi [None req-f235fff4-a252-4287-b3cd-48be9b0bd594 5b74f6fc00e040edbf96742df85db664 deb7d857ddee4e8497a7ba8c865382dc - - default default] 10.0.0.141 "DELETE /v2.0/networks/54430bc5-4f35-4303-a312-77284469fdc2 HTTP/1.1" status: 204 len: 168 time: 0.4713640
2026-07-07 00:27:19.409 9 INFO neutron.wsgi [None req-307df756-a8b1-4d91-86c3-2e525f7c60d7 be4cb84c4ba948ec9c062b7a4008b662 7a10b33a19c046c49c77a20affc073e2 - - default default] 10.0.0.141 "GET /v2.0/security-groups?tenant_id=027ea5ee946f4d13a230cdc782d02d17&name=default HTTP/1.1" status: 200 len: 2996 time: 0.4350095
2026-07-07 00:27:19.624 10 INFO neutron.wsgi [None req-095e9cb1-a2d7-46a0-8d89-9e0ae935fbb7 be4cb84c4ba948ec9c062b7a4008b662 7a10b33a19c046c49c77a20affc073e2 - - default default] 10.0.0.141 "DELETE /v2.0/security-groups/fc3a3a3c-c81c-407f-afe0-e4b9fc902547 HTTP/1.1" status: 204 len: 168 time: 0.2086236
2026-07-07 00:27:19.639 9 INFO neutron.services.segments.plugin [-] Segment b2bd284f-92cf-471d-bc5f-ab0999ff8578 resource provider aggregate not found
2026-07-07 00:27:19.646 9 INFO neutron.services.segments.plugin [-] Segment b2bd284f-92cf-471d-bc5f-ab0999ff8578 resource provider aggregate not found
2026-07-07 00:27:19.666 9 INFO neutron.services.segments.plugin [-] Segment b2bd284f-92cf-471d-bc5f-ab0999ff8578 resource provider not found; error: Placement Client Error (4xx): {"errors": [{"status": 404, "title": "Not Found", "detail": "The resource could not be found.\n\n No resource provider with uuid b2bd284f-92cf-471d-bc5f-ab0999ff8578 found for delete ", "request_id": "req-b8d8c32c-c3ec-4fbd-943c-f07fdaf2c2fd"}]}
2026-07-07 00:27:19.676 9 INFO neutron.services.segments.plugin [-] Segment b2bd284f-92cf-471d-bc5f-ab0999ff8578 resource provider not found; error: Placement Client Error (4xx): {"errors": [{"status": 404, "title": "Not Found", "detail": "The resource could not be found.\n\n No resource provider with uuid b2bd284f-92cf-471d-bc5f-ab0999ff8578 found for delete ", "request_id": "req-8fd7a3ee-2ff0-4616-9c9a-c05f7636630a"}]}
2026-07-07 00:27:19.859 9 INFO neutron.wsgi [None req-0234b9c8-dd3e-4bf5-9fed-303d83fe8adf 5b74f6fc00e040edbf96742df85db664 deb7d857ddee4e8497a7ba8c865382dc - - default default] 10.0.0.141 "DELETE /v2.0/networks/f7450ef7-a8ce-4021-9c25-f4e6e249550f HTTP/1.1" status: 204 len: 168 time: 0.4458919
2026-07-07 00:27:20.182 10 INFO neutron.services.segments.plugin [-] Segment be7bbcbf-5493-40fa-98b3-aafed3c79389 resource provider aggregate not found
2026-07-07 00:27:20.190 10 INFO neutron.services.segments.plugin [-] Segment be7bbcbf-5493-40fa-98b3-aafed3c79389 resource provider aggregate not found
2026-07-07 00:27:20.205 10 INFO neutron.services.segments.plugin [-] Segment be7bbcbf-5493-40fa-98b3-aafed3c79389 resource provider not found; error: Placement Client Error (4xx): {"errors": [{"status": 404, "title": "Not Found", "detail": "The resource could not be found.\n\n No resource provider with uuid be7bbcbf-5493-40fa-98b3-aafed3c79389 found for delete ", "request_id": "req-713bb01f-72f3-4d1e-86b1-b0dea754cdd2"}]}
2026-07-07 00:27:20.207 10 INFO neutron.services.segments.plugin [-] Segment be7bbcbf-5493-40fa-98b3-aafed3c79389 resource provider not found; error: Placement Client Error (4xx): {"errors": [{"status": 404, "title": "Not Found", "detail": "The resource could not be found.\n\n No resource provider with uuid be7bbcbf-5493-40fa-98b3-aafed3c79389 found for delete ", "request_id": "req-db341d98-0369-40dc-b5b2-7023da8c4bf2"}]}
2026-07-07 00:27:21.072 10 INFO neutron.db.ovn_revision_numbers_db [None req-ed1515e0-74f6-4243-8065-bae757458130 be4cb84c4ba948ec9c062b7a4008b662 7a10b33a19c046c49c77a20affc073e2 - - default default] Successfully bumped revision number for resource e10171ee-ad40-4a08-9a6f-95256ef5750d (type: security_groups) to 1
2026-07-07 00:27:21.095 10 INFO neutron.db.ovn_revision_numbers_db [None req-ed1515e0-74f6-4243-8065-bae757458130 be4cb84c4ba948ec9c062b7a4008b662 7a10b33a19c046c49c77a20affc073e2 - - default default] Successfully bumped revision number for resource 16b2e427-521c-4602-b050-46fc9d65f5b4 (type: security_group_rules) to 0
2026-07-07 00:27:21.112 10 INFO neutron.db.ovn_revision_numbers_db [None req-ed1515e0-74f6-4243-8065-bae757458130 be4cb84c4ba948ec9c062b7a4008b662 7a10b33a19c046c49c77a20affc073e2 - - default default] Successfully bumped revision number for resource 19005114-612f-42c2-8c4f-c114665f2bba (type: security_group_rules) to 0
2026-07-07 00:27:21.129 10 INFO neutron.db.ovn_revision_numbers_db [None req-ed1515e0-74f6-4243-8065-bae757458130 be4cb84c4ba948ec9c062b7a4008b662 7a10b33a19c046c49c77a20affc073e2 - - default default] Successfully bumped revision number for resource 95f7c899-26cb-4e73-a085-c25e9dd8b959 (type: security_group_rules) to 0
2026-07-07 00:27:21.142 10 INFO neutron.db.ovn_revision_numbers_db [None req-ed1515e0-74f6-4243-8065-bae757458130 be4cb84c4ba948ec9c062b7a4008b662 7a10b33a19c046c49c77a20affc073e2 - - default default] Successfully bumped revision number for resource f6405bd9-bee7-4d52-8298-40d141bff880 (type: security_group_rules) to 0
2026-07-07 00:27:21.163 10 INFO neutron.wsgi [None req-ed1515e0-74f6-4243-8065-bae757458130 be4cb84c4ba948ec9c062b7a4008b662 7a10b33a19c046c49c77a20affc073e2 - - default default] 10.0.0.141 "GET /v2.0/security-groups?tenant_id=258fd9fee55740ac9efbe9e5d3baeced&name=default HTTP/1.1" status: 200 len: 2996 time: 0.3311386
2026-07-07 00:27:21.380 10 INFO neutron.wsgi [None req-e52bec7f-7796-43c2-95c0-10f80caf1d5d be4cb84c4ba948ec9c062b7a4008b662 7a10b33a19c046c49c77a20affc073e2 - - default default] 10.0.0.141 "DELETE /v2.0/security-groups/e10171ee-ad40-4a08-9a6f-95256ef5750d HTTP/1.1" status: 204 len: 168 time: 0.2118649
2026-07-07 00:27:21.625 10 INFO neutron.wsgi [None req-5d8e6c33-f864-49f7-84eb-668f03c5d598 be4cb84c4ba948ec9c062b7a4008b662 7a10b33a19c046c49c77a20affc073e2 - - default default] 10.0.0.141 "GET /v2.0/security-groups?tenant_id=deb7d857ddee4e8497a7ba8c865382dc&name=default HTTP/1.1" status: 200 len: 2996 time: 0.0523031
2026-07-07 00:27:21.697 9 INFO neutron.services.segments.plugin [-] Segment e3965bd6-0a6a-4c5a-a225-669ab9d6fb56 resource provider aggregate not found
2026-07-07 00:27:21.710 9 INFO neutron.services.segments.plugin [-] Segment e3965bd6-0a6a-4c5a-a225-669ab9d6fb56 resource provider aggregate not found
2026-07-07 00:27:21.739 9 INFO neutron.services.segments.plugin [-] Segment e3965bd6-0a6a-4c5a-a225-669ab9d6fb56 resource provider not found; error: Placement Client Error (4xx): {"errors": [{"status": 404, "title": "Not Found", "detail": "The resource could not be found.\n\n No resource provider with uuid e3965bd6-0a6a-4c5a-a225-669ab9d6fb56 found for delete ", "request_id": "req-ed398b85-034c-4896-8d05-7bfd2bf9df55"}]}
2026-07-07 00:27:21.740 9 INFO neutron.services.segments.plugin [-] Segment e3965bd6-0a6a-4c5a-a225-669ab9d6fb56 resource provider not found; error: Placement Client Error (4xx): {"errors": [{"status": 404, "title": "Not Found", "detail": "The resource could not be found.\n\n No resource provider with uuid e3965bd6-0a6a-4c5a-a225-669ab9d6fb56 found for delete ", "request_id": "req-d7d5221d-7827-48e5-8b5d-6d6b105b4f84"}]}
2026-07-07 00:27:21.912 9 INFO neutron.wsgi [None req-65fc4227-b1bc-4026-8df1-4f3d6a360571 be4cb84c4ba948ec9c062b7a4008b662 7a10b33a19c046c49c77a20affc073e2 - - default default] 10.0.0.141 "DELETE /v2.0/security-groups/fafec71b-5a3a-439a-a0ee-2334bbef75b7 HTTP/1.1" status: 204 len: 168 time: 0.2815762
2026-07-07 00:27:22.026 9 INFO neutron.db.ovn_revision_numbers_db [None req-e6781e88-9ee0-47a3-9f01-2ce702c32f44 dec4b64576ba41808245b5ade0f02473 25e2a210d1304279a0a7b81e46685668 - - default default] Successfully bumped revision number for resource f99447c7-e2aa-4e4b-bbc3-039fa4b8edd1 (type: security_groups) to 1
2026-07-07 00:27:22.043 9 INFO neutron.db.ovn_revision_numbers_db [None req-e6781e88-9ee0-47a3-9f01-2ce702c32f44 dec4b64576ba41808245b5ade0f02473 25e2a210d1304279a0a7b81e46685668 - - default default] Successfully bumped revision number for resource 08955ef9-23b2-4959-8084-f15f37ca7e29 (type: security_group_rules) to 0
2026-07-07 00:27:22.061 9 INFO neutron.db.ovn_revision_numbers_db [None req-e6781e88-9ee0-47a3-9f01-2ce702c32f44 dec4b64576ba41808245b5ade0f02473 25e2a210d1304279a0a7b81e46685668 - - default default] Successfully bumped revision number for resource 17c3bcbc-fc2d-44cb-b1d3-0b38a1330a9d (type: security_group_rules) to 0
2026-07-07 00:27:22.085 9 INFO neutron.db.ovn_revision_numbers_db [None req-e6781e88-9ee0-47a3-9f01-2ce702c32f44 dec4b64576ba41808245b5ade0f02473 25e2a210d1304279a0a7b81e46685668 - - default default] Successfully bumped revision number for resource 25b91700-0ea7-4774-9588-ee18ce8e2b8d (type: security_group_rules) to 0
2026-07-07 00:27:22.107 9 INFO neutron.db.ovn_revision_numbers_db [None req-e6781e88-9ee0-47a3-9f01-2ce702c32f44 dec4b64576ba41808245b5ade0f02473 25e2a210d1304279a0a7b81e46685668 - - default default] Successfully bumped revision number for resource 3d8b39e4-daad-41ec-bb0c-dca791bb455f (type: security_group_rules) to 0
2026-07-07 00:27:22.161 9 INFO neutron.db.segments_db [None req-e6781e88-9ee0-47a3-9f01-2ce702c32f44 dec4b64576ba41808245b5ade0f02473 25e2a210d1304279a0a7b81e46685668 - - default default] Added segment 93e25eb1-2989-4bb9-8760-602b3bb95922 of type geneve for network 135d57d4-68c8-4efa-b5bc-773d9ed7b37e
2026-07-07 00:27:22.243 9 INFO neutron.db.ovn_revision_numbers_db [None req-a4c5f4fe-656f-463d-88ad-0cd78caea0e4 be4cb84c4ba948ec9c062b7a4008b662 7a10b33a19c046c49c77a20affc073e2 - - default default] Successfully bumped revision number for resource 19c3c20d-cbe9-4906-847c-d0d07b263f28 (type: security_groups) to 1
2026-07-07 00:27:22.266 9 INFO neutron.db.ovn_revision_numbers_db [None req-a4c5f4fe-656f-463d-88ad-0cd78caea0e4 be4cb84c4ba948ec9c062b7a4008b662 7a10b33a19c046c49c77a20affc073e2 - - default default] Successfully bumped revision number for resource 85ca1ba3-ec79-4224-904a-8c6b5bc56cd4 (type: security_group_rules) to 0
2026-07-07 00:27:22.300 9 INFO neutron.db.ovn_revision_numbers_db [None req-a4c5f4fe-656f-463d-88ad-0cd78caea0e4 be4cb84c4ba948ec9c062b7a4008b662 7a10b33a19c046c49c77a20affc073e2 - - default default] Successfully bumped revision number for resource 8a11b2f9-9c3b-4b7a-9b34-abcc0614f220 (type: security_group_rules) to 0
2026-07-07 00:27:22.322 9 INFO neutron.db.ovn_revision_numbers_db [None req-e6781e88-9ee0-47a3-9f01-2ce702c32f44 dec4b64576ba41808245b5ade0f02473 25e2a210d1304279a0a7b81e46685668 - - default default] Successfully bumped revision number for resource 135d57d4-68c8-4efa-b5bc-773d9ed7b37e (type: networks) to 1
2026-07-07 00:27:22.324 9 INFO neutron.db.ovn_revision_numbers_db [None req-a4c5f4fe-656f-463d-88ad-0cd78caea0e4 be4cb84c4ba948ec9c062b7a4008b662 7a10b33a19c046c49c77a20affc073e2 - - default default] Successfully bumped revision number for resource b89baf7a-f12c-4f34-ad8b-755804ac285d (type: security_group_rules) to 0
2026-07-07 00:27:22.356 9 INFO neutron.db.ovn_revision_numbers_db [None req-a4c5f4fe-656f-463d-88ad-0cd78caea0e4 be4cb84c4ba948ec9c062b7a4008b662 7a10b33a19c046c49c77a20affc073e2 - - default default] Successfully bumped revision number for resource eadd4bb4-ed7a-4ca5-832e-4c4d31a2dfa0 (type: security_group_rules) to 0
2026-07-07 00:27:22.393 9 INFO neutron.wsgi [None req-a4c5f4fe-656f-463d-88ad-0cd78caea0e4 be4cb84c4ba948ec9c062b7a4008b662 7a10b33a19c046c49c77a20affc073e2 - - default default] 10.0.0.141 "GET /v2.0/security-groups?tenant_id=c996ad8cfa3549f6bcba1735f01ca105&name=default HTTP/1.1" status: 200 len: 2996 time: 0.3156378
2026-07-07 00:27:22.552 9 WARNING neutron.scheduler.dhcp_agent_scheduler [None req-e6781e88-9ee0-47a3-9f01-2ce702c32f44 dec4b64576ba41808245b5ade0f02473 25e2a210d1304279a0a7b81e46685668 - - default default] No more DHCP agents
2026-07-07 00:27:22.554 9 WARNING neutron.api.rpc.agentnotifiers.dhcp_rpc_agent_api [None req-e6781e88-9ee0-47a3-9f01-2ce702c32f44 dec4b64576ba41808245b5ade0f02473 25e2a210d1304279a0a7b81e46685668 - - default default] Unable to schedule network 135d57d4-68c8-4efa-b5bc-773d9ed7b37e: no agents available; will retry on subsequent port and subnet creation events.
2026-07-07 00:27:22.564 9 INFO neutron.db.ovn_revision_numbers_db [None req-a85949cf-9ffe-4b43-8672-79060a174f10 8e09531cfd8847a0b985baac6bcc6fbb f93087803b6446e69d3c0108b4440ed0 - - default default] Successfully bumped revision number for resource 9d696450-d11d-4f65-be5b-237db5b4d99e (type: security_groups) to 1
2026-07-07 00:27:22.589 9 INFO neutron.db.ovn_revision_numbers_db [None req-a85949cf-9ffe-4b43-8672-79060a174f10 8e09531cfd8847a0b985baac6bcc6fbb f93087803b6446e69d3c0108b4440ed0 - - default default] Successfully bumped revision number for resource 092f7658-b6be-4a86-9624-9b8e6e97b6ca (type: security_group_rules) to 0
2026-07-07 00:27:22.607 9 INFO neutron.wsgi [-] 10.0.0.178 "GET / HTTP/1.1" status: 200 len: 247 time: 0.0017612
2026-07-07 00:27:22.610 9 INFO neutron.wsgi [-] 10.0.0.178 "GET / HTTP/1.1" status: 200 len: 247 time: 0.0014791
2026-07-07 00:27:22.633 9 INFO neutron.db.ovn_revision_numbers_db [None req-a85949cf-9ffe-4b43-8672-79060a174f10 8e09531cfd8847a0b985baac6bcc6fbb f93087803b6446e69d3c0108b4440ed0 - - default default] Successfully bumped revision number for resource 37e88650-6902-4194-b388-1f3798eb6df0 (type: security_group_rules) to 0
2026-07-07 00:27:22.662 10 INFO neutron.wsgi [None req-e39d0e41-3ee8-4bc1-9425-6614a455ac04 be4cb84c4ba948ec9c062b7a4008b662 7a10b33a19c046c49c77a20affc073e2 - - default default] 10.0.0.141 "DELETE /v2.0/security-groups/19c3c20d-cbe9-4906-847c-d0d07b263f28 HTTP/1.1" status: 204 len: 168 time: 0.2628787
2026-07-07 00:27:22.685 9 INFO neutron.db.ovn_revision_numbers_db [None req-a85949cf-9ffe-4b43-8672-79060a174f10 8e09531cfd8847a0b985baac6bcc6fbb f93087803b6446e69d3c0108b4440ed0 - - default default] Successfully bumped revision number for resource 864cdf29-e7b3-4e8a-8b1d-fb049a794963 (type: security_group_rules) to 0
2026-07-07 00:27:22.709 9 INFO neutron.db.ovn_revision_numbers_db [None req-a85949cf-9ffe-4b43-8672-79060a174f10 8e09531cfd8847a0b985baac6bcc6fbb f93087803b6446e69d3c0108b4440ed0 - - default default] Successfully bumped revision number for resource 93486366-2b18-4043-acdc-42a3763bd06e (type: security_group_rules) to 0
2026-07-07 00:27:22.716 9 INFO neutron.db.ovn_revision_numbers_db [None req-e6781e88-9ee0-47a3-9f01-2ce702c32f44 dec4b64576ba41808245b5ade0f02473 25e2a210d1304279a0a7b81e46685668 - - default default] Successfully bumped revision number for resource a68d5cea-8629-44fa-acfb-08c744fadda8 (type: ports) to 1
2026-07-07 00:27:22.764 9 INFO neutron.wsgi [None req-e6781e88-9ee0-47a3-9f01-2ce702c32f44 dec4b64576ba41808245b5ade0f02473 25e2a210d1304279a0a7b81e46685668 - - default default] 10.0.0.141 "POST /v2.0/networks HTTP/1.1" status: 201 len: 846 time: 1.1724763
2026-07-07 00:27:22.780 9 INFO neutron.db.segments_db [None req-a85949cf-9ffe-4b43-8672-79060a174f10 8e09531cfd8847a0b985baac6bcc6fbb f93087803b6446e69d3c0108b4440ed0 - - default default] Added segment 3baf46fc-1f78-4f10-8973-1b60b2e2c2b5 of type geneve for network 2526536d-7a0f-49a8-a672-34f5375bdb28
2026-07-07 00:27:22.978 9 INFO neutron.db.ovn_revision_numbers_db [None req-a85949cf-9ffe-4b43-8672-79060a174f10 8e09531cfd8847a0b985baac6bcc6fbb f93087803b6446e69d3c0108b4440ed0 - - default default] Successfully bumped revision number for resource 2526536d-7a0f-49a8-a672-34f5375bdb28 (type: networks) to 1
2026-07-07 00:27:23.292 9 WARNING neutron.scheduler.dhcp_agent_scheduler [None req-a85949cf-9ffe-4b43-8672-79060a174f10 8e09531cfd8847a0b985baac6bcc6fbb f93087803b6446e69d3c0108b4440ed0 - - default default] No more DHCP agents
2026-07-07 00:27:23.294 9 WARNING neutron.api.rpc.agentnotifiers.dhcp_rpc_agent_api [None req-a85949cf-9ffe-4b43-8672-79060a174f10 8e09531cfd8847a0b985baac6bcc6fbb f93087803b6446e69d3c0108b4440ed0 - - default default] Unable to schedule network 2526536d-7a0f-49a8-a672-34f5375bdb28: no agents available; will retry on subsequent port and subnet creation events.
2026-07-07 00:27:23.418 9 INFO neutron.db.ovn_revision_numbers_db [None req-a85949cf-9ffe-4b43-8672-79060a174f10 8e09531cfd8847a0b985baac6bcc6fbb f93087803b6446e69d3c0108b4440ed0 - - default default] Successfully bumped revision number for resource 2334b645-030c-41bd-adc7-f360195c58ef (type: ports) to 1
2026-07-07 00:27:23.445 9 INFO neutron.wsgi [None req-a85949cf-9ffe-4b43-8672-79060a174f10 8e09531cfd8847a0b985baac6bcc6fbb f93087803b6446e69d3c0108b4440ed0 - - default default] 10.0.0.141 "POST /v2.0/networks HTTP/1.1" status: 201 len: 831 time: 1.2334070
2026-07-07 00:27:23.774 9 WARNING neutron.scheduler.dhcp_agent_scheduler [None req-873abaf2-1ca0-43df-bc7e-7d3c7779e2e9 8e09531cfd8847a0b985baac6bcc6fbb f93087803b6446e69d3c0108b4440ed0 - - default default] No more DHCP agents
2026-07-07 00:27:23.778 9 WARNING neutron.api.rpc.agentnotifiers.dhcp_rpc_agent_api [None req-873abaf2-1ca0-43df-bc7e-7d3c7779e2e9 8e09531cfd8847a0b985baac6bcc6fbb f93087803b6446e69d3c0108b4440ed0 - - default default] Unable to schedule network 2526536d-7a0f-49a8-a672-34f5375bdb28: no agents available; will retry on subsequent port and subnet creation events.
2026-07-07 00:27:23.869 10 WARNING neutron.scheduler.dhcp_agent_scheduler [None req-832f378c-b81e-494c-aabe-ed05790851c0 dec4b64576ba41808245b5ade0f02473 25e2a210d1304279a0a7b81e46685668 - - default default] No more DHCP agents
2026-07-07 00:27:23.872 10 WARNING neutron.api.rpc.agentnotifiers.dhcp_rpc_agent_api [None req-832f378c-b81e-494c-aabe-ed05790851c0 dec4b64576ba41808245b5ade0f02473 25e2a210d1304279a0a7b81e46685668 - - default default] Unable to schedule network 135d57d4-68c8-4efa-b5bc-773d9ed7b37e: no agents available; will retry on subsequent port and subnet creation events.
2026-07-07 00:27:23.894 9 INFO neutron.db.ovn_revision_numbers_db [None req-873abaf2-1ca0-43df-bc7e-7d3c7779e2e9 8e09531cfd8847a0b985baac6bcc6fbb f93087803b6446e69d3c0108b4440ed0 - - default default] Successfully bumped revision number for resource b45c3d2f-85d2-4894-8091-409cf4f335b6 (type: ports) to 1
2026-07-07 00:27:23.918 9 INFO neutron.wsgi [None req-873abaf2-1ca0-43df-bc7e-7d3c7779e2e9 8e09531cfd8847a0b985baac6bcc6fbb f93087803b6446e69d3c0108b4440ed0 - - default default] 10.0.0.141 "POST /v2.0/ports HTTP/1.1" status: 201 len: 942 time: 0.4671328 /var/lib/openstack/lib/python3.10/site-packages/pycadf/identifier.py:71: UserWarning: Invalid uuid: neutron. To ensure interoperability, identifiers should be a valid uuid. warnings.warn(('Invalid uuid: %s. To ensure interoperability, '
2026-07-07 00:27:23.929 10 INFO neutron.db.ovn_revision_numbers_db [None req-832f378c-b81e-494c-aabe-ed05790851c0 dec4b64576ba41808245b5ade0f02473 25e2a210d1304279a0a7b81e46685668 - - default default] Successfully bumped revision number for resource 1a1a276b-0747-4668-980a-2fe5a24a7d76 (type: subnets) to 0
2026-07-07 00:27:23.946 10 INFO neutron.wsgi [None req-832f378c-b81e-494c-aabe-ed05790851c0 dec4b64576ba41808245b5ade0f02473 25e2a210d1304279a0a7b81e46685668 - - default default] 10.0.0.141 "POST /v2.0/subnets HTTP/1.1" status: 201 len: 848 time: 0.5875959
2026-07-07 00:27:24.053 10 INFO neutron.db.segments_db [None req-543fd724-685c-4b9d-9b68-a8dc7415fddb dec4b64576ba41808245b5ade0f02473 25e2a210d1304279a0a7b81e46685668 - - default default] Added segment bc758115-be29-41c1-90aa-5a7d3f4faf48 of type geneve for network eac00b9c-19b2-45db-956a-2c0cc03fdbd7
2026-07-07 00:27:24.095 10 INFO neutron.wsgi [req-b65fd17d-e0b7-4693-b58d-560d960039db req-db55222e-df8a-439d-a682-a371d278adda 89c303b20e664d4fbb7d2652fddd4b9e 1031b3bb3e9b4720a61baed768c1d65e - - 4a9d02f35e214977bc4d1f5b1325aaf9 4a9d02f35e214977bc4d1f5b1325aaf9] 10.0.0.202 "GET /v2.0/ports?device_id=07a4c649-a38e-4039-bd7f-76f99700d213 HTTP/1.1" status: 200 len: 1413 time: 0.0534449
2026-07-07 00:27:24.168 10 INFO neutron.wsgi [req-b65fd17d-e0b7-4693-b58d-560d960039db req-bfaf9a61-614e-4daa-83ef-488f52d589dd 89c303b20e664d4fbb7d2652fddd4b9e 1031b3bb3e9b4720a61baed768c1d65e - - 4a9d02f35e214977bc4d1f5b1325aaf9 4a9d02f35e214977bc4d1f5b1325aaf9] 10.0.0.202 "GET /v2.0/security-groups?id=24255479-dc11-488d-a054-728c60ef014d&fields=id&fields=name HTTP/1.1" status: 200 len: 313 time: 0.0614386
2026-07-07 00:27:24.259 10 INFO neutron.db.ovn_revision_numbers_db [None req-543fd724-685c-4b9d-9b68-a8dc7415fddb dec4b64576ba41808245b5ade0f02473 25e2a210d1304279a0a7b81e46685668 - - default default] Successfully bumped revision number for resource eac00b9c-19b2-45db-956a-2c0cc03fdbd7 (type: networks) to 1
2026-07-07 00:27:24.297 9 INFO neutron.wsgi [None req-0a429a4a-2530-411a-b9d5-84f75636736a 8e09531cfd8847a0b985baac6bcc6fbb f93087803b6446e69d3c0108b4440ed0 - - default default] 10.0.0.141 "POST /v2.0/trunks HTTP/1.1" status: 201 len: 608 time: 0.3725562
2026-07-07 00:27:24.400 9 INFO neutron.db.segments_db [None req-6d9d8552-198e-4e07-9af6-f25e56c00daf 8e09531cfd8847a0b985baac6bcc6fbb f93087803b6446e69d3c0108b4440ed0 - - default default] Added segment a5d45c9f-82a7-4c75-8191-1100905016b4 of type geneve for network e947f385-05fd-4a25-9009-0d36234f1947
2026-07-07 00:27:24.495 10 WARNING neutron.scheduler.dhcp_agent_scheduler [None req-543fd724-685c-4b9d-9b68-a8dc7415fddb dec4b64576ba41808245b5ade0f02473 25e2a210d1304279a0a7b81e46685668 - - default default] No more DHCP agents
2026-07-07 00:27:24.498 10 WARNING neutron.api.rpc.agentnotifiers.dhcp_rpc_agent_api [None req-543fd724-685c-4b9d-9b68-a8dc7415fddb dec4b64576ba41808245b5ade0f02473 25e2a210d1304279a0a7b81e46685668 - - default default] Unable to schedule network eac00b9c-19b2-45db-956a-2c0cc03fdbd7: no agents available; will retry on subsequent port and subnet creation events.
2026-07-07 00:27:24.573 9 INFO neutron.db.ovn_revision_numbers_db [None req-6d9d8552-198e-4e07-9af6-f25e56c00daf 8e09531cfd8847a0b985baac6bcc6fbb f93087803b6446e69d3c0108b4440ed0 - - default default] Successfully bumped revision number for resource e947f385-05fd-4a25-9009-0d36234f1947 (type: networks) to 1
2026-07-07 00:27:24.602 10 INFO neutron.db.ovn_revision_numbers_db [None req-543fd724-685c-4b9d-9b68-a8dc7415fddb dec4b64576ba41808245b5ade0f02473 25e2a210d1304279a0a7b81e46685668 - - default default] Successfully bumped revision number for resource 94463d39-7e2f-4aa7-aef3-2dcbc6d8acb5 (type: ports) to 1
2026-07-07 00:27:24.636 10 INFO neutron.wsgi [None req-543fd724-685c-4b9d-9b68-a8dc7415fddb dec4b64576ba41808245b5ade0f02473 25e2a210d1304279a0a7b81e46685668 - - default default] 10.0.0.141 "POST /v2.0/networks HTTP/1.1" status: 201 len: 847 time: 0.6826413
2026-07-07 00:27:24.793 9 WARNING neutron.scheduler.dhcp_agent_scheduler [None req-6d9d8552-198e-4e07-9af6-f25e56c00daf 8e09531cfd8847a0b985baac6bcc6fbb f93087803b6446e69d3c0108b4440ed0 - - default default] No more DHCP agents
2026-07-07 00:27:24.797 9 WARNING neutron.api.rpc.agentnotifiers.dhcp_rpc_agent_api [None req-6d9d8552-198e-4e07-9af6-f25e56c00daf 8e09531cfd8847a0b985baac6bcc6fbb f93087803b6446e69d3c0108b4440ed0 - - default default] Unable to schedule network e947f385-05fd-4a25-9009-0d36234f1947: no agents available; will retry on subsequent port and subnet creation events.
2026-07-07 00:27:24.884 10 INFO neutron.db.ovn_revision_numbers_db [None req-3e1d7030-0457-4d55-bb54-f801de79918a dec4b64576ba41808245b5ade0f02473 25e2a210d1304279a0a7b81e46685668 - - default default] Successfully bumped revision number for resource eac00b9c-19b2-45db-956a-2c0cc03fdbd7 (type: networks) to 2
2026-07-07 00:27:24.889 10 INFO neutron.wsgi [None req-3e1d7030-0457-4d55-bb54-f801de79918a dec4b64576ba41808245b5ade0f02473 25e2a210d1304279a0a7b81e46685668 - - default default] 10.0.0.141 "PUT /v2.0/networks/eac00b9c-19b2-45db-956a-2c0cc03fdbd7 HTTP/1.1" status: 200 len: 792 time: 0.2447939
2026-07-07 00:27:24.891 9 INFO neutron.db.ovn_revision_numbers_db [None req-6d9d8552-198e-4e07-9af6-f25e56c00daf 8e09531cfd8847a0b985baac6bcc6fbb f93087803b6446e69d3c0108b4440ed0 - - default default] Successfully bumped revision number for resource f969edb6-8ec4-4b41-a4bb-46ad12cd53fa (type: ports) to 1
2026-07-07 00:27:24.922 9 INFO neutron.wsgi [None req-6d9d8552-198e-4e07-9af6-f25e56c00daf 8e09531cfd8847a0b985baac6bcc6fbb f93087803b6446e69d3c0108b4440ed0 - - default default] 10.0.0.141 "POST /v2.0/networks HTTP/1.1" status: 201 len: 831 time: 0.6196167
2026-07-07 00:27:25.259 10 WARNING neutron.scheduler.dhcp_agent_scheduler [None req-4ecbb881-04e7-480d-97ee-4e119ff71d3e dec4b64576ba41808245b5ade0f02473 25e2a210d1304279a0a7b81e46685668 - - default default] No more DHCP agents
2026-07-07 00:27:25.271 10 WARNING neutron.api.rpc.agentnotifiers.dhcp_rpc_agent_api [None req-4ecbb881-04e7-480d-97ee-4e119ff71d3e dec4b64576ba41808245b5ade0f02473 25e2a210d1304279a0a7b81e46685668 - - default default] Unable to schedule network eac00b9c-19b2-45db-956a-2c0cc03fdbd7: no agents available; will retry on subsequent port and subnet creation events.
2026-07-07 00:27:25.297 10 WARNING neutron.scheduler.dhcp_agent_scheduler [None req-2edde8bb-0ed5-4b1c-b1ba-34956b5a44ae 8e09531cfd8847a0b985baac6bcc6fbb f93087803b6446e69d3c0108b4440ed0 - - default default] No more DHCP agents
2026-07-07 00:27:25.306 10 WARNING neutron.api.rpc.agentnotifiers.dhcp_rpc_agent_api [None req-2edde8bb-0ed5-4b1c-b1ba-34956b5a44ae 8e09531cfd8847a0b985baac6bcc6fbb f93087803b6446e69d3c0108b4440ed0 - - default default] Unable to schedule network e947f385-05fd-4a25-9009-0d36234f1947: no agents available; will retry on subsequent port and subnet creation events.
2026-07-07 00:27:25.335 10 INFO neutron.db.ovn_revision_numbers_db [None req-4ecbb881-04e7-480d-97ee-4e119ff71d3e dec4b64576ba41808245b5ade0f02473 25e2a210d1304279a0a7b81e46685668 - - default default] Successfully bumped revision number for resource 8392e53a-1f76-41dc-a9bc-7c1ca716d874 (type: subnets) to 0
2026-07-07 00:27:25.367 10 INFO neutron.wsgi [None req-4ecbb881-04e7-480d-97ee-4e119ff71d3e dec4b64576ba41808245b5ade0f02473 25e2a210d1304279a0a7b81e46685668 - - default default] 10.0.0.141 "POST /v2.0/subnets HTTP/1.1" status: 201 len: 821 time: 0.4725950
2026-07-07 00:27:25.413 10 INFO neutron.db.ovn_revision_numbers_db [None req-2edde8bb-0ed5-4b1c-b1ba-34956b5a44ae 8e09531cfd8847a0b985baac6bcc6fbb f93087803b6446e69d3c0108b4440ed0 - - default default] Successfully bumped revision number for resource 72058c44-d050-4bd0-8202-9d3e2e2c36c9 (type: ports) to 1
2026-07-07 00:27:25.446 10 INFO neutron.wsgi [None req-2edde8bb-0ed5-4b1c-b1ba-34956b5a44ae 8e09531cfd8847a0b985baac6bcc6fbb f93087803b6446e69d3c0108b4440ed0 - - default default] 10.0.0.141 "POST /v2.0/ports HTTP/1.1" status: 201 len: 942 time: 0.5184133 /var/lib/openstack/lib/python3.10/site-packages/pycadf/identifier.py:71: UserWarning: Invalid uuid: neutron. To ensure interoperability, identifiers should be a valid uuid. warnings.warn(('Invalid uuid: %s. To ensure interoperability, '
2026-07-07 00:27:25.710 10 INFO neutron.wsgi [None req-44062d70-2a05-4338-b826-55a27c66b33e 8e09531cfd8847a0b985baac6bcc6fbb f93087803b6446e69d3c0108b4440ed0 - - default default] 10.0.0.141 "POST /v2.0/trunks HTTP/1.1" status: 201 len: 608 time: 0.2577934
2026-07-07 00:27:25.812 10 INFO neutron.db.segments_db [None req-e28c79ed-5b0f-40f8-a1f4-e1013bc66a0c 8e09531cfd8847a0b985baac6bcc6fbb f93087803b6446e69d3c0108b4440ed0 - - default default] Added segment 3cc528c5-d90a-4d60-ab8c-b261f862518b of type geneve for network 682deb56-5616-4166-ae21-ce1497f51b55
2026-07-07 00:27:25.989 10 INFO neutron.db.ovn_revision_numbers_db [None req-e28c79ed-5b0f-40f8-a1f4-e1013bc66a0c 8e09531cfd8847a0b985baac6bcc6fbb f93087803b6446e69d3c0108b4440ed0 - - default default] Successfully bumped revision number for resource 682deb56-5616-4166-ae21-ce1497f51b55 (type: networks) to 1
2026-07-07 00:27:26.087 9 INFO neutron.wsgi [None req-45517cf9-2599-4512-9c27-8795c1db5b67 2e40dfcfa3164f9bb78bdb247b65b661 229878dd0178432f9dbbf43667c46a45 - - default default] 10.0.0.141 "GET /v2.0/ports?project_id=3a4f1df2cf834d2b8e0d43d616bfe385&network_id=5400cc5d-479d-41b9-ba6d-49aa5486a952 HTTP/1.1" status: 200 len: 3514 time: 0.0642223
2026-07-07 00:27:26.214 9 INFO neutron.db.ovn_revision_numbers_db [None req-c3f4587f-dcbf-4be0-954a-9fb6d54f662a dec4b64576ba41808245b5ade0f02473 25e2a210d1304279a0a7b81e46685668 - - default default] Successfully bumped revision number for resource 94463d39-7e2f-4aa7-aef3-2dcbc6d8acb5 (type: ports) to 2
2026-07-07 00:27:26.253 10 WARNING neutron.scheduler.dhcp_agent_scheduler [None req-e28c79ed-5b0f-40f8-a1f4-e1013bc66a0c 8e09531cfd8847a0b985baac6bcc6fbb f93087803b6446e69d3c0108b4440ed0 - - default default] No more DHCP agents
2026-07-07 00:27:26.257 10 WARNING neutron.api.rpc.agentnotifiers.dhcp_rpc_agent_api [None req-e28c79ed-5b0f-40f8-a1f4-e1013bc66a0c 8e09531cfd8847a0b985baac6bcc6fbb f93087803b6446e69d3c0108b4440ed0 - - default default] Unable to schedule network 682deb56-5616-4166-ae21-ce1497f51b55: no agents available; will retry on subsequent port and subnet creation events.
2026-07-07 00:27:26.257 9 INFO neutron.db.ovn_revision_numbers_db [None req-c3f4587f-dcbf-4be0-954a-9fb6d54f662a dec4b64576ba41808245b5ade0f02473 25e2a210d1304279a0a7b81e46685668 - - default default] Successfully bumped revision number for resource 8392e53a-1f76-41dc-a9bc-7c1ca716d874 (type: subnets) to 1
2026-07-07 00:27:26.261 9 INFO neutron.wsgi [None req-c3f4587f-dcbf-4be0-954a-9fb6d54f662a dec4b64576ba41808245b5ade0f02473 25e2a210d1304279a0a7b81e46685668 - - default default] 10.0.0.141 "PUT /v2.0/subnets/8392e53a-1f76-41dc-a9bc-7c1ca716d874 HTTP/1.1" status: 200 len: 826 time: 0.8758838
2026-07-07 00:27:26.375 10 INFO neutron.db.ovn_revision_numbers_db [None req-e28c79ed-5b0f-40f8-a1f4-e1013bc66a0c 8e09531cfd8847a0b985baac6bcc6fbb f93087803b6446e69d3c0108b4440ed0 - - default default] Successfully bumped revision number for resource c1e42227-76ba-4515-91cd-3132762cbaf7 (type: ports) to 1
2026-07-07 00:27:26.409 10 INFO neutron.wsgi [None req-e28c79ed-5b0f-40f8-a1f4-e1013bc66a0c 8e09531cfd8847a0b985baac6bcc6fbb f93087803b6446e69d3c0108b4440ed0 - - default default] 10.0.0.141 "POST /v2.0/networks HTTP/1.1" status: 201 len: 831 time: 0.6917953
2026-07-07 00:27:26.410 9 INFO neutron.wsgi [None req-1bd2a597-e6dd-4424-b666-9af35247e9e8 2e40dfcfa3164f9bb78bdb247b65b661 229878dd0178432f9dbbf43667c46a45 - - default default] 10.0.0.141 "GET /v2.0/subnets?network_id=fc093fff-c53f-4348-a77b-2fab9ce5afff HTTP/1.1" status: 200 len: 838 time: 0.0706909
2026-07-07 00:27:26.776 10 INFO neutron.db.l3_db [None req-1cada15a-81d8-4855-b548-8d97cb9d6a63 067095f7ad814bae9b56522d12e646c0 3a4f1df2cf834d2b8e0d43d616bfe385 - - default default] Floating IP 364e6b17-be2f-4ebe-bb07-8dd8ab8d428d disassociated. External IP: 10.96.250.211, port: ebdceb3b-c3c4-4fd0-ae6b-a793f60f3d8b.
2026-07-07 00:27:26.824 10 INFO neutron.db.ovn_revision_numbers_db [None req-1cada15a-81d8-4855-b548-8d97cb9d6a63 067095f7ad814bae9b56522d12e646c0 3a4f1df2cf834d2b8e0d43d616bfe385 - - default default] Successfully bumped revision number for resource 364e6b17-be2f-4ebe-bb07-8dd8ab8d428d (type: floatingips) to 2
2026-07-07 00:27:26.858 9 WARNING neutron.scheduler.dhcp_agent_scheduler [None req-cdba932f-0f75-4312-9f9d-27e99f4bfdcd 8e09531cfd8847a0b985baac6bcc6fbb f93087803b6446e69d3c0108b4440ed0 - - default default] No more DHCP agents
2026-07-07 00:27:26.862 9 WARNING neutron.api.rpc.agentnotifiers.dhcp_rpc_agent_api [None req-cdba932f-0f75-4312-9f9d-27e99f4bfdcd 8e09531cfd8847a0b985baac6bcc6fbb f93087803b6446e69d3c0108b4440ed0 - - default default] Unable to schedule network 682deb56-5616-4166-ae21-ce1497f51b55: no agents available; will retry on subsequent port and subnet creation events.
