2026-07-07 00:26:01.540 10 WARNING neutron.scheduler.dhcp_agent_scheduler [None req-ac988ed9-a8ee-4efa-b0dd-cc54a7e8dd15 116d24e45ba1481bbbc066f391f1fa48 e2500b07d6ec491e99bcf59b92bc9521 - - default default] No more DHCP agents
2026-07-07 00:26:01.543 10 WARNING neutron.api.rpc.agentnotifiers.dhcp_rpc_agent_api [None req-ac988ed9-a8ee-4efa-b0dd-cc54a7e8dd15 116d24e45ba1481bbbc066f391f1fa48 e2500b07d6ec491e99bcf59b92bc9521 - - default default] Unable to schedule network ec823a0d-22ed-4334-afb5-b8edfb417c51: no agents available; will retry on subsequent port and subnet creation events.
2026-07-07 00:26:01.630 9 INFO neutron.wsgi [req-ee0526b3-d02f-4aa8-a044-cf0b9a1212df req-d6523e83-aaee-4763-b6f9-979c7dfd0294 89c303b20e664d4fbb7d2652fddd4b9e 1031b3bb3e9b4720a61baed768c1d65e - - 4a9d02f35e214977bc4d1f5b1325aaf9 4a9d02f35e214977bc4d1f5b1325aaf9] 199.204.45.70 "GET /v2.0/subnets?id=5aa80f8c-fa14-44b6-baeb-524c276fdb1d HTTP/1.1" status: 200 len: 869 time: 0.0828369
2026-07-07 00:26:01.638 9 INFO neutron.wsgi [req-048e9e4e-1b79-48ee-93c5-1e3573ea2e65 req-8c5c7441-798d-453b-abac-6d0d401b4f31 8bb3d32e8231429da84f0d9981d73fd8 7030727b2a144de5bf3e3b1852e6e45c - - default default] 10.0.0.51 "GET /v2.0/security-groups?id=0953e25e-f169-4cec-8231-bb667f695fb0&fields=id&fields=name HTTP/1.1" status: 200 len: 312 time: 0.1040878
2026-07-07 00:26:01.673 9 INFO neutron.wsgi [req-ee0526b3-d02f-4aa8-a044-cf0b9a1212df req-8e22f005-e9e8-4f6e-972f-81963a247c9c 89c303b20e664d4fbb7d2652fddd4b9e 1031b3bb3e9b4720a61baed768c1d65e - - 4a9d02f35e214977bc4d1f5b1325aaf9 4a9d02f35e214977bc4d1f5b1325aaf9] 199.204.45.70 "GET /v2.0/ports?network_id=f00590cd-773c-40e6-8141-d938526c7566&device_owner=network%3Adhcp HTTP/1.1" status: 200 len: 210 time: 0.0338726
2026-07-07 00:26:01.722 10 INFO neutron.plugins.ml2.drivers.ovn.mech_driver.mech_driver [None req-3a0a643f-de9c-4c71-9c69-d4447a6e9dc9 - - - - - -] OVN reports status up for port: 10f74cb1-dcee-4d0b-a082-11318782ec73
2026-07-07 00:26:01.734 10 INFO neutron.plugins.ml2.plugin [None req-3a0a643f-de9c-4c71-9c69-d4447a6e9dc9 - - - - - -] Attempt 1 to provision port 10f74cb1-dcee-4d0b-a082-11318782ec73
2026-07-07 00:26:01.780 9 INFO neutron.db.ovn_revision_numbers_db [None req-6adeec8a-36d5-4ac9-8551-f29a86229a46 93c4931a69714437a058f387207e5040 a131f227cf9e401db5e6eea2d32e0b45 - - default default] Successfully bumped revision number for resource 10f74cb1-dcee-4d0b-a082-11318782ec73 (type: router_ports) to 1
2026-07-07 00:26:01.794 9 INFO neutron.wsgi [req-ee0526b3-d02f-4aa8-a044-cf0b9a1212df req-2d63fb7c-a0bc-4b34-9d89-d7e2ba57eacc 89c303b20e664d4fbb7d2652fddd4b9e 1031b3bb3e9b4720a61baed768c1d65e - - 4a9d02f35e214977bc4d1f5b1325aaf9 4a9d02f35e214977bc4d1f5b1325aaf9] 199.204.45.70 "GET /v2.0/networks/f00590cd-773c-40e6-8141-d938526c7566?fields=segments HTTP/1.1" status: 200 len: 212 time: 0.1127527
2026-07-07 00:26:01.896 9 INFO neutron.wsgi [req-ee0526b3-d02f-4aa8-a044-cf0b9a1212df req-e8d996e3-e7d0-42f0-950b-1da45850fa9d 89c303b20e664d4fbb7d2652fddd4b9e 1031b3bb3e9b4720a61baed768c1d65e - - 4a9d02f35e214977bc4d1f5b1325aaf9 4a9d02f35e214977bc4d1f5b1325aaf9] 199.204.45.70 "GET /v2.0/networks/f00590cd-773c-40e6-8141-d938526c7566?fields=provider%3Aphysical_network&fields=provider%3Anetwork_type HTTP/1.1" status: 200 len: 277 time: 0.0950959
2026-07-07 00:26:01.996 9 INFO neutron.wsgi [req-2f21dd54-7543-4e98-8639-fc8c63efbb4a req-435aca2f-f20e-4081-bd87-de5392f90727 89c303b20e664d4fbb7d2652fddd4b9e 1031b3bb3e9b4720a61baed768c1d65e - - 4a9d02f35e214977bc4d1f5b1325aaf9 4a9d02f35e214977bc4d1f5b1325aaf9] 199.204.45.70 "GET /v2.0/ports?tenant_id=7030727b2a144de5bf3e3b1852e6e45c&device_id=ac543189-9948-4601-9f59-53bafb1fc3d4 HTTP/1.1" status: 200 len: 1411 time: 0.0551910
2026-07-07 00:26:02.033 9 INFO neutron.db.ovn_revision_numbers_db [None req-6adeec8a-36d5-4ac9-8551-f29a86229a46 93c4931a69714437a058f387207e5040 a131f227cf9e401db5e6eea2d32e0b45 - - default default] Successfully bumped revision number for resource 10f74cb1-dcee-4d0b-a082-11318782ec73 (type: ports) to 1
2026-07-07 00:26:02.093 10 INFO neutron.db.ovn_revision_numbers_db [None req-3a0a643f-de9c-4c71-9c69-d4447a6e9dc9 - - - - - -] Successfully bumped revision number for resource 10f74cb1-dcee-4d0b-a082-11318782ec73 (type: ports) to 2
2026-07-07 00:26:02.098 9 INFO neutron.wsgi [req-2f21dd54-7543-4e98-8639-fc8c63efbb4a req-1bb60774-7e7d-46af-aea9-e8f2de674af3 89c303b20e664d4fbb7d2652fddd4b9e 1031b3bb3e9b4720a61baed768c1d65e - - 4a9d02f35e214977bc4d1f5b1325aaf9 4a9d02f35e214977bc4d1f5b1325aaf9] 199.204.45.70 "GET /v2.0/networks?id=f00590cd-773c-40e6-8141-d938526c7566 HTTP/1.1" status: 200 len: 974 time: 0.0881400
2026-07-07 00:26:02.136 9 INFO neutron.wsgi [req-2f21dd54-7543-4e98-8639-fc8c63efbb4a req-e8139e6f-84d7-4ea7-9dc2-59cd36f6b3d7 89c303b20e664d4fbb7d2652fddd4b9e 1031b3bb3e9b4720a61baed768c1d65e - - 4a9d02f35e214977bc4d1f5b1325aaf9 4a9d02f35e214977bc4d1f5b1325aaf9] 199.204.45.70 "GET /v2.0/floatingips?fixed_ip_address=10.100.0.13&port_id=27579c64-e694-40d0-ac24-f10c7a41b557 HTTP/1.1" status: 200 len: 217 time: 0.0283377
2026-07-07 00:26:02.140 9 WARNING neutron.scheduler.dhcp_agent_scheduler [None req-6adeec8a-36d5-4ac9-8551-f29a86229a46 93c4931a69714437a058f387207e5040 a131f227cf9e401db5e6eea2d32e0b45 - - default default] No more DHCP agents
2026-07-07 00:26:02.142 9 WARNING neutron.api.rpc.agentnotifiers.dhcp_rpc_agent_api [None req-6adeec8a-36d5-4ac9-8551-f29a86229a46 93c4931a69714437a058f387207e5040 a131f227cf9e401db5e6eea2d32e0b45 - - default default] Unable to schedule network ea0aa529-7d00-4f9a-9816-8dfbc736c6c5: no agents available; will retry on subsequent port and subnet creation events.
2026-07-07 00:26:02.218 9 INFO neutron.wsgi [req-2f21dd54-7543-4e98-8639-fc8c63efbb4a req-4424ca14-3218-4a2e-bc1b-638791a5fc88 89c303b20e664d4fbb7d2652fddd4b9e 1031b3bb3e9b4720a61baed768c1d65e - - 4a9d02f35e214977bc4d1f5b1325aaf9 4a9d02f35e214977bc4d1f5b1325aaf9] 199.204.45.70 "GET /v2.0/subnets?id=5aa80f8c-fa14-44b6-baeb-524c276fdb1d HTTP/1.1" status: 200 len: 869 time: 0.0741913
2026-07-07 00:26:02.273 9 INFO neutron.wsgi [req-2f21dd54-7543-4e98-8639-fc8c63efbb4a req-f86aa589-3634-43d4-bbbc-e4b74f154361 89c303b20e664d4fbb7d2652fddd4b9e 1031b3bb3e9b4720a61baed768c1d65e - - 4a9d02f35e214977bc4d1f5b1325aaf9 4a9d02f35e214977bc4d1f5b1325aaf9] 199.204.45.70 "GET /v2.0/ports?network_id=f00590cd-773c-40e6-8141-d938526c7566&device_owner=network%3Adhcp HTTP/1.1" status: 200 len: 210 time: 0.0332272
2026-07-07 00:26:02.367 9 INFO neutron.wsgi [req-2f21dd54-7543-4e98-8639-fc8c63efbb4a req-f543383f-59df-4d58-b2f3-6ac1ebd526fd 89c303b20e664d4fbb7d2652fddd4b9e 1031b3bb3e9b4720a61baed768c1d65e - - 4a9d02f35e214977bc4d1f5b1325aaf9 4a9d02f35e214977bc4d1f5b1325aaf9] 199.204.45.70 "GET /v2.0/networks/f00590cd-773c-40e6-8141-d938526c7566?fields=segments HTTP/1.1" status: 200 len: 212 time: 0.0838456
2026-07-07 00:26:02.478 9 INFO neutron.wsgi [req-2f21dd54-7543-4e98-8639-fc8c63efbb4a req-fb285a64-254a-422d-9940-b977fcc6ae30 89c303b20e664d4fbb7d2652fddd4b9e 1031b3bb3e9b4720a61baed768c1d65e - - 4a9d02f35e214977bc4d1f5b1325aaf9 4a9d02f35e214977bc4d1f5b1325aaf9] 199.204.45.70 "GET /v2.0/networks/f00590cd-773c-40e6-8141-d938526c7566?fields=provider%3Aphysical_network&fields=provider%3Anetwork_type HTTP/1.1" status: 200 len: 277 time: 0.0958467
2026-07-07 00:26:02.491 9 INFO neutron.db.ovn_revision_numbers_db [None req-6adeec8a-36d5-4ac9-8551-f29a86229a46 93c4931a69714437a058f387207e5040 a131f227cf9e401db5e6eea2d32e0b45 - - default default] Successfully bumped revision number for resource 10f74cb1-dcee-4d0b-a082-11318782ec73 (type: router_ports) to 2
2026-07-07 00:26:02.494 9 INFO neutron.wsgi [None req-6adeec8a-36d5-4ac9-8551-f29a86229a46 93c4931a69714437a058f387207e5040 a131f227cf9e401db5e6eea2d32e0b45 - - default default] 10.0.0.141 "PUT /v2.0/routers/7398b6af-3827-4a2f-bd65-d77a31a3f915/add_router_interface HTTP/1.1" status: 200 len: 503 time: 2.6565013
2026-07-07 00:26:02.603 9 INFO neutron.wsgi [None req-94008f4f-0634-41b9-a9cd-2784fd162310 93c4931a69714437a058f387207e5040 a131f227cf9e401db5e6eea2d32e0b45 - - default default] 10.0.0.141 "GET /v2.0/ports/10f74cb1-dcee-4d0b-a082-11318782ec73 HTTP/1.1" status: 200 len: 1137 time: 0.1024404
2026-07-07 00:26:02.651 9 INFO neutron.wsgi [None req-7f7cc38a-e2dc-45c2-b630-d2140b54c90d 93c4931a69714437a058f387207e5040 a131f227cf9e401db5e6eea2d32e0b45 - - default default] 10.0.0.141 "GET /v2.0/ports/10f74cb1-dcee-4d0b-a082-11318782ec73 HTTP/1.1" status: 200 len: 1137 time: 0.0430479
2026-07-07 00:26:02.732 10 INFO neutron.db.ovn_revision_numbers_db [None req-ac988ed9-a8ee-4efa-b0dd-cc54a7e8dd15 116d24e45ba1481bbbc066f391f1fa48 e2500b07d6ec491e99bcf59b92bc9521 - - default default] Successfully bumped revision number for resource c8281f13-1673-4609-95d8-90756de99c4c (type: ports) to 2
2026-07-07 00:26:02.782 10 INFO neutron.db.ovn_revision_numbers_db [None req-ac988ed9-a8ee-4efa-b0dd-cc54a7e8dd15 116d24e45ba1481bbbc066f391f1fa48 e2500b07d6ec491e99bcf59b92bc9521 - - default default] Successfully bumped revision number for resource 999cca8f-7c55-4111-a75e-4116950ce63e (type: subnets) to 0
2026-07-07 00:26:02.817 10 INFO neutron.wsgi [None req-ac988ed9-a8ee-4efa-b0dd-cc54a7e8dd15 116d24e45ba1481bbbc066f391f1fa48 e2500b07d6ec491e99bcf59b92bc9521 - - default default] 10.0.0.141 "POST /v2.0/subnets HTTP/1.1" status: 201 len: 1425 time: 2.5418737
2026-07-07 00:26:02.857 9 INFO neutron.wsgi [req-26efa58a-d1ab-4e09-827e-15cf78b4cac2 req-ccec7a96-ae0c-44e2-bf09-4977b63adc50 8bb3d32e8231429da84f0d9981d73fd8 7030727b2a144de5bf3e3b1852e6e45c - - default default] 10.0.0.51 "GET /v2.0/ports?device_id=ac543189-9948-4601-9f59-53bafb1fc3d4 HTTP/1.1" status: 200 len: 1172 time: 0.1354554
2026-07-07 00:26:02.863 10 INFO neutron.wsgi [None req-722cf68f-711d-47db-99ec-d68fee223580 116d24e45ba1481bbbc066f391f1fa48 e2500b07d6ec491e99bcf59b92bc9521 - - default default] 10.0.0.141 "GET /v2.0/subnets HTTP/1.1" status: 200 len: 2033 time: 0.0413561
2026-07-07 00:26:02.935 9 INFO neutron.wsgi [req-26efa58a-d1ab-4e09-827e-15cf78b4cac2 req-d5037bb3-5a10-4310-8f36-242f8d1da2f2 8bb3d32e8231429da84f0d9981d73fd8 7030727b2a144de5bf3e3b1852e6e45c - - default default] 10.0.0.51 "GET /v2.0/security-groups?id=0953e25e-f169-4cec-8231-bb667f695fb0&fields=id&fields=name HTTP/1.1" status: 200 len: 312 time: 0.0668886
2026-07-07 00:26:03.105 10 INFO neutron.wsgi [None req-b33b3b25-ee2c-43ba-8b65-af643f1d41a1 116d24e45ba1481bbbc066f391f1fa48 e2500b07d6ec491e99bcf59b92bc9521 - - default default] 10.0.0.141 "DELETE /v2.0/subnets/c982a4e8-d37a-46bf-84d6-1e7db348c759 HTTP/1.1" status: 204 len: 168 time: 0.2353873
2026-07-07 00:26:03.351 10 INFO neutron.wsgi [None req-d4f6fac3-3b78-4e34-8492-a48e35040f56 116d24e45ba1481bbbc066f391f1fa48 e2500b07d6ec491e99bcf59b92bc9521 - - default default] 10.0.0.141 "DELETE /v2.0/subnets/999cca8f-7c55-4111-a75e-4116950ce63e HTTP/1.1" status: 204 len: 168 time: 0.2401135
2026-07-07 00:26:03.402 10 INFO neutron.wsgi [None req-b7375726-d537-4099-8a09-ba6e23a574e4 116d24e45ba1481bbbc066f391f1fa48 e2500b07d6ec491e99bcf59b92bc9521 - - default default] 10.0.0.141 "GET /v2.0/subnets HTTP/1.1" status: 200 len: 820 time: 0.0437534
2026-07-07 00:26:03.477 9 INFO neutron.wsgi [None req-6aab8d0a-df64-4988-906e-b970c0e433b1 93c4931a69714437a058f387207e5040 a131f227cf9e401db5e6eea2d32e0b45 - - default default] 10.0.0.141 "PUT /v2.0/routers/7398b6af-3827-4a2f-bd65-d77a31a3f915/remove_router_interface HTTP/1.1" status: 200 len: 503 time: 0.8193536 /var/lib/openstack/lib/python3.10/site-packages/pycadf/identifier.py:71: UserWarning: Invalid uuid: neutron. To ensure interoperability, identifiers should be a valid uuid. warnings.warn(('Invalid uuid: %s. To ensure interoperability, '
2026-07-07 00:26:03.508 9 INFO neutron.wsgi [None req-2147eb96-b8f0-4bd7-a088-0d997a68ec5e 93c4931a69714437a058f387207e5040 a131f227cf9e401db5e6eea2d32e0b45 - - default default] 10.0.0.141 "GET /v2.0/ports?device_id=7398b6af-3827-4a2f-bd65-d77a31a3f915 HTTP/1.1" status: 200 len: 205 time: 0.0240686
2026-07-07 00:26:03.607 9 INFO neutron.db.ovn_revision_numbers_db [None req-79d8261b-540a-4247-91b4-dd2b8f24263f 128a78c1cd7345feb096f3e62f01aaae 03e2785193eb4b4eb473b6638fd63657 - - default default] Successfully bumped revision number for resource 41580d22-99b3-4ba1-b254-733d54ad2e1e (type: security_groups) to 1
2026-07-07 00:26:03.649 9 INFO neutron.db.ovn_revision_numbers_db [None req-79d8261b-540a-4247-91b4-dd2b8f24263f 128a78c1cd7345feb096f3e62f01aaae 03e2785193eb4b4eb473b6638fd63657 - - default default] Successfully bumped revision number for resource 2f91c6b9-8dce-42ec-ad56-e5b1f8672b4a (type: security_group_rules) to 0
2026-07-07 00:26:03.704 9 INFO neutron.db.ovn_revision_numbers_db [None req-79d8261b-540a-4247-91b4-dd2b8f24263f 128a78c1cd7345feb096f3e62f01aaae 03e2785193eb4b4eb473b6638fd63657 - - default default] Successfully bumped revision number for resource 6dd076c9-ae54-4b25-99cc-6ed207dd9bee (type: security_group_rules) to 0
2026-07-07 00:26:03.741 9 INFO neutron.db.ovn_revision_numbers_db [None req-79d8261b-540a-4247-91b4-dd2b8f24263f 128a78c1cd7345feb096f3e62f01aaae 03e2785193eb4b4eb473b6638fd63657 - - default default] Successfully bumped revision number for resource bbfca0d0-c2e1-44c5-b82b-b77b84159828 (type: security_group_rules) to 0
2026-07-07 00:26:03.761 9 INFO neutron.db.ovn_revision_numbers_db [None req-79d8261b-540a-4247-91b4-dd2b8f24263f 128a78c1cd7345feb096f3e62f01aaae 03e2785193eb4b4eb473b6638fd63657 - - default default] Successfully bumped revision number for resource c354fee3-40fd-430a-9ba9-4bf8fa4c0d16 (type: security_group_rules) to 0
2026-07-07 00:26:03.770 9 INFO neutron.wsgi [None req-35973aa5-d628-4d0a-8c4f-c8b17d31a6b7 93c4931a69714437a058f387207e5040 a131f227cf9e401db5e6eea2d32e0b45 - - default default] 10.0.0.141 "DELETE /v2.0/routers/7398b6af-3827-4a2f-bd65-d77a31a3f915 HTTP/1.1" status: 204 len: 168 time: 0.2513888
2026-07-07 00:26:03.842 9 INFO neutron.db.ovn_revision_numbers_db [None req-79d8261b-540a-4247-91b4-dd2b8f24263f 128a78c1cd7345feb096f3e62f01aaae 03e2785193eb4b4eb473b6638fd63657 - - default default] Successfully bumped revision number for resource ae8a48a1-f0f6-4453-a689-6457256ef700 (type: security_groups) to 1
2026-07-07 00:26:03.852 10 INFO neutron.services.segments.plugin [-] Segment cb47da63-1fe7-4443-8e2c-109e284faf38 resource provider aggregate not found
2026-07-07 00:26:03.859 10 INFO neutron.services.segments.plugin [-] Segment cb47da63-1fe7-4443-8e2c-109e284faf38 resource provider aggregate not found
2026-07-07 00:26:03.860 9 INFO neutron.db.ovn_revision_numbers_db [None req-79d8261b-540a-4247-91b4-dd2b8f24263f 128a78c1cd7345feb096f3e62f01aaae 03e2785193eb4b4eb473b6638fd63657 - - default default] Successfully bumped revision number for resource 106f3ceb-861e-4861-85d7-89ed49ed2a79 (type: security_group_rules) to 0
2026-07-07 00:26:03.876 9 INFO neutron.db.ovn_revision_numbers_db [None req-79d8261b-540a-4247-91b4-dd2b8f24263f 128a78c1cd7345feb096f3e62f01aaae 03e2785193eb4b4eb473b6638fd63657 - - default default] Successfully bumped revision number for resource 2174d918-b787-4010-aecc-7ba4fb9465c3 (type: security_group_rules) to 0
2026-07-07 00:26:03.894 10 INFO neutron.services.segments.plugin [-] Segment cb47da63-1fe7-4443-8e2c-109e284faf38 resource provider not found; error: Placement Client Error (4xx): {"errors": [{"status": 404, "title": "Not Found", "detail": "The resource could not be found.\n\n No resource provider with uuid cb47da63-1fe7-4443-8e2c-109e284faf38 found for delete ", "request_id": "req-3d3dd6b5-54d1-4655-bb5a-4340917a3180"}]}
2026-07-07 00:26:03.895 10 INFO neutron.services.segments.plugin [-] Segment cb47da63-1fe7-4443-8e2c-109e284faf38 resource provider not found; error: Placement Client Error (4xx): {"errors": [{"status": 404, "title": "Not Found", "detail": "The resource could not be found.\n\n No resource provider with uuid cb47da63-1fe7-4443-8e2c-109e284faf38 found for delete ", "request_id": "req-f1fbca3c-285f-4c58-9e09-919de895506c"}]}
2026-07-07 00:26:03.900 9 INFO neutron.wsgi [None req-79d8261b-540a-4247-91b4-dd2b8f24263f 128a78c1cd7345feb096f3e62f01aaae 03e2785193eb4b4eb473b6638fd63657 - - default default] 10.0.0.141 "POST /v2.0/security-groups HTTP/1.1" status: 201 len: 1760 time: 0.7315257
2026-07-07 00:26:03.939 10 INFO neutron.wsgi [None req-a97bc79b-bc75-427f-b1de-af673dbbfdee 116d24e45ba1481bbbc066f391f1fa48 e2500b07d6ec491e99bcf59b92bc9521 - - default default] 10.0.0.141 "DELETE /v2.0/networks/ec823a0d-22ed-4334-afb5-b8edfb417c51 HTTP/1.1" status: 204 len: 168 time: 0.5278933
2026-07-07 00:26:03.948 9 INFO neutron.wsgi [None req-2bababdc-234a-46b2-bd86-b1ab3a58eba8 128a78c1cd7345feb096f3e62f01aaae 03e2785193eb4b4eb473b6638fd63657 - - default default] 10.0.0.141 "GET /v2.0/security-groups HTTP/1.1" status: 200 len: 4538 time: 0.0409091
2026-07-07 00:26:04.038 9 INFO neutron.wsgi [req-4acd11fa-383a-4409-b6fa-067429f9eb9d req-b46e9161-e02f-45e1-99e2-bc9846a1e49b 8bb3d32e8231429da84f0d9981d73fd8 7030727b2a144de5bf3e3b1852e6e45c - - default default] 10.0.0.51 "GET /v2.0/ports?device_id=ac543189-9948-4601-9f59-53bafb1fc3d4 HTTP/1.1" status: 200 len: 1172 time: 0.0404663
2026-07-07 00:26:04.062 9 INFO neutron.db.ovn_revision_numbers_db [None req-9794b6a2-5a9a-4060-b195-7449534f5fe2 128a78c1cd7345feb096f3e62f01aaae 03e2785193eb4b4eb473b6638fd63657 - - default default] Successfully bumped revision number for resource ae8a48a1-f0f6-4453-a689-6457256ef700 (type: security_groups) to 2
2026-07-07 00:26:04.065 9 INFO neutron.wsgi [None req-9794b6a2-5a9a-4060-b195-7449534f5fe2 128a78c1cd7345feb096f3e62f01aaae 03e2785193eb4b4eb473b6638fd63657 - - default default] 10.0.0.141 "PUT /v2.0/security-groups/ae8a48a1-f0f6-4453-a689-6457256ef700 HTTP/1.1" status: 200 len: 1793 time: 0.1117129
2026-07-07 00:26:04.086 9 INFO neutron.wsgi [req-4acd11fa-383a-4409-b6fa-067429f9eb9d req-84930662-232f-4b58-bbbd-1fbbbccb92ce 8bb3d32e8231429da84f0d9981d73fd8 7030727b2a144de5bf3e3b1852e6e45c - - default default] 10.0.0.51 "GET /v2.0/security-groups?id=0953e25e-f169-4cec-8231-bb667f695fb0&fields=id&fields=name HTTP/1.1" status: 200 len: 312 time: 0.0417914
2026-07-07 00:26:04.127 10 INFO neutron.wsgi [None req-88bcacd6-0fa5-40b9-8f10-8215d55ae449 93c4931a69714437a058f387207e5040 a131f227cf9e401db5e6eea2d32e0b45 - - default default] 10.0.0.141 "DELETE /v2.0/subnets/4bfc335e-e66d-42d9-809b-c46f399f3f7a HTTP/1.1" status: 204 len: 168 time: 0.3496180
2026-07-07 00:26:04.134 10 INFO neutron.wsgi [None req-95e2c910-7b5e-4939-97ca-66567af9b3be 128a78c1cd7345feb096f3e62f01aaae 03e2785193eb4b4eb473b6638fd63657 - - default default] 10.0.0.141 "GET /v2.0/security-groups/ae8a48a1-f0f6-4453-a689-6457256ef700 HTTP/1.1" status: 200 len: 1793 time: 0.0612063
2026-07-07 00:26:04.330 10 INFO neutron.wsgi [None req-1ed536c4-8660-4589-9665-8e5416fd4a4c 128a78c1cd7345feb096f3e62f01aaae 03e2785193eb4b4eb473b6638fd63657 - - default default] 10.0.0.141 "DELETE /v2.0/security-groups/ae8a48a1-f0f6-4453-a689-6457256ef700 HTTP/1.1" status: 204 len: 168 time: 0.1855619
2026-07-07 00:26:04.395 10 INFO neutron.wsgi [None req-1ad977e8-7c17-42eb-b9a8-343a65ea4903 128a78c1cd7345feb096f3e62f01aaae 03e2785193eb4b4eb473b6638fd63657 - - default default] 10.0.0.141 "GET /v2.0/security-groups HTTP/1.1" status: 200 len: 2996 time: 0.0573545
2026-07-07 00:26:04.431 9 INFO neutron.api.v2.resource [None req-c80d0be7-bf85-4f04-86a9-77a0ed56d97d 128a78c1cd7345feb096f3e62f01aaae 03e2785193eb4b4eb473b6638fd63657 - - default default] delete failed (client error): The resource could not be found.
2026-07-07 00:26:04.433 9 INFO neutron.wsgi [None req-c80d0be7-bf85-4f04-86a9-77a0ed56d97d 128a78c1cd7345feb096f3e62f01aaae 03e2785193eb4b4eb473b6638fd63657 - - default default] 10.0.0.141 "DELETE /v2.0/security-groups/ae8a48a1-f0f6-4453-a689-6457256ef700 HTTP/1.1" status: 404 len: 347 time: 0.0286136
2026-07-07 00:26:04.457 10 INFO neutron.wsgi [None req-abaa207f-5abe-4245-b3ee-f91e55adfcb8 116d24e45ba1481bbbc066f391f1fa48 e2500b07d6ec491e99bcf59b92bc9521 - - default default] 10.0.0.141 "DELETE /v2.0/networks/4bd329de-584d-4328-b3d4-8860e225eff3 HTTP/1.1" status: 204 len: 168 time: 0.5110059
2026-07-07 00:26:04.893 10 INFO neutron.wsgi [None req-ab92d55f-432c-469d-aadc-9da64b82306d 116d24e45ba1481bbbc066f391f1fa48 e2500b07d6ec491e99bcf59b92bc9521 - - default default] 10.0.0.141 "DELETE /v2.0/networks/9311e083-b26b-467a-a896-25b3ee5eb7d8 HTTP/1.1" status: 204 len: 168 time: 0.4288146
2026-07-07 00:26:04.997 9 INFO neutron.services.segments.plugin [-] Segment 46695cb4-ea2d-4d0b-b8bf-b438026fc584 resource provider aggregate not found
2026-07-07 00:26:05.003 9 INFO neutron.services.segments.plugin [-] Segment 46695cb4-ea2d-4d0b-b8bf-b438026fc584 resource provider aggregate not found
2026-07-07 00:26:05.016 9 INFO neutron.services.segments.plugin [-] Segment 46695cb4-ea2d-4d0b-b8bf-b438026fc584 resource provider not found; error: Placement Client Error (4xx): {"errors": [{"status": 404, "title": "Not Found", "detail": "The resource could not be found.\n\n No resource provider with uuid 46695cb4-ea2d-4d0b-b8bf-b438026fc584 found for delete ", "request_id": "req-6f6d3705-efc6-4fdc-b905-835ebe39fa01"}]}
2026-07-07 00:26:05.023 9 INFO neutron.services.segments.plugin [-] Segment 46695cb4-ea2d-4d0b-b8bf-b438026fc584 resource provider not found; error: Placement Client Error (4xx): {"errors": [{"status": 404, "title": "Not Found", "detail": "The resource could not be found.\n\n No resource provider with uuid 46695cb4-ea2d-4d0b-b8bf-b438026fc584 found for delete ", "request_id": "req-cf5f6949-d562-4033-95b3-09c586ea6840"}]}
2026-07-07 00:26:05.050 9 INFO neutron.wsgi [None req-a8009ff1-136b-4f76-a639-0db3a5af7ebc 93c4931a69714437a058f387207e5040 a131f227cf9e401db5e6eea2d32e0b45 - - default default] 10.0.0.141 "DELETE /v2.0/networks/ea0aa529-7d00-4f9a-9816-8dfbc736c6c5 HTTP/1.1" status: 204 len: 168 time: 0.9156528
2026-07-07 00:26:05.096 9 INFO neutron.db.ovn_revision_numbers_db [None req-b92eb1f9-2265-4ee9-bc36-a03dc47aaeaf 128a78c1cd7345feb096f3e62f01aaae 03e2785193eb4b4eb473b6638fd63657 - - default default] Successfully bumped revision number for resource a14b70f2-c9a3-443b-bc98-bcd7ffb45637 (type: security_groups) to 1
2026-07-07 00:26:05.126 9 INFO neutron.db.ovn_revision_numbers_db [None req-b92eb1f9-2265-4ee9-bc36-a03dc47aaeaf 128a78c1cd7345feb096f3e62f01aaae 03e2785193eb4b4eb473b6638fd63657 - - default default] Successfully bumped revision number for resource 20247e0a-5745-45fa-983c-077265b88778 (type: security_group_rules) to 0
2026-07-07 00:26:05.153 9 INFO neutron.db.ovn_revision_numbers_db [None req-b92eb1f9-2265-4ee9-bc36-a03dc47aaeaf 128a78c1cd7345feb096f3e62f01aaae 03e2785193eb4b4eb473b6638fd63657 - - default default] Successfully bumped revision number for resource 99bc993b-d1c7-49d0-ae26-02d4e090084b (type: security_group_rules) to 0
2026-07-07 00:26:05.217 9 INFO neutron.wsgi [None req-b92eb1f9-2265-4ee9-bc36-a03dc47aaeaf 128a78c1cd7345feb096f3e62f01aaae 03e2785193eb4b4eb473b6638fd63657 - - default default] 10.0.0.141 "POST /v2.0/security-groups HTTP/1.1" status: 201 len: 1758 time: 0.7746677
2026-07-07 00:26:05.270 10 INFO neutron.wsgi [None req-65970afe-24c2-427e-bf7e-bf681e66177c 116d24e45ba1481bbbc066f391f1fa48 e2500b07d6ec491e99bcf59b92bc9521 - - default default] 10.0.0.141 "DELETE /v2.0/networks/e3ab27f2-d34e-4587-9d42-3db60813dc30 HTTP/1.1" status: 204 len: 168 time: 0.3712559
2026-07-07 00:26:05.274 9 INFO neutron.wsgi [req-913be246-dde8-454a-b5ca-9cdc621291f7 req-ef338d68-d297-4ddb-990b-9cc6296610b7 8bb3d32e8231429da84f0d9981d73fd8 7030727b2a144de5bf3e3b1852e6e45c - - default default] 10.0.0.51 "GET /v2.0/ports?device_id=ac543189-9948-4601-9f59-53bafb1fc3d4 HTTP/1.1" status: 200 len: 1172 time: 0.0999451
2026-07-07 00:26:05.366 9 INFO neutron.wsgi [req-913be246-dde8-454a-b5ca-9cdc621291f7 req-b8a1b69b-f9ba-4a73-8812-8cec8396f0cc 8bb3d32e8231429da84f0d9981d73fd8 7030727b2a144de5bf3e3b1852e6e45c - - default default] 10.0.0.51 "GET /v2.0/security-groups?id=0953e25e-f169-4cec-8231-bb667f695fb0&fields=id&fields=name HTTP/1.1" status: 200 len: 312 time: 0.0828614
2026-07-07 00:26:05.477 9 INFO neutron.db.ovn_revision_numbers_db [None req-79d91f13-5688-43a0-bccc-e026b76d025d 128a78c1cd7345feb096f3e62f01aaae 03e2785193eb4b4eb473b6638fd63657 - - default default] Successfully bumped revision number for resource 93955a33-9381-4e1d-b833-b79efc6b4133 (type: security_group_rules) to 0
2026-07-07 00:26:05.513 9 INFO neutron.wsgi [None req-79d91f13-5688-43a0-bccc-e026b76d025d 128a78c1cd7345feb096f3e62f01aaae 03e2785193eb4b4eb473b6638fd63657 - - default default] 10.0.0.141 "POST /v2.0/security-group-rules HTTP/1.1" status: 201 len: 768 time: 0.2901618
2026-07-07 00:26:05.542 10 INFO neutron.wsgi [None req-10ff7f88-4251-495d-80cf-c948707d6207 128a78c1cd7345feb096f3e62f01aaae 03e2785193eb4b4eb473b6638fd63657 - - default default] 10.0.0.141 "GET /v2.0/security-group-rules/93955a33-9381-4e1d-b833-b79efc6b4133 HTTP/1.1" status: 200 len: 763 time: 0.0229585
2026-07-07 00:26:05.594 10 INFO neutron.wsgi [None req-f0f26ad3-746f-4996-9ef5-0f6316dfa4e9 128a78c1cd7345feb096f3e62f01aaae 03e2785193eb4b4eb473b6638fd63657 - - default default] 10.0.0.141 "GET /v2.0/security-group-rules HTTP/1.1" status: 200 len: 4113 time: 0.0477467
2026-07-07 00:26:05.683 9 WARNING neutron.scheduler.dhcp_agent_scheduler [None req-e231a313-1d97-4ca7-8efc-2ce64782ca1c 93c4931a69714437a058f387207e5040 a131f227cf9e401db5e6eea2d32e0b45 - - default default] No more DHCP agents
2026-07-07 00:26:05.688 9 WARNING neutron.api.rpc.agentnotifiers.dhcp_rpc_agent_api [None req-e231a313-1d97-4ca7-8efc-2ce64782ca1c 93c4931a69714437a058f387207e5040 a131f227cf9e401db5e6eea2d32e0b45 - - default default] Unable to schedule network fc093fff-c53f-4348-a77b-2fab9ce5afff: no agents available; will retry on subsequent port and subnet creation events.
2026-07-07 00:26:05.755 10 INFO neutron.wsgi [None req-502e4a90-c843-4e3d-84d9-020dc0d6dbf6 128a78c1cd7345feb096f3e62f01aaae 03e2785193eb4b4eb473b6638fd63657 - - default default] 10.0.0.141 "DELETE /v2.0/security-group-rules/93955a33-9381-4e1d-b833-b79efc6b4133 HTTP/1.1" status: 204 len: 168 time: 0.1569948
2026-07-07 00:26:05.803 10 INFO neutron.wsgi [None req-3641a4b8-5c3e-46ba-816f-5f6388b3c209 128a78c1cd7345feb096f3e62f01aaae 03e2785193eb4b4eb473b6638fd63657 - - default default] 10.0.0.141 "GET /v2.0/security-group-rules HTTP/1.1" status: 200 len: 3567 time: 0.0381553
2026-07-07 00:26:05.887 9 INFO neutron.db.ovn_revision_numbers_db [None req-e231a313-1d97-4ca7-8efc-2ce64782ca1c 93c4931a69714437a058f387207e5040 a131f227cf9e401db5e6eea2d32e0b45 - - default default] Successfully bumped revision number for resource c7c02f82-9308-4f61-b6e6-d78d08c866f6 (type: ports) to 1
2026-07-07 00:26:05.925 10 INFO neutron.services.segments.plugin [-] Segment 42317133-94e8-4337-88ce-b9d502f4976f resource provider aggregate not found
2026-07-07 00:26:05.933 10 INFO neutron.services.segments.plugin [-] Segment 42317133-94e8-4337-88ce-b9d502f4976f resource provider aggregate not found
2026-07-07 00:26:05.945 10 INFO neutron.services.segments.plugin [-] Segment 42317133-94e8-4337-88ce-b9d502f4976f resource provider not found; error: Placement Client Error (4xx): {"errors": [{"status": 404, "title": "Not Found", "detail": "The resource could not be found.\n\n No resource provider with uuid 42317133-94e8-4337-88ce-b9d502f4976f found for delete ", "request_id": "req-c1610ddf-ff9c-477b-b0b2-f5705d658001"}]}
2026-07-07 00:26:05.959 10 INFO neutron.services.segments.plugin [-] Segment 42317133-94e8-4337-88ce-b9d502f4976f resource provider not found; error: Placement Client Error (4xx): {"errors": [{"status": 404, "title": "Not Found", "detail": "The resource could not be found.\n\n No resource provider with uuid 42317133-94e8-4337-88ce-b9d502f4976f found for delete ", "request_id": "req-4bbca5fe-a6a5-46ce-8f9d-22ba9756a17d"}]}
2026-07-07 00:26:05.964 10 INFO neutron.services.segments.plugin [-] Segment 672916c7-c3d9-47a1-80ad-a87ab00a2777 resource provider aggregate not found
2026-07-07 00:26:05.982 10 INFO neutron.services.segments.plugin [-] Segment 672916c7-c3d9-47a1-80ad-a87ab00a2777 resource provider not found; error: Placement Client Error (4xx): {"errors": [{"status": 404, "title": "Not Found", "detail": "The resource could not be found.\n\n No resource provider with uuid 672916c7-c3d9-47a1-80ad-a87ab00a2777 found for delete ", "request_id": "req-e7c068d7-b7b6-499c-b1e2-cf57431597b4"}]}
2026-07-07 00:26:05.991 10 INFO neutron.services.segments.plugin [-] Segment 672916c7-c3d9-47a1-80ad-a87ab00a2777 resource provider aggregate not found
2026-07-07 00:26:06.002 10 INFO neutron.db.ovn_revision_numbers_db [None req-17bbbaa7-90b6-40b6-abae-811c5bb44d3c 128a78c1cd7345feb096f3e62f01aaae 03e2785193eb4b4eb473b6638fd63657 - - default default] Successfully bumped revision number for resource bf12656e-7e06-41fd-86ea-5480830c9f2f (type: security_group_rules) to 0
2026-07-07 00:26:06.008 10 INFO neutron.wsgi [None req-59b95277-a875-49b2-ad19-ca4db7a356a1 be4cb84c4ba948ec9c062b7a4008b662 7a10b33a19c046c49c77a20affc073e2 - - default default] 10.0.0.141 "GET /v2.0/security-groups?tenant_id=e2500b07d6ec491e99bcf59b92bc9521&name=default HTTP/1.1" status: 200 len: 2996 time: 0.1826656
2026-07-07 00:26:06.009 10 INFO neutron.services.segments.plugin [-] Segment a1de25e2-5d56-4837-8e04-e00b57d2d903 resource provider aggregate not found
2026-07-07 00:26:06.016 10 INFO neutron.services.segments.plugin [-] Segment 672916c7-c3d9-47a1-80ad-a87ab00a2777 resource provider not found; error: Placement Client Error (4xx): {"errors": [{"status": 404, "title": "Not Found", "detail": "The resource could not be found.\n\n No resource provider with uuid 672916c7-c3d9-47a1-80ad-a87ab00a2777 found for delete ", "request_id": "req-314a9207-43df-4f28-a110-3e462be75e30"}]}
2026-07-07 00:26:06.034 10 INFO neutron.services.segments.plugin [-] Segment a1de25e2-5d56-4837-8e04-e00b57d2d903 resource provider not found; error: Placement Client Error (4xx): {"errors": [{"status": 404, "title": "Not Found", "detail": "The resource could not be found.\n\n No resource provider with uuid a1de25e2-5d56-4837-8e04-e00b57d2d903 found for delete ", "request_id": "req-d55d06aa-5e9e-499c-b079-962c11011ddb"}]}
2026-07-07 00:26:06.035 10 INFO neutron.services.segments.plugin [-] Segment a1de25e2-5d56-4837-8e04-e00b57d2d903 resource provider aggregate not found
2026-07-07 00:26:06.044 10 INFO neutron.wsgi [None req-17bbbaa7-90b6-40b6-abae-811c5bb44d3c 128a78c1cd7345feb096f3e62f01aaae 03e2785193eb4b4eb473b6638fd63657 - - default default] 10.0.0.141 "POST /v2.0/security-group-rules HTTP/1.1" status: 201 len: 768 time: 0.2354286
2026-07-07 00:26:06.050 10 INFO neutron.services.segments.plugin [-] Segment a1de25e2-5d56-4837-8e04-e00b57d2d903 resource provider not found; error: Placement Client Error (4xx): {"errors": [{"status": 404, "title": "Not Found", "detail": "The resource could not be found.\n\n No resource provider with uuid a1de25e2-5d56-4837-8e04-e00b57d2d903 found for delete ", "request_id": "req-5f60a6e8-540e-4c0e-bc42-2daf4c283764"}]}
2026-07-07 00:26:06.070 10 INFO neutron.wsgi [None req-e769ed3f-901d-4668-8488-1575b736b78f 128a78c1cd7345feb096f3e62f01aaae 03e2785193eb4b4eb473b6638fd63657 - - default default] 10.0.0.141 "GET /v2.0/security-group-rules/bf12656e-7e06-41fd-86ea-5480830c9f2f HTTP/1.1" status: 200 len: 763 time: 0.0222089
2026-07-07 00:26:06.113 10 INFO neutron.wsgi [None req-a555c3eb-0773-4ee5-9130-e7b0b9e2c8e4 128a78c1cd7345feb096f3e62f01aaae 03e2785193eb4b4eb473b6638fd63657 - - default default] 10.0.0.141 "GET /v2.0/security-group-rules HTTP/1.1" status: 200 len: 4113 time: 0.0360265
2026-07-07 00:26:06.234 10 INFO neutron.wsgi [None req-12fe6198-9640-41ad-8ee5-c2b55e223fdb 128a78c1cd7345feb096f3e62f01aaae 03e2785193eb4b4eb473b6638fd63657 - - default default] 10.0.0.141 "DELETE /v2.0/security-group-rules/bf12656e-7e06-41fd-86ea-5480830c9f2f HTTP/1.1" status: 204 len: 168 time: 0.1162069
2026-07-07 00:26:06.274 10 INFO neutron.wsgi [None req-6d4c650c-1667-44a9-af77-b45251edbb9b 128a78c1cd7345feb096f3e62f01aaae 03e2785193eb4b4eb473b6638fd63657 - - default default] 10.0.0.141 "GET /v2.0/security-group-rules HTTP/1.1" status: 200 len: 3567 time: 0.0346544
2026-07-07 00:26:06.306 9 INFO neutron.wsgi [None req-faf22241-fa43-4533-a895-6bb12427fc9d be4cb84c4ba948ec9c062b7a4008b662 7a10b33a19c046c49c77a20affc073e2 - - default default] 10.0.0.141 "DELETE /v2.0/security-groups/11dd902d-81aa-474b-b5a9-ec2756c8a796 HTTP/1.1" status: 204 len: 168 time: 0.2936237
2026-07-07 00:26:06.413 10 INFO neutron.db.ovn_revision_numbers_db [None req-17874dad-1f0b-4666-abe2-9aa1d2d179f4 128a78c1cd7345feb096f3e62f01aaae 03e2785193eb4b4eb473b6638fd63657 - - default default] Successfully bumped revision number for resource 44d79aea-cfff-4468-a07a-2b4c571d4079 (type: security_group_rules) to 0
2026-07-07 00:26:06.438 10 INFO neutron.wsgi [None req-17874dad-1f0b-4666-abe2-9aa1d2d179f4 128a78c1cd7345feb096f3e62f01aaae 03e2785193eb4b4eb473b6638fd63657 - - default default] 10.0.0.141 "POST /v2.0/security-group-rules HTTP/1.1" status: 201 len: 769 time: 0.1592200
2026-07-07 00:26:06.463 10 INFO neutron.wsgi [None req-39f15971-058d-4e95-883c-a0668698c08d 128a78c1cd7345feb096f3e62f01aaae 03e2785193eb4b4eb473b6638fd63657 - - default default] 10.0.0.141 "GET /v2.0/security-group-rules/44d79aea-cfff-4468-a07a-2b4c571d4079 HTTP/1.1" status: 200 len: 764 time: 0.0184603
2026-07-07 00:26:06.493 9 INFO neutron.wsgi [req-b68f8fae-007f-40a4-88a9-8c7d72bc40af req-05005380-e071-4d49-a2ce-fa32e2ed832e 8bb3d32e8231429da84f0d9981d73fd8 7030727b2a144de5bf3e3b1852e6e45c - - default default] 10.0.0.51 "GET /v2.0/ports?device_id=ac543189-9948-4601-9f59-53bafb1fc3d4 HTTP/1.1" status: 200 len: 1172 time: 0.0494199
2026-07-07 00:26:06.555 9 INFO neutron.wsgi [None req-8ca46a35-4bb8-4fab-aece-399c6df92e33 128a78c1cd7345feb096f3e62f01aaae 03e2785193eb4b4eb473b6638fd63657 - - default default] 10.0.0.141 "GET /v2.0/security-group-rules HTTP/1.1" status: 200 len: 4114 time: 0.0851879
2026-07-07 00:26:06.572 9 INFO neutron.wsgi [req-b68f8fae-007f-40a4-88a9-8c7d72bc40af req-e42a1415-0473-49a4-8364-f7efecc40ca1 8bb3d32e8231429da84f0d9981d73fd8 7030727b2a144de5bf3e3b1852e6e45c - - default default] 10.0.0.51 "GET /v2.0/security-groups?id=0953e25e-f169-4cec-8231-bb667f695fb0&fields=id&fields=name HTTP/1.1" status: 200 len: 312 time: 0.0701542
2026-07-07 00:26:06.635 9 INFO neutron.db.ovn_revision_numbers_db [None req-e231a313-1d97-4ca7-8efc-2ce64782ca1c 93c4931a69714437a058f387207e5040 a131f227cf9e401db5e6eea2d32e0b45 - - default default] Successfully bumped revision number for resource c7c02f82-9308-4f61-b6e6-d78d08c866f6 (type: router_ports) to 1
2026-07-07 00:26:06.724 10 INFO neutron.wsgi [None req-587f217f-7a0b-4c05-8eca-2df7548af9a5 128a78c1cd7345feb096f3e62f01aaae 03e2785193eb4b4eb473b6638fd63657 - - default default] 10.0.0.141 "DELETE /v2.0/security-group-rules/44d79aea-cfff-4468-a07a-2b4c571d4079 HTTP/1.1" status: 204 len: 168 time: 0.1636600
2026-07-07 00:26:06.742 9 INFO neutron.db.ovn_revision_numbers_db [None req-e231a313-1d97-4ca7-8efc-2ce64782ca1c 93c4931a69714437a058f387207e5040 a131f227cf9e401db5e6eea2d32e0b45 - - default default] Successfully bumped revision number for resource 12076065-555e-49aa-a776-b5924cf69ecd (type: routers) to 2
2026-07-07 00:26:06.759 9 INFO neutron.wsgi [None req-e231a313-1d97-4ca7-8efc-2ce64782ca1c 93c4931a69714437a058f387207e5040 a131f227cf9e401db5e6eea2d32e0b45 - - default default] 10.0.0.141 "POST /v2.0/routers HTTP/1.1" status: 201 len: 867 time: 1.6984906
2026-07-07 00:26:06.770 10 INFO neutron.wsgi [None req-6eeb1bac-2be5-4718-be84-72588e768677 128a78c1cd7345feb096f3e62f01aaae 03e2785193eb4b4eb473b6638fd63657 - - default default] 10.0.0.141 "GET /v2.0/security-group-rules HTTP/1.1" status: 200 len: 3567 time: 0.0400729
2026-07-07 00:26:06.876 9 INFO neutron.wsgi [None req-b6b859d5-b0dd-416e-8d96-4f5da9cf14f9 93c4931a69714437a058f387207e5040 a131f227cf9e401db5e6eea2d32e0b45 - - default default] 10.0.0.141 "GET /v2.0/routers/12076065-555e-49aa-a776-b5924cf69ecd HTTP/1.1" status: 200 len: 868 time: 0.1112385
2026-07-07 00:26:06.997 9 INFO neutron.wsgi [None req-4a230305-060b-443d-87af-dd92e5f84a92 93c4931a69714437a058f387207e5040 a131f227cf9e401db5e6eea2d32e0b45 - - default default] 10.0.0.141 "GET /v2.0/routers HTTP/1.1" status: 200 len: 871 time: 0.1150670
2026-07-07 00:26:07.032 9 INFO neutron.wsgi [None req-3ed59f41-eee3-49bd-9487-49efeb98257f 128a78c1cd7345feb096f3e62f01aaae 03e2785193eb4b4eb473b6638fd63657 - - default default] 10.0.0.141 "DELETE /v2.0/security-groups/a14b70f2-c9a3-443b-bc98-bcd7ffb45637 HTTP/1.1" status: 204 len: 168 time: 0.2457998
2026-07-07 00:26:07.075 10 INFO neutron.wsgi [None req-c7fe0ee0-984f-45a2-956f-712a7c174283 128a78c1cd7345feb096f3e62f01aaae 03e2785193eb4b4eb473b6638fd63657 - - default default] 10.0.0.141 "GET /v2.0/security-groups HTTP/1.1" status: 200 len: 2996 time: 0.0369449
2026-07-07 00:26:07.122 10 INFO neutron.wsgi [None req-362392e5-8c5d-4c97-9805-306249687095 128a78c1cd7345feb096f3e62f01aaae 03e2785193eb4b4eb473b6638fd63657 - - default default] 10.0.0.141 "GET /v2.0/security-groups HTTP/1.1" status: 200 len: 2996 time: 0.0382619
2026-07-07 00:26:07.599 10 INFO neutron.wsgi [-] 10.0.0.178 "GET / HTTP/1.1" status: 200 len: 247 time: 0.0020492
2026-07-07 00:26:07.603 10 INFO neutron.wsgi [-] 10.0.0.178 "GET / HTTP/1.1" status: 200 len: 247 time: 0.0025876
2026-07-07 00:26:07.739 9 INFO neutron.wsgi [req-d121e4b5-70a6-4530-b5f6-8a2a90622740 req-0cc38c6b-f577-41de-96b8-cbb02c6d93ee 8bb3d32e8231429da84f0d9981d73fd8 7030727b2a144de5bf3e3b1852e6e45c - - default default] 10.0.0.51 "GET /v2.0/ports?device_id=ac543189-9948-4601-9f59-53bafb1fc3d4 HTTP/1.1" status: 200 len: 1172 time: 0.0741472
2026-07-07 00:26:07.809 9 INFO neutron.wsgi [req-d121e4b5-70a6-4530-b5f6-8a2a90622740 req-e5631fce-a851-42a9-b5ca-b0ec64d6691e 8bb3d32e8231429da84f0d9981d73fd8 7030727b2a144de5bf3e3b1852e6e45c - - default default] 10.0.0.51 "GET /v2.0/security-groups?id=0953e25e-f169-4cec-8231-bb667f695fb0&fields=id&fields=name HTTP/1.1" status: 200 len: 312 time: 0.0605180
2026-07-07 00:26:07.830 9 INFO neutron.db.ovn_revision_numbers_db [None req-fd5f410d-3c89-4754-aa9d-9a54c7a7dd70 93c4931a69714437a058f387207e5040 a131f227cf9e401db5e6eea2d32e0b45 - - default default] Successfully bumped revision number for resource 12076065-555e-49aa-a776-b5924cf69ecd (type: routers) to 3
2026-07-07 00:26:07.833 9 INFO neutron.wsgi [None req-fd5f410d-3c89-4754-aa9d-9a54c7a7dd70 93c4931a69714437a058f387207e5040 a131f227cf9e401db5e6eea2d32e0b45 - - default default] 10.0.0.141 "PUT /v2.0/routers/12076065-555e-49aa-a776-b5924cf69ecd HTTP/1.1" status: 200 len: 875 time: 0.8294339
2026-07-07 00:26:07.863 10 INFO neutron.wsgi [None req-23365b3f-6777-452d-9dd4-8d2c9d3a609b be4cb84c4ba948ec9c062b7a4008b662 7a10b33a19c046c49c77a20affc073e2 - - default default] 10.0.0.141 "GET /v2.0/security-groups?tenant_id=03e2785193eb4b4eb473b6638fd63657&name=default HTTP/1.1" status: 200 len: 2996 time: 0.1279166
2026-07-07 00:26:07.906 10 WARNING neutron.plugins.ml2.drivers.ovn.mech_driver.ovsdb.ovn_client [None req-3a0a643f-de9c-4c71-9c69-d4447a6e9dc9 - - - - - -] No port found with ID 10f74cb1-dcee-4d0b-a082-11318782ec73: RuntimeError: No port found with ID 10f74cb1-dcee-4d0b-a082-11318782ec73
2026-07-07 00:26:07.907 10 INFO neutron.plugins.ml2.drivers.ovn.mech_driver.mech_driver [None req-3a0a643f-de9c-4c71-9c69-d4447a6e9dc9 - - - - - -] OVN reports status up for port: 27579c64-e694-40d0-ac24-f10c7a41b557
2026-07-07 00:26:07.908 9 INFO neutron.wsgi [None req-8ff7a4d0-a397-4c07-81de-78cc63a5e70e 93c4931a69714437a058f387207e5040 a131f227cf9e401db5e6eea2d32e0b45 - - default default] 10.0.0.141 "GET /v2.0/routers/12076065-555e-49aa-a776-b5924cf69ecd HTTP/1.1" status: 200 len: 875 time: 0.0697396
2026-07-07 00:26:07.919 10 INFO neutron.plugins.ml2.plugin [None req-3a0a643f-de9c-4c71-9c69-d4447a6e9dc9 - - - - - -] Attempt 1 to provision port 27579c64-e694-40d0-ac24-f10c7a41b557
2026-07-07 00:26:07.935 9 INFO neutron.wsgi [None req-aaa0b97b-4311-4c00-8b43-e284f596aaa4 93c4931a69714437a058f387207e5040 a131f227cf9e401db5e6eea2d32e0b45 - - default default] 10.0.0.141 "GET /v2.0/ports?device_id=12076065-555e-49aa-a776-b5924cf69ecd HTTP/1.1" status: 200 len: 205 time: 0.0214391
2026-07-07 00:26:08.045 10 INFO neutron.notifiers.nova [-] Nova event matching ['req-fafef9ba-68bd-483b-9338-437d5f99dbae'] response: {'server_uuid': 'ac543189-9948-4601-9f59-53bafb1fc3d4', 'name': 'network-vif-plugged', 'status': 'completed', 'tag': '27579c64-e694-40d0-ac24-f10c7a41b557', 'code': 200}
2026-07-07 00:26:08.115 10 INFO neutron.wsgi [None req-fa6d8f34-2d2d-453c-bf0c-fab1a4c6e88d be4cb84c4ba948ec9c062b7a4008b662 7a10b33a19c046c49c77a20affc073e2 - - default default] 10.0.0.141 "DELETE /v2.0/security-groups/41580d22-99b3-4ba1-b254-733d54ad2e1e HTTP/1.1" status: 204 len: 168 time: 0.2464633
2026-07-07 00:26:08.219 10 INFO neutron.db.ovn_revision_numbers_db [None req-3a0a643f-de9c-4c71-9c69-d4447a6e9dc9 - - - - - -] Successfully bumped revision number for resource 27579c64-e694-40d0-ac24-f10c7a41b557 (type: ports) to 4
2026-07-07 00:26:08.275 10 INFO neutron.plugins.ml2.drivers.ovn.mech_driver.mech_driver [None req-3a0a643f-de9c-4c71-9c69-d4447a6e9dc9 - - - - - -] OVN reports status up for port: c7c02f82-9308-4f61-b6e6-d78d08c866f6
2026-07-07 00:26:08.290 10 INFO neutron.plugins.ml2.plugin [None req-3a0a643f-de9c-4c71-9c69-d4447a6e9dc9 - - - - - -] Attempt 1 to provision port c7c02f82-9308-4f61-b6e6-d78d08c866f6
2026-07-07 00:26:08.585 9 INFO neutron.wsgi [None req-cacea1e1-b5c9-47d8-8603-e2315ad05afe 93c4931a69714437a058f387207e5040 a131f227cf9e401db5e6eea2d32e0b45 - - default default] 10.0.0.141 "DELETE /v2.0/routers/12076065-555e-49aa-a776-b5924cf69ecd HTTP/1.1" status: 204 len: 168 time: 0.6445062
2026-07-07 00:26:08.617 9 INFO neutron.wsgi [None req-db504f37-b9c9-4e83-8a7d-57e3aed42f10 93c4931a69714437a058f387207e5040 a131f227cf9e401db5e6eea2d32e0b45 - - default default] 10.0.0.141 "GET /v2.0/ports?device_id=12076065-555e-49aa-a776-b5924cf69ecd HTTP/1.1" status: 200 len: 205 time: 0.0197906
2026-07-07 00:26:08.649 9 INFO neutron.api.v2.resource [None req-4a8ed573-82a6-48b5-813a-53d82dbcbd89 93c4931a69714437a058f387207e5040 a131f227cf9e401db5e6eea2d32e0b45 - - default default] delete failed (client error): The resource could not be found.
2026-07-07 00:26:08.650 9 INFO neutron.wsgi [None req-4a8ed573-82a6-48b5-813a-53d82dbcbd89 93c4931a69714437a058f387207e5040 a131f227cf9e401db5e6eea2d32e0b45 - - default default] 10.0.0.141 "DELETE /v2.0/routers/12076065-555e-49aa-a776-b5924cf69ecd HTTP/1.1" status: 404 len: 336 time: 0.0275857
2026-07-07 00:26:08.703 9 INFO neutron.wsgi [None req-993fbd77-cf94-465a-8d32-042f8cdb454e 93c4931a69714437a058f387207e5040 a131f227cf9e401db5e6eea2d32e0b45 - - default default] 10.0.0.141 "GET /v2.0/ports?device_id=7398b6af-3827-4a2f-bd65-d77a31a3f915 HTTP/1.1" status: 200 len: 205 time: 0.0473158
2026-07-07 00:26:08.736 9 INFO neutron.api.v2.resource [None req-48db824c-f733-45bc-a8c9-258ba555dd68 93c4931a69714437a058f387207e5040 a131f227cf9e401db5e6eea2d32e0b45 - - default default] delete failed (client error): The resource could not be found.
2026-07-07 00:26:08.738 9 INFO neutron.wsgi [None req-48db824c-f733-45bc-a8c9-258ba555dd68 93c4931a69714437a058f387207e5040 a131f227cf9e401db5e6eea2d32e0b45 - - default default] 10.0.0.141 "DELETE /v2.0/routers/7398b6af-3827-4a2f-bd65-d77a31a3f915 HTTP/1.1" status: 404 len: 336 time: 0.0292182
2026-07-07 00:26:08.774 9 INFO neutron.pecan_wsgi.hooks.translation [None req-30dced03-a2a2-4dfa-b728-19a0cdea5738 93c4931a69714437a058f387207e5040 a131f227cf9e401db5e6eea2d32e0b45 - - default default] DELETE failed (client error): The resource could not be found.
2026-07-07 00:26:08.777 9 INFO neutron.wsgi [None req-30dced03-a2a2-4dfa-b728-19a0cdea5738 93c4931a69714437a058f387207e5040 a131f227cf9e401db5e6eea2d32e0b45 - - default default] 10.0.0.141 "DELETE /v2.0/subnets/4bfc335e-e66d-42d9-809b-c46f399f3f7a HTTP/1.1" status: 404 len: 337 time: 0.0335627
2026-07-07 00:26:08.826 9 INFO neutron.wsgi [None req-cd0e875e-5003-4e04-a3d9-6d11d0a04299 93c4931a69714437a058f387207e5040 a131f227cf9e401db5e6eea2d32e0b45 - - default default] 10.0.0.141 "GET /v2.0/ports?device_id=0ff41d1e-04e5-4071-896e-a3e48fbf83d2 HTTP/1.1" status: 200 len: 205 time: 0.0417116
2026-07-07 00:26:08.863 9 INFO neutron.api.v2.resource [None req-3ef454fa-4ede-4708-a4ed-8c9485e7739b 93c4931a69714437a058f387207e5040 a131f227cf9e401db5e6eea2d32e0b45 - - default default] delete failed (client error): The resource could not be found.
2026-07-07 00:26:08.864 9 INFO neutron.wsgi [None req-3ef454fa-4ede-4708-a4ed-8c9485e7739b 93c4931a69714437a058f387207e5040 a131f227cf9e401db5e6eea2d32e0b45 - - default default] 10.0.0.141 "DELETE /v2.0/routers/0ff41d1e-04e5-4071-896e-a3e48fbf83d2 HTTP/1.1" status: 404 len: 336 time: 0.0320435
2026-07-07 00:26:08.884 9 INFO neutron.pecan_wsgi.hooks.translation [None req-f5dc5113-f606-4203-9e96-4384b6e51759 93c4931a69714437a058f387207e5040 a131f227cf9e401db5e6eea2d32e0b45 - - default default] DELETE failed (client error): The resource could not be found.
2026-07-07 00:26:08.886 9 INFO neutron.wsgi [None req-f5dc5113-f606-4203-9e96-4384b6e51759 93c4931a69714437a058f387207e5040 a131f227cf9e401db5e6eea2d32e0b45 - - default default] 10.0.0.141 "DELETE /v2.0/subnets/90e10da2-0225-4ba7-b379-6f45b37482a8 HTTP/1.1" status: 404 len: 337 time: 0.0161140
2026-07-07 00:26:08.908 9 INFO neutron.wsgi [None req-976c9b2e-54af-4e6d-b883-65695165d591 93c4931a69714437a058f387207e5040 a131f227cf9e401db5e6eea2d32e0b45 - - default default] 10.0.0.141 "GET /v2.0/ports?device_id=e2c97da7-5a6e-49f8-bbc3-bd49d237f966 HTTP/1.1" status: 200 len: 205 time: 0.0182035 /var/lib/openstack/lib/python3.10/site-packages/pycadf/identifier.py:71: UserWarning: Invalid uuid: neutron. To ensure interoperability, identifiers should be a valid uuid. warnings.warn(('Invalid uuid: %s. To ensure interoperability, '
2026-07-07 00:26:08.939 10 INFO neutron.api.v2.resource [None req-b12c6e3e-b903-41f2-8e70-7817e149e552 93c4931a69714437a058f387207e5040 a131f227cf9e401db5e6eea2d32e0b45 - - default default] delete failed (client error): The resource could not be found.
2026-07-07 00:26:08.941 10 INFO neutron.wsgi [None req-b12c6e3e-b903-41f2-8e70-7817e149e552 93c4931a69714437a058f387207e5040 a131f227cf9e401db5e6eea2d32e0b45 - - default default] 10.0.0.141 "DELETE /v2.0/routers/e2c97da7-5a6e-49f8-bbc3-bd49d237f966 HTTP/1.1" status: 404 len: 336 time: 0.0265150
2026-07-07 00:26:08.964 10 INFO neutron.pecan_wsgi.hooks.translation [None req-51967c45-0ffc-4526-87c2-c3a50b811767 93c4931a69714437a058f387207e5040 a131f227cf9e401db5e6eea2d32e0b45 - - default default] DELETE failed (client error): The resource could not be found.
2026-07-07 00:26:08.967 10 INFO neutron.wsgi [None req-51967c45-0ffc-4526-87c2-c3a50b811767 93c4931a69714437a058f387207e5040 a131f227cf9e401db5e6eea2d32e0b45 - - default default] 10.0.0.141 "DELETE /v2.0/subnets/fd067a84-3432-4ae4-a45c-c01bd09e8fd9 HTTP/1.1" status: 404 len: 337 time: 0.0192540
2026-07-07 00:26:08.990 10 INFO neutron.pecan_wsgi.hooks.translation [None req-dfd03b00-d906-4256-9961-371f9f5c543d 93c4931a69714437a058f387207e5040 a131f227cf9e401db5e6eea2d32e0b45 - - default default] DELETE failed (client error): The resource could not be found.
2026-07-07 00:26:08.993 10 INFO neutron.wsgi [None req-dfd03b00-d906-4256-9961-371f9f5c543d 93c4931a69714437a058f387207e5040 a131f227cf9e401db5e6eea2d32e0b45 - - default default] 10.0.0.141 "DELETE /v2.0/subnets/6705d29e-9b0d-4625-af40-8716547422e7 HTTP/1.1" status: 404 len: 337 time: 0.0188890
2026-07-07 00:26:09.002 9 INFO neutron.wsgi [req-fb5d8006-e4f9-495f-aab2-bb1d9468a6b2 req-cad8f07d-555d-4a66-aee5-f659b8e245ad 8bb3d32e8231429da84f0d9981d73fd8 7030727b2a144de5bf3e3b1852e6e45c - - default default] 10.0.0.51 "GET /v2.0/ports?device_id=ac543189-9948-4601-9f59-53bafb1fc3d4 HTTP/1.1" status: 200 len: 1174 time: 0.0971444
2026-07-07 00:26:09.075 9 INFO neutron.wsgi [req-fb5d8006-e4f9-495f-aab2-bb1d9468a6b2 req-f257a1b6-e3ae-4927-b7e2-974054ee5f41 8bb3d32e8231429da84f0d9981d73fd8 7030727b2a144de5bf3e3b1852e6e45c - - default default] 10.0.0.51 "GET /v2.0/security-groups?id=0953e25e-f169-4cec-8231-bb667f695fb0&fields=id&fields=name HTTP/1.1" status: 200 len: 312 time: 0.0613465
2026-07-07 00:26:09.200 9 INFO neutron.wsgi [req-2d1e31c6-67ef-4c64-b251-d822e4224ac1 req-540a3d91-8e08-4615-ba06-be194f546db3 8bb3d32e8231429da84f0d9981d73fd8 7030727b2a144de5bf3e3b1852e6e45c - - default default] 10.0.0.51 "GET /v2.0/ports?device_id=ac543189-9948-4601-9f59-53bafb1fc3d4 HTTP/1.1" status: 200 len: 1174 time: 0.0541239
2026-07-07 00:26:09.460 9 INFO neutron.db.l3_db [None req-8bee1e97-6c01-478b-a9e2-9861dda3b3a9 8bb3d32e8231429da84f0d9981d73fd8 7030727b2a144de5bf3e3b1852e6e45c - - default default] Floating IP 885bcd7a-b045-457d-8524-6647b6827f9c associated. External IP: 10.96.250.216, port: 27579c64-e694-40d0-ac24-f10c7a41b557.
2026-07-07 00:26:09.714 10 INFO neutron.wsgi [None req-dbcf1dd1-32a6-4054-a389-d46c307ce8a9 be4cb84c4ba948ec9c062b7a4008b662 7a10b33a19c046c49c77a20affc073e2 - - default default] 10.0.0.141 "GET /v2.0/security-groups?tenant_id=a131f227cf9e401db5e6eea2d32e0b45&name=default HTTP/1.1" status: 200 len: 2996 time: 0.2474594
2026-07-07 00:26:09.751 9 INFO neutron.db.ovn_revision_numbers_db [None req-8bee1e97-6c01-478b-a9e2-9861dda3b3a9 8bb3d32e8231429da84f0d9981d73fd8 7030727b2a144de5bf3e3b1852e6e45c - - default default] Successfully bumped revision number for resource 885bcd7a-b045-457d-8524-6647b6827f9c (type: floatingips) to 1
