2026-07-07 00:24:30.959 10 INFO neutron.db.ovn_revision_numbers_db [None req-41558e98-70ae-436b-be75-91c7c0da1111 be4cb84c4ba948ec9c062b7a4008b662 7a10b33a19c046c49c77a20affc073e2 - - default default] Successfully bumped revision number for resource 776aa851-c348-40ad-8aa8-110cd8fac6ce (type: routers) to 2
2026-07-07 00:24:30.979 9 INFO neutron.db.ovn_revision_numbers_db [None req-07c90cce-8d81-489d-8ea1-587afcf35d67 - - - - - -] Successfully bumped revision number for resource 64ed24b5-5ee9-4e7f-ae02-d8db78b4d0fd (type: router_ports) to 4
2026-07-07 00:24:30.983 10 INFO neutron.wsgi [None req-eea91f6a-c3cb-4ffb-a89c-01596adc9e4e f003a02d17594e1b945d59c1d7446ce0 c8ace76cc6c541be8608850070278a4b - - default default] 10.0.0.141 "PUT /v2.0/floatingips/1ea1a211-7c27-40df-855f-3c4e52dbe4f7 HTTP/1.1" status: 200 len: 1039 time: 1.0995092
2026-07-07 00:24:30.990 10 INFO neutron.wsgi [None req-41558e98-70ae-436b-be75-91c7c0da1111 be4cb84c4ba948ec9c062b7a4008b662 7a10b33a19c046c49c77a20affc073e2 - - default default] 10.0.0.141 "POST /v2.0/routers HTTP/1.1" status: 201 len: 877 time: 2.3915787 /var/lib/openstack/lib/python3.10/site-packages/pycadf/identifier.py:71: UserWarning: Invalid uuid: neutron. To ensure interoperability, identifiers should be a valid uuid. warnings.warn(('Invalid uuid: %s. To ensure interoperability, '
2026-07-07 00:24:31.052 10 INFO neutron.wsgi [req-6ace8fe2-b316-42b6-9b2c-ca210987dc7b req-5c63b99c-03e4-44d3-b216-bab30bf0cc46 3b896eb5b4634c7ca425dccd731de72e f1d9a582d3e9490a8073c690d39cf55f - - default default] 199.204.45.70 "GET /v2.0/networks?id=6b5582d9-dc01-4a1e-bdf7-d1cb690141a2 HTTP/1.1" status: 200 len: 878 time: 0.1777520
2026-07-07 00:24:31.060 9 INFO neutron.plugins.ml2.drivers.ovn.mech_driver.ovsdb.ovsdb_monitor [None req-07c90cce-8d81-489d-8ea1-587afcf35d67 - - - - - -] Router 776aa851-c348-40ad-8aa8-110cd8fac6ce is bound to host instance
2026-07-07 00:24:31.130 10 INFO neutron.wsgi [req-6ace8fe2-b316-42b6-9b2c-ca210987dc7b req-6806eb42-d8d2-4433-80f9-e7292fe4b73f 3b896eb5b4634c7ca425dccd731de72e f1d9a582d3e9490a8073c690d39cf55f - - default default] 199.204.45.70 "GET /v2.0/security-groups?fields=id&fields=name&tenant_id=f1d9a582d3e9490a8073c690d39cf55f HTTP/1.1" status: 200 len: 379 time: 0.0545025
2026-07-07 00:24:31.270 9 INFO neutron.db.l3_db [None req-d4c3a324-7775-41ce-a1c9-2916286c0bd2 f003a02d17594e1b945d59c1d7446ce0 c8ace76cc6c541be8608850070278a4b - - default default] Floating IP 1ea1a211-7c27-40df-855f-3c4e52dbe4f7 disassociated. External IP: 10.96.250.215, port: c804fb45-827a-457a-bc9c-5e575f81d96b.
2026-07-07 00:24:31.352 9 INFO neutron.db.ovn_revision_numbers_db [None req-d4c3a324-7775-41ce-a1c9-2916286c0bd2 f003a02d17594e1b945d59c1d7446ce0 c8ace76cc6c541be8608850070278a4b - - default default] Successfully bumped revision number for resource 1ea1a211-7c27-40df-855f-3c4e52dbe4f7 (type: floatingips) to 3
2026-07-07 00:24:31.461 9 INFO neutron.wsgi [None req-d4c3a324-7775-41ce-a1c9-2916286c0bd2 f003a02d17594e1b945d59c1d7446ce0 c8ace76cc6c541be8608850070278a4b - - default default] 10.0.0.141 "PUT /v2.0/floatingips/1ea1a211-7c27-40df-855f-3c4e52dbe4f7 HTTP/1.1" status: 200 len: 748 time: 0.4703748 /var/lib/openstack/lib/python3.10/site-packages/pycadf/identifier.py:71: UserWarning: Invalid uuid: neutron. To ensure interoperability, identifiers should be a valid uuid. warnings.warn(('Invalid uuid: %s. To ensure interoperability, '
2026-07-07 00:24:31.515 10 WARNING neutron.scheduler.dhcp_agent_scheduler [req-6ace8fe2-b316-42b6-9b2c-ca210987dc7b req-2b666bb5-ec17-475d-906f-baab6511d56e 3b896eb5b4634c7ca425dccd731de72e f1d9a582d3e9490a8073c690d39cf55f - - default default] No more DHCP agents
2026-07-07 00:24:31.519 10 WARNING neutron.api.rpc.agentnotifiers.dhcp_rpc_agent_api [req-6ace8fe2-b316-42b6-9b2c-ca210987dc7b req-2b666bb5-ec17-475d-906f-baab6511d56e 3b896eb5b4634c7ca425dccd731de72e f1d9a582d3e9490a8073c690d39cf55f - - default default] Unable to schedule network 6b5582d9-dc01-4a1e-bdf7-d1cb690141a2: no agents available; will retry on subsequent port and subnet creation events.
2026-07-07 00:24:31.912 10 INFO neutron.db.ovn_revision_numbers_db [req-6ace8fe2-b316-42b6-9b2c-ca210987dc7b req-2b666bb5-ec17-475d-906f-baab6511d56e 3b896eb5b4634c7ca425dccd731de72e f1d9a582d3e9490a8073c690d39cf55f - - default default] Successfully bumped revision number for resource 4123a7ee-6cf5-4082-b6a0-caa7ba775a77 (type: ports) to 1
2026-07-07 00:24:31.940 9 INFO neutron.wsgi [req-0d086ba6-a45d-4811-9172-36733834fd4f req-a5c68c6f-8cc6-43d6-bcb2-8d111c499db9 3b896eb5b4634c7ca425dccd731de72e f1d9a582d3e9490a8073c690d39cf55f - - default default] 10.0.0.51 "GET /v2.0/ports?device_id=472f4d55-85bf-4cb0-a820-6b24c3e393a3 HTTP/1.1" status: 200 len: 1160 time: 0.1020057
2026-07-07 00:24:31.946 10 INFO neutron.wsgi [req-6ace8fe2-b316-42b6-9b2c-ca210987dc7b req-2b666bb5-ec17-475d-906f-baab6511d56e 3b896eb5b4634c7ca425dccd731de72e f1d9a582d3e9490a8073c690d39cf55f - - default default] 199.204.45.70 "POST /v2.0/ports HTTP/1.1" status: 201 len: 1162 time: 0.8107080 /var/lib/openstack/lib/python3.10/site-packages/pycadf/identifier.py:71: UserWarning: Invalid uuid: neutron. To ensure interoperability, identifiers should be a valid uuid. warnings.warn(('Invalid uuid: %s. To ensure interoperability, '
2026-07-07 00:24:31.961 10 INFO neutron.wsgi [req-6ace8fe2-b316-42b6-9b2c-ca210987dc7b req-3b2e1256-5f82-4ae8-be40-9212cacfdf8b 3b896eb5b4634c7ca425dccd731de72e f1d9a582d3e9490a8073c690d39cf55f - - default default] 199.204.45.70 "GET /v2.0/extensions HTTP/1.1" status: 200 len: 16525 time: 0.0109220
2026-07-07 00:24:32.059 9 INFO neutron.wsgi [req-0d086ba6-a45d-4811-9172-36733834fd4f req-95b22ceb-1e94-4ee7-97ca-a28b32a090c9 3b896eb5b4634c7ca425dccd731de72e f1d9a582d3e9490a8073c690d39cf55f - - default default] 10.0.0.51 "GET /v2.0/security-groups?id=bc9cccb0-c88f-4e3d-a703-0b342cebcaed&fields=id&fields=name HTTP/1.1" status: 200 len: 312 time: 0.1003757
2026-07-07 00:24:32.126 10 INFO neutron.wsgi [None req-8b7fa328-6c6c-41ed-bd02-4f7946c08962 f003a02d17594e1b945d59c1d7446ce0 c8ace76cc6c541be8608850070278a4b - - default default] 10.0.0.141 "DELETE /v2.0/floatingips/1ea1a211-7c27-40df-855f-3c4e52dbe4f7 HTTP/1.1" status: 204 len: 168 time: 0.6565571
2026-07-07 00:24:32.170 10 INFO neutron.api.v2.resource [None req-9bd718e0-a1ae-408e-9c17-28631ccb1f66 f003a02d17594e1b945d59c1d7446ce0 c8ace76cc6c541be8608850070278a4b - - default default] delete failed (client error): The resource could not be found.
2026-07-07 00:24:32.171 10 INFO neutron.wsgi [None req-9bd718e0-a1ae-408e-9c17-28631ccb1f66 f003a02d17594e1b945d59c1d7446ce0 c8ace76cc6c541be8608850070278a4b - - default default] 10.0.0.141 "DELETE /v2.0/floatingips/1ea1a211-7c27-40df-855f-3c4e52dbe4f7 HTTP/1.1" status: 404 len: 345 time: 0.0276299
2026-07-07 00:24:32.221 9 WARNING neutron.scheduler.dhcp_agent_scheduler [None req-894da09e-faff-472a-8c26-0a14ace87811 be4cb84c4ba948ec9c062b7a4008b662 7a10b33a19c046c49c77a20affc073e2 - - default default] No more DHCP agents
2026-07-07 00:24:32.227 9 WARNING neutron.api.rpc.agentnotifiers.dhcp_rpc_agent_api [None req-894da09e-faff-472a-8c26-0a14ace87811 be4cb84c4ba948ec9c062b7a4008b662 7a10b33a19c046c49c77a20affc073e2 - - default default] Unable to schedule network ba33a10a-59d5-40a4-b9af-0baed8bb997d: no agents available; will retry on subsequent port and subnet creation events.
2026-07-07 00:24:32.345 9 INFO neutron.db.ovn_revision_numbers_db [None req-07c90cce-8d81-489d-8ea1-587afcf35d67 - - - - - -] Successfully bumped revision number for resource c9b862f9-cd1f-4395-bf5c-005a17100b0f (type: ports) to 1
2026-07-07 00:24:32.473 9 INFO neutron.db.ovn_revision_numbers_db [None req-894da09e-faff-472a-8c26-0a14ace87811 be4cb84c4ba948ec9c062b7a4008b662 7a10b33a19c046c49c77a20affc073e2 - - default default] Successfully bumped revision number for resource cb0dc216-413a-40ed-aa79-d8430e2b150b (type: ports) to 1
2026-07-07 00:24:32.552 9 INFO neutron.db.ovn_revision_numbers_db [None req-542be708-5a1d-4b42-9f2b-4bd65ca3730a be4cb84c4ba948ec9c062b7a4008b662 7a10b33a19c046c49c77a20affc073e2 - - default default] Successfully bumped revision number for resource 342a664c-ceb1-4f78-b134-07bb2ca79136 (type: router_ports) to 1
2026-07-07 00:24:32.554 9 INFO neutron.wsgi [None req-542be708-5a1d-4b42-9f2b-4bd65ca3730a be4cb84c4ba948ec9c062b7a4008b662 7a10b33a19c046c49c77a20affc073e2 - - default default] 10.0.0.141 "PUT /v2.0/routers/13a6ab8a-3647-4ad7-a44e-2b37ae9f3dd6/add_router_interface HTTP/1.1" status: 200 len: 503 time: 3.8808293
2026-07-07 00:24:32.763 10 INFO neutron.wsgi [None req-55b1c034-ec3e-485c-9fbf-b1694bba7c28 f003a02d17594e1b945d59c1d7446ce0 c8ace76cc6c541be8608850070278a4b - - default default] 10.0.0.141 "DELETE /v2.0/ports/c804fb45-827a-457a-bc9c-5e575f81d96b HTTP/1.1" status: 204 len: 168 time: 0.5830960 /var/lib/openstack/lib/python3.10/site-packages/pycadf/identifier.py:71: UserWarning: Invalid uuid: neutron. To ensure interoperability, identifiers should be a valid uuid. warnings.warn(('Invalid uuid: %s. To ensure interoperability, '
2026-07-07 00:24:32.954 10 INFO neutron.db.ovn_revision_numbers_db [req-6ace8fe2-b316-42b6-9b2c-ca210987dc7b req-521352c1-d09c-4d07-bfc0-e9bf051dd157 89c303b20e664d4fbb7d2652fddd4b9e 1031b3bb3e9b4720a61baed768c1d65e - - 4a9d02f35e214977bc4d1f5b1325aaf9 4a9d02f35e214977bc4d1f5b1325aaf9] Successfully bumped revision number for resource 4123a7ee-6cf5-4082-b6a0-caa7ba775a77 (type: ports) to 2
2026-07-07 00:24:33.023 9 INFO neutron.db.ovn_revision_numbers_db [None req-07c90cce-8d81-489d-8ea1-587afcf35d67 - - - - - -] Successfully bumped revision number for resource c9b862f9-cd1f-4395-bf5c-005a17100b0f (type: router_ports) to 3
2026-07-07 00:24:33.205 10 WARNING neutron.plugins.ml2.drivers.ovn.mech_driver.ovsdb.ovn_client [None req-3a0a643f-de9c-4c71-9c69-d4447a6e9dc9 - - - - - -] No hosting information found for port 1c7d74d2-0845-4cc5-9631-81888ee0b5c2: RuntimeError: No hosting information found for port 1c7d74d2-0845-4cc5-9631-81888ee0b5c2
2026-07-07 00:24:33.206 10 INFO neutron.plugins.ml2.drivers.ovn.mech_driver.mech_driver [None req-3a0a643f-de9c-4c71-9c69-d4447a6e9dc9 - - - - - -] OVN reports status up for port: 64ed24b5-5ee9-4e7f-ae02-d8db78b4d0fd
2026-07-07 00:24:33.257 10 INFO neutron.plugins.ml2.plugin [None req-3a0a643f-de9c-4c71-9c69-d4447a6e9dc9 - - - - - -] Attempt 1 to provision port 64ed24b5-5ee9-4e7f-ae02-d8db78b4d0fd
2026-07-07 00:24:33.264 9 INFO neutron.db.ovn_revision_numbers_db [None req-07c90cce-8d81-489d-8ea1-587afcf35d67 - - - - - -] Successfully bumped revision number for resource c9b862f9-cd1f-4395-bf5c-005a17100b0f (type: ports) to 2
2026-07-07 00:24:33.313 9 INFO neutron.plugins.ml2.drivers.ovn.mech_driver.mech_driver [None req-3fdcba31-e094-4b92-868b-d5eff4a849a8 - - - - - -] OVN reports status up for port: cb0dc216-413a-40ed-aa79-d8430e2b150b
2026-07-07 00:24:33.333 9 INFO neutron.plugins.ml2.plugin [None req-3fdcba31-e094-4b92-868b-d5eff4a849a8 - - - - - -] Attempt 1 to provision port cb0dc216-413a-40ed-aa79-d8430e2b150b
2026-07-07 00:24:33.352 9 INFO neutron.db.ovn_revision_numbers_db [None req-894da09e-faff-472a-8c26-0a14ace87811 be4cb84c4ba948ec9c062b7a4008b662 7a10b33a19c046c49c77a20affc073e2 - - default default] Successfully bumped revision number for resource cb0dc216-413a-40ed-aa79-d8430e2b150b (type: router_ports) to 1
2026-07-07 00:24:33.422 10 INFO neutron.wsgi [None req-ea27ae8f-b924-417c-8e27-c5d831391a85 f003a02d17594e1b945d59c1d7446ce0 c8ace76cc6c541be8608850070278a4b - - default default] 10.0.0.141 "DELETE /v2.0/ports/af878c00-0b3f-43d2-899d-bc757d1edafe HTTP/1.1" status: 204 len: 168 time: 0.6539137
2026-07-07 00:24:33.425 10 INFO neutron.db.ovn_revision_numbers_db [req-6ace8fe2-b316-42b6-9b2c-ca210987dc7b req-521352c1-d09c-4d07-bfc0-e9bf051dd157 89c303b20e664d4fbb7d2652fddd4b9e 1031b3bb3e9b4720a61baed768c1d65e - - 4a9d02f35e214977bc4d1f5b1325aaf9 4a9d02f35e214977bc4d1f5b1325aaf9] Successfully bumped revision number for resource 4123a7ee-6cf5-4082-b6a0-caa7ba775a77 (type: ports) to 2 /var/lib/openstack/lib/python3.10/site-packages/pycadf/identifier.py:71: UserWarning: Invalid uuid: neutron. To ensure interoperability, identifiers should be a valid uuid. warnings.warn(('Invalid uuid: %s. To ensure interoperability, '
2026-07-07 00:24:33.479 9 INFO neutron.wsgi [req-c3419bde-c2bb-4072-980c-68a6a7e50cd9 req-5f659e14-fa4c-48f5-b58d-1fb8503b2770 3b896eb5b4634c7ca425dccd731de72e f1d9a582d3e9490a8073c690d39cf55f - - default default] 10.0.0.51 "GET /v2.0/ports?device_id=472f4d55-85bf-4cb0-a820-6b24c3e393a3 HTTP/1.1" status: 200 len: 1172 time: 0.1900666
2026-07-07 00:24:33.489 10 INFO neutron.plugins.ml2.drivers.ovn.mech_driver.mech_driver [None req-3a0a643f-de9c-4c71-9c69-d4447a6e9dc9 - - - - - -] OVN reports status up for port: 342a664c-ceb1-4f78-b134-07bb2ca79136
2026-07-07 00:24:33.507 10 INFO neutron.wsgi [req-6ace8fe2-b316-42b6-9b2c-ca210987dc7b req-521352c1-d09c-4d07-bfc0-e9bf051dd157 89c303b20e664d4fbb7d2652fddd4b9e 1031b3bb3e9b4720a61baed768c1d65e - - 4a9d02f35e214977bc4d1f5b1325aaf9 4a9d02f35e214977bc4d1f5b1325aaf9] 199.204.45.70 "PUT /v2.0/ports/4123a7ee-6cf5-4082-b6a0-caa7ba775a77 HTTP/1.1" status: 200 len: 1380 time: 1.2214861
2026-07-07 00:24:33.526 10 INFO neutron.plugins.ml2.plugin [None req-3a0a643f-de9c-4c71-9c69-d4447a6e9dc9 - - - - - -] Attempt 1 to provision port 342a664c-ceb1-4f78-b134-07bb2ca79136
2026-07-07 00:24:33.527 10 INFO neutron.db.ovn_revision_numbers_db [None req-ff34b9c3-3a31-4b8f-ac6a-72d9e92419ad fbbbd97cffa648f98654c3234be00c8b 1408cc66cab74eecac043dadc385fde2 - - default default] Successfully bumped revision number for resource 2276d6a2-c118-4469-bf9c-8dc55484918d (type: security_groups) to 1
2026-07-07 00:24:33.607 9 INFO neutron.wsgi [req-c3419bde-c2bb-4072-980c-68a6a7e50cd9 req-d0394ce2-d2d1-412e-9dc1-87e77d7b495e 3b896eb5b4634c7ca425dccd731de72e f1d9a582d3e9490a8073c690d39cf55f - - default default] 10.0.0.51 "GET /v2.0/security-groups?id=bc9cccb0-c88f-4e3d-a703-0b342cebcaed&fields=id&fields=name HTTP/1.1" status: 200 len: 312 time: 0.1132181
2026-07-07 00:24:33.674 9 INFO neutron.db.ovn_revision_numbers_db [None req-894da09e-faff-472a-8c26-0a14ace87811 be4cb84c4ba948ec9c062b7a4008b662 7a10b33a19c046c49c77a20affc073e2 - - default default] Successfully bumped revision number for resource cb0dc216-413a-40ed-aa79-d8430e2b150b (type: ports) to 1
2026-07-07 00:24:33.787 10 INFO neutron.db.ovn_revision_numbers_db [None req-ff34b9c3-3a31-4b8f-ac6a-72d9e92419ad fbbbd97cffa648f98654c3234be00c8b 1408cc66cab74eecac043dadc385fde2 - - default default] Successfully bumped revision number for resource 5ba5aea8-7632-489a-89b0-658b38543400 (type: security_group_rules) to 0
2026-07-07 00:24:33.807 9 INFO neutron.db.ovn_revision_numbers_db [None req-07c90cce-8d81-489d-8ea1-587afcf35d67 - - - - - -] Successfully bumped revision number for resource c9b862f9-cd1f-4395-bf5c-005a17100b0f (type: ports) to 4
2026-07-07 00:24:33.813 9 WARNING neutron.scheduler.dhcp_agent_scheduler [None req-894da09e-faff-472a-8c26-0a14ace87811 be4cb84c4ba948ec9c062b7a4008b662 7a10b33a19c046c49c77a20affc073e2 - - default default] No more DHCP agents
2026-07-07 00:24:33.815 9 WARNING neutron.api.rpc.agentnotifiers.dhcp_rpc_agent_api [None req-894da09e-faff-472a-8c26-0a14ace87811 be4cb84c4ba948ec9c062b7a4008b662 7a10b33a19c046c49c77a20affc073e2 - - default default] Unable to schedule network ba33a10a-59d5-40a4-b9af-0baed8bb997d: no agents available; will retry on subsequent port and subnet creation events.
2026-07-07 00:24:33.835 10 INFO neutron.wsgi [req-6ace8fe2-b316-42b6-9b2c-ca210987dc7b req-66eb5a90-76be-4d03-884c-ed859a4a457f 89c303b20e664d4fbb7d2652fddd4b9e 1031b3bb3e9b4720a61baed768c1d65e - - 4a9d02f35e214977bc4d1f5b1325aaf9 4a9d02f35e214977bc4d1f5b1325aaf9] 199.204.45.70 "GET /v2.0/ports?tenant_id=f1d9a582d3e9490a8073c690d39cf55f&device_id=472f4d55-85bf-4cb0-a820-6b24c3e393a3 HTTP/1.1" status: 200 len: 1411 time: 0.2702808
2026-07-07 00:24:33.839 10 INFO neutron.db.ovn_revision_numbers_db [None req-ff34b9c3-3a31-4b8f-ac6a-72d9e92419ad fbbbd97cffa648f98654c3234be00c8b 1408cc66cab74eecac043dadc385fde2 - - default default] Successfully bumped revision number for resource a9a8ea9b-4096-401e-8cb5-0612d70f85ca (type: security_group_rules) to 0
2026-07-07 00:24:33.858 10 INFO neutron.wsgi [None req-62810bf9-6f92-412d-a7e0-88c4cb10ae79 f003a02d17594e1b945d59c1d7446ce0 c8ace76cc6c541be8608850070278a4b - - default default] 10.0.0.141 "GET /v2.0/ports?device_id=99a88826-ebc0-454e-b66e-570264fe2bca HTTP/1.1" status: 200 len: 1140 time: 0.4246707
2026-07-07 00:24:33.898 10 INFO neutron.wsgi [None req-ff34b9c3-3a31-4b8f-ac6a-72d9e92419ad fbbbd97cffa648f98654c3234be00c8b 1408cc66cab74eecac043dadc385fde2 - - default default] 10.0.0.141 "POST /v2.0/security-groups HTTP/1.1" status: 201 len: 1796 time: 0.7481177
2026-07-07 00:24:33.907 10 INFO neutron.wsgi [req-6ace8fe2-b316-42b6-9b2c-ca210987dc7b req-d7ec5a3c-1f5d-4de0-9ce2-666cd806c7b5 89c303b20e664d4fbb7d2652fddd4b9e 1031b3bb3e9b4720a61baed768c1d65e - - 4a9d02f35e214977bc4d1f5b1325aaf9 4a9d02f35e214977bc4d1f5b1325aaf9] 199.204.45.70 "GET /v2.0/floatingips?fixed_ip_address=10.100.0.10&port_id=4123a7ee-6cf5-4082-b6a0-caa7ba775a77 HTTP/1.1" status: 200 len: 217 time: 0.0600531
2026-07-07 00:24:33.946 9 INFO neutron.db.ovn_revision_numbers_db [None req-3fdcba31-e094-4b92-868b-d5eff4a849a8 - - - - - -] Successfully bumped revision number for resource cb0dc216-413a-40ed-aa79-d8430e2b150b (type: ports) to 2
2026-07-07 00:24:33.977 10 INFO neutron.notifiers.nova [-] Nova event matching ['req-6c038dcd-f5d1-4f94-8f92-438a159b4835'] response: {'name': 'network-changed', 'server_uuid': '472f4d55-85bf-4cb0-a820-6b24c3e393a3', 'tag': '4123a7ee-6cf5-4082-b6a0-caa7ba775a77', 'status': 'completed', 'code': 200}
2026-07-07 00:24:34.007 10 INFO neutron.wsgi [req-6ace8fe2-b316-42b6-9b2c-ca210987dc7b req-f72dc49e-30b3-4210-acc2-3c7bfdd3e70b 89c303b20e664d4fbb7d2652fddd4b9e 1031b3bb3e9b4720a61baed768c1d65e - - 4a9d02f35e214977bc4d1f5b1325aaf9 4a9d02f35e214977bc4d1f5b1325aaf9] 199.204.45.70 "GET /v2.0/subnets?id=ece3bf54-718d-4831-b350-1dcea6b8ea55 HTTP/1.1" status: 200 len: 872 time: 0.0875928
2026-07-07 00:24:34.055 10 INFO neutron.wsgi [req-6ace8fe2-b316-42b6-9b2c-ca210987dc7b req-fe0d2fb9-01f8-4c55-869a-254a49624474 89c303b20e664d4fbb7d2652fddd4b9e 1031b3bb3e9b4720a61baed768c1d65e - - 4a9d02f35e214977bc4d1f5b1325aaf9 4a9d02f35e214977bc4d1f5b1325aaf9] 199.204.45.70 "GET /v2.0/ports?network_id=6b5582d9-dc01-4a1e-bdf7-d1cb690141a2&device_owner=network%3Adhcp HTTP/1.1" status: 200 len: 210 time: 0.0409372
2026-07-07 00:24:34.168 10 INFO neutron.wsgi [req-6ace8fe2-b316-42b6-9b2c-ca210987dc7b req-7fd7e7bc-fc9c-401f-9f87-f2edf9c9aa9b 89c303b20e664d4fbb7d2652fddd4b9e 1031b3bb3e9b4720a61baed768c1d65e - - 4a9d02f35e214977bc4d1f5b1325aaf9 4a9d02f35e214977bc4d1f5b1325aaf9] 199.204.45.70 "GET /v2.0/networks/6b5582d9-dc01-4a1e-bdf7-d1cb690141a2?fields=segments HTTP/1.1" status: 200 len: 212 time: 0.0993671
2026-07-07 00:24:34.309 10 INFO neutron.wsgi [req-6ace8fe2-b316-42b6-9b2c-ca210987dc7b req-c86dd48f-6264-4a70-a829-07de5bc583e9 89c303b20e664d4fbb7d2652fddd4b9e 1031b3bb3e9b4720a61baed768c1d65e - - 4a9d02f35e214977bc4d1f5b1325aaf9 4a9d02f35e214977bc4d1f5b1325aaf9] 199.204.45.70 "GET /v2.0/networks/6b5582d9-dc01-4a1e-bdf7-d1cb690141a2?fields=provider%3Aphysical_network&fields=provider%3Anetwork_type HTTP/1.1" status: 200 len: 277 time: 0.1343954
2026-07-07 00:24:34.366 9 INFO neutron.db.ovn_revision_numbers_db [None req-3fdcba31-e094-4b92-868b-d5eff4a849a8 - - - - - -] Successfully bumped revision number for resource cb0dc216-413a-40ed-aa79-d8430e2b150b (type: router_ports) to 2
2026-07-07 00:24:34.418 10 INFO neutron.wsgi [req-011dd8e1-761d-4fe4-b199-37e1c3005b25 req-85e32fe7-df5a-444f-aaa2-4e086f920884 89c303b20e664d4fbb7d2652fddd4b9e 1031b3bb3e9b4720a61baed768c1d65e - - 4a9d02f35e214977bc4d1f5b1325aaf9 4a9d02f35e214977bc4d1f5b1325aaf9] 199.204.45.70 "GET /v2.0/ports?tenant_id=f1d9a582d3e9490a8073c690d39cf55f&device_id=472f4d55-85bf-4cb0-a820-6b24c3e393a3 HTTP/1.1" status: 200 len: 1411 time: 0.0547752
2026-07-07 00:24:34.429 9 INFO neutron.db.ovn_revision_numbers_db [None req-264f12b4-f4d7-4f39-804c-abab226db9c4 fbbbd97cffa648f98654c3234be00c8b 1408cc66cab74eecac043dadc385fde2 - - default default] Successfully bumped revision number for resource 820b308d-c8a4-4f9e-bba8-b7f513e62c4c (type: security_group_rules) to 0
2026-07-07 00:24:34.484 9 INFO neutron.wsgi [None req-264f12b4-f4d7-4f39-804c-abab226db9c4 fbbbd97cffa648f98654c3234be00c8b 1408cc66cab74eecac043dadc385fde2 - - default default] 10.0.0.141 "POST /v2.0/security-group-rules HTTP/1.1" status: 201 len: 764 time: 0.5769823
2026-07-07 00:24:34.488 10 INFO neutron.db.ovn_revision_numbers_db [None req-3a0a643f-de9c-4c71-9c69-d4447a6e9dc9 - - - - - -] Successfully bumped revision number for resource 342a664c-ceb1-4f78-b134-07bb2ca79136 (type: ports) to 2
2026-07-07 00:24:34.514 9 INFO neutron.db.ovn_revision_numbers_db [None req-07c90cce-8d81-489d-8ea1-587afcf35d67 - - - - - -] Successfully bumped revision number for resource c9b862f9-cd1f-4395-bf5c-005a17100b0f (type: router_ports) to 4
2026-07-07 00:24:34.700 10 INFO neutron.wsgi [req-011dd8e1-761d-4fe4-b199-37e1c3005b25 req-663d1439-2dfa-4826-8351-7f326759e15d 89c303b20e664d4fbb7d2652fddd4b9e 1031b3bb3e9b4720a61baed768c1d65e - - 4a9d02f35e214977bc4d1f5b1325aaf9 4a9d02f35e214977bc4d1f5b1325aaf9] 199.204.45.70 "GET /v2.0/networks?id=6b5582d9-dc01-4a1e-bdf7-d1cb690141a2 HTTP/1.1" status: 200 len: 977 time: 0.1560676
2026-07-07 00:24:34.742 10 INFO neutron.wsgi [req-011dd8e1-761d-4fe4-b199-37e1c3005b25 req-e6ecb4c5-453d-42fa-a3f1-a0f708314756 89c303b20e664d4fbb7d2652fddd4b9e 1031b3bb3e9b4720a61baed768c1d65e - - 4a9d02f35e214977bc4d1f5b1325aaf9 4a9d02f35e214977bc4d1f5b1325aaf9] 199.204.45.70 "GET /v2.0/floatingips?fixed_ip_address=10.100.0.10&port_id=4123a7ee-6cf5-4082-b6a0-caa7ba775a77 HTTP/1.1" status: 200 len: 217 time: 0.0353007
2026-07-07 00:24:34.756 9 INFO neutron.wsgi [req-9517855f-12bd-465d-abf3-7012be4d04bb req-26f48ba7-494e-4357-9001-ec8d8086308f 3b896eb5b4634c7ca425dccd731de72e f1d9a582d3e9490a8073c690d39cf55f - - default default] 10.0.0.51 "GET /v2.0/ports?device_id=472f4d55-85bf-4cb0-a820-6b24c3e393a3 HTTP/1.1" status: 200 len: 1172 time: 0.0534244
2026-07-07 00:24:34.816 10 INFO neutron.wsgi [req-011dd8e1-761d-4fe4-b199-37e1c3005b25 req-ca27e7e3-b8b7-443e-ad18-37ab3506e2f2 89c303b20e664d4fbb7d2652fddd4b9e 1031b3bb3e9b4720a61baed768c1d65e - - 4a9d02f35e214977bc4d1f5b1325aaf9 4a9d02f35e214977bc4d1f5b1325aaf9] 199.204.45.70 "GET /v2.0/subnets?id=ece3bf54-718d-4831-b350-1dcea6b8ea55 HTTP/1.1" status: 200 len: 872 time: 0.0660105
2026-07-07 00:24:34.817 10 INFO neutron.db.ovn_revision_numbers_db [None req-3a0a643f-de9c-4c71-9c69-d4447a6e9dc9 - - - - - -] Successfully bumped revision number for resource 342a664c-ceb1-4f78-b134-07bb2ca79136 (type: router_ports) to 2
2026-07-07 00:24:34.820 9 INFO neutron.wsgi [req-9517855f-12bd-465d-abf3-7012be4d04bb req-1fe3d4e8-5636-49fe-952d-18418baf1b84 3b896eb5b4634c7ca425dccd731de72e f1d9a582d3e9490a8073c690d39cf55f - - default default] 10.0.0.51 "GET /v2.0/security-groups?id=bc9cccb0-c88f-4e3d-a703-0b342cebcaed&fields=id&fields=name HTTP/1.1" status: 200 len: 312 time: 0.0554409
2026-07-07 00:24:34.854 10 INFO neutron.wsgi [req-011dd8e1-761d-4fe4-b199-37e1c3005b25 req-d7c3bac5-af06-4a44-922e-78e188258519 89c303b20e664d4fbb7d2652fddd4b9e 1031b3bb3e9b4720a61baed768c1d65e - - 4a9d02f35e214977bc4d1f5b1325aaf9 4a9d02f35e214977bc4d1f5b1325aaf9] 199.204.45.70 "GET /v2.0/ports?network_id=6b5582d9-dc01-4a1e-bdf7-d1cb690141a2&device_owner=network%3Adhcp HTTP/1.1" status: 200 len: 210 time: 0.0318441
2026-07-07 00:24:34.881 10 INFO neutron.db.ovn_revision_numbers_db [None req-02c16f44-8571-4804-9dc7-83a105c1bc4e fbbbd97cffa648f98654c3234be00c8b 1408cc66cab74eecac043dadc385fde2 - - default default] Successfully bumped revision number for resource 3bd2d254-1fa6-4a98-ac29-c12975df7bba (type: security_group_rules) to 0
2026-07-07 00:24:34.955 10 INFO neutron.wsgi [None req-02c16f44-8571-4804-9dc7-83a105c1bc4e fbbbd97cffa648f98654c3234be00c8b 1408cc66cab74eecac043dadc385fde2 - - default default] 10.0.0.141 "POST /v2.0/security-group-rules HTTP/1.1" status: 201 len: 769 time: 0.4641616
2026-07-07 00:24:34.987 10 INFO neutron.wsgi [req-011dd8e1-761d-4fe4-b199-37e1c3005b25 req-e2c87142-39ab-44f5-98d6-20a485ec2777 89c303b20e664d4fbb7d2652fddd4b9e 1031b3bb3e9b4720a61baed768c1d65e - - 4a9d02f35e214977bc4d1f5b1325aaf9 4a9d02f35e214977bc4d1f5b1325aaf9] 199.204.45.70 "GET /v2.0/networks/6b5582d9-dc01-4a1e-bdf7-d1cb690141a2?fields=segments HTTP/1.1" status: 200 len: 212 time: 0.1258030
2026-07-07 00:24:35.117 9 INFO neutron.db.ovn_revision_numbers_db [None req-894da09e-faff-472a-8c26-0a14ace87811 be4cb84c4ba948ec9c062b7a4008b662 7a10b33a19c046c49c77a20affc073e2 - - default default] Successfully bumped revision number for resource cb0dc216-413a-40ed-aa79-d8430e2b150b (type: router_ports) to 2
2026-07-07 00:24:35.119 9 INFO neutron.wsgi [None req-894da09e-faff-472a-8c26-0a14ace87811 be4cb84c4ba948ec9c062b7a4008b662 7a10b33a19c046c49c77a20affc073e2 - - default default] 10.0.0.141 "PUT /v2.0/routers/776aa851-c348-40ad-8aa8-110cd8fac6ce/add_router_interface HTTP/1.1" status: 200 len: 503 time: 4.1205776
2026-07-07 00:24:35.252 9 WARNING neutron.scheduler.dhcp_agent_scheduler [None req-635a5508-5d90-4374-9bfc-851701e7f833 fbbbd97cffa648f98654c3234be00c8b 1408cc66cab74eecac043dadc385fde2 - - default default] No more DHCP agents
2026-07-07 00:24:35.254 9 WARNING neutron.api.rpc.agentnotifiers.dhcp_rpc_agent_api [None req-635a5508-5d90-4374-9bfc-851701e7f833 fbbbd97cffa648f98654c3234be00c8b 1408cc66cab74eecac043dadc385fde2 - - default default] Unable to schedule network fc093fff-c53f-4348-a77b-2fab9ce5afff: no agents available; will retry on subsequent port and subnet creation events.
2026-07-07 00:24:35.312 10 INFO neutron.wsgi [req-011dd8e1-761d-4fe4-b199-37e1c3005b25 req-baa93cf0-1a4b-4348-a6c4-7db70bc894bd 89c303b20e664d4fbb7d2652fddd4b9e 1031b3bb3e9b4720a61baed768c1d65e - - 4a9d02f35e214977bc4d1f5b1325aaf9 4a9d02f35e214977bc4d1f5b1325aaf9] 199.204.45.70 "GET /v2.0/networks/6b5582d9-dc01-4a1e-bdf7-d1cb690141a2?fields=provider%3Aphysical_network&fields=provider%3Anetwork_type HTTP/1.1" status: 200 len: 277 time: 0.3163116
2026-07-07 00:24:35.540 9 INFO neutron.db.ovn_revision_numbers_db [None req-635a5508-5d90-4374-9bfc-851701e7f833 fbbbd97cffa648f98654c3234be00c8b 1408cc66cab74eecac043dadc385fde2 - - default default] Successfully bumped revision number for resource c27515fe-1b8f-477d-9a9b-cda072b35b0e (type: floatingips) to 0
2026-07-07 00:24:35.579 9 INFO neutron.wsgi [None req-635a5508-5d90-4374-9bfc-851701e7f833 fbbbd97cffa648f98654c3234be00c8b 1408cc66cab74eecac043dadc385fde2 - - default default] 10.0.0.141 "POST /v2.0/floatingips HTTP/1.1" status: 201 len: 751 time: 0.6180363
2026-07-07 00:24:35.594 10 INFO neutron.wsgi [None req-7b32e64a-3686-4379-892e-d8c35e3688ab f003a02d17594e1b945d59c1d7446ce0 c8ace76cc6c541be8608850070278a4b - - default default] 10.0.0.141 "PUT /v2.0/routers/99a88826-ebc0-454e-b66e-570264fe2bca/remove_router_interface HTTP/1.1" status: 200 len: 503 time: 1.7141929 /var/lib/openstack/lib/python3.10/site-packages/pycadf/identifier.py:71: UserWarning: Invalid uuid: neutron. To ensure interoperability, identifiers should be a valid uuid. warnings.warn(('Invalid uuid: %s. To ensure interoperability, '
2026-07-07 00:24:35.809 9 INFO neutron.db.ovn_revision_numbers_db [None req-f12c7572-4e8b-4850-b17e-8a6b2ea91c78 78cbcc3c12ba4ca7811570de4c7a55bb dd63c4ae34624fa6b97ccb4b68f46cec - - default default] Successfully bumped revision number for resource b1249fd5-0712-49ff-b024-6794b7f258cc (type: security_groups) to 1
2026-07-07 00:24:35.824 9 INFO neutron.db.ovn_revision_numbers_db [None req-f12c7572-4e8b-4850-b17e-8a6b2ea91c78 78cbcc3c12ba4ca7811570de4c7a55bb dd63c4ae34624fa6b97ccb4b68f46cec - - default default] Successfully bumped revision number for resource 69168721-6b76-4bc5-81e0-049c8c4d8772 (type: security_group_rules) to 0
2026-07-07 00:24:35.845 9 INFO neutron.db.ovn_revision_numbers_db [None req-f12c7572-4e8b-4850-b17e-8a6b2ea91c78 78cbcc3c12ba4ca7811570de4c7a55bb dd63c4ae34624fa6b97ccb4b68f46cec - - default default] Successfully bumped revision number for resource f3e9db7f-65c1-4e64-817e-1d79045befff (type: security_group_rules) to 0
2026-07-07 00:24:35.864 9 INFO neutron.wsgi [None req-f12c7572-4e8b-4850-b17e-8a6b2ea91c78 78cbcc3c12ba4ca7811570de4c7a55bb dd63c4ae34624fa6b97ccb4b68f46cec - - default default] 10.0.0.141 "POST /v2.0/security-groups HTTP/1.1" status: 201 len: 1795 time: 0.1752424
2026-07-07 00:24:35.954 9 INFO neutron.wsgi [req-99f593f9-c8f4-403d-a6ed-dfc0e9bff157 req-6fa0543e-1468-4bb0-9982-31569055ec16 3b896eb5b4634c7ca425dccd731de72e f1d9a582d3e9490a8073c690d39cf55f - - default default] 10.0.0.51 "GET /v2.0/ports?device_id=472f4d55-85bf-4cb0-a820-6b24c3e393a3 HTTP/1.1" status: 200 len: 1172 time: 0.0446100
2026-07-07 00:24:36.010 9 INFO neutron.wsgi [req-99f593f9-c8f4-403d-a6ed-dfc0e9bff157 req-cb7eedd0-5b25-4958-a8dd-9c87e09dd67f 3b896eb5b4634c7ca425dccd731de72e f1d9a582d3e9490a8073c690d39cf55f - - default default] 10.0.0.51 "GET /v2.0/security-groups?id=bc9cccb0-c88f-4e3d-a703-0b342cebcaed&fields=id&fields=name HTTP/1.1" status: 200 len: 312 time: 0.0496688
2026-07-07 00:24:36.031 9 INFO neutron.db.ovn_revision_numbers_db [None req-558f97e7-2e41-48fd-9005-46a013c58e13 78cbcc3c12ba4ca7811570de4c7a55bb dd63c4ae34624fa6b97ccb4b68f46cec - - default default] Successfully bumped revision number for resource 16e18f12-feda-4388-8a3f-787e04962a9a (type: security_group_rules) to 0
2026-07-07 00:24:36.061 9 INFO neutron.wsgi [None req-558f97e7-2e41-48fd-9005-46a013c58e13 78cbcc3c12ba4ca7811570de4c7a55bb dd63c4ae34624fa6b97ccb4b68f46cec - - default default] 10.0.0.141 "POST /v2.0/security-group-rules HTTP/1.1" status: 201 len: 764 time: 0.1930954
2026-07-07 00:24:36.089 9 INFO neutron.wsgi [req-dd632721-7e17-44d3-a2c6-b73feda55111 req-009ff03d-fe1f-483e-981c-6ae770d66818 fbbbd97cffa648f98654c3234be00c8b 1408cc66cab74eecac043dadc385fde2 - - default default] 10.0.0.51 "GET /v2.0/security-groups?name=tempest-securitygroup--803533208&fields=id&tenant_id=1408cc66cab74eecac043dadc385fde2 HTTP/1.1" status: 200 len: 267 time: 0.0457904
2026-07-07 00:24:36.174 9 INFO neutron.wsgi [req-dd632721-7e17-44d3-a2c6-b73feda55111 req-058bdadf-511b-4310-820e-85f46d4f506a fbbbd97cffa648f98654c3234be00c8b 1408cc66cab74eecac043dadc385fde2 - - default default] 10.0.0.51 "GET /v2.0/networks?id=cebf3323-98f4-4a73-994e-cef2e5f27797 HTTP/1.1" status: 200 len: 883 time: 0.0719209
2026-07-07 00:24:36.197 9 INFO neutron.wsgi [req-dd632721-7e17-44d3-a2c6-b73feda55111 req-b3a33f4c-5c8c-4c0d-b23e-92f9439a96d3 fbbbd97cffa648f98654c3234be00c8b 1408cc66cab74eecac043dadc385fde2 - - default default] 10.0.0.51 "GET /v2.0/quotas/1408cc66cab74eecac043dadc385fde2 HTTP/1.1" status: 200 len: 386 time: 0.0134304
2026-07-07 00:24:36.304 9 INFO neutron.db.ovn_revision_numbers_db [None req-0d715437-39ab-46b1-b486-589031cee718 78cbcc3c12ba4ca7811570de4c7a55bb dd63c4ae34624fa6b97ccb4b68f46cec - - default default] Successfully bumped revision number for resource 846cf23d-dc72-4f18-892c-9a6baff66fa9 (type: security_group_rules) to 0
2026-07-07 00:24:36.334 9 INFO neutron.wsgi [None req-0d715437-39ab-46b1-b486-589031cee718 78cbcc3c12ba4ca7811570de4c7a55bb dd63c4ae34624fa6b97ccb4b68f46cec - - default default] 10.0.0.141 "POST /v2.0/security-group-rules HTTP/1.1" status: 201 len: 769 time: 0.2667205
2026-07-07 00:24:36.341 9 INFO neutron.wsgi [req-dd632721-7e17-44d3-a2c6-b73feda55111 req-e02a7068-95ee-432d-ab43-c6fdaf4baba0 fbbbd97cffa648f98654c3234be00c8b 1408cc66cab74eecac043dadc385fde2 - - default default] 10.0.0.51 "GET /v2.0/ports?tenant_id=1408cc66cab74eecac043dadc385fde2&fields=id HTTP/1.1" status: 200 len: 302 time: 0.1345491
2026-07-07 00:24:36.351 10 INFO neutron.wsgi [None req-eeff5c6e-40ae-4590-bc80-3f8a64d64653 f003a02d17594e1b945d59c1d7446ce0 c8ace76cc6c541be8608850070278a4b - - default default] 10.0.0.141 "DELETE /v2.0/routers/99a88826-ebc0-454e-b66e-570264fe2bca HTTP/1.1" status: 204 len: 168 time: 0.7464061
2026-07-07 00:24:36.489 9 INFO neutron.wsgi [req-dd632721-7e17-44d3-a2c6-b73feda55111 req-cc171997-d01e-443a-8b91-57dd52e3bd4d 89c303b20e664d4fbb7d2652fddd4b9e 1031b3bb3e9b4720a61baed768c1d65e - - 4a9d02f35e214977bc4d1f5b1325aaf9 4a9d02f35e214977bc4d1f5b1325aaf9] 10.0.0.51 "GET /v2.0/networks/cebf3323-98f4-4a73-994e-cef2e5f27797?fields=segments HTTP/1.1" status: 200 len: 212 time: 0.1231997
2026-07-07 00:24:36.594 9 INFO neutron.wsgi [req-dd632721-7e17-44d3-a2c6-b73feda55111 req-c146a763-f3c7-4479-8353-d8d74642407e 89c303b20e664d4fbb7d2652fddd4b9e 1031b3bb3e9b4720a61baed768c1d65e - - 4a9d02f35e214977bc4d1f5b1325aaf9 4a9d02f35e214977bc4d1f5b1325aaf9] 10.0.0.51 "GET /v2.0/networks/cebf3323-98f4-4a73-994e-cef2e5f27797?fields=provider%3Aphysical_network&fields=provider%3Anetwork_type HTTP/1.1" status: 200 len: 277 time: 0.0950587
2026-07-07 00:24:36.628 9 INFO neutron.wsgi [None req-13450cea-a835-4578-8d15-006e0a94ebf6 f003a02d17594e1b945d59c1d7446ce0 c8ace76cc6c541be8608850070278a4b - - default default] 10.0.0.141 "DELETE /v2.0/subnets/d2c8e19d-6761-4a65-8950-c03df2f590ff HTTP/1.1" status: 204 len: 168 time: 0.2696300
2026-07-07 00:24:36.719 10 WARNING neutron.scheduler.dhcp_agent_scheduler [None req-bc69e805-61cb-48cd-852f-93f033dbebe3 78cbcc3c12ba4ca7811570de4c7a55bb dd63c4ae34624fa6b97ccb4b68f46cec - - default default] No more DHCP agents
2026-07-07 00:24:36.725 10 WARNING neutron.api.rpc.agentnotifiers.dhcp_rpc_agent_api [None req-bc69e805-61cb-48cd-852f-93f033dbebe3 78cbcc3c12ba4ca7811570de4c7a55bb dd63c4ae34624fa6b97ccb4b68f46cec - - default default] Unable to schedule network fc093fff-c53f-4348-a77b-2fab9ce5afff: no agents available; will retry on subsequent port and subnet creation events.
2026-07-07 00:24:36.789 9 INFO neutron.wsgi [req-edc31d86-ebee-48a0-b141-3efcfa9f9609 req-b9e46389-6927-4a58-9147-7dde9a970563 fbbbd97cffa648f98654c3234be00c8b 1408cc66cab74eecac043dadc385fde2 - - default default] 10.0.0.51 "GET /v2.0/ports?device_id=01e1ccbc-af2f-4223-9295-2eb321093ec7 HTTP/1.1" status: 200 len: 210 time: 0.0382931
2026-07-07 00:24:37.158 10 INFO neutron.services.segments.plugin [-] Segment 61cfc873-4014-4bbf-adc0-1359feedfea1 resource provider aggregate not found
2026-07-07 00:24:37.172 10 INFO neutron.services.segments.plugin [-] Segment 61cfc873-4014-4bbf-adc0-1359feedfea1 resource provider aggregate not found
2026-07-07 00:24:37.176 9 INFO neutron.wsgi [req-cf2af99d-3a77-4657-9c7c-f9059e7f3c07 req-a1c47a30-210f-452c-92b2-7dfb88bf71b5 3b896eb5b4634c7ca425dccd731de72e f1d9a582d3e9490a8073c690d39cf55f - - default default] 10.0.0.51 "GET /v2.0/ports?device_id=472f4d55-85bf-4cb0-a820-6b24c3e393a3 HTTP/1.1" status: 200 len: 1172 time: 0.0831370
2026-07-07 00:24:37.196 10 INFO neutron.services.segments.plugin [-] Segment 61cfc873-4014-4bbf-adc0-1359feedfea1 resource provider not found; error: Placement Client Error (4xx): {"errors": [{"status": 404, "title": "Not Found", "detail": "The resource could not be found.\n\n No resource provider with uuid 61cfc873-4014-4bbf-adc0-1359feedfea1 found for delete ", "request_id": "req-4465d118-f212-4bd4-8fef-83aded4cb997"}]}
2026-07-07 00:24:37.204 10 INFO neutron.services.segments.plugin [-] Segment 61cfc873-4014-4bbf-adc0-1359feedfea1 resource provider not found; error: Placement Client Error (4xx): {"errors": [{"status": 404, "title": "Not Found", "detail": "The resource could not be found.\n\n No resource provider with uuid 61cfc873-4014-4bbf-adc0-1359feedfea1 found for delete ", "request_id": "req-c8bea251-3dc6-4955-9623-622b8f8412ea"}]}
2026-07-07 00:24:37.255 10 INFO neutron.wsgi [None req-060aa194-9385-41b7-b41b-a2b40998647a f003a02d17594e1b945d59c1d7446ce0 c8ace76cc6c541be8608850070278a4b - - default default] 10.0.0.141 "DELETE /v2.0/networks/3acaf8ee-4da4-4371-a437-add7a00b27fe HTTP/1.1" status: 204 len: 168 time: 0.6183963
2026-07-07 00:24:37.269 10 INFO neutron.db.ovn_revision_numbers_db [None req-bc69e805-61cb-48cd-852f-93f033dbebe3 78cbcc3c12ba4ca7811570de4c7a55bb dd63c4ae34624fa6b97ccb4b68f46cec - - default default] Successfully bumped revision number for resource 94f5a273-404f-488a-8611-ae863822aa1c (type: floatingips) to 0
2026-07-07 00:24:37.285 10 INFO neutron.wsgi [None req-bc69e805-61cb-48cd-852f-93f033dbebe3 78cbcc3c12ba4ca7811570de4c7a55bb dd63c4ae34624fa6b97ccb4b68f46cec - - default default] 10.0.0.141 "POST /v2.0/floatingips HTTP/1.1" status: 201 len: 751 time: 0.9445057
2026-07-07 00:24:37.438 9 INFO neutron.wsgi [req-cf2af99d-3a77-4657-9c7c-f9059e7f3c07 req-19745132-aa6d-45b8-8dc9-b3be42eec400 3b896eb5b4634c7ca425dccd731de72e f1d9a582d3e9490a8073c690d39cf55f - - default default] 10.0.0.51 "GET /v2.0/security-groups?id=bc9cccb0-c88f-4e3d-a703-0b342cebcaed&fields=id&fields=name HTTP/1.1" status: 200 len: 312 time: 0.2516813
2026-07-07 00:24:37.600 9 INFO neutron.wsgi [-] 10.0.0.178 "GET / HTTP/1.1" status: 200 len: 247 time: 0.0016136
2026-07-07 00:24:37.602 9 INFO neutron.wsgi [-] 10.0.0.178 "GET / HTTP/1.1" status: 200 len: 247 time: 0.0011594
2026-07-07 00:24:37.680 10 INFO neutron.wsgi [req-dd632721-7e17-44d3-a2c6-b73feda55111 req-dcf84977-cdab-4c34-a7a1-a88d9ce584f5 fbbbd97cffa648f98654c3234be00c8b 1408cc66cab74eecac043dadc385fde2 - - default default] 199.204.45.70 "GET /v2.0/networks?id=cebf3323-98f4-4a73-994e-cef2e5f27797 HTTP/1.1" status: 200 len: 883 time: 0.1022851
2026-07-07 00:24:37.729 10 INFO neutron.wsgi [req-dd632721-7e17-44d3-a2c6-b73feda55111 req-6b80d26e-b5c7-48f4-91d8-ad4401268d42 fbbbd97cffa648f98654c3234be00c8b 1408cc66cab74eecac043dadc385fde2 - - default default] 199.204.45.70 "GET /v2.0/security-groups?fields=id&fields=name&tenant_id=1408cc66cab74eecac043dadc385fde2 HTTP/1.1" status: 200 len: 379 time: 0.0431502
2026-07-07 00:24:37.909 9 INFO neutron.wsgi [req-aab05cf5-52a3-42fb-b86c-8572d9121456 req-532b4f58-c62c-486c-92bc-81300a59812f fbbbd97cffa648f98654c3234be00c8b 1408cc66cab74eecac043dadc385fde2 - - default default] 10.0.0.51 "GET /v2.0/ports?device_id=01e1ccbc-af2f-4223-9295-2eb321093ec7 HTTP/1.1" status: 200 len: 210 time: 0.0262184
2026-07-07 00:24:37.959 9 INFO neutron.wsgi [req-44676314-7384-47ef-ac75-af95519272e9 req-9a33fa96-0c1d-49cd-9326-8737f788beae 78cbcc3c12ba4ca7811570de4c7a55bb dd63c4ae34624fa6b97ccb4b68f46cec - - default default] 10.0.0.51 "GET /v2.0/security-groups?name=tempest-securitygroup--542438969&fields=id&tenant_id=dd63c4ae34624fa6b97ccb4b68f46cec HTTP/1.1" status: 200 len: 267 time: 0.0652390
2026-07-07 00:24:38.070 9 INFO neutron.wsgi [None req-634e4f07-3ed1-4eae-a30c-5b4e88acfef4 be4cb84c4ba948ec9c062b7a4008b662 7a10b33a19c046c49c77a20affc073e2 - - default default] 10.0.0.141 "GET /v2.0/security-groups?tenant_id=c8ace76cc6c541be8608850070278a4b&name=default HTTP/1.1" status: 200 len: 2996 time: 0.2230389
2026-07-07 00:24:38.077 9 INFO neutron.wsgi [req-44676314-7384-47ef-ac75-af95519272e9 req-db3eb339-7e77-4385-8062-56d769be17f2 78cbcc3c12ba4ca7811570de4c7a55bb dd63c4ae34624fa6b97ccb4b68f46cec - - default default] 10.0.0.51 "GET /v2.0/networks?id=ba33a10a-59d5-40a4-b9af-0baed8bb997d HTTP/1.1" status: 200 len: 875 time: 0.1099322
2026-07-07 00:24:38.112 9 INFO neutron.wsgi [req-44676314-7384-47ef-ac75-af95519272e9 req-e455f5e7-2f74-455a-bd53-d007ed78e2aa 78cbcc3c12ba4ca7811570de4c7a55bb dd63c4ae34624fa6b97ccb4b68f46cec - - default default] 10.0.0.51 "GET /v2.0/quotas/dd63c4ae34624fa6b97ccb4b68f46cec HTTP/1.1" status: 200 len: 386 time: 0.0202808
2026-07-07 00:24:38.167 10 WARNING neutron.scheduler.dhcp_agent_scheduler [req-dd632721-7e17-44d3-a2c6-b73feda55111 req-0b4776a0-7ee8-4c21-a72a-fc74b04c09c1 fbbbd97cffa648f98654c3234be00c8b 1408cc66cab74eecac043dadc385fde2 - - default default] No more DHCP agents
2026-07-07 00:24:38.170 10 WARNING neutron.api.rpc.agentnotifiers.dhcp_rpc_agent_api [req-dd632721-7e17-44d3-a2c6-b73feda55111 req-0b4776a0-7ee8-4c21-a72a-fc74b04c09c1 fbbbd97cffa648f98654c3234be00c8b 1408cc66cab74eecac043dadc385fde2 - - default default] Unable to schedule network cebf3323-98f4-4a73-994e-cef2e5f27797: no agents available; will retry on subsequent port and subnet creation events.
2026-07-07 00:24:38.267 9 INFO neutron.wsgi [req-44676314-7384-47ef-ac75-af95519272e9 req-6a116457-25f2-47a3-be4b-b7a5407efc29 78cbcc3c12ba4ca7811570de4c7a55bb dd63c4ae34624fa6b97ccb4b68f46cec - - default default] 10.0.0.51 "GET /v2.0/ports?tenant_id=dd63c4ae34624fa6b97ccb4b68f46cec&fields=id HTTP/1.1" status: 200 len: 302 time: 0.1458187
2026-07-07 00:24:38.378 10 INFO neutron.db.ovn_revision_numbers_db [req-dd632721-7e17-44d3-a2c6-b73feda55111 req-0b4776a0-7ee8-4c21-a72a-fc74b04c09c1 fbbbd97cffa648f98654c3234be00c8b 1408cc66cab74eecac043dadc385fde2 - - default default] Successfully bumped revision number for resource e7045bcd-1e62-4e63-9b58-8330d41acd1e (type: ports) to 1
2026-07-07 00:24:38.393 9 INFO neutron.wsgi [None req-d96af773-c7a6-4cce-bac7-56272a39cf7c be4cb84c4ba948ec9c062b7a4008b662 7a10b33a19c046c49c77a20affc073e2 - - default default] 10.0.0.141 "DELETE /v2.0/security-groups/3025aeaa-47af-4528-a974-a9a740e4bee7 HTTP/1.1" status: 204 len: 168 time: 0.3144958
2026-07-07 00:24:38.418 10 INFO neutron.wsgi [req-dd632721-7e17-44d3-a2c6-b73feda55111 req-0b4776a0-7ee8-4c21-a72a-fc74b04c09c1 fbbbd97cffa648f98654c3234be00c8b 1408cc66cab74eecac043dadc385fde2 - - default default] 199.204.45.70 "POST /v2.0/ports HTTP/1.1" status: 201 len: 1162 time: 0.6853671 /var/lib/openstack/lib/python3.10/site-packages/pycadf/identifier.py:71: UserWarning: Invalid uuid: neutron. To ensure interoperability, identifiers should be a valid uuid. warnings.warn(('Invalid uuid: %s. To ensure interoperability, '
2026-07-07 00:24:38.666 9 INFO neutron.wsgi [req-e7a73c06-5cd4-4a79-8766-50f12f7d3faf req-01c02ec0-4e32-45ad-b6ab-d62d190117be 3b896eb5b4634c7ca425dccd731de72e f1d9a582d3e9490a8073c690d39cf55f - - default default] 10.0.0.51 "GET /v2.0/ports?device_id=472f4d55-85bf-4cb0-a820-6b24c3e393a3 HTTP/1.1" status: 200 len: 1172 time: 0.1244168
2026-07-07 00:24:38.709 9 INFO neutron.wsgi [req-e7a73c06-5cd4-4a79-8766-50f12f7d3faf req-c8410ea3-6e67-47fc-8afb-72800470f672 3b896eb5b4634c7ca425dccd731de72e f1d9a582d3e9490a8073c690d39cf55f - - default default] 10.0.0.51 "GET /v2.0/security-groups?id=bc9cccb0-c88f-4e3d-a703-0b342cebcaed&fields=id&fields=name HTTP/1.1" status: 200 len: 312 time: 0.0373874
2026-07-07 00:24:38.773 9 INFO neutron.wsgi [req-44676314-7384-47ef-ac75-af95519272e9 req-9628936f-b585-4635-9b02-4457b653acff 89c303b20e664d4fbb7d2652fddd4b9e 1031b3bb3e9b4720a61baed768c1d65e - - 4a9d02f35e214977bc4d1f5b1325aaf9 4a9d02f35e214977bc4d1f5b1325aaf9] 10.0.0.51 "GET /v2.0/extensions HTTP/1.1" status: 200 len: 16525 time: 0.0636418
2026-07-07 00:24:38.839 9 INFO neutron.wsgi [req-44676314-7384-47ef-ac75-af95519272e9 req-89423bcf-3a8d-44d3-b0c8-63460ee7da4d 89c303b20e664d4fbb7d2652fddd4b9e 1031b3bb3e9b4720a61baed768c1d65e - - 4a9d02f35e214977bc4d1f5b1325aaf9 4a9d02f35e214977bc4d1f5b1325aaf9] 10.0.0.51 "GET /v2.0/networks/ba33a10a-59d5-40a4-b9af-0baed8bb997d?fields=segments HTTP/1.1" status: 200 len: 212 time: 0.0557239
2026-07-07 00:24:38.920 10 INFO neutron.db.ovn_revision_numbers_db [req-dd632721-7e17-44d3-a2c6-b73feda55111 req-c6734531-c104-4601-b0c6-f25b38fed059 89c303b20e664d4fbb7d2652fddd4b9e 1031b3bb3e9b4720a61baed768c1d65e - - 4a9d02f35e214977bc4d1f5b1325aaf9 4a9d02f35e214977bc4d1f5b1325aaf9] Successfully bumped revision number for resource e7045bcd-1e62-4e63-9b58-8330d41acd1e (type: ports) to 2
2026-07-07 00:24:38.926 9 INFO neutron.wsgi [req-44676314-7384-47ef-ac75-af95519272e9 req-2f00deeb-a8b3-440a-ae42-55ffa64012f0 89c303b20e664d4fbb7d2652fddd4b9e 1031b3bb3e9b4720a61baed768c1d65e - - 4a9d02f35e214977bc4d1f5b1325aaf9 4a9d02f35e214977bc4d1f5b1325aaf9] 10.0.0.51 "GET /v2.0/networks/ba33a10a-59d5-40a4-b9af-0baed8bb997d?fields=provider%3Aphysical_network&fields=provider%3Anetwork_type HTTP/1.1" status: 200 len: 277 time: 0.0780680
2026-07-07 00:24:39.037 9 INFO neutron.wsgi [req-7538715f-0403-4d7c-958e-b6382d555bf6 req-887ac92a-25d3-4a17-9767-b5f555f340fa fbbbd97cffa648f98654c3234be00c8b 1408cc66cab74eecac043dadc385fde2 - - default default] 10.0.0.51 "GET /v2.0/ports?device_id=01e1ccbc-af2f-4223-9295-2eb321093ec7 HTTP/1.1" status: 200 len: 1172 time: 0.0600028
2026-07-07 00:24:39.089 9 INFO neutron.wsgi [req-7538715f-0403-4d7c-958e-b6382d555bf6 req-79b24d9a-b8a0-49ad-bd77-82331f03089e fbbbd97cffa648f98654c3234be00c8b 1408cc66cab74eecac043dadc385fde2 - - default default] 10.0.0.51 "GET /v2.0/security-groups?id=2276d6a2-c118-4469-bf9c-8dc55484918d&fields=id&fields=name HTTP/1.1" status: 200 len: 312 time: 0.0451169
2026-07-07 00:24:39.159 10 INFO neutron.db.ovn_revision_numbers_db [req-dd632721-7e17-44d3-a2c6-b73feda55111 req-c6734531-c104-4601-b0c6-f25b38fed059 89c303b20e664d4fbb7d2652fddd4b9e 1031b3bb3e9b4720a61baed768c1d65e - - 4a9d02f35e214977bc4d1f5b1325aaf9 4a9d02f35e214977bc4d1f5b1325aaf9] Successfully bumped revision number for resource e7045bcd-1e62-4e63-9b58-8330d41acd1e (type: ports) to 2
2026-07-07 00:24:39.182 10 INFO neutron.wsgi [req-dd632721-7e17-44d3-a2c6-b73feda55111 req-c6734531-c104-4601-b0c6-f25b38fed059 89c303b20e664d4fbb7d2652fddd4b9e 1031b3bb3e9b4720a61baed768c1d65e - - 4a9d02f35e214977bc4d1f5b1325aaf9 4a9d02f35e214977bc4d1f5b1325aaf9] 199.204.45.70 "PUT /v2.0/ports/e7045bcd-1e62-4e63-9b58-8330d41acd1e HTTP/1.1" status: 200 len: 1380 time: 0.7485166
2026-07-07 00:24:39.188 9 INFO neutron.wsgi [req-2ca8e9d2-98b0-4621-8067-8d26bc7effd6 req-8fe40211-b35c-4839-8bf6-edf10264d194 78cbcc3c12ba4ca7811570de4c7a55bb dd63c4ae34624fa6b97ccb4b68f46cec - - default default] 10.0.0.51 "GET /v2.0/ports?device_id=df4809db-580a-4e4f-8bd4-dd04eead1c9d HTTP/1.1" status: 200 len: 210 time: 0.0230687 /var/lib/openstack/lib/python3.10/site-packages/pycadf/identifier.py:71: UserWarning: Invalid uuid: neutron. To ensure interoperability, identifiers should be a valid uuid. warnings.warn(('Invalid uuid: %s. To ensure interoperability, '
2026-07-07 00:24:39.259 10 INFO neutron.notifiers.nova [-] Nova event matching ['req-d9525a6f-27f7-48f3-a9c1-0c8aaa589035'] response: {'name': 'network-changed', 'server_uuid': '01e1ccbc-af2f-4223-9295-2eb321093ec7', 'tag': 'e7045bcd-1e62-4e63-9b58-8330d41acd1e', 'status': 'completed', 'code': 200}
2026-07-07 00:24:39.270 10 INFO neutron.wsgi [req-dd632721-7e17-44d3-a2c6-b73feda55111 req-812ad814-52e6-4be5-b739-7e1c05ff5d8b 89c303b20e664d4fbb7d2652fddd4b9e 1031b3bb3e9b4720a61baed768c1d65e - - 4a9d02f35e214977bc4d1f5b1325aaf9 4a9d02f35e214977bc4d1f5b1325aaf9] 199.204.45.70 "GET /v2.0/ports?tenant_id=1408cc66cab74eecac043dadc385fde2&device_id=01e1ccbc-af2f-4223-9295-2eb321093ec7 HTTP/1.1" status: 200 len: 1411 time: 0.0502999
2026-07-07 00:24:39.318 10 INFO neutron.wsgi [req-dd632721-7e17-44d3-a2c6-b73feda55111 req-745dc809-8033-4776-b9ca-e2f82d55cd6c 89c303b20e664d4fbb7d2652fddd4b9e 1031b3bb3e9b4720a61baed768c1d65e - - 4a9d02f35e214977bc4d1f5b1325aaf9 4a9d02f35e214977bc4d1f5b1325aaf9] 199.204.45.70 "GET /v2.0/floatingips?fixed_ip_address=10.100.0.12&port_id=e7045bcd-1e62-4e63-9b58-8330d41acd1e HTTP/1.1" status: 200 len: 217 time: 0.0423555
2026-07-07 00:24:39.379 10 INFO neutron.wsgi [req-dd632721-7e17-44d3-a2c6-b73feda55111 req-1ca2946d-fbb6-4f3c-84a0-2182111dc8b9 89c303b20e664d4fbb7d2652fddd4b9e 1031b3bb3e9b4720a61baed768c1d65e - - 4a9d02f35e214977bc4d1f5b1325aaf9 4a9d02f35e214977bc4d1f5b1325aaf9] 199.204.45.70 "GET /v2.0/subnets?id=9783d50f-399a-48e4-ab8f-96929c75692f HTTP/1.1" status: 200 len: 877 time: 0.0457578
2026-07-07 00:24:39.410 10 INFO neutron.wsgi [req-dd632721-7e17-44d3-a2c6-b73feda55111 req-e9e2edef-42d3-4b8c-a738-eff95e76f068 89c303b20e664d4fbb7d2652fddd4b9e 1031b3bb3e9b4720a61baed768c1d65e - - 4a9d02f35e214977bc4d1f5b1325aaf9 4a9d02f35e214977bc4d1f5b1325aaf9] 199.204.45.70 "GET /v2.0/ports?network_id=cebf3323-98f4-4a73-994e-cef2e5f27797&device_owner=network%3Adhcp HTTP/1.1" status: 200 len: 210 time: 0.0235655
2026-07-07 00:24:39.477 10 INFO neutron.wsgi [req-dd632721-7e17-44d3-a2c6-b73feda55111 req-3acf3d52-17de-4164-b8af-d2af8d7a0e60 89c303b20e664d4fbb7d2652fddd4b9e 1031b3bb3e9b4720a61baed768c1d65e - - 4a9d02f35e214977bc4d1f5b1325aaf9 4a9d02f35e214977bc4d1f5b1325aaf9] 199.204.45.70 "GET /v2.0/networks/cebf3323-98f4-4a73-994e-cef2e5f27797?fields=segments HTTP/1.1" status: 200 len: 212 time: 0.0583732
2026-07-07 00:24:39.547 10 INFO neutron.wsgi [req-dd632721-7e17-44d3-a2c6-b73feda55111 req-9d5e9c72-b41d-45c4-a4e0-f43f16578160 89c303b20e664d4fbb7d2652fddd4b9e 1031b3bb3e9b4720a61baed768c1d65e - - 4a9d02f35e214977bc4d1f5b1325aaf9 4a9d02f35e214977bc4d1f5b1325aaf9] 199.204.45.70 "GET /v2.0/networks/cebf3323-98f4-4a73-994e-cef2e5f27797?fields=provider%3Aphysical_network&fields=provider%3Anetwork_type HTTP/1.1" status: 200 len: 277 time: 0.0633836
2026-07-07 00:24:39.653 10 INFO neutron.wsgi [req-dc2ea217-917a-4aee-aa76-c62c20eeb2d4 req-c1357bc4-12a9-49b2-ad52-70efef6bb522 89c303b20e664d4fbb7d2652fddd4b9e 1031b3bb3e9b4720a61baed768c1d65e - - 4a9d02f35e214977bc4d1f5b1325aaf9 4a9d02f35e214977bc4d1f5b1325aaf9] 199.204.45.70 "GET /v2.0/ports?tenant_id=1408cc66cab74eecac043dadc385fde2&device_id=01e1ccbc-af2f-4223-9295-2eb321093ec7 HTTP/1.1" status: 200 len: 1411 time: 0.0575533
2026-07-07 00:24:39.741 10 INFO neutron.wsgi [req-dc2ea217-917a-4aee-aa76-c62c20eeb2d4 req-8142da71-182e-4629-9e47-78b2e76dc84d 89c303b20e664d4fbb7d2652fddd4b9e 1031b3bb3e9b4720a61baed768c1d65e - - 4a9d02f35e214977bc4d1f5b1325aaf9 4a9d02f35e214977bc4d1f5b1325aaf9] 199.204.45.70 "GET /v2.0/networks?id=cebf3323-98f4-4a73-994e-cef2e5f27797 HTTP/1.1" status: 200 len: 982 time: 0.0841694
