2026-07-07 00:25:54.258 10 INFO neutron.services.segments.plugin [-] Segment c2a18449-18f7-4c3c-add2-18643a263486 resource provider not found; error: Placement Client Error (4xx): {"errors": [{"status": 404, "title": "Not Found", "detail": "The resource could not be found.\n\n No resource provider with uuid c2a18449-18f7-4c3c-add2-18643a263486 found for delete ", "request_id": "req-bea6d7bb-f6ea-4a29-b97c-ee062e0b6d46"}]}
2026-07-07 00:25:54.260 10 INFO neutron.services.segments.plugin [-] Segment c2a18449-18f7-4c3c-add2-18643a263486 resource provider not found; error: Placement Client Error (4xx): {"errors": [{"status": 404, "title": "Not Found", "detail": "The resource could not be found.\n\n No resource provider with uuid c2a18449-18f7-4c3c-add2-18643a263486 found for delete ", "request_id": "req-30ab4bf4-604d-4549-829b-2bc88805e784"}]}
2026-07-07 00:25:54.290 10 INFO neutron.wsgi [None req-a4ae185a-ec55-4060-9471-451c19088278 116d24e45ba1481bbbc066f391f1fa48 e2500b07d6ec491e99bcf59b92bc9521 - - default default] 10.0.0.141 "DELETE /v2.0/networks/5288cac3-ba09-4aa2-b6c7-22075efceee8 HTTP/1.1" status: 204 len: 168 time: 0.4437792
2026-07-07 00:25:54.354 9 INFO neutron.db.ovn_revision_numbers_db [None req-6f7085e1-bee9-42d3-8dba-df1efbac6f3e 82cfeae333b848e99dd2a067f3a574d8 b739a45db5f6406a90d0cae28cfc6cdf - - default default] Successfully bumped revision number for resource f9e6479e-2879-4c74-b77e-6532ab06d486 (type: ports) to 2
2026-07-07 00:25:54.392 9 INFO neutron.db.ovn_revision_numbers_db [None req-8509fb64-eb7f-4a1b-a2a6-b86f3fd31ba7 93c4931a69714437a058f387207e5040 a131f227cf9e401db5e6eea2d32e0b45 - - default default] Successfully bumped revision number for resource 9fcd18fd-2e8f-4d1b-84f1-50bdaa76f87d (type: router_ports) to 3
2026-07-07 00:25:54.395 9 INFO neutron.wsgi [None req-8509fb64-eb7f-4a1b-a2a6-b86f3fd31ba7 93c4931a69714437a058f387207e5040 a131f227cf9e401db5e6eea2d32e0b45 - - default default] 10.0.0.141 "PUT /v2.0/routers/0ff41d1e-04e5-4071-896e-a3e48fbf83d2/add_router_interface HTTP/1.1" status: 200 len: 503 time: 4.9678726
2026-07-07 00:25:54.405 9 INFO neutron.db.ovn_revision_numbers_db [None req-6f7085e1-bee9-42d3-8dba-df1efbac6f3e 82cfeae333b848e99dd2a067f3a574d8 b739a45db5f6406a90d0cae28cfc6cdf - - default default] Successfully bumped revision number for resource 817e676d-9156-4411-b1a3-b3c022cb5a10 (type: subnets) to 0 /var/lib/openstack/lib/python3.10/site-packages/pycadf/identifier.py:71: UserWarning: Invalid uuid: neutron. To ensure interoperability, identifiers should be a valid uuid. warnings.warn(('Invalid uuid: %s. To ensure interoperability, '
2026-07-07 00:25:54.439 9 INFO neutron.wsgi [None req-6f7085e1-bee9-42d3-8dba-df1efbac6f3e 82cfeae333b848e99dd2a067f3a574d8 b739a45db5f6406a90d0cae28cfc6cdf - - default default] 10.0.0.141 "POST /v2.0/subnets HTTP/1.1" status: 201 len: 801 time: 2.7432787
2026-07-07 00:25:54.553 9 INFO neutron.wsgi [None req-5bb15746-9a15-481e-86ca-f953d027225d 93c4931a69714437a058f387207e5040 a131f227cf9e401db5e6eea2d32e0b45 - - default default] 10.0.0.141 "GET /v2.0/ports/9fcd18fd-2e8f-4d1b-84f1-50bdaa76f87d HTTP/1.1" status: 200 len: 1209 time: 0.1494994
2026-07-07 00:25:54.694 10 INFO neutron.wsgi [None req-73ede161-d9bb-4599-adb6-65d9fc2d3e8e 116d24e45ba1481bbbc066f391f1fa48 e2500b07d6ec491e99bcf59b92bc9521 - - default default] 10.0.0.141 "DELETE /v2.0/networks/7265f311-4bee-46a7-a2ab-bb7ca59691aa HTTP/1.1" status: 204 len: 168 time: 0.3972096
2026-07-07 00:25:54.793 10 INFO neutron.wsgi [None req-f2b6159c-30b2-4e21-ae33-30a7149c64ec 116d24e45ba1481bbbc066f391f1fa48 e2500b07d6ec491e99bcf59b92bc9521 - - default default] 10.0.0.141 "GET /v2.0/networks HTTP/1.1" status: 200 len: 845 time: 0.0940268
2026-07-07 00:25:54.805 9 INFO neutron.db.ovn_revision_numbers_db [None req-daef69d2-c101-4c9e-9e5c-8379a0d631d2 8bb3d32e8231429da84f0d9981d73fd8 7030727b2a144de5bf3e3b1852e6e45c - - default default] Successfully bumped revision number for resource 0953e25e-f169-4cec-8231-bb667f695fb0 (type: security_groups) to 1
2026-07-07 00:25:54.848 9 INFO neutron.db.ovn_revision_numbers_db [None req-daef69d2-c101-4c9e-9e5c-8379a0d631d2 8bb3d32e8231429da84f0d9981d73fd8 7030727b2a144de5bf3e3b1852e6e45c - - default default] Successfully bumped revision number for resource 901a00d5-39c9-42de-8139-3ea7da86e2f5 (type: security_group_rules) to 0
2026-07-07 00:25:54.889 9 INFO neutron.db.ovn_revision_numbers_db [None req-daef69d2-c101-4c9e-9e5c-8379a0d631d2 8bb3d32e8231429da84f0d9981d73fd8 7030727b2a144de5bf3e3b1852e6e45c - - default default] Successfully bumped revision number for resource f975435f-481d-418e-a413-ca37f1063acc (type: security_group_rules) to 0
2026-07-07 00:25:54.911 10 INFO neutron.db.segments_db [None req-393bb312-9538-4499-a9a6-eb9f057ba232 116d24e45ba1481bbbc066f391f1fa48 e2500b07d6ec491e99bcf59b92bc9521 - - default default] Added segment a1de25e2-5d56-4837-8e04-e00b57d2d903 of type geneve for network e3ab27f2-d34e-4587-9d42-3db60813dc30
2026-07-07 00:25:54.929 9 INFO neutron.wsgi [None req-daef69d2-c101-4c9e-9e5c-8379a0d631d2 8bb3d32e8231429da84f0d9981d73fd8 7030727b2a144de5bf3e3b1852e6e45c - - default default] 10.0.0.141 "POST /v2.0/security-groups HTTP/1.1" status: 201 len: 1794 time: 0.4254117
2026-07-07 00:25:55.038 9 WARNING neutron.scheduler.dhcp_agent_scheduler [None req-b6e46df8-43d0-4789-8563-85324320b609 82cfeae333b848e99dd2a067f3a574d8 b739a45db5f6406a90d0cae28cfc6cdf - - default default] No more DHCP agents
2026-07-07 00:25:55.042 9 WARNING neutron.api.rpc.agentnotifiers.dhcp_rpc_agent_api [None req-b6e46df8-43d0-4789-8563-85324320b609 82cfeae333b848e99dd2a067f3a574d8 b739a45db5f6406a90d0cae28cfc6cdf - - default default] Unable to schedule network a2893c9e-f497-4ee5-9479-c341054734d3: no agents available; will retry on subsequent port and subnet creation events.
2026-07-07 00:25:55.118 10 INFO neutron.db.ovn_revision_numbers_db [None req-393bb312-9538-4499-a9a6-eb9f057ba232 116d24e45ba1481bbbc066f391f1fa48 e2500b07d6ec491e99bcf59b92bc9521 - - default default] Successfully bumped revision number for resource e3ab27f2-d34e-4587-9d42-3db60813dc30 (type: networks) to 1
2026-07-07 00:25:55.195 10 INFO neutron.db.ovn_revision_numbers_db [None req-c345368a-15d3-4f9c-9e6e-46928a98bbe5 8bb3d32e8231429da84f0d9981d73fd8 7030727b2a144de5bf3e3b1852e6e45c - - default default] Successfully bumped revision number for resource 3b642ece-6086-4b10-a9ef-742d3e34f7ea (type: security_group_rules) to 0
2026-07-07 00:25:55.259 10 INFO neutron.wsgi [None req-c345368a-15d3-4f9c-9e6e-46928a98bbe5 8bb3d32e8231429da84f0d9981d73fd8 7030727b2a144de5bf3e3b1852e6e45c - - default default] 10.0.0.141 "POST /v2.0/security-group-rules HTTP/1.1" status: 201 len: 764 time: 0.3228085 /var/lib/openstack/lib/python3.10/site-packages/pycadf/identifier.py:71: UserWarning: Invalid uuid: neutron. To ensure interoperability, identifiers should be a valid uuid. warnings.warn(('Invalid uuid: %s. To ensure interoperability, '
2026-07-07 00:25:55.331 9 INFO neutron.db.ovn_revision_numbers_db [None req-b6e46df8-43d0-4789-8563-85324320b609 82cfeae333b848e99dd2a067f3a574d8 b739a45db5f6406a90d0cae28cfc6cdf - - default default] Successfully bumped revision number for resource 8bd8aeea-5434-496f-bbc9-488713b78772 (type: ports) to 1
2026-07-07 00:25:55.367 10 WARNING neutron.scheduler.dhcp_agent_scheduler [None req-393bb312-9538-4499-a9a6-eb9f057ba232 116d24e45ba1481bbbc066f391f1fa48 e2500b07d6ec491e99bcf59b92bc9521 - - default default] No more DHCP agents
2026-07-07 00:25:55.382 10 WARNING neutron.api.rpc.agentnotifiers.dhcp_rpc_agent_api [None req-393bb312-9538-4499-a9a6-eb9f057ba232 116d24e45ba1481bbbc066f391f1fa48 e2500b07d6ec491e99bcf59b92bc9521 - - default default] Unable to schedule network e3ab27f2-d34e-4587-9d42-3db60813dc30: no agents available; will retry on subsequent port and subnet creation events.
2026-07-07 00:25:55.393 9 INFO neutron.wsgi [None req-b6e46df8-43d0-4789-8563-85324320b609 82cfeae333b848e99dd2a067f3a574d8 b739a45db5f6406a90d0cae28cfc6cdf - - default default] 10.0.0.141 "POST /v2.0/ports HTTP/1.1" status: 201 len: 1110 time: 0.9477303
2026-07-07 00:25:55.500 10 INFO neutron.db.ovn_revision_numbers_db [None req-393bb312-9538-4499-a9a6-eb9f057ba232 116d24e45ba1481bbbc066f391f1fa48 e2500b07d6ec491e99bcf59b92bc9521 - - default default] Successfully bumped revision number for resource 8ab3e784-9bb0-4e6f-8a6e-932732aa0f36 (type: ports) to 1
2026-07-07 00:25:55.521 9 INFO neutron.db.ovn_revision_numbers_db [None req-2b4abd75-5d2c-4e3a-abc3-333c42d0fdf0 8bb3d32e8231429da84f0d9981d73fd8 7030727b2a144de5bf3e3b1852e6e45c - - default default] Successfully bumped revision number for resource a8d12592-474e-4996-924a-8eb56104e564 (type: security_group_rules) to 0
2026-07-07 00:25:55.527 10 INFO neutron.wsgi [None req-393bb312-9538-4499-a9a6-eb9f057ba232 116d24e45ba1481bbbc066f391f1fa48 e2500b07d6ec491e99bcf59b92bc9521 - - default default] 10.0.0.141 "POST /v2.0/networks HTTP/1.1" status: 201 len: 849 time: 0.7250350
2026-07-07 00:25:55.585 9 INFO neutron.wsgi [None req-0fb9cbaa-e710-4129-932e-81adf5e12b5d 93c4931a69714437a058f387207e5040 a131f227cf9e401db5e6eea2d32e0b45 - - default default] 10.0.0.141 "PUT /v2.0/routers/0ff41d1e-04e5-4071-896e-a3e48fbf83d2/remove_router_interface HTTP/1.1" status: 200 len: 503 time: 1.0240254 /var/lib/openstack/lib/python3.10/site-packages/pycadf/identifier.py:71: UserWarning: Invalid uuid: neutron. To ensure interoperability, identifiers should be a valid uuid. warnings.warn(('Invalid uuid: %s. To ensure interoperability, '
2026-07-07 00:25:55.625 9 INFO neutron.wsgi [None req-2b4abd75-5d2c-4e3a-abc3-333c42d0fdf0 8bb3d32e8231429da84f0d9981d73fd8 7030727b2a144de5bf3e3b1852e6e45c - - default default] 10.0.0.141 "POST /v2.0/security-group-rules HTTP/1.1" status: 201 len: 769 time: 0.3590798
2026-07-07 00:25:55.670 10 INFO neutron.db.segments_db [None req-f3fdc359-e634-4e4c-9ea3-90b321666171 116d24e45ba1481bbbc066f391f1fa48 e2500b07d6ec491e99bcf59b92bc9521 - - default default] Added segment 672916c7-c3d9-47a1-80ad-a87ab00a2777 of type geneve for network 9311e083-b26b-467a-a896-25b3ee5eb7d8
2026-07-07 00:25:55.675 9 INFO neutron.api.v2.resource [None req-b7f88b1b-4536-432c-b052-381288ca10f8 93c4931a69714437a058f387207e5040 a131f227cf9e401db5e6eea2d32e0b45 - - default default] remove_router_interface failed (client error): The resource could not be found.
2026-07-07 00:25:55.677 9 INFO neutron.wsgi [None req-b7f88b1b-4536-432c-b052-381288ca10f8 93c4931a69714437a058f387207e5040 a131f227cf9e401db5e6eea2d32e0b45 - - default default] 10.0.0.141 "PUT /v2.0/routers/0ff41d1e-04e5-4071-896e-a3e48fbf83d2/remove_router_interface HTTP/1.1" status: 404 len: 398 time: 0.0851221
2026-07-07 00:25:55.714 9 INFO neutron.wsgi [None req-bfc0388a-8d78-4c8d-9ebd-5ef4b8af7d43 93c4931a69714437a058f387207e5040 a131f227cf9e401db5e6eea2d32e0b45 - - default default] 10.0.0.141 "GET /v2.0/ports?device_id=0ff41d1e-04e5-4071-896e-a3e48fbf83d2 HTTP/1.1" status: 200 len: 205 time: 0.0287752
2026-07-07 00:25:55.900 10 INFO neutron.wsgi [None req-bac3ea07-8a81-4619-863e-aabf1f522231 82cfeae333b848e99dd2a067f3a574d8 b739a45db5f6406a90d0cae28cfc6cdf - - default default] 10.0.0.141 "DELETE /v2.0/ports/8bd8aeea-5434-496f-bbc9-488713b78772 HTTP/1.1" status: 204 len: 168 time: 0.5017085
2026-07-07 00:25:55.902 10 INFO neutron.db.ovn_revision_numbers_db [None req-f3fdc359-e634-4e4c-9ea3-90b321666171 116d24e45ba1481bbbc066f391f1fa48 e2500b07d6ec491e99bcf59b92bc9521 - - default default] Successfully bumped revision number for resource 9311e083-b26b-467a-a896-25b3ee5eb7d8 (type: networks) to 1
2026-07-07 00:25:55.931 10 INFO neutron.pecan_wsgi.hooks.translation [None req-bf87bbce-e65d-4e75-9d98-db4aa4614f5d 82cfeae333b848e99dd2a067f3a574d8 b739a45db5f6406a90d0cae28cfc6cdf - - default default] GET failed (client error): The resource could not be found.
2026-07-07 00:25:55.933 10 INFO neutron.wsgi [None req-bf87bbce-e65d-4e75-9d98-db4aa4614f5d 82cfeae333b848e99dd2a067f3a574d8 b739a45db5f6406a90d0cae28cfc6cdf - - default default] 10.0.0.141 "GET /v2.0/ports/8bd8aeea-5434-496f-bbc9-488713b78772 HTTP/1.1" status: 404 len: 333 time: 0.0269177
2026-07-07 00:25:56.008 9 INFO neutron.wsgi [None req-0d2f1658-60b7-4050-84b2-54081e32ea18 93c4931a69714437a058f387207e5040 a131f227cf9e401db5e6eea2d32e0b45 - - default default] 10.0.0.141 "DELETE /v2.0/routers/0ff41d1e-04e5-4071-896e-a3e48fbf83d2 HTTP/1.1" status: 204 len: 168 time: 0.2871470
2026-07-07 00:25:56.148 9 WARNING neutron.scheduler.dhcp_agent_scheduler [None req-b9690375-dc7c-47fd-9746-a0a27c001e1c 8bb3d32e8231429da84f0d9981d73fd8 7030727b2a144de5bf3e3b1852e6e45c - - default default] No more DHCP agents
2026-07-07 00:25:56.154 9 WARNING neutron.api.rpc.agentnotifiers.dhcp_rpc_agent_api [None req-b9690375-dc7c-47fd-9746-a0a27c001e1c 8bb3d32e8231429da84f0d9981d73fd8 7030727b2a144de5bf3e3b1852e6e45c - - default default] Unable to schedule network fc093fff-c53f-4348-a77b-2fab9ce5afff: no agents available; will retry on subsequent port and subnet creation events.
2026-07-07 00:25:56.173 10 WARNING neutron.scheduler.dhcp_agent_scheduler [None req-f3fdc359-e634-4e4c-9ea3-90b321666171 116d24e45ba1481bbbc066f391f1fa48 e2500b07d6ec491e99bcf59b92bc9521 - - default default] No more DHCP agents
2026-07-07 00:25:56.178 10 WARNING neutron.api.rpc.agentnotifiers.dhcp_rpc_agent_api [None req-f3fdc359-e634-4e4c-9ea3-90b321666171 116d24e45ba1481bbbc066f391f1fa48 e2500b07d6ec491e99bcf59b92bc9521 - - default default] Unable to schedule network 9311e083-b26b-467a-a896-25b3ee5eb7d8: no agents available; will retry on subsequent port and subnet creation events.
2026-07-07 00:25:56.275 10 INFO neutron.wsgi [None req-7e87e090-ef2c-4374-a5e4-6b8c94f0d2f1 82cfeae333b848e99dd2a067f3a574d8 b739a45db5f6406a90d0cae28cfc6cdf - - default default] 10.0.0.141 "DELETE /v2.0/subnets/817e676d-9156-4411-b1a3-b3c022cb5a10 HTTP/1.1" status: 204 len: 168 time: 0.3352275
2026-07-07 00:25:56.293 10 INFO neutron.services.segments.plugin [-] Segment df70941f-13e0-47c4-98f0-7a98fea521bc resource provider aggregate not found
2026-07-07 00:25:56.299 10 INFO neutron.services.segments.plugin [-] Segment df70941f-13e0-47c4-98f0-7a98fea521bc resource provider aggregate not found
2026-07-07 00:25:56.313 9 INFO neutron.wsgi [None req-ecb60eea-fc35-4385-ac63-a2937e02fefb 93c4931a69714437a058f387207e5040 a131f227cf9e401db5e6eea2d32e0b45 - - default default] 10.0.0.141 "DELETE /v2.0/subnets/90e10da2-0225-4ba7-b379-6f45b37482a8 HTTP/1.1" status: 204 len: 168 time: 0.2979710
2026-07-07 00:25:56.319 10 INFO neutron.services.segments.plugin [-] Segment df70941f-13e0-47c4-98f0-7a98fea521bc resource provider not found; error: Placement Client Error (4xx): {"errors": [{"status": 404, "title": "Not Found", "detail": "The resource could not be found.\n\n No resource provider with uuid df70941f-13e0-47c4-98f0-7a98fea521bc found for delete ", "request_id": "req-acf93387-6639-4907-875b-4bf44879afe8"}]}
2026-07-07 00:25:56.324 10 INFO neutron.services.segments.plugin [-] Segment df70941f-13e0-47c4-98f0-7a98fea521bc resource provider not found; error: Placement Client Error (4xx): {"errors": [{"status": 404, "title": "Not Found", "detail": "The resource could not be found.\n\n No resource provider with uuid df70941f-13e0-47c4-98f0-7a98fea521bc found for delete ", "request_id": "req-4eae3942-fa35-4640-8117-22dffafc6aec"}]}
2026-07-07 00:25:56.336 10 INFO neutron.db.ovn_revision_numbers_db [None req-f3fdc359-e634-4e4c-9ea3-90b321666171 116d24e45ba1481bbbc066f391f1fa48 e2500b07d6ec491e99bcf59b92bc9521 - - default default] Successfully bumped revision number for resource e029d5e0-6636-42ec-9b4d-99d19070081c (type: ports) to 1
2026-07-07 00:25:56.413 10 INFO neutron.wsgi [None req-f3fdc359-e634-4e4c-9ea3-90b321666171 116d24e45ba1481bbbc066f391f1fa48 e2500b07d6ec491e99bcf59b92bc9521 - - default default] 10.0.0.141 "POST /v2.0/networks HTTP/1.1" status: 201 len: 849 time: 0.8787966
2026-07-07 00:25:56.548 9 INFO neutron.db.ovn_revision_numbers_db [None req-b9690375-dc7c-47fd-9746-a0a27c001e1c 8bb3d32e8231429da84f0d9981d73fd8 7030727b2a144de5bf3e3b1852e6e45c - - default default] Successfully bumped revision number for resource 885bcd7a-b045-457d-8524-6647b6827f9c (type: floatingips) to 0
2026-07-07 00:25:56.562 9 INFO neutron.wsgi [None req-b9690375-dc7c-47fd-9746-a0a27c001e1c 8bb3d32e8231429da84f0d9981d73fd8 7030727b2a144de5bf3e3b1852e6e45c - - default default] 10.0.0.141 "POST /v2.0/floatingips HTTP/1.1" status: 201 len: 751 time: 0.9147341
2026-07-07 00:25:57.059 9 INFO neutron.wsgi [req-ee0526b3-d02f-4aa8-a044-cf0b9a1212df req-086d7438-2541-4ae6-8f8f-2a9c205f746d 8bb3d32e8231429da84f0d9981d73fd8 7030727b2a144de5bf3e3b1852e6e45c - - default default] 10.0.0.51 "GET /v2.0/security-groups?name=tempest-securitygroup--518739569&fields=id&tenant_id=7030727b2a144de5bf3e3b1852e6e45c HTTP/1.1" status: 200 len: 267 time: 0.0482459
2026-07-07 00:25:57.133 10 INFO neutron.wsgi [None req-f2866aab-2855-487b-afa7-c41d45174347 82cfeae333b848e99dd2a067f3a574d8 b739a45db5f6406a90d0cae28cfc6cdf - - default default] 10.0.0.141 "DELETE /v2.0/networks/a2893c9e-f497-4ee5-9479-c341054734d3 HTTP/1.1" status: 204 len: 168 time: 0.8496666 /var/lib/openstack/lib/python3.10/site-packages/pycadf/identifier.py:71: UserWarning: Invalid uuid: neutron. To ensure interoperability, identifiers should be a valid uuid. warnings.warn(('Invalid uuid: %s. To ensure interoperability, '
2026-07-07 00:25:57.152 9 INFO neutron.wsgi [req-ee0526b3-d02f-4aa8-a044-cf0b9a1212df req-304694fa-66e6-486f-b87a-32b32d40fb01 8bb3d32e8231429da84f0d9981d73fd8 7030727b2a144de5bf3e3b1852e6e45c - - default default] 10.0.0.51 "GET /v2.0/networks?id=f00590cd-773c-40e6-8141-d938526c7566 HTTP/1.1" status: 200 len: 875 time: 0.0833347
2026-07-07 00:25:57.163 10 INFO neutron.wsgi [None req-2bbe5558-25dc-4869-889a-2cd3c38326db 93c4931a69714437a058f387207e5040 a131f227cf9e401db5e6eea2d32e0b45 - - default default] 10.0.0.141 "DELETE /v2.0/networks/e6077de6-2b6f-4316-984d-c717560185ec HTTP/1.1" status: 204 len: 168 time: 0.8405995
2026-07-07 00:25:57.192 9 INFO neutron.wsgi [req-ee0526b3-d02f-4aa8-a044-cf0b9a1212df req-a6771d2e-2933-4a12-8537-31768cb837e6 8bb3d32e8231429da84f0d9981d73fd8 7030727b2a144de5bf3e3b1852e6e45c - - default default] 10.0.0.51 "GET /v2.0/quotas/7030727b2a144de5bf3e3b1852e6e45c HTTP/1.1" status: 200 len: 386 time: 0.0324206
2026-07-07 00:25:57.285 10 WARNING neutron.plugins.ml2.drivers.ovn.mech_driver.ovsdb.ovn_client [None req-3a0a643f-de9c-4c71-9c69-d4447a6e9dc9 - - - - - -] No hosting information found for port 3bbd72a4-bfd0-4e2a-aedd-4450f9a45344: RuntimeError: No hosting information found for port 3bbd72a4-bfd0-4e2a-aedd-4450f9a45344
2026-07-07 00:25:57.298 9 INFO neutron.wsgi [req-ee0526b3-d02f-4aa8-a044-cf0b9a1212df req-9e2759a1-a70e-435f-909c-ee0995a64ee8 8bb3d32e8231429da84f0d9981d73fd8 7030727b2a144de5bf3e3b1852e6e45c - - default default] 10.0.0.51 "GET /v2.0/ports?tenant_id=7030727b2a144de5bf3e3b1852e6e45c&fields=id HTTP/1.1" status: 200 len: 302 time: 0.0969005
2026-07-07 00:25:57.300 9 INFO neutron.db.segments_db [None req-60b6e6b0-b0cb-455e-8053-343eba393a13 93c4931a69714437a058f387207e5040 a131f227cf9e401db5e6eea2d32e0b45 - - default default] Added segment 46695cb4-ea2d-4d0b-b8bf-b438026fc584 of type geneve for network ea0aa529-7d00-4f9a-9816-8dfbc736c6c5
2026-07-07 00:25:57.323 10 WARNING neutron.scheduler.dhcp_agent_scheduler [None req-324a0cf2-39bb-4d26-9749-5d3d66ed1db2 116d24e45ba1481bbbc066f391f1fa48 e2500b07d6ec491e99bcf59b92bc9521 - - default default] No more DHCP agents
2026-07-07 00:25:57.327 10 WARNING neutron.api.rpc.agentnotifiers.dhcp_rpc_agent_api [None req-324a0cf2-39bb-4d26-9749-5d3d66ed1db2 116d24e45ba1481bbbc066f391f1fa48 e2500b07d6ec491e99bcf59b92bc9521 - - default default] Unable to schedule network e3ab27f2-d34e-4587-9d42-3db60813dc30: no agents available; will retry on subsequent port and subnet creation events.
2026-07-07 00:25:57.403 9 WARNING neutron.plugins.ml2.drivers.ovn.mech_driver.ovsdb.ovn_client [None req-3fdcba31-e094-4b92-868b-d5eff4a849a8 - - - - - -] No port found with ID 9fcd18fd-2e8f-4d1b-84f1-50bdaa76f87d: RuntimeError: No port found with ID 9fcd18fd-2e8f-4d1b-84f1-50bdaa76f87d
2026-07-07 00:25:57.410 9 INFO neutron.wsgi [req-ee0526b3-d02f-4aa8-a044-cf0b9a1212df req-1eb2965a-1abb-40fb-9be0-9dce9683442d 89c303b20e664d4fbb7d2652fddd4b9e 1031b3bb3e9b4720a61baed768c1d65e - - 4a9d02f35e214977bc4d1f5b1325aaf9 4a9d02f35e214977bc4d1f5b1325aaf9] 10.0.0.51 "GET /v2.0/networks/f00590cd-773c-40e6-8141-d938526c7566?fields=segments HTTP/1.1" status: 200 len: 212 time: 0.0959060
2026-07-07 00:25:57.442 10 INFO neutron.db.ovn_revision_numbers_db [None req-324a0cf2-39bb-4d26-9749-5d3d66ed1db2 116d24e45ba1481bbbc066f391f1fa48 e2500b07d6ec491e99bcf59b92bc9521 - - default default] Successfully bumped revision number for resource cf80faa8-b2f1-43ed-a7c1-15f93089dd6f (type: ports) to 1
2026-07-07 00:25:57.493 10 WARNING neutron.scheduler.dhcp_agent_scheduler [None req-324a0cf2-39bb-4d26-9749-5d3d66ed1db2 116d24e45ba1481bbbc066f391f1fa48 e2500b07d6ec491e99bcf59b92bc9521 - - default default] No more DHCP agents
2026-07-07 00:25:57.494 10 WARNING neutron.api.rpc.agentnotifiers.dhcp_rpc_agent_api [None req-324a0cf2-39bb-4d26-9749-5d3d66ed1db2 116d24e45ba1481bbbc066f391f1fa48 e2500b07d6ec491e99bcf59b92bc9521 - - default default] Unable to schedule network 9311e083-b26b-467a-a896-25b3ee5eb7d8: no agents available; will retry on subsequent port and subnet creation events.
2026-07-07 00:25:57.496 10 WARNING neutron.scheduler.dhcp_agent_scheduler [None req-17a4daab-03b6-4028-88f1-a746ed572c7e 82cfeae333b848e99dd2a067f3a574d8 b739a45db5f6406a90d0cae28cfc6cdf - - default default] No more DHCP agents
2026-07-07 00:25:57.499 10 WARNING neutron.api.rpc.agentnotifiers.dhcp_rpc_agent_api [None req-17a4daab-03b6-4028-88f1-a746ed572c7e 82cfeae333b848e99dd2a067f3a574d8 b739a45db5f6406a90d0cae28cfc6cdf - - default default] Unable to schedule network c9fc875c-8d64-4d4e-8907-b8a7187e23ea: no agents available; will retry on subsequent port and subnet creation events.
2026-07-07 00:25:57.520 9 INFO neutron.db.ovn_revision_numbers_db [None req-60b6e6b0-b0cb-455e-8053-343eba393a13 93c4931a69714437a058f387207e5040 a131f227cf9e401db5e6eea2d32e0b45 - - default default] Successfully bumped revision number for resource ea0aa529-7d00-4f9a-9816-8dfbc736c6c5 (type: networks) to 1
2026-07-07 00:25:57.627 10 INFO neutron.db.ovn_revision_numbers_db [None req-324a0cf2-39bb-4d26-9749-5d3d66ed1db2 116d24e45ba1481bbbc066f391f1fa48 e2500b07d6ec491e99bcf59b92bc9521 - - default default] Successfully bumped revision number for resource 22aad45f-7c62-4626-9441-1f28a2ef196c (type: ports) to 1
2026-07-07 00:25:57.628 10 INFO neutron.db.ovn_revision_numbers_db [None req-17a4daab-03b6-4028-88f1-a746ed572c7e 82cfeae333b848e99dd2a067f3a574d8 b739a45db5f6406a90d0cae28cfc6cdf - - default default] Successfully bumped revision number for resource 4e4804d8-e1e6-46f5-927f-565a5fba1235 (type: ports) to 1
2026-07-07 00:25:57.658 10 INFO neutron.wsgi [None req-324a0cf2-39bb-4d26-9749-5d3d66ed1db2 116d24e45ba1481bbbc066f391f1fa48 e2500b07d6ec491e99bcf59b92bc9521 - - default default] 10.0.0.141 "POST /v2.0/ports HTTP/1.1" status: 201 len: 1706 time: 1.2397773
2026-07-07 00:25:57.661 10 INFO neutron.wsgi [None req-17a4daab-03b6-4028-88f1-a746ed572c7e 82cfeae333b848e99dd2a067f3a574d8 b739a45db5f6406a90d0cae28cfc6cdf - - default default] 10.0.0.141 "POST /v2.0/ports HTTP/1.1" status: 201 len: 973 time: 0.5163536 /var/lib/openstack/lib/python3.10/site-packages/pycadf/identifier.py:71: UserWarning: Invalid uuid: neutron. To ensure interoperability, identifiers should be a valid uuid. warnings.warn(('Invalid uuid: %s. To ensure interoperability, '
2026-07-07 00:25:57.833 10 INFO neutron.wsgi [None req-6d717664-31cb-485d-a080-ace721a11628 116d24e45ba1481bbbc066f391f1fa48 e2500b07d6ec491e99bcf59b92bc9521 - - default default] 10.0.0.141 "GET /v2.0/ports HTTP/1.1" status: 200 len: 3213 time: 0.1656406
2026-07-07 00:25:57.876 9 INFO neutron.wsgi [req-ee0526b3-d02f-4aa8-a044-cf0b9a1212df req-4429b07c-de64-4129-b54f-6c2a58e35888 89c303b20e664d4fbb7d2652fddd4b9e 1031b3bb3e9b4720a61baed768c1d65e - - 4a9d02f35e214977bc4d1f5b1325aaf9 4a9d02f35e214977bc4d1f5b1325aaf9] 10.0.0.51 "GET /v2.0/networks/f00590cd-773c-40e6-8141-d938526c7566?fields=provider%3Aphysical_network&fields=provider%3Anetwork_type HTTP/1.1" status: 200 len: 277 time: 0.4475701
2026-07-07 00:25:58.046 9 INFO neutron.wsgi [req-8e94629d-de26-424e-9155-c8056569ef95 req-faaac489-8a11-4571-adf3-3cb50244960f 8bb3d32e8231429da84f0d9981d73fd8 7030727b2a144de5bf3e3b1852e6e45c - - default default] 10.0.0.51 "GET /v2.0/ports?device_id=ac543189-9948-4601-9f59-53bafb1fc3d4 HTTP/1.1" status: 200 len: 210 time: 0.0382185
2026-07-07 00:25:58.099 9 WARNING neutron.scheduler.dhcp_agent_scheduler [None req-60b6e6b0-b0cb-455e-8053-343eba393a13 93c4931a69714437a058f387207e5040 a131f227cf9e401db5e6eea2d32e0b45 - - default default] No more DHCP agents
2026-07-07 00:25:58.104 9 WARNING neutron.api.rpc.agentnotifiers.dhcp_rpc_agent_api [None req-60b6e6b0-b0cb-455e-8053-343eba393a13 93c4931a69714437a058f387207e5040 a131f227cf9e401db5e6eea2d32e0b45 - - default default] Unable to schedule network ea0aa529-7d00-4f9a-9816-8dfbc736c6c5: no agents available; will retry on subsequent port and subnet creation events.
2026-07-07 00:25:58.203 9 INFO neutron.wsgi [None req-d203645e-1377-4235-b327-8944ba739385 116d24e45ba1481bbbc066f391f1fa48 e2500b07d6ec491e99bcf59b92bc9521 - - default default] 10.0.0.141 "DELETE /v2.0/ports/cf80faa8-b2f1-43ed-a7c1-15f93089dd6f HTTP/1.1" status: 204 len: 168 time: 0.3582778
2026-07-07 00:25:58.207 9 INFO neutron.db.ovn_revision_numbers_db [None req-60b6e6b0-b0cb-455e-8053-343eba393a13 93c4931a69714437a058f387207e5040 a131f227cf9e401db5e6eea2d32e0b45 - - default default] Successfully bumped revision number for resource 6cf62b62-581c-43a0-bd42-984bc0ab1a75 (type: ports) to 1
2026-07-07 00:25:58.240 9 INFO neutron.plugins.ml2.drivers.ovn.mech_driver.mech_driver [None req-3fdcba31-e094-4b92-868b-d5eff4a849a8 - - - - - -] OVN reports status down for port: 4e4804d8-e1e6-46f5-927f-565a5fba1235
2026-07-07 00:25:58.254 9 INFO neutron.wsgi [None req-60b6e6b0-b0cb-455e-8053-343eba393a13 93c4931a69714437a058f387207e5040 a131f227cf9e401db5e6eea2d32e0b45 - - default default] 10.0.0.141 "POST /v2.0/networks HTTP/1.1" status: 201 len: 828 time: 1.0825906 /var/lib/openstack/lib/python3.10/site-packages/pycadf/identifier.py:71: UserWarning: Invalid uuid: neutron. To ensure interoperability, identifiers should be a valid uuid. warnings.warn(('Invalid uuid: %s. To ensure interoperability, '
2026-07-07 00:25:58.285 10 INFO neutron.db.ovn_revision_numbers_db [None req-c895be69-178a-4631-805a-b853d4519384 82cfeae333b848e99dd2a067f3a574d8 b739a45db5f6406a90d0cae28cfc6cdf - - default default] Successfully bumped revision number for resource 4e4804d8-e1e6-46f5-927f-565a5fba1235 (type: ports) to 2
2026-07-07 00:25:58.341 10 INFO neutron.wsgi [None req-c895be69-178a-4631-805a-b853d4519384 82cfeae333b848e99dd2a067f3a574d8 b739a45db5f6406a90d0cae28cfc6cdf - - default default] 10.0.0.141 "PUT /v2.0/ports/4e4804d8-e1e6-46f5-927f-565a5fba1235 HTTP/1.1" status: 200 len: 946 time: 0.6749210
2026-07-07 00:25:58.343 10 INFO neutron.services.segments.plugin [-] Segment ac9b9c87-efe7-4b63-9cf6-566b98d8dbd1 resource provider aggregate not found
2026-07-07 00:25:58.349 10 INFO neutron.services.segments.plugin [-] Segment ac9b9c87-efe7-4b63-9cf6-566b98d8dbd1 resource provider aggregate not found
2026-07-07 00:25:58.362 10 INFO neutron.services.segments.plugin [-] Segment ac9b9c87-efe7-4b63-9cf6-566b98d8dbd1 resource provider not found; error: Placement Client Error (4xx): {"errors": [{"status": 404, "title": "Not Found", "detail": "The resource could not be found.\n\n No resource provider with uuid ac9b9c87-efe7-4b63-9cf6-566b98d8dbd1 found for delete ", "request_id": "req-a32d6b06-5a3a-4cac-b67e-ef5a4b238f0a"}]}
2026-07-07 00:25:58.370 10 INFO neutron.services.segments.plugin [-] Segment ac9b9c87-efe7-4b63-9cf6-566b98d8dbd1 resource provider not found; error: Placement Client Error (4xx): {"errors": [{"status": 404, "title": "Not Found", "detail": "The resource could not be found.\n\n No resource provider with uuid ac9b9c87-efe7-4b63-9cf6-566b98d8dbd1 found for delete ", "request_id": "req-237bf595-c824-408a-9a01-e0fda79287ec"}]}
2026-07-07 00:25:58.388 10 INFO neutron.services.segments.plugin [-] Segment 7c935bf1-17a6-48a2-bac0-dfe3e00be1cf resource provider aggregate not found
2026-07-07 00:25:58.395 10 INFO neutron.services.segments.plugin [-] Segment 7c935bf1-17a6-48a2-bac0-dfe3e00be1cf resource provider aggregate not found
2026-07-07 00:25:58.406 10 INFO neutron.services.segments.plugin [-] Segment 7c935bf1-17a6-48a2-bac0-dfe3e00be1cf resource provider not found; error: Placement Client Error (4xx): {"errors": [{"status": 404, "title": "Not Found", "detail": "The resource could not be found.\n\n No resource provider with uuid 7c935bf1-17a6-48a2-bac0-dfe3e00be1cf found for delete ", "request_id": "req-c0981925-680e-4d1c-84dc-4efe1982a093"}]}
2026-07-07 00:25:58.421 10 INFO neutron.services.segments.plugin [-] Segment 7c935bf1-17a6-48a2-bac0-dfe3e00be1cf resource provider not found; error: Placement Client Error (4xx): {"errors": [{"status": 404, "title": "Not Found", "detail": "The resource could not be found.\n\n No resource provider with uuid 7c935bf1-17a6-48a2-bac0-dfe3e00be1cf found for delete ", "request_id": "req-9775cf0d-eea5-4298-9b4f-753eb94e6ba4"}]}
2026-07-07 00:25:58.480 9 INFO neutron.wsgi [None req-252c14dc-e076-43c7-a157-37f4b6d4109c 116d24e45ba1481bbbc066f391f1fa48 e2500b07d6ec491e99bcf59b92bc9521 - - default default] 10.0.0.141 "DELETE /v2.0/ports/22aad45f-7c62-4626-9441-1f28a2ef196c HTTP/1.1" status: 204 len: 168 time: 0.2690706
2026-07-07 00:25:58.626 9 INFO neutron.wsgi [None req-c14d3615-63ff-4c68-ac4b-d508e1f649db 116d24e45ba1481bbbc066f391f1fa48 e2500b07d6ec491e99bcf59b92bc9521 - - default default] 10.0.0.141 "GET /v2.0/ports HTTP/1.1" status: 200 len: 1718 time: 0.1388016
2026-07-07 00:25:58.735 9 INFO neutron.db.segments_db [None req-d2e77221-0f4d-4b5b-86ae-95a5a9c7257c 116d24e45ba1481bbbc066f391f1fa48 e2500b07d6ec491e99bcf59b92bc9521 - - default default] Added segment 42317133-94e8-4337-88ce-b9d502f4976f of type geneve for network 4bd329de-584d-4328-b3d4-8860e225eff3
2026-07-07 00:25:58.738 10 WARNING neutron.scheduler.dhcp_agent_scheduler [None req-4e1e0209-5ed1-4f1d-9ef0-0f2c64b7612b 93c4931a69714437a058f387207e5040 a131f227cf9e401db5e6eea2d32e0b45 - - default default] No more DHCP agents
2026-07-07 00:25:58.742 10 INFO neutron.wsgi [None req-5957cc5b-481c-414e-b8b9-c5312007b1a0 82cfeae333b848e99dd2a067f3a574d8 b739a45db5f6406a90d0cae28cfc6cdf - - default default] 10.0.0.141 "DELETE /v2.0/ports/4e4804d8-e1e6-46f5-927f-565a5fba1235 HTTP/1.1" status: 204 len: 168 time: 0.3887794
2026-07-07 00:25:58.745 10 WARNING neutron.api.rpc.agentnotifiers.dhcp_rpc_agent_api [None req-4e1e0209-5ed1-4f1d-9ef0-0f2c64b7612b 93c4931a69714437a058f387207e5040 a131f227cf9e401db5e6eea2d32e0b45 - - default default] Unable to schedule network ea0aa529-7d00-4f9a-9816-8dfbc736c6c5: no agents available; will retry on subsequent port and subnet creation events.
2026-07-07 00:25:58.845 10 INFO neutron.wsgi [None req-403e3f76-a18b-4519-aa09-009865c6901e 82cfeae333b848e99dd2a067f3a574d8 b739a45db5f6406a90d0cae28cfc6cdf - - default default] 10.0.0.141 "GET /v2.0/ports HTTP/1.1" status: 200 len: 1728 time: 0.0966477
2026-07-07 00:25:58.880 9 INFO neutron.pecan_wsgi.hooks.translation [None req-5dfe925b-136b-4f48-9731-d8188d4e85b1 82cfeae333b848e99dd2a067f3a574d8 b739a45db5f6406a90d0cae28cfc6cdf - - default default] GET failed (client error): The resource could not be found.
2026-07-07 00:25:58.881 9 INFO neutron.wsgi [None req-5dfe925b-136b-4f48-9731-d8188d4e85b1 82cfeae333b848e99dd2a067f3a574d8 b739a45db5f6406a90d0cae28cfc6cdf - - default default] 10.0.0.141 "GET /v2.0/ports/4e4804d8-e1e6-46f5-927f-565a5fba1235 HTTP/1.1" status: 404 len: 333 time: 0.0241537
2026-07-07 00:25:58.885 9 INFO neutron.wsgi [req-ee0526b3-d02f-4aa8-a044-cf0b9a1212df req-4f0ac698-b9b4-49c0-af74-d6344de9e377 8bb3d32e8231429da84f0d9981d73fd8 7030727b2a144de5bf3e3b1852e6e45c - - default default] 199.204.45.70 "GET /v2.0/networks?id=f00590cd-773c-40e6-8141-d938526c7566 HTTP/1.1" status: 200 len: 875 time: 0.1357329
2026-07-07 00:25:58.959 9 INFO neutron.db.ovn_revision_numbers_db [None req-d2e77221-0f4d-4b5b-86ae-95a5a9c7257c 116d24e45ba1481bbbc066f391f1fa48 e2500b07d6ec491e99bcf59b92bc9521 - - default default] Successfully bumped revision number for resource 4bd329de-584d-4328-b3d4-8860e225eff3 (type: networks) to 1
2026-07-07 00:25:58.966 9 INFO neutron.wsgi [req-ee0526b3-d02f-4aa8-a044-cf0b9a1212df req-8e14582a-74f0-4702-831c-d3f732710bad 8bb3d32e8231429da84f0d9981d73fd8 7030727b2a144de5bf3e3b1852e6e45c - - default default] 199.204.45.70 "GET /v2.0/security-groups?fields=id&fields=name&tenant_id=7030727b2a144de5bf3e3b1852e6e45c HTTP/1.1" status: 200 len: 379 time: 0.0711801
2026-07-07 00:25:59.035 9 INFO neutron.wsgi [None req-ad7a3eee-d8ef-4670-99ee-5d868569719c 82cfeae333b848e99dd2a067f3a574d8 b739a45db5f6406a90d0cae28cfc6cdf - - default default] 10.0.0.141 "GET /v2.0/ports HTTP/1.1" status: 200 len: 1728 time: 0.1318033
2026-07-07 00:25:59.112 9 INFO neutron.wsgi [None req-c9c3f1f9-8aef-499e-8ef8-a1b5c7b64a11 82cfeae333b848e99dd2a067f3a574d8 b739a45db5f6406a90d0cae28cfc6cdf - - default default] 10.0.0.141 "GET /v2.0/ports/09546a03-8259-4832-b744-1e62437f3957 HTTP/1.1" status: 200 len: 968 time: 0.0650833
2026-07-07 00:25:59.144 10 INFO neutron.pecan_wsgi.hooks.translation [None req-2616a295-e357-4295-bbca-e89fa68f2434 82cfeae333b848e99dd2a067f3a574d8 b739a45db5f6406a90d0cae28cfc6cdf - - default default] DELETE failed (client error): The resource could not be found.
2026-07-07 00:25:59.147 10 INFO neutron.wsgi [None req-2616a295-e357-4295-bbca-e89fa68f2434 82cfeae333b848e99dd2a067f3a574d8 b739a45db5f6406a90d0cae28cfc6cdf - - default default] 10.0.0.141 "DELETE /v2.0/ports/8bd8aeea-5434-496f-bbc9-488713b78772 HTTP/1.1" status: 404 len: 333 time: 0.0259933
2026-07-07 00:25:59.154 9 INFO neutron.wsgi [req-3cc63071-4ae2-47e9-9568-6ce8a15d816b req-59b2b44a-a936-4583-a253-59bc7a955620 8bb3d32e8231429da84f0d9981d73fd8 7030727b2a144de5bf3e3b1852e6e45c - - default default] 10.0.0.51 "GET /v2.0/ports?device_id=ac543189-9948-4601-9f59-53bafb1fc3d4 HTTP/1.1" status: 200 len: 210 time: 0.0307972
2026-07-07 00:25:59.187 10 INFO neutron.pecan_wsgi.hooks.translation [None req-dd7cab33-51c7-4258-8cee-ce08aa776c24 82cfeae333b848e99dd2a067f3a574d8 b739a45db5f6406a90d0cae28cfc6cdf - - default default] DELETE failed (client error): The resource could not be found.
2026-07-07 00:25:59.189 10 INFO neutron.wsgi [None req-dd7cab33-51c7-4258-8cee-ce08aa776c24 82cfeae333b848e99dd2a067f3a574d8 b739a45db5f6406a90d0cae28cfc6cdf - - default default] 10.0.0.141 "DELETE /v2.0/subnets/817e676d-9156-4411-b1a3-b3c022cb5a10 HTTP/1.1" status: 404 len: 337 time: 0.0279846
2026-07-07 00:25:59.218 10 INFO neutron.pecan_wsgi.hooks.translation [None req-1fb6ca39-68e4-461d-83c2-cf90e6541ef9 82cfeae333b848e99dd2a067f3a574d8 b739a45db5f6406a90d0cae28cfc6cdf - - default default] DELETE failed (client error): The resource could not be found.
2026-07-07 00:25:59.220 10 INFO neutron.wsgi [None req-1fb6ca39-68e4-461d-83c2-cf90e6541ef9 82cfeae333b848e99dd2a067f3a574d8 b739a45db5f6406a90d0cae28cfc6cdf - - default default] 10.0.0.141 "DELETE /v2.0/subnets/dac6efb7-c719-42ee-9012-aa08a9fad07c HTTP/1.1" status: 404 len: 337 time: 0.0249696
2026-07-07 00:25:59.275 9 WARNING neutron.scheduler.dhcp_agent_scheduler [None req-d2e77221-0f4d-4b5b-86ae-95a5a9c7257c 116d24e45ba1481bbbc066f391f1fa48 e2500b07d6ec491e99bcf59b92bc9521 - - default default] No more DHCP agents
2026-07-07 00:25:59.282 9 WARNING neutron.api.rpc.agentnotifiers.dhcp_rpc_agent_api [None req-d2e77221-0f4d-4b5b-86ae-95a5a9c7257c 116d24e45ba1481bbbc066f391f1fa48 e2500b07d6ec491e99bcf59b92bc9521 - - default default] Unable to schedule network 4bd329de-584d-4328-b3d4-8860e225eff3: no agents available; will retry on subsequent port and subnet creation events.
2026-07-07 00:25:59.426 9 INFO neutron.db.ovn_revision_numbers_db [None req-d2e77221-0f4d-4b5b-86ae-95a5a9c7257c 116d24e45ba1481bbbc066f391f1fa48 e2500b07d6ec491e99bcf59b92bc9521 - - default default] Successfully bumped revision number for resource a72b5f1a-fa25-4aa1-8d25-890819e05742 (type: ports) to 1
2026-07-07 00:25:59.431 10 INFO neutron.db.ovn_revision_numbers_db [None req-4e1e0209-5ed1-4f1d-9ef0-0f2c64b7612b 93c4931a69714437a058f387207e5040 a131f227cf9e401db5e6eea2d32e0b45 - - default default] Successfully bumped revision number for resource 6cf62b62-581c-43a0-bd42-984bc0ab1a75 (type: ports) to 2
2026-07-07 00:25:59.453 9 INFO neutron.wsgi [None req-d2e77221-0f4d-4b5b-86ae-95a5a9c7257c 116d24e45ba1481bbbc066f391f1fa48 e2500b07d6ec491e99bcf59b92bc9521 - - default default] 10.0.0.141 "POST /v2.0/networks HTTP/1.1" status: 201 len: 849 time: 0.8131704
2026-07-07 00:25:59.493 10 INFO neutron.db.ovn_revision_numbers_db [None req-4e1e0209-5ed1-4f1d-9ef0-0f2c64b7612b 93c4931a69714437a058f387207e5040 a131f227cf9e401db5e6eea2d32e0b45 - - default default] Successfully bumped revision number for resource 4bfc335e-e66d-42d9-809b-c46f399f3f7a (type: subnets) to 0
2026-07-07 00:25:59.519 10 INFO neutron.wsgi [None req-4e1e0209-5ed1-4f1d-9ef0-0f2c64b7612b 93c4931a69714437a058f387207e5040 a131f227cf9e401db5e6eea2d32e0b45 - - default default] 10.0.0.141 "POST /v2.0/subnets HTTP/1.1" status: 201 len: 801 time: 1.2586071 /var/lib/openstack/lib/python3.10/site-packages/pycadf/identifier.py:71: UserWarning: Invalid uuid: neutron. To ensure interoperability, identifiers should be a valid uuid. warnings.warn(('Invalid uuid: %s. To ensure interoperability, '
2026-07-07 00:25:59.553 9 WARNING neutron.scheduler.dhcp_agent_scheduler [req-ee0526b3-d02f-4aa8-a044-cf0b9a1212df req-729d6632-1367-4878-8a11-44020a313867 8bb3d32e8231429da84f0d9981d73fd8 7030727b2a144de5bf3e3b1852e6e45c - - default default] No more DHCP agents
2026-07-07 00:25:59.555 9 WARNING neutron.api.rpc.agentnotifiers.dhcp_rpc_agent_api [req-ee0526b3-d02f-4aa8-a044-cf0b9a1212df req-729d6632-1367-4878-8a11-44020a313867 8bb3d32e8231429da84f0d9981d73fd8 7030727b2a144de5bf3e3b1852e6e45c - - default default] Unable to schedule network f00590cd-773c-40e6-8141-d938526c7566: no agents available; will retry on subsequent port and subnet creation events.
2026-07-07 00:25:59.555 10 INFO neutron.wsgi [None req-e1c31c17-e381-428f-937c-5265013bfea9 82cfeae333b848e99dd2a067f3a574d8 b739a45db5f6406a90d0cae28cfc6cdf - - default default] 10.0.0.141 "DELETE /v2.0/ports/09546a03-8259-4832-b744-1e62437f3957 HTTP/1.1" status: 204 len: 168 time: 0.3290763
2026-07-07 00:25:59.602 10 INFO neutron.db.segments_db [None req-fda8100b-d18c-4fbe-9593-3d1592ac60e4 116d24e45ba1481bbbc066f391f1fa48 e2500b07d6ec491e99bcf59b92bc9521 - - default default] Added segment cb47da63-1fe7-4443-8e2c-109e284faf38 of type geneve for network ec823a0d-22ed-4334-afb5-b8edfb417c51
2026-07-07 00:25:59.803 9 INFO neutron.db.ovn_revision_numbers_db [None req-fd5894a1-c18f-4447-a31f-f81f84fe9060 93c4931a69714437a058f387207e5040 a131f227cf9e401db5e6eea2d32e0b45 - - default default] Successfully bumped revision number for resource 7398b6af-3827-4a2f-bd65-d77a31a3f915 (type: routers) to 1
2026-07-07 00:25:59.824 10 INFO neutron.db.ovn_revision_numbers_db [None req-fda8100b-d18c-4fbe-9593-3d1592ac60e4 116d24e45ba1481bbbc066f391f1fa48 e2500b07d6ec491e99bcf59b92bc9521 - - default default] Successfully bumped revision number for resource ec823a0d-22ed-4334-afb5-b8edfb417c51 (type: networks) to 1
2026-07-07 00:25:59.831 9 INFO neutron.wsgi [None req-fd5894a1-c18f-4447-a31f-f81f84fe9060 93c4931a69714437a058f387207e5040 a131f227cf9e401db5e6eea2d32e0b45 - - default default] 10.0.0.141 "POST /v2.0/routers HTTP/1.1" status: 201 len: 686 time: 0.3064058 /var/lib/openstack/lib/python3.10/site-packages/pycadf/identifier.py:71: UserWarning: Invalid uuid: neutron. To ensure interoperability, identifiers should be a valid uuid. warnings.warn(('Invalid uuid: %s. To ensure interoperability, '
2026-07-07 00:25:59.939 9 INFO neutron.db.ovn_revision_numbers_db [req-ee0526b3-d02f-4aa8-a044-cf0b9a1212df req-729d6632-1367-4878-8a11-44020a313867 8bb3d32e8231429da84f0d9981d73fd8 7030727b2a144de5bf3e3b1852e6e45c - - default default] Successfully bumped revision number for resource 27579c64-e694-40d0-ac24-f10c7a41b557 (type: ports) to 1
2026-07-07 00:25:59.976 9 INFO neutron.wsgi [req-ee0526b3-d02f-4aa8-a044-cf0b9a1212df req-729d6632-1367-4878-8a11-44020a313867 8bb3d32e8231429da84f0d9981d73fd8 7030727b2a144de5bf3e3b1852e6e45c - - default default] 199.204.45.70 "POST /v2.0/ports HTTP/1.1" status: 201 len: 1162 time: 1.0003476
2026-07-07 00:26:00.087 10 WARNING neutron.scheduler.dhcp_agent_scheduler [None req-fda8100b-d18c-4fbe-9593-3d1592ac60e4 116d24e45ba1481bbbc066f391f1fa48 e2500b07d6ec491e99bcf59b92bc9521 - - default default] No more DHCP agents
2026-07-07 00:26:00.091 10 WARNING neutron.api.rpc.agentnotifiers.dhcp_rpc_agent_api [None req-fda8100b-d18c-4fbe-9593-3d1592ac60e4 116d24e45ba1481bbbc066f391f1fa48 e2500b07d6ec491e99bcf59b92bc9521 - - default default] Unable to schedule network ec823a0d-22ed-4334-afb5-b8edfb417c51: no agents available; will retry on subsequent port and subnet creation events.
2026-07-07 00:26:00.203 10 INFO neutron.wsgi [None req-9d81de12-3e09-4b24-9670-b6cc6afd2241 82cfeae333b848e99dd2a067f3a574d8 b739a45db5f6406a90d0cae28cfc6cdf - - default default] 10.0.0.141 "DELETE /v2.0/networks/c9fc875c-8d64-4d4e-8907-b8a7187e23ea HTTP/1.1" status: 204 len: 168 time: 0.6420667
2026-07-07 00:26:00.211 10 INFO neutron.db.ovn_revision_numbers_db [None req-fda8100b-d18c-4fbe-9593-3d1592ac60e4 116d24e45ba1481bbbc066f391f1fa48 e2500b07d6ec491e99bcf59b92bc9521 - - default default] Successfully bumped revision number for resource c8281f13-1673-4609-95d8-90756de99c4c (type: ports) to 1
2026-07-07 00:26:00.237 10 INFO neutron.wsgi [None req-fda8100b-d18c-4fbe-9593-3d1592ac60e4 116d24e45ba1481bbbc066f391f1fa48 e2500b07d6ec491e99bcf59b92bc9521 - - default default] 10.0.0.141 "POST /v2.0/networks HTTP/1.1" status: 201 len: 848 time: 0.7768695
2026-07-07 00:26:00.278 9 INFO neutron.wsgi [req-e97e049c-57f5-413e-a5a7-9bebe381d549 req-05e1cfb5-6dc6-49f0-8f9f-2228cf9374a9 8bb3d32e8231429da84f0d9981d73fd8 7030727b2a144de5bf3e3b1852e6e45c - - default default] 10.0.0.51 "GET /v2.0/ports?device_id=ac543189-9948-4601-9f59-53bafb1fc3d4 HTTP/1.1" status: 200 len: 1160 time: 0.0585637
2026-07-07 00:26:00.360 9 INFO neutron.wsgi [req-e97e049c-57f5-413e-a5a7-9bebe381d549 req-c5573313-ff32-4415-b1a1-03e2d1d37e9a 8bb3d32e8231429da84f0d9981d73fd8 7030727b2a144de5bf3e3b1852e6e45c - - default default] 10.0.0.51 "GET /v2.0/security-groups?id=0953e25e-f169-4cec-8231-bb667f695fb0&fields=id&fields=name HTTP/1.1" status: 200 len: 312 time: 0.0688920
2026-07-07 00:26:00.440 10 INFO neutron.services.segments.plugin [-] Segment 710667c7-91a0-4668-97f0-8c11999568bc resource provider aggregate not found
2026-07-07 00:26:00.451 9 WARNING neutron.scheduler.dhcp_agent_scheduler [None req-6adeec8a-36d5-4ac9-8551-f29a86229a46 93c4931a69714437a058f387207e5040 a131f227cf9e401db5e6eea2d32e0b45 - - default default] No more DHCP agents
2026-07-07 00:26:00.455 9 WARNING neutron.api.rpc.agentnotifiers.dhcp_rpc_agent_api [None req-6adeec8a-36d5-4ac9-8551-f29a86229a46 93c4931a69714437a058f387207e5040 a131f227cf9e401db5e6eea2d32e0b45 - - default default] Unable to schedule network ea0aa529-7d00-4f9a-9816-8dfbc736c6c5: no agents available; will retry on subsequent port and subnet creation events.
2026-07-07 00:26:00.462 10 INFO neutron.services.segments.plugin [-] Segment 710667c7-91a0-4668-97f0-8c11999568bc resource provider not found; error: Placement Client Error (4xx): {"errors": [{"status": 404, "title": "Not Found", "detail": "The resource could not be found.\n\n No resource provider with uuid 710667c7-91a0-4668-97f0-8c11999568bc found for delete ", "request_id": "req-49710402-4779-4aed-8289-a9d714c74382"}]}
2026-07-07 00:26:00.472 10 INFO neutron.services.segments.plugin [-] Segment 710667c7-91a0-4668-97f0-8c11999568bc resource provider aggregate not found
2026-07-07 00:26:00.493 10 INFO neutron.services.segments.plugin [-] Segment 710667c7-91a0-4668-97f0-8c11999568bc resource provider not found; error: Placement Client Error (4xx): {"errors": [{"status": 404, "title": "Not Found", "detail": "The resource could not be found.\n\n No resource provider with uuid 710667c7-91a0-4668-97f0-8c11999568bc found for delete ", "request_id": "req-8aa00fc9-1f91-4aa5-83a7-f322edcb858a"}]}
2026-07-07 00:26:00.694 9 INFO neutron.db.ovn_revision_numbers_db [req-ee0526b3-d02f-4aa8-a044-cf0b9a1212df req-2eb4b934-4a4d-46db-b8b3-27c98617d2f6 89c303b20e664d4fbb7d2652fddd4b9e 1031b3bb3e9b4720a61baed768c1d65e - - 4a9d02f35e214977bc4d1f5b1325aaf9 4a9d02f35e214977bc4d1f5b1325aaf9] Successfully bumped revision number for resource 27579c64-e694-40d0-ac24-f10c7a41b557 (type: ports) to 2
2026-07-07 00:26:00.717 9 INFO neutron.db.ovn_revision_numbers_db [None req-6adeec8a-36d5-4ac9-8551-f29a86229a46 93c4931a69714437a058f387207e5040 a131f227cf9e401db5e6eea2d32e0b45 - - default default] Successfully bumped revision number for resource 10f74cb1-dcee-4d0b-a082-11318782ec73 (type: ports) to 1
2026-07-07 00:26:00.881 10 WARNING neutron.scheduler.dhcp_agent_scheduler [None req-ac988ed9-a8ee-4efa-b0dd-cc54a7e8dd15 116d24e45ba1481bbbc066f391f1fa48 e2500b07d6ec491e99bcf59b92bc9521 - - default default] No more DHCP agents
2026-07-07 00:26:00.891 10 WARNING neutron.api.rpc.agentnotifiers.dhcp_rpc_agent_api [None req-ac988ed9-a8ee-4efa-b0dd-cc54a7e8dd15 116d24e45ba1481bbbc066f391f1fa48 e2500b07d6ec491e99bcf59b92bc9521 - - default default] Unable to schedule network 4bd329de-584d-4328-b3d4-8860e225eff3: no agents available; will retry on subsequent port and subnet creation events.
2026-07-07 00:26:00.926 10 INFO neutron.wsgi [None req-8b0e5b76-9d2a-4ad1-871a-b1492f62a760 be4cb84c4ba948ec9c062b7a4008b662 7a10b33a19c046c49c77a20affc073e2 - - default default] 10.0.0.141 "GET /v2.0/security-groups?tenant_id=b739a45db5f6406a90d0cae28cfc6cdf&name=default HTTP/1.1" status: 200 len: 2996 time: 0.1820827
2026-07-07 00:26:01.279 10 INFO neutron.wsgi [None req-712d0b66-9d55-4105-b94d-319b6a9ebef5 be4cb84c4ba948ec9c062b7a4008b662 7a10b33a19c046c49c77a20affc073e2 - - default default] 10.0.0.141 "DELETE /v2.0/security-groups/1a0a3db6-48a9-4a22-8896-44517550eff7 HTTP/1.1" status: 204 len: 168 time: 0.3475497
2026-07-07 00:26:01.350 9 INFO neutron.db.ovn_revision_numbers_db [req-ee0526b3-d02f-4aa8-a044-cf0b9a1212df req-2eb4b934-4a4d-46db-b8b3-27c98617d2f6 89c303b20e664d4fbb7d2652fddd4b9e 1031b3bb3e9b4720a61baed768c1d65e - - 4a9d02f35e214977bc4d1f5b1325aaf9 4a9d02f35e214977bc4d1f5b1325aaf9] Successfully bumped revision number for resource 27579c64-e694-40d0-ac24-f10c7a41b557 (type: ports) to 2
2026-07-07 00:26:01.374 9 INFO neutron.wsgi [req-ee0526b3-d02f-4aa8-a044-cf0b9a1212df req-2eb4b934-4a4d-46db-b8b3-27c98617d2f6 89c303b20e664d4fbb7d2652fddd4b9e 1031b3bb3e9b4720a61baed768c1d65e - - 4a9d02f35e214977bc4d1f5b1325aaf9 4a9d02f35e214977bc4d1f5b1325aaf9] 199.204.45.70 "PUT /v2.0/ports/27579c64-e694-40d0-ac24-f10c7a41b557 HTTP/1.1" status: 200 len: 1380 time: 1.3917978 /var/lib/openstack/lib/python3.10/site-packages/pycadf/identifier.py:71: UserWarning: Invalid uuid: neutron. To ensure interoperability, identifiers should be a valid uuid. warnings.warn(('Invalid uuid: %s. To ensure interoperability, '
2026-07-07 00:26:01.426 9 INFO neutron.notifiers.nova [-] Nova event matching ['req-0881cccc-91d3-4c56-8104-ef01190b7d94'] response: {'name': 'network-changed', 'server_uuid': 'ac543189-9948-4601-9f59-53bafb1fc3d4', 'tag': '27579c64-e694-40d0-ac24-f10c7a41b557', 'status': 'completed', 'code': 200}
2026-07-07 00:26:01.474 9 INFO neutron.wsgi [req-ee0526b3-d02f-4aa8-a044-cf0b9a1212df req-dd1124bb-ec1e-450c-866c-c96d02b3e853 89c303b20e664d4fbb7d2652fddd4b9e 1031b3bb3e9b4720a61baed768c1d65e - - 4a9d02f35e214977bc4d1f5b1325aaf9 4a9d02f35e214977bc4d1f5b1325aaf9] 199.204.45.70 "GET /v2.0/ports?tenant_id=7030727b2a144de5bf3e3b1852e6e45c&device_id=ac543189-9948-4601-9f59-53bafb1fc3d4 HTTP/1.1" status: 200 len: 1411 time: 0.0594909
2026-07-07 00:26:01.477 10 INFO neutron.db.ovn_revision_numbers_db [None req-ac988ed9-a8ee-4efa-b0dd-cc54a7e8dd15 116d24e45ba1481bbbc066f391f1fa48 e2500b07d6ec491e99bcf59b92bc9521 - - default default] Successfully bumped revision number for resource a72b5f1a-fa25-4aa1-8d25-890819e05742 (type: ports) to 2
2026-07-07 00:26:01.514 10 INFO neutron.db.ovn_revision_numbers_db [None req-ac988ed9-a8ee-4efa-b0dd-cc54a7e8dd15 116d24e45ba1481bbbc066f391f1fa48 e2500b07d6ec491e99bcf59b92bc9521 - - default default] Successfully bumped revision number for resource c982a4e8-d37a-46bf-84d6-1e7db348c759 (type: subnets) to 0
2026-07-07 00:26:01.521 9 INFO neutron.wsgi [req-048e9e4e-1b79-48ee-93c5-1e3573ea2e65 req-21275d2e-88f1-4f7f-a717-91c2dbcda321 8bb3d32e8231429da84f0d9981d73fd8 7030727b2a144de5bf3e3b1852e6e45c - - default default] 10.0.0.51 "GET /v2.0/ports?device_id=ac543189-9948-4601-9f59-53bafb1fc3d4 HTTP/1.1" status: 200 len: 1172 time: 0.0795801
2026-07-07 00:26:01.536 9 INFO neutron.wsgi [req-ee0526b3-d02f-4aa8-a044-cf0b9a1212df req-3af1b7d6-0254-4c32-bfc4-23a117fd01b5 89c303b20e664d4fbb7d2652fddd4b9e 1031b3bb3e9b4720a61baed768c1d65e - - 4a9d02f35e214977bc4d1f5b1325aaf9 4a9d02f35e214977bc4d1f5b1325aaf9] 199.204.45.70 "GET /v2.0/floatingips?fixed_ip_address=10.100.0.13&port_id=27579c64-e694-40d0-ac24-f10c7a41b557 HTTP/1.1" status: 200 len: 217 time: 0.0497088
