2026-07-07 00:27:03.528 9 INFO neutron.db.ovn_revision_numbers_db [None req-3fdcba31-e094-4b92-868b-d5eff4a849a8 - - - - - -] Successfully bumped revision number for resource 0b6cb7e5-a894-480b-8ea2-6f3dd2757be3 (type: router_ports) to 2
2026-07-07 00:27:03.721 9 INFO neutron.db.ovn_revision_numbers_db [None req-fb9eb40f-ba35-4e5d-ba6f-d6812a1c5c96 067095f7ad814bae9b56522d12e646c0 3a4f1df2cf834d2b8e0d43d616bfe385 - - default default] Successfully bumped revision number for resource 0b6cb7e5-a894-480b-8ea2-6f3dd2757be3 (type: router_ports) to 2
2026-07-07 00:27:03.725 9 INFO neutron.wsgi [None req-fb9eb40f-ba35-4e5d-ba6f-d6812a1c5c96 067095f7ad814bae9b56522d12e646c0 3a4f1df2cf834d2b8e0d43d616bfe385 - - default default] 10.0.0.141 "PUT /v2.0/routers/aab715f4-23cf-4369-adc6-0c61bb688271/add_router_interface HTTP/1.1" status: 200 len: 503 time: 2.4688513
2026-07-07 00:27:03.834 10 INFO neutron.wsgi [None req-cf0100e1-c587-4360-8373-610ae7e5d2dc 2e40dfcfa3164f9bb78bdb247b65b661 229878dd0178432f9dbbf43667c46a45 - - default default] 10.0.0.141 "GET /v2.0/networks HTTP/1.1" status: 200 len: 3115 time: 0.1016769
2026-07-07 00:27:03.872 9 INFO neutron.wsgi [None req-26a0ac84-1175-4ad4-8c4f-2e6972876b6d 2e40dfcfa3164f9bb78bdb247b65b661 229878dd0178432f9dbbf43667c46a45 - - default default] 10.0.0.141 "GET /v2.0/subnets HTTP/1.1" status: 200 len: 2097 time: 0.0330372
2026-07-07 00:27:03.952 9 INFO neutron.wsgi [None req-d4209d15-9a33-4361-bf1b-ba267d2ef5e2 2e40dfcfa3164f9bb78bdb247b65b661 229878dd0178432f9dbbf43667c46a45 - - default default] 10.0.0.141 "GET /v2.0/routers HTTP/1.1" status: 200 len: 879 time: 0.0754404
2026-07-07 00:27:04.000 10 INFO neutron.db.ovn_revision_numbers_db [None req-e2f5d059-c7ae-4f81-982a-d103f4e70fbe be4cb84c4ba948ec9c062b7a4008b662 7a10b33a19c046c49c77a20affc073e2 - - default default] Successfully bumped revision number for resource f2d42439-20a1-425f-b0a8-4b12cd2369df (type: security_groups) to 1
2026-07-07 00:27:04.019 10 INFO neutron.db.ovn_revision_numbers_db [None req-e2f5d059-c7ae-4f81-982a-d103f4e70fbe be4cb84c4ba948ec9c062b7a4008b662 7a10b33a19c046c49c77a20affc073e2 - - default default] Successfully bumped revision number for resource 0552bcc9-fd21-407a-ac37-dddd7495d622 (type: security_group_rules) to 0
2026-07-07 00:27:04.035 10 INFO neutron.db.ovn_revision_numbers_db [None req-e2f5d059-c7ae-4f81-982a-d103f4e70fbe be4cb84c4ba948ec9c062b7a4008b662 7a10b33a19c046c49c77a20affc073e2 - - default default] Successfully bumped revision number for resource 2062e7a8-53d5-47a2-a4f5-56f1277835ec (type: security_group_rules) to 0
2026-07-07 00:27:04.052 10 INFO neutron.db.ovn_revision_numbers_db [None req-e2f5d059-c7ae-4f81-982a-d103f4e70fbe be4cb84c4ba948ec9c062b7a4008b662 7a10b33a19c046c49c77a20affc073e2 - - default default] Successfully bumped revision number for resource 24cea232-bafc-4bab-84f5-6a3595d3208a (type: security_group_rules) to 0
2026-07-07 00:27:04.066 10 INFO neutron.db.ovn_revision_numbers_db [None req-e2f5d059-c7ae-4f81-982a-d103f4e70fbe be4cb84c4ba948ec9c062b7a4008b662 7a10b33a19c046c49c77a20affc073e2 - - default default] Successfully bumped revision number for resource 6340973a-a5fe-41e8-babb-487a5599fb7c (type: security_group_rules) to 0
2026-07-07 00:27:04.090 10 INFO neutron.wsgi [None req-e2f5d059-c7ae-4f81-982a-d103f4e70fbe be4cb84c4ba948ec9c062b7a4008b662 7a10b33a19c046c49c77a20affc073e2 - - default default] 10.0.0.141 "GET /v2.0/security-groups?tenant_id=1dd32664874e4b97a15b1ae0bb88280c&name=default HTTP/1.1" status: 200 len: 2996 time: 0.3905911
2026-07-07 00:27:04.190 9 INFO neutron.db.ovn_revision_numbers_db [None req-d2b415ef-54ea-4c7c-b183-8a2ce811567d 067095f7ad814bae9b56522d12e646c0 3a4f1df2cf834d2b8e0d43d616bfe385 - - default default] Successfully bumped revision number for resource 24255479-dc11-488d-a054-728c60ef014d (type: security_groups) to 1
2026-07-07 00:27:04.212 9 INFO neutron.db.ovn_revision_numbers_db [None req-d2b415ef-54ea-4c7c-b183-8a2ce811567d 067095f7ad814bae9b56522d12e646c0 3a4f1df2cf834d2b8e0d43d616bfe385 - - default default] Successfully bumped revision number for resource 5e824a4b-3b98-4133-9761-832a66ab16d3 (type: security_group_rules) to 0
2026-07-07 00:27:04.229 9 INFO neutron.db.ovn_revision_numbers_db [None req-d2b415ef-54ea-4c7c-b183-8a2ce811567d 067095f7ad814bae9b56522d12e646c0 3a4f1df2cf834d2b8e0d43d616bfe385 - - default default] Successfully bumped revision number for resource ebf79b3f-a775-4ed0-b1a3-e27b866b7d60 (type: security_group_rules) to 0
2026-07-07 00:27:04.257 9 INFO neutron.wsgi [None req-d2b415ef-54ea-4c7c-b183-8a2ce811567d 067095f7ad814bae9b56522d12e646c0 3a4f1df2cf834d2b8e0d43d616bfe385 - - default default] 10.0.0.141 "POST /v2.0/security-groups HTTP/1.1" status: 201 len: 1811 time: 0.2257142
2026-07-07 00:27:04.378 10 INFO neutron.wsgi [None req-564f10fd-0f84-4125-9286-ea2e1061517a be4cb84c4ba948ec9c062b7a4008b662 7a10b33a19c046c49c77a20affc073e2 - - default default] 10.0.0.141 "DELETE /v2.0/security-groups/f2d42439-20a1-425f-b0a8-4b12cd2369df HTTP/1.1" status: 204 len: 168 time: 0.2829211
2026-07-07 00:27:04.438 10 INFO neutron.db.ovn_revision_numbers_db [None req-f700f9c8-1ee8-4e40-9bc3-70e2e453cdfe 067095f7ad814bae9b56522d12e646c0 3a4f1df2cf834d2b8e0d43d616bfe385 - - default default] Successfully bumped revision number for resource 68073128-b206-4889-adc3-475e726a4a9f (type: security_group_rules) to 0
2026-07-07 00:27:04.476 10 INFO neutron.wsgi [None req-f700f9c8-1ee8-4e40-9bc3-70e2e453cdfe 067095f7ad814bae9b56522d12e646c0 3a4f1df2cf834d2b8e0d43d616bfe385 - - default default] 10.0.0.141 "POST /v2.0/security-group-rules HTTP/1.1" status: 201 len: 764 time: 0.2097747
2026-07-07 00:27:04.619 9 INFO neutron.db.ovn_revision_numbers_db [None req-527b2006-84ba-4f22-8a34-21e045eecab6 067095f7ad814bae9b56522d12e646c0 3a4f1df2cf834d2b8e0d43d616bfe385 - - default default] Successfully bumped revision number for resource 0d52e8de-7763-406e-9582-ce3f03c3f602 (type: security_group_rules) to 0
2026-07-07 00:27:04.657 9 INFO neutron.wsgi [None req-527b2006-84ba-4f22-8a34-21e045eecab6 067095f7ad814bae9b56522d12e646c0 3a4f1df2cf834d2b8e0d43d616bfe385 - - default default] 10.0.0.141 "POST /v2.0/security-group-rules HTTP/1.1" status: 201 len: 763 time: 0.1726499
2026-07-07 00:27:04.752 10 INFO neutron.db.ovn_revision_numbers_db [None req-57e322a0-d567-4d7f-8d32-b09906c680c5 be4cb84c4ba948ec9c062b7a4008b662 7a10b33a19c046c49c77a20affc073e2 - - default default] Successfully bumped revision number for resource eac12645-63a2-45cc-bbbe-648f866f7592 (type: security_groups) to 1
2026-07-07 00:27:04.770 10 INFO neutron.db.ovn_revision_numbers_db [None req-57e322a0-d567-4d7f-8d32-b09906c680c5 be4cb84c4ba948ec9c062b7a4008b662 7a10b33a19c046c49c77a20affc073e2 - - default default] Successfully bumped revision number for resource 05a7339e-bc68-4046-a2e0-15be6a0acc96 (type: security_group_rules) to 0
2026-07-07 00:27:04.787 10 INFO neutron.db.ovn_revision_numbers_db [None req-57e322a0-d567-4d7f-8d32-b09906c680c5 be4cb84c4ba948ec9c062b7a4008b662 7a10b33a19c046c49c77a20affc073e2 - - default default] Successfully bumped revision number for resource 4480d3bb-6474-4370-9e99-64ecce000d8c (type: security_group_rules) to 0
2026-07-07 00:27:04.811 10 INFO neutron.db.ovn_revision_numbers_db [None req-57e322a0-d567-4d7f-8d32-b09906c680c5 be4cb84c4ba948ec9c062b7a4008b662 7a10b33a19c046c49c77a20affc073e2 - - default default] Successfully bumped revision number for resource a414545d-8fd5-4789-99f9-fb255239f6bf (type: security_group_rules) to 0
2026-07-07 00:27:04.840 9 INFO neutron.db.ovn_revision_numbers_db [None req-6c453a4c-bd1c-4289-a585-e45190c40c71 067095f7ad814bae9b56522d12e646c0 3a4f1df2cf834d2b8e0d43d616bfe385 - - default default] Successfully bumped revision number for resource 8b10ddb3-d52b-4098-93df-291ffaf9f8d8 (type: security_group_rules) to 0
2026-07-07 00:27:04.845 10 INFO neutron.db.ovn_revision_numbers_db [None req-57e322a0-d567-4d7f-8d32-b09906c680c5 be4cb84c4ba948ec9c062b7a4008b662 7a10b33a19c046c49c77a20affc073e2 - - default default] Successfully bumped revision number for resource de4c4fc0-09fb-45f3-8c62-3e3292f6fb38 (type: security_group_rules) to 0
2026-07-07 00:27:04.879 9 INFO neutron.wsgi [None req-6c453a4c-bd1c-4289-a585-e45190c40c71 067095f7ad814bae9b56522d12e646c0 3a4f1df2cf834d2b8e0d43d616bfe385 - - default default] 10.0.0.141 "POST /v2.0/security-group-rules HTTP/1.1" status: 201 len: 769 time: 0.2160664
2026-07-07 00:27:04.883 10 INFO neutron.wsgi [None req-57e322a0-d567-4d7f-8d32-b09906c680c5 be4cb84c4ba948ec9c062b7a4008b662 7a10b33a19c046c49c77a20affc073e2 - - default default] 10.0.0.141 "GET /v2.0/security-groups?tenant_id=c7747cae407b41f7a358ae8757963f86&name=default HTTP/1.1" status: 200 len: 2996 time: 0.2600269
2026-07-07 00:27:05.039 9 INFO neutron.db.ovn_revision_numbers_db [None req-3075fa64-4148-40a2-b4d6-65113ade7655 067095f7ad814bae9b56522d12e646c0 3a4f1df2cf834d2b8e0d43d616bfe385 - - default default] Successfully bumped revision number for resource 0f322eb1-733d-4ddc-8263-9115994a515f (type: security_group_rules) to 0
2026-07-07 00:27:05.043 10 INFO neutron.db.ovn_revision_numbers_db [None req-ea733cf2-fa42-4cdf-9edf-03916db98a29 5b74f6fc00e040edbf96742df85db664 deb7d857ddee4e8497a7ba8c865382dc - - default default] Successfully bumped revision number for resource fafec71b-5a3a-439a-a0ee-2334bbef75b7 (type: security_groups) to 1
2026-07-07 00:27:05.064 10 INFO neutron.db.ovn_revision_numbers_db [None req-ea733cf2-fa42-4cdf-9edf-03916db98a29 5b74f6fc00e040edbf96742df85db664 deb7d857ddee4e8497a7ba8c865382dc - - default default] Successfully bumped revision number for resource 435f4774-e74c-4104-a68f-ba59d083da3e (type: security_group_rules) to 0
2026-07-07 00:27:05.064 9 INFO neutron.wsgi [None req-3075fa64-4148-40a2-b4d6-65113ade7655 067095f7ad814bae9b56522d12e646c0 3a4f1df2cf834d2b8e0d43d616bfe385 - - default default] 10.0.0.141 "POST /v2.0/security-group-rules HTTP/1.1" status: 201 len: 768 time: 0.1813271
2026-07-07 00:27:05.087 10 INFO neutron.db.ovn_revision_numbers_db [None req-ea733cf2-fa42-4cdf-9edf-03916db98a29 5b74f6fc00e040edbf96742df85db664 deb7d857ddee4e8497a7ba8c865382dc - - default default] Successfully bumped revision number for resource 81311748-9ed6-4430-b33e-f6926e56cd89 (type: security_group_rules) to 0
2026-07-07 00:27:05.097 9 INFO neutron.db.securitygroups_db [None req-89a5875d-4746-41b9-b0eb-1bab42546687 067095f7ad814bae9b56522d12e646c0 3a4f1df2cf834d2b8e0d43d616bfe385 - - default default] Project 3a4f1df2cf834d2b8e0d43d616bfe385 added a security group rule with legacy IPv6 ICMP protocol name icmp, ipv6-icmp should be used instead. It was automatically converted.
2026-07-07 00:27:05.102 10 INFO neutron.db.ovn_revision_numbers_db [None req-ea733cf2-fa42-4cdf-9edf-03916db98a29 5b74f6fc00e040edbf96742df85db664 deb7d857ddee4e8497a7ba8c865382dc - - default default] Successfully bumped revision number for resource 8c155c70-5948-483d-a281-88e53cd599f9 (type: security_group_rules) to 0
2026-07-07 00:27:05.120 10 INFO neutron.db.ovn_revision_numbers_db [None req-ea733cf2-fa42-4cdf-9edf-03916db98a29 5b74f6fc00e040edbf96742df85db664 deb7d857ddee4e8497a7ba8c865382dc - - default default] Successfully bumped revision number for resource e2695770-0dba-495f-8e2d-22aa1f09d095 (type: security_group_rules) to 0
2026-07-07 00:27:05.159 10 INFO neutron.wsgi [None req-eb9652d0-686e-4c0e-af56-c5f01c40a0f9 be4cb84c4ba948ec9c062b7a4008b662 7a10b33a19c046c49c77a20affc073e2 - - default default] 10.0.0.141 "DELETE /v2.0/security-groups/eac12645-63a2-45cc-bbbe-648f866f7592 HTTP/1.1" status: 204 len: 168 time: 0.2701857
2026-07-07 00:27:05.179 10 INFO neutron.db.segments_db [None req-ea733cf2-fa42-4cdf-9edf-03916db98a29 5b74f6fc00e040edbf96742df85db664 deb7d857ddee4e8497a7ba8c865382dc - - default default] Added segment f667e377-2828-467e-bf0a-3cd0cec2e64c of type geneve for network 4e88f99c-ba80-4ace-a71e-f0a34c36a8c4
2026-07-07 00:27:05.231 9 INFO neutron.db.ovn_revision_numbers_db [None req-89a5875d-4746-41b9-b0eb-1bab42546687 067095f7ad814bae9b56522d12e646c0 3a4f1df2cf834d2b8e0d43d616bfe385 - - default default] Successfully bumped revision number for resource fcd10bc7-601f-462a-8951-8a6dba6d09f3 (type: security_group_rules) to 0
2026-07-07 00:27:05.258 9 INFO neutron.wsgi [None req-89a5875d-4746-41b9-b0eb-1bab42546687 067095f7ad814bae9b56522d12e646c0 3a4f1df2cf834d2b8e0d43d616bfe385 - - default default] 10.0.0.141 "POST /v2.0/security-group-rules HTTP/1.1" status: 201 len: 774 time: 0.1876595
2026-07-07 00:27:05.286 9 INFO neutron.db.securitygroups_db [None req-33d3bef1-1aa3-46f3-925a-7a699cea65fb 067095f7ad814bae9b56522d12e646c0 3a4f1df2cf834d2b8e0d43d616bfe385 - - default default] Project 3a4f1df2cf834d2b8e0d43d616bfe385 added a security group rule with legacy IPv6 ICMP protocol name icmp, ipv6-icmp should be used instead. It was automatically converted.
2026-07-07 00:27:05.418 9 INFO neutron.db.ovn_revision_numbers_db [None req-33d3bef1-1aa3-46f3-925a-7a699cea65fb 067095f7ad814bae9b56522d12e646c0 3a4f1df2cf834d2b8e0d43d616bfe385 - - default default] Successfully bumped revision number for resource acf39957-6498-430e-b9f4-f5081adaa1b1 (type: security_group_rules) to 0
2026-07-07 00:27:05.454 9 INFO neutron.wsgi [None req-33d3bef1-1aa3-46f3-925a-7a699cea65fb 067095f7ad814bae9b56522d12e646c0 3a4f1df2cf834d2b8e0d43d616bfe385 - - default default] 10.0.0.141 "POST /v2.0/security-group-rules HTTP/1.1" status: 201 len: 773 time: 0.1907551
2026-07-07 00:27:05.535 9 INFO neutron.db.ovn_revision_numbers_db [None req-05f07fcb-1bcf-4f90-a59c-b34ae742f8b5 be4cb84c4ba948ec9c062b7a4008b662 7a10b33a19c046c49c77a20affc073e2 - - default default] Successfully bumped revision number for resource a5ed13eb-8bdc-4d83-834b-a2b5076e9994 (type: security_groups) to 1
2026-07-07 00:27:05.555 9 INFO neutron.db.ovn_revision_numbers_db [None req-05f07fcb-1bcf-4f90-a59c-b34ae742f8b5 be4cb84c4ba948ec9c062b7a4008b662 7a10b33a19c046c49c77a20affc073e2 - - default default] Successfully bumped revision number for resource 3512eaa8-216c-4d05-a33d-decf7d56813c (type: security_group_rules) to 0
2026-07-07 00:27:05.571 9 INFO neutron.db.ovn_revision_numbers_db [None req-05f07fcb-1bcf-4f90-a59c-b34ae742f8b5 be4cb84c4ba948ec9c062b7a4008b662 7a10b33a19c046c49c77a20affc073e2 - - default default] Successfully bumped revision number for resource 8572dff3-913d-4549-9eff-c09e00640973 (type: security_group_rules) to 0
2026-07-07 00:27:05.587 9 INFO neutron.db.ovn_revision_numbers_db [None req-05f07fcb-1bcf-4f90-a59c-b34ae742f8b5 be4cb84c4ba948ec9c062b7a4008b662 7a10b33a19c046c49c77a20affc073e2 - - default default] Successfully bumped revision number for resource d3eae964-0c93-4944-8ff7-ec3bac8df7b4 (type: security_group_rules) to 0
2026-07-07 00:27:05.601 9 INFO neutron.db.ovn_revision_numbers_db [None req-05f07fcb-1bcf-4f90-a59c-b34ae742f8b5 be4cb84c4ba948ec9c062b7a4008b662 7a10b33a19c046c49c77a20affc073e2 - - default default] Successfully bumped revision number for resource ef1b710e-a1fb-40fb-8c7e-03d802ced115 (type: security_group_rules) to 0
2026-07-07 00:27:05.623 9 INFO neutron.wsgi [None req-05f07fcb-1bcf-4f90-a59c-b34ae742f8b5 be4cb84c4ba948ec9c062b7a4008b662 7a10b33a19c046c49c77a20affc073e2 - - default default] 10.0.0.141 "GET /v2.0/security-groups?tenant_id=40666038de424377a7986b58486b335c&name=default HTTP/1.1" status: 200 len: 2996 time: 0.2379677
2026-07-07 00:27:05.641 10 INFO neutron.db.ovn_revision_numbers_db [None req-ea733cf2-fa42-4cdf-9edf-03916db98a29 5b74f6fc00e040edbf96742df85db664 deb7d857ddee4e8497a7ba8c865382dc - - default default] Successfully bumped revision number for resource 4e88f99c-ba80-4ace-a71e-f0a34c36a8c4 (type: networks) to 1
2026-07-07 00:27:05.874 10 WARNING neutron.scheduler.dhcp_agent_scheduler [None req-ea733cf2-fa42-4cdf-9edf-03916db98a29 5b74f6fc00e040edbf96742df85db664 deb7d857ddee4e8497a7ba8c865382dc - - default default] No more DHCP agents
2026-07-07 00:27:05.880 10 WARNING neutron.api.rpc.agentnotifiers.dhcp_rpc_agent_api [None req-ea733cf2-fa42-4cdf-9edf-03916db98a29 5b74f6fc00e040edbf96742df85db664 deb7d857ddee4e8497a7ba8c865382dc - - default default] Unable to schedule network 4e88f99c-ba80-4ace-a71e-f0a34c36a8c4: no agents available; will retry on subsequent port and subnet creation events.
2026-07-07 00:27:05.901 9 INFO neutron.wsgi [None req-9e375469-9d83-47b5-9171-bb5feb135e60 be4cb84c4ba948ec9c062b7a4008b662 7a10b33a19c046c49c77a20affc073e2 - - default default] 10.0.0.141 "DELETE /v2.0/security-groups/a5ed13eb-8bdc-4d83-834b-a2b5076e9994 HTTP/1.1" status: 204 len: 168 time: 0.2720098
2026-07-07 00:27:05.978 10 INFO neutron.db.ovn_revision_numbers_db [None req-ea733cf2-fa42-4cdf-9edf-03916db98a29 5b74f6fc00e040edbf96742df85db664 deb7d857ddee4e8497a7ba8c865382dc - - default default] Successfully bumped revision number for resource 6ffd9bab-361f-4faa-a39a-099829398030 (type: ports) to 1
2026-07-07 00:27:06.005 10 INFO neutron.wsgi [None req-ea733cf2-fa42-4cdf-9edf-03916db98a29 5b74f6fc00e040edbf96742df85db664 deb7d857ddee4e8497a7ba8c865382dc - - default default] 10.0.0.141 "POST /v2.0/networks HTTP/1.1" status: 201 len: 831 time: 1.3123848
2026-07-07 00:27:06.253 9 INFO neutron.wsgi [None req-b0d97e9e-d19b-48cc-8c82-e3b91d70e92b 067095f7ad814bae9b56522d12e646c0 3a4f1df2cf834d2b8e0d43d616bfe385 - - default default] 10.0.0.141 "GET /v2.0/networks HTTP/1.1" status: 200 len: 1493 time: 0.4162614
2026-07-07 00:27:06.321 10 WARNING neutron.scheduler.dhcp_agent_scheduler [None req-a1bd871b-d0ab-4294-82cb-5207fbee6fa8 5b74f6fc00e040edbf96742df85db664 deb7d857ddee4e8497a7ba8c865382dc - - default default] No more DHCP agents
2026-07-07 00:27:06.324 10 WARNING neutron.api.rpc.agentnotifiers.dhcp_rpc_agent_api [None req-a1bd871b-d0ab-4294-82cb-5207fbee6fa8 5b74f6fc00e040edbf96742df85db664 deb7d857ddee4e8497a7ba8c865382dc - - default default] Unable to schedule network 4e88f99c-ba80-4ace-a71e-f0a34c36a8c4: no agents available; will retry on subsequent port and subnet creation events.
2026-07-07 00:27:06.381 9 INFO neutron.wsgi [req-ae2ae30b-7f30-4ee1-96e3-d73d124bc423 req-b2dbf62b-2120-49c7-a9b0-ed38e9c6c7ad 067095f7ad814bae9b56522d12e646c0 3a4f1df2cf834d2b8e0d43d616bfe385 - - default default] 10.0.0.51 "GET /v2.0/security-groups?name=tempest-secgroup-smoke-2095943159&fields=id&tenant_id=3a4f1df2cf834d2b8e0d43d616bfe385 HTTP/1.1" status: 200 len: 267 time: 0.0534523
2026-07-07 00:27:06.737 9 INFO neutron.wsgi [req-ae2ae30b-7f30-4ee1-96e3-d73d124bc423 req-af10e580-9be5-4f47-a392-1d55d99e1405 067095f7ad814bae9b56522d12e646c0 3a4f1df2cf834d2b8e0d43d616bfe385 - - default default] 10.0.0.51 "GET /v2.0/networks?id=5400cc5d-479d-41b9-ba6d-49aa5486a952 HTTP/1.1" status: 200 len: 860 time: 0.3474677
2026-07-07 00:27:06.753 9 INFO neutron.wsgi [req-ae2ae30b-7f30-4ee1-96e3-d73d124bc423 req-a88f1759-8a23-4e51-89ba-24404153b425 067095f7ad814bae9b56522d12e646c0 3a4f1df2cf834d2b8e0d43d616bfe385 - - default default] 10.0.0.51 "GET /v2.0/quotas/3a4f1df2cf834d2b8e0d43d616bfe385 HTTP/1.1" status: 200 len: 386 time: 0.0106621
2026-07-07 00:27:06.860 10 INFO neutron.db.ovn_revision_numbers_db [None req-a1bd871b-d0ab-4294-82cb-5207fbee6fa8 5b74f6fc00e040edbf96742df85db664 deb7d857ddee4e8497a7ba8c865382dc - - default default] Successfully bumped revision number for resource 6ffd9bab-361f-4faa-a39a-099829398030 (type: ports) to 2
2026-07-07 00:27:06.887 9 INFO neutron.wsgi [req-ae2ae30b-7f30-4ee1-96e3-d73d124bc423 req-65290f9e-0d6b-44cb-ad55-fffea29b7d20 067095f7ad814bae9b56522d12e646c0 3a4f1df2cf834d2b8e0d43d616bfe385 - - default default] 10.0.0.51 "GET /v2.0/ports?tenant_id=3a4f1df2cf834d2b8e0d43d616bfe385&fields=id HTTP/1.1" status: 200 len: 302 time: 0.1290951
2026-07-07 00:27:06.911 10 INFO neutron.db.ovn_revision_numbers_db [None req-a1bd871b-d0ab-4294-82cb-5207fbee6fa8 5b74f6fc00e040edbf96742df85db664 deb7d857ddee4e8497a7ba8c865382dc - - default default] Successfully bumped revision number for resource 911895ad-eea2-4e70-997c-ec2d3db8b47a (type: subnets) to 0
2026-07-07 00:27:06.929 10 INFO neutron.wsgi [None req-a1bd871b-d0ab-4294-82cb-5207fbee6fa8 5b74f6fc00e040edbf96742df85db664 deb7d857ddee4e8497a7ba8c865382dc - - default default] 10.0.0.141 "POST /v2.0/subnets HTTP/1.1" status: 201 len: 801 time: 0.9174333
2026-07-07 00:27:06.968 9 INFO neutron.wsgi [req-ae2ae30b-7f30-4ee1-96e3-d73d124bc423 req-dcbc889c-2853-4c14-9a91-fae86406a6ae 89c303b20e664d4fbb7d2652fddd4b9e 1031b3bb3e9b4720a61baed768c1d65e - - 4a9d02f35e214977bc4d1f5b1325aaf9 4a9d02f35e214977bc4d1f5b1325aaf9] 10.0.0.51 "GET /v2.0/networks/5400cc5d-479d-41b9-ba6d-49aa5486a952?fields=segments HTTP/1.1" status: 200 len: 212 time: 0.0610619
2026-07-07 00:27:07.028 9 INFO neutron.wsgi [req-ae2ae30b-7f30-4ee1-96e3-d73d124bc423 req-2c5b2e81-d331-476b-80cc-e0b6468011c9 89c303b20e664d4fbb7d2652fddd4b9e 1031b3bb3e9b4720a61baed768c1d65e - - 4a9d02f35e214977bc4d1f5b1325aaf9 4a9d02f35e214977bc4d1f5b1325aaf9] 10.0.0.51 "GET /v2.0/networks/5400cc5d-479d-41b9-ba6d-49aa5486a952?fields=provider%3Aphysical_network&fields=provider%3Anetwork_type HTTP/1.1" status: 200 len: 277 time: 0.0538635
2026-07-07 00:27:07.029 10 INFO neutron.db.segments_db [None req-3d669335-517f-49c2-8795-f616e9c7f2a6 5b74f6fc00e040edbf96742df85db664 deb7d857ddee4e8497a7ba8c865382dc - - default default] Added segment 4c2d9454-8451-484a-a718-7f2aacf551d7 of type geneve for network 7d033548-00b6-46c1-8be8-226e344ce0dc
2026-07-07 00:27:07.087 10 INFO neutron.db.ovn_revision_numbers_db [None req-ad6e6273-311c-40c5-af8e-6d098259de5c be4cb84c4ba948ec9c062b7a4008b662 7a10b33a19c046c49c77a20affc073e2 - - default default] Successfully bumped revision number for resource 2666f75b-710e-42d6-a42f-c10803b7c084 (type: security_groups) to 1
2026-07-07 00:27:07.113 10 INFO neutron.db.ovn_revision_numbers_db [None req-ad6e6273-311c-40c5-af8e-6d098259de5c be4cb84c4ba948ec9c062b7a4008b662 7a10b33a19c046c49c77a20affc073e2 - - default default] Successfully bumped revision number for resource 31d68775-4712-4288-8f71-ae4020f4b803 (type: security_group_rules) to 0
2026-07-07 00:27:07.139 10 INFO neutron.db.ovn_revision_numbers_db [None req-ad6e6273-311c-40c5-af8e-6d098259de5c be4cb84c4ba948ec9c062b7a4008b662 7a10b33a19c046c49c77a20affc073e2 - - default default] Successfully bumped revision number for resource 55371fa3-2272-41d8-a959-a76087d92f34 (type: security_group_rules) to 0
2026-07-07 00:27:07.174 10 INFO neutron.db.ovn_revision_numbers_db [None req-ad6e6273-311c-40c5-af8e-6d098259de5c be4cb84c4ba948ec9c062b7a4008b662 7a10b33a19c046c49c77a20affc073e2 - - default default] Successfully bumped revision number for resource bd3a3128-5cc9-4dae-b73a-b014ec5d89f5 (type: security_group_rules) to 0
2026-07-07 00:27:07.195 10 INFO neutron.db.ovn_revision_numbers_db [None req-ad6e6273-311c-40c5-af8e-6d098259de5c be4cb84c4ba948ec9c062b7a4008b662 7a10b33a19c046c49c77a20affc073e2 - - default default] Successfully bumped revision number for resource fd7f4db2-40f9-469d-8033-087be20af71a (type: security_group_rules) to 0
2026-07-07 00:27:07.196 9 INFO neutron.wsgi [req-f688bd23-aa4b-4fab-9740-cbd181d9b9a6 req-f9408920-5e6f-4ce7-94cb-df803c544c25 067095f7ad814bae9b56522d12e646c0 3a4f1df2cf834d2b8e0d43d616bfe385 - - default default] 10.0.0.51 "GET /v2.0/ports?device_id=07a4c649-a38e-4039-bd7f-76f99700d213 HTTP/1.1" status: 200 len: 210 time: 0.0292709
2026-07-07 00:27:07.218 10 INFO neutron.wsgi [None req-ad6e6273-311c-40c5-af8e-6d098259de5c be4cb84c4ba948ec9c062b7a4008b662 7a10b33a19c046c49c77a20affc073e2 - - default default] 10.0.0.141 "GET /v2.0/security-groups?tenant_id=9cccc7702c694fb4ba0d98067921f337&name=default HTTP/1.1" status: 200 len: 2996 time: 0.4482841
2026-07-07 00:27:07.220 10 INFO neutron.db.ovn_revision_numbers_db [None req-3d669335-517f-49c2-8795-f616e9c7f2a6 5b74f6fc00e040edbf96742df85db664 deb7d857ddee4e8497a7ba8c865382dc - - default default] Successfully bumped revision number for resource 7d033548-00b6-46c1-8be8-226e344ce0dc (type: networks) to 1
2026-07-07 00:27:07.413 10 WARNING neutron.scheduler.dhcp_agent_scheduler [None req-3d669335-517f-49c2-8795-f616e9c7f2a6 5b74f6fc00e040edbf96742df85db664 deb7d857ddee4e8497a7ba8c865382dc - - default default] No more DHCP agents
2026-07-07 00:27:07.415 10 WARNING neutron.api.rpc.agentnotifiers.dhcp_rpc_agent_api [None req-3d669335-517f-49c2-8795-f616e9c7f2a6 5b74f6fc00e040edbf96742df85db664 deb7d857ddee4e8497a7ba8c865382dc - - default default] Unable to schedule network 7d033548-00b6-46c1-8be8-226e344ce0dc: no agents available; will retry on subsequent port and subnet creation events.
2026-07-07 00:27:07.497 10 INFO neutron.db.ovn_revision_numbers_db [None req-3d669335-517f-49c2-8795-f616e9c7f2a6 5b74f6fc00e040edbf96742df85db664 deb7d857ddee4e8497a7ba8c865382dc - - default default] Successfully bumped revision number for resource 80928b21-bdf4-439f-bc1d-14203216c6b2 (type: ports) to 1
2026-07-07 00:27:07.512 10 INFO neutron.wsgi [None req-7e0f4245-fd59-48e2-a4b1-abfad8f52917 be4cb84c4ba948ec9c062b7a4008b662 7a10b33a19c046c49c77a20affc073e2 - - default default] 10.0.0.141 "DELETE /v2.0/security-groups/2666f75b-710e-42d6-a42f-c10803b7c084 HTTP/1.1" status: 204 len: 168 time: 0.2884314
2026-07-07 00:27:07.524 10 INFO neutron.wsgi [None req-3d669335-517f-49c2-8795-f616e9c7f2a6 5b74f6fc00e040edbf96742df85db664 deb7d857ddee4e8497a7ba8c865382dc - - default default] 10.0.0.141 "POST /v2.0/networks HTTP/1.1" status: 201 len: 831 time: 0.5887759
2026-07-07 00:27:07.600 10 INFO neutron.wsgi [-] 10.0.0.178 "GET / HTTP/1.1" status: 200 len: 247 time: 0.0027916
2026-07-07 00:27:07.603 10 INFO neutron.wsgi [-] 10.0.0.178 "GET / HTTP/1.1" status: 200 len: 247 time: 0.0014389
2026-07-07 00:27:07.811 9 INFO neutron.db.ovn_revision_numbers_db [None req-fecdc573-4c1a-4fcd-942d-71678a828af1 be4cb84c4ba948ec9c062b7a4008b662 7a10b33a19c046c49c77a20affc073e2 - - default default] Successfully bumped revision number for resource b38aab8a-7315-4354-9a9b-222f6427c889 (type: security_groups) to 1
2026-07-07 00:27:07.829 10 WARNING neutron.scheduler.dhcp_agent_scheduler [None req-8b0aba67-e808-44c5-87b0-80e192a32f2f 5b74f6fc00e040edbf96742df85db664 deb7d857ddee4e8497a7ba8c865382dc - - default default] No more DHCP agents
2026-07-07 00:27:07.830 9 INFO neutron.db.ovn_revision_numbers_db [None req-fecdc573-4c1a-4fcd-942d-71678a828af1 be4cb84c4ba948ec9c062b7a4008b662 7a10b33a19c046c49c77a20affc073e2 - - default default] Successfully bumped revision number for resource 01ba8f23-3a49-4729-bef3-bc62f65981a6 (type: security_group_rules) to 0
2026-07-07 00:27:07.834 10 WARNING neutron.api.rpc.agentnotifiers.dhcp_rpc_agent_api [None req-8b0aba67-e808-44c5-87b0-80e192a32f2f 5b74f6fc00e040edbf96742df85db664 deb7d857ddee4e8497a7ba8c865382dc - - default default] Unable to schedule network 7d033548-00b6-46c1-8be8-226e344ce0dc: no agents available; will retry on subsequent port and subnet creation events.
2026-07-07 00:27:07.845 9 INFO neutron.db.ovn_revision_numbers_db [None req-fecdc573-4c1a-4fcd-942d-71678a828af1 be4cb84c4ba948ec9c062b7a4008b662 7a10b33a19c046c49c77a20affc073e2 - - default default] Successfully bumped revision number for resource 08fd85fb-a8fc-41b6-b2d1-6a440005e13f (type: security_group_rules) to 0
2026-07-07 00:27:07.869 9 INFO neutron.db.ovn_revision_numbers_db [None req-fecdc573-4c1a-4fcd-942d-71678a828af1 be4cb84c4ba948ec9c062b7a4008b662 7a10b33a19c046c49c77a20affc073e2 - - default default] Successfully bumped revision number for resource 6f9a0b90-4ddb-4cd9-9b0e-6d89dd28d38f (type: security_group_rules) to 0
2026-07-07 00:27:07.873 9 WARNING neutron.plugins.ml2.drivers.ovn.mech_driver.ovsdb.ovn_client [None req-3fdcba31-e094-4b92-868b-d5eff4a849a8 - - - - - -] No hosting information found for port 0b6cb7e5-a894-480b-8ea2-6f3dd2757be3: RuntimeError: No hosting information found for port 0b6cb7e5-a894-480b-8ea2-6f3dd2757be3
2026-07-07 00:27:07.887 9 INFO neutron.db.ovn_revision_numbers_db [None req-fecdc573-4c1a-4fcd-942d-71678a828af1 be4cb84c4ba948ec9c062b7a4008b662 7a10b33a19c046c49c77a20affc073e2 - - default default] Successfully bumped revision number for resource e0e82e2f-fec1-4ab5-a620-a766325fa037 (type: security_group_rules) to 0
2026-07-07 00:27:07.914 9 INFO neutron.wsgi [None req-fecdc573-4c1a-4fcd-942d-71678a828af1 be4cb84c4ba948ec9c062b7a4008b662 7a10b33a19c046c49c77a20affc073e2 - - default default] 10.0.0.141 "GET /v2.0/security-groups?tenant_id=0619443f14ff493aaecf49c3acad2003&name=default HTTP/1.1" status: 200 len: 2996 time: 0.2748003
2026-07-07 00:27:08.080 9 INFO neutron.wsgi [req-ae2ae30b-7f30-4ee1-96e3-d73d124bc423 req-a28dbc0e-df1c-4d55-86bc-b824d2bb3e92 067095f7ad814bae9b56522d12e646c0 3a4f1df2cf834d2b8e0d43d616bfe385 - - default default] 199.204.45.70 "GET /v2.0/networks?id=5400cc5d-479d-41b9-ba6d-49aa5486a952 HTTP/1.1" status: 200 len: 860 time: 0.0765982
2026-07-07 00:27:08.138 9 INFO neutron.wsgi [req-ae2ae30b-7f30-4ee1-96e3-d73d124bc423 req-41fcaa1e-da53-4a21-a4b1-3ec95cf821da 067095f7ad814bae9b56522d12e646c0 3a4f1df2cf834d2b8e0d43d616bfe385 - - default default] 199.204.45.70 "GET /v2.0/security-groups?fields=id&fields=name&tenant_id=3a4f1df2cf834d2b8e0d43d616bfe385 HTTP/1.1" status: 200 len: 380 time: 0.0498507
2026-07-07 00:27:08.225 9 INFO neutron.wsgi [None req-4c255056-3752-4f4e-b441-d5f2640de2ff be4cb84c4ba948ec9c062b7a4008b662 7a10b33a19c046c49c77a20affc073e2 - - default default] 10.0.0.141 "DELETE /v2.0/security-groups/b38aab8a-7315-4354-9a9b-222f6427c889 HTTP/1.1" status: 204 len: 168 time: 0.3031785
2026-07-07 00:27:08.307 9 INFO neutron.wsgi [req-857effc8-50e4-4955-a515-4ab2dd6d340f req-f1982ce3-bab4-4976-83f6-dd518d124e20 067095f7ad814bae9b56522d12e646c0 3a4f1df2cf834d2b8e0d43d616bfe385 - - default default] 10.0.0.51 "GET /v2.0/ports?device_id=07a4c649-a38e-4039-bd7f-76f99700d213 HTTP/1.1" status: 200 len: 210 time: 0.0231755
2026-07-07 00:27:08.402 10 INFO neutron.db.ovn_revision_numbers_db [None req-8b0aba67-e808-44c5-87b0-80e192a32f2f 5b74f6fc00e040edbf96742df85db664 deb7d857ddee4e8497a7ba8c865382dc - - default default] Successfully bumped revision number for resource 80928b21-bdf4-439f-bc1d-14203216c6b2 (type: ports) to 2
2026-07-07 00:27:08.464 10 INFO neutron.db.ovn_revision_numbers_db [None req-8b0aba67-e808-44c5-87b0-80e192a32f2f 5b74f6fc00e040edbf96742df85db664 deb7d857ddee4e8497a7ba8c865382dc - - default default] Successfully bumped revision number for resource 28df51f6-67b8-473e-bbea-d64dd64c1b53 (type: subnets) to 0
2026-07-07 00:27:08.483 10 INFO neutron.wsgi [None req-8b0aba67-e808-44c5-87b0-80e192a32f2f 5b74f6fc00e040edbf96742df85db664 deb7d857ddee4e8497a7ba8c865382dc - - default default] 10.0.0.141 "POST /v2.0/subnets HTTP/1.1" status: 201 len: 804 time: 0.9539492
2026-07-07 00:27:08.523 9 WARNING neutron.scheduler.dhcp_agent_scheduler [req-ae2ae30b-7f30-4ee1-96e3-d73d124bc423 req-f574693c-4fc7-46ab-9866-e375409994e3 067095f7ad814bae9b56522d12e646c0 3a4f1df2cf834d2b8e0d43d616bfe385 - - default default] No more DHCP agents
2026-07-07 00:27:08.528 9 WARNING neutron.api.rpc.agentnotifiers.dhcp_rpc_agent_api [req-ae2ae30b-7f30-4ee1-96e3-d73d124bc423 req-f574693c-4fc7-46ab-9866-e375409994e3 067095f7ad814bae9b56522d12e646c0 3a4f1df2cf834d2b8e0d43d616bfe385 - - default default] Unable to schedule network 5400cc5d-479d-41b9-ba6d-49aa5486a952: no agents available; will retry on subsequent port and subnet creation events.
2026-07-07 00:27:08.610 10 INFO neutron.db.segments_db [None req-22f0a01c-ea44-4704-8412-475cee492be0 5b74f6fc00e040edbf96742df85db664 deb7d857ddee4e8497a7ba8c865382dc - - default default] Added segment b2bd284f-92cf-471d-bc5f-ab0999ff8578 of type geneve for network f16e37d3-8274-464a-aba6-07258c4d62c2
2026-07-07 00:27:08.784 9 INFO neutron.db.ovn_revision_numbers_db [req-ae2ae30b-7f30-4ee1-96e3-d73d124bc423 req-f574693c-4fc7-46ab-9866-e375409994e3 067095f7ad814bae9b56522d12e646c0 3a4f1df2cf834d2b8e0d43d616bfe385 - - default default] Successfully bumped revision number for resource ebdceb3b-c3c4-4fd0-ae6b-a793f60f3d8b (type: ports) to 1
2026-07-07 00:27:08.811 9 INFO neutron.wsgi [req-ae2ae30b-7f30-4ee1-96e3-d73d124bc423 req-f574693c-4fc7-46ab-9866-e375409994e3 067095f7ad814bae9b56522d12e646c0 3a4f1df2cf834d2b8e0d43d616bfe385 - - default default] 199.204.45.70 "POST /v2.0/ports HTTP/1.1" status: 201 len: 1162 time: 0.6647868 /var/lib/openstack/lib/python3.10/site-packages/pycadf/identifier.py:71: UserWarning: Invalid uuid: neutron. To ensure interoperability, identifiers should be a valid uuid. warnings.warn(('Invalid uuid: %s. To ensure interoperability, '
2026-07-07 00:27:08.838 10 INFO neutron.db.ovn_revision_numbers_db [None req-22f0a01c-ea44-4704-8412-475cee492be0 5b74f6fc00e040edbf96742df85db664 deb7d857ddee4e8497a7ba8c865382dc - - default default] Successfully bumped revision number for resource f16e37d3-8274-464a-aba6-07258c4d62c2 (type: networks) to 1
2026-07-07 00:27:09.048 10 WARNING neutron.scheduler.dhcp_agent_scheduler [None req-22f0a01c-ea44-4704-8412-475cee492be0 5b74f6fc00e040edbf96742df85db664 deb7d857ddee4e8497a7ba8c865382dc - - default default] No more DHCP agents
2026-07-07 00:27:09.051 10 WARNING neutron.api.rpc.agentnotifiers.dhcp_rpc_agent_api [None req-22f0a01c-ea44-4704-8412-475cee492be0 5b74f6fc00e040edbf96742df85db664 deb7d857ddee4e8497a7ba8c865382dc - - default default] Unable to schedule network f16e37d3-8274-464a-aba6-07258c4d62c2: no agents available; will retry on subsequent port and subnet creation events.
2026-07-07 00:27:09.139 10 INFO neutron.db.ovn_revision_numbers_db [None req-22f0a01c-ea44-4704-8412-475cee492be0 5b74f6fc00e040edbf96742df85db664 deb7d857ddee4e8497a7ba8c865382dc - - default default] Successfully bumped revision number for resource aa14f848-aea8-453e-80c9-28d2c44d52f6 (type: ports) to 1
2026-07-07 00:27:09.163 10 INFO neutron.wsgi [None req-22f0a01c-ea44-4704-8412-475cee492be0 5b74f6fc00e040edbf96742df85db664 deb7d857ddee4e8497a7ba8c865382dc - - default default] 10.0.0.141 "POST /v2.0/networks HTTP/1.1" status: 201 len: 830 time: 0.6628222
2026-07-07 00:27:09.344 9 INFO neutron.db.ovn_revision_numbers_db [req-ae2ae30b-7f30-4ee1-96e3-d73d124bc423 req-fb527e38-6d0d-4be7-929c-f2e29c49a5e1 89c303b20e664d4fbb7d2652fddd4b9e 1031b3bb3e9b4720a61baed768c1d65e - - 4a9d02f35e214977bc4d1f5b1325aaf9 4a9d02f35e214977bc4d1f5b1325aaf9] Successfully bumped revision number for resource ebdceb3b-c3c4-4fd0-ae6b-a793f60f3d8b (type: ports) to 2 /var/lib/openstack/lib/python3.10/site-packages/pycadf/identifier.py:71: UserWarning: Invalid uuid: neutron. To ensure interoperability, identifiers should be a valid uuid. warnings.warn(('Invalid uuid: %s. To ensure interoperability, '
2026-07-07 00:27:09.411 9 INFO neutron.wsgi [req-c6ea9185-1368-4f58-80f1-9a6438d2e9f1 req-9c1056b0-67d0-47f0-b72d-6b0f1971041b 067095f7ad814bae9b56522d12e646c0 3a4f1df2cf834d2b8e0d43d616bfe385 - - default default] 10.0.0.51 "GET /v2.0/ports?device_id=07a4c649-a38e-4039-bd7f-76f99700d213 HTTP/1.1" status: 200 len: 1172 time: 0.0425408
2026-07-07 00:27:09.432 10 WARNING neutron.scheduler.dhcp_agent_scheduler [None req-ad9fd8f6-a0a2-4e2f-8445-000277dc1895 5b74f6fc00e040edbf96742df85db664 deb7d857ddee4e8497a7ba8c865382dc - - default default] No more DHCP agents
2026-07-07 00:27:09.436 10 WARNING neutron.api.rpc.agentnotifiers.dhcp_rpc_agent_api [None req-ad9fd8f6-a0a2-4e2f-8445-000277dc1895 5b74f6fc00e040edbf96742df85db664 deb7d857ddee4e8497a7ba8c865382dc - - default default] Unable to schedule network f16e37d3-8274-464a-aba6-07258c4d62c2: no agents available; will retry on subsequent port and subnet creation events.
2026-07-07 00:27:09.465 9 INFO neutron.wsgi [req-c6ea9185-1368-4f58-80f1-9a6438d2e9f1 req-516de332-17d5-40f8-9900-369fee8dafbd 067095f7ad814bae9b56522d12e646c0 3a4f1df2cf834d2b8e0d43d616bfe385 - - default default] 10.0.0.51 "GET /v2.0/security-groups?id=24255479-dc11-488d-a054-728c60ef014d&fields=id&fields=name HTTP/1.1" status: 200 len: 313 time: 0.0468757
2026-07-07 00:27:09.588 9 INFO neutron.db.ovn_revision_numbers_db [req-ae2ae30b-7f30-4ee1-96e3-d73d124bc423 req-fb527e38-6d0d-4be7-929c-f2e29c49a5e1 89c303b20e664d4fbb7d2652fddd4b9e 1031b3bb3e9b4720a61baed768c1d65e - - 4a9d02f35e214977bc4d1f5b1325aaf9 4a9d02f35e214977bc4d1f5b1325aaf9] Successfully bumped revision number for resource ebdceb3b-c3c4-4fd0-ae6b-a793f60f3d8b (type: ports) to 2
2026-07-07 00:27:09.604 9 INFO neutron.wsgi [req-ae2ae30b-7f30-4ee1-96e3-d73d124bc423 req-fb527e38-6d0d-4be7-929c-f2e29c49a5e1 89c303b20e664d4fbb7d2652fddd4b9e 1031b3bb3e9b4720a61baed768c1d65e - - 4a9d02f35e214977bc4d1f5b1325aaf9 4a9d02f35e214977bc4d1f5b1325aaf9] 199.204.45.70 "PUT /v2.0/ports/ebdceb3b-c3c4-4fd0-ae6b-a793f60f3d8b HTTP/1.1" status: 200 len: 1380 time: 0.7847605
2026-07-07 00:27:09.651 9 INFO neutron.notifiers.nova [-] Nova event matching ['req-4f17b863-24ef-44b2-b197-87d4d8de84c5'] response: {'name': 'network-changed', 'server_uuid': '07a4c649-a38e-4039-bd7f-76f99700d213', 'tag': 'ebdceb3b-c3c4-4fd0-ae6b-a793f60f3d8b', 'status': 'completed', 'code': 200} /var/lib/openstack/lib/python3.10/site-packages/pycadf/identifier.py:71: UserWarning: Invalid uuid: neutron. To ensure interoperability, identifiers should be a valid uuid. warnings.warn(('Invalid uuid: %s. To ensure interoperability, '
2026-07-07 00:27:09.718 9 INFO neutron.wsgi [req-ae2ae30b-7f30-4ee1-96e3-d73d124bc423 req-ceb8d900-22db-4f46-89f1-eecedcef59e1 89c303b20e664d4fbb7d2652fddd4b9e 1031b3bb3e9b4720a61baed768c1d65e - - 4a9d02f35e214977bc4d1f5b1325aaf9 4a9d02f35e214977bc4d1f5b1325aaf9] 199.204.45.70 "GET /v2.0/ports?tenant_id=3a4f1df2cf834d2b8e0d43d616bfe385&device_id=07a4c649-a38e-4039-bd7f-76f99700d213 HTTP/1.1" status: 200 len: 1411 time: 0.0596800
2026-07-07 00:27:09.757 9 INFO neutron.wsgi [req-ae2ae30b-7f30-4ee1-96e3-d73d124bc423 req-1f643729-124b-4b19-9efa-74cc813c5cac 89c303b20e664d4fbb7d2652fddd4b9e 1031b3bb3e9b4720a61baed768c1d65e - - 4a9d02f35e214977bc4d1f5b1325aaf9 4a9d02f35e214977bc4d1f5b1325aaf9] 199.204.45.70 "GET /v2.0/floatingips?fixed_ip_address=10.100.0.12&port_id=ebdceb3b-c3c4-4fd0-ae6b-a793f60f3d8b HTTP/1.1" status: 200 len: 217 time: 0.0321906
2026-07-07 00:27:09.799 9 INFO neutron.wsgi [req-ae2ae30b-7f30-4ee1-96e3-d73d124bc423 req-a4a3d94b-d56f-4482-8cb6-d3ae5ebccd8d 89c303b20e664d4fbb7d2652fddd4b9e 1031b3bb3e9b4720a61baed768c1d65e - - 4a9d02f35e214977bc4d1f5b1325aaf9 4a9d02f35e214977bc4d1f5b1325aaf9] 199.204.45.70 "GET /v2.0/subnets?id=c8ccfa9f-c845-4c5f-af66-ef07da993c3e HTTP/1.1" status: 200 len: 853 time: 0.0376985
2026-07-07 00:27:09.839 9 INFO neutron.wsgi [req-ae2ae30b-7f30-4ee1-96e3-d73d124bc423 req-033ff8bd-d31c-4b49-bcc9-2bc9f65ca175 89c303b20e664d4fbb7d2652fddd4b9e 1031b3bb3e9b4720a61baed768c1d65e - - 4a9d02f35e214977bc4d1f5b1325aaf9 4a9d02f35e214977bc4d1f5b1325aaf9] 199.204.45.70 "GET /v2.0/ports?network_id=5400cc5d-479d-41b9-ba6d-49aa5486a952&device_owner=network%3Adhcp HTTP/1.1" status: 200 len: 210 time: 0.0342338
2026-07-07 00:27:09.915 9 INFO neutron.wsgi [req-ae2ae30b-7f30-4ee1-96e3-d73d124bc423 req-d03a1c34-948c-4750-a7cd-72442fd53a02 89c303b20e664d4fbb7d2652fddd4b9e 1031b3bb3e9b4720a61baed768c1d65e - - 4a9d02f35e214977bc4d1f5b1325aaf9 4a9d02f35e214977bc4d1f5b1325aaf9] 199.204.45.70 "GET /v2.0/networks/5400cc5d-479d-41b9-ba6d-49aa5486a952?fields=segments HTTP/1.1" status: 200 len: 212 time: 0.0698204
2026-07-07 00:27:09.989 9 INFO neutron.wsgi [req-ae2ae30b-7f30-4ee1-96e3-d73d124bc423 req-26142f45-7d1d-4ab4-a6de-8384c5aa3bb4 89c303b20e664d4fbb7d2652fddd4b9e 1031b3bb3e9b4720a61baed768c1d65e - - 4a9d02f35e214977bc4d1f5b1325aaf9 4a9d02f35e214977bc4d1f5b1325aaf9] 199.204.45.70 "GET /v2.0/networks/5400cc5d-479d-41b9-ba6d-49aa5486a952?fields=provider%3Aphysical_network&fields=provider%3Anetwork_type HTTP/1.1" status: 200 len: 277 time: 0.0635452
2026-07-07 00:27:10.015 10 INFO neutron.db.ovn_revision_numbers_db [None req-ad9fd8f6-a0a2-4e2f-8445-000277dc1895 5b74f6fc00e040edbf96742df85db664 deb7d857ddee4e8497a7ba8c865382dc - - default default] Successfully bumped revision number for resource aa14f848-aea8-453e-80c9-28d2c44d52f6 (type: ports) to 2
2026-07-07 00:27:10.053 10 INFO neutron.db.ovn_revision_numbers_db [None req-ad9fd8f6-a0a2-4e2f-8445-000277dc1895 5b74f6fc00e040edbf96742df85db664 deb7d857ddee4e8497a7ba8c865382dc - - default default] Successfully bumped revision number for resource d410cbb1-2f32-49a7-9953-47e6098e9549 (type: subnets) to 0
2026-07-07 00:27:10.082 10 INFO neutron.wsgi [None req-ad9fd8f6-a0a2-4e2f-8445-000277dc1895 5b74f6fc00e040edbf96742df85db664 deb7d857ddee4e8497a7ba8c865382dc - - default default] 10.0.0.141 "POST /v2.0/subnets HTTP/1.1" status: 201 len: 804 time: 0.9135511
2026-07-07 00:27:10.082 9 INFO neutron.wsgi [req-12f5c64e-1609-43be-bfff-4f3953652ec7 req-ad1e1692-209e-4ffb-bf63-7e03c751b2dc 89c303b20e664d4fbb7d2652fddd4b9e 1031b3bb3e9b4720a61baed768c1d65e - - 4a9d02f35e214977bc4d1f5b1325aaf9 4a9d02f35e214977bc4d1f5b1325aaf9] 199.204.45.70 "GET /v2.0/ports?tenant_id=3a4f1df2cf834d2b8e0d43d616bfe385&device_id=07a4c649-a38e-4039-bd7f-76f99700d213 HTTP/1.1" status: 200 len: 1411 time: 0.0444772
2026-07-07 00:27:10.195 9 INFO neutron.wsgi [req-12f5c64e-1609-43be-bfff-4f3953652ec7 req-11ac8d41-d23f-4166-85bf-221f74fc0eda 89c303b20e664d4fbb7d2652fddd4b9e 1031b3bb3e9b4720a61baed768c1d65e - - 4a9d02f35e214977bc4d1f5b1325aaf9 4a9d02f35e214977bc4d1f5b1325aaf9] 199.204.45.70 "GET /v2.0/networks?id=5400cc5d-479d-41b9-ba6d-49aa5486a952 HTTP/1.1" status: 200 len: 959 time: 0.1055005
2026-07-07 00:27:10.231 9 INFO neutron.plugins.ml2.drivers.ovn.mech_driver.mech_driver [None req-3fdcba31-e094-4b92-868b-d5eff4a849a8 - - - - - -] OVN reports status up for port: ebdceb3b-c3c4-4fd0-ae6b-a793f60f3d8b
2026-07-07 00:27:10.234 9 INFO neutron.wsgi [req-12f5c64e-1609-43be-bfff-4f3953652ec7 req-c4c753bd-1d21-4ab9-89d2-0b8639938be3 89c303b20e664d4fbb7d2652fddd4b9e 1031b3bb3e9b4720a61baed768c1d65e - - 4a9d02f35e214977bc4d1f5b1325aaf9 4a9d02f35e214977bc4d1f5b1325aaf9] 199.204.45.70 "GET /v2.0/floatingips?fixed_ip_address=10.100.0.12&port_id=ebdceb3b-c3c4-4fd0-ae6b-a793f60f3d8b HTTP/1.1" status: 200 len: 217 time: 0.0339153
2026-07-07 00:27:10.263 9 INFO neutron.db.segments_db [None req-c5f2a9d1-3a56-470e-ba59-eaec150d00bc 5b74f6fc00e040edbf96742df85db664 deb7d857ddee4e8497a7ba8c865382dc - - default default] Added segment be7bbcbf-5493-40fa-98b3-aafed3c79389 of type geneve for network 54430bc5-4f35-4303-a312-77284469fdc2
2026-07-07 00:27:10.269 9 INFO neutron.plugins.ml2.plugin [None req-3fdcba31-e094-4b92-868b-d5eff4a849a8 - - - - - -] Attempt 1 to provision port ebdceb3b-c3c4-4fd0-ae6b-a793f60f3d8b
2026-07-07 00:27:10.311 9 INFO neutron.wsgi [req-12f5c64e-1609-43be-bfff-4f3953652ec7 req-b7d280e0-21a3-4135-aa92-d7c603631878 89c303b20e664d4fbb7d2652fddd4b9e 1031b3bb3e9b4720a61baed768c1d65e - - 4a9d02f35e214977bc4d1f5b1325aaf9 4a9d02f35e214977bc4d1f5b1325aaf9] 199.204.45.70 "GET /v2.0/subnets?id=c8ccfa9f-c845-4c5f-af66-ef07da993c3e HTTP/1.1" status: 200 len: 853 time: 0.0680461
2026-07-07 00:27:10.369 9 INFO neutron.wsgi [req-12f5c64e-1609-43be-bfff-4f3953652ec7 req-c0f72bc7-4932-428a-b1c0-789851745af4 89c303b20e664d4fbb7d2652fddd4b9e 1031b3bb3e9b4720a61baed768c1d65e - - 4a9d02f35e214977bc4d1f5b1325aaf9 4a9d02f35e214977bc4d1f5b1325aaf9] 199.204.45.70 "GET /v2.0/ports?network_id=5400cc5d-479d-41b9-ba6d-49aa5486a952&device_owner=network%3Adhcp HTTP/1.1" status: 200 len: 210 time: 0.0451541
2026-07-07 00:27:10.505 9 INFO neutron.wsgi [req-12f5c64e-1609-43be-bfff-4f3953652ec7 req-b524890a-777f-4d84-9040-2bdf815f3559 89c303b20e664d4fbb7d2652fddd4b9e 1031b3bb3e9b4720a61baed768c1d65e - - 4a9d02f35e214977bc4d1f5b1325aaf9 4a9d02f35e214977bc4d1f5b1325aaf9] 199.204.45.70 "GET /v2.0/networks/5400cc5d-479d-41b9-ba6d-49aa5486a952?fields=segments HTTP/1.1" status: 200 len: 212 time: 0.1288054
2026-07-07 00:27:10.568 9 INFO neutron.db.ovn_revision_numbers_db [None req-c5f2a9d1-3a56-470e-ba59-eaec150d00bc 5b74f6fc00e040edbf96742df85db664 deb7d857ddee4e8497a7ba8c865382dc - - default default] Successfully bumped revision number for resource 54430bc5-4f35-4303-a312-77284469fdc2 (type: networks) to 1
2026-07-07 00:27:10.603 9 INFO neutron.wsgi [req-893d5f9f-e6f9-424c-b0aa-56b822d4678e req-6c55007c-2227-42f2-b85c-f18a2238876e 067095f7ad814bae9b56522d12e646c0 3a4f1df2cf834d2b8e0d43d616bfe385 - - default default] 10.0.0.51 "GET /v2.0/ports?device_id=07a4c649-a38e-4039-bd7f-76f99700d213 HTTP/1.1" status: 200 len: 1174 time: 0.0603547
2026-07-07 00:27:10.657 9 INFO neutron.wsgi [req-12f5c64e-1609-43be-bfff-4f3953652ec7 req-138181ac-f16d-458d-9ba0-ebf48d013048 89c303b20e664d4fbb7d2652fddd4b9e 1031b3bb3e9b4720a61baed768c1d65e - - 4a9d02f35e214977bc4d1f5b1325aaf9 4a9d02f35e214977bc4d1f5b1325aaf9] 199.204.45.70 "GET /v2.0/networks/5400cc5d-479d-41b9-ba6d-49aa5486a952?fields=provider%3Aphysical_network&fields=provider%3Anetwork_type HTTP/1.1" status: 200 len: 277 time: 0.1385660
2026-07-07 00:27:10.710 9 INFO neutron.wsgi [req-893d5f9f-e6f9-424c-b0aa-56b822d4678e req-ece76e7f-3868-48d8-a4ae-6ce8b8286f67 067095f7ad814bae9b56522d12e646c0 3a4f1df2cf834d2b8e0d43d616bfe385 - - default default] 10.0.0.51 "GET /v2.0/security-groups?id=24255479-dc11-488d-a054-728c60ef014d&fields=id&fields=name HTTP/1.1" status: 200 len: 313 time: 0.0951264
2026-07-07 00:27:10.858 9 INFO neutron.db.ovn_revision_numbers_db [None req-3fdcba31-e094-4b92-868b-d5eff4a849a8 - - - - - -] Successfully bumped revision number for resource ebdceb3b-c3c4-4fd0-ae6b-a793f60f3d8b (type: ports) to 4
2026-07-07 00:27:10.877 9 WARNING neutron.scheduler.dhcp_agent_scheduler [None req-c5f2a9d1-3a56-470e-ba59-eaec150d00bc 5b74f6fc00e040edbf96742df85db664 deb7d857ddee4e8497a7ba8c865382dc - - default default] No more DHCP agents
2026-07-07 00:27:10.887 9 WARNING neutron.api.rpc.agentnotifiers.dhcp_rpc_agent_api [None req-c5f2a9d1-3a56-470e-ba59-eaec150d00bc 5b74f6fc00e040edbf96742df85db664 deb7d857ddee4e8497a7ba8c865382dc - - default default] Unable to schedule network 54430bc5-4f35-4303-a312-77284469fdc2: no agents available; will retry on subsequent port and subnet creation events.
2026-07-07 00:27:11.033 9 INFO neutron.db.ovn_revision_numbers_db [None req-c5f2a9d1-3a56-470e-ba59-eaec150d00bc 5b74f6fc00e040edbf96742df85db664 deb7d857ddee4e8497a7ba8c865382dc - - default default] Successfully bumped revision number for resource c922d4d1-f30f-4a2b-bd66-e1866a46c4b4 (type: ports) to 1
2026-07-07 00:27:11.075 9 INFO neutron.wsgi [None req-c5f2a9d1-3a56-470e-ba59-eaec150d00bc 5b74f6fc00e040edbf96742df85db664 deb7d857ddee4e8497a7ba8c865382dc - - default default] 10.0.0.141 "POST /v2.0/networks HTTP/1.1" status: 201 len: 831 time: 0.9868660 /var/lib/openstack/lib/python3.10/site-packages/pycadf/identifier.py:71: UserWarning: Invalid uuid: neutron. To ensure interoperability, identifiers should be a valid uuid. warnings.warn(('Invalid uuid: %s. To ensure interoperability, '
2026-07-07 00:27:11.103 10 INFO neutron.db.ovn_revision_numbers_db [None req-0504b188-fddc-4306-be12-6018949d9048 b362fb0e9f72461c984e955d83db14a5 6652b77c1bde4e6bb729bfa10051acc4 - - default default] Successfully bumped revision number for resource a23364d4-fa9b-49d5-b345-8ceb51233bbc (type: security_groups) to 1
2026-07-07 00:27:11.119 10 INFO neutron.db.ovn_revision_numbers_db [None req-0504b188-fddc-4306-be12-6018949d9048 b362fb0e9f72461c984e955d83db14a5 6652b77c1bde4e6bb729bfa10051acc4 - - default default] Successfully bumped revision number for resource 25f3e3ac-92c6-4480-99ca-e1da64d73d32 (type: security_group_rules) to 0
2026-07-07 00:27:11.134 10 INFO neutron.db.ovn_revision_numbers_db [None req-0504b188-fddc-4306-be12-6018949d9048 b362fb0e9f72461c984e955d83db14a5 6652b77c1bde4e6bb729bfa10051acc4 - - default default] Successfully bumped revision number for resource a240b92d-ff93-4ac3-a930-70f36b64d58c (type: security_group_rules) to 0
2026-07-07 00:27:11.147 9 INFO neutron.wsgi [None req-f21782d5-ee23-4aca-964a-bac54421a5f0 be4cb84c4ba948ec9c062b7a4008b662 7a10b33a19c046c49c77a20affc073e2 - - default default] 10.0.0.215 "GET /v2.0/floatingips HTTP/1.1" status: 200 len: 193 time: 0.0919492
2026-07-07 00:27:11.150 10 INFO neutron.db.ovn_revision_numbers_db [None req-0504b188-fddc-4306-be12-6018949d9048 b362fb0e9f72461c984e955d83db14a5 6652b77c1bde4e6bb729bfa10051acc4 - - default default] Successfully bumped revision number for resource b69b052c-3be5-4791-bf65-45744578128e (type: security_group_rules) to 0
2026-07-07 00:27:11.171 10 INFO neutron.db.ovn_revision_numbers_db [None req-0504b188-fddc-4306-be12-6018949d9048 b362fb0e9f72461c984e955d83db14a5 6652b77c1bde4e6bb729bfa10051acc4 - - default default] Successfully bumped revision number for resource f7868d41-0648-429c-8baa-3d2464dbd51b (type: security_group_rules) to 0
2026-07-07 00:27:11.239 9 INFO neutron.wsgi [None req-693a3d96-798e-453c-9f22-13ab7fa2729f be4cb84c4ba948ec9c062b7a4008b662 7a10b33a19c046c49c77a20affc073e2 - - default default] 10.0.0.215 "GET /v2.0/networks HTTP/1.1" status: 200 len: 6036 time: 0.0897834
2026-07-07 00:27:11.317 10 INFO neutron.db.ovn_revision_numbers_db [None req-0504b188-fddc-4306-be12-6018949d9048 b362fb0e9f72461c984e955d83db14a5 6652b77c1bde4e6bb729bfa10051acc4 - - default default] Successfully bumped revision number for resource 43e2ef3d-7190-471f-8878-d9823f20ea81 (type: security_groups) to 1
2026-07-07 00:27:11.340 10 INFO neutron.db.ovn_revision_numbers_db [None req-0504b188-fddc-4306-be12-6018949d9048 b362fb0e9f72461c984e955d83db14a5 6652b77c1bde4e6bb729bfa10051acc4 - - default default] Successfully bumped revision number for resource a2cc014a-a658-4d35-b7bb-6add9c86481f (type: security_group_rules) to 0
2026-07-07 00:27:11.343 10 INFO neutron.db.ovn_revision_numbers_db [None req-31bbc9ee-fb41-459c-b4f6-62cddda44b6a be4cb84c4ba948ec9c062b7a4008b662 7a10b33a19c046c49c77a20affc073e2 - - default default] Successfully bumped revision number for resource 664c8fdc-4633-4175-9a02-580ea56785e7 (type: security_groups) to 1
