May 21 01:50:58.886693 np0000175636 devstack@neutron-api.service[102892]: DEBUG neutron.api.extensions [None req-42d4dbdb-096f-4b3e-b059-fefe9672b20c None None] Loading extension file: availability_zone.py {{(pid=102892) _load_all_extensions_from_path /opt/stack/neutron/neutron/api/extensions.py:449}}
May 21 01:50:58.886693 np0000175636 devstack@neutron-api.service[102892]: DEBUG neutron.api.extensions [None req-42d4dbdb-096f-4b3e-b059-fefe9672b20c None None] Ext name="Availability Zone" alias="availability_zone" description="The availability zone extension." updated="2015-01-01T10:00:00-00:00" {{(pid=102892) _check_extension /opt/stack/neutron/neutron/api/extensions.py:415}}
May 21 01:50:58.886693 np0000175636 devstack@neutron-api.service[102892]: INFO neutron.api.extensions [None req-42d4dbdb-096f-4b3e-b059-fefe9672b20c None None] Loaded extension: availability_zone
May 21 01:50:58.886693 np0000175636 devstack@neutron-api.service[102892]: DEBUG neutron.api.extensions [None req-42d4dbdb-096f-4b3e-b059-fefe9672b20c None None] Loading extension file: availability_zone_filter.py {{(pid=102892) _load_all_extensions_from_path /opt/stack/neutron/neutron/api/extensions.py:449}}
May 21 01:50:58.886984 np0000175636 devstack@neutron-api.service[102892]: DEBUG neutron.api.extensions [None req-42d4dbdb-096f-4b3e-b059-fefe9672b20c None None] Ext name="Availability Zone Filter Extension" alias="availability_zone_filter" description="Add filter parameters to AvailabilityZone resource" updated="2018-06-22T10:00:00-00:00" {{(pid=102892) _check_extension /opt/stack/neutron/neutron/api/extensions.py:415}}
May 21 01:50:58.887668 np0000175636 devstack@neutron-api.service[102892]: INFO neutron.api.extensions [None req-42d4dbdb-096f-4b3e-b059-fefe9672b20c None None] Extension availability_zone_filter not supported by any of loaded plugins
May 21 01:50:58.887668 np0000175636 devstack@neutron-api.service[102892]: DEBUG neutron.api.extensions [None req-42d4dbdb-096f-4b3e-b059-fefe9672b20c None None] Loading extension file: data_plane_status.py {{(pid=102892) _load_all_extensions_from_path /opt/stack/neutron/neutron/api/extensions.py:449}}
May 21 01:50:58.887668 np0000175636 devstack@neutron-api.service[102892]: DEBUG neutron.api.extensions [None req-42d4dbdb-096f-4b3e-b059-fefe9672b20c None None] Ext name="Port data plane status extension" alias="data-plane-status" description="Expose status of underlying data plane" updated="2017-01-24T10:00:00-00:00" {{(pid=102892) _check_extension /opt/stack/neutron/neutron/api/extensions.py:415}}
May 21 01:50:58.887668 np0000175636 devstack@neutron-api.service[102892]: INFO neutron.api.extensions [None req-42d4dbdb-096f-4b3e-b059-fefe9672b20c None None] Extension data-plane-status not supported by any of loaded plugins
May 21 01:50:58.887668 np0000175636 devstack@neutron-api.service[102892]: DEBUG neutron.api.extensions [None req-42d4dbdb-096f-4b3e-b059-fefe9672b20c None None] Loading extension file: default_subnetpools.py {{(pid=102892) _load_all_extensions_from_path /opt/stack/neutron/neutron/api/extensions.py:449}}
May 21 01:50:58.888160 np0000175636 devstack@neutron-api.service[102892]: DEBUG neutron.api.extensions [None req-42d4dbdb-096f-4b3e-b059-fefe9672b20c None None] Ext name="Default Subnetpools" alias="default-subnetpools" description="Provides ability to mark and use a subnetpool as the default." updated="2016-02-18T18:00:00-00:00" {{(pid=102892) _check_extension /opt/stack/neutron/neutron/api/extensions.py:415}}
May 21 01:50:58.888160 np0000175636 devstack@neutron-api.service[102892]: INFO neutron.api.extensions [None req-42d4dbdb-096f-4b3e-b059-fefe9672b20c None None] Loaded extension: default-subnetpools
May 21 01:50:58.888160 np0000175636 devstack@neutron-api.service[102892]: DEBUG neutron.api.extensions [None req-42d4dbdb-096f-4b3e-b059-fefe9672b20c None None] Loading extension file: dhcpagentscheduler.py {{(pid=102892) _load_all_extensions_from_path /opt/stack/neutron/neutron/api/extensions.py:449}}
May 21 01:50:58.888446 np0000175636 devstack@neutron-api.service[102893]: DEBUG neutron.manager [None req-f6396522-ddb9-423b-adf6-2b203656d1d3 None None] Successfully loaded TAG plugin. Description: Tag support {{(pid=102893) _create_and_add_service_plugin /opt/stack/neutron/neutron/manager.py:239}}
May 21 01:50:58.888446 np0000175636 devstack@neutron-api.service[102893]: INFO neutron.manager [None req-f6396522-ddb9-423b-adf6-2b203656d1d3 None None] Loading Plugin: timestamp
May 21 01:50:58.888656 np0000175636 devstack@neutron-api.service[102892]: DEBUG neutron.api.extensions [None req-42d4dbdb-096f-4b3e-b059-fefe9672b20c None None] Ext name="DHCP Agent Scheduler" alias="dhcp_agent_scheduler" description="Schedule networks among dhcp agents" updated="2013-02-07T10:00:00-00:00" {{(pid=102892) _check_extension /opt/stack/neutron/neutron/api/extensions.py:415}}
May 21 01:50:58.888656 np0000175636 devstack@neutron-api.service[102892]: INFO neutron.api.extensions [None req-42d4dbdb-096f-4b3e-b059-fefe9672b20c None None] Loaded extension: dhcp_agent_scheduler
May 21 01:50:58.889019 np0000175636 devstack@neutron-api.service[102892]: DEBUG neutron.api.extensions [None req-42d4dbdb-096f-4b3e-b059-fefe9672b20c None None] Loading extension file: dns.py {{(pid=102892) _load_all_extensions_from_path /opt/stack/neutron/neutron/api/extensions.py:449}}
May 21 01:50:58.889019 np0000175636 devstack@neutron-api.service[102892]: DEBUG neutron.api.extensions [None req-42d4dbdb-096f-4b3e-b059-fefe9672b20c None None] Ext name="DNS Integration" alias="dns-integration" description="Provides integration with DNS." updated="2015-08-15T18:00:00-00:00" {{(pid=102892) _check_extension /opt/stack/neutron/neutron/api/extensions.py:415}}
May 21 01:50:58.889203 np0000175636 devstack@neutron-api.service[102892]: INFO neutron.api.extensions [None req-42d4dbdb-096f-4b3e-b059-fefe9672b20c None None] Loaded extension: dns-integration
May 21 01:50:58.889297 np0000175636 devstack@neutron-api.service[102892]: DEBUG neutron.api.extensions [None req-42d4dbdb-096f-4b3e-b059-fefe9672b20c None None] Loading extension file: dns_domain_ports.py {{(pid=102892) _load_all_extensions_from_path /opt/stack/neutron/neutron/api/extensions.py:449}}
May 21 01:50:58.889448 np0000175636 devstack@neutron-api.service[102892]: DEBUG neutron.api.extensions [None req-42d4dbdb-096f-4b3e-b059-fefe9672b20c None None] Ext name="dns_domain for ports" alias="dns-domain-ports" description="Allows the DNS domain to be specified for a network port." updated="2017-04-24T10:00:00-00:00" {{(pid=102892) _check_extension /opt/stack/neutron/neutron/api/extensions.py:415}}
May 21 01:50:58.889610 np0000175636 devstack@neutron-api.service[102892]: INFO neutron.api.extensions [None req-42d4dbdb-096f-4b3e-b059-fefe9672b20c None None] Loaded extension: dns-domain-ports
May 21 01:50:58.889727 np0000175636 devstack@neutron-api.service[102893]: DEBUG neutron.manager [None req-f6396522-ddb9-423b-adf6-2b203656d1d3 None None] Successfully loaded timestamp plugin. Description: Adds timestamps to Neutron resources with standard attributes {{(pid=102893) _create_and_add_service_plugin /opt/stack/neutron/neutron/manager.py:239}}
May 21 01:50:58.889845 np0000175636 devstack@neutron-api.service[102892]: DEBUG neutron.api.extensions [None req-42d4dbdb-096f-4b3e-b059-fefe9672b20c None None] Loading extension file: dns_integration_domain_keywords.py {{(pid=102892) _load_all_extensions_from_path /opt/stack/neutron/neutron/api/extensions.py:449}}
May 21 01:50:58.889955 np0000175636 devstack@neutron-api.service[102893]: INFO neutron.manager [None req-f6396522-ddb9-423b-adf6-2b203656d1d3 None None] Loading Plugin: network_ip_availability
May 21 01:50:58.890050 np0000175636 devstack@neutron-api.service[102895]: DEBUG neutron_lib.callbacks.manager [None req-cee09a16-4105-4da6-9244-6f55868e838e None None] Subscribe: > router before_delete 55550000, False {{(pid=102895) subscribe /opt/stack/data/venv/lib/python3.12/site-packages/neutron_lib/callbacks/manager.py:52}}
May 21 01:50:58.890472 np0000175636 devstack@neutron-api.service[102892]: DEBUG neutron.api.extensions [None req-42d4dbdb-096f-4b3e-b059-fefe9672b20c None None] Ext name="DNS domain names with keywords allowed" alias="dns-integration-domain-keywords" description="Allows to use keywords like , , and as DNS domain name" updated="2020-06-15T18:00:00-00:00" {{(pid=102892) _check_extension /opt/stack/neutron/neutron/api/extensions.py:415}}
May 21 01:50:58.890580 np0000175636 devstack@neutron-api.service[102895]: DEBUG neutron_lib.callbacks.manager [None req-cee09a16-4105-4da6-9244-6f55868e838e None None] Subscribe: port before_update 55550000, False {{(pid=102895) subscribe /opt/stack/data/venv/lib/python3.12/site-packages/neutron_lib/callbacks/manager.py:52}}
May 21 01:50:58.890723 np0000175636 devstack@neutron-api.service[102892]: INFO neutron.api.extensions [None req-42d4dbdb-096f-4b3e-b059-fefe9672b20c None None] Loaded extension: dns-integration-domain-keywords
May 21 01:50:58.890832 np0000175636 devstack@neutron-api.service[102895]: DEBUG neutron_lib.callbacks.manager [None req-cee09a16-4105-4da6-9244-6f55868e838e None None] Subscribe: port after_update 55550000, False {{(pid=102895) subscribe /opt/stack/data/venv/lib/python3.12/site-packages/neutron_lib/callbacks/manager.py:52}}
May 21 01:50:58.890933 np0000175636 devstack@neutron-api.service[102892]: DEBUG neutron.api.extensions [None req-42d4dbdb-096f-4b3e-b059-fefe9672b20c None None] Loading extension file: dvr.py {{(pid=102892) _load_all_extensions_from_path /opt/stack/neutron/neutron/api/extensions.py:449}}
May 21 01:50:58.891045 np0000175636 devstack@neutron-api.service[102895]: DEBUG neutron_lib.callbacks.manager [None req-cee09a16-4105-4da6-9244-6f55868e838e None None] Subscribe: > port precommit_delete 55550000, False {{(pid=102895) subscribe /opt/stack/data/venv/lib/python3.12/site-packages/neutron_lib/callbacks/manager.py:52}}
May 21 01:50:58.891045 np0000175636 devstack@neutron-api.service[102895]: DEBUG neutron_lib.callbacks.manager [None req-cee09a16-4105-4da6-9244-6f55868e838e None None] Subscribe: port before_update 55550000, False {{(pid=102895) subscribe /opt/stack/data/venv/lib/python3.12/site-packages/neutron_lib/callbacks/manager.py:52}}
May 21 01:50:58.891045 np0000175636 devstack@neutron-api.service[102895]: DEBUG neutron_lib.callbacks.manager [None req-cee09a16-4105-4da6-9244-6f55868e838e None None] Subscribe: port before_delete 55550000, False {{(pid=102895) subscribe /opt/stack/data/venv/lib/python3.12/site-packages/neutron_lib/callbacks/manager.py:52}}
May 21 01:50:58.891341 np0000175636 devstack@neutron-api.service[102892]: DEBUG neutron.api.extensions [None req-42d4dbdb-096f-4b3e-b059-fefe9672b20c None None] Ext name="Distributed Virtual Router" alias="dvr" description="Enables configuration of Distributed Virtual Routers." updated="2014-06-1T10:00:00-00:00" {{(pid=102892) _check_extension /opt/stack/neutron/neutron/api/extensions.py:415}}
May 21 01:50:58.891442 np0000175636 devstack@neutron-api.service[102895]: DEBUG neutron_lib.callbacks.manager [None req-cee09a16-4105-4da6-9244-6f55868e838e None None] Subscribe: > router precommit_create 55550000, False {{(pid=102895) subscribe /opt/stack/data/venv/lib/python3.12/site-packages/neutron_lib/callbacks/manager.py:52}}
May 21 01:50:58.891542 np0000175636 devstack@neutron-api.service[102892]: INFO neutron.api.extensions [None req-42d4dbdb-096f-4b3e-b059-fefe9672b20c None None] Extension dvr not supported by any of loaded plugins
May 21 01:50:58.891666 np0000175636 devstack@neutron-api.service[102895]: DEBUG neutron_lib.callbacks.manager [None req-cee09a16-4105-4da6-9244-6f55868e838e None None] Subscribe: > router precommit_create 55550000, False {{(pid=102895) subscribe /opt/stack/data/venv/lib/python3.12/site-packages/neutron_lib/callbacks/manager.py:52}}
May 21 01:50:58.891790 np0000175636 devstack@neutron-api.service[102892]: DEBUG neutron.api.extensions [None req-42d4dbdb-096f-4b3e-b059-fefe9672b20c None None] Loading extension file: ecmp_routes.py {{(pid=102892) _load_all_extensions_from_path /opt/stack/neutron/neutron/api/extensions.py:449}}
May 21 01:50:58.891890 np0000175636 devstack@neutron-api.service[102895]: DEBUG neutron_lib.callbacks.manager [None req-cee09a16-4105-4da6-9244-6f55868e838e None None] Subscribe: > router precommit_update 55550000, False {{(pid=102895) subscribe /opt/stack/data/venv/lib/python3.12/site-packages/neutron_lib/callbacks/manager.py:52}}
May 21 01:50:58.891890 np0000175636 devstack@neutron-api.service[102895]: DEBUG neutron_lib.callbacks.manager [None req-cee09a16-4105-4da6-9244-6f55868e838e None None] Subscribe: subnet after_update 55550000, False {{(pid=102895) subscribe /opt/stack/data/venv/lib/python3.12/site-packages/neutron_lib/callbacks/manager.py:52}}
May 21 01:50:58.892087 np0000175636 devstack@neutron-api.service[102892]: DEBUG neutron.api.extensions [None req-42d4dbdb-096f-4b3e-b059-fefe9672b20c None None] Ext name="Equal Cost Multipath Routing" alias="ecmp_routes" description="Allows traffic to reach thesame destination via multiple different links " updated="2020-11-26T18:00:00-00:00" {{(pid=102892) _check_extension /opt/stack/neutron/neutron/api/extensions.py:415}}
May 21 01:50:58.892194 np0000175636 devstack@neutron-api.service[102895]: DEBUG neutron.quota.resource_registry [None req-cee09a16-4105-4da6-9244-6f55868e838e None None] Tracking information for resource: router configured {{(pid=102895) set_tracked_resource /opt/stack/neutron/neutron/quota/resource_registry.py:203}}
May 21 01:50:58.892251 np0000175636 devstack@neutron-api.service[102892]: INFO neutron.api.extensions [None req-42d4dbdb-096f-4b3e-b059-fefe9672b20c None None] Extension ecmp_routes not supported by any of loaded plugins
May 21 01:50:58.892301 np0000175636 devstack@neutron-api.service[102895]: DEBUG neutron.quota.resource_registry [None req-cee09a16-4105-4da6-9244-6f55868e838e None None] Tracking information for resource: floatingip configured {{(pid=102895) set_tracked_resource /opt/stack/neutron/neutron/quota/resource_registry.py:203}}
May 21 01:50:58.892369 np0000175636 devstack@neutron-api.service[102893]: DEBUG neutron.manager [None req-f6396522-ddb9-423b-adf6-2b203656d1d3 None None] Successfully loaded network-ip-availability plugin. Description: Provides IP availability data for each network and subnet. {{(pid=102893) _create_and_add_service_plugin /opt/stack/neutron/neutron/manager.py:239}}
May 21 01:50:58.892422 np0000175636 devstack@neutron-api.service[102892]: DEBUG neutron.api.extensions [None req-42d4dbdb-096f-4b3e-b059-fefe9672b20c None None] Loading extension file: empty_string_filtering.py {{(pid=102892) _load_all_extensions_from_path /opt/stack/neutron/neutron/api/extensions.py:449}}
May 21 01:50:58.892472 np0000175636 devstack@neutron-api.service[102895]: INFO neutron.services.ovn_l3.plugin [None req-cee09a16-4105-4da6-9244-6f55868e838e None None] Starting OVNL3RouterPlugin
May 21 01:50:58.892529 np0000175636 devstack@neutron-api.service[102893]: INFO neutron.manager [None req-f6396522-ddb9-423b-adf6-2b203656d1d3 None None] Loading Plugin: flavors
May 21 01:50:58.892578 np0000175636 devstack@neutron-api.service[102892]: DEBUG neutron.api.extensions [None req-42d4dbdb-096f-4b3e-b059-fefe9672b20c None None] Ext name="Empty String Filtering Extension" alias="empty-string-filtering" description="Allow filtering by attributes with empty string value" updated="2018-05-01T10:00:00-00:00" {{(pid=102892) _check_extension /opt/stack/neutron/neutron/api/extensions.py:415}}
May 21 01:50:58.892657 np0000175636 devstack@neutron-api.service[102895]: DEBUG neutron_lib.callbacks.manager [None req-cee09a16-4105-4da6-9244-6f55868e838e None None] Subscribe: > port_forwarding_plugin after_init 55550000, False {{(pid=102895) subscribe /opt/stack/data/venv/lib/python3.12/site-packages/neutron_lib/callbacks/manager.py:52}}
May 21 01:50:58.892725 np0000175636 devstack@neutron-api.service[102892]: INFO neutron.api.extensions [None req-42d4dbdb-096f-4b3e-b059-fefe9672b20c None None] Loaded extension: empty-string-filtering
May 21 01:50:58.892777 np0000175636 devstack@neutron-api.service[102895]: DEBUG neutron_lib.callbacks.manager [None req-cee09a16-4105-4da6-9244-6f55868e838e None None] Subscribe: > router before_create 55550100, False {{(pid=102895) subscribe /opt/stack/data/venv/lib/python3.12/site-packages/neutron_lib/callbacks/manager.py:52}}
May 21 01:50:58.892886 np0000175636 devstack@neutron-api.service[102892]: DEBUG neutron.api.extensions [None req-42d4dbdb-096f-4b3e-b059-fefe9672b20c None None] Loading extension file: expose_l3_conntrack_helper.py {{(pid=102892) _load_all_extensions_from_path /opt/stack/neutron/neutron/api/extensions.py:449}}
May 21 01:50:58.892942 np0000175636 devstack@neutron-api.service[102895]: DEBUG neutron_lib.callbacks.manager [None req-cee09a16-4105-4da6-9244-6f55868e838e None None] Subscribe: > router precommit_delete 55550100, False {{(pid=102895) subscribe /opt/stack/data/venv/lib/python3.12/site-packages/neutron_lib/callbacks/manager.py:52}}
May 21 01:50:58.892942 np0000175636 devstack@neutron-api.service[102895]: DEBUG neutron_lib.callbacks.manager [None req-cee09a16-4105-4da6-9244-6f55868e838e None None] Subscribe: > router precommit_create 55550100, False {{(pid=102895) subscribe /opt/stack/data/venv/lib/python3.12/site-packages/neutron_lib/callbacks/manager.py:52}}
May 21 01:50:58.893040 np0000175636 devstack@neutron-api.service[102892]: DEBUG neutron.api.extensions [None req-42d4dbdb-096f-4b3e-b059-fefe9672b20c None None] Ext name="Expose CT target rules for conntrack helper" alias="expose-l3-conntrack-helper" description="Expose allow adding CT target rules for conntrack helper" updated="2019-04-04T10:00:00-00:00" {{(pid=102892) _check_extension /opt/stack/neutron/neutron/api/extensions.py:415}}
May 21 01:50:58.893100 np0000175636 devstack@neutron-api.service[102895]: DEBUG neutron_lib.callbacks.manager [None req-cee09a16-4105-4da6-9244-6f55868e838e None None] Subscribe: > router precommit_update 55550100, False {{(pid=102895) subscribe /opt/stack/data/venv/lib/python3.12/site-packages/neutron_lib/callbacks/manager.py:52}}
May 21 01:50:58.893152 np0000175636 devstack@neutron-api.service[102892]: INFO neutron.api.extensions [None req-42d4dbdb-096f-4b3e-b059-fefe9672b20c None None] Extension expose-l3-conntrack-helper not supported by any of loaded plugins
May 21 01:50:58.893212 np0000175636 devstack@neutron-api.service[102893]: DEBUG neutron.manager [None req-f6396522-ddb9-423b-adf6-2b203656d1d3 None None] Successfully loaded FLAVORS plugin. Description: Neutron Flavors and Service Profiles manager plugin {{(pid=102893) _create_and_add_service_plugin /opt/stack/neutron/neutron/manager.py:239}}
May 21 01:50:58.893264 np0000175636 devstack@neutron-api.service[102892]: DEBUG neutron.api.extensions [None req-42d4dbdb-096f-4b3e-b059-fefe9672b20c None None] Loading extension file: expose_port_forwarding_in_fip.py {{(pid=102892) _load_all_extensions_from_path /opt/stack/neutron/neutron/api/extensions.py:449}}
May 21 01:50:58.893313 np0000175636 devstack@neutron-api.service[102893]: INFO neutron.manager [None req-f6396522-ddb9-423b-adf6-2b203656d1d3 None None] Loading Plugin: revisions
May 21 01:50:58.893362 np0000175636 devstack@neutron-api.service[102892]: DEBUG neutron.api.extensions [None req-42d4dbdb-096f-4b3e-b059-fefe9672b20c None None] Ext name="Expose Floating IP port forwardings" alias="expose-port-forwarding-in-fip" description="Expose port forwarding fields in floating IP response" updated="2018-06-28T16:00:00-00:00" {{(pid=102892) _check_extension /opt/stack/neutron/neutron/api/extensions.py:415}}
May 21 01:50:58.893362 np0000175636 devstack@neutron-api.service[102892]: INFO neutron.api.extensions [None req-42d4dbdb-096f-4b3e-b059-fefe9672b20c None None] Extension expose-port-forwarding-in-fip not supported by any of loaded plugins
May 21 01:50:58.893362 np0000175636 devstack@neutron-api.service[102892]: DEBUG neutron.api.extensions [None req-42d4dbdb-096f-4b3e-b059-fefe9672b20c None None] Loading extension file: external_net.py {{(pid=102892) _load_all_extensions_from_path /opt/stack/neutron/neutron/api/extensions.py:449}}
May 21 01:50:58.893362 np0000175636 devstack@neutron-api.service[102892]: DEBUG neutron.api.extensions [None req-42d4dbdb-096f-4b3e-b059-fefe9672b20c None None] Ext name="Neutron external network" alias="external-net" description="Adds external network attribute to network resource." updated="2013-01-14T10:00:00-00:00" {{(pid=102892) _check_extension /opt/stack/neutron/neutron/api/extensions.py:415}}
May 21 01:50:58.893362 np0000175636 devstack@neutron-api.service[102892]: INFO neutron.api.extensions [None req-42d4dbdb-096f-4b3e-b059-fefe9672b20c None None] Loaded extension: external-net
May 21 01:50:58.893362 np0000175636 devstack@neutron-api.service[102892]: DEBUG neutron.api.extensions [None req-42d4dbdb-096f-4b3e-b059-fefe9672b20c None None] Loading extension file: extra_dhcp_opt.py {{(pid=102892) _load_all_extensions_from_path /opt/stack/neutron/neutron/api/extensions.py:449}}
May 21 01:50:58.894086 np0000175636 devstack@neutron-api.service[102893]: DEBUG neutron.manager [None req-f6396522-ddb9-423b-adf6-2b203656d1d3 None None] Successfully loaded revision_plugin plugin. Description: Adds revision numbers to resources. {{(pid=102893) _create_and_add_service_plugin /opt/stack/neutron/neutron/manager.py:239}}
May 21 01:50:58.894086 np0000175636 devstack@neutron-api.service[102893]: DEBUG oslo_concurrency.lockutils [None req-f6396522-ddb9-423b-adf6-2b203656d1d3 None None] Lock "manager" "released" by "neutron.manager.NeutronManager._create_instance" :: held 4.525s {{(pid=102893) inner /opt/stack/data/venv/lib/python3.12/site-packages/oslo_concurrency/lockutils.py:543}}
May 21 01:50:58.894196 np0000175636 devstack@neutron-api.service[102892]: DEBUG neutron.api.extensions [None req-42d4dbdb-096f-4b3e-b059-fefe9672b20c None None] Ext name="Neutron Extra DHCP options" alias="extra_dhcp_opt" description="Extra options configuration for DHCP. For example PXE boot options to DHCP clients can be specified (e.g. tftp-server, server-ip-address, bootfile-name)" updated="2013-03-17T12:00:00-00:00" {{(pid=102892) _check_extension /opt/stack/neutron/neutron/api/extensions.py:415}}
May 21 01:50:58.894245 np0000175636 devstack@neutron-api.service[102893]: DEBUG neutron.api.extensions [None req-f6396522-ddb9-423b-adf6-2b203656d1d3 None None] get_extension_paths = OrderedDict({'/opt/stack/neutron/neutron/extensions': 1}) {{(pid=102893) get_extensions_path /opt/stack/neutron/neutron/api/extensions.py:640}}
May 21 01:50:58.894292 np0000175636 devstack@neutron-api.service[102892]: INFO neutron.api.extensions [None req-42d4dbdb-096f-4b3e-b059-fefe9672b20c None None] Loaded extension: extra_dhcp_opt
May 21 01:50:58.894336 np0000175636 devstack@neutron-api.service[102893]: INFO neutron.api.extensions [None req-f6396522-ddb9-423b-adf6-2b203656d1d3 None None] Initializing extension manager.
May 21 01:50:58.894380 np0000175636 devstack@neutron-api.service[102892]: DEBUG neutron.api.extensions [None req-42d4dbdb-096f-4b3e-b059-fefe9672b20c None None] Loading extension file: extraroute.py {{(pid=102892) _load_all_extensions_from_path /opt/stack/neutron/neutron/api/extensions.py:449}}
May 21 01:50:58.894380 np0000175636 devstack@neutron-api.service[102892]: DEBUG neutron.api.extensions [None req-42d4dbdb-096f-4b3e-b059-fefe9672b20c None None] Ext name="Neutron Extra Route" alias="extraroute" description="Extra routes configuration for L3 router" updated="2013-02-01T10:00:00-00:00" {{(pid=102892) _check_extension /opt/stack/neutron/neutron/api/extensions.py:415}}
May 21 01:50:58.894479 np0000175636 devstack@neutron-api.service[102893]: DEBUG neutron.api.extensions [None req-f6396522-ddb9-423b-adf6-2b203656d1d3 None None] Loading extension file: __init__.py {{(pid=102893) _load_all_extensions_from_path /opt/stack/neutron/neutron/api/extensions.py:449}}
May 21 01:50:58.894479 np0000175636 devstack@neutron-api.service[102893]: DEBUG neutron.api.extensions [None req-f6396522-ddb9-423b-adf6-2b203656d1d3 None None] Loading extension file: __pycache__ {{(pid=102893) _load_all_extensions_from_path /opt/stack/neutron/neutron/api/extensions.py:449}}
May 21 01:50:58.894566 np0000175636 devstack@neutron-api.service[102892]: INFO neutron.api.extensions [None req-42d4dbdb-096f-4b3e-b059-fefe9672b20c None None] Loaded extension: extraroute
May 21 01:50:58.894611 np0000175636 devstack@neutron-api.service[102893]: DEBUG neutron.api.extensions [None req-f6396522-ddb9-423b-adf6-2b203656d1d3 None None] Loading extension file: address_group.py {{(pid=102893) _load_all_extensions_from_path /opt/stack/neutron/neutron/api/extensions.py:449}}
May 21 01:50:58.894680 np0000175636 devstack@neutron-api.service[102892]: DEBUG neutron.api.extensions [None req-42d4dbdb-096f-4b3e-b059-fefe9672b20c None None] Loading extension file: extraroute_atomic.py {{(pid=102892) _load_all_extensions_from_path /opt/stack/neutron/neutron/api/extensions.py:449}}
May 21 01:50:58.894680 np0000175636 devstack@neutron-api.service[102892]: DEBUG neutron.api.extensions [None req-42d4dbdb-096f-4b3e-b059-fefe9672b20c None None] Ext name="Atomically add/remove extra routes" alias="extraroute-atomic" description="Edit extra routes of a router on server side by atomically adding/removing extra routes" updated="2019-07-10T00:00:00+00:00" {{(pid=102892) _check_extension /opt/stack/neutron/neutron/api/extensions.py:415}}
May 21 01:50:58.894775 np0000175636 devstack@neutron-api.service[102893]: DEBUG neutron.api.extensions [None req-f6396522-ddb9-423b-adf6-2b203656d1d3 None None] Ext name="Address group" alias="address-group" description="Support address group" updated="2020-07-15T10:00:00-00:00" {{(pid=102893) _check_extension /opt/stack/neutron/neutron/api/extensions.py:415}}
May 21 01:50:58.894827 np0000175636 devstack@neutron-api.service[102892]: INFO neutron.api.extensions [None req-42d4dbdb-096f-4b3e-b059-fefe9672b20c None None] Loaded extension: extraroute-atomic
May 21 01:50:58.894934 np0000175636 devstack@neutron-api.service[102893]: INFO neutron.api.extensions [None req-f6396522-ddb9-423b-adf6-2b203656d1d3 None None] Loaded extension: address-group
May 21 01:50:58.894993 np0000175636 devstack@neutron-api.service[102892]: DEBUG neutron.api.extensions [None req-42d4dbdb-096f-4b3e-b059-fefe9672b20c None None] Loading extension file: filter_validation.py {{(pid=102892) _load_all_extensions_from_path /opt/stack/neutron/neutron/api/extensions.py:449}}
May 21 01:50:58.895039 np0000175636 devstack@neutron-api.service[102893]: DEBUG neutron.api.extensions [None req-f6396522-ddb9-423b-adf6-2b203656d1d3 None None] Loading extension file: address_scope.py {{(pid=102893) _load_all_extensions_from_path /opt/stack/neutron/neutron/api/extensions.py:449}}
May 21 01:50:58.895089 np0000175636 devstack@neutron-api.service[102892]: DEBUG neutron.api.extensions [None req-42d4dbdb-096f-4b3e-b059-fefe9672b20c None None] Ext name="Filter parameters validation" alias="filter-validation" description="Provides validation on filter parameters." updated="2018-07-04T10:00:00-00:00" {{(pid=102892) _check_extension /opt/stack/neutron/neutron/api/extensions.py:415}}
May 21 01:50:58.895140 np0000175636 devstack@neutron-api.service[102893]: DEBUG neutron.api.extensions [None req-f6396522-ddb9-423b-adf6-2b203656d1d3 None None] Ext name="Address scope" alias="address-scope" description="Address scopes extension." updated="2015-07-26T10:00:00-00:00" {{(pid=102893) _check_extension /opt/stack/neutron/neutron/api/extensions.py:415}}
May 21 01:50:58.895187 np0000175636 devstack@neutron-api.service[102892]: INFO neutron.api.extensions [None req-42d4dbdb-096f-4b3e-b059-fefe9672b20c None None] Loaded extension: filter-validation
May 21 01:50:58.895187 np0000175636 devstack@neutron-api.service[102892]: DEBUG neutron.api.extensions [None req-42d4dbdb-096f-4b3e-b059-fefe9672b20c None None] Loading extension file: fip_pf_description.py {{(pid=102892) _load_all_extensions_from_path /opt/stack/neutron/neutron/api/extensions.py:449}}
May 21 01:50:58.895271 np0000175636 devstack@neutron-api.service[102893]: INFO neutron.api.extensions [None req-f6396522-ddb9-423b-adf6-2b203656d1d3 None None] Loaded extension: address-scope
May 21 01:50:58.895322 np0000175636 devstack@neutron-api.service[102895]: DEBUG neutron.services.provider_configuration [None req-cee09a16-4105-4da6-9244-6f55868e838e None None] Service providers = [] {{(pid=102895) parse_service_provider_opt /opt/stack/neutron/neutron/services/provider_configuration.py:170}}
May 21 01:50:58.895369 np0000175636 devstack@neutron-api.service[102893]: DEBUG neutron.api.extensions [None req-f6396522-ddb9-423b-adf6-2b203656d1d3 None None] Loading extension file: admin_state_down_before_update.py {{(pid=102893) _load_all_extensions_from_path /opt/stack/neutron/neutron/api/extensions.py:449}}
May 21 01:50:58.895415 np0000175636 devstack@neutron-api.service[102892]: DEBUG neutron.api.extensions [None req-42d4dbdb-096f-4b3e-b059-fefe9672b20c None None] Ext name="Floating IP Port Forwarding new attribute description" alias="floating-ip-port-forwarding-description" description="Add a description field to Port Forwarding rules" updated="2019-11-01T10:00:00-00:00" {{(pid=102892) _check_extension /opt/stack/neutron/neutron/api/extensions.py:415}}
May 21 01:50:58.895461 np0000175636 devstack@neutron-api.service[102895]: DEBUG neutron.db.servicetype_db [None req-cee09a16-4105-4da6-9244-6f55868e838e None None] Adding provider configuration for service L3_ROUTER_NAT {{(pid=102895) add_provider_configuration /opt/stack/neutron/neutron/db/servicetype_db.py:45}}
May 21 01:50:58.895506 np0000175636 devstack@neutron-api.service[102893]: DEBUG neutron.api.extensions [None req-f6396522-ddb9-423b-adf6-2b203656d1d3 None None] Ext name="Enforce Router's Admin State Down Before Update Extension" alias="router-admin-state-down-before-update" description="Ensure that the admin state of a router is DOWN (admin_state_up=False) before updating the distributed attribute" updated="2019-07-02T15:56:00" {{(pid=102893) _check_extension /opt/stack/neutron/neutron/api/extensions.py:415}}
May 21 01:50:58.895554 np0000175636 devstack@neutron-api.service[102892]: INFO neutron.api.extensions [None req-42d4dbdb-096f-4b3e-b059-fefe9672b20c None None] Extension floating-ip-port-forwarding-description not supported by any of loaded plugins
May 21 01:50:58.895554 np0000175636 devstack@neutron-api.service[102892]: DEBUG neutron.api.extensions [None req-42d4dbdb-096f-4b3e-b059-fefe9672b20c None None] Loading extension file: fip_pf_detail.py {{(pid=102892) _load_all_extensions_from_path /opt/stack/neutron/neutron/api/extensions.py:449}}
May 21 01:50:58.895667 np0000175636 devstack@neutron-api.service[102893]: INFO neutron.api.extensions [None req-f6396522-ddb9-423b-adf6-2b203656d1d3 None None] Extension router-admin-state-down-before-update not supported by any of loaded plugins
May 21 01:50:58.895667 np0000175636 devstack@neutron-api.service[102893]: DEBUG neutron.api.extensions [None req-f6396522-ddb9-423b-adf6-2b203656d1d3 None None] Loading extension file: agent.py {{(pid=102893) _load_all_extensions_from_path /opt/stack/neutron/neutron/api/extensions.py:449}}
May 21 01:50:58.895759 np0000175636 devstack@neutron-api.service[102892]: DEBUG neutron.api.extensions [None req-42d4dbdb-096f-4b3e-b059-fefe9672b20c None None] Ext name="Floating IP port forwarding detail" alias="floating-ip-port-forwarding-detail" description="Allow list floating ip return more port forwarding data, include'id' and 'internal_port_id'" updated="2022-05-06T10:00:00-00:00" {{(pid=102892) _check_extension /opt/stack/neutron/neutron/api/extensions.py:415}}
May 21 01:50:58.895841 np0000175636 devstack@neutron-api.service[102893]: DEBUG neutron.api.extensions [None req-f6396522-ddb9-423b-adf6-2b203656d1d3 None None] Ext name="agent" alias="agent" description="The agent management extension." updated="2013-02-03T10:00:00-00:00" {{(pid=102893) _check_extension /opt/stack/neutron/neutron/api/extensions.py:415}}
May 21 01:50:58.895891 np0000175636 devstack@neutron-api.service[102892]: INFO neutron.api.extensions [None req-42d4dbdb-096f-4b3e-b059-fefe9672b20c None None] Loaded extension: floating-ip-port-forwarding-detail
May 21 01:50:58.895972 np0000175636 devstack@neutron-api.service[102892]: DEBUG neutron.api.extensions [None req-42d4dbdb-096f-4b3e-b059-fefe9672b20c None None] Loading extension file: fip_pf_port_range.py {{(pid=102892) _load_all_extensions_from_path /opt/stack/neutron/neutron/api/extensions.py:449}}
May 21 01:50:58.896020 np0000175636 devstack@neutron-api.service[102893]: INFO neutron.api.extensions [None req-f6396522-ddb9-423b-adf6-2b203656d1d3 None None] Loaded extension: agent
May 21 01:50:58.896093 np0000175636 devstack@neutron-api.service[102893]: DEBUG neutron.api.extensions [None req-f6396522-ddb9-423b-adf6-2b203656d1d3 None None] Loading extension file: agent_resources_synced.py {{(pid=102893) _load_all_extensions_from_path /opt/stack/neutron/neutron/api/extensions.py:449}}
May 21 01:50:58.896209 np0000175636 devstack@neutron-api.service[102892]: DEBUG neutron.api.extensions [None req-42d4dbdb-096f-4b3e-b059-fefe9672b20c None None] Ext name="Floating IP Port Forwarding support port ranges" alias="floating-ip-port-forwarding-port-ranges" description="Add support to port ranges" updated="2020-07-01T10:00:00-00:00" {{(pid=102892) _check_extension /opt/stack/neutron/neutron/api/extensions.py:415}}
May 21 01:50:58.896316 np0000175636 devstack@neutron-api.service[102893]: DEBUG neutron.api.extensions [None req-f6396522-ddb9-423b-adf6-2b203656d1d3 None None] Ext name="Agent's Resource View Synced to Placement" alias="agent-resources-synced" description="Stores success/failure of last sync to Placement" updated="2018-12-19T00:00:00-00:00" {{(pid=102893) _check_extension /opt/stack/neutron/neutron/api/extensions.py:415}}
May 21 01:50:58.896367 np0000175636 devstack@neutron-api.service[102895]: DEBUG neutron_lib.callbacks.manager [None req-cee09a16-4105-4da6-9244-6f55868e838e None None] Subscribe: > router precommit_create 55549900, False {{(pid=102895) subscribe /opt/stack/data/venv/lib/python3.12/site-packages/neutron_lib/callbacks/manager.py:52}}
May 21 01:50:58.896415 np0000175636 devstack@neutron-api.service[102892]: INFO neutron.api.extensions [None req-42d4dbdb-096f-4b3e-b059-fefe9672b20c None None] Extension floating-ip-port-forwarding-port-ranges not supported by any of loaded plugins
May 21 01:50:58.896482 np0000175636 devstack@neutron-api.service[102892]: DEBUG neutron.api.extensions [None req-42d4dbdb-096f-4b3e-b059-fefe9672b20c None None] Loading extension file: fip_port_details.py {{(pid=102892) _load_all_extensions_from_path /opt/stack/neutron/neutron/api/extensions.py:449}}
May 21 01:50:58.896530 np0000175636 devstack@neutron-api.service[102895]: DEBUG neutron_lib.callbacks.manager [None req-cee09a16-4105-4da6-9244-6f55868e838e None None] Subscribe: > router_interface after_create 55550000, False {{(pid=102895) subscribe /opt/stack/data/venv/lib/python3.12/site-packages/neutron_lib/callbacks/manager.py:52}}
May 21 01:50:58.896577 np0000175636 devstack@neutron-api.service[102893]: INFO neutron.api.extensions [None req-f6396522-ddb9-423b-adf6-2b203656d1d3 None None] Extension agent-resources-synced not supported by any of loaded plugins
May 21 01:50:58.896577 np0000175636 devstack@neutron-api.service[102893]: DEBUG neutron.api.extensions [None req-f6396522-ddb9-423b-adf6-2b203656d1d3 None None] Loading extension file: agent_sort_key.py {{(pid=102893) _load_all_extensions_from_path /opt/stack/neutron/neutron/api/extensions.py:449}}
May 21 01:50:58.896705 np0000175636 devstack@neutron-api.service[102895]: DEBUG neutron_lib.callbacks.manager [None req-cee09a16-4105-4da6-9244-6f55868e838e None None] Subscribe: > floatingip after_create 55550000, False {{(pid=102895) subscribe /opt/stack/data/venv/lib/python3.12/site-packages/neutron_lib/callbacks/manager.py:52}}
May 21 01:50:58.896705 np0000175636 devstack@neutron-api.service[102895]: DEBUG neutron_lib.callbacks.manager [None req-cee09a16-4105-4da6-9244-6f55868e838e None None] Subscribe: > floatingip precommit_create 55550000, False {{(pid=102895) subscribe /opt/stack/data/venv/lib/python3.12/site-packages/neutron_lib/callbacks/manager.py:52}}
May 21 01:50:58.896800 np0000175636 devstack@neutron-api.service[102892]: DEBUG neutron.api.extensions [None req-42d4dbdb-096f-4b3e-b059-fefe9672b20c None None] Ext name="Floating IP Port Details Extension" alias="fip-port-details" description="Add port_details attribute to Floating IP resource" updated="2018-04-09T10:00:00-00:00" {{(pid=102892) _check_extension /opt/stack/neutron/neutron/api/extensions.py:415}}
May 21 01:50:58.896873 np0000175636 devstack@neutron-api.service[102895]: DEBUG neutron_lib.callbacks.manager [None req-cee09a16-4105-4da6-9244-6f55868e838e None None] Subscribe: > floatingip precommit_update 55550000, False {{(pid=102895) subscribe /opt/stack/data/venv/lib/python3.12/site-packages/neutron_lib/callbacks/manager.py:52}}
May 21 01:50:58.896923 np0000175636 devstack@neutron-api.service[102893]: DEBUG neutron.api.extensions [None req-f6396522-ddb9-423b-adf6-2b203656d1d3 None None] Ext name="Agents Sort Key" alias="agent_sort_key" description="Enabling the keyword sort_key for sorting in agents." updated="2013-02-03T10:00:00-00:00" {{(pid=102893) _check_extension /opt/stack/neutron/neutron/api/extensions.py:415}}
May 21 01:50:58.896973 np0000175636 devstack@neutron-api.service[102892]: INFO neutron.api.extensions [None req-42d4dbdb-096f-4b3e-b059-fefe9672b20c None None] Loaded extension: fip-port-details
May 21 01:50:58.897018 np0000175636 devstack@neutron-api.service[102895]: DEBUG neutron_lib.callbacks.manager [None req-cee09a16-4105-4da6-9244-6f55868e838e None None] Subscribe: > floatingip after_delete 55550000, False {{(pid=102895) subscribe /opt/stack/data/venv/lib/python3.12/site-packages/neutron_lib/callbacks/manager.py:52}}
May 21 01:50:58.897072 np0000175636 devstack@neutron-api.service[102892]: DEBUG neutron.api.extensions [None req-42d4dbdb-096f-4b3e-b059-fefe9672b20c None None] Loading extension file: flavors.py {{(pid=102892) _load_all_extensions_from_path /opt/stack/neutron/neutron/api/extensions.py:449}}
May 21 01:50:58.897122 np0000175636 devstack@neutron-api.service[102893]: INFO neutron.api.extensions [None req-f6396522-ddb9-423b-adf6-2b203656d1d3 None None] Extension agent_sort_key not supported by any of loaded plugins
May 21 01:50:58.897149 np0000175636 devstack@neutron-api.service[102895]: DEBUG neutron_lib.callbacks.manager [None req-cee09a16-4105-4da6-9244-6f55868e838e None None] Subscribe: > floatingip after_status_update 55550000, False {{(pid=102895) subscribe /opt/stack/data/venv/lib/python3.12/site-packages/neutron_lib/callbacks/manager.py:52}}
May 21 01:50:58.897174 np0000175636 devstack@neutron-api.service[102893]: DEBUG neutron.api.extensions [None req-f6396522-ddb9-423b-adf6-2b203656d1d3 None None] Loading extension file: allowedaddresspairs.py {{(pid=102893) _load_all_extensions_from_path /opt/stack/neutron/neutron/api/extensions.py:449}}
May 21 01:50:58.897202 np0000175636 devstack@neutron-api.service[102895]: DEBUG neutron_lib.callbacks.manager [None req-cee09a16-4105-4da6-9244-6f55868e838e None None] Subscribe: > floatingip after_update 55550000, False {{(pid=102895) subscribe /opt/stack/data/venv/lib/python3.12/site-packages/neutron_lib/callbacks/manager.py:52}}
May 21 01:50:58.897202 np0000175636 devstack@neutron-api.service[102895]: DEBUG neutron_lib.callbacks.manager [None req-cee09a16-4105-4da6-9244-6f55868e838e None None] Subscribe: > port_forwarding after_create 55550000, False {{(pid=102895) subscribe /opt/stack/data/venv/lib/python3.12/site-packages/neutron_lib/callbacks/manager.py:52}}
May 21 01:50:58.897247 np0000175636 devstack@neutron-api.service[102892]: DEBUG neutron.api.extensions [None req-42d4dbdb-096f-4b3e-b059-fefe9672b20c None None] Ext name="Neutron Service Flavors" alias="flavors" description="Flavor specification for Neutron advanced services." updated="2015-09-17T10:00:00-00:00" {{(pid=102892) _check_extension /opt/stack/neutron/neutron/api/extensions.py:415}}
May 21 01:50:58.897275 np0000175636 devstack@neutron-api.service[102895]: DEBUG neutron_lib.callbacks.manager [None req-cee09a16-4105-4da6-9244-6f55868e838e None None] Subscribe: > router_interface after_delete 55550000, False {{(pid=102895) subscribe /opt/stack/data/venv/lib/python3.12/site-packages/neutron_lib/callbacks/manager.py:52}}
May 21 01:50:58.897373 np0000175636 devstack@neutron-api.service[102895]: DEBUG neutron_lib.callbacks.manager [None req-cee09a16-4105-4da6-9244-6f55868e838e None None] Subscribe: > router after_create 55550000, False {{(pid=102895) subscribe /opt/stack/data/venv/lib/python3.12/site-packages/neutron_lib/callbacks/manager.py:52}}
May 21 01:50:58.897407 np0000175636 devstack@neutron-api.service[102892]: INFO neutron.api.extensions [None req-42d4dbdb-096f-4b3e-b059-fefe9672b20c None None] Loaded extension: flavors
May 21 01:50:58.897472 np0000175636 devstack@neutron-api.service[102895]: DEBUG neutron_lib.callbacks.manager [None req-cee09a16-4105-4da6-9244-6f55868e838e None None] Subscribe: > router precommit_create 55550000, False {{(pid=102895) subscribe /opt/stack/data/venv/lib/python3.12/site-packages/neutron_lib/callbacks/manager.py:52}}
May 21 01:50:58.897503 np0000175636 devstack@neutron-api.service[102892]: DEBUG neutron.api.extensions [None req-42d4dbdb-096f-4b3e-b059-fefe9672b20c None None] Loading extension file: floating_ip_port_forwarding.py {{(pid=102892) _load_all_extensions_from_path /opt/stack/neutron/neutron/api/extensions.py:449}}
May 21 01:50:58.897569 np0000175636 devstack@neutron-api.service[102895]: DEBUG neutron_lib.callbacks.manager [None req-cee09a16-4105-4da6-9244-6f55868e838e None None] Subscribe: > router after_delete 55550000, False {{(pid=102895) subscribe /opt/stack/data/venv/lib/python3.12/site-packages/neutron_lib/callbacks/manager.py:52}}
May 21 01:50:58.897683 np0000175636 devstack@neutron-api.service[102895]: DEBUG neutron_lib.callbacks.manager [None req-cee09a16-4105-4da6-9244-6f55868e838e None None] Subscribe: > router after_update 55550000, False {{(pid=102895) subscribe /opt/stack/data/venv/lib/python3.12/site-packages/neutron_lib/callbacks/manager.py:52}}
May 21 01:50:58.897724 np0000175636 devstack@neutron-api.service[102893]: DEBUG neutron.api.extensions [None req-f6396522-ddb9-423b-adf6-2b203656d1d3 None None] Ext name="Allowed Address Pairs" alias="allowed-address-pairs" description="Provides allowed address pairs" updated="2013-07-23T10:00:00-00:00" {{(pid=102893) _check_extension /opt/stack/neutron/neutron/api/extensions.py:415}}
May 21 01:50:58.897793 np0000175636 devstack@neutron-api.service[102895]: DEBUG neutron.services.service_base [None req-cee09a16-4105-4da6-9244-6f55868e838e None None] Loaded 'neutron.services.ovn_l3.service_providers.ovn.OvnDriver' provider for service L3_ROUTER_NAT {{(pid=102895) load_drivers /opt/stack/neutron/neutron/services/service_base.py:49}}
May 21 01:50:58.897830 np0000175636 devstack@neutron-api.service[102892]: DEBUG neutron.api.extensions [None req-42d4dbdb-096f-4b3e-b059-fefe9672b20c None None] Ext name="Floating IP Port Forwarding" alias="floating-ip-port-forwarding" description="Allow port forwarding from floating IP port to an internal port" updated="2018-01-19T10:00:00-00:00" {{(pid=102892) _check_extension /opt/stack/neutron/neutron/api/extensions.py:415}}
May 21 01:50:58.897886 np0000175636 devstack@neutron-api.service[102893]: INFO neutron.api.extensions [None req-f6396522-ddb9-423b-adf6-2b203656d1d3 None None] Loaded extension: allowed-address-pairs
May 21 01:50:58.897934 np0000175636 devstack@neutron-api.service[102895]: DEBUG neutron_lib.callbacks.manager [None req-cee09a16-4105-4da6-9244-6f55868e838e None None] Subscribe: > process after_init 55550001, True {{(pid=102895) subscribe /opt/stack/data/venv/lib/python3.12/site-packages/neutron_lib/callbacks/manager.py:52}}
May 21 01:50:58.897987 np0000175636 devstack@neutron-api.service[102892]: INFO neutron.api.extensions [None req-42d4dbdb-096f-4b3e-b059-fefe9672b20c None None] Extension floating-ip-port-forwarding not supported by any of loaded plugins
May 21 01:50:58.898018 np0000175636 devstack@neutron-api.service[102893]: DEBUG neutron.api.extensions [None req-f6396522-ddb9-423b-adf6-2b203656d1d3 None None] Loading extension file: auto_allocated_topology.py {{(pid=102893) _load_all_extensions_from_path /opt/stack/neutron/neutron/api/extensions.py:449}}
May 21 01:50:58.898046 np0000175636 devstack@neutron-api.service[102895]: DEBUG neutron.manager [None req-cee09a16-4105-4da6-9244-6f55868e838e None None] Successfully loaded L3_ROUTER_NAT plugin. Description: L3 Router Service Plugin for basic L3 forwarding using OVN {{(pid=102895) _create_and_add_service_plugin /opt/stack/neutron/neutron/manager.py:239}}
May 21 01:50:58.898070 np0000175636 devstack@neutron-api.service[102892]: DEBUG neutron.api.extensions [None req-42d4dbdb-096f-4b3e-b059-fefe9672b20c None None] Loading extension file: floatingip_pools.py {{(pid=102892) _load_all_extensions_from_path /opt/stack/neutron/neutron/api/extensions.py:449}}
May 21 01:50:58.898097 np0000175636 devstack@neutron-api.service[102895]: INFO neutron.manager [None req-cee09a16-4105-4da6-9244-6f55868e838e None None] Loading Plugin: auto_allocate
May 21 01:50:58.898194 np0000175636 devstack@neutron-api.service[102893]: DEBUG neutron.api.extensions [None req-f6396522-ddb9-423b-adf6-2b203656d1d3 None None] Ext name="Auto Allocated Topology Services" alias="auto-allocated-topology" description="Auto Allocated Topology Services." updated="2016-01-01T00:00:00-00:00" {{(pid=102893) _check_extension /opt/stack/neutron/neutron/api/extensions.py:415}}
May 21 01:50:58.898302 np0000175636 devstack@neutron-api.service[102892]: DEBUG neutron.api.extensions [None req-42d4dbdb-096f-4b3e-b059-fefe9672b20c None None] Ext name="Floating IP Pools Extension" alias="floatingip-pools" description="Provides a floating IP pools API." updated="2018-03-21T10:00:00-00:00" {{(pid=102892) _check_extension /opt/stack/neutron/neutron/api/extensions.py:415}}
May 21 01:50:58.898361 np0000175636 devstack@neutron-api.service[102893]: INFO neutron.api.extensions [None req-f6396522-ddb9-423b-adf6-2b203656d1d3 None None] Loaded extension: auto-allocated-topology
May 21 01:50:58.898446 np0000175636 devstack@neutron-api.service[102893]: DEBUG neutron.api.extensions [None req-f6396522-ddb9-423b-adf6-2b203656d1d3 None None] Loading extension file: availability_zone.py {{(pid=102893) _load_all_extensions_from_path /opt/stack/neutron/neutron/api/extensions.py:449}}
May 21 01:50:58.898475 np0000175636 devstack@neutron-api.service[102892]: INFO neutron.api.extensions [None req-42d4dbdb-096f-4b3e-b059-fefe9672b20c None None] Loaded extension: floatingip-pools
May 21 01:50:58.898552 np0000175636 devstack@neutron-api.service[102892]: DEBUG neutron.api.extensions [None req-42d4dbdb-096f-4b3e-b059-fefe9672b20c None None] Loading extension file: ip_allocation.py {{(pid=102892) _load_all_extensions_from_path /opt/stack/neutron/neutron/api/extensions.py:449}}
May 21 01:50:58.898740 np0000175636 devstack@neutron-api.service[102893]: DEBUG neutron.api.extensions [None req-f6396522-ddb9-423b-adf6-2b203656d1d3 None None] Ext name="Availability Zone" alias="availability_zone" description="The availability zone extension." updated="2015-01-01T10:00:00-00:00" {{(pid=102893) _check_extension /opt/stack/neutron/neutron/api/extensions.py:415}}
May 21 01:50:58.898803 np0000175636 devstack@neutron-api.service[102892]: DEBUG neutron.api.extensions [None req-42d4dbdb-096f-4b3e-b059-fefe9672b20c None None] Ext name="IP Allocation" alias="ip_allocation" description="IP allocation extension." updated="2016-06-10T23:00:00-00:00" {{(pid=102892) _check_extension /opt/stack/neutron/neutron/api/extensions.py:415}}
May 21 01:50:58.898899 np0000175636 devstack@neutron-api.service[102893]: INFO neutron.api.extensions [None req-f6396522-ddb9-423b-adf6-2b203656d1d3 None None] Loaded extension: availability_zone
May 21 01:50:58.898954 np0000175636 devstack@neutron-api.service[102895]: DEBUG neutron_lib.callbacks.manager [None req-cee09a16-4105-4da6-9244-6f55868e838e None None] Subscribe: network precommit_update 55550000, False {{(pid=102895) subscribe /opt/stack/data/venv/lib/python3.12/site-packages/neutron_lib/callbacks/manager.py:52}}
May 21 01:50:58.898994 np0000175636 devstack@neutron-api.service[102892]: INFO neutron.api.extensions [None req-42d4dbdb-096f-4b3e-b059-fefe9672b20c None None] Extension ip_allocation not supported by any of loaded plugins
May 21 01:50:58.899019 np0000175636 devstack@neutron-api.service[102893]: DEBUG neutron.api.extensions [None req-f6396522-ddb9-423b-adf6-2b203656d1d3 None None] Loading extension file: availability_zone_filter.py {{(pid=102893) _load_all_extensions_from_path /opt/stack/neutron/neutron/api/extensions.py:449}}
May 21 01:50:58.899042 np0000175636 devstack@neutron-api.service[102892]: DEBUG neutron.api.extensions [None req-42d4dbdb-096f-4b3e-b059-fefe9672b20c None None] Loading extension file: ip_substring_port_filtering.py {{(pid=102892) _load_all_extensions_from_path /opt/stack/neutron/neutron/api/extensions.py:449}}
May 21 01:50:58.899074 np0000175636 devstack@neutron-api.service[102895]: DEBUG neutron_lib.callbacks.manager [None req-cee09a16-4105-4da6-9244-6f55868e838e None None] Subscribe: network precommit_create 55550000, False {{(pid=102895) subscribe /opt/stack/data/venv/lib/python3.12/site-packages/neutron_lib/callbacks/manager.py:52}}
