Jun 16 14:59:19.735544 np0000180763 devstack@neutron-api.service[103215]: DEBUG neutron_lib.callbacks.manager [None req-7c9ff378-5fdf-44d4-b55f-d3b4790bc965 admin admin] Publish callbacks ['neutron.objects.securitygroup.RbacNeutronDbObjectMixin.validate_rbac_policy_change-2781685766988', 'neutron.objects.address_group.RbacNeutronDbObjectMixin.validate_rbac_policy_change-2781685925236', 'neutron.objects.network.RbacNeutronDbObjectMixin.validate_rbac_policy_change-2781685797652', 'neutron.objects.qos.policy.RbacNeutronDbObjectMixin.validate_rbac_policy_change-2781685786339', 'neutron.objects.subnetpool.RbacNeutronDbObjectMixin.validate_rbac_policy_change-2781685703163', 'neutron.objects.address_scope.RbacNeutronDbObjectMixin.validate_rbac_policy_change-2781685706564', 'neutron.plugins.ml2.plugin.External_net_db_mixin._process_ext_policy_create-293181', 'neutron.plugins.ml2.plugin.NeutronDbPluginV2.validate_network_rbac_policy_change-355625'] for rbac-policy (None), before_create {{(pid=103215) _notify_loop /opt/stack/data/venv/lib/python3.12/site-packages/neutron_lib/callbacks/manager.py:184}}
Jun 16 14:59:19.783010 np0000180763 devstack@neutron-api.service[103215]: DEBUG neutron_lib.callbacks.manager [None req-7c9ff378-5fdf-44d4-b55f-d3b4790bc965 admin admin] Publish callbacks [] for subnetpool (None), before_response {{(pid=103215) _notify_loop /opt/stack/data/venv/lib/python3.12/site-packages/neutron_lib/callbacks/manager.py:184}}
Jun 16 14:59:19.783578 np0000180763 devstack@neutron-api.service[103215]: [pid: 103215|app: 0|req: 1/3] 199.204.45.53 () {68 vars in 1360 bytes} [Tue Jun 16 14:59:19 2026] POST /networking/v2.0/subnetpools => generated 533 bytes in 538 msecs (HTTP/1.1 201) 4 headers in 162 bytes (1 switches on core 0)
Jun 16 14:59:20.145895 np0000180763 devstack@neutron-api.service[103214]: DEBUG neutron.api.v2.base [None req-d7e55f9e-9e74-4d22-ad0f-66ede8806edf admin admin] Request body: {'subnetpool': {'default_prefixlen': 64, 'is_default': True, 'prefixes': ['fd1d:2ecc:821e::/56'], 'name': 'shared-default-subnetpool-v6', 'shared': True}} {{(pid=103214) prepare_request_body /opt/stack/neutron/neutron/api/v2/base.py:727}}
Jun 16 14:59:20.318362 np0000180763 devstack@neutron-api.service[103214]: DEBUG neutron.policy [None req-d7e55f9e-9e74-4d22-ad0f-66ede8806edf admin admin] Loaded default policies from ['neutron'] under neutron.policies entry points {{(pid=103214) register_rules /opt/stack/neutron/neutron/policy.py:65}}
Jun 16 14:59:20.461720 np0000180763 devstack@neutron-api.service[103214]: DEBUG neutron_lib.callbacks.manager [None req-d7e55f9e-9e74-4d22-ad0f-66ede8806edf admin admin] Publish callbacks ['neutron.objects.securitygroup.RbacNeutronDbObjectMixin.validate_rbac_policy_change-2781685773079', 'neutron.objects.address_group.RbacNeutronDbObjectMixin.validate_rbac_policy_change-2781685914558', 'neutron.objects.network.RbacNeutronDbObjectMixin.validate_rbac_policy_change-2781685779241', 'neutron.objects.qos.policy.RbacNeutronDbObjectMixin.validate_rbac_policy_change-2781685803614', 'neutron.objects.subnetpool.RbacNeutronDbObjectMixin.validate_rbac_policy_change-2781685797464', 'neutron.objects.address_scope.RbacNeutronDbObjectMixin.validate_rbac_policy_change-2781685797645', 'neutron.plugins.ml2.plugin.External_net_db_mixin._process_ext_policy_create-1064689', 'neutron.plugins.ml2.plugin.NeutronDbPluginV2.validate_network_rbac_policy_change-1072741'] for rbac-policy (None), before_create {{(pid=103214) _notify_loop /opt/stack/data/venv/lib/python3.12/site-packages/neutron_lib/callbacks/manager.py:184}}
Jun 16 14:59:20.504343 np0000180763 devstack@neutron-api.service[103214]: DEBUG neutron_lib.callbacks.manager [None req-d7e55f9e-9e74-4d22-ad0f-66ede8806edf admin admin] Publish callbacks [] for subnetpool (None), before_response {{(pid=103214) _notify_loop /opt/stack/data/venv/lib/python3.12/site-packages/neutron_lib/callbacks/manager.py:184}}
Jun 16 14:59:20.504859 np0000180763 devstack@neutron-api.service[103214]: [pid: 103214|app: 0|req: 1/4] 199.204.45.53 () {68 vars in 1360 bytes} [Tue Jun 16 14:59:20 2026] POST /networking/v2.0/subnetpools => generated 543 bytes in 475 msecs (HTTP/1.1 201) 4 headers in 162 bytes (1 switches on core 0)
Jun 16 14:59:20.937686 np0000180763 devstack@neutron-api.service[103216]: DEBUG neutron.api.v2.base [None req-2f13b179-4b57-4d5f-81a9-0dbccd2e197c admin admin] Request body: {'network': {'name': 'private', 'admin_state_up': True}} {{(pid=103216) prepare_request_body /opt/stack/neutron/neutron/api/v2/base.py:727}}
Jun 16 14:59:20.976838 np0000180763 devstack@neutron-api.service[103216]: DEBUG neutron.pecan_wsgi.hooks.quota_enforcement [None req-2f13b179-4b57-4d5f-81a9-0dbccd2e197c admin admin] Made reservation on behalf of db57607d822649fea6f0f53acf9da478 for: {'network': 1} {{(pid=103216) before /opt/stack/neutron/neutron/pecan_wsgi/hooks/quota_enforcement.py:66}}
Jun 16 14:59:21.163074 np0000180763 devstack@neutron-api.service[103216]: DEBUG neutron.policy [None req-2f13b179-4b57-4d5f-81a9-0dbccd2e197c admin admin] Loaded default policies from ['neutron'] under neutron.policies entry points {{(pid=103216) register_rules /opt/stack/neutron/neutron/policy.py:65}}
Jun 16 14:59:21.266742 np0000180763 devstack@neutron-api.service[103216]: DEBUG neutron_lib.callbacks.manager [None req-2f13b179-4b57-4d5f-81a9-0dbccd2e197c admin admin] Publish callbacks ['neutron.plugins.ml2.plugin.SecurityGroupDbMixin._ensure_default_security_group_handler-1239976'] for network (None), before_create {{(pid=103216) _notify_loop /opt/stack/data/venv/lib/python3.12/site-packages/neutron_lib/callbacks/manager.py:184}}
Jun 16 14:59:21.290981 np0000180763 devstack@neutron-api.service[103216]: DEBUG neutron_lib.callbacks.manager [None req-2f13b179-4b57-4d5f-81a9-0dbccd2e197c admin admin] Publish callbacks [] for security_group (None), before_create {{(pid=103216) _notify_loop /opt/stack/data/venv/lib/python3.12/site-packages/neutron_lib/callbacks/manager.py:184}}
Jun 16 14:59:21.393128 np0000180763 devstack@neutron-api.service[103216]: DEBUG neutron_lib.callbacks.manager [None req-2f13b179-4b57-4d5f-81a9-0dbccd2e197c admin admin] Publish callbacks ['neutron.plugins.ml2.drivers.ovn.mech_driver.mech_driver.OVNMechanismDriver._create_security_group_precommit-340202'] for security_group (aa74e0c6-cf82-44dd-9969-83f470fdfd56), precommit_create {{(pid=103216) _notify_loop /opt/stack/data/venv/lib/python3.12/site-packages/neutron_lib/callbacks/manager.py:184}}
Jun 16 14:59:21.393475 np0000180763 devstack@neutron-api.service[103216]: DEBUG neutron.db.ovn_revision_numbers_db [None req-2f13b179-4b57-4d5f-81a9-0dbccd2e197c admin admin] create_initial_revision uuid=aa74e0c6-cf82-44dd-9969-83f470fdfd56, type=security_groups, rev=-1 {{(pid=103216) create_initial_revision /opt/stack/neutron/neutron/db/ovn_revision_numbers_db.py:98}}
Jun 16 14:59:21.396054 np0000180763 devstack@neutron-api.service[103216]: DEBUG neutron.db.ovn_revision_numbers_db [None req-2f13b179-4b57-4d5f-81a9-0dbccd2e197c admin admin] create_initial_revision uuid=5ef4634e-1fe2-466d-ae0a-6e7cd98e6f4b, type=security_group_rules, rev=-1 {{(pid=103216) create_initial_revision /opt/stack/neutron/neutron/db/ovn_revision_numbers_db.py:98}}
Jun 16 14:59:21.397141 np0000180763 devstack@neutron-api.service[103216]: DEBUG neutron.db.ovn_revision_numbers_db [None req-2f13b179-4b57-4d5f-81a9-0dbccd2e197c admin admin] create_initial_revision uuid=5fd8cff7-d8d4-4208-a884-2f99c42edc96, type=security_group_rules, rev=-1 {{(pid=103216) create_initial_revision /opt/stack/neutron/neutron/db/ovn_revision_numbers_db.py:98}}
Jun 16 14:59:21.398135 np0000180763 devstack@neutron-api.service[103216]: DEBUG neutron.db.ovn_revision_numbers_db [None req-2f13b179-4b57-4d5f-81a9-0dbccd2e197c admin admin] create_initial_revision uuid=8c769ca2-2e02-4702-a6c7-bd302348ff93, type=security_group_rules, rev=-1 {{(pid=103216) create_initial_revision /opt/stack/neutron/neutron/db/ovn_revision_numbers_db.py:98}}
Jun 16 14:59:21.399109 np0000180763 devstack@neutron-api.service[103216]: DEBUG neutron.db.ovn_revision_numbers_db [None req-2f13b179-4b57-4d5f-81a9-0dbccd2e197c admin admin] create_initial_revision uuid=fb91a774-c108-4cf2-b9fc-b1163e994c0b, type=security_group_rules, rev=-1 {{(pid=103216) create_initial_revision /opt/stack/neutron/neutron/db/ovn_revision_numbers_db.py:98}}
Jun 16 14:59:21.405979 np0000180763 devstack@neutron-api.service[103216]: DEBUG neutron_lib.callbacks.manager [None req-2f13b179-4b57-4d5f-81a9-0dbccd2e197c admin admin] Publish callbacks ['neutron.plugins.ml2.drivers.ovn.mech_driver.mech_driver.OVNMechanismDriver._create_security_group-339988', 'neutron.plugins.ml2.ovo_rpc._ObjectChangeHandler.handle_event-15053930'] for security_group (aa74e0c6-cf82-44dd-9969-83f470fdfd56), after_create {{(pid=103216) _notify_loop /opt/stack/data/venv/lib/python3.12/site-packages/neutron_lib/callbacks/manager.py:184}}
Jun 16 14:59:21.407790 np0000180763 devstack@neutron-api.service[103216]: DEBUG ovsdbapp.backend.ovs_idl.transaction [-] Running txn n=1 command(idx=0): PgAddCommand(_result=None, name=pg_aa74e0c6_cf82_44dd_9969_83f470fdfd56, may_exist=False, columns={'acls': [], 'external_ids': {'neutron:security_group_id': 'aa74e0c6-cf82-44dd-9969-83f470fdfd56'}}) {{(pid=103216) do_commit /opt/stack/data/venv/lib/python3.12/site-packages/ovsdbapp/backend/ovs_idl/transaction.py:89}}
Jun 16 14:59:21.410632 np0000180763 devstack@neutron-api.service[103216]: DEBUG ovsdbapp.backend.ovs_idl.transaction [-] Running txn n=1 command(idx=1): PgAclAddCommand(_result=None, entity=pg_aa74e0c6_cf82_44dd_9969_83f470fdfd56, direction=from-lport, priority=1002, match=inport == @pg_aa74e0c6_cf82_44dd_9969_83f470fdfd56 && ip6, action=allow-related, log=False, may_exist=True, severity=[], name=[], meter=[], external_ids={'neutron:security_group_rule_id': '5ef4634e-1fe2-466d-ae0a-6e7cd98e6f4b'}) {{(pid=103216) do_commit /opt/stack/data/venv/lib/python3.12/site-packages/ovsdbapp/backend/ovs_idl/transaction.py:89}}
Jun 16 14:59:21.411298 np0000180763 devstack@neutron-api.service[103216]: DEBUG ovsdbapp.backend.ovs_idl.transaction [-] Running txn n=1 command(idx=2): PgAclAddCommand(_result=None, entity=pg_aa74e0c6_cf82_44dd_9969_83f470fdfd56, direction=to-lport, priority=1002, match=outport == @pg_aa74e0c6_cf82_44dd_9969_83f470fdfd56 && ip6 && ip6.src == $pg_aa74e0c6_cf82_44dd_9969_83f470fdfd56_ip6, action=allow-related, log=False, may_exist=True, severity=[], name=[], meter=[], external_ids={'neutron:security_group_rule_id': '5fd8cff7-d8d4-4208-a884-2f99c42edc96'}) {{(pid=103216) do_commit /opt/stack/data/venv/lib/python3.12/site-packages/ovsdbapp/backend/ovs_idl/transaction.py:89}}
Jun 16 14:59:21.411857 np0000180763 devstack@neutron-api.service[103216]: DEBUG ovsdbapp.backend.ovs_idl.transaction [-] Running txn n=1 command(idx=3): PgAclAddCommand(_result=None, entity=pg_aa74e0c6_cf82_44dd_9969_83f470fdfd56, direction=to-lport, priority=1002, match=outport == @pg_aa74e0c6_cf82_44dd_9969_83f470fdfd56 && ip4 && ip4.src == $pg_aa74e0c6_cf82_44dd_9969_83f470fdfd56_ip4, action=allow-related, log=False, may_exist=True, severity=[], name=[], meter=[], external_ids={'neutron:security_group_rule_id': '8c769ca2-2e02-4702-a6c7-bd302348ff93'}) {{(pid=103216) do_commit /opt/stack/data/venv/lib/python3.12/site-packages/ovsdbapp/backend/ovs_idl/transaction.py:89}}
Jun 16 14:59:21.412563 np0000180763 devstack@neutron-api.service[103216]: DEBUG ovsdbapp.backend.ovs_idl.transaction [-] Running txn n=1 command(idx=4): PgAclAddCommand(_result=None, entity=pg_aa74e0c6_cf82_44dd_9969_83f470fdfd56, direction=from-lport, priority=1002, match=inport == @pg_aa74e0c6_cf82_44dd_9969_83f470fdfd56 && ip4, action=allow-related, log=False, may_exist=True, severity=[], name=[], meter=[], external_ids={'neutron:security_group_rule_id': 'fb91a774-c108-4cf2-b9fc-b1163e994c0b'}) {{(pid=103216) do_commit /opt/stack/data/venv/lib/python3.12/site-packages/ovsdbapp/backend/ovs_idl/transaction.py:89}}
Jun 16 14:59:21.418127 np0000180763 devstack@neutron-api.service[103216]: DEBUG neutron.plugins.ml2.drivers.ovn.mech_driver.ovsdb.ovsdb_monitor [-] Hash Ring: Node 008ec3806bc051c88e0afa5c5e568115 (host: np0000180763) handling event "create" for row 00bc9d88-10ce-4a30-bba0-e440c5942895 (table: ACL) {{(pid=103216) notify /opt/stack/neutron/neutron/plugins/ml2/drivers/ovn/mech_driver/ovsdb/ovsdb_monitor.py:1015}}
Jun 16 14:59:21.418309 np0000180763 devstack@neutron-api.service[103216]: DEBUG neutron.plugins.ml2.drivers.ovn.mech_driver.ovsdb.ovsdb_monitor [-] Hash Ring: Node 008ec3806bc051c88e0afa5c5e568115 (host: np0000180763) handling event "create" for row 2a08ed8d-5ba5-49b5-a729-f0b5b9f298f3 (table: ACL) {{(pid=103216) notify /opt/stack/neutron/neutron/plugins/ml2/drivers/ovn/mech_driver/ovsdb/ovsdb_monitor.py:1015}}
Jun 16 14:59:21.422738 np0000180763 devstack@neutron-api.service[103214]: DEBUG neutron.plugins.ml2.drivers.ovn.mech_driver.ovsdb.ovsdb_monitor [-] Hash Ring: Node 5af9c4bd6d0d5af6aebc2d23495c511b (host: np0000180763) handling event "create" for row 68b97c90-85a3-417d-bc0e-3d93dbd775b8 (table: ACL) {{(pid=103214) notify /opt/stack/neutron/neutron/plugins/ml2/drivers/ovn/mech_driver/ovsdb/ovsdb_monitor.py:1015}}
Jun 16 14:59:21.423019 np0000180763 devstack@neutron-api.service[103214]: DEBUG neutron.plugins.ml2.drivers.ovn.mech_driver.ovsdb.ovsdb_monitor [-] Hash Ring: Node 5af9c4bd6d0d5af6aebc2d23495c511b (host: np0000180763) handling event "create" for row 838bcd8f-c181-413c-9dab-3cc47ffd8574 (table: ACL) {{(pid=103214) notify /opt/stack/neutron/neutron/plugins/ml2/drivers/ovn/mech_driver/ovsdb/ovsdb_monitor.py:1015}}
Jun 16 14:59:21.423091 np0000180763 devstack@neutron-api.service[103214]: DEBUG neutron.plugins.ml2.drivers.ovn.mech_driver.ovsdb.ovsdb_monitor [-] Hash Ring: Node 5af9c4bd6d0d5af6aebc2d23495c511b (host: np0000180763) handling event "create" for row 1b841a22-5cad-4f84-9e50-33e0c0b1fef4 (table: Port_Group) {{(pid=103214) notify /opt/stack/neutron/neutron/plugins/ml2/drivers/ovn/mech_driver/ovsdb/ovsdb_monitor.py:1015}}
Jun 16 14:59:21.423606 np0000180763 devstack@neutron-api.service[103217]: DEBUG neutron.plugins.ml2.drivers.ovn.mech_driver.ovsdb.ovsdb_monitor [-] Hash Ring: Node 920ef9cba5d85c12852f637d9df698c7 (host: np0000180763) handling event "create" for row 00bc9d88-10ce-4a30-bba0-e440c5942895 (table: ACL) {{(pid=103217) notify /opt/stack/neutron/neutron/plugins/ml2/drivers/ovn/mech_driver/ovsdb/ovsdb_monitor.py:1015}}
Jun 16 14:59:21.423900 np0000180763 devstack@neutron-api.service[103217]: DEBUG neutron.plugins.ml2.drivers.ovn.mech_driver.ovsdb.ovsdb_monitor [-] Hash Ring: Node 920ef9cba5d85c12852f637d9df698c7 (host: np0000180763) handling event "create" for row 2a08ed8d-5ba5-49b5-a729-f0b5b9f298f3 (table: ACL) {{(pid=103217) notify /opt/stack/neutron/neutron/plugins/ml2/drivers/ovn/mech_driver/ovsdb/ovsdb_monitor.py:1015}}
Jun 16 14:59:21.424107 np0000180763 devstack@neutron-api.service[103217]: DEBUG neutron.plugins.ml2.drivers.ovn.mech_driver.ovsdb.ovsdb_monitor [-] Hash Ring: Node 920ef9cba5d85c12852f637d9df698c7 (host: np0000180763) handling event "create" for row 68b97c90-85a3-417d-bc0e-3d93dbd775b8 (table: ACL) {{(pid=103217) notify /opt/stack/neutron/neutron/plugins/ml2/drivers/ovn/mech_driver/ovsdb/ovsdb_monitor.py:1015}}
Jun 16 14:59:21.424273 np0000180763 devstack@neutron-api.service[103217]: DEBUG neutron.plugins.ml2.drivers.ovn.mech_driver.ovsdb.ovsdb_monitor [-] Hash Ring: Node 920ef9cba5d85c12852f637d9df698c7 (host: np0000180763) handling event "create" for row 838bcd8f-c181-413c-9dab-3cc47ffd8574 (table: ACL) {{(pid=103217) notify /opt/stack/neutron/neutron/plugins/ml2/drivers/ovn/mech_driver/ovsdb/ovsdb_monitor.py:1015}}
Jun 16 14:59:21.424446 np0000180763 devstack@neutron-api.service[103217]: DEBUG neutron.plugins.ml2.drivers.ovn.mech_driver.ovsdb.ovsdb_monitor [-] Hash Ring: Node 920ef9cba5d85c12852f637d9df698c7 (host: np0000180763) handling event "create" for row 1b841a22-5cad-4f84-9e50-33e0c0b1fef4 (table: Port_Group) {{(pid=103217) notify /opt/stack/neutron/neutron/plugins/ml2/drivers/ovn/mech_driver/ovsdb/ovsdb_monitor.py:1015}}
Jun 16 14:59:21.449966 np0000180763 devstack@neutron-api.service[103216]: INFO neutron.db.ovn_revision_numbers_db [None req-2f13b179-4b57-4d5f-81a9-0dbccd2e197c admin admin] Successfully bumped revision number for resource aa74e0c6-cf82-44dd-9969-83f470fdfd56 (type: security_groups) to 1
Jun 16 14:59:21.467700 np0000180763 devstack@neutron-api.service[103216]: INFO neutron.db.ovn_revision_numbers_db [None req-2f13b179-4b57-4d5f-81a9-0dbccd2e197c admin admin] Successfully bumped revision number for resource 5ef4634e-1fe2-466d-ae0a-6e7cd98e6f4b (type: security_group_rules) to 0
Jun 16 14:59:21.481847 np0000180763 devstack@neutron-api.service[103216]: INFO neutron.db.ovn_revision_numbers_db [None req-2f13b179-4b57-4d5f-81a9-0dbccd2e197c admin admin] Successfully bumped revision number for resource 5fd8cff7-d8d4-4208-a884-2f99c42edc96 (type: security_group_rules) to 0
Jun 16 14:59:21.494129 np0000180763 devstack@neutron-api.service[103216]: INFO neutron.db.ovn_revision_numbers_db [None req-2f13b179-4b57-4d5f-81a9-0dbccd2e197c admin admin] Successfully bumped revision number for resource 8c769ca2-2e02-4702-a6c7-bd302348ff93 (type: security_group_rules) to 0
Jun 16 14:59:21.507733 np0000180763 devstack@neutron-api.service[103216]: INFO neutron.db.ovn_revision_numbers_db [None req-2f13b179-4b57-4d5f-81a9-0dbccd2e197c admin admin] Successfully bumped revision number for resource fb91a774-c108-4cf2-b9fc-b1163e994c0b (type: security_group_rules) to 0
Jun 16 14:59:21.533838 np0000180763 devstack@neutron-api.service[103216]: DEBUG neutron.api.rpc.handlers.resources_rpc [None req-2f13b179-4b57-4d5f-81a9-0dbccd2e197c admin admin] Pushing event updated for resources: {'SecurityGroup': ['ID=aa74e0c6-cf82-44dd-9969-83f470fdfd56,revision_number=1']} {{(pid=103216) push /opt/stack/neutron/neutron/api/rpc/handlers/resources_rpc.py:237}}
Jun 16 14:59:21.542783 np0000180763 devstack@neutron-api.service[103216]: DEBUG ovsdbapp.backend.ovs_idl.transaction [-] Running txn n=1 command(idx=0): CheckLivenessCommand(_result=None) {{(pid=103216) do_commit /opt/stack/data/venv/lib/python3.12/site-packages/ovsdbapp/backend/ovs_idl/transaction.py:89}}
Jun 16 14:59:21.546749 np0000180763 devstack@neutron-api.service[103217]: DEBUG neutron.plugins.ml2.drivers.ovn.mech_driver.ovsdb.ovsdb_monitor [-] Hash Ring: Node 920ef9cba5d85c12852f637d9df698c7 (host: np0000180763) handling event "update" for row daa5ff37-4101-453e-8845-1c6f436ba12e (table: NB_Global) {{(pid=103217) notify /opt/stack/neutron/neutron/plugins/ml2/drivers/ovn/mech_driver/ovsdb/ovsdb_monitor.py:1015}}
Jun 16 14:59:21.547831 np0000180763 devstack@neutron-api.service[103217]: DEBUG neutron.plugins.ml2.drivers.ovn.mech_driver.ovsdb.ovsdb_monitor [-] Hash Ring: Node 920ef9cba5d85c12852f637d9df698c7 (host: np0000180763) handling event "update" for row daa5ff37-4101-453e-8845-1c6f436ba12e (table: NB_Global) {{(pid=103217) notify /opt/stack/neutron/neutron/plugins/ml2/drivers/ovn/mech_driver/ovsdb/ovsdb_monitor.py:1015}}
Jun 16 14:59:21.548642 np0000180763 devstack@neutron-api.service[103216]: DEBUG neutron.api.rpc.callbacks.version_manager [None req-2f13b179-4b57-4d5f-81a9-0dbccd2e197c admin admin] Tracked resource versions report:
Jun 16 14:59:21.548642 np0000180763 devstack@neutron-api.service[103216]: pushed versions:
Jun 16 14:59:21.548642 np0000180763 devstack@neutron-api.service[103216]: { 'AddressGroup': {'1.2'},
Jun 16 14:59:21.548642 np0000180763 devstack@neutron-api.service[103216]: 'Agent': {'1.1'},
Jun 16 14:59:21.548642 np0000180763 devstack@neutron-api.service[103216]: 'ConntrackHelper': {'1.0'},
Jun 16 14:59:21.548642 np0000180763 devstack@neutron-api.service[103216]: 'LocalIPAssociation': {'1.0'},
Jun 16 14:59:21.548642 np0000180763 devstack@neutron-api.service[103216]: 'Log': {'1.0'},
Jun 16 14:59:21.548642 np0000180763 devstack@neutron-api.service[103216]: 'NDPProxy': {'1.0'},
Jun 16 14:59:21.548642 np0000180763 devstack@neutron-api.service[103216]: 'Network': {'1.3'},
Jun 16 14:59:21.548642 np0000180763 devstack@neutron-api.service[103216]: 'Port': {'1.11'},
Jun 16 14:59:21.548642 np0000180763 devstack@neutron-api.service[103216]: 'PortForwarding': {'1.3'},
Jun 16 14:59:21.548642 np0000180763 devstack@neutron-api.service[103216]: 'QosPolicy': {'1.10'},
Jun 16 14:59:21.548642 np0000180763 devstack@neutron-api.service[103216]: 'SecurityGroup': {'1.6'},
Jun 16 14:59:21.548642 np0000180763 devstack@neutron-api.service[103216]: 'SecurityGroupRule': {'1.3'},
Jun 16 14:59:21.548642 np0000180763 devstack@neutron-api.service[103216]: 'SubPort': {'1.0'},
Jun 16 14:59:21.548642 np0000180763 devstack@neutron-api.service[103216]: 'Subnet': {'1.2'},
Jun 16 14:59:21.548642 np0000180763 devstack@neutron-api.service[103216]: 'Trunk': {'1.1'}}
Jun 16 14:59:21.548642 np0000180763 devstack@neutron-api.service[103216]: consumer versions:
Jun 16 14:59:21.548642 np0000180763 devstack@neutron-api.service[103216]: {}
Jun 16 14:59:21.548642 np0000180763 devstack@neutron-api.service[103216]: {{(pid=103216) report /opt/stack/neutron/neutron/api/rpc/callbacks/version_manager.py:183}}
Jun 16 14:59:21.552131 np0000180763 devstack@neutron-api.service[103217]: DEBUG neutron.plugins.ml2.drivers.ovn.mech_driver.ovsdb.ovsdb_monitor [-] Hash Ring: Node 920ef9cba5d85c12852f637d9df698c7 (host: np0000180763) handling event "update" for row daa5ff37-4101-453e-8845-1c6f436ba12e (table: NB_Global) {{(pid=103217) notify /opt/stack/neutron/neutron/plugins/ml2/drivers/ovn/mech_driver/ovsdb/ovsdb_monitor.py:1015}}
Jun 16 14:59:21.553201 np0000180763 devstack@neutron-api.service[103215]: DEBUG neutron.plugins.ml2.drivers.ovn.mech_driver.ovsdb.ovsdb_monitor [-] ChassisAgentWriteEvent : Matched Chassis_Private, update, None None {{(pid=103215) matches /opt/stack/neutron/neutron/plugins/ml2/drivers/ovn/mech_driver/ovsdb/ovsdb_monitor.py:64}}
Jun 16 14:59:21.554567 np0000180763 devstack@neutron-api.service[103214]: DEBUG neutron.plugins.ml2.drivers.ovn.mech_driver.ovsdb.ovsdb_monitor [-] ChassisAgentWriteEvent : Matched Chassis_Private, update, None None {{(pid=103214) matches /opt/stack/neutron/neutron/plugins/ml2/drivers/ovn/mech_driver/ovsdb/ovsdb_monitor.py:64}}
Jun 16 14:59:21.554655 np0000180763 devstack@neutron-api.service[103217]: DEBUG neutron.plugins.ml2.drivers.ovn.mech_driver.ovsdb.ovsdb_monitor [-] ChassisAgentWriteEvent : Matched Chassis_Private, update, None None {{(pid=103217) matches /opt/stack/neutron/neutron/plugins/ml2/drivers/ovn/mech_driver/ovsdb/ovsdb_monitor.py:64}}
Jun 16 14:59:21.554735 np0000180763 devstack@neutron-api.service[103216]: DEBUG neutron.plugins.ml2.drivers.ovn.mech_driver.ovsdb.ovsdb_monitor [-] ChassisAgentWriteEvent : Matched Chassis_Private, update, None None {{(pid=103216) matches /opt/stack/neutron/neutron/plugins/ml2/drivers/ovn/mech_driver/ovsdb/ovsdb_monitor.py:64}}
Jun 16 14:59:21.556385 np0000180763 devstack@neutron-api.service[103217]: DEBUG neutron.plugins.ml2.drivers.ovn.mech_driver.ovsdb.ovsdb_monitor [-] Hash Ring: Node 920ef9cba5d85c12852f637d9df698c7 (host: np0000180763) handling event "update" for row daa5ff37-4101-453e-8845-1c6f436ba12e (table: NB_Global) {{(pid=103217) notify /opt/stack/neutron/neutron/plugins/ml2/drivers/ovn/mech_driver/ovsdb/ovsdb_monitor.py:1015}}
Jun 16 14:59:21.557807 np0000180763 devstack@neutron-api.service[103217]: DEBUG neutron.common.ovn.hash_ring_manager [-] Allow caching, nodes 4>=4 {{(pid=103217) _wait_startup_before_caching /opt/stack/neutron/neutron/common/ovn/hash_ring_manager.py:65}}
Jun 16 14:59:21.557986 np0000180763 devstack@neutron-api.service[103217]: DEBUG neutron.plugins.ml2.drivers.ovn.mech_driver.ovsdb.ovsdb_monitor [-] Hash Ring: Node 920ef9cba5d85c12852f637d9df698c7 (host: np0000180763) handling event "update" for row e027eccf-8754-46e4-b6b9-f24a0feff57d (table: Chassis_Private) {{(pid=103217) notify /opt/stack/neutron/neutron/plugins/ml2/drivers/ovn/mech_driver/ovsdb/ovsdb_monitor.py:1015}}
Jun 16 14:59:21.558349 np0000180763 devstack@neutron-api.service[103215]: DEBUG neutron.plugins.ml2.drivers.ovn.mech_driver.ovsdb.ovsdb_monitor [-] ChassisOVNAgentWriteEvent : Matched Chassis_Private, update, None None {{(pid=103215) matches /opt/stack/neutron/neutron/plugins/ml2/drivers/ovn/mech_driver/ovsdb/ovsdb_monitor.py:64}}
Jun 16 14:59:21.558802 np0000180763 devstack@neutron-api.service[103214]: DEBUG neutron.plugins.ml2.drivers.ovn.mech_driver.ovsdb.ovsdb_monitor [-] ChassisOVNAgentWriteEvent : Matched Chassis_Private, update, None None {{(pid=103214) matches /opt/stack/neutron/neutron/plugins/ml2/drivers/ovn/mech_driver/ovsdb/ovsdb_monitor.py:64}}
Jun 16 14:59:21.558944 np0000180763 devstack@neutron-api.service[103217]: DEBUG neutron.plugins.ml2.drivers.ovn.mech_driver.ovsdb.ovsdb_monitor [-] ChassisOVNAgentWriteEvent : Matched Chassis_Private, update, None None {{(pid=103217) matches /opt/stack/neutron/neutron/plugins/ml2/drivers/ovn/mech_driver/ovsdb/ovsdb_monitor.py:64}}
Jun 16 14:59:21.559279 np0000180763 devstack@neutron-api.service[103217]: DEBUG neutron.plugins.ml2.drivers.ovn.mech_driver.ovsdb.ovsdb_monitor [-] Hash Ring: Node 920ef9cba5d85c12852f637d9df698c7 (host: np0000180763) handling event "update" for row e027eccf-8754-46e4-b6b9-f24a0feff57d (table: Chassis_Private) {{(pid=103217) notify /opt/stack/neutron/neutron/plugins/ml2/drivers/ovn/mech_driver/ovsdb/ovsdb_monitor.py:1015}}
Jun 16 14:59:21.561610 np0000180763 devstack@neutron-api.service[103216]: DEBUG neutron.plugins.ml2.drivers.ovn.mech_driver.ovsdb.ovsdb_monitor [-] ChassisOVNAgentWriteEvent : Matched Chassis_Private, update, None None {{(pid=103216) matches /opt/stack/neutron/neutron/plugins/ml2/drivers/ovn/mech_driver/ovsdb/ovsdb_monitor.py:64}}
Jun 16 14:59:21.612770 np0000180763 devstack@neutron-api.service[103216]: DEBUG neutron.plugins.ml2.drivers.helpers [None req-2f13b179-4b57-4d5f-81a9-0dbccd2e197c admin admin] geneve segment allocate from pool success with {'geneve_vni': 54442} {{(pid=103216) allocate_partially_specified_segment /opt/stack/neutron/neutron/plugins/ml2/drivers/helpers.py:142}}
Jun 16 14:59:21.625258 np0000180763 devstack@neutron-api.service[103216]: DEBUG neutron_lib.callbacks.manager [None req-2f13b179-4b57-4d5f-81a9-0dbccd2e197c admin admin] Publish callbacks ['neutron.services.segments.db._add_segment_host_mapping_for_segment-8755282446380', 'neutron.plugins.ml2.plugin.Ml2Plugin._handle_segment_change-15495846'] for segment (b8d2ed38-6209-4ad1-b8eb-78226e2f38d8), precommit_create {{(pid=103216) _notify_loop /opt/stack/data/venv/lib/python3.12/site-packages/neutron_lib/callbacks/manager.py:184}}
Jun 16 14:59:21.625468 np0000180763 devstack@neutron-api.service[103216]: INFO neutron.db.segments_db [None req-2f13b179-4b57-4d5f-81a9-0dbccd2e197c admin admin] Added segment b8d2ed38-6209-4ad1-b8eb-78226e2f38d8 of type geneve for network 17354dcc-712c-4917-8fa2-d44e80c31b84
Jun 16 14:59:21.683203 np0000180763 devstack@neutron-api.service[103216]: DEBUG neutron_lib.callbacks.manager [None req-2f13b179-4b57-4d5f-81a9-0dbccd2e197c admin admin] Publish callbacks ['neutron.services.auto_allocate.db._ensure_external_network_default_value_callback-8755279849082'] for network (17354dcc-712c-4917-8fa2-d44e80c31b84), precommit_create {{(pid=103216) _notify_loop /opt/stack/data/venv/lib/python3.12/site-packages/neutron_lib/callbacks/manager.py:184}}
Jun 16 14:59:21.700761 np0000180763 devstack@neutron-api.service[103216]: DEBUG neutron.plugins.ml2.drivers.ovn.mech_driver.mech_driver [None req-2f13b179-4b57-4d5f-81a9-0dbccd2e197c admin admin] Validating network segment with type geneve, segmentation ID 54442, physical network None {{(pid=103216) _validate_network_segments /opt/stack/neutron/neutron/plugins/ml2/drivers/ovn/mech_driver/mech_driver.py:643}}
Jun 16 14:59:21.700884 np0000180763 devstack@neutron-api.service[103216]: DEBUG neutron.db.ovn_revision_numbers_db [None req-2f13b179-4b57-4d5f-81a9-0dbccd2e197c admin admin] create_initial_revision uuid=17354dcc-712c-4917-8fa2-d44e80c31b84, type=networks, rev=-1 {{(pid=103216) create_initial_revision /opt/stack/neutron/neutron/db/ovn_revision_numbers_db.py:98}}
Jun 16 14:59:21.725263 np0000180763 devstack@neutron-api.service[103216]: DEBUG neutron_lib.callbacks.manager [None req-2f13b179-4b57-4d5f-81a9-0dbccd2e197c admin admin] Publish callbacks ['neutron.plugins.ml2.ovo_rpc._ObjectChangeHandler.handle_event-15053935'] for network (17354dcc-712c-4917-8fa2-d44e80c31b84), after_create {{(pid=103216) _notify_loop /opt/stack/data/venv/lib/python3.12/site-packages/neutron_lib/callbacks/manager.py:184}}
Jun 16 14:59:21.775002 np0000180763 devstack@neutron-api.service[103216]: DEBUG neutron.api.rpc.handlers.resources_rpc [None req-2f13b179-4b57-4d5f-81a9-0dbccd2e197c admin admin] Pushing event updated for resources: {'Network': ['ID=17354dcc-712c-4917-8fa2-d44e80c31b84,revision_number=1']} {{(pid=103216) push /opt/stack/neutron/neutron/api/rpc/handlers/resources_rpc.py:237}}
Jun 16 14:59:21.783691 np0000180763 devstack@neutron-api.service[103216]: DEBUG ovsdbapp.backend.ovs_idl.transaction [-] Running txn n=1 command(idx=0): AddNetworkCommand(_result=None, network_uuid=17354dcc-712c-4917-8fa2-d44e80c31b84, may_exist=True, columns={'external_ids': {'neutron:network_name': 'private', 'neutron:mtu': '1372', 'neutron:revision_number': '1', 'neutron:availability_zone_hints': '', 'neutron:provnet-network-type': 'geneve'}, 'other_config': {'mcast_snoop': 'false', 'mcast_flood_unregistered': 'false', 'vlan-passthru': 'false'}}) {{(pid=103216) do_commit /opt/stack/data/venv/lib/python3.12/site-packages/ovsdbapp/backend/ovs_idl/transaction.py:89}}
Jun 16 14:59:21.784692 np0000180763 devstack@neutron-api.service[103216]: DEBUG neutron.common.ovn.utils [-] OVS persist_uuid supported=True {{(pid=103216) ovs_persist_uuid_supported /opt/stack/neutron/neutron/common/ovn/utils.py:1544}}
Jun 16 14:59:21.788649 np0000180763 devstack@neutron-api.service[103217]: DEBUG neutron.plugins.ml2.drivers.ovn.mech_driver.ovsdb.ovsdb_monitor [-] Hash Ring: Node 920ef9cba5d85c12852f637d9df698c7 (host: np0000180763) handling event "create" for row 17354dcc-712c-4917-8fa2-d44e80c31b84 (table: Logical_Switch) {{(pid=103217) notify /opt/stack/neutron/neutron/plugins/ml2/drivers/ovn/mech_driver/ovsdb/ovsdb_monitor.py:1015}}
Jun 16 14:59:21.788945 np0000180763 devstack@neutron-api.service[103214]: DEBUG neutron.plugins.ml2.drivers.ovn.mech_driver.ovsdb.ovsdb_monitor [-] Hash Ring: Node 5af9c4bd6d0d5af6aebc2d23495c511b (host: np0000180763) handling event "create" for row 17354dcc-712c-4917-8fa2-d44e80c31b84 (table: Logical_Switch) {{(pid=103214) notify /opt/stack/neutron/neutron/plugins/ml2/drivers/ovn/mech_driver/ovsdb/ovsdb_monitor.py:1015}}
Jun 16 14:59:21.793985 np0000180763 devstack@neutron-api.service[103217]: DEBUG neutron.plugins.ml2.drivers.ovn.mech_driver.ovsdb.ovsdb_monitor [-] Hash Ring: Node 920ef9cba5d85c12852f637d9df698c7 (host: np0000180763) handling event "create" for row c84c1bde-dc75-4b3d-967a-5fa0e0bbad77 (table: Datapath_Binding) {{(pid=103217) notify /opt/stack/neutron/neutron/plugins/ml2/drivers/ovn/mech_driver/ovsdb/ovsdb_monitor.py:1015}}
Jun 16 14:59:21.806760 np0000180763 devstack@neutron-api.service[103216]: DEBUG neutron.plugins.ml2.drivers.ovn.mech_driver.ovsdb.ovsdb_monitor [-] Hash Ring: Node 008ec3806bc051c88e0afa5c5e568115 (host: np0000180763) handling event "create" for row c84c1bde-dc75-4b3d-967a-5fa0e0bbad77 (table: Datapath_Binding) {{(pid=103216) notify /opt/stack/neutron/neutron/plugins/ml2/drivers/ovn/mech_driver/ovsdb/ovsdb_monitor.py:1015}}
Jun 16 14:59:21.826339 np0000180763 devstack@neutron-api.service[103216]: INFO neutron.db.ovn_revision_numbers_db [None req-2f13b179-4b57-4d5f-81a9-0dbccd2e197c admin admin] Successfully bumped revision number for resource 17354dcc-712c-4917-8fa2-d44e80c31b84 (type: networks) to 1
Jun 16 14:59:21.892128 np0000180763 devstack@neutron-api.service[103216]: DEBUG neutron_lib.callbacks.manager [None req-2f13b179-4b57-4d5f-81a9-0dbccd2e197c admin admin] Publish callbacks ['neutron.plugins.ml2.plugin.SecurityGroupDbMixin._ensure_default_security_group_handler-1239976'] for port (None), before_create {{(pid=103216) _notify_loop /opt/stack/data/venv/lib/python3.12/site-packages/neutron_lib/callbacks/manager.py:184}}
Jun 16 14:59:22.209005 np0000180763 devstack@neutron-api.service[103216]: DEBUG neutron_lib.callbacks.manager [None req-2f13b179-4b57-4d5f-81a9-0dbccd2e197c admin admin] Publish callbacks ['neutron.plugins.ml2.drivers.ovn.mech_driver.mech_driver.OVNMechanismDriver._validate_allowed_address_pairs-340066'] for allowed_address_pair (46b6cd09-7a69-492f-8c4e-15cf5248f514), before_create {{(pid=103216) _notify_loop /opt/stack/data/venv/lib/python3.12/site-packages/neutron_lib/callbacks/manager.py:184}}
Jun 16 14:59:22.209689 np0000180763 devstack@neutron-api.service[103216]: DEBUG neutron_lib.callbacks.manager [None req-2f13b179-4b57-4d5f-81a9-0dbccd2e197c admin admin] Publish callbacks [] for port (46b6cd09-7a69-492f-8c4e-15cf5248f514), precommit_create {{(pid=103216) _notify_loop /opt/stack/data/venv/lib/python3.12/site-packages/neutron_lib/callbacks/manager.py:184}}
Jun 16 14:59:22.209689 np0000180763 devstack@neutron-api.service[103216]: DEBUG neutron.plugins.ml2.drivers.ovn.mech_driver.mech_driver [None req-2f13b179-4b57-4d5f-81a9-0dbccd2e197c admin admin] No provisioning block for port 46b6cd09-7a69-492f-8c4e-15cf5248f514 since it does not have a host {{(pid=103216) _is_port_provisioning_required /opt/stack/neutron/neutron/plugins/ml2/drivers/ovn/mech_driver/mech_driver.py:896}}
Jun 16 14:59:22.210117 np0000180763 devstack@neutron-api.service[103216]: DEBUG neutron.db.ovn_revision_numbers_db [None req-2f13b179-4b57-4d5f-81a9-0dbccd2e197c admin admin] create_initial_revision uuid=46b6cd09-7a69-492f-8c4e-15cf5248f514, type=ports, rev=-1 {{(pid=103216) create_initial_revision /opt/stack/neutron/neutron/db/ovn_revision_numbers_db.py:98}}
Jun 16 14:59:22.277064 np0000180763 devstack@neutron-api.service[103216]: DEBUG neutron_lib.callbacks.manager [None req-2f13b179-4b57-4d5f-81a9-0dbccd2e197c admin admin] Publish callbacks ['neutron.plugins.ml2.ovo_rpc._ObjectChangeHandler.handle_event-15053918'] for port (46b6cd09-7a69-492f-8c4e-15cf5248f514), after_create {{(pid=103216) _notify_loop /opt/stack/data/venv/lib/python3.12/site-packages/neutron_lib/callbacks/manager.py:184}}
Jun 16 14:59:22.336420 np0000180763 devstack@neutron-api.service[103216]: DEBUG neutron.api.rpc.handlers.resources_rpc [None req-2f13b179-4b57-4d5f-81a9-0dbccd2e197c admin admin] Pushing event updated for resources: {'Port': ['ID=46b6cd09-7a69-492f-8c4e-15cf5248f514,revision_number=1']} {{(pid=103216) push /opt/stack/neutron/neutron/api/rpc/handlers/resources_rpc.py:237}}
Jun 16 14:59:22.376963 np0000180763 devstack@neutron-api.service[103216]: DEBUG neutron.plugins.ml2.drivers.ovn.mech_driver.ovsdb.commands [None req-2f13b179-4b57-4d5f-81a9-0dbccd2e197c admin admin] Converting tag [] to a tag_request {{(pid=103216) _tag_column_to_tag_request /opt/stack/neutron/neutron/plugins/ml2/drivers/ovn/mech_driver/ovsdb/commands.py:205}}
Jun 16 14:59:22.377823 np0000180763 devstack@neutron-api.service[103216]: DEBUG ovsdbapp.backend.ovs_idl.transaction [-] Running txn n=1 command(idx=0): AddLSwitchPortCommand(_result=None, lport=46b6cd09-7a69-492f-8c4e-15cf5248f514, lswitch=neutron-17354dcc-712c-4917-8fa2-d44e80c31b84, may_exist=True, network_uuid=17354dcc-712c-4917-8fa2-d44e80c31b84, columns={'addresses': ['fa:16:3e:45:03:20'], 'external_ids': {'neutron:port_name': '', 'neutron:device_id': 'ovnmeta-17354dcc-712c-4917-8fa2-d44e80c31b84', 'neutron:project_id': 'db57607d822649fea6f0f53acf9da478', 'neutron:cidrs': '', 'neutron:device_owner': 'network:distributed', 'neutron:subnet_pool_addr_scope4': '', 'neutron:subnet_pool_addr_scope6': '', 'neutron:network_name': 'neutron-17354dcc-712c-4917-8fa2-d44e80c31b84', 'neutron:security_group_ids': '', 'neutron:revision_number': '1', 'neutron:vnic_type': 'normal', 'neutron:port_capabilities': '', 'neutron:mtu': '1372'}, 'parent_name': [], 'enabled': True, 'options': {}, 'type': 'localport', 'port_security': [], 'dhcpv4_options': [], 'dhcpv6_options': [], 'tag_request': []}) {{(pid=103216) do_commit /opt/stack/data/venv/lib/python3.12/site-packages/ovsdbapp/backend/ovs_idl/transaction.py:89}}
Jun 16 14:59:22.378859 np0000180763 devstack@neutron-api.service[103216]: DEBUG ovsdbapp.backend.ovs_idl.transaction [-] Running txn n=1 command(idx=1): QoSDelCommand(_result=None, switch=neutron-17354dcc-712c-4917-8fa2-d44e80c31b84, conditions=[('direction', '=', 'to-lport'), ('priority', '=', 2002), ('match', '=', 'outport == "46b6cd09-7a69-492f-8c4e-15cf5248f514"')], if_exists=True) {{(pid=103216) do_commit /opt/stack/data/venv/lib/python3.12/site-packages/ovsdbapp/backend/ovs_idl/transaction.py:89}}
Jun 16 14:59:22.379172 np0000180763 devstack@neutron-api.service[103216]: DEBUG ovsdbapp.backend.ovs_idl.transaction [-] Running txn n=1 command(idx=2): QoSDelCommand(_result=None, switch=neutron-17354dcc-712c-4917-8fa2-d44e80c31b84, conditions=[('direction', '=', 'from-lport'), ('priority', '=', 2002), ('match', '=', 'inport == "46b6cd09-7a69-492f-8c4e-15cf5248f514"')], if_exists=True) {{(pid=103216) do_commit /opt/stack/data/venv/lib/python3.12/site-packages/ovsdbapp/backend/ovs_idl/transaction.py:89}}
Jun 16 14:59:22.384007 np0000180763 devstack@neutron-api.service[103217]: DEBUG neutron.plugins.ml2.drivers.ovn.mech_driver.ovsdb.ovsdb_monitor [-] Hash Ring: Node 920ef9cba5d85c12852f637d9df698c7 (host: np0000180763) handling event "update" for row 17354dcc-712c-4917-8fa2-d44e80c31b84 (table: Logical_Switch) {{(pid=103217) notify /opt/stack/neutron/neutron/plugins/ml2/drivers/ovn/mech_driver/ovsdb/ovsdb_monitor.py:1015}}
Jun 16 14:59:22.384165 np0000180763 devstack@neutron-api.service[103217]: DEBUG neutron.plugins.ml2.drivers.ovn.mech_driver.ovsdb.ovsdb_monitor [-] Hash Ring: Node 920ef9cba5d85c12852f637d9df698c7 (host: np0000180763) handling event "create" for row a7044b89-ba3e-41b9-b7c6-b490d7732c3a (table: Logical_Switch_Port) {{(pid=103217) notify /opt/stack/neutron/neutron/plugins/ml2/drivers/ovn/mech_driver/ovsdb/ovsdb_monitor.py:1015}}
Jun 16 14:59:22.385771 np0000180763 devstack@neutron-api.service[103217]: DEBUG ovsdbapp.backend.ovs_idl.event [-] Matched CREATE: LogicalSwitchPortCreateEvent(events=('create',), table='Logical_Switch_Port', conditions=[], old_conditions=None), priority=20 to row=Logical_Switch_Port(uuid=a7044b89-ba3e-41b9-b7c6-b490d7732c3a, addresses=['fa:16:3e:45:03:20'], dhcpv4_options=[], dhcpv6_options=[], dynamic_addresses=[], enabled=True, external_ids={'neutron:cidrs': '', 'neutron:device_id': 'ovnmeta-17354dcc-712c-4917-8fa2-d44e80c31b84', 'neutron:device_owner': 'network:distributed', 'neutron:mtu': '1372', 'neutron:network_name': 'neutron-17354dcc-712c-4917-8fa2-d44e80c31b84', 'neutron:port_capabilities': '', 'neutron:port_name': '', 'neutron:project_id': 'db57607d822649fea6f0f53acf9da478', 'neutron:revision_number': '1', 'neutron:security_group_ids': '', 'neutron:subnet_pool_addr_scope4': '', 'neutron:subnet_pool_addr_scope6': '', 'neutron:vnic_type': 'normal'}, ha_chassis_group=[], mirror_rules=[], name='46b6cd09-7a69-492f-8c4e-15cf5248f514', options={}, parent_name=[], port_security=[], tag=[], tag_request=[], type='localport', up=[]) old= {{(pid=103217) matches /opt/stack/data/venv/lib/python3.12/site-packages/ovsdbapp/backend/ovs_idl/event.py:55}}
Jun 16 14:59:22.387227 np0000180763 devstack@neutron-api.service[103217]: DEBUG neutron.plugins.ml2.drivers.ovn.mech_driver.ovsdb.ovsdb_monitor [-] Hash Ring: Node 920ef9cba5d85c12852f637d9df698c7 (host: np0000180763) handling event "update" for row a7044b89-ba3e-41b9-b7c6-b490d7732c3a (table: Logical_Switch_Port) {{(pid=103217) notify /opt/stack/neutron/neutron/plugins/ml2/drivers/ovn/mech_driver/ovsdb/ovsdb_monitor.py:1015}}
Jun 16 14:59:22.387742 np0000180763 devstack@neutron-api.service[103214]: DEBUG neutron.plugins.ml2.drivers.ovn.mech_driver.ovsdb.ovsdb_monitor [-] Hash Ring: Node 5af9c4bd6d0d5af6aebc2d23495c511b (host: np0000180763) handling event "update" for row 17354dcc-712c-4917-8fa2-d44e80c31b84 (table: Logical_Switch) {{(pid=103214) notify /opt/stack/neutron/neutron/plugins/ml2/drivers/ovn/mech_driver/ovsdb/ovsdb_monitor.py:1015}}
Jun 16 14:59:22.388005 np0000180763 devstack@neutron-api.service[103214]: DEBUG neutron.plugins.ml2.drivers.ovn.mech_driver.ovsdb.ovsdb_monitor [-] Hash Ring: Node 5af9c4bd6d0d5af6aebc2d23495c511b (host: np0000180763) handling event "create" for row a7044b89-ba3e-41b9-b7c6-b490d7732c3a (table: Logical_Switch_Port) {{(pid=103214) notify /opt/stack/neutron/neutron/plugins/ml2/drivers/ovn/mech_driver/ovsdb/ovsdb_monitor.py:1015}}
Jun 16 14:59:22.389399 np0000180763 devstack@neutron-api.service[103214]: DEBUG ovsdbapp.backend.ovs_idl.event [-] Matched CREATE: LogicalSwitchPortCreateEvent(events=('create',), table='Logical_Switch_Port', conditions=[], old_conditions=None), priority=20 to row=Logical_Switch_Port(uuid=a7044b89-ba3e-41b9-b7c6-b490d7732c3a, addresses=['fa:16:3e:45:03:20'], dhcpv4_options=[], dhcpv6_options=[], dynamic_addresses=[], enabled=True, external_ids={'neutron:cidrs': '', 'neutron:device_id': 'ovnmeta-17354dcc-712c-4917-8fa2-d44e80c31b84', 'neutron:device_owner': 'network:distributed', 'neutron:mtu': '1372', 'neutron:network_name': 'neutron-17354dcc-712c-4917-8fa2-d44e80c31b84', 'neutron:port_capabilities': '', 'neutron:port_name': '', 'neutron:project_id': 'db57607d822649fea6f0f53acf9da478', 'neutron:revision_number': '1', 'neutron:security_group_ids': '', 'neutron:subnet_pool_addr_scope4': '', 'neutron:subnet_pool_addr_scope6': '', 'neutron:vnic_type': 'normal'}, ha_chassis_group=[], mirror_rules=[], name='46b6cd09-7a69-492f-8c4e-15cf5248f514', options={}, parent_name=[], port_security=[], tag=[], tag_request=[], type='localport', up=[]) old= {{(pid=103214) matches /opt/stack/data/venv/lib/python3.12/site-packages/ovsdbapp/backend/ovs_idl/event.py:55}}
Jun 16 14:59:22.390719 np0000180763 devstack@neutron-api.service[103217]: INFO neutron.plugins.ml2.drivers.ovn.mech_driver.mech_driver [-] OVN reports status down for port: 46b6cd09-7a69-492f-8c4e-15cf5248f514
Jun 16 14:59:22.392375 np0000180763 devstack@neutron-api.service[103217]: DEBUG neutron.plugins.ml2.drivers.ovn.mech_driver.ovsdb.ovsdb_monitor [-] Hash Ring: Node 920ef9cba5d85c12852f637d9df698c7 (host: np0000180763) handling event "create" for row cbb646c4-01f6-451c-a9ae-e79cc7cd780f (table: Port_Binding) {{(pid=103217) notify /opt/stack/neutron/neutron/plugins/ml2/drivers/ovn/mech_driver/ovsdb/ovsdb_monitor.py:1015}}
Jun 16 14:59:22.393534 np0000180763 devstack@neutron-api.service[103214]: INFO neutron.plugins.ml2.drivers.ovn.mech_driver.mech_driver [-] OVN reports status down for port: 46b6cd09-7a69-492f-8c4e-15cf5248f514
Jun 16 14:59:22.393534 np0000180763 devstack@neutron-api.service[103214]: DEBUG neutron.plugins.ml2.drivers.ovn.mech_driver.ovsdb.ovsdb_monitor [-] Hash Ring: Node 5af9c4bd6d0d5af6aebc2d23495c511b (host: np0000180763) handling event "create" for row cbb646c4-01f6-451c-a9ae-e79cc7cd780f (table: Port_Binding) {{(pid=103214) notify /opt/stack/neutron/neutron/plugins/ml2/drivers/ovn/mech_driver/ovsdb/ovsdb_monitor.py:1015}}
Jun 16 14:59:22.393694 np0000180763 devstack@neutron-api.service[103214]: DEBUG neutron.plugins.ml2.drivers.ovn.mech_driver.ovsdb.ovsdb_monitor [-] Hash Ring: Node 5af9c4bd6d0d5af6aebc2d23495c511b (host: np0000180763) handling event "update" for row a7044b89-ba3e-41b9-b7c6-b490d7732c3a (table: Logical_Switch_Port) {{(pid=103214) notify /opt/stack/neutron/neutron/plugins/ml2/drivers/ovn/mech_driver/ovsdb/ovsdb_monitor.py:1015}}
Jun 16 14:59:22.444734 np0000180763 devstack@neutron-api.service[103216]: INFO neutron.db.ovn_revision_numbers_db [None req-2f13b179-4b57-4d5f-81a9-0dbccd2e197c admin admin] Successfully bumped revision number for resource 46b6cd09-7a69-492f-8c4e-15cf5248f514 (type: ports) to 1
Jun 16 14:59:22.453865 np0000180763 devstack@neutron-api.service[103216]: DEBUG neutron.pecan_wsgi.hooks.policy_enforcement [None req-2f13b179-4b57-4d5f-81a9-0dbccd2e197c admin admin] Attributes excluded by policy engine: ['standard_attr_id'] {{(pid=103216) _exclude_attributes_by_policy /opt/stack/neutron/neutron/pecan_wsgi/hooks/policy_enforcement.py:259}}
Jun 16 14:59:22.453993 np0000180763 devstack@neutron-api.service[103216]: DEBUG neutron_lib.callbacks.manager [None req-2f13b179-4b57-4d5f-81a9-0dbccd2e197c admin admin] Publish callbacks [] for network (None), before_response {{(pid=103216) _notify_loop /opt/stack/data/venv/lib/python3.12/site-packages/neutron_lib/callbacks/manager.py:184}}
Jun 16 14:59:22.454082 np0000180763 devstack@neutron-api.service[103214]: DEBUG neutron.db.provisioning_blocks [None req-88197d6e-c9db-4b06-b556-323a03f9f946 None None] Transition to ACTIVE for port object 46b6cd09-7a69-492f-8c4e-15cf5248f514 will not be triggered until provisioned by entity L2. {{(pid=103214) add_provisioning_component /opt/stack/neutron/neutron/db/provisioning_blocks.py:74}}
Jun 16 14:59:22.463111 np0000180763 devstack@neutron-api.service[103217]: DEBUG neutron_lib.db.api [None req-6dafe0ab-1613-46d7-980e-c63ac2863105 None None] Retry wrapper got retriable exception: Failed to create a duplicate ProvisioningBlock: for attribute(s) ['provisioningblocks.PRIMARY'] with value(s) 14-L2 {{(pid=103217) wrapped /opt/stack/data/venv/lib/python3.12/site-packages/neutron_lib/db/api.py:185}}
Jun 16 14:59:22.463733 np0000180763 devstack@neutron-api.service[103217]: DEBUG oslo_db.api [None req-6dafe0ab-1613-46d7-980e-c63ac2863105 None None] Performing DB retry for function neutron.db.provisioning_blocks.add_provisioning_component {{(pid=103217) wrapper /opt/stack/data/venv/lib/python3.12/site-packages/oslo_db/api.py:155}}
Jun 16 14:59:22.467549 np0000180763 devstack@neutron-api.service[103216]: [pid: 103216|app: 0|req: 1/5] 199.204.45.53 () {68 vars in 1350 bytes} [Tue Jun 16 14:59:20 2026] POST /networking/v2.0/networks => generated 681 bytes in 1658 msecs (HTTP/1.1 201) 4 headers in 162 bytes (1 switches on core 0)
Jun 16 14:59:22.503514 np0000180763 devstack@neutron-api.service[103214]: DEBUG neutron.plugins.ml2.plugin [None req-88197d6e-c9db-4b06-b556-323a03f9f946 None None] Current status of the port 46b6cd09-7a69-492f-8c4e-15cf5248f514 is: DOWN; New status is: DOWN {{(pid=103214) _update_individual_port_db_status /opt/stack/neutron/neutron/plugins/ml2/plugin.py:2470}}
Jun 16 14:59:22.504108 np0000180763 devstack@neutron-api.service[103214]: INFO neutron.plugins.ml2.drivers.ovn.mech_driver.ovsdb.extensions.qos [None req-88197d6e-c9db-4b06-b556-323a03f9f946 None None] Starting OVNClientQosExtension
Jun 16 14:59:22.504274 np0000180763 devstack@neutron-api.service[103214]: INFO neutron.plugins.ml2.drivers.ovn.mech_driver.ovsdb.extensions.placement [None req-88197d6e-c9db-4b06-b556-323a03f9f946 None None] Starting OVNClientPlacementExtension
Jun 16 14:59:22.506114 np0000180763 devstack@neutron-api.service[103214]: DEBUG ovsdbapp.backend.ovs_idl.transaction [-] Running txn n=1 command(idx=0): DbRemoveCommand(_result=None, table=Logical_Switch_Port, record=46b6cd09-7a69-492f-8c4e-15cf5248f514, column=external_ids, values=('neutron:host_id',), keyvalues={}, if_exists=True) {{(pid=103214) do_commit /opt/stack/data/venv/lib/python3.12/site-packages/ovsdbapp/backend/ovs_idl/transaction.py:89}}
Jun 16 14:59:22.978268 np0000180763 devstack@neutron-api.service[103217]: DEBUG neutron.db.provisioning_blocks [None req-6dafe0ab-1613-46d7-980e-c63ac2863105 None None] Ignored duplicate provisioning block setup for port 46b6cd09-7a69-492f-8c4e-15cf5248f514 by entity L2. {{(pid=103217) add_provisioning_component /opt/stack/neutron/neutron/db/provisioning_blocks.py:69}}
Jun 16 14:59:23.177312 np0000180763 devstack@neutron-api.service[103217]: DEBUG neutron.plugins.ml2.plugin [None req-6dafe0ab-1613-46d7-980e-c63ac2863105 None None] Current status of the port 46b6cd09-7a69-492f-8c4e-15cf5248f514 is: DOWN; New status is: DOWN {{(pid=103217) _update_individual_port_db_status /opt/stack/neutron/neutron/plugins/ml2/plugin.py:2470}}
Jun 16 14:59:23.190267 np0000180763 devstack@neutron-api.service[103217]: DEBUG ovsdbapp.backend.ovs_idl.transaction [-] Running txn n=1 command(idx=0): DbRemoveCommand(_result=None, table=Logical_Switch_Port, record=46b6cd09-7a69-492f-8c4e-15cf5248f514, column=external_ids, values=('neutron:host_id',), keyvalues={}, if_exists=True) {{(pid=103217) do_commit /opt/stack/data/venv/lib/python3.12/site-packages/ovsdbapp/backend/ovs_idl/transaction.py:89}}
Jun 16 14:59:23.193274 np0000180763 devstack@neutron-api.service[103217]: DEBUG neutron.policy [None req-76b91bb4-5190-4e3e-a69c-0e0fe189b183 admin admin] Loaded default policies from ['neutron'] under neutron.policies entry points {{(pid=103217) register_rules /opt/stack/neutron/neutron/policy.py:65}}
Jun 16 14:59:23.299291 np0000180763 devstack@neutron-api.service[103217]: DEBUG neutron.pecan_wsgi.hooks.policy_enforcement [None req-76b91bb4-5190-4e3e-a69c-0e0fe189b183 admin admin] Attributes excluded by policy engine: ['standard_attr_id'] {{(pid=103217) _exclude_attributes_by_policy /opt/stack/neutron/neutron/pecan_wsgi/hooks/policy_enforcement.py:259}}
Jun 16 14:59:23.300569 np0000180763 devstack@neutron-api.service[103217]: [pid: 103217|app: 0|req: 3/6] 199.204.45.53 () {64 vars in 1408 bytes} [Tue Jun 16 14:59:22 2026] GET /networking/v2.0/networks/17354dcc-712c-4917-8fa2-d44e80c31b84 => generated 662 bytes in 425 msecs (HTTP/1.1 200) 4 headers in 157 bytes (1 switches on core 0)
