+ COMMAND=start + start + for KEYSTONE_WSGI_SCRIPT in keystone-wsgi-public ++ type -p keystone-wsgi-public + cp -a /var/lib/openstack/bin/keystone-wsgi-public /var/www/cgi-bin/keystone/ + '[' -f /etc/apache2/envvars ']' + source /etc/apache2/envvars ++ unset HOME ++ '[' '' '!=' '' ']' ++ SUFFIX= ++ export APACHE_RUN_USER=www-data ++ APACHE_RUN_USER=www-data ++ export APACHE_RUN_GROUP=www-data ++ APACHE_RUN_GROUP=www-data ++ export APACHE_PID_FILE=/var/run/apache2/apache2.pid ++ APACHE_PID_FILE=/var/run/apache2/apache2.pid ++ export APACHE_RUN_DIR=/var/run/apache2 ++ APACHE_RUN_DIR=/var/run/apache2 ++ export APACHE_LOCK_DIR=/var/lock/apache2 ++ APACHE_LOCK_DIR=/var/lock/apache2 ++ export APACHE_LOG_DIR=/var/log/apache2 ++ APACHE_LOG_DIR=/var/log/apache2 ++ export LANG=C ++ LANG=C ++ export LANG + '[' -f /var/run/apache2/apache2.pid ']' + exec apache2 -DFOREGROUND AH00558: apache2: Could not reliably determine the server's fully qualified domain name, using 10.0.0.25. Set the 'ServerName' directive globally to suppress this message AH00558: apache2: Could not reliably determine the server's fully qualified domain name, using 10.0.0.25. Set the 'ServerName' directive globally to suppress this message
[Wed Jul 01 07:35:50.343313 2026] [mpm_event:notice] [pid 1:tid 140112605808512] AH00489: Apache/2.4.58 (Ubuntu) mod_wsgi/5.0.0 Python/3.12 configured -- resuming normal operations
[Wed Jul 01 07:35:50.343522 2026] [core:notice] [pid 1:tid 140112605808512] AH00094: Command line: 'apache2 -D FOREGROUND'
[Wed Jul 01 07:36:51.621271 2026] [wsgi:error] [pid 9:tid 140111967987392] /var/lib/openstack/lib/python3.12/site-packages/oslo_utils/importutils.py:77: EventletDeprecationWarning:
[Wed Jul 01 07:36:51.621315 2026] [wsgi:error] [pid 9:tid 140111967987392] Eventlet is deprecated. It is currently being maintained in bugfix mode, and
[Wed Jul 01 07:36:51.621317 2026] [wsgi:error] [pid 9:tid 140111967987392] we strongly recommend against using it for new projects.
[Wed Jul 01 07:36:51.621319 2026] [wsgi:error] [pid 9:tid 140111967987392]
[Wed Jul 01 07:36:51.621320 2026] [wsgi:error] [pid 9:tid 140111967987392] If you are already using Eventlet, we recommend migrating to a different
[Wed Jul 01 07:36:51.621321 2026] [wsgi:error] [pid 9:tid 140111967987392] framework. For more detail see
[Wed Jul 01 07:36:51.621322 2026] [wsgi:error] [pid 9:tid 140111967987392] https://eventlet.readthedocs.io/en/latest/asyncio/migration.html
[Wed Jul 01 07:36:51.621323 2026] [wsgi:error] [pid 9:tid 140111967987392]
[Wed Jul 01 07:36:51.621324 2026] [wsgi:error] [pid 9:tid 140111967987392] __import__(import_str)
[Wed Jul 01 07:36:51.652661 2026] [wsgi:error] [pid 11:tid 140111967987392] /var/lib/openstack/lib/python3.12/site-packages/oslo_utils/importutils.py:77: EventletDeprecationWarning:
[Wed Jul 01 07:36:51.652699 2026] [wsgi:error] [pid 11:tid 140111967987392] Eventlet is deprecated. It is currently being maintained in bugfix mode, and
[Wed Jul 01 07:36:51.652701 2026] [wsgi:error] [pid 11:tid 140111967987392] we strongly recommend against using it for new projects.
[Wed Jul 01 07:36:51.652703 2026] [wsgi:error] [pid 11:tid 140111967987392]
[Wed Jul 01 07:36:51.652704 2026] [wsgi:error] [pid 11:tid 140111967987392] If you are already using Eventlet, we recommend migrating to a different
[Wed Jul 01 07:36:51.652705 2026] [wsgi:error] [pid 11:tid 140111967987392] framework. For more detail see
[Wed Jul 01 07:36:51.652706 2026] [wsgi:error] [pid 11:tid 140111967987392] https://eventlet.readthedocs.io/en/latest/asyncio/migration.html
[Wed Jul 01 07:36:51.652707 2026] [wsgi:error] [pid 11:tid 140111967987392]
[Wed Jul 01 07:36:51.652708 2026] [wsgi:error] [pid 11:tid 140111967987392] __import__(import_str) 10.0.0.153 - - [01/Jul/2026:07:36:50 +0000] "GET /v3/ HTTP/1.1" 200 249 10.0.0.153 - - [01/Jul/2026:07:36:50 +0000] "GET /v3/ HTTP/1.1" 200 249
[Wed Jul 01 07:36:57.189483 2026] [wsgi:error] [pid 12:tid 140111967987392] /var/lib/openstack/lib/python3.12/site-packages/oslo_utils/importutils.py:77: EventletDeprecationWarning:
[Wed Jul 01 07:36:57.189547 2026] [wsgi:error] [pid 12:tid 140111967987392] Eventlet is deprecated. It is currently being maintained in bugfix mode, and
[Wed Jul 01 07:36:57.189549 2026] [wsgi:error] [pid 12:tid 140111967987392] we strongly recommend against using it for new projects.
[Wed Jul 01 07:36:57.189550 2026] [wsgi:error] [pid 12:tid 140111967987392]
[Wed Jul 01 07:36:57.189551 2026] [wsgi:error] [pid 12:tid 140111967987392] If you are already using Eventlet, we recommend migrating to a different
[Wed Jul 01 07:36:57.189552 2026] [wsgi:error] [pid 12:tid 140111967987392] framework. For more detail see
[Wed Jul 01 07:36:57.189554 2026] [wsgi:error] [pid 12:tid 140111967987392] https://eventlet.readthedocs.io/en/latest/asyncio/migration.html
[Wed Jul 01 07:36:57.189555 2026] [wsgi:error] [pid 12:tid 140111967987392]
[Wed Jul 01 07:36:57.189556 2026] [wsgi:error] [pid 12:tid 140111967987392] __import__(import_str) 10.0.0.153 - - [01/Jul/2026:07:36:56 +0000] "GET /v3/ HTTP/1.1" 200 249
[Wed Jul 01 07:37:04.185798 2026] [wsgi:error] [pid 10:tid 140111967987392] /var/lib/openstack/lib/python3.12/site-packages/oslo_utils/importutils.py:77: EventletDeprecationWarning:
[Wed Jul 01 07:37:04.185829 2026] [wsgi:error] [pid 10:tid 140111967987392] Eventlet is deprecated. It is currently being maintained in bugfix mode, and
[Wed Jul 01 07:37:04.185831 2026] [wsgi:error] [pid 10:tid 140111967987392] we strongly recommend against using it for new projects.
[Wed Jul 01 07:37:04.185832 2026] [wsgi:error] [pid 10:tid 140111967987392]
[Wed Jul 01 07:37:04.185833 2026] [wsgi:error] [pid 10:tid 140111967987392] If you are already using Eventlet, we recommend migrating to a different
[Wed Jul 01 07:37:04.185834 2026] [wsgi:error] [pid 10:tid 140111967987392] framework. For more detail see
[Wed Jul 01 07:37:04.185835 2026] [wsgi:error] [pid 10:tid 140111967987392] https://eventlet.readthedocs.io/en/latest/asyncio/migration.html
[Wed Jul 01 07:37:04.185837 2026] [wsgi:error] [pid 10:tid 140111967987392]
[Wed Jul 01 07:37:04.185838 2026] [wsgi:error] [pid 10:tid 140111967987392] __import__(import_str) 10.0.0.37 - - [01/Jul/2026:07:37:03 +0000] "GET / HTTP/1.1" 300 295
[Wed Jul 01 07:37:08.866550 2026] [wsgi:error] [pid 9:tid 140111967987392] [remote 10.0.0.37:33770] 2026-07-01 07:37:08.864 9 WARNING keystone.identity.core [None req-1c74daff-91fc-4d6c-9961-c54553d0e250 - - - - - -] Invalid domain name (atmosphere) found in config file name: keystone.exception.DomainNotFound: Could not find domain: atmosphere.
[Wed Jul 01 07:37:08.912341 2026] [wsgi:error] [pid 9:tid 140111967987392] [remote 10.0.0.37:33770] 2026-07-01 07:37:08.912 9 WARNING keystone.common.password_hashing [None req-1c74daff-91fc-4d6c-9961-c54553d0e250 - - - - - -] Truncating password to algorithm specific maximum length 72 characters.
[Wed Jul 01 07:37:09.193174 2026] [wsgi:error] [pid 9:tid 140111967987392] [remote 10.0.0.37:33770] 2026-07-01 07:37:09.193 9 WARNING keystone.common.fernet_utils [None req-1c74daff-91fc-4d6c-9961-c54553d0e250 - - - - - -] key_repository is world readable: /etc/keystone/fernet-keys/ 10.0.0.37 - - [01/Jul/2026:07:37:08 +0000] "POST /v3/auth/tokens HTTP/1.1" 201 1360
[Wed Jul 01 07:37:09.561670 2026] [wsgi:error] [pid 11:tid 140111967987392] [remote 10.0.0.37:33770] 2026-07-01 07:37:09.558 11 WARNING keystone.identity.core [None req-dcc9033a-9a37-4d1d-b58a-a3ca1bdbd94d - - - - - -] Invalid domain name (atmosphere) found in config file name: keystone.exception.DomainNotFound: Could not find domain: atmosphere. 10.0.0.37 - - [01/Jul/2026:07:37:09 +0000] "POST /v3/domains HTTP/1.1" 201 261 10.0.0.16 - - [01/Jul/2026:07:37:21 +0000] "GET / HTTP/1.1" 300 295
[Wed Jul 01 07:37:21.944236 2026] [wsgi:error] [pid 10:tid 140111967987392] [remote 10.0.0.16:57588] 2026-07-01 07:37:21.943 10 WARNING keystone.common.password_hashing [None req-2577236e-5a27-409a-adc8-cff2a9792a78 - - - - - -] Truncating password to algorithm specific maximum length 72 characters.
[Wed Jul 01 07:37:22.212425 2026] [wsgi:error] [pid 10:tid 140111967987392] [remote 10.0.0.16:57588] 2026-07-01 07:37:22.212 10 WARNING keystone.common.fernet_utils [None req-2577236e-5a27-409a-adc8-cff2a9792a78 - - - - - -] key_repository is world readable: /etc/keystone/fernet-keys/ 10.0.0.16 - - [01/Jul/2026:07:37:21 +0000] "POST /v3/auth/tokens HTTP/1.1" 201 1360 10.0.0.16 - - [01/Jul/2026:07:37:22 +0000] "GET /v3/roles/admin HTTP/1.1" 404 83
[Wed Jul 01 07:37:22.461013 2026] [wsgi:error] [pid 11:tid 140111967987392] [remote 10.0.0.16:57588] 2026-07-01 07:37:22.460 11 WARNING keystone.common.rbac_enforcer.enforcer [None req-6e2b4bcb-9457-405d-851b-e4be6b49062e 245a2f2d30af4cc9b0c0edb1eb0b35d4 bae878d7b5984d88b59349f9bfc082ad - - default default] Deprecated policy rules found. Use oslopolicy-policy-generator and oslopolicy-policy-upgrade to detect and resolve deprecated policies in your configuration. 10.0.0.16 - - [01/Jul/2026:07:37:22 +0000] "GET /v3/roles?name=admin HTTP/1.1" 200 389
[Wed Jul 01 07:37:22.962554 2026] [wsgi:error] [pid 12:tid 140111967987392] [remote 10.0.0.16:57588] 2026-07-01 07:37:22.962 12 WARNING keystone.common.rbac_enforcer.enforcer [None req-3ec3e7e4-70d2-44f5-9237-64bf2014869f 245a2f2d30af4cc9b0c0edb1eb0b35d4 bae878d7b5984d88b59349f9bfc082ad - - default default] Deprecated policy rules found. Use oslopolicy-policy-generator and oslopolicy-policy-upgrade to detect and resolve deprecated policies in your configuration. 10.0.0.16 - - [01/Jul/2026:07:37:22 +0000] "GET /v3/users/admin-RegionOne HTTP/1.1" 404 93
[Wed Jul 01 07:37:23.096382 2026] [wsgi:error] [pid 10:tid 140111967987392] [remote 10.0.0.16:57588] 2026-07-01 07:37:23.096 10 WARNING keystone.common.rbac_enforcer.enforcer [None req-a3abac55-cc24-4847-bab8-1f4615b6420b 245a2f2d30af4cc9b0c0edb1eb0b35d4 bae878d7b5984d88b59349f9bfc082ad - - default default] Deprecated policy rules found. Use oslopolicy-policy-generator and oslopolicy-policy-upgrade to detect and resolve deprecated policies in your configuration. 10.0.0.16 - - [01/Jul/2026:07:37:22 +0000] "GET /v3/users?name=admin-RegionOne HTTP/1.1" 200 422
[Wed Jul 01 07:37:23.307493 2026] [wsgi:error] [pid 9:tid 140111967987392] [remote 10.0.0.16:57588] 2026-07-01 07:37:23.307 9 WARNING keystone.common.rbac_enforcer.enforcer [None req-f4d5fc95-7538-4119-83c6-648c93674a70 245a2f2d30af4cc9b0c0edb1eb0b35d4 bae878d7b5984d88b59349f9bfc082ad - - default default] Deprecated policy rules found. Use oslopolicy-policy-generator and oslopolicy-policy-upgrade to detect and resolve deprecated policies in your configuration. 10.0.0.16 - - [01/Jul/2026:07:37:23 +0000] "GET /v3/domains/default HTTP/1.1" 200 224 10.0.0.16 - - [01/Jul/2026:07:37:23 +0000] "PUT /v3/domains/default/users/245a2f2d30af4cc9b0c0edb1eb0b35d4/roles/d68877163ac6454a85042ecc3da638fc HTTP/1.1" 204 - 10.0.0.153 - - [01/Jul/2026:07:37:33 +0000] "GET / HTTP/1.1" 300 281 10.0.0.153 - - [01/Jul/2026:07:37:35 +0000] "GET /v3 HTTP/1.1" 200 266
[Wed Jul 01 07:37:35.037592 2026] [wsgi:error] [pid 9:tid 140111967987392] [remote 10.0.0.153:52918] 2026-07-01 07:37:35.037 9 WARNING keystone.common.password_hashing [None req-b5bd5c29-d647-44c5-ace8-93e200b10b20 - - - - - -] Truncating password to algorithm specific maximum length 72 characters.
[Wed Jul 01 07:37:35.313738 2026] [wsgi:error] [pid 9:tid 140111967987392] [remote 10.0.0.153:52918] 2026-07-01 07:37:35.313 9 WARNING keystone.common.fernet_utils [None req-b5bd5c29-d647-44c5-ace8-93e200b10b20 - - - - - -] key_repository is world readable: /etc/keystone/fernet-keys/ 10.0.0.153 - - [01/Jul/2026:07:37:35 +0000] "POST /v3/auth/tokens HTTP/1.1" 201 1360 10.0.0.153 - - [01/Jul/2026:07:37:35 +0000] "GET / HTTP/1.1" 300 281 10.0.0.153 - - [01/Jul/2026:07:37:35 +0000] "GET /v3/domains/atmosphere HTTP/1.1" 404 90 10.0.0.153 - - [01/Jul/2026:07:37:35 +0000] "GET /v3/domains?name=atmosphere HTTP/1.1" 200 370 10.0.0.153 - - [01/Jul/2026:07:37:35 +0000] "GET /v3/domains/471bc4f1575b46a58e5eb71772aa24d1 HTTP/1.1" 200 247 10.0.0.153 - - [01/Jul/2026:07:37:36 +0000] "GET /v3 HTTP/1.1" 200 266
[Wed Jul 01 07:37:36.315220 2026] [wsgi:error] [pid 12:tid 140111967987392] [remote 10.0.0.153:52928] 2026-07-01 07:37:36.314 12 WARNING keystone.common.password_hashing [None req-add909fa-dccc-4f50-93ab-578484bde251 - - - - - -] Truncating password to algorithm specific maximum length 72 characters.
[Wed Jul 01 07:37:36.586170 2026] [wsgi:error] [pid 12:tid 140111967987392] [remote 10.0.0.153:52928] 2026-07-01 07:37:36.585 12 WARNING keystone.common.fernet_utils [None req-add909fa-dccc-4f50-93ab-578484bde251 - - - - - -] key_repository is world readable: /etc/keystone/fernet-keys/ 10.0.0.153 - - [01/Jul/2026:07:37:36 +0000] "POST /v3/auth/tokens HTTP/1.1" 201 1360 10.0.0.153 - - [01/Jul/2026:07:37:36 +0000] "GET / HTTP/1.1" 300 281 10.0.0.153 - - [01/Jul/2026:07:37:36 +0000] "GET /v3/OS-FEDERATION/identity_providers/atmosphere HTTP/1.1" 404 101 10.0.0.153 - - [01/Jul/2026:07:37:36 +0000] "GET /v3/OS-FEDERATION/identity_providers HTTP/1.1" 200 156 10.0.0.153 - - [01/Jul/2026:07:37:36 +0000] "PUT /v3/OS-FEDERATION/identity_providers/atmosphere HTTP/1.1" 201 342 10.0.0.153 - - [01/Jul/2026:07:37:37 +0000] "GET /v3 HTTP/1.1" 200 266
[Wed Jul 01 07:37:37.265738 2026] [wsgi:error] [pid 9:tid 140111967987392] [remote 10.0.0.153:52918] 2026-07-01 07:37:37.265 9 WARNING keystone.common.password_hashing [None req-9326a140-33a5-4a41-af79-7b4cbe3c5e02 - - - - - -] Truncating password to algorithm specific maximum length 72 characters.
[Wed Jul 01 07:37:37.544310 2026] [wsgi:error] [pid 9:tid 140111967987392] [remote 10.0.0.153:52918] 2026-07-01 07:37:37.544 9 WARNING keystone.common.fernet_utils [None req-9326a140-33a5-4a41-af79-7b4cbe3c5e02 - - - - - -] key_repository is world readable: /etc/keystone/fernet-keys/ 10.0.0.153 - - [01/Jul/2026:07:37:37 +0000] "POST /v3/auth/tokens HTTP/1.1" 201 1360 10.0.0.153 - - [01/Jul/2026:07:37:37 +0000] "GET / HTTP/1.1" 300 281 10.0.0.153 - - [01/Jul/2026:07:37:37 +0000] "GET /v3/OS-FEDERATION/mappings/atmosphere-openid HTTP/1.1" 404 98 10.0.0.153 - - [01/Jul/2026:07:37:37 +0000] "GET /v3/OS-FEDERATION/mappings HTTP/1.1" 200 136 10.0.0.153 - - [01/Jul/2026:07:37:37 +0000] "PUT /v3/OS-FEDERATION/mappings/atmosphere-openid HTTP/1.1" 201 357 10.0.0.153 - - [01/Jul/2026:07:37:38 +0000] "GET /v3 HTTP/1.1" 200 266
[Wed Jul 01 07:37:38.251115 2026] [wsgi:error] [pid 12:tid 140111967987392] [remote 10.0.0.153:52928] 2026-07-01 07:37:38.250 12 WARNING keystone.common.password_hashing [None req-caae8c97-372a-4ab7-b9b3-6f680c1fbbbc - - - - - -] Truncating password to algorithm specific maximum length 72 characters.
[Wed Jul 01 07:37:38.527554 2026] [wsgi:error] [pid 12:tid 140111967987392] [remote 10.0.0.153:52928] 2026-07-01 07:37:38.527 12 WARNING keystone.common.fernet_utils [None req-caae8c97-372a-4ab7-b9b3-6f680c1fbbbc - - - - - -] key_repository is world readable: /etc/keystone/fernet-keys/ 10.0.0.153 - - [01/Jul/2026:07:37:38 +0000] "POST /v3/auth/tokens HTTP/1.1" 201 1360 10.0.0.153 - - [01/Jul/2026:07:37:38 +0000] "GET / HTTP/1.1" 300 281 10.0.0.153 - - [01/Jul/2026:07:37:38 +0000] "GET /v3/OS-FEDERATION/identity_providers/atmosphere/protocols/openid?idp_id=atmosphere HTTP/1.1" 404 131 10.0.0.153 - - [01/Jul/2026:07:37:38 +0000] "GET /v3/OS-FEDERATION/identity_providers/atmosphere/protocols HTTP/1.1" 200 168 10.0.0.153 - - [01/Jul/2026:07:37:38 +0000] "PUT /v3/OS-FEDERATION/identity_providers/atmosphere/protocols/openid HTTP/1.1" 201 224 10.0.0.153 - - [01/Jul/2026:07:37:50 +0000] "GET /v3/ HTTP/1.1" 200 249 10.0.0.153 - - [01/Jul/2026:07:37:50 +0000] "GET /v3/ HTTP/1.1" 200 249 10.0.0.153 - - [01/Jul/2026:07:38:50 +0000] "GET /v3/ HTTP/1.1" 200 249 10.0.0.153 - - [01/Jul/2026:07:38:50 +0000] "GET /v3/ HTTP/1.1" 200 249 10.0.0.133 - - [01/Jul/2026:07:39:01 +0000] "GET / HTTP/1.1" 300 295
[Wed Jul 01 07:39:01.512563 2026] [wsgi:error] [pid 12:tid 140111967987392] [remote 10.0.0.133:55540] 2026-07-01 07:39:01.512 12 WARNING keystone.common.password_hashing [None req-08c36d45-db76-497f-8940-30af52911ee2 - - - - - -] Truncating password to algorithm specific maximum length 72 characters.
[Wed Jul 01 07:39:01.793458 2026] [wsgi:error] [pid 12:tid 140111967987392] [remote 10.0.0.133:55540] 2026-07-01 07:39:01.793 12 WARNING keystone.common.fernet_utils [None req-08c36d45-db76-497f-8940-30af52911ee2 - - - - - -] key_repository is world readable: /etc/keystone/fernet-keys/ 10.0.0.133 - - [01/Jul/2026:07:39:01 +0000] "POST /v3/auth/tokens HTTP/1.1" 201 1360 10.0.0.133 - - [01/Jul/2026:07:39:01 +0000] "GET /v3/services HTTP/1.1" 200 355 10.0.0.133 - - [01/Jul/2026:07:39:05 +0000] "GET / HTTP/1.1" 300 295
[Wed Jul 01 07:39:05.509159 2026] [wsgi:error] [pid 11:tid 140111967987392] [remote 10.0.0.133:55554] 2026-07-01 07:39:05.508 11 WARNING keystone.common.password_hashing [None req-4f36654b-cbc0-4e5d-9c75-19748ac034bc - - - - - -] Truncating password to algorithm specific maximum length 72 characters.
[Wed Jul 01 07:39:05.795416 2026] [wsgi:error] [pid 11:tid 140111967987392] [remote 10.0.0.133:55554] 2026-07-01 07:39:05.795 11 WARNING keystone.common.fernet_utils [None req-4f36654b-cbc0-4e5d-9c75-19748ac034bc - - - - - -] key_repository is world readable: /etc/keystone/fernet-keys/ 10.0.0.133 - - [01/Jul/2026:07:39:05 +0000] "POST /v3/auth/tokens HTTP/1.1" 201 1360 10.0.0.133 - - [01/Jul/2026:07:39:05 +0000] "GET /v3/services HTTP/1.1" 200 355 10.0.0.133 - - [01/Jul/2026:07:39:09 +0000] "GET / HTTP/1.1" 300 295
[Wed Jul 01 07:39:09.438844 2026] [wsgi:error] [pid 9:tid 140111967987392] [remote 10.0.0.133:48594] 2026-07-01 07:39:09.438 9 WARNING keystone.common.password_hashing [None req-59a0e3a7-dfab-45dd-b750-1cbf3ccef5ef - - - - - -] Truncating password to algorithm specific maximum length 72 characters.
[Wed Jul 01 07:39:09.726864 2026] [wsgi:error] [pid 9:tid 140111967987392] [remote 10.0.0.133:48594] 2026-07-01 07:39:09.726 9 WARNING keystone.common.fernet_utils [None req-59a0e3a7-dfab-45dd-b750-1cbf3ccef5ef - - - - - -] key_repository is world readable: /etc/keystone/fernet-keys/ 10.0.0.133 - - [01/Jul/2026:07:39:09 +0000] "POST /v3/auth/tokens HTTP/1.1" 201 1360 10.0.0.133 - - [01/Jul/2026:07:39:09 +0000] "GET /v3/services HTTP/1.1" 200 355 10.0.0.133 - - [01/Jul/2026:07:39:13 +0000] "GET / HTTP/1.1" 300 295
[Wed Jul 01 07:39:13.326416 2026] [wsgi:error] [pid 10:tid 140111967987392] [remote 10.0.0.133:48602] 2026-07-01 07:39:13.326 10 WARNING keystone.common.password_hashing [None req-f95f8bea-5876-48d5-b5f2-33ebef14c696 - - - - - -] Truncating password to algorithm specific maximum length 72 characters.
[Wed Jul 01 07:39:13.607812 2026] [wsgi:error] [pid 10:tid 140111967987392] [remote 10.0.0.133:48602] 2026-07-01 07:39:13.607 10 WARNING keystone.common.fernet_utils [None req-f95f8bea-5876-48d5-b5f2-33ebef14c696 - - - - - -] key_repository is world readable: /etc/keystone/fernet-keys/ 10.0.0.133 - - [01/Jul/2026:07:39:13 +0000] "POST /v3/auth/tokens HTTP/1.1" 201 1360 10.0.0.133 - - [01/Jul/2026:07:39:13 +0000] "POST /v3/services HTTP/1.1" 201 296 10.0.0.212 - - [01/Jul/2026:07:39:24 +0000] "GET / HTTP/1.1" 300 295
[Wed Jul 01 07:39:24.854923 2026] [wsgi:error] [pid 12:tid 140111967987392] [remote 10.0.0.212:41050] 2026-07-01 07:39:24.854 12 WARNING keystone.common.password_hashing [None req-c41c8632-bd10-4f76-932d-afd746fba12a - - - - - -] Truncating password to algorithm specific maximum length 72 characters. 10.0.0.212 - - [01/Jul/2026:07:39:24 +0000] "GET / HTTP/1.1" 300 295
[Wed Jul 01 07:39:24.890786 2026] [wsgi:error] [pid 9:tid 140111967987392] [remote 10.0.0.212:41066] 2026-07-01 07:39:24.890 9 WARNING keystone.common.password_hashing [None req-c587d16d-dcfa-4fc5-9e7f-cb5627f4ed35 - - - - - -] Truncating password to algorithm specific maximum length 72 characters. 10.0.0.212 - - [01/Jul/2026:07:39:24 +0000] "GET / HTTP/1.1" 300 295
[Wed Jul 01 07:39:25.006432 2026] [wsgi:error] [pid 10:tid 140111967987392] [remote 10.0.0.212:41076] 2026-07-01 07:39:25.006 10 WARNING keystone.common.password_hashing [None req-36333590-0ad3-4c89-93b4-e3283bb2c45f - - - - - -] Truncating password to algorithm specific maximum length 72 characters.
[Wed Jul 01 07:39:25.128670 2026] [wsgi:error] [pid 12:tid 140111967987392] [remote 10.0.0.212:41050] 2026-07-01 07:39:25.128 12 WARNING keystone.common.fernet_utils [None req-c41c8632-bd10-4f76-932d-afd746fba12a - - - - - -] key_repository is world readable: /etc/keystone/fernet-keys/ 10.0.0.212 - - [01/Jul/2026:07:39:24 +0000] "POST /v3/auth/tokens HTTP/1.1" 201 1464
[Wed Jul 01 07:39:25.170912 2026] [wsgi:error] [pid 9:tid 140111967987392] [remote 10.0.0.212:41066] 2026-07-01 07:39:25.170 9 WARNING keystone.common.fernet_utils [None req-c587d16d-dcfa-4fc5-9e7f-cb5627f4ed35 - - - - - -] key_repository is world readable: /etc/keystone/fernet-keys/ 10.0.0.212 - - [01/Jul/2026:07:39:24 +0000] "POST /v3/auth/tokens HTTP/1.1" 201 1464 10.0.0.212 - - [01/Jul/2026:07:39:25 +0000] "GET /v3/services HTTP/1.1" 200 639
[Wed Jul 01 07:39:25.276620 2026] [wsgi:error] [pid 10:tid 140111967987392] [remote 10.0.0.212:41076] 2026-07-01 07:39:25.276 10 WARNING keystone.common.fernet_utils [None req-36333590-0ad3-4c89-93b4-e3283bb2c45f - - - - - -] key_repository is world readable: /etc/keystone/fernet-keys/ 10.0.0.212 - - [01/Jul/2026:07:39:24 +0000] "POST /v3/auth/tokens HTTP/1.1" 201 1464 10.0.0.212 - - [01/Jul/2026:07:39:25 +0000] "GET /v3/services HTTP/1.1" 200 639 10.0.0.212 - - [01/Jul/2026:07:39:25 +0000] "GET /v3/services HTTP/1.1" 200 639 10.0.0.212 - - [01/Jul/2026:07:39:26 +0000] "GET / HTTP/1.1" 300 295
[Wed Jul 01 07:39:26.832484 2026] [wsgi:error] [pid 10:tid 140111967987392] [remote 10.0.0.212:41092] 2026-07-01 07:39:26.832 10 WARNING keystone.common.password_hashing [None req-29da3aa8-8279-4999-8b5a-09791d8ec54a - - - - - -] Truncating password to algorithm specific maximum length 72 characters. 10.0.0.212 - - [01/Jul/2026:07:39:26 +0000] "GET / HTTP/1.1" 300 295
[Wed Jul 01 07:39:26.907758 2026] [wsgi:error] [pid 9:tid 140111967987392] [remote 10.0.0.212:41106] 2026-07-01 07:39:26.907 9 WARNING keystone.common.password_hashing [None req-028ac8ae-7635-4e72-a5a1-d6cea7d56987 - - - - - -] Truncating password to algorithm specific maximum length 72 characters. 10.0.0.212 - - [01/Jul/2026:07:39:26 +0000] "GET / HTTP/1.1" 300 295
[Wed Jul 01 07:39:26.983561 2026] [wsgi:error] [pid 12:tid 140111967987392] [remote 10.0.0.212:41108] 2026-07-01 07:39:26.983 12 WARNING keystone.common.password_hashing [None req-7802e449-c076-4ff6-9e65-2b1b9d5857dd - - - - - -] Truncating password to algorithm specific maximum length 72 characters.
[Wed Jul 01 07:39:27.099567 2026] [wsgi:error] [pid 10:tid 140111967987392] [remote 10.0.0.212:41092] 2026-07-01 07:39:27.099 10 WARNING keystone.common.fernet_utils [None req-29da3aa8-8279-4999-8b5a-09791d8ec54a - - - - - -] key_repository is world readable: /etc/keystone/fernet-keys/ 10.0.0.212 - - [01/Jul/2026:07:39:26 +0000] "POST /v3/auth/tokens HTTP/1.1" 201 1464
[Wed Jul 01 07:39:27.184514 2026] [wsgi:error] [pid 9:tid 140111967987392] [remote 10.0.0.212:41106] 2026-07-01 07:39:27.184 9 WARNING keystone.common.fernet_utils [None req-028ac8ae-7635-4e72-a5a1-d6cea7d56987 - - - - - -] key_repository is world readable: /etc/keystone/fernet-keys/ 10.0.0.212 - - [01/Jul/2026:07:39:26 +0000] "POST /v3/auth/tokens HTTP/1.1" 201 1464 10.0.0.212 - - [01/Jul/2026:07:39:27 +0000] "GET /v3/endpoints HTTP/1.1" 200 1227
[Wed Jul 01 07:39:27.254625 2026] [wsgi:error] [pid 12:tid 140111967987392] [remote 10.0.0.212:41108] 2026-07-01 07:39:27.254 12 WARNING keystone.common.fernet_utils [None req-7802e449-c076-4ff6-9e65-2b1b9d5857dd - - - - - -] key_repository is world readable: /etc/keystone/fernet-keys/ 10.0.0.212 - - [01/Jul/2026:07:39:27 +0000] "GET /v3/services/c961cd3752d04629882a0ab89784a07f HTTP/1.1" 200 233 10.0.0.212 - - [01/Jul/2026:07:39:26 +0000] "POST /v3/auth/tokens HTTP/1.1" 201 1464 10.0.0.212 - - [01/Jul/2026:07:39:27 +0000] "GET /v3/services/c961cd3752d04629882a0ab89784a07f HTTP/1.1" 200 233 10.0.0.212 - - [01/Jul/2026:07:39:27 +0000] "GET /v3/services/c961cd3752d04629882a0ab89784a07f HTTP/1.1" 200 233 10.0.0.212 - - [01/Jul/2026:07:39:27 +0000] "GET /v3/endpoints HTTP/1.1" 200 1227 10.0.0.212 - - [01/Jul/2026:07:39:27 +0000] "GET /v3/services/c961cd3752d04629882a0ab89784a07f HTTP/1.1" 200 233 10.0.0.212 - - [01/Jul/2026:07:39:27 +0000] "GET /v3/services/c961cd3752d04629882a0ab89784a07f HTTP/1.1" 200 233 10.0.0.212 - - [01/Jul/2026:07:39:27 +0000] "GET /v3/endpoints HTTP/1.1" 200 1227 10.0.0.212 - - [01/Jul/2026:07:39:27 +0000] "GET /v3/services/c961cd3752d04629882a0ab89784a07f HTTP/1.1" 200 233 10.0.0.212 - - [01/Jul/2026:07:39:27 +0000] "GET /v3/services/c961cd3752d04629882a0ab89784a07f HTTP/1.1" 200 233 10.0.0.212 - - [01/Jul/2026:07:39:27 +0000] "GET /v3/services/c961cd3752d04629882a0ab89784a07f HTTP/1.1" 200 233 10.0.0.212 - - [01/Jul/2026:07:39:27 +0000] "GET /v3/services/c961cd3752d04629882a0ab89784a07f HTTP/1.1" 200 233 10.0.0.212 - - [01/Jul/2026:07:39:28 +0000] "GET / HTTP/1.1" 300 295
[Wed Jul 01 07:39:28.836101 2026] [wsgi:error] [pid 12:tid 140111967987392] [remote 10.0.0.212:41118] 2026-07-01 07:39:28.835 12 WARNING keystone.common.password_hashing [None req-5199e991-989e-4b79-8fb3-44b84d802dda - - - - - -] Truncating password to algorithm specific maximum length 72 characters. 10.0.0.212 - - [01/Jul/2026:07:39:28 +0000] "GET / HTTP/1.1" 300 295
[Wed Jul 01 07:39:28.852243 2026] [wsgi:error] [pid 11:tid 140111967987392] [remote 10.0.0.212:41126] 2026-07-01 07:39:28.852 11 WARNING keystone.common.password_hashing [None req-fd6aa02e-965a-41ba-bc8d-276dd4dbf9fd - - - - - -] Truncating password to algorithm specific maximum length 72 characters. 10.0.0.212 - - [01/Jul/2026:07:39:28 +0000] "GET / HTTP/1.1" 300 295
[Wed Jul 01 07:39:28.884588 2026] [wsgi:error] [pid 9:tid 140111967987392] [remote 10.0.0.212:41136] 2026-07-01 07:39:28.884 9 WARNING keystone.common.password_hashing [None req-80831d7e-7583-47ae-8290-bf6020d1d8cb - - - - - -] Truncating password to algorithm specific maximum length 72 characters.
[Wed Jul 01 07:39:29.117828 2026] [wsgi:error] [pid 12:tid 140111967987392] [remote 10.0.0.212:41118] 2026-07-01 07:39:29.117 12 WARNING keystone.common.fernet_utils [None req-5199e991-989e-4b79-8fb3-44b84d802dda - - - - - -] key_repository is world readable: /etc/keystone/fernet-keys/
[Wed Jul 01 07:39:29.119624 2026] [wsgi:error] [pid 11:tid 140111967987392] [remote 10.0.0.212:41126] 2026-07-01 07:39:29.119 11 WARNING keystone.common.fernet_utils [None req-fd6aa02e-965a-41ba-bc8d-276dd4dbf9fd - - - - - -] key_repository is world readable: /etc/keystone/fernet-keys/ 10.0.0.212 - - [01/Jul/2026:07:39:28 +0000] "POST /v3/auth/tokens HTTP/1.1" 201 1464 10.0.0.212 - - [01/Jul/2026:07:39:28 +0000] "POST /v3/auth/tokens HTTP/1.1" 201 1464
[Wed Jul 01 07:39:29.161680 2026] [wsgi:error] [pid 9:tid 140111967987392] [remote 10.0.0.212:41136] 2026-07-01 07:39:29.161 9 WARNING keystone.common.fernet_utils [None req-80831d7e-7583-47ae-8290-bf6020d1d8cb - - - - - -] key_repository is world readable: /etc/keystone/fernet-keys/ 10.0.0.212 - - [01/Jul/2026:07:39:28 +0000] "POST /v3/auth/tokens HTTP/1.1" 201 1464 10.0.0.212 - - [01/Jul/2026:07:39:29 +0000] "GET /v3/services/67bec2b84e714410846f939d50047455 HTTP/1.1" 200 296 10.0.0.212 - - [01/Jul/2026:07:39:29 +0000] "GET /v3/services/67bec2b84e714410846f939d50047455 HTTP/1.1" 200 296 10.0.0.212 - - [01/Jul/2026:07:39:29 +0000] "GET /v3/regions/RegionOne HTTP/1.1" 200 173 10.0.0.212 - - [01/Jul/2026:07:39:29 +0000] "GET /v3/regions/RegionOne HTTP/1.1" 200 173 10.0.0.212 - - [01/Jul/2026:07:39:29 +0000] "GET /v3/services/67bec2b84e714410846f939d50047455 HTTP/1.1" 200 296 10.0.0.212 - - [01/Jul/2026:07:39:29 +0000] "POST /v3/endpoints HTTP/1.1" 201 383 10.0.0.212 - - [01/Jul/2026:07:39:29 +0000] "GET /v3/regions/RegionOne HTTP/1.1" 200 173 10.0.0.212 - - [01/Jul/2026:07:39:29 +0000] "POST /v3/endpoints HTTP/1.1" 201 380 10.0.0.212 - - [01/Jul/2026:07:39:29 +0000] "POST /v3/endpoints HTTP/1.1" 201 370 10.0.0.212 - - [01/Jul/2026:07:39:30 +0000] "GET / HTTP/1.1" 300 295
[Wed Jul 01 07:39:30.783788 2026] [wsgi:error] [pid 9:tid 140111967987392] [remote 10.0.0.212:43820] 2026-07-01 07:39:30.783 9 WARNING keystone.common.password_hashing [None req-96068a71-cba2-4e15-b95b-faa0b699e1de - - - - - -] Truncating password to algorithm specific maximum length 72 characters. 10.0.0.212 - - [01/Jul/2026:07:39:30 +0000] "GET / HTTP/1.1" 300 295 10.0.0.212 - - [01/Jul/2026:07:39:30 +0000] "GET / HTTP/1.1" 300 295
[Wed Jul 01 07:39:30.943138 2026] [wsgi:error] [pid 12:tid 140111967987392] [remote 10.0.0.212:43834] 2026-07-01 07:39:30.942 12 WARNING keystone.common.password_hashing [None req-e41d0169-b12c-4252-8dac-4b3a7fe401ce - - - - - -] Truncating password to algorithm specific maximum length 72 characters.
[Wed Jul 01 07:39:30.955687 2026] [wsgi:error] [pid 10:tid 140111967987392] [remote 10.0.0.212:43850] 2026-07-01 07:39:30.955 10 WARNING keystone.common.password_hashing [None req-bc5c01e6-c3eb-4f56-b33c-b422a28d2717 - - - - - -] Truncating password to algorithm specific maximum length 72 characters.
[Wed Jul 01 07:39:31.052393 2026] [wsgi:error] [pid 9:tid 140111967987392] [remote 10.0.0.212:43820] 2026-07-01 07:39:31.052 9 WARNING keystone.common.fernet_utils [None req-96068a71-cba2-4e15-b95b-faa0b699e1de - - - - - -] key_repository is world readable: /etc/keystone/fernet-keys/ 10.0.0.212 - - [01/Jul/2026:07:39:30 +0000] "POST /v3/auth/tokens HTTP/1.1" 201 1992 10.0.0.212 - - [01/Jul/2026:07:39:31 +0000] "GET /v3/endpoints/2f3662b4e9d54b38856c9d43404fd784 HTTP/1.1" 200 383 10.0.0.212 - - [01/Jul/2026:07:39:31 +0000] "GET /v3/services/67bec2b84e714410846f939d50047455 HTTP/1.1" 200 296
[Wed Jul 01 07:39:31.220062 2026] [wsgi:error] [pid 12:tid 140111967987392] [remote 10.0.0.212:43834] 2026-07-01 07:39:31.219 12 WARNING keystone.common.fernet_utils [None req-e41d0169-b12c-4252-8dac-4b3a7fe401ce - - - - - -] key_repository is world readable: /etc/keystone/fernet-keys/ 10.0.0.212 - - [01/Jul/2026:07:39:30 +0000] "POST /v3/auth/tokens HTTP/1.1" 201 1992
[Wed Jul 01 07:39:31.231454 2026] [wsgi:error] [pid 10:tid 140111967987392] [remote 10.0.0.212:43850] 2026-07-01 07:39:31.231 10 WARNING keystone.common.fernet_utils [None req-bc5c01e6-c3eb-4f56-b33c-b422a28d2717 - - - - - -] key_repository is world readable: /etc/keystone/fernet-keys/ 10.0.0.212 - - [01/Jul/2026:07:39:30 +0000] "POST /v3/auth/tokens HTTP/1.1" 201 1992 10.0.0.212 - - [01/Jul/2026:07:39:31 +0000] "GET /v3/endpoints/f06e854d68ae4781adb4c8868c6a8cf8 HTTP/1.1" 200 380 10.0.0.212 - - [01/Jul/2026:07:39:31 +0000] "GET /v3/endpoints/0ba60b2447914798be849a1cef7cf0f4 HTTP/1.1" 200 370 10.0.0.212 - - [01/Jul/2026:07:39:31 +0000] "GET /v3/services/67bec2b84e714410846f939d50047455 HTTP/1.1" 200 296 10.0.0.212 - - [01/Jul/2026:07:39:31 +0000] "GET /v3/services/67bec2b84e714410846f939d50047455 HTTP/1.1" 200 296 10.0.0.39 - - [01/Jul/2026:07:39:42 +0000] "GET / HTTP/1.1" 300 295
[Wed Jul 01 07:39:42.880257 2026] [wsgi:error] [pid 9:tid 140111967987392] [remote 10.0.0.39:42068] 2026-07-01 07:39:42.880 9 WARNING keystone.common.password_hashing [None req-b651701d-a95d-4148-a069-57cd02c25eed - - - - - -] Truncating password to algorithm specific maximum length 72 characters.
[Wed Jul 01 07:39:43.160526 2026] [wsgi:error] [pid 9:tid 140111967987392] [remote 10.0.0.39:42068] 2026-07-01 07:39:43.160 9 WARNING keystone.common.fernet_utils [None req-b651701d-a95d-4148-a069-57cd02c25eed - - - - - -] key_repository is world readable: /etc/keystone/fernet-keys/ 10.0.0.39 - - [01/Jul/2026:07:39:42 +0000] "POST /v3/auth/tokens HTTP/1.1" 201 1992 10.0.0.39 - - [01/Jul/2026:07:39:43 +0000] "POST /v3/domains HTTP/1.1" 201 284 10.0.0.39 - - [01/Jul/2026:07:39:44 +0000] "GET / HTTP/1.1" 300 295
[Wed Jul 01 07:39:44.996107 2026] [wsgi:error] [pid 11:tid 140111967987392] [remote 10.0.0.39:42076] 2026-07-01 07:39:44.995 11 WARNING keystone.common.password_hashing [None req-12091786-a586-4b1d-bc0c-6cc7b92141c8 - - - - - -] Truncating password to algorithm specific maximum length 72 characters.
[Wed Jul 01 07:39:45.261327 2026] [wsgi:error] [pid 11:tid 140111967987392] [remote 10.0.0.39:42076] 2026-07-01 07:39:45.261 11 WARNING keystone.common.fernet_utils [None req-12091786-a586-4b1d-bc0c-6cc7b92141c8 - - - - - -] key_repository is world readable: /etc/keystone/fernet-keys/ 10.0.0.39 - - [01/Jul/2026:07:39:44 +0000] "POST /v3/auth/tokens HTTP/1.1" 201 1992
[Wed Jul 01 07:39:45.445019 2026] [wsgi:error] [pid 9:tid 140111967987392] [remote 10.0.0.39:42076] 2026-07-01 07:39:45.433 9 ERROR keystone.server.flask.application [None req-00a327ae-3a4d-43a6-bdcd-7ab0a5a0d1a9 245a2f2d30af4cc9b0c0edb1eb0b35d4 bae878d7b5984d88b59349f9bfc082ad - - default default] Conflict occurred attempting to store project - it is not permitted to have two projects acting as domains with the same name: service.: keystone.exception.Conflict: Conflict occurred attempting to store project - it is not permitted to have two projects acting as domains with the same name: service.
[Wed Jul 01 07:39:45.445041 2026] [wsgi:error] [pid 9:tid 140111967987392] [remote 10.0.0.39:42076] 2026-07-01 07:39:45.433 9 ERROR keystone.server.flask.application
Traceback (most recent call last):
[Wed Jul 01 07:39:45.445043 2026] [wsgi:error] [pid 9:tid 140111967987392] [remote 10.0.0.39:42076] 2026-07-01 07:39:45.433 9 ERROR keystone.server.flask.application
File "/var/lib/openstack/lib/python3.12/site-packages/sqlalchemy/engine/base.py", line 1969, in _exec_single_context
[Wed Jul 01 07:39:45.445045 2026] [wsgi:error] [pid 9:tid 140111967987392] [remote 10.0.0.39:42076] 2026-07-01 07:39:45.433 9 ERROR keystone.server.flask.application self.dialect.do_execute(
[Wed Jul 01 07:39:45.445046 2026] [wsgi:error] [pid 9:tid 140111967987392] [remote 10.0.0.39:42076] 2026-07-01 07:39:45.433 9 ERROR keystone.server.flask.application
File "/var/lib/openstack/lib/python3.12/site-packages/sqlalchemy/engine/default.py", line 952, in do_execute
[Wed Jul 01 07:39:45.445048 2026] [wsgi:error] [pid 9:tid 140111967987392] [remote 10.0.0.39:42076] 2026-07-01 07:39:45.433 9 ERROR keystone.server.flask.application cursor.execute(statement, parameters)
[Wed Jul 01 07:39:45.445049 2026] [wsgi:error] [pid 9:tid 140111967987392] [remote 10.0.0.39:42076] 2026-07-01 07:39:45.433 9 ERROR keystone.server.flask.application
File "/var/lib/openstack/lib/python3.12/site-packages/pymysql/cursors.py", line 159, in execute
[Wed Jul 01 07:39:45.445051 2026] [wsgi:error] [pid 9:tid 140111967987392] [remote 10.0.0.39:42076] 2026-07-01 07:39:45.433 9 ERROR keystone.server.flask.application result = self._query(query)
[Wed Jul 01 07:39:45.445052 2026] [wsgi:error] [pid 9:tid 140111967987392] [remote 10.0.0.39:42076] 2026-07-01 07:39:45.433 9 ERROR keystone.server.flask.application ^^^^^^^^^^^^^^^^^^
[Wed Jul 01 07:39:45.445053 2026] [wsgi:error] [pid 9:tid 140111967987392] [remote 10.0.0.39:42076] 2026-07-01 07:39:45.433 9 ERROR keystone.server.flask.application
File "/var/lib/openstack/lib/python3.12/site-packages/pymysql/cursors.py", line 330, in _query
[Wed Jul 01 07:39:45.445055 2026] [wsgi:error] [pid 9:tid 140111967987392] [remote 10.0.0.39:42076] 2026-07-01 07:39:45.433 9 ERROR keystone.server.flask.application conn.query(q)
[Wed Jul 01 07:39:45.445056 2026] [wsgi:error] [pid 9:tid 140111967987392] [remote 10.0.0.39:42076] 2026-07-01 07:39:45.433 9 ERROR keystone.server.flask.application
File "/var/lib/openstack/lib/python3.12/site-packages/pymysql/connections.py", line 582, in query
[Wed Jul 01 07:39:45.445058 2026] [wsgi:error] [pid 9:tid 140111967987392] [remote 10.0.0.39:42076] 2026-07-01 07:39:45.433 9 ERROR keystone.server.flask.application self._affected_rows = self._read_query_result(unbuffered=unbuffered)
[Wed Jul 01 07:39:45.445059 2026] [wsgi:error] [pid 9:tid 140111967987392] [remote 10.0.0.39:42076] 2026-07-01 07:39:45.433 9 ERROR keystone.server.flask.application ^^^^^^^^^^^^^^^^^^^^^^^^^^^^^^^^^^^^^^^^^^^^^^
[Wed Jul 01 07:39:45.445061 2026] [wsgi:error] [pid 9:tid 140111967987392] [remote 10.0.0.39:42076] 2026-07-01 07:39:45.433 9 ERROR keystone.server.flask.application
File "/var/lib/openstack/lib/python3.12/site-packages/pymysql/connections.py", line 847, in _read_query_result
[Wed Jul 01 07:39:45.445062 2026] [wsgi:error] [pid 9:tid 140111967987392] [remote 10.0.0.39:42076] 2026-07-01 07:39:45.433 9 ERROR keystone.server.flask.application result.read()
[Wed Jul 01 07:39:45.445063 2026] [wsgi:error] [pid 9:tid 140111967987392] [remote 10.0.0.39:42076] 2026-07-01 07:39:45.433 9 ERROR keystone.server.flask.application
File "/var/lib/openstack/lib/python3.12/site-packages/pymysql/connections.py", line 1245, in read
[Wed Jul 01 07:39:45.445067 2026] [wsgi:error] [pid 9:tid 140111967987392] [remote 10.0.0.39:42076] 2026-07-01 07:39:45.433 9 ERROR keystone.server.flask.application first_packet = self.connection._read_packet()
[Wed Jul 01 07:39:45.445068 2026] [wsgi:error] [pid 9:tid 140111967987392] [remote 10.0.0.39:42076] 2026-07-01 07:39:45.433 9 ERROR keystone.server.flask.application ^^^^^^^^^^^^^^^^^^^^^^^^^^^^^^
[Wed Jul 01 07:39:45.445069 2026] [wsgi:error] [pid 9:tid 140111967987392] [remote 10.0.0.39:42076] 2026-07-01 07:39:45.433 9 ERROR keystone.server.flask.application
File "/var/lib/openstack/lib/python3.12/site-packages/pymysql/connections.py", line 803, in _read_packet
[Wed Jul 01 07:39:45.445071 2026] [wsgi:error] [pid 9:tid 140111967987392] [remote 10.0.0.39:42076] 2026-07-01 07:39:45.433 9 ERROR keystone.server.flask.application packet.raise_for_error()
[Wed Jul 01 07:39:45.445072 2026] [wsgi:error] [pid 9:tid 140111967987392] [remote 10.0.0.39:42076] 2026-07-01 07:39:45.433 9 ERROR keystone.server.flask.application
File "/var/lib/openstack/lib/python3.12/site-packages/pymysql/protocol.py", line 219, in raise_for_error
[Wed Jul 01 07:39:45.445074 2026] [wsgi:error] [pid 9:tid 140111967987392] [remote 10.0.0.39:42076] 2026-07-01 07:39:45.433 9 ERROR keystone.server.flask.application err.raise_mysql_exception(self._data)
[Wed Jul 01 07:39:45.445075 2026] [wsgi:error] [pid 9:tid 140111967987392] [remote 10.0.0.39:42076] 2026-07-01 07:39:45.433 9 ERROR keystone.server.flask.application
File "/var/lib/openstack/lib/python3.12/site-packages/pymysql/err.py", line 154, in raise_mysql_exception
[Wed Jul 01 07:39:45.445076 2026] [wsgi:error] [pid 9:tid 140111967987392] [remote 10.0.0.39:42076] 2026-07-01 07:39:45.433 9 ERROR keystone.server.flask.application raise errorclass(errno, errval, sqlstate=sqlstate)
[Wed Jul 01 07:39:45.445078 2026] [wsgi:error] [pid 9:tid 140111967987392] [remote 10.0.0.39:42076] 2026-07-01 07:39:45.433 9 ERROR keystone.server.flask.application pymysql.err.IntegrityError: (1062, "Duplicate entry '<>-service' for key 'project.ixu_project_name_domain_id'")
[Wed Jul 01 07:39:45.445079 2026] [wsgi:error] [pid 9:tid 140111967987392] [remote 10.0.0.39:42076] 2026-07-01 07:39:45.433 9 ERROR keystone.server.flask.application
[Wed Jul 01 07:39:45.445080 2026] [wsgi:error] [pid 9:tid 140111967987392] [remote 10.0.0.39:42076] 2026-07-01 07:39:45.433 9 ERROR keystone.server.flask.application The above exception was the direct cause of the following exception:
[Wed Jul 01 07:39:45.445082 2026] [wsgi:error] [pid 9:tid 140111967987392] [remote 10.0.0.39:42076] 2026-07-01 07:39:45.433 9 ERROR keystone.server.flask.application
[Wed Jul 01 07:39:45.445083 2026] [wsgi:error] [pid 9:tid 140111967987392] [remote 10.0.0.39:42076] 2026-07-01 07:39:45.433 9 ERROR keystone.server.flask.application
Traceback (most recent call last):
[Wed Jul 01 07:39:45.445084 2026] [wsgi:error] [pid 9:tid 140111967987392] [remote 10.0.0.39:42076] 2026-07-01 07:39:45.433 9 ERROR keystone.server.flask.application
File "/var/lib/openstack/lib/python3.12/site-packages/keystone/common/sql/core.py", line 575, in wrapper
[Wed Jul 01 07:39:45.445086 2026] [wsgi:error] [pid 9:tid 140111967987392] [remote 10.0.0.39:42076] 2026-07-01 07:39:45.433 9 ERROR keystone.server.flask.application return method(*args, **kwargs)
[Wed Jul 01 07:39:45.445087 2026] [wsgi:error] [pid 9:tid 140111967987392] [remote 10.0.0.39:42076] 2026-07-01 07:39:45.433 9 ERROR keystone.server.flask.application ^^^^^^^^^^^^^^^^^^^^^^^
[Wed Jul 01 07:39:45.445088 2026] [wsgi:error] [pid 9:tid 140111967987392] [remote 10.0.0.39:42076] 2026-07-01 07:39:45.433 9 ERROR keystone.server.flask.application
File "/var/lib/openstack/lib/python3.12/site-packages/keystone/resource/backends/sql.py", line 278, in create_project
[Wed Jul 01 07:39:45.445090 2026] [wsgi:error] [pid 9:tid 140111967987392] [remote 10.0.0.39:42076] 2026-07-01 07:39:45.433 9 ERROR keystone.server.flask.application with sql.session_for_write() as session:
[Wed Jul 01 07:39:45.445099 2026] [wsgi:error] [pid 9:tid 140111967987392] [remote 10.0.0.39:42076] 2026-07-01 07:39:45.433 9 ERROR keystone.server.flask.application
File "/usr/lib/python3.12/contextlib.py", line 144, in __exit__
[Wed Jul 01 07:39:45.445101 2026] [wsgi:error] [pid 9:tid 140111967987392] [remote 10.0.0.39:42076] 2026-07-01 07:39:45.433 9 ERROR keystone.server.flask.application next(self.gen)
[Wed Jul 01 07:39:45.445102 2026] [wsgi:error] [pid 9:tid 140111967987392] [remote 10.0.0.39:42076] 2026-07-01 07:39:45.433 9 ERROR keystone.server.flask.application
File "/var/lib/openstack/lib/python3.12/site-packages/oslo_db/sqlalchemy/enginefacade.py", line 1175, in _transaction_scope
[Wed Jul 01 07:39:45.445104 2026] [wsgi:error] [pid 9:tid 140111967987392] [remote 10.0.0.39:42076] 2026-07-01 07:39:45.433 9 ERROR keystone.server.flask.application with current._produce_block(
[Wed Jul 01 07:39:45.445105 2026] [wsgi:error] [pid 9:tid 140111967987392] [remote 10.0.0.39:42076] 2026-07-01 07:39:45.433 9 ERROR keystone.server.flask.application
File "/usr/lib/python3.12/contextlib.py", line 144, in __exit__
[Wed Jul 01 07:39:45.445106 2026] [wsgi:error] [pid 9:tid 140111967987392] [remote 10.0.0.39:42076] 2026-07-01 07:39:45.433 9 ERROR keystone.server.flask.application next(self.gen)
[Wed Jul 01 07:39:45.445108 2026] [wsgi:error] [pid 9:tid 140111967987392] [remote 10.0.0.39:42076] 2026-07-01 07:39:45.433 9 ERROR keystone.server.flask.application
File "/var/lib/openstack/lib/python3.12/site-packages/oslo_db/sqlalchemy/enginefacade.py", line 837, in _session
[Wed Jul 01 07:39:45.445109 2026] [wsgi:error] [pid 9:tid 140111967987392] [remote 10.0.0.39:42076] 2026-07-01 07:39:45.433 9 ERROR keystone.server.flask.application with excutils.save_and_reraise_exception():
[Wed Jul 01 07:39:45.445110 2026] [wsgi:error] [pid 9:tid 140111967987392] [remote 10.0.0.39:42076] 2026-07-01 07:39:45.433 9 ERROR keystone.server.flask.application
File "/var/lib/openstack/lib/python3.12/site-packages/oslo_utils/excutils.py", line 266, in __exit__
[Wed Jul 01 07:39:45.445112 2026] [wsgi:error] [pid 9:tid 140111967987392] [remote 10.0.0.39:42076] 2026-07-01 07:39:45.433 9 ERROR keystone.server.flask.application self.force_reraise()
[Wed Jul 01 07:39:45.445113 2026] [wsgi:error] [pid 9:tid 140111967987392] [remote 10.0.0.39:42076] 2026-07-01 07:39:45.433 9 ERROR keystone.server.flask.application
File "/var/lib/openstack/lib/python3.12/site-packages/oslo_utils/excutils.py", line 232, in force_reraise
[Wed Jul 01 07:39:45.445115 2026] [wsgi:error] [pid 9:tid 140111967987392] [remote 10.0.0.39:42076] 2026-07-01 07:39:45.433 9 ERROR keystone.server.flask.application raise self.value
[Wed Jul 01 07:39:45.445116 2026] [wsgi:error] [pid 9:tid 140111967987392] [remote 10.0.0.39:42076] 2026-07-01 07:39:45.433 9 ERROR keystone.server.flask.application
File "/var/lib/openstack/lib/python3.12/site-packages/oslo_db/sqlalchemy/enginefacade.py", line 835, in _session
[Wed Jul 01 07:39:45.445117 2026] [wsgi:error] [pid 9:tid 140111967987392] [remote 10.0.0.39:42076] 2026-07-01 07:39:45.433 9 ERROR keystone.server.flask.application self._end_session_transaction(self.session)
[Wed Jul 01 07:39:45.445119 2026] [wsgi:error] [pid 9:tid 140111967987392] [remote 10.0.0.39:42076] 2026-07-01 07:39:45.433 9 ERROR keystone.server.flask.application
File "/var/lib/openstack/lib/python3.12/site-packages/oslo_db/sqlalchemy/enginefacade.py", line 748, in _end_session_transaction
[Wed Jul 01 07:39:45.445120 2026] [wsgi:error] [pid 9:tid 140111967987392] [remote 10.0.0.39:42076] 2026-07-01 07:39:45.433 9 ERROR keystone.server.flask.application session.commit()
[Wed Jul 01 07:39:45.445122 2026] [wsgi:error] [pid 9:tid 140111967987392] [remote 10.0.0.39:42076] 2026-07-01 07:39:45.433 9 ERROR keystone.server.flask.application
File "/var/lib/openstack/lib/python3.12/site-packages/sqlalchemy/orm/session.py", line 2034, in commit
[Wed Jul 01 07:39:45.445124 2026] [wsgi:error] [pid 9:tid 140111967987392] [remote 10.0.0.39:42076] 2026-07-01 07:39:45.433 9 ERROR keystone.server.flask.application trans.commit(_to_root=True)
[Wed Jul 01 07:39:45.445125 2026] [wsgi:error] [pid 9:tid 140111967987392] [remote 10.0.0.39:42076] 2026-07-01 07:39:45.433 9 ERROR keystone.server.flask.application File "", line 2, in commit
[Wed Jul 01 07:39:45.445128 2026] [wsgi:error] [pid 9:tid 140111967987392] [remote 10.0.0.39:42076] 2026-07-01 07:39:45.433 9 ERROR keystone.server.flask.application
File "/var/lib/openstack/lib/python3.12/site-packages/sqlalchemy/orm/state_changes.py", line 137, in _go
[Wed Jul 01 07:39:45.445130 2026] [wsgi:error] [pid 9:tid 140111967987392] [remote 10.0.0.39:42076] 2026-07-01 07:39:45.433 9 ERROR keystone.server.flask.application ret_value = fn(self, *arg, **kw)
[Wed Jul 01 07:39:45.445131 2026] [wsgi:error] [pid 9:tid 140111967987392] [remote 10.0.0.39:42076] 2026-07-01 07:39:45.433 9 ERROR keystone.server.flask.application ^^^^^^^^^^^^^^^^^^^^
[Wed Jul 01 07:39:45.445132 2026] [wsgi:error] [pid 9:tid 140111967987392] [remote 10.0.0.39:42076] 2026-07-01 07:39:45.433 9 ERROR keystone.server.flask.application
File "/var/lib/openstack/lib/python3.12/site-packages/sqlalchemy/orm/session.py", line 1315, in commit
[Wed Jul 01 07:39:45.445134 2026] [wsgi:error] [pid 9:tid 140111967987392] [remote 10.0.0.39:42076] 2026-07-01 07:39:45.433 9 ERROR keystone.server.flask.application self._prepare_impl()
[Wed Jul 01 07:39:45.445135 2026] [wsgi:error] [pid 9:tid 140111967987392] [remote 10.0.0.39:42076] 2026-07-01 07:39:45.433 9 ERROR keystone.server.flask.application File "", line 2, in _prepare_impl
[Wed Jul 01 07:39:45.445136 2026] [wsgi:error] [pid 9:tid 140111967987392] [remote 10.0.0.39:42076] 2026-07-01 07:39:45.433 9 ERROR keystone.server.flask.application
File "/var/lib/openstack/lib/python3.12/site-packages/sqlalchemy/orm/state_changes.py", line 137, in _go
[Wed Jul 01 07:39:45.445138 2026] [wsgi:error] [pid 9:tid 140111967987392] [remote 10.0.0.39:42076] 2026-07-01 07:39:45.433 9 ERROR keystone.server.flask.application ret_value = fn(self, *arg, **kw)
[Wed Jul 01 07:39:45.445140 2026] [wsgi:error] [pid 9:tid 140111967987392] [remote 10.0.0.39:42076] 2026-07-01 07:39:45.433 9 ERROR keystone.server.flask.application ^^^^^^^^^^^^^^^^^^^^
[Wed Jul 01 07:39:45.445141 2026] [wsgi:error] [pid 9:tid 140111967987392] [remote 10.0.0.39:42076] 2026-07-01 07:39:45.433 9 ERROR keystone.server.flask.application
File "/var/lib/openstack/lib/python3.12/site-packages/sqlalchemy/orm/session.py", line 1290, in _prepare_impl
[Wed Jul 01 07:39:45.445142 2026] [wsgi:error] [pid 9:tid 140111967987392] [remote 10.0.0.39:42076] 2026-07-01 07:39:45.433 9 ERROR keystone.server.flask.application self.session.flush()
[Wed Jul 01 07:39:45.445144 2026] [wsgi:error] [pid 9:tid 140111967987392] [remote 10.0.0.39:42076] 2026-07-01 07:39:45.433 9 ERROR keystone.server.flask.application
File "/var/lib/openstack/lib/python3.12/site-packages/sqlalchemy/orm/session.py", line 4352, in flush
[Wed Jul 01 07:39:45.445145 2026] [wsgi:error] [pid 9:tid 140111967987392] [remote 10.0.0.39:42076] 2026-07-01 07:39:45.433 9 ERROR keystone.server.flask.application self._flush(objects)
[Wed Jul 01 07:39:45.445147 2026] [wsgi:error] [pid 9:tid 140111967987392] [remote 10.0.0.39:42076] 2026-07-01 07:39:45.433 9 ERROR keystone.server.flask.application
File "/var/lib/openstack/lib/python3.12/site-packages/sqlalchemy/orm/session.py", line 4487, in _flush
[Wed Jul 01 07:39:45.445148 2026] [wsgi:error] [pid 9:tid 140111967987392] [remote 10.0.0.39:42076] 2026-07-01 07:39:45.433 9 ERROR keystone.server.flask.application with util.safe_reraise():
[Wed Jul 01 07:39:45.445150 2026] [wsgi:error] [pid 9:tid 140111967987392] [remote 10.0.0.39:42076] 2026-07-01 07:39:45.433 9 ERROR keystone.server.flask.application
File "/var/lib/openstack/lib/python3.12/site-packages/sqlalchemy/util/langhelpers.py", line 122, in __exit__
[Wed Jul 01 07:39:45.445151 2026] [wsgi:error] [pid 9:tid 140111967987392] [remote 10.0.0.39:42076] 2026-07-01 07:39:45.433 9 ERROR keystone.server.flask.application raise exc_value.with_traceback(exc_tb)
[Wed Jul 01 07:39:45.445152 2026] [wsgi:error] [pid 9:tid 140111967987392] [remote 10.0.0.39:42076] 2026-07-01 07:39:45.433 9 ERROR keystone.server.flask.application
File "/var/lib/openstack/lib/python3.12/site-packages/sqlalchemy/orm/session.py", line 4448, in _flush
[Wed Jul 01 07:39:45.445154 2026] [wsgi:error] [pid 9:tid 140111967987392] [remote 10.0.0.39:42076] 2026-07-01 07:39:45.433 9 ERROR keystone.server.flask.application flush_context.execute()
[Wed Jul 01 07:39:45.445155 2026] [wsgi:error] [pid 9:tid 140111967987392] [remote 10.0.0.39:42076] 2026-07-01 07:39:45.433 9 ERROR keystone.server.flask.application
File "/var/lib/openstack/lib/python3.12/site-packages/sqlalchemy/orm/unitofwork.py", line 465, in execute
