2026-05-12 17:42:16.112 8 INFO placement.requestlog [None req-8d3211f4-614c-4e68-aba2-eaf8ee672444 d29ffc22dbc548029f6f538cdace1a2f 32d37bd481b44e8f81bf2236fdaee27f - - b1dd350c040745ada743c8d896724cf9 b1dd350c040745ada743c8d896724cf9] 10.0.0.123 "DELETE /resource_providers/1c75351e-2881-4696-bed8-98d38fdeac53" status: 404 len: 246 microversion: 1.1 [pid: 8|app: 0|req: 417/832] 10.0.0.123 () {34 vars in 825 bytes} [Tue May 12 17:42:16 2026] DELETE /resource_providers/1c75351e-2881-4696-bed8-98d38fdeac53 => generated 246 bytes in 13 msecs (HTTP/1.1 404) 6 headers in 231 bytes (1 switches on core 0)
2026-05-12 17:42:16.126 7 INFO placement.requestlog [req-95e2ab8e-ad35-4499-b77b-a1511d6ac2a4 req-4e7f97a2-7e13-45b9-b02b-f69597cf394b f223e15005424f9787f606bce1b2fc20 32d37bd481b44e8f81bf2236fdaee27f - - b1dd350c040745ada743c8d896724cf9 b1dd350c040745ada743c8d896724cf9] 199.19.213.15 "GET /allocations/eed2b19b-57c4-40c5-afdd-0b7516a4fb6c" status: 200 len: 258 microversion: 1.28 [pid: 7|app: 0|req: 416/833] 199.19.213.15 () {34 vars in 862 bytes} [Tue May 12 17:42:16 2026] GET /allocations/eed2b19b-57c4-40c5-afdd-0b7516a4fb6c => generated 258 bytes in 14 msecs (HTTP/1.1 200) 8 headers in 296 bytes (1 switches on core 0)
2026-05-12 17:42:16.148 8 INFO placement.requestlog [req-95e2ab8e-ad35-4499-b77b-a1511d6ac2a4 req-e85ef9d1-b44c-4443-a14c-3fc18ad132ee f223e15005424f9787f606bce1b2fc20 32d37bd481b44e8f81bf2236fdaee27f - - b1dd350c040745ada743c8d896724cf9 b1dd350c040745ada743c8d896724cf9] 199.19.213.15 "GET /allocations/4de42c1b-3a1a-4736-9ffd-c87b05435e17" status: 200 len: 258 microversion: 1.28 [pid: 8|app: 0|req: 418/834] 199.19.213.15 () {34 vars in 862 bytes} [Tue May 12 17:42:16 2026] GET /allocations/4de42c1b-3a1a-4736-9ffd-c87b05435e17 => generated 258 bytes in 14 msecs (HTTP/1.1 200) 8 headers in 296 bytes (1 switches on core 0)
2026-05-12 17:42:20.666 7 INFO placement.requestlog [None req-fdf1fb44-afbf-4d73-8051-8adaeea1daf3 d29ffc22dbc548029f6f538cdace1a2f 32d37bd481b44e8f81bf2236fdaee27f - - b1dd350c040745ada743c8d896724cf9 b1dd350c040745ada743c8d896724cf9] 10.0.0.123 "GET /resource_providers/ec24c3eb-378d-437e-af5b-04eff3ea6adf/aggregates" status: 404 len: 235 microversion: 1.1
2026-05-12 17:42:20.665 8 INFO placement.requestlog [None req-b1d9b183-37ac-45ec-ac38-60276e92d287 d29ffc22dbc548029f6f538cdace1a2f 32d37bd481b44e8f81bf2236fdaee27f - - b1dd350c040745ada743c8d896724cf9 b1dd350c040745ada743c8d896724cf9] 10.0.0.123 "GET /resource_providers/ec24c3eb-378d-437e-af5b-04eff3ea6adf/aggregates" status: 404 len: 235 microversion: 1.1 [pid: 8|app: 0|req: 419/835] 10.0.0.123 () {32 vars in 825 bytes} [Tue May 12 17:42:20 2026] GET /resource_providers/ec24c3eb-378d-437e-af5b-04eff3ea6adf/aggregates => generated 235 bytes in 14 msecs (HTTP/1.1 404) 5 headers in 202 bytes (1 switches on core 0) [pid: 7|app: 0|req: 417/836] 10.0.0.123 () {32 vars in 825 bytes} [Tue May 12 17:42:20 2026] GET /resource_providers/ec24c3eb-378d-437e-af5b-04eff3ea6adf/aggregates => generated 235 bytes in 16 msecs (HTTP/1.1 404) 5 headers in 202 bytes (1 switches on core 0)
2026-05-12 17:42:20.684 8 INFO placement.requestlog [None req-6045d35c-3a83-4de5-a8cc-8ba0e696d605 d29ffc22dbc548029f6f538cdace1a2f 32d37bd481b44e8f81bf2236fdaee27f - - b1dd350c040745ada743c8d896724cf9 b1dd350c040745ada743c8d896724cf9] 10.0.0.123 "DELETE /resource_providers/ec24c3eb-378d-437e-af5b-04eff3ea6adf" status: 404 len: 246 microversion: 1.1 [pid: 8|app: 0|req: 420/837] 10.0.0.123 () {34 vars in 825 bytes} [Tue May 12 17:42:20 2026] DELETE /resource_providers/ec24c3eb-378d-437e-af5b-04eff3ea6adf => generated 246 bytes in 10 msecs (HTTP/1.1 404) 6 headers in 231 bytes (1 switches on core 0)
2026-05-12 17:42:20.684 7 INFO placement.requestlog [None req-14cd054a-875f-42bd-8011-a53fab17543f d29ffc22dbc548029f6f538cdace1a2f 32d37bd481b44e8f81bf2236fdaee27f - - b1dd350c040745ada743c8d896724cf9 b1dd350c040745ada743c8d896724cf9] 10.0.0.123 "DELETE /resource_providers/ec24c3eb-378d-437e-af5b-04eff3ea6adf" status: 404 len: 246 microversion: 1.1 [pid: 7|app: 0|req: 418/838] 10.0.0.123 () {34 vars in 825 bytes} [Tue May 12 17:42:20 2026] DELETE /resource_providers/ec24c3eb-378d-437e-af5b-04eff3ea6adf => generated 246 bytes in 10 msecs (HTTP/1.1 404) 6 headers in 231 bytes (1 switches on core 0)
2026-05-12 17:42:21.535 7 INFO placement.requestlog [None req-b0009bcc-3fbb-450c-a8b8-fe785f31f56a - - - - - -] 10.0.0.184 "GET /" status: 200 len: 136 microversion: 1.0
2026-05-12 17:42:21.535 8 INFO placement.requestlog [None req-aa69d08b-7d02-4888-8db5-69cbe6e66015 - - - - - -] 10.0.0.184 "GET /" status: 200 len: 136 microversion: 1.0
2026-05-12 17:42:31.534 7 INFO placement.requestlog [None req-9c1cb76f-3f95-411b-aef5-525c121b8878 - - - - - -] 10.0.0.184 "GET /" status: 200 len: 136 microversion: 1.0
2026-05-12 17:42:31.535 8 INFO placement.requestlog [None req-97752164-7624-4be0-908f-7b88b3129a62 - - - - - -] 10.0.0.184 "GET /" status: 200 len: 136 microversion: 1.0
2026-05-12 17:42:38.468 7 INFO placement.requestlog [None req-d58a1859-47e3-4e35-bb18-f7fea48f8ef5 d29ffc22dbc548029f6f538cdace1a2f 32d37bd481b44e8f81bf2236fdaee27f - - b1dd350c040745ada743c8d896724cf9 b1dd350c040745ada743c8d896724cf9] 10.0.0.123 "GET /resource_providers/3a796ead-91b4-4e18-bcfc-97ee364aa9de/aggregates" status: 404 len: 235 microversion: 1.1 [pid: 7|app: 0|req: 421/843] 10.0.0.123 () {32 vars in 825 bytes} [Tue May 12 17:42:38 2026] GET /resource_providers/3a796ead-91b4-4e18-bcfc-97ee364aa9de/aggregates => generated 235 bytes in 13 msecs (HTTP/1.1 404) 5 headers in 202 bytes (1 switches on core 0)
2026-05-12 17:42:38.468 8 INFO placement.requestlog [None req-9bfe6fae-f832-469c-8db9-db7e53c0fcb2 d29ffc22dbc548029f6f538cdace1a2f 32d37bd481b44e8f81bf2236fdaee27f - - b1dd350c040745ada743c8d896724cf9 b1dd350c040745ada743c8d896724cf9] 10.0.0.123 "GET /resource_providers/3a796ead-91b4-4e18-bcfc-97ee364aa9de/aggregates" status: 404 len: 235 microversion: 1.1 [pid: 8|app: 0|req: 423/844] 10.0.0.123 () {32 vars in 825 bytes} [Tue May 12 17:42:38 2026] GET /resource_providers/3a796ead-91b4-4e18-bcfc-97ee364aa9de/aggregates => generated 235 bytes in 11 msecs (HTTP/1.1 404) 5 headers in 202 bytes (1 switches on core 0)
2026-05-12 17:42:38.480 7 INFO placement.requestlog [None req-f963916c-7c21-4896-83ad-601f37f0578e d29ffc22dbc548029f6f538cdace1a2f 32d37bd481b44e8f81bf2236fdaee27f - - b1dd350c040745ada743c8d896724cf9 b1dd350c040745ada743c8d896724cf9] 10.0.0.123 "DELETE /resource_providers/3a796ead-91b4-4e18-bcfc-97ee364aa9de" status: 404 len: 246 microversion: 1.1 [pid: 7|app: 0|req: 422/845] 10.0.0.123 () {34 vars in 825 bytes} [Tue May 12 17:42:38 2026] DELETE /resource_providers/3a796ead-91b4-4e18-bcfc-97ee364aa9de => generated 246 bytes in 9 msecs (HTTP/1.1 404) 6 headers in 231 bytes (1 switches on core 0)
2026-05-12 17:42:38.495 8 INFO placement.requestlog [None req-d6c51591-b503-4a54-acdd-e8b8a3a68570 d29ffc22dbc548029f6f538cdace1a2f 32d37bd481b44e8f81bf2236fdaee27f - - b1dd350c040745ada743c8d896724cf9 b1dd350c040745ada743c8d896724cf9] 10.0.0.123 "DELETE /resource_providers/3a796ead-91b4-4e18-bcfc-97ee364aa9de" status: 404 len: 246 microversion: 1.1 [pid: 8|app: 0|req: 424/846] 10.0.0.123 () {34 vars in 825 bytes} [Tue May 12 17:42:38 2026] DELETE /resource_providers/3a796ead-91b4-4e18-bcfc-97ee364aa9de => generated 246 bytes in 16 msecs (HTTP/1.1 404) 6 headers in 231 bytes (1 switches on core 0)
2026-05-12 17:42:39.797 7 INFO placement.requestlog [req-a3cff7eb-d0d6-47d6-b6c7-d20340dd7f79 req-23ca21b6-469c-4e28-8f6a-956c3b27eaaf f223e15005424f9787f606bce1b2fc20 32d37bd481b44e8f81bf2236fdaee27f - - b1dd350c040745ada743c8d896724cf9 b1dd350c040745ada743c8d896724cf9] 199.19.213.15 "GET /resource_providers/c319b1e2-337a-4dd0-9aab-546c956cc4d8/allocations" status: 200 len: 253 microversion: 1.0 [pid: 7|app: 0|req: 423/847] 199.19.213.15 () {32 vars in 856 bytes} [Tue May 12 17:42:39 2026] GET /resource_providers/c319b1e2-337a-4dd0-9aab-546c956cc4d8/allocations => generated 253 bytes in 20 msecs (HTTP/1.1 200) 6 headers in 224 bytes (1 switches on core 0)
2026-05-12 17:42:39.832 8 INFO placement.requestlog [req-a3cff7eb-d0d6-47d6-b6c7-d20340dd7f79 req-a9dedb8e-6094-4d34-8b14-3738ddd0b840 f223e15005424f9787f606bce1b2fc20 32d37bd481b44e8f81bf2236fdaee27f - - b1dd350c040745ada743c8d896724cf9 b1dd350c040745ada743c8d896724cf9] 199.19.213.15 "GET /allocations/eed2b19b-57c4-40c5-afdd-0b7516a4fb6c" status: 200 len: 258 microversion: 1.28 [pid: 8|app: 0|req: 425/848] 199.19.213.15 () {34 vars in 862 bytes} [Tue May 12 17:42:39 2026] GET /allocations/eed2b19b-57c4-40c5-afdd-0b7516a4fb6c => generated 258 bytes in 29 msecs (HTTP/1.1 200) 8 headers in 296 bytes (1 switches on core 0)
2026-05-12 17:42:39.856 7 INFO placement.requestlog [req-a3cff7eb-d0d6-47d6-b6c7-d20340dd7f79 req-44d24e80-ef41-4d9e-9908-f741f3d4969f f223e15005424f9787f606bce1b2fc20 32d37bd481b44e8f81bf2236fdaee27f - - b1dd350c040745ada743c8d896724cf9 b1dd350c040745ada743c8d896724cf9] 199.19.213.15 "GET /allocations/4de42c1b-3a1a-4736-9ffd-c87b05435e17" status: 200 len: 258 microversion: 1.28 [pid: 7|app: 0|req: 424/849] 199.19.213.15 () {34 vars in 862 bytes} [Tue May 12 17:42:39 2026] GET /allocations/4de42c1b-3a1a-4736-9ffd-c87b05435e17 => generated 258 bytes in 17 msecs (HTTP/1.1 200) 8 headers in 296 bytes (1 switches on core 0)
2026-05-12 17:42:39.948 8 INFO placement.requestlog [req-a3cff7eb-d0d6-47d6-b6c7-d20340dd7f79 req-eff57074-b87c-43fd-9dc2-9d2bee6f71b6 f223e15005424f9787f606bce1b2fc20 32d37bd481b44e8f81bf2236fdaee27f - - b1dd350c040745ada743c8d896724cf9 b1dd350c040745ada743c8d896724cf9] 199.19.213.15 "DELETE /allocations/eed2b19b-57c4-40c5-afdd-0b7516a4fb6c" status: 204 len: 0 microversion: 1.0 [pid: 8|app: 0|req: 426/850] 199.19.213.15 () {34 vars in 840 bytes} [Tue May 12 17:42:39 2026] DELETE /allocations/eed2b19b-57c4-40c5-afdd-0b7516a4fb6c => generated 0 bytes in 25 msecs (HTTP/1.1 204) 5 headers in 198 bytes (1 switches on core 0)
2026-05-12 17:42:40.978 7 INFO placement.requestlog [None req-1ba37577-cfdb-4924-8ec9-318748111bac d29ffc22dbc548029f6f538cdace1a2f 32d37bd481b44e8f81bf2236fdaee27f - - b1dd350c040745ada743c8d896724cf9 b1dd350c040745ada743c8d896724cf9] 10.0.0.123 "GET /resource_providers/0f13f96c-8f84-46ce-9125-47d3da67bd7c/aggregates" status: 404 len: 235 microversion: 1.1 [pid: 7|app: 0|req: 425/851] 10.0.0.123 () {32 vars in 825 bytes} [Tue May 12 17:42:40 2026] GET /resource_providers/0f13f96c-8f84-46ce-9125-47d3da67bd7c/aggregates => generated 235 bytes in 8 msecs (HTTP/1.1 404) 5 headers in 202 bytes (1 switches on core 0)
2026-05-12 17:42:40.986 8 INFO placement.requestlog [None req-e7d1a2d1-f46e-4ad0-9211-670f2e2bb20a d29ffc22dbc548029f6f538cdace1a2f 32d37bd481b44e8f81bf2236fdaee27f - - b1dd350c040745ada743c8d896724cf9 b1dd350c040745ada743c8d896724cf9] 10.0.0.123 "GET /resource_providers/0f13f96c-8f84-46ce-9125-47d3da67bd7c/aggregates" status: 404 len: 235 microversion: 1.1 [pid: 8|app: 0|req: 427/852] 10.0.0.123 () {32 vars in 825 bytes} [Tue May 12 17:42:40 2026] GET /resource_providers/0f13f96c-8f84-46ce-9125-47d3da67bd7c/aggregates => generated 235 bytes in 16 msecs (HTTP/1.1 404) 5 headers in 202 bytes (1 switches on core 0)
2026-05-12 17:42:40.993 7 INFO placement.requestlog [None req-61cfb58f-e0b2-45e4-ab32-6c2e451b1362 d29ffc22dbc548029f6f538cdace1a2f 32d37bd481b44e8f81bf2236fdaee27f - - b1dd350c040745ada743c8d896724cf9 b1dd350c040745ada743c8d896724cf9] 10.0.0.123 "DELETE /resource_providers/0f13f96c-8f84-46ce-9125-47d3da67bd7c" status: 404 len: 246 microversion: 1.1 [pid: 7|app: 0|req: 426/853] 10.0.0.123 () {34 vars in 825 bytes} [Tue May 12 17:42:40 2026] DELETE /resource_providers/0f13f96c-8f84-46ce-9125-47d3da67bd7c => generated 246 bytes in 9 msecs (HTTP/1.1 404) 6 headers in 231 bytes (1 switches on core 0)
2026-05-12 17:42:41.008 8 INFO placement.requestlog [None req-66389c9d-d09a-4c53-9dec-40ee151d2754 d29ffc22dbc548029f6f538cdace1a2f 32d37bd481b44e8f81bf2236fdaee27f - - b1dd350c040745ada743c8d896724cf9 b1dd350c040745ada743c8d896724cf9] 10.0.0.123 "DELETE /resource_providers/0f13f96c-8f84-46ce-9125-47d3da67bd7c" status: 404 len: 246 microversion: 1.1 [pid: 8|app: 0|req: 428/854] 10.0.0.123 () {34 vars in 825 bytes} [Tue May 12 17:42:40 2026] DELETE /resource_providers/0f13f96c-8f84-46ce-9125-47d3da67bd7c => generated 246 bytes in 12 msecs (HTTP/1.1 404) 6 headers in 231 bytes (1 switches on core 0)
2026-05-12 17:42:41.535 7 INFO placement.requestlog [None req-1d73f3b5-f2fb-4377-9ef1-9a1f4453e98b - - - - - -] 10.0.0.184 "GET /" status: 200 len: 136 microversion: 1.0
2026-05-12 17:42:41.536 8 INFO placement.requestlog [None req-3e9b9686-3a74-4ee5-be20-97a7a70589b5 - - - - - -] 10.0.0.184 "GET /" status: 200 len: 136 microversion: 1.0
2026-05-12 17:42:42.949 8 INFO placement.requestlog [req-2ad1fd59-7a69-4fd2-8ef6-dfc6922d9ce4 req-13cd772a-08dd-4104-87c1-226bd729d6f5 f223e15005424f9787f606bce1b2fc20 32d37bd481b44e8f81bf2236fdaee27f - - b1dd350c040745ada743c8d896724cf9 b1dd350c040745ada743c8d896724cf9] 199.19.213.15 "GET /resource_providers/c319b1e2-337a-4dd0-9aab-546c956cc4d8/allocations" status: 200 len: 153 microversion: 1.0 [pid: 8|app: 0|req: 430/857] 199.19.213.15 () {32 vars in 856 bytes} [Tue May 12 17:42:42 2026] GET /resource_providers/c319b1e2-337a-4dd0-9aab-546c956cc4d8/allocations => generated 153 bytes in 34 msecs (HTTP/1.1 200) 6 headers in 224 bytes (1 switches on core 0)
2026-05-12 17:42:42.978 7 INFO placement.requestlog [req-2ad1fd59-7a69-4fd2-8ef6-dfc6922d9ce4 req-030a7849-0479-4e03-9be8-6de03b1c9ef9 f223e15005424f9787f606bce1b2fc20 32d37bd481b44e8f81bf2236fdaee27f - - b1dd350c040745ada743c8d896724cf9 b1dd350c040745ada743c8d896724cf9] 199.19.213.15 "GET /allocations/4de42c1b-3a1a-4736-9ffd-c87b05435e17" status: 200 len: 258 microversion: 1.28 [pid: 7|app: 0|req: 428/858] 199.19.213.15 () {34 vars in 862 bytes} [Tue May 12 17:42:42 2026] GET /allocations/4de42c1b-3a1a-4736-9ffd-c87b05435e17 => generated 258 bytes in 20 msecs (HTTP/1.1 200) 8 headers in 296 bytes (1 switches on core 0)
2026-05-12 17:42:43.058 8 INFO placement.requestlog [req-2ad1fd59-7a69-4fd2-8ef6-dfc6922d9ce4 req-0e2b88c3-3802-40c6-b658-fdebd09f64ed f223e15005424f9787f606bce1b2fc20 32d37bd481b44e8f81bf2236fdaee27f - - b1dd350c040745ada743c8d896724cf9 b1dd350c040745ada743c8d896724cf9] 199.19.213.15 "DELETE /allocations/4de42c1b-3a1a-4736-9ffd-c87b05435e17" status: 204 len: 0 microversion: 1.0 [pid: 8|app: 0|req: 431/859] 199.19.213.15 () {34 vars in 840 bytes} [Tue May 12 17:42:43 2026] DELETE /allocations/4de42c1b-3a1a-4736-9ffd-c87b05435e17 => generated 0 bytes in 26 msecs (HTTP/1.1 204) 5 headers in 198 bytes (1 switches on core 0)
2026-05-12 17:42:45.619 7 INFO placement.requestlog [None req-3b3288ff-ae75-497a-b115-47dcef563121 d29ffc22dbc548029f6f538cdace1a2f 32d37bd481b44e8f81bf2236fdaee27f - - b1dd350c040745ada743c8d896724cf9 b1dd350c040745ada743c8d896724cf9] 10.0.0.123 "GET /resource_providers/e3bcee79-17e4-4f70-8961-d14ae79711a6/aggregates" status: 404 len: 235 microversion: 1.1 [pid: 7|app: 0|req: 429/860] 10.0.0.123 () {32 vars in 825 bytes} [Tue May 12 17:42:45 2026] GET /resource_providers/e3bcee79-17e4-4f70-8961-d14ae79711a6/aggregates => generated 235 bytes in 12 msecs (HTTP/1.1 404) 5 headers in 202 bytes (1 switches on core 0)
2026-05-12 17:42:45.631 8 INFO placement.requestlog [None req-86d7da5f-be0f-4126-8e0f-9cb752b20211 d29ffc22dbc548029f6f538cdace1a2f 32d37bd481b44e8f81bf2236fdaee27f - - b1dd350c040745ada743c8d896724cf9 b1dd350c040745ada743c8d896724cf9] 10.0.0.123 "GET /resource_providers/e3bcee79-17e4-4f70-8961-d14ae79711a6/aggregates" status: 404 len: 235 microversion: 1.1 [pid: 8|app: 0|req: 432/861] 10.0.0.123 () {32 vars in 825 bytes} [Tue May 12 17:42:45 2026] GET /resource_providers/e3bcee79-17e4-4f70-8961-d14ae79711a6/aggregates => generated 235 bytes in 24 msecs (HTTP/1.1 404) 5 headers in 202 bytes (1 switches on core 0)
2026-05-12 17:42:45.635 7 INFO placement.requestlog [None req-425325b9-259c-49b4-b814-fcb136134526 d29ffc22dbc548029f6f538cdace1a2f 32d37bd481b44e8f81bf2236fdaee27f - - b1dd350c040745ada743c8d896724cf9 b1dd350c040745ada743c8d896724cf9] 10.0.0.123 "DELETE /resource_providers/e3bcee79-17e4-4f70-8961-d14ae79711a6" status: 404 len: 246 microversion: 1.1 [pid: 7|app: 0|req: 430/862] 10.0.0.123 () {34 vars in 825 bytes} [Tue May 12 17:42:45 2026] DELETE /resource_providers/e3bcee79-17e4-4f70-8961-d14ae79711a6 => generated 246 bytes in 11 msecs (HTTP/1.1 404) 6 headers in 231 bytes (1 switches on core 0)
2026-05-12 17:42:45.646 8 INFO placement.requestlog [None req-c9655725-1de7-4a80-9135-baf5a3d988d2 d29ffc22dbc548029f6f538cdace1a2f 32d37bd481b44e8f81bf2236fdaee27f - - b1dd350c040745ada743c8d896724cf9 b1dd350c040745ada743c8d896724cf9] 10.0.0.123 "DELETE /resource_providers/e3bcee79-17e4-4f70-8961-d14ae79711a6" status: 404 len: 246 microversion: 1.1 [pid: 8|app: 0|req: 433/863] 10.0.0.123 () {34 vars in 825 bytes} [Tue May 12 17:42:45 2026] DELETE /resource_providers/e3bcee79-17e4-4f70-8961-d14ae79711a6 => generated 246 bytes in 8 msecs (HTTP/1.1 404) 6 headers in 231 bytes (1 switches on core 0)
2026-05-12 17:42:48.346 7 INFO placement.requestlog [None req-76f4ccef-4fe0-4960-bf4b-462f99a58f62 d29ffc22dbc548029f6f538cdace1a2f 32d37bd481b44e8f81bf2236fdaee27f - - b1dd350c040745ada743c8d896724cf9 b1dd350c040745ada743c8d896724cf9] 10.0.0.123 "GET /resource_providers/c9cc82c7-879a-47c4-999e-641ae990aa32/aggregates" status: 404 len: 235 microversion: 1.1 [pid: 7|app: 0|req: 431/864] 10.0.0.123 () {32 vars in 825 bytes} [Tue May 12 17:42:48 2026] GET /resource_providers/c9cc82c7-879a-47c4-999e-641ae990aa32/aggregates => generated 235 bytes in 11 msecs (HTTP/1.1 404) 5 headers in 202 bytes (1 switches on core 0)
2026-05-12 17:42:48.349 8 INFO placement.requestlog [None req-62b54647-9310-433d-a272-079caa8d2dba d29ffc22dbc548029f6f538cdace1a2f 32d37bd481b44e8f81bf2236fdaee27f - - b1dd350c040745ada743c8d896724cf9 b1dd350c040745ada743c8d896724cf9] 10.0.0.123 "GET /resource_providers/c9cc82c7-879a-47c4-999e-641ae990aa32/aggregates" status: 404 len: 235 microversion: 1.1 [pid: 8|app: 0|req: 434/865] 10.0.0.123 () {32 vars in 825 bytes} [Tue May 12 17:42:48 2026] GET /resource_providers/c9cc82c7-879a-47c4-999e-641ae990aa32/aggregates => generated 235 bytes in 13 msecs (HTTP/1.1 404) 5 headers in 202 bytes (1 switches on core 0)
2026-05-12 17:42:48.373 7 INFO placement.requestlog [None req-cb77229e-d208-4220-b08f-1e846d1bfd30 d29ffc22dbc548029f6f538cdace1a2f 32d37bd481b44e8f81bf2236fdaee27f - - b1dd350c040745ada743c8d896724cf9 b1dd350c040745ada743c8d896724cf9] 10.0.0.123 "DELETE /resource_providers/c9cc82c7-879a-47c4-999e-641ae990aa32" status: 404 len: 246 microversion: 1.1 [pid: 7|app: 0|req: 432/866] 10.0.0.123 () {34 vars in 825 bytes} [Tue May 12 17:42:48 2026] DELETE /resource_providers/c9cc82c7-879a-47c4-999e-641ae990aa32 => generated 246 bytes in 13 msecs (HTTP/1.1 404) 6 headers in 231 bytes (1 switches on core 0)
2026-05-12 17:42:48.376 8 INFO placement.requestlog [None req-163ce907-d5b2-4873-99a6-5047208fc8f9 d29ffc22dbc548029f6f538cdace1a2f 32d37bd481b44e8f81bf2236fdaee27f - - b1dd350c040745ada743c8d896724cf9 b1dd350c040745ada743c8d896724cf9] 10.0.0.123 "DELETE /resource_providers/c9cc82c7-879a-47c4-999e-641ae990aa32" status: 404 len: 246 microversion: 1.1 [pid: 8|app: 0|req: 435/867] 10.0.0.123 () {34 vars in 825 bytes} [Tue May 12 17:42:48 2026] DELETE /resource_providers/c9cc82c7-879a-47c4-999e-641ae990aa32 => generated 246 bytes in 12 msecs (HTTP/1.1 404) 6 headers in 231 bytes (1 switches on core 0)
2026-05-12 17:42:50.157 7 INFO placement.requestlog [req-3dd44087-1fd0-4484-8015-ea8ce6333624 req-eab2162b-ec26-4bec-9f3e-1ec8ff1cb280 f223e15005424f9787f606bce1b2fc20 32d37bd481b44e8f81bf2236fdaee27f - - b1dd350c040745ada743c8d896724cf9 b1dd350c040745ada743c8d896724cf9] 10.0.0.173 "GET /allocation_candidates?limit=1000&resources=DISK_GB%3A1%2CMEMORY_MB%3A512%2CVCPU%3A1&root_required=%21COMPUTE_STATUS_DISABLED" status: 200 len: 2217 microversion: 1.36 [pid: 7|app: 0|req: 433/868] 10.0.0.173 () {34 vars in 1012 bytes} [Tue May 12 17:42:50 2026] GET /allocation_candidates?limit=1000&resources=DISK_GB%3A1%2CMEMORY_MB%3A512%2CVCPU%3A1&root_required=%21COMPUTE_STATUS_DISABLED => generated 2217 bytes in 47 msecs (HTTP/1.1 200) 8 headers in 297 bytes (1 switches on core 0)
2026-05-12 17:42:50.193 8 INFO placement.requestlog [req-3dd44087-1fd0-4484-8015-ea8ce6333624 req-1d10ffa2-0ec3-412e-ae2f-19fcf4357bec f223e15005424f9787f606bce1b2fc20 32d37bd481b44e8f81bf2236fdaee27f - - b1dd350c040745ada743c8d896724cf9 b1dd350c040745ada743c8d896724cf9] 10.0.0.173 "GET /allocations/4d8cde3f-a8ab-4bf3-9816-89fae2f7f919" status: 200 len: 19 microversion: 1.28 [pid: 8|app: 0|req: 436/869] 10.0.0.173 () {34 vars in 861 bytes} [Tue May 12 17:42:50 2026] GET /allocations/4d8cde3f-a8ab-4bf3-9816-89fae2f7f919 => generated 19 bytes in 12 msecs (HTTP/1.1 200) 8 headers in 295 bytes (1 switches on core 0)
2026-05-12 17:42:50.261 7 INFO placement.requestlog [req-3dd44087-1fd0-4484-8015-ea8ce6333624 req-0a862a0f-cc05-40f5-9af8-b2da21a6b104 f223e15005424f9787f606bce1b2fc20 32d37bd481b44e8f81bf2236fdaee27f - - b1dd350c040745ada743c8d896724cf9 b1dd350c040745ada743c8d896724cf9] 10.0.0.173 "PUT /allocations/4d8cde3f-a8ab-4bf3-9816-89fae2f7f919" status: 204 len: 0 microversion: 1.36 [pid: 7|app: 0|req: 434/870] 10.0.0.173 () {38 vars in 914 bytes} [Tue May 12 17:42:50 2026] PUT /allocations/4d8cde3f-a8ab-4bf3-9816-89fae2f7f919 => generated 0 bytes in 60 msecs (HTTP/1.1 204) 5 headers in 199 bytes (1 switches on core 0)
2026-05-12 17:42:50.557 8 INFO placement.requestlog [req-3dd44087-1fd0-4484-8015-ea8ce6333624 req-7f861d4a-1864-4314-ae3a-950892af8ae9 f223e15005424f9787f606bce1b2fc20 32d37bd481b44e8f81bf2236fdaee27f - - b1dd350c040745ada743c8d896724cf9 b1dd350c040745ada743c8d896724cf9] 199.19.213.15 "GET /allocations/4d8cde3f-a8ab-4bf3-9816-89fae2f7f919" status: 200 len: 258 microversion: 1.28 [pid: 8|app: 0|req: 437/871] 199.19.213.15 () {34 vars in 862 bytes} [Tue May 12 17:42:50 2026] GET /allocations/4d8cde3f-a8ab-4bf3-9816-89fae2f7f919 => generated 258 bytes in 14 msecs (HTTP/1.1 200) 8 headers in 296 bytes (1 switches on core 0)
2026-05-12 17:42:50.703 7 INFO placement.requestlog [req-3dd44087-1fd0-4484-8015-ea8ce6333624 req-4f918a17-de7a-499f-97cd-085216c9e6df f223e15005424f9787f606bce1b2fc20 32d37bd481b44e8f81bf2236fdaee27f - - b1dd350c040745ada743c8d896724cf9 b1dd350c040745ada743c8d896724cf9] 199.19.213.15 "GET /resource_providers/c319b1e2-337a-4dd0-9aab-546c956cc4d8/allocations" status: 200 len: 153 microversion: 1.0 [pid: 7|app: 0|req: 435/872] 199.19.213.15 () {32 vars in 856 bytes} [Tue May 12 17:42:50 2026] GET /resource_providers/c319b1e2-337a-4dd0-9aab-546c956cc4d8/allocations => generated 153 bytes in 21 msecs (HTTP/1.1 200) 6 headers in 224 bytes (1 switches on core 0)
2026-05-12 17:42:50.723 8 INFO placement.requestlog [req-3dd44087-1fd0-4484-8015-ea8ce6333624 req-1389e653-9e86-4efd-b2e5-2f48c9d3392b f223e15005424f9787f606bce1b2fc20 32d37bd481b44e8f81bf2236fdaee27f - - b1dd350c040745ada743c8d896724cf9 b1dd350c040745ada743c8d896724cf9] 199.19.213.15 "GET /allocations/4d8cde3f-a8ab-4bf3-9816-89fae2f7f919" status: 200 len: 258 microversion: 1.28 [pid: 8|app: 0|req: 438/873] 199.19.213.15 () {34 vars in 862 bytes} [Tue May 12 17:42:50 2026] GET /allocations/4d8cde3f-a8ab-4bf3-9816-89fae2f7f919 => generated 258 bytes in 14 msecs (HTTP/1.1 200) 8 headers in 296 bytes (1 switches on core 0)
2026-05-12 17:42:51.535 7 INFO placement.requestlog [None req-c406fa29-d1fc-489b-a5fb-4a72d88d4a4f - - - - - -] 10.0.0.184 "GET /" status: 200 len: 136 microversion: 1.0
2026-05-12 17:42:51.535 8 INFO placement.requestlog [None req-e1a9e6b5-6835-49c2-9ee9-98320702855e - - - - - -] 10.0.0.184 "GET /" status: 200 len: 136 microversion: 1.0
2026-05-12 17:42:57.297 7 INFO placement.requestlog [req-85a80acd-ddc0-4b7d-ad73-d02bce8484ed req-6f407a6a-249c-491d-ae94-87054a7b073d f223e15005424f9787f606bce1b2fc20 32d37bd481b44e8f81bf2236fdaee27f - - b1dd350c040745ada743c8d896724cf9 b1dd350c040745ada743c8d896724cf9] 199.19.213.15 "GET /resource_providers/c319b1e2-337a-4dd0-9aab-546c956cc4d8/allocations" status: 200 len: 153 microversion: 1.0 [pid: 7|app: 0|req: 437/876] 199.19.213.15 () {32 vars in 856 bytes} [Tue May 12 17:42:57 2026] GET /resource_providers/c319b1e2-337a-4dd0-9aab-546c956cc4d8/allocations => generated 153 bytes in 19 msecs (HTTP/1.1 200) 6 headers in 224 bytes (1 switches on core 0)
2026-05-12 17:42:57.319 8 INFO placement.requestlog [req-85a80acd-ddc0-4b7d-ad73-d02bce8484ed req-d7a70c01-34cd-4d27-afcf-a1a3a37af680 f223e15005424f9787f606bce1b2fc20 32d37bd481b44e8f81bf2236fdaee27f - - b1dd350c040745ada743c8d896724cf9 b1dd350c040745ada743c8d896724cf9] 199.19.213.15 "GET /allocations/4d8cde3f-a8ab-4bf3-9816-89fae2f7f919" status: 200 len: 258 microversion: 1.28 [pid: 8|app: 0|req: 440/877] 199.19.213.15 () {34 vars in 862 bytes} [Tue May 12 17:42:57 2026] GET /allocations/4d8cde3f-a8ab-4bf3-9816-89fae2f7f919 => generated 258 bytes in 14 msecs (HTTP/1.1 200) 8 headers in 296 bytes (1 switches on core 0)
2026-05-12 17:42:57.404 7 INFO placement.requestlog [req-85a80acd-ddc0-4b7d-ad73-d02bce8484ed req-28484ed0-ed2d-4bf3-b3d5-6f0c6e09b7b9 f223e15005424f9787f606bce1b2fc20 32d37bd481b44e8f81bf2236fdaee27f - - b1dd350c040745ada743c8d896724cf9 b1dd350c040745ada743c8d896724cf9] 199.19.213.15 "DELETE /allocations/4d8cde3f-a8ab-4bf3-9816-89fae2f7f919" status: 204 len: 0 microversion: 1.0 [pid: 7|app: 0|req: 438/878] 199.19.213.15 () {34 vars in 840 bytes} [Tue May 12 17:42:57 2026] DELETE /allocations/4d8cde3f-a8ab-4bf3-9816-89fae2f7f919 => generated 0 bytes in 25 msecs (HTTP/1.1 204) 5 headers in 198 bytes (1 switches on core 0)
2026-05-12 17:42:58.947 8 INFO placement.requestlog [None req-6a193402-9613-48c4-9bed-913ca9b58633 d29ffc22dbc548029f6f538cdace1a2f 32d37bd481b44e8f81bf2236fdaee27f - - b1dd350c040745ada743c8d896724cf9 b1dd350c040745ada743c8d896724cf9] 10.0.0.123 "GET /resource_providers/c3622c15-4b13-4b66-b036-c144b2826b62/aggregates" status: 404 len: 235 microversion: 1.1 [pid: 8|app: 0|req: 441/879] 10.0.0.123 () {32 vars in 825 bytes} [Tue May 12 17:42:58 2026] GET /resource_providers/c3622c15-4b13-4b66-b036-c144b2826b62/aggregates => generated 235 bytes in 12 msecs (HTTP/1.1 404) 5 headers in 202 bytes (1 switches on core 0)
2026-05-12 17:42:58.950 7 INFO placement.requestlog [None req-92106b80-4b91-4692-a9b9-3bab3778ad70 d29ffc22dbc548029f6f538cdace1a2f 32d37bd481b44e8f81bf2236fdaee27f - - b1dd350c040745ada743c8d896724cf9 b1dd350c040745ada743c8d896724cf9] 10.0.0.123 "GET /resource_providers/c3622c15-4b13-4b66-b036-c144b2826b62/aggregates" status: 404 len: 235 microversion: 1.1 [pid: 7|app: 0|req: 439/880] 10.0.0.123 () {32 vars in 825 bytes} [Tue May 12 17:42:58 2026] GET /resource_providers/c3622c15-4b13-4b66-b036-c144b2826b62/aggregates => generated 235 bytes in 10 msecs (HTTP/1.1 404) 5 headers in 202 bytes (1 switches on core 0)
2026-05-12 17:42:58.995 7 INFO placement.requestlog [None req-ed15be76-9ae8-4f38-a017-0352500378f0 d29ffc22dbc548029f6f538cdace1a2f 32d37bd481b44e8f81bf2236fdaee27f - - b1dd350c040745ada743c8d896724cf9 b1dd350c040745ada743c8d896724cf9] 10.0.0.123 "DELETE /resource_providers/c3622c15-4b13-4b66-b036-c144b2826b62" status: 404 len: 246 microversion: 1.1
2026-05-12 17:42:58.995 8 INFO placement.requestlog [None req-85c5fb90-d3b3-4876-bdd2-87d5dcf4abb0 d29ffc22dbc548029f6f538cdace1a2f 32d37bd481b44e8f81bf2236fdaee27f - - b1dd350c040745ada743c8d896724cf9 b1dd350c040745ada743c8d896724cf9] 10.0.0.123 "DELETE /resource_providers/c3622c15-4b13-4b66-b036-c144b2826b62" status: 404 len: 246 microversion: 1.1 [pid: 7|app: 0|req: 440/881] 10.0.0.123 () {34 vars in 825 bytes} [Tue May 12 17:42:58 2026] DELETE /resource_providers/c3622c15-4b13-4b66-b036-c144b2826b62 => generated 246 bytes in 25 msecs (HTTP/1.1 404) 6 headers in 231 bytes (1 switches on core 0) [pid: 8|app: 0|req: 442/882] 10.0.0.123 () {34 vars in 825 bytes} [Tue May 12 17:42:58 2026] DELETE /resource_providers/c3622c15-4b13-4b66-b036-c144b2826b62 => generated 246 bytes in 28 msecs (HTTP/1.1 404) 6 headers in 231 bytes (1 switches on core 0)
2026-05-12 17:42:59.567 7 INFO placement.requestlog [None req-cc7b5dc8-05c4-43f4-be64-36eb7f074f1b d29ffc22dbc548029f6f538cdace1a2f 32d37bd481b44e8f81bf2236fdaee27f - - b1dd350c040745ada743c8d896724cf9 b1dd350c040745ada743c8d896724cf9] 10.0.0.123 "GET /resource_providers/66d51f4d-cc37-418a-91c0-a8987bf454c7/aggregates" status: 404 len: 235 microversion: 1.1 [pid: 7|app: 0|req: 441/883] 10.0.0.123 () {32 vars in 825 bytes} [Tue May 12 17:42:59 2026] GET /resource_providers/66d51f4d-cc37-418a-91c0-a8987bf454c7/aggregates => generated 235 bytes in 12 msecs (HTTP/1.1 404) 5 headers in 202 bytes (1 switches on core 0)
2026-05-12 17:42:59.570 8 INFO placement.requestlog [None req-d3425f18-3b25-4771-bc69-3d76b8c64065 d29ffc22dbc548029f6f538cdace1a2f 32d37bd481b44e8f81bf2236fdaee27f - - b1dd350c040745ada743c8d896724cf9 b1dd350c040745ada743c8d896724cf9] 10.0.0.123 "GET /resource_providers/66d51f4d-cc37-418a-91c0-a8987bf454c7/aggregates" status: 404 len: 235 microversion: 1.1 [pid: 8|app: 0|req: 443/884] 10.0.0.123 () {32 vars in 825 bytes} [Tue May 12 17:42:59 2026] GET /resource_providers/66d51f4d-cc37-418a-91c0-a8987bf454c7/aggregates => generated 235 bytes in 14 msecs (HTTP/1.1 404) 5 headers in 202 bytes (1 switches on core 0)
2026-05-12 17:42:59.588 7 INFO placement.requestlog [None req-e11afed1-6fdf-4737-84de-dc0c52814b97 d29ffc22dbc548029f6f538cdace1a2f 32d37bd481b44e8f81bf2236fdaee27f - - b1dd350c040745ada743c8d896724cf9 b1dd350c040745ada743c8d896724cf9] 10.0.0.123 "DELETE /resource_providers/66d51f4d-cc37-418a-91c0-a8987bf454c7" status: 404 len: 246 microversion: 1.1 [pid: 7|app: 0|req: 442/885] 10.0.0.123 () {34 vars in 825 bytes} [Tue May 12 17:42:59 2026] DELETE /resource_providers/66d51f4d-cc37-418a-91c0-a8987bf454c7 => generated 246 bytes in 9 msecs (HTTP/1.1 404) 6 headers in 231 bytes (1 switches on core 0)
2026-05-12 17:42:59.591 8 INFO placement.requestlog [None req-fbec6a10-964f-408e-9f97-c5a799f106a6 d29ffc22dbc548029f6f538cdace1a2f 32d37bd481b44e8f81bf2236fdaee27f - - b1dd350c040745ada743c8d896724cf9 b1dd350c040745ada743c8d896724cf9] 10.0.0.123 "DELETE /resource_providers/66d51f4d-cc37-418a-91c0-a8987bf454c7" status: 404 len: 246 microversion: 1.1 [pid: 8|app: 0|req: 444/886] 10.0.0.123 () {34 vars in 825 bytes} [Tue May 12 17:42:59 2026] DELETE /resource_providers/66d51f4d-cc37-418a-91c0-a8987bf454c7 => generated 246 bytes in 10 msecs (HTTP/1.1 404) 6 headers in 231 bytes (1 switches on core 0)
2026-05-12 17:43:01.024 7 INFO placement.requestlog [None req-bcf7017a-e02b-42a5-8b2c-392eab46d73e d29ffc22dbc548029f6f538cdace1a2f 32d37bd481b44e8f81bf2236fdaee27f - - b1dd350c040745ada743c8d896724cf9 b1dd350c040745ada743c8d896724cf9] 10.0.0.123 "GET /resource_providers/2aa3eea0-15ac-427c-8cba-df621e997d3c/aggregates" status: 404 len: 235 microversion: 1.1 [pid: 7|app: 0|req: 443/887] 10.0.0.123 () {32 vars in 825 bytes} [Tue May 12 17:43:01 2026] GET /resource_providers/2aa3eea0-15ac-427c-8cba-df621e997d3c/aggregates => generated 235 bytes in 12 msecs (HTTP/1.1 404) 5 headers in 202 bytes (1 switches on core 0)
2026-05-12 17:43:01.032 8 INFO placement.requestlog [None req-d66213fb-3f79-4816-a3ab-f219f6d12448 d29ffc22dbc548029f6f538cdace1a2f 32d37bd481b44e8f81bf2236fdaee27f - - b1dd350c040745ada743c8d896724cf9 b1dd350c040745ada743c8d896724cf9] 10.0.0.123 "GET /resource_providers/2aa3eea0-15ac-427c-8cba-df621e997d3c/aggregates" status: 404 len: 235 microversion: 1.1 [pid: 8|app: 0|req: 445/888] 10.0.0.123 () {32 vars in 825 bytes} [Tue May 12 17:43:01 2026] GET /resource_providers/2aa3eea0-15ac-427c-8cba-df621e997d3c/aggregates => generated 235 bytes in 11 msecs (HTTP/1.1 404) 5 headers in 202 bytes (1 switches on core 0)
2026-05-12 17:43:01.042 7 INFO placement.requestlog [None req-c4e1332e-daa8-4ab6-8c7d-5c31f48b243d d29ffc22dbc548029f6f538cdace1a2f 32d37bd481b44e8f81bf2236fdaee27f - - b1dd350c040745ada743c8d896724cf9 b1dd350c040745ada743c8d896724cf9] 10.0.0.123 "DELETE /resource_providers/2aa3eea0-15ac-427c-8cba-df621e997d3c" status: 404 len: 246 microversion: 1.1 [pid: 7|app: 0|req: 444/889] 10.0.0.123 () {34 vars in 825 bytes} [Tue May 12 17:43:01 2026] DELETE /resource_providers/2aa3eea0-15ac-427c-8cba-df621e997d3c => generated 246 bytes in 10 msecs (HTTP/1.1 404) 6 headers in 231 bytes (1 switches on core 0)
2026-05-12 17:43:01.048 8 INFO placement.requestlog [None req-26b36326-d5aa-466e-a8e7-dcd17790eae0 d29ffc22dbc548029f6f538cdace1a2f 32d37bd481b44e8f81bf2236fdaee27f - - b1dd350c040745ada743c8d896724cf9 b1dd350c040745ada743c8d896724cf9] 10.0.0.123 "DELETE /resource_providers/2aa3eea0-15ac-427c-8cba-df621e997d3c" status: 404 len: 246 microversion: 1.1 [pid: 8|app: 0|req: 446/890] 10.0.0.123 () {34 vars in 825 bytes} [Tue May 12 17:43:01 2026] DELETE /resource_providers/2aa3eea0-15ac-427c-8cba-df621e997d3c => generated 246 bytes in 9 msecs (HTTP/1.1 404) 6 headers in 231 bytes (1 switches on core 0)
2026-05-12 17:43:01.534 7 INFO placement.requestlog [None req-1735512c-7fb8-4255-8404-9a89b4519fd8 - - - - - -] 10.0.0.184 "GET /" status: 200 len: 136 microversion: 1.0
2026-05-12 17:43:01.538 8 INFO placement.requestlog [None req-c2c9fd8b-1c5f-488f-ac1f-e85459e2fa44 - - - - - -] 10.0.0.184 "GET /" status: 200 len: 136 microversion: 1.0
2026-05-12 17:43:01.604 7 INFO placement.requestlog [None req-1591e289-1872-4e4f-aeed-b0b58720a8fc d29ffc22dbc548029f6f538cdace1a2f 32d37bd481b44e8f81bf2236fdaee27f - - b1dd350c040745ada743c8d896724cf9 b1dd350c040745ada743c8d896724cf9] 10.0.0.123 "GET /resource_providers/3e95a6eb-af46-41ab-8064-c07f133b6cf8/aggregates" status: 404 len: 235 microversion: 1.1 [pid: 7|app: 0|req: 446/893] 10.0.0.123 () {32 vars in 825 bytes} [Tue May 12 17:43:01 2026] GET /resource_providers/3e95a6eb-af46-41ab-8064-c07f133b6cf8/aggregates => generated 235 bytes in 11 msecs (HTTP/1.1 404) 5 headers in 202 bytes (1 switches on core 0)
2026-05-12 17:43:01.626 8 INFO placement.requestlog [None req-5c33ba25-a9ac-47b7-a021-fcdaf086901b d29ffc22dbc548029f6f538cdace1a2f 32d37bd481b44e8f81bf2236fdaee27f - - b1dd350c040745ada743c8d896724cf9 b1dd350c040745ada743c8d896724cf9] 10.0.0.123 "GET /resource_providers/3e95a6eb-af46-41ab-8064-c07f133b6cf8/aggregates" status: 404 len: 235 microversion: 1.1 [pid: 8|app: 0|req: 448/894] 10.0.0.123 () {32 vars in 825 bytes} [Tue May 12 17:43:01 2026] GET /resource_providers/3e95a6eb-af46-41ab-8064-c07f133b6cf8/aggregates => generated 235 bytes in 12 msecs (HTTP/1.1 404) 5 headers in 202 bytes (1 switches on core 0)
2026-05-12 17:43:01.627 7 INFO placement.requestlog [None req-7aedc8dc-ae23-4231-b032-1a68ea9aed70 d29ffc22dbc548029f6f538cdace1a2f 32d37bd481b44e8f81bf2236fdaee27f - - b1dd350c040745ada743c8d896724cf9 b1dd350c040745ada743c8d896724cf9] 10.0.0.123 "DELETE /resource_providers/3e95a6eb-af46-41ab-8064-c07f133b6cf8" status: 404 len: 246 microversion: 1.1 [pid: 7|app: 0|req: 447/895] 10.0.0.123 () {34 vars in 825 bytes} [Tue May 12 17:43:01 2026] DELETE /resource_providers/3e95a6eb-af46-41ab-8064-c07f133b6cf8 => generated 246 bytes in 11 msecs (HTTP/1.1 404) 6 headers in 231 bytes (1 switches on core 0)
2026-05-12 17:43:01.643 8 INFO placement.requestlog [None req-a52259fe-f87c-42c4-a301-a45128f1c00e d29ffc22dbc548029f6f538cdace1a2f 32d37bd481b44e8f81bf2236fdaee27f - - b1dd350c040745ada743c8d896724cf9 b1dd350c040745ada743c8d896724cf9] 10.0.0.123 "DELETE /resource_providers/3e95a6eb-af46-41ab-8064-c07f133b6cf8" status: 404 len: 246 microversion: 1.1 [pid: 8|app: 0|req: 449/896] 10.0.0.123 () {34 vars in 825 bytes} [Tue May 12 17:43:01 2026] DELETE /resource_providers/3e95a6eb-af46-41ab-8064-c07f133b6cf8 => generated 246 bytes in 8 msecs (HTTP/1.1 404) 6 headers in 231 bytes (1 switches on core 0)
2026-05-12 17:43:03.066 8 INFO placement.requestlog [None req-0d552218-fcec-46fc-8abd-95e960364874 d29ffc22dbc548029f6f538cdace1a2f 32d37bd481b44e8f81bf2236fdaee27f - - b1dd350c040745ada743c8d896724cf9 b1dd350c040745ada743c8d896724cf9] 10.0.0.123 "GET /resource_providers/f805f019-0e8c-4083-8318-712e2663810f/aggregates" status: 404 len: 235 microversion: 1.1 [pid: 8|app: 0|req: 450/897] 10.0.0.123 () {32 vars in 825 bytes} [Tue May 12 17:43:03 2026] GET /resource_providers/f805f019-0e8c-4083-8318-712e2663810f/aggregates => generated 235 bytes in 8 msecs (HTTP/1.1 404) 5 headers in 202 bytes (1 switches on core 0)
2026-05-12 17:43:03.067 7 INFO placement.requestlog [None req-ae9babda-0656-4010-87e0-30d574c7c0d0 d29ffc22dbc548029f6f538cdace1a2f 32d37bd481b44e8f81bf2236fdaee27f - - b1dd350c040745ada743c8d896724cf9 b1dd350c040745ada743c8d896724cf9] 10.0.0.123 "GET /resource_providers/f805f019-0e8c-4083-8318-712e2663810f/aggregates" status: 404 len: 235 microversion: 1.1 [pid: 7|app: 0|req: 448/898] 10.0.0.123 () {32 vars in 825 bytes} [Tue May 12 17:43:03 2026] GET /resource_providers/f805f019-0e8c-4083-8318-712e2663810f/aggregates => generated 235 bytes in 14 msecs (HTTP/1.1 404) 5 headers in 202 bytes (1 switches on core 0)
2026-05-12 17:43:03.078 8 INFO placement.requestlog [None req-1fd530d5-7963-46c3-9c97-224577235ca9 d29ffc22dbc548029f6f538cdace1a2f 32d37bd481b44e8f81bf2236fdaee27f - - b1dd350c040745ada743c8d896724cf9 b1dd350c040745ada743c8d896724cf9] 10.0.0.123 "DELETE /resource_providers/f805f019-0e8c-4083-8318-712e2663810f" status: 404 len: 246 microversion: 1.1 [pid: 8|app: 0|req: 451/899] 10.0.0.123 () {34 vars in 825 bytes} [Tue May 12 17:43:03 2026] DELETE /resource_providers/f805f019-0e8c-4083-8318-712e2663810f => generated 246 bytes in 7 msecs (HTTP/1.1 404) 6 headers in 231 bytes (1 switches on core 0)
2026-05-12 17:43:03.094 7 INFO placement.requestlog [None req-71cad7d4-887f-4755-9315-5565a6b42c02 d29ffc22dbc548029f6f538cdace1a2f 32d37bd481b44e8f81bf2236fdaee27f - - b1dd350c040745ada743c8d896724cf9 b1dd350c040745ada743c8d896724cf9] 10.0.0.123 "DELETE /resource_providers/f805f019-0e8c-4083-8318-712e2663810f" status: 404 len: 246 microversion: 1.1 [pid: 7|app: 0|req: 449/900] 10.0.0.123 () {34 vars in 825 bytes} [Tue May 12 17:43:03 2026] DELETE /resource_providers/f805f019-0e8c-4083-8318-712e2663810f => generated 246 bytes in 18 msecs (HTTP/1.1 404) 6 headers in 231 bytes (1 switches on core 0)
2026-05-12 17:43:03.793 7 INFO placement.requestlog [None req-c81c6720-b0aa-4ec9-b073-17980d2e0600 d29ffc22dbc548029f6f538cdace1a2f 32d37bd481b44e8f81bf2236fdaee27f - - b1dd350c040745ada743c8d896724cf9 b1dd350c040745ada743c8d896724cf9] 10.0.0.123 "GET /resource_providers/c6b10bee-7d68-48aa-9215-64b407677a0c/aggregates" status: 404 len: 235 microversion: 1.1
2026-05-12 17:43:03.793 8 INFO placement.requestlog [None req-03f5bb04-a910-4194-a550-ac8b21d03560 d29ffc22dbc548029f6f538cdace1a2f 32d37bd481b44e8f81bf2236fdaee27f - - b1dd350c040745ada743c8d896724cf9 b1dd350c040745ada743c8d896724cf9] 10.0.0.123 "GET /resource_providers/c6b10bee-7d68-48aa-9215-64b407677a0c/aggregates" status: 404 len: 235 microversion: 1.1 [pid: 8|app: 0|req: 452/901] 10.0.0.123 () {32 vars in 825 bytes} [Tue May 12 17:43:03 2026] GET /resource_providers/c6b10bee-7d68-48aa-9215-64b407677a0c/aggregates => generated 235 bytes in 15 msecs (HTTP/1.1 404) 5 headers in 202 bytes (1 switches on core 0) [pid: 7|app: 0|req: 450/902] 10.0.0.123 () {32 vars in 825 bytes} [Tue May 12 17:43:03 2026] GET /resource_providers/c6b10bee-7d68-48aa-9215-64b407677a0c/aggregates => generated 235 bytes in 14 msecs (HTTP/1.1 404) 5 headers in 202 bytes (1 switches on core 0)
2026-05-12 17:43:03.816 8 INFO placement.requestlog [None req-63a38f74-a12e-423e-8f64-6c6d5c8e7749 d29ffc22dbc548029f6f538cdace1a2f 32d37bd481b44e8f81bf2236fdaee27f - - b1dd350c040745ada743c8d896724cf9 b1dd350c040745ada743c8d896724cf9] 10.0.0.123 "DELETE /resource_providers/c6b10bee-7d68-48aa-9215-64b407677a0c" status: 404 len: 246 microversion: 1.1 [pid: 8|app: 0|req: 453/903] 10.0.0.123 () {34 vars in 825 bytes} [Tue May 12 17:43:03 2026] DELETE /resource_providers/c6b10bee-7d68-48aa-9215-64b407677a0c => generated 246 bytes in 13 msecs (HTTP/1.1 404) 6 headers in 231 bytes (1 switches on core 0)
2026-05-12 17:43:03.817 7 INFO placement.requestlog [None req-eb198c58-1e1b-4c74-93de-4a4d0413b0fb d29ffc22dbc548029f6f538cdace1a2f 32d37bd481b44e8f81bf2236fdaee27f - - b1dd350c040745ada743c8d896724cf9 b1dd350c040745ada743c8d896724cf9] 10.0.0.123 "DELETE /resource_providers/c6b10bee-7d68-48aa-9215-64b407677a0c" status: 404 len: 246 microversion: 1.1 [pid: 7|app: 0|req: 451/904] 10.0.0.123 () {34 vars in 825 bytes} [Tue May 12 17:43:03 2026] DELETE /resource_providers/c6b10bee-7d68-48aa-9215-64b407677a0c => generated 246 bytes in 14 msecs (HTTP/1.1 404) 6 headers in 231 bytes (1 switches on core 0)
2026-05-12 17:43:11.535 8 INFO placement.requestlog [None req-ea772807-f74b-44bb-bbfe-479e6a2e6d91 - - - - - -] 10.0.0.184 "GET /" status: 200 len: 136 microversion: 1.0
2026-05-12 17:43:11.535 7 INFO placement.requestlog [None req-a13cd3eb-33c6-4af8-84a4-3cb40521a616 - - - - - -] 10.0.0.184 "GET /" status: 200 len: 136 microversion: 1.0
2026-05-12 17:43:12.222 7 INFO placement.requestlog [req-6e8dba32-d3ee-40b6-b6c3-04df2fa3f697 req-e984d189-8ccd-4759-9f19-849be9cb184d f223e15005424f9787f606bce1b2fc20 32d37bd481b44e8f81bf2236fdaee27f - - b1dd350c040745ada743c8d896724cf9 b1dd350c040745ada743c8d896724cf9] 199.19.213.15 "GET /resource_providers/c319b1e2-337a-4dd0-9aab-546c956cc4d8/allocations" status: 200 len: 55 microversion: 1.0 [pid: 7|app: 0|req: 453/907] 199.19.213.15 () {32 vars in 856 bytes} [Tue May 12 17:43:12 2026] GET /resource_providers/c319b1e2-337a-4dd0-9aab-546c956cc4d8/allocations => generated 55 bytes in 18 msecs (HTTP/1.1 200) 6 headers in 223 bytes (1 switches on core 0)
2026-05-12 17:43:12.243 8 INFO placement.requestlog [req-6e8dba32-d3ee-40b6-b6c3-04df2fa3f697 req-38d1612a-812c-4c11-91a2-d2f7c5b5dcb8 f223e15005424f9787f606bce1b2fc20 32d37bd481b44e8f81bf2236fdaee27f - - b1dd350c040745ada743c8d896724cf9 b1dd350c040745ada743c8d896724cf9] 199.19.213.15 "GET /resource_providers/c319b1e2-337a-4dd0-9aab-546c956cc4d8/allocations" status: 200 len: 55 microversion: 1.0 [pid: 8|app: 0|req: 455/908] 199.19.213.15 () {32 vars in 856 bytes} [Tue May 12 17:43:12 2026] GET /resource_providers/c319b1e2-337a-4dd0-9aab-546c956cc4d8/allocations => generated 55 bytes in 15 msecs (HTTP/1.1 200) 6 headers in 223 bytes (1 switches on core 0)
2026-05-12 17:43:14.171 7 INFO placement.requestlog [req-3add6ad3-8033-4e60-9205-a8a0897ebc28 req-c5980490-966e-45a0-8814-6a0683cef11d f223e15005424f9787f606bce1b2fc20 32d37bd481b44e8f81bf2236fdaee27f - - b1dd350c040745ada743c8d896724cf9 b1dd350c040745ada743c8d896724cf9] 10.0.0.173 "GET /allocation_candidates?limit=1000&resources=DISK_GB%3A1%2CMEMORY_MB%3A512%2CVCPU%3A1&root_required=%21COMPUTE_STATUS_DISABLED" status: 200 len: 2217 microversion: 1.36 [pid: 7|app: 0|req: 454/909] 10.0.0.173 () {34 vars in 1012 bytes} [Tue May 12 17:43:14 2026] GET /allocation_candidates?limit=1000&resources=DISK_GB%3A1%2CMEMORY_MB%3A512%2CVCPU%3A1&root_required=%21COMPUTE_STATUS_DISABLED => generated 2217 bytes in 56 msecs (HTTP/1.1 200) 8 headers in 297 bytes (1 switches on core 0)
2026-05-12 17:43:14.201 8 INFO placement.requestlog [req-3add6ad3-8033-4e60-9205-a8a0897ebc28 req-2290cdb0-aa78-48c6-8b51-118307452771 f223e15005424f9787f606bce1b2fc20 32d37bd481b44e8f81bf2236fdaee27f - - b1dd350c040745ada743c8d896724cf9 b1dd350c040745ada743c8d896724cf9] 10.0.0.173 "GET /allocations/03fd545c-6ffa-4aa6-ab95-33e6b2c6ae96" status: 200 len: 19 microversion: 1.28 [pid: 8|app: 0|req: 456/910] 10.0.0.173 () {34 vars in 861 bytes} [Tue May 12 17:43:14 2026] GET /allocations/03fd545c-6ffa-4aa6-ab95-33e6b2c6ae96 => generated 19 bytes in 11 msecs (HTTP/1.1 200) 8 headers in 295 bytes (1 switches on core 0)
2026-05-12 17:43:14.277 7 INFO placement.requestlog [req-3add6ad3-8033-4e60-9205-a8a0897ebc28 req-7c2dedf4-c94f-4ad5-8c68-e1d6c3867361 f223e15005424f9787f606bce1b2fc20 32d37bd481b44e8f81bf2236fdaee27f - - b1dd350c040745ada743c8d896724cf9 b1dd350c040745ada743c8d896724cf9] 10.0.0.173 "PUT /allocations/03fd545c-6ffa-4aa6-ab95-33e6b2c6ae96" status: 204 len: 0 microversion: 1.36 [pid: 7|app: 0|req: 455/911] 10.0.0.173 () {38 vars in 914 bytes} [Tue May 12 17:43:14 2026] PUT /allocations/03fd545c-6ffa-4aa6-ab95-33e6b2c6ae96 => generated 0 bytes in 72 msecs (HTTP/1.1 204) 5 headers in 199 bytes (1 switches on core 0)
2026-05-12 17:43:14.551 8 INFO placement.requestlog [req-3add6ad3-8033-4e60-9205-a8a0897ebc28 req-75de20fa-60ee-41ec-b3f7-a62e60cef365 f223e15005424f9787f606bce1b2fc20 32d37bd481b44e8f81bf2236fdaee27f - - b1dd350c040745ada743c8d896724cf9 b1dd350c040745ada743c8d896724cf9] 199.19.213.15 "GET /allocations/03fd545c-6ffa-4aa6-ab95-33e6b2c6ae96" status: 200 len: 258 microversion: 1.28 [pid: 8|app: 0|req: 457/912] 199.19.213.15 () {34 vars in 862 bytes} [Tue May 12 17:43:14 2026] GET /allocations/03fd545c-6ffa-4aa6-ab95-33e6b2c6ae96 => generated 258 bytes in 17 msecs (HTTP/1.1 200) 8 headers in 296 bytes (1 switches on core 0)
2026-05-12 17:43:14.654 7 INFO placement.requestlog [req-3add6ad3-8033-4e60-9205-a8a0897ebc28 req-66c4a56c-e722-4f38-b425-026e15d7b3b4 f223e15005424f9787f606bce1b2fc20 32d37bd481b44e8f81bf2236fdaee27f - - b1dd350c040745ada743c8d896724cf9 b1dd350c040745ada743c8d896724cf9] 199.19.213.15 "GET /resource_providers/c319b1e2-337a-4dd0-9aab-546c956cc4d8/allocations" status: 200 len: 153 microversion: 1.0 [pid: 7|app: 0|req: 456/913] 199.19.213.15 () {32 vars in 856 bytes} [Tue May 12 17:43:14 2026] GET /resource_providers/c319b1e2-337a-4dd0-9aab-546c956cc4d8/allocations => generated 153 bytes in 17 msecs (HTTP/1.1 200) 6 headers in 224 bytes (1 switches on core 0)
2026-05-12 17:43:14.674 8 INFO placement.requestlog [req-3add6ad3-8033-4e60-9205-a8a0897ebc28 req-82b222c4-6445-49d6-9528-8fdb2cafab34 f223e15005424f9787f606bce1b2fc20 32d37bd481b44e8f81bf2236fdaee27f - - b1dd350c040745ada743c8d896724cf9 b1dd350c040745ada743c8d896724cf9] 199.19.213.15 "GET /allocations/03fd545c-6ffa-4aa6-ab95-33e6b2c6ae96" status: 200 len: 258 microversion: 1.28 [pid: 8|app: 0|req: 458/914] 199.19.213.15 () {34 vars in 862 bytes} [Tue May 12 17:43:14 2026] GET /allocations/03fd545c-6ffa-4aa6-ab95-33e6b2c6ae96 => generated 258 bytes in 15 msecs (HTTP/1.1 200) 8 headers in 296 bytes (1 switches on core 0)
2026-05-12 17:43:20.992 7 INFO placement.requestlog [None req-0058c7a5-427a-4d96-abf4-831bb352f309 d29ffc22dbc548029f6f538cdace1a2f 32d37bd481b44e8f81bf2236fdaee27f - - b1dd350c040745ada743c8d896724cf9 b1dd350c040745ada743c8d896724cf9] 10.0.0.123 "GET /resource_providers/6a6c66e4-e46e-4a80-85da-9c8508c02c84/aggregates" status: 404 len: 235 microversion: 1.1 [pid: 7|app: 0|req: 457/915] 10.0.0.123 () {32 vars in 825 bytes} [Tue May 12 17:43:20 2026] GET /resource_providers/6a6c66e4-e46e-4a80-85da-9c8508c02c84/aggregates => generated 235 bytes in 14 msecs (HTTP/1.1 404) 5 headers in 202 bytes (1 switches on core 0)
2026-05-12 17:43:21.012 8 INFO placement.requestlog [None req-af542475-05d5-4ee2-9cf8-4788c979f645 d29ffc22dbc548029f6f538cdace1a2f 32d37bd481b44e8f81bf2236fdaee27f - - b1dd350c040745ada743c8d896724cf9 b1dd350c040745ada743c8d896724cf9] 10.0.0.123 "GET /resource_providers/6a6c66e4-e46e-4a80-85da-9c8508c02c84/aggregates" status: 404 len: 235 microversion: 1.1 [pid: 8|app: 0|req: 459/916] 10.0.0.123 () {32 vars in 825 bytes} [Tue May 12 17:43:20 2026] GET /resource_providers/6a6c66e4-e46e-4a80-85da-9c8508c02c84/aggregates => generated 235 bytes in 30 msecs (HTTP/1.1 404) 5 headers in 202 bytes (1 switches on core 0)
2026-05-12 17:43:21.013 7 INFO placement.requestlog [None req-3609ed49-b27f-4d57-93c4-589b5159eebd d29ffc22dbc548029f6f538cdace1a2f 32d37bd481b44e8f81bf2236fdaee27f - - b1dd350c040745ada743c8d896724cf9 b1dd350c040745ada743c8d896724cf9] 10.0.0.123 "DELETE /resource_providers/6a6c66e4-e46e-4a80-85da-9c8508c02c84" status: 404 len: 246 microversion: 1.1 [pid: 7|app: 0|req: 458/917] 10.0.0.123 () {34 vars in 825 bytes} [Tue May 12 17:43:21 2026] DELETE /resource_providers/6a6c66e4-e46e-4a80-85da-9c8508c02c84 => generated 246 bytes in 12 msecs (HTTP/1.1 404) 6 headers in 231 bytes (1 switches on core 0)
2026-05-12 17:43:21.033 8 INFO placement.requestlog [None req-78f7bcf9-c023-41b1-b5a2-c5e0388dc1ae d29ffc22dbc548029f6f538cdace1a2f 32d37bd481b44e8f81bf2236fdaee27f - - b1dd350c040745ada743c8d896724cf9 b1dd350c040745ada743c8d896724cf9] 10.0.0.123 "DELETE /resource_providers/6a6c66e4-e46e-4a80-85da-9c8508c02c84" status: 404 len: 246 microversion: 1.1 [pid: 8|app: 0|req: 460/918] 10.0.0.123 () {34 vars in 825 bytes} [Tue May 12 17:43:21 2026] DELETE /resource_providers/6a6c66e4-e46e-4a80-85da-9c8508c02c84 => generated 246 bytes in 9 msecs (HTTP/1.1 404) 6 headers in 231 bytes (1 switches on core 0)
2026-05-12 17:43:21.399 7 INFO placement.requestlog [None req-14b15429-eb73-490c-99e8-85296aaa146d d29ffc22dbc548029f6f538cdace1a2f 32d37bd481b44e8f81bf2236fdaee27f - - b1dd350c040745ada743c8d896724cf9 b1dd350c040745ada743c8d896724cf9] 10.0.0.123 "GET /resource_providers/e1611674-0cdc-4cb7-b15f-b89910100fd1/aggregates" status: 404 len: 235 microversion: 1.1 [pid: 7|app: 0|req: 459/919] 10.0.0.123 () {32 vars in 825 bytes} [Tue May 12 17:43:21 2026] GET /resource_providers/e1611674-0cdc-4cb7-b15f-b89910100fd1/aggregates => generated 235 bytes in 11 msecs (HTTP/1.1 404) 5 headers in 202 bytes (1 switches on core 0)
