2026-05-12 17:39:58.597 10 INFO neutron.wsgi [req-fec1020a-c04d-4d1a-93ed-919f073cc19a req-5dd573b8-3fdd-481e-81e4-88512b84786f c776cc45453a497a859ff622625f4a6a 3b04f0636f434f909217e2533e6f113d - - default default] 10.0.0.81 "DELETE /v2.0/security-groups/4594c556-a6a2-422a-ba6e-46e9605e7ed1 HTTP/1.1" status: 204 len: 173 time: 0.2134314
2026-05-12 17:39:58.686 9 INFO neutron.db.ovn_revision_numbers_db [None req-ea114e00-de72-4061-b7ff-b6dbba592a80 9860d5a0fdf24fe9ae6fda51309a6b8f b237a6657fb548eda9120838e6270423 - - default default] Successfully bumped revision number for resource 520badd9-bfcc-4df4-893c-205fc6fc6b8c (type: security_group_rules) to 0
2026-05-12 17:39:58.724 9 INFO neutron.wsgi [None req-ea114e00-de72-4061-b7ff-b6dbba592a80 9860d5a0fdf24fe9ae6fda51309a6b8f b237a6657fb548eda9120838e6270423 - - default default] 10.0.0.10 "POST /v2.0/security-group-rules HTTP/1.1" status: 201 len: 801 time: 0.2471933
2026-05-12 17:39:58.738 9 WARNING neutron_lib.context [None req-6c78a88f-aa53-48b2-9954-e00156cad4bc 9860d5a0fdf24fe9ae6fda51309a6b8f b237a6657fb548eda9120838e6270423 - - default default] Method 'is_advsvc' is deprecated since 2023.2 release (neutron-lib 3.8.0) and will be removed once support for the old RBAC API policies will be removed from Neutron. Please use method 'is_service_role' instead.
2026-05-12 17:39:59.093 10 WARNING neutron.scheduler.dhcp_agent_scheduler [req-70ac83c9-8f79-4ade-8b1d-5b410d2d683c req-28777352-e017-49fa-b557-0730c2e30706 c58de55891a847cbab69473178ed74b2 d46ba9a6242047138407866eb765bf52 - - default default] No more DHCP agents
2026-05-12 17:39:59.095 10 WARNING neutron.api.rpc.agentnotifiers.dhcp_rpc_agent_api [req-70ac83c9-8f79-4ade-8b1d-5b410d2d683c req-28777352-e017-49fa-b557-0730c2e30706 c58de55891a847cbab69473178ed74b2 d46ba9a6242047138407866eb765bf52 - - default default] Unable to schedule network 884bd596-93bc-4d84-944d-3965d1832013: no agents available; will retry on subsequent port and subnet creation events. /var/lib/openstack/lib/python3.10/site-packages/pycadf/identifier.py:71: UserWarning: Invalid uuid: neutron. To ensure interoperability, identifiers should be a valid uuid. warnings.warn(('Invalid uuid: %s. To ensure interoperability, '
2026-05-12 17:39:59.299 10 INFO neutron.db.ovn_revision_numbers_db [req-70ac83c9-8f79-4ade-8b1d-5b410d2d683c req-28777352-e017-49fa-b557-0730c2e30706 c58de55891a847cbab69473178ed74b2 d46ba9a6242047138407866eb765bf52 - - default default] Successfully bumped revision number for resource 7c8714a1-978a-4039-b0b9-710970d8a972 (type: ports) to 1
2026-05-12 17:39:59.329 10 INFO neutron.wsgi [req-70ac83c9-8f79-4ade-8b1d-5b410d2d683c req-28777352-e017-49fa-b557-0730c2e30706 c58de55891a847cbab69473178ed74b2 d46ba9a6242047138407866eb765bf52 - - default default] 199.19.213.15 "POST /v2.0/ports HTTP/1.1" status: 201 len: 1162 time: 0.8133891
2026-05-12 17:39:59.346 10 INFO neutron.wsgi [req-70ac83c9-8f79-4ade-8b1d-5b410d2d683c req-0bfa5b5d-346d-4dc6-8486-fc98339eb3fe c58de55891a847cbab69473178ed74b2 d46ba9a6242047138407866eb765bf52 - - default default] 199.19.213.15 "GET /v2.0/extensions HTTP/1.1" status: 200 len: 18683 time: 0.0097277
2026-05-12 17:39:59.357 9 WARNING neutron.scheduler.dhcp_agent_scheduler [None req-6c78a88f-aa53-48b2-9954-e00156cad4bc 9860d5a0fdf24fe9ae6fda51309a6b8f b237a6657fb548eda9120838e6270423 - - default default] No more DHCP agents
2026-05-12 17:39:59.362 10 INFO neutron.wsgi [req-071afb10-6ce1-4f8b-a9b4-103389efc020 req-277cb4a8-96e5-4f0d-a612-8419d8726e13 2a82da617838475b90a46530a7e45b15 097ccd3c7c9c43b09dd01161672a59ca - - default default] 199.19.213.15 "GET /v2.0/networks?id=1578a232-49be-43ec-9377-65955eea8e0f HTTP/1.1" status: 200 len: 875 time: 0.1427555
2026-05-12 17:39:59.362 9 WARNING neutron.api.rpc.agentnotifiers.dhcp_rpc_agent_api [None req-6c78a88f-aa53-48b2-9954-e00156cad4bc 9860d5a0fdf24fe9ae6fda51309a6b8f b237a6657fb548eda9120838e6270423 - - default default] Unable to schedule network 59ab5d54-7f78-4e46-af26-62d646e192f9: no agents available; will retry on subsequent port and subnet creation events.
2026-05-12 17:39:59.506 10 INFO neutron.wsgi [req-21115aee-e2de-475b-9512-344490dcddb9 req-0d83d09b-34a6-4186-9779-f09c279de8a7 2a82da617838475b90a46530a7e45b15 097ccd3c7c9c43b09dd01161672a59ca - - default default] 10.0.0.81 "GET /v2.0/ports?device_id=bb36ce89-c80b-4e07-80f5-6101f05f5c45 HTTP/1.1" status: 200 len: 210 time: 0.0445926
2026-05-12 17:39:59.512 10 INFO neutron.wsgi [req-071afb10-6ce1-4f8b-a9b4-103389efc020 req-e6dfdee8-f714-4664-abe7-286f2bb1633a 2a82da617838475b90a46530a7e45b15 097ccd3c7c9c43b09dd01161672a59ca - - default default] 199.19.213.15 "GET /v2.0/security-groups?fields=id&fields=name&tenant_id=097ccd3c7c9c43b09dd01161672a59ca HTTP/1.1" status: 200 len: 380 time: 0.1119328
2026-05-12 17:39:59.523 10 INFO neutron.wsgi [req-ecf5502e-c523-4127-83b3-c02275551582 req-1aa0a2f0-c4ea-45e2-8f3d-46a769ecae7c c58de55891a847cbab69473178ed74b2 d46ba9a6242047138407866eb765bf52 - - default default] 10.0.0.81 "GET /v2.0/ports?device_id=3b7ee29e-0344-4d1f-9613-67f6bbd0d0f6 HTTP/1.1" status: 200 len: 1160 time: 0.0725625
2026-05-12 17:39:59.532 10 WARNING neutron_lib.context [req-071afb10-6ce1-4f8b-a9b4-103389efc020 req-0563857c-c079-416f-98a6-3ecdfe27259b 2a82da617838475b90a46530a7e45b15 097ccd3c7c9c43b09dd01161672a59ca - - default default] Method 'is_advsvc' is deprecated since 2023.2 release (neutron-lib 3.8.0) and will be removed once support for the old RBAC API policies will be removed from Neutron. Please use method 'is_service_role' instead.
2026-05-12 17:39:59.604 10 INFO neutron.wsgi [req-ecf5502e-c523-4127-83b3-c02275551582 req-34601de3-18cd-4092-8907-d1bb1a23650b c58de55891a847cbab69473178ed74b2 d46ba9a6242047138407866eb765bf52 - - default default] 10.0.0.81 "GET /v2.0/security-groups?id=a53f741c-6887-4c64-bd08-6e3646cda028&fields=id&fields=name HTTP/1.1" status: 200 len: 286 time: 0.0688598
2026-05-12 17:39:59.751 9 INFO neutron.wsgi [None req-6c78a88f-aa53-48b2-9954-e00156cad4bc 9860d5a0fdf24fe9ae6fda51309a6b8f b237a6657fb548eda9120838e6270423 - - default default] 10.0.0.10 "POST /v2.0/floatingips HTTP/1.1" status: 201 len: 751 time: 1.0183830
2026-05-12 17:40:00.178 10 WARNING neutron.plugins.ml2.drivers.ovn.mech_driver.ovsdb.ovn_client [None req-0cea73f1-d282-4d2c-8653-bd03774ee440 - - - - - -] No port found with ID d3e38a3f-5cd4-4eb9-bcf7-0376de07b033: RuntimeError: No port found with ID d3e38a3f-5cd4-4eb9-bcf7-0376de07b033
2026-05-12 17:40:00.178 10 INFO neutron.plugins.ml2.drivers.ovn.mech_driver.mech_driver [None req-0cea73f1-d282-4d2c-8653-bd03774ee440 - - - - - -] OVN reports status up for port: 2a316b53-5545-48e6-be2f-86ffc48ff597
2026-05-12 17:40:00.207 10 INFO neutron.plugins.ml2.plugin [None req-0cea73f1-d282-4d2c-8653-bd03774ee440 - - - - - -] Attempt 1 to provision port 2a316b53-5545-48e6-be2f-86ffc48ff597
2026-05-12 17:40:00.271 10 INFO neutron.wsgi [req-f5a45649-a1b7-4f65-a353-aa12e1127e54 req-7cc3e2bc-3c55-49a0-b215-eecf154031ec 9860d5a0fdf24fe9ae6fda51309a6b8f b237a6657fb548eda9120838e6270423 - - default default] 10.0.0.81 "GET /v2.0/security-groups?name=tempest-securitygroup--1726906726&fields=id&tenant_id=b237a6657fb548eda9120838e6270423 HTTP/1.1" status: 200 len: 267 time: 0.1181231
2026-05-12 17:40:00.429 10 INFO neutron.wsgi [req-f5a45649-a1b7-4f65-a353-aa12e1127e54 req-131c34c9-0bae-4cbd-a985-e7cbe63d232b 9860d5a0fdf24fe9ae6fda51309a6b8f b237a6657fb548eda9120838e6270423 - - default default] 10.0.0.81 "GET /v2.0/networks?id=46eb05d5-56b1-4a7d-999d-43c21d074b0a HTTP/1.1" status: 200 len: 882 time: 0.1467655
2026-05-12 17:40:00.434 10 WARNING neutron.scheduler.dhcp_agent_scheduler [req-071afb10-6ce1-4f8b-a9b4-103389efc020 req-0563857c-c079-416f-98a6-3ecdfe27259b 2a82da617838475b90a46530a7e45b15 097ccd3c7c9c43b09dd01161672a59ca - - default default] No more DHCP agents
2026-05-12 17:40:00.443 10 WARNING neutron.api.rpc.agentnotifiers.dhcp_rpc_agent_api [req-071afb10-6ce1-4f8b-a9b4-103389efc020 req-0563857c-c079-416f-98a6-3ecdfe27259b 2a82da617838475b90a46530a7e45b15 097ccd3c7c9c43b09dd01161672a59ca - - default default] Unable to schedule network 1578a232-49be-43ec-9377-65955eea8e0f: no agents available; will retry on subsequent port and subnet creation events. /var/lib/openstack/lib/python3.10/site-packages/pycadf/identifier.py:71: UserWarning: Invalid uuid: neutron. To ensure interoperability, identifiers should be a valid uuid. warnings.warn(('Invalid uuid: %s. To ensure interoperability, '
2026-05-12 17:40:00.487 10 INFO neutron.wsgi [req-f5a45649-a1b7-4f65-a353-aa12e1127e54 req-06b30b57-8a13-45f3-b70b-72ab1c698378 9860d5a0fdf24fe9ae6fda51309a6b8f b237a6657fb548eda9120838e6270423 - - default default] 10.0.0.81 "GET /v2.0/quotas/b237a6657fb548eda9120838e6270423 HTTP/1.1" status: 200 len: 491 time: 0.0477555
2026-05-12 17:40:00.636 9 INFO neutron.wsgi [None req-8f96aaa6-ff62-4835-8ca0-7f8576c63119 6b4c5e6b20194522ae8751eb8146da01 5499d54aec2e45edb63bc49eb8e062a4 - - default default] 10.0.0.10 "PUT /v2.0/routers/034112da-e823-4826-be10-39b588e5bf97/remove_router_interface HTTP/1.1" status: 200 len: 503 time: 2.0310521 /var/lib/openstack/lib/python3.10/site-packages/pycadf/identifier.py:71: UserWarning: Invalid uuid: neutron. To ensure interoperability, identifiers should be a valid uuid. warnings.warn(('Invalid uuid: %s. To ensure interoperability, '
2026-05-12 17:40:00.721 10 INFO neutron.wsgi [req-40cb8697-0c7b-4a88-a221-f3e2a6ff74c8 req-702dee8f-1244-49d0-8c41-ce614e9e39f6 2a82da617838475b90a46530a7e45b15 097ccd3c7c9c43b09dd01161672a59ca - - default default] 10.0.0.81 "GET /v2.0/ports?device_id=bb36ce89-c80b-4e07-80f5-6101f05f5c45 HTTP/1.1" status: 200 len: 1160 time: 0.1328635
2026-05-12 17:40:00.807 10 INFO neutron.wsgi [req-f5a45649-a1b7-4f65-a353-aa12e1127e54 req-2aa14e74-1944-4b8d-932c-56e3df461cb2 9860d5a0fdf24fe9ae6fda51309a6b8f b237a6657fb548eda9120838e6270423 - - default default] 10.0.0.81 "GET /v2.0/ports?tenant_id=b237a6657fb548eda9120838e6270423&fields=id HTTP/1.1" status: 200 len: 302 time: 0.3125386
2026-05-12 17:40:00.867 10 INFO neutron.wsgi [req-40cb8697-0c7b-4a88-a221-f3e2a6ff74c8 req-d0fb9ff8-817a-4b64-b7c1-f3462c94ed56 2a82da617838475b90a46530a7e45b15 097ccd3c7c9c43b09dd01161672a59ca - - default default] 10.0.0.81 "GET /v2.0/security-groups?id=11afb237-254e-4dfc-9f67-9509aad9776a&fields=id&fields=name HTTP/1.1" status: 200 len: 313 time: 0.1342030
2026-05-12 17:40:00.878 10 INFO neutron.db.ovn_revision_numbers_db [req-071afb10-6ce1-4f8b-a9b4-103389efc020 req-0563857c-c079-416f-98a6-3ecdfe27259b 2a82da617838475b90a46530a7e45b15 097ccd3c7c9c43b09dd01161672a59ca - - default default] Successfully bumped revision number for resource 8a4f1c55-fc23-485e-b2ad-1e63bba36ccb (type: ports) to 1 /var/lib/openstack/lib/python3.10/site-packages/pycadf/identifier.py:71: UserWarning: Invalid uuid: neutron. To ensure interoperability, identifiers should be a valid uuid. warnings.warn(('Invalid uuid: %s. To ensure interoperability, '
2026-05-12 17:40:00.954 10 INFO neutron.wsgi [req-071afb10-6ce1-4f8b-a9b4-103389efc020 req-0563857c-c079-416f-98a6-3ecdfe27259b 2a82da617838475b90a46530a7e45b15 097ccd3c7c9c43b09dd01161672a59ca - - default default] 199.19.213.15 "POST /v2.0/ports HTTP/1.1" status: 201 len: 1162 time: 1.4308231
2026-05-12 17:40:00.992 10 INFO neutron.wsgi [req-07a657f7-8f8f-4a01-8de9-e53cf182839b req-3e92e156-25c4-4c51-bd63-ae7a1f641289 c58de55891a847cbab69473178ed74b2 d46ba9a6242047138407866eb765bf52 - - default default] 10.0.0.81 "GET /v2.0/ports?device_id=3b7ee29e-0344-4d1f-9613-67f6bbd0d0f6 HTTP/1.1" status: 200 len: 1172 time: 0.0713501
2026-05-12 17:40:01.001 10 INFO neutron.db.ovn_revision_numbers_db [req-70ac83c9-8f79-4ade-8b1d-5b410d2d683c req-d65abfe2-42e4-446c-a056-8369a827d225 d29ffc22dbc548029f6f538cdace1a2f 32d37bd481b44e8f81bf2236fdaee27f - - b1dd350c040745ada743c8d896724cf9 b1dd350c040745ada743c8d896724cf9] Successfully bumped revision number for resource 7c8714a1-978a-4039-b0b9-710970d8a972 (type: ports) to 2
2026-05-12 17:40:01.123 10 INFO neutron.wsgi [req-07a657f7-8f8f-4a01-8de9-e53cf182839b req-a39f8369-2df3-48c9-912a-5cce365a53f2 c58de55891a847cbab69473178ed74b2 d46ba9a6242047138407866eb765bf52 - - default default] 10.0.0.81 "GET /v2.0/security-groups?id=a53f741c-6887-4c64-bd08-6e3646cda028&fields=id&fields=name HTTP/1.1" status: 200 len: 286 time: 0.1194327
2026-05-12 17:40:01.360 10 INFO neutron.wsgi [req-f5a45649-a1b7-4f65-a353-aa12e1127e54 req-359f7864-80d3-4be9-a307-dcf4f6fd9950 d29ffc22dbc548029f6f538cdace1a2f 32d37bd481b44e8f81bf2236fdaee27f - - b1dd350c040745ada743c8d896724cf9 b1dd350c040745ada743c8d896724cf9] 10.0.0.81 "GET /v2.0/extensions HTTP/1.1" status: 200 len: 18683 time: 0.2105892
2026-05-12 17:40:01.569 10 INFO neutron.db.ovn_revision_numbers_db [None req-0cea73f1-d282-4d2c-8653-bd03774ee440 - - - - - -] Successfully bumped revision number for resource 2a316b53-5545-48e6-be2f-86ffc48ff597 (type: ports) to 2
2026-05-12 17:40:01.576 10 INFO neutron.wsgi [req-f5a45649-a1b7-4f65-a353-aa12e1127e54 req-4281a4bc-eafb-4cf5-861e-554e412978fe d29ffc22dbc548029f6f538cdace1a2f 32d37bd481b44e8f81bf2236fdaee27f - - b1dd350c040745ada743c8d896724cf9 b1dd350c040745ada743c8d896724cf9] 10.0.0.81 "GET /v2.0/networks/46eb05d5-56b1-4a7d-999d-43c21d074b0a?fields=segments HTTP/1.1" status: 200 len: 212 time: 0.2051895 /var/lib/openstack/lib/python3.10/site-packages/pycadf/identifier.py:71: UserWarning: Invalid uuid: neutron. To ensure interoperability, identifiers should be a valid uuid. warnings.warn(('Invalid uuid: %s. To ensure interoperability, '
2026-05-12 17:40:01.721 9 WARNING neutron.plugins.ml2.drivers.ovn.mech_driver.ovsdb.ovn_client [None req-0598d071-2ca4-4675-b709-3cb2fa70dbe6 - - - - - -] No hosting information found for port a00a5bba-a528-4b2c-bc5d-5ea43b7f265f: RuntimeError: No hosting information found for port a00a5bba-a528-4b2c-bc5d-5ea43b7f265f
2026-05-12 17:40:01.728 9 INFO neutron.wsgi [None req-1633f9a4-a001-4c82-b45c-377e095331bb 6b4c5e6b20194522ae8751eb8146da01 5499d54aec2e45edb63bc49eb8e062a4 - - default default] 10.0.0.10 "DELETE /v2.0/routers/034112da-e823-4826-be10-39b588e5bf97 HTTP/1.1" status: 204 len: 168 time: 1.0875523
2026-05-12 17:40:01.762 10 INFO neutron.wsgi [req-f5a45649-a1b7-4f65-a353-aa12e1127e54 req-c8220bf0-1375-4aec-b273-65a86d9ea5ba d29ffc22dbc548029f6f538cdace1a2f 32d37bd481b44e8f81bf2236fdaee27f - - b1dd350c040745ada743c8d896724cf9 b1dd350c040745ada743c8d896724cf9] 10.0.0.81 "GET /v2.0/networks/46eb05d5-56b1-4a7d-999d-43c21d074b0a?fields=provider%3Aphysical_network&fields=provider%3Anetwork_type HTTP/1.1" status: 200 len: 277 time: 0.1743784
2026-05-12 17:40:01.775 10 INFO neutron.db.ovn_revision_numbers_db [req-70ac83c9-8f79-4ade-8b1d-5b410d2d683c req-d65abfe2-42e4-446c-a056-8369a827d225 d29ffc22dbc548029f6f538cdace1a2f 32d37bd481b44e8f81bf2236fdaee27f - - b1dd350c040745ada743c8d896724cf9 b1dd350c040745ada743c8d896724cf9] Successfully bumped revision number for resource 7c8714a1-978a-4039-b0b9-710970d8a972 (type: ports) to 2
2026-05-12 17:40:01.812 10 INFO neutron.wsgi [req-70ac83c9-8f79-4ade-8b1d-5b410d2d683c req-d65abfe2-42e4-446c-a056-8369a827d225 d29ffc22dbc548029f6f538cdace1a2f 32d37bd481b44e8f81bf2236fdaee27f - - b1dd350c040745ada743c8d896724cf9 b1dd350c040745ada743c8d896724cf9] 199.19.213.15 "PUT /v2.0/ports/7c8714a1-978a-4039-b0b9-710970d8a972 HTTP/1.1" status: 200 len: 1380 time: 2.1191010 /var/lib/openstack/lib/python3.10/site-packages/pycadf/identifier.py:71: UserWarning: Invalid uuid: neutron. To ensure interoperability, identifiers should be a valid uuid. warnings.warn(('Invalid uuid: %s. To ensure interoperability, '
2026-05-12 17:40:01.961 10 INFO neutron.wsgi [req-f333734a-fac9-4eca-88b0-e062c512ca5e req-786216f4-61a6-4941-9381-b486ae4f03f5 9860d5a0fdf24fe9ae6fda51309a6b8f b237a6657fb548eda9120838e6270423 - - default default] 10.0.0.81 "GET /v2.0/ports?device_id=cdb7652c-50cc-49b3-9503-c3494bfedc73 HTTP/1.1" status: 200 len: 210 time: 0.0421076
2026-05-12 17:40:01.983 10 INFO neutron.wsgi [req-70ac83c9-8f79-4ade-8b1d-5b410d2d683c req-556340b7-61a1-46d0-af8f-432d3a9b1650 d29ffc22dbc548029f6f538cdace1a2f 32d37bd481b44e8f81bf2236fdaee27f - - b1dd350c040745ada743c8d896724cf9 b1dd350c040745ada743c8d896724cf9] 199.19.213.15 "GET /v2.0/ports?tenant_id=d46ba9a6242047138407866eb765bf52&device_id=3b7ee29e-0344-4d1f-9613-67f6bbd0d0f6 HTTP/1.1" status: 200 len: 1411 time: 0.1169426
2026-05-12 17:40:01.997 9 INFO neutron.wsgi [None req-96f75edf-97bf-4c6d-974e-cc0410482d54 6b4c5e6b20194522ae8751eb8146da01 5499d54aec2e45edb63bc49eb8e062a4 - - default default] 10.0.0.10 "DELETE /v2.0/subnets/47494e7e-8325-43a8-bbfa-63191fd208ff HTTP/1.1" status: 204 len: 168 time: 0.2629962
2026-05-12 17:40:02.021 10 INFO neutron.db.ovn_revision_numbers_db [None req-0cea73f1-d282-4d2c-8653-bd03774ee440 - - - - - -] Successfully bumped revision number for resource 2a316b53-5545-48e6-be2f-86ffc48ff597 (type: router_ports) to 2
2026-05-12 17:40:02.041 10 INFO neutron.wsgi [req-70ac83c9-8f79-4ade-8b1d-5b410d2d683c req-1326511b-4eb3-494a-8da2-38026d11121a d29ffc22dbc548029f6f538cdace1a2f 32d37bd481b44e8f81bf2236fdaee27f - - b1dd350c040745ada743c8d896724cf9 b1dd350c040745ada743c8d896724cf9] 199.19.213.15 "GET /v2.0/floatingips?fixed_ip_address=10.100.0.14&port_id=7c8714a1-978a-4039-b0b9-710970d8a972 HTTP/1.1" status: 200 len: 217 time: 0.0456891
2026-05-12 17:40:02.061 10 INFO neutron.wsgi [req-fd2bcbe6-93ed-485e-a3bc-fc2ff0242f36 req-ed9066f6-dc4d-4255-bda2-ff608fa2c562 2a82da617838475b90a46530a7e45b15 097ccd3c7c9c43b09dd01161672a59ca - - default default] 10.0.0.81 "GET /v2.0/ports?device_id=bb36ce89-c80b-4e07-80f5-6101f05f5c45 HTTP/1.1" status: 200 len: 1172 time: 0.1080289
2026-05-12 17:40:02.138 10 INFO neutron.wsgi [req-70ac83c9-8f79-4ade-8b1d-5b410d2d683c req-12df9703-1bd3-4ae1-ac23-cc583ff1c4ef d29ffc22dbc548029f6f538cdace1a2f 32d37bd481b44e8f81bf2236fdaee27f - - b1dd350c040745ada743c8d896724cf9 b1dd350c040745ada743c8d896724cf9] 199.19.213.15 "GET /v2.0/subnets?id=15e83b84-4426-45e6-a227-a56e322d1951 HTTP/1.1" status: 200 len: 870 time: 0.0860093
2026-05-12 17:40:02.192 10 INFO neutron.wsgi [req-fd2bcbe6-93ed-485e-a3bc-fc2ff0242f36 req-d02e5236-5702-4ce9-813f-bd20553ba26c 2a82da617838475b90a46530a7e45b15 097ccd3c7c9c43b09dd01161672a59ca - - default default] 10.0.0.81 "GET /v2.0/security-groups?id=11afb237-254e-4dfc-9f67-9509aad9776a&fields=id&fields=name HTTP/1.1" status: 200 len: 313 time: 0.1185532
2026-05-12 17:40:02.200 10 INFO neutron.wsgi [req-70ac83c9-8f79-4ade-8b1d-5b410d2d683c req-11bc5d3d-68a5-4ddc-ae4d-ef809234a121 d29ffc22dbc548029f6f538cdace1a2f 32d37bd481b44e8f81bf2236fdaee27f - - b1dd350c040745ada743c8d896724cf9 b1dd350c040745ada743c8d896724cf9] 199.19.213.15 "GET /v2.0/ports?network_id=884bd596-93bc-4d84-944d-3965d1832013&device_owner=network%3Adhcp HTTP/1.1" status: 200 len: 210 time: 0.0536287
2026-05-12 17:40:02.249 10 INFO neutron.db.ovn_revision_numbers_db [req-071afb10-6ce1-4f8b-a9b4-103389efc020 req-630e14ab-0591-4bdb-a082-34a6760e13bd d29ffc22dbc548029f6f538cdace1a2f 32d37bd481b44e8f81bf2236fdaee27f - - b1dd350c040745ada743c8d896724cf9 b1dd350c040745ada743c8d896724cf9] Successfully bumped revision number for resource 8a4f1c55-fc23-485e-b2ad-1e63bba36ccb (type: ports) to 2
2026-05-12 17:40:02.297 10 INFO neutron.notifiers.nova [-] Nova event matching ['req-7b694576-d218-4cef-8aeb-2ca07d5c8765'] response: {'name': 'network-changed', 'server_uuid': '3b7ee29e-0344-4d1f-9613-67f6bbd0d0f6', 'tag': '7c8714a1-978a-4039-b0b9-710970d8a972', 'status': 'completed', 'code': 200}
2026-05-12 17:40:02.304 10 INFO neutron.wsgi [req-70ac83c9-8f79-4ade-8b1d-5b410d2d683c req-d8222533-5d8d-4de9-8873-587e9c9dff7d d29ffc22dbc548029f6f538cdace1a2f 32d37bd481b44e8f81bf2236fdaee27f - - b1dd350c040745ada743c8d896724cf9 b1dd350c040745ada743c8d896724cf9] 199.19.213.15 "GET /v2.0/networks/884bd596-93bc-4d84-944d-3965d1832013?fields=segments HTTP/1.1" status: 200 len: 212 time: 0.0961354
2026-05-12 17:40:02.352 10 INFO neutron.wsgi [req-b6e144ac-4a0d-4c87-ae86-7b1d135e5459 req-9a525d38-2652-4688-a91a-b101cd034d12 c58de55891a847cbab69473178ed74b2 d46ba9a6242047138407866eb765bf52 - - default default] 10.0.0.81 "GET /v2.0/ports?device_id=3b7ee29e-0344-4d1f-9613-67f6bbd0d0f6 HTTP/1.1" status: 200 len: 1172 time: 0.1589198
2026-05-12 17:40:02.510 9 INFO neutron.wsgi [None req-360cfbfe-b61f-47e7-8d2c-9eb3d7559af3 6b4c5e6b20194522ae8751eb8146da01 5499d54aec2e45edb63bc49eb8e062a4 - - default default] 10.0.0.10 "DELETE /v2.0/networks/410704d6-16ff-4e3f-af7a-0cca0a968564 HTTP/1.1" status: 204 len: 168 time: 0.5066423
2026-05-12 17:40:02.555 10 INFO neutron.wsgi [req-70ac83c9-8f79-4ade-8b1d-5b410d2d683c req-bcda4a38-d1da-407e-adeb-be0ba2cb3d5c d29ffc22dbc548029f6f538cdace1a2f 32d37bd481b44e8f81bf2236fdaee27f - - b1dd350c040745ada743c8d896724cf9 b1dd350c040745ada743c8d896724cf9] 199.19.213.15 "GET /v2.0/networks/884bd596-93bc-4d84-944d-3965d1832013?fields=provider%3Aphysical_network&fields=provider%3Anetwork_type HTTP/1.1" status: 200 len: 277 time: 0.2430258
2026-05-12 17:40:02.587 10 INFO neutron.wsgi [req-b6e144ac-4a0d-4c87-ae86-7b1d135e5459 req-82748ff3-aa41-449b-807b-f523ed1ed2b9 c58de55891a847cbab69473178ed74b2 d46ba9a6242047138407866eb765bf52 - - default default] 10.0.0.81 "GET /v2.0/security-groups?id=a53f741c-6887-4c64-bd08-6e3646cda028&fields=id&fields=name HTTP/1.1" status: 200 len: 286 time: 0.2281265
2026-05-12 17:40:02.644 10 INFO neutron.wsgi [req-b35186a1-7aca-4022-83a5-f01bbb611823 req-495323bb-a286-46ea-95ad-58b050936fdd d29ffc22dbc548029f6f538cdace1a2f 32d37bd481b44e8f81bf2236fdaee27f - - b1dd350c040745ada743c8d896724cf9 b1dd350c040745ada743c8d896724cf9] 199.19.213.15 "GET /v2.0/ports?tenant_id=d46ba9a6242047138407866eb765bf52&device_id=3b7ee29e-0344-4d1f-9613-67f6bbd0d0f6 HTTP/1.1" status: 200 len: 1411 time: 0.0502081 /var/lib/openstack/lib/python3.10/site-packages/pycadf/identifier.py:71: UserWarning: Invalid uuid: neutron. To ensure interoperability, identifiers should be a valid uuid. warnings.warn(('Invalid uuid: %s. To ensure interoperability, '
2026-05-12 17:40:02.702 10 INFO neutron.wsgi [None req-f629e0b7-6fe9-46be-ad6a-5ec64b120242 6b4c5e6b20194522ae8751eb8146da01 5499d54aec2e45edb63bc49eb8e062a4 - - default default] 10.0.0.10 "GET /v2.0/security-groups?tenant_id=3b04f0636f434f909217e2533e6f113d&name=default HTTP/1.1" status: 200 len: 3116 time: 0.0475163
2026-05-12 17:40:02.726 10 INFO neutron.db.ovn_revision_numbers_db [req-071afb10-6ce1-4f8b-a9b4-103389efc020 req-630e14ab-0591-4bdb-a082-34a6760e13bd d29ffc22dbc548029f6f538cdace1a2f 32d37bd481b44e8f81bf2236fdaee27f - - b1dd350c040745ada743c8d896724cf9 b1dd350c040745ada743c8d896724cf9] Successfully bumped revision number for resource 8a4f1c55-fc23-485e-b2ad-1e63bba36ccb (type: ports) to 2
2026-05-12 17:40:02.752 10 INFO neutron.wsgi [req-071afb10-6ce1-4f8b-a9b4-103389efc020 req-630e14ab-0591-4bdb-a082-34a6760e13bd d29ffc22dbc548029f6f538cdace1a2f 32d37bd481b44e8f81bf2236fdaee27f - - b1dd350c040745ada743c8d896724cf9 b1dd350c040745ada743c8d896724cf9] 199.19.213.15 "PUT /v2.0/ports/8a4f1c55-fc23-485e-b2ad-1e63bba36ccb HTTP/1.1" status: 200 len: 1380 time: 1.7847927
2026-05-12 17:40:02.837 10 INFO neutron.wsgi [req-b35186a1-7aca-4022-83a5-f01bbb611823 req-e44993f6-62fa-46ac-93ee-0f2aab5330d2 d29ffc22dbc548029f6f538cdace1a2f 32d37bd481b44e8f81bf2236fdaee27f - - b1dd350c040745ada743c8d896724cf9 b1dd350c040745ada743c8d896724cf9] 199.19.213.15 "GET /v2.0/networks?id=884bd596-93bc-4d84-944d-3965d1832013 HTTP/1.1" status: 200 len: 975 time: 0.0846181
2026-05-12 17:40:02.876 10 INFO neutron.wsgi [req-b35186a1-7aca-4022-83a5-f01bbb611823 req-ed88a90d-e692-4fa2-9403-065a6c3c55a9 d29ffc22dbc548029f6f538cdace1a2f 32d37bd481b44e8f81bf2236fdaee27f - - b1dd350c040745ada743c8d896724cf9 b1dd350c040745ada743c8d896724cf9] 199.19.213.15 "GET /v2.0/floatingips?fixed_ip_address=10.100.0.14&port_id=7c8714a1-978a-4039-b0b9-710970d8a972 HTTP/1.1" status: 200 len: 217 time: 0.0342255
2026-05-12 17:40:02.895 9 INFO neutron.wsgi [req-071afb10-6ce1-4f8b-a9b4-103389efc020 req-b3f1101d-d178-4fc4-858d-6bb17940966f d29ffc22dbc548029f6f538cdace1a2f 32d37bd481b44e8f81bf2236fdaee27f - - b1dd350c040745ada743c8d896724cf9 b1dd350c040745ada743c8d896724cf9] 199.19.213.15 "GET /v2.0/ports?tenant_id=097ccd3c7c9c43b09dd01161672a59ca&device_id=bb36ce89-c80b-4e07-80f5-6101f05f5c45 HTTP/1.1" status: 200 len: 1411 time: 0.0660715
2026-05-12 17:40:02.934 10 INFO neutron.wsgi [req-b35186a1-7aca-4022-83a5-f01bbb611823 req-b0f5282e-8326-432d-90bc-6ca2da1b8d4b d29ffc22dbc548029f6f538cdace1a2f 32d37bd481b44e8f81bf2236fdaee27f - - b1dd350c040745ada743c8d896724cf9 b1dd350c040745ada743c8d896724cf9] 199.19.213.15 "GET /v2.0/subnets?id=15e83b84-4426-45e6-a227-a56e322d1951 HTTP/1.1" status: 200 len: 870 time: 0.0511026
2026-05-12 17:40:02.936 9 INFO neutron.wsgi [req-071afb10-6ce1-4f8b-a9b4-103389efc020 req-4dbe8177-531f-435d-8f72-4849c2f72475 d29ffc22dbc548029f6f538cdace1a2f 32d37bd481b44e8f81bf2236fdaee27f - - b1dd350c040745ada743c8d896724cf9 b1dd350c040745ada743c8d896724cf9] 199.19.213.15 "GET /v2.0/floatingips?fixed_ip_address=10.100.0.10&port_id=8a4f1c55-fc23-485e-b2ad-1e63bba36ccb HTTP/1.1" status: 200 len: 217 time: 0.0330625
2026-05-12 17:40:02.943 10 INFO neutron.wsgi [req-f5a45649-a1b7-4f65-a353-aa12e1127e54 req-f1b93c4f-0e5b-48d2-802d-bb64d822ef39 9860d5a0fdf24fe9ae6fda51309a6b8f b237a6657fb548eda9120838e6270423 - - default default] 199.19.213.15 "GET /v2.0/networks?id=46eb05d5-56b1-4a7d-999d-43c21d074b0a HTTP/1.1" status: 200 len: 882 time: 0.1238737
2026-05-12 17:40:02.974 10 INFO neutron.wsgi [req-b35186a1-7aca-4022-83a5-f01bbb611823 req-c4dec79c-cebd-4136-94af-a7aa32d13768 d29ffc22dbc548029f6f538cdace1a2f 32d37bd481b44e8f81bf2236fdaee27f - - b1dd350c040745ada743c8d896724cf9 b1dd350c040745ada743c8d896724cf9] 199.19.213.15 "GET /v2.0/ports?network_id=884bd596-93bc-4d84-944d-3965d1832013&device_owner=network%3Adhcp HTTP/1.1" status: 200 len: 210 time: 0.0281537
2026-05-12 17:40:02.997 9 INFO neutron.wsgi [req-071afb10-6ce1-4f8b-a9b4-103389efc020 req-2ab77f7c-2bb2-47e3-8ae0-1388b6445154 d29ffc22dbc548029f6f538cdace1a2f 32d37bd481b44e8f81bf2236fdaee27f - - b1dd350c040745ada743c8d896724cf9 b1dd350c040745ada743c8d896724cf9] 199.19.213.15 "GET /v2.0/subnets?id=f157d55d-9654-4b52-8136-9de98e43a4b0 HTTP/1.1" status: 200 len: 869 time: 0.0466204
2026-05-12 17:40:03.035 9 INFO neutron.services.segments.plugin [-] Segment 06d57db3-cb4f-4919-b458-b3ccccbefc1a resource provider aggregate not found
2026-05-12 17:40:03.040 10 INFO neutron.wsgi [req-f5a45649-a1b7-4f65-a353-aa12e1127e54 req-1018431a-4fd9-4804-8bd5-85e2a48a25cf 9860d5a0fdf24fe9ae6fda51309a6b8f b237a6657fb548eda9120838e6270423 - - default default] 199.19.213.15 "GET /v2.0/security-groups?fields=id&fields=name&tenant_id=b237a6657fb548eda9120838e6270423 HTTP/1.1" status: 200 len: 380 time: 0.0867660
2026-05-12 17:40:03.049 9 INFO neutron.services.segments.plugin [-] Segment 06d57db3-cb4f-4919-b458-b3ccccbefc1a resource provider aggregate not found
2026-05-12 17:40:03.052 10 WARNING neutron_lib.context [req-f5a45649-a1b7-4f65-a353-aa12e1127e54 req-f4d01cb3-77f8-47d7-bc77-e938c93ab2bc 9860d5a0fdf24fe9ae6fda51309a6b8f b237a6657fb548eda9120838e6270423 - - default default] Method 'is_advsvc' is deprecated since 2023.2 release (neutron-lib 3.8.0) and will be removed once support for the old RBAC API policies will be removed from Neutron. Please use method 'is_service_role' instead.
2026-05-12 17:40:03.056 9 INFO neutron.wsgi [req-071afb10-6ce1-4f8b-a9b4-103389efc020 req-443fbe0a-4fa1-4c42-b901-5197c8fe41f1 d29ffc22dbc548029f6f538cdace1a2f 32d37bd481b44e8f81bf2236fdaee27f - - b1dd350c040745ada743c8d896724cf9 b1dd350c040745ada743c8d896724cf9] 199.19.213.15 "GET /v2.0/ports?network_id=1578a232-49be-43ec-9377-65955eea8e0f&device_owner=network%3Adhcp HTTP/1.1" status: 200 len: 210 time: 0.0474527
2026-05-12 17:40:03.059 9 INFO neutron.services.segments.plugin [-] Segment 06d57db3-cb4f-4919-b458-b3ccccbefc1a resource provider not found; error: Placement Client Error (4xx): {"errors": [{"status": 404, "title": "Not Found", "detail": "The resource could not be found.\n\n No resource provider with uuid 06d57db3-cb4f-4919-b458-b3ccccbefc1a found for delete ", "request_id": "req-e4517391-a707-499d-85ff-89848cd6d7d3"}]}
2026-05-12 17:40:03.062 9 INFO neutron.wsgi [None req-cbafec78-a52f-46d5-a44e-565a5a57c519 6b4c5e6b20194522ae8751eb8146da01 5499d54aec2e45edb63bc49eb8e062a4 - - default default] 10.0.0.10 "DELETE /v2.0/security-groups/aec20e8b-3615-42c7-8077-b1d2aacf7992 HTTP/1.1" status: 204 len: 168 time: 0.3549371
2026-05-12 17:40:03.064 9 INFO neutron.services.segments.plugin [-] Segment 06d57db3-cb4f-4919-b458-b3ccccbefc1a resource provider not found; error: Placement Client Error (4xx): {"errors": [{"status": 404, "title": "Not Found", "detail": "The resource could not be found.\n\n No resource provider with uuid 06d57db3-cb4f-4919-b458-b3ccccbefc1a found for delete ", "request_id": "req-68534f00-6157-47fe-9d74-68e2fcffca1f"}]}
2026-05-12 17:40:03.093 10 INFO neutron.wsgi [req-e4827fe6-7b91-45ca-9029-f781dcf37f0b req-8a1dd5de-462f-4bbc-b110-46a3f28e7c67 9860d5a0fdf24fe9ae6fda51309a6b8f b237a6657fb548eda9120838e6270423 - - default default] 10.0.0.81 "GET /v2.0/ports?device_id=cdb7652c-50cc-49b3-9503-c3494bfedc73 HTTP/1.1" status: 200 len: 210 time: 0.0366449
2026-05-12 17:40:03.100 10 INFO neutron.wsgi [req-b35186a1-7aca-4022-83a5-f01bbb611823 req-962ae639-a6ff-4f41-a96e-d62e1801343a d29ffc22dbc548029f6f538cdace1a2f 32d37bd481b44e8f81bf2236fdaee27f - - b1dd350c040745ada743c8d896724cf9 b1dd350c040745ada743c8d896724cf9] 199.19.213.15 "GET /v2.0/networks/884bd596-93bc-4d84-944d-3965d1832013?fields=segments HTTP/1.1" status: 200 len: 212 time: 0.1154575
2026-05-12 17:40:03.155 9 INFO neutron.wsgi [req-071afb10-6ce1-4f8b-a9b4-103389efc020 req-3456cefd-cde2-4bb1-b7db-c2758a733a82 d29ffc22dbc548029f6f538cdace1a2f 32d37bd481b44e8f81bf2236fdaee27f - - b1dd350c040745ada743c8d896724cf9 b1dd350c040745ada743c8d896724cf9] 199.19.213.15 "GET /v2.0/networks/1578a232-49be-43ec-9377-65955eea8e0f?fields=segments HTTP/1.1" status: 200 len: 212 time: 0.0713270
2026-05-12 17:40:03.207 10 INFO neutron.wsgi [req-b35186a1-7aca-4022-83a5-f01bbb611823 req-9a221ab6-8182-42a2-a3b5-c513bd64462e d29ffc22dbc548029f6f538cdace1a2f 32d37bd481b44e8f81bf2236fdaee27f - - b1dd350c040745ada743c8d896724cf9 b1dd350c040745ada743c8d896724cf9] 199.19.213.15 "GET /v2.0/networks/884bd596-93bc-4d84-944d-3965d1832013?fields=provider%3Aphysical_network&fields=provider%3Anetwork_type HTTP/1.1" status: 200 len: 277 time: 0.0981781
2026-05-12 17:40:03.232 9 INFO neutron.wsgi [req-071afb10-6ce1-4f8b-a9b4-103389efc020 req-d659f529-9792-493e-b254-fea12bd776c5 d29ffc22dbc548029f6f538cdace1a2f 32d37bd481b44e8f81bf2236fdaee27f - - b1dd350c040745ada743c8d896724cf9 b1dd350c040745ada743c8d896724cf9] 199.19.213.15 "GET /v2.0/networks/1578a232-49be-43ec-9377-65955eea8e0f?fields=provider%3Aphysical_network&fields=provider%3Anetwork_type HTTP/1.1" status: 200 len: 277 time: 0.0677238
2026-05-12 17:40:03.376 10 INFO neutron.wsgi [req-5619f146-8dcf-4888-9f67-2e97782b00df req-4438bc66-88d5-4b00-abff-c5e2f6d493ac 2a82da617838475b90a46530a7e45b15 097ccd3c7c9c43b09dd01161672a59ca - - default default] 10.0.0.81 "GET /v2.0/ports?device_id=bb36ce89-c80b-4e07-80f5-6101f05f5c45 HTTP/1.1" status: 200 len: 1172 time: 0.1089816
2026-05-12 17:40:03.431 10 INFO neutron.wsgi [req-5619f146-8dcf-4888-9f67-2e97782b00df req-279dd41c-903d-4888-906a-00da760cd58e 2a82da617838475b90a46530a7e45b15 097ccd3c7c9c43b09dd01161672a59ca - - default default] 10.0.0.81 "GET /v2.0/security-groups?id=11afb237-254e-4dfc-9f67-9509aad9776a&fields=id&fields=name HTTP/1.1" status: 200 len: 313 time: 0.0457256
2026-05-12 17:40:03.513 10 WARNING neutron.scheduler.dhcp_agent_scheduler [req-f5a45649-a1b7-4f65-a353-aa12e1127e54 req-f4d01cb3-77f8-47d7-bc77-e938c93ab2bc 9860d5a0fdf24fe9ae6fda51309a6b8f b237a6657fb548eda9120838e6270423 - - default default] No more DHCP agents
2026-05-12 17:40:03.515 10 WARNING neutron.api.rpc.agentnotifiers.dhcp_rpc_agent_api [req-f5a45649-a1b7-4f65-a353-aa12e1127e54 req-f4d01cb3-77f8-47d7-bc77-e938c93ab2bc 9860d5a0fdf24fe9ae6fda51309a6b8f b237a6657fb548eda9120838e6270423 - - default default] Unable to schedule network 46eb05d5-56b1-4a7d-999d-43c21d074b0a: no agents available; will retry on subsequent port and subnet creation events.
2026-05-12 17:40:03.661 10 INFO neutron.db.ovn_revision_numbers_db [req-f5a45649-a1b7-4f65-a353-aa12e1127e54 req-f4d01cb3-77f8-47d7-bc77-e938c93ab2bc 9860d5a0fdf24fe9ae6fda51309a6b8f b237a6657fb548eda9120838e6270423 - - default default] Successfully bumped revision number for resource 0185f7c1-af92-4996-9036-a74a584d6676 (type: ports) to 1 /var/lib/openstack/lib/python3.10/site-packages/pycadf/identifier.py:71: UserWarning: Invalid uuid: neutron. To ensure interoperability, identifiers should be a valid uuid. warnings.warn(('Invalid uuid: %s. To ensure interoperability, '
2026-05-12 17:40:03.700 10 INFO neutron.wsgi [req-f5a45649-a1b7-4f65-a353-aa12e1127e54 req-f4d01cb3-77f8-47d7-bc77-e938c93ab2bc 9860d5a0fdf24fe9ae6fda51309a6b8f b237a6657fb548eda9120838e6270423 - - default default] 199.19.213.15 "POST /v2.0/ports HTTP/1.1" status: 201 len: 1162 time: 0.6540864
2026-05-12 17:40:03.726 10 INFO neutron.wsgi [req-03926974-ef02-480a-bbfa-52c8503a720b req-9f63168b-6e77-4977-baf3-f56037889d9b c58de55891a847cbab69473178ed74b2 d46ba9a6242047138407866eb765bf52 - - default default] 10.0.0.81 "GET /v2.0/ports?device_id=3b7ee29e-0344-4d1f-9613-67f6bbd0d0f6 HTTP/1.1" status: 200 len: 1172 time: 0.0602591
2026-05-12 17:40:03.785 10 INFO neutron.wsgi [req-03926974-ef02-480a-bbfa-52c8503a720b req-65b0d592-704f-478b-b367-41b15fe459ef c58de55891a847cbab69473178ed74b2 d46ba9a6242047138407866eb765bf52 - - default default] 10.0.0.81 "GET /v2.0/security-groups?id=a53f741c-6887-4c64-bd08-6e3646cda028&fields=id&fields=name HTTP/1.1" status: 200 len: 286 time: 0.0510471 /var/lib/openstack/lib/python3.10/site-packages/pycadf/identifier.py:71: UserWarning: Invalid uuid: neutron. To ensure interoperability, identifiers should be a valid uuid. warnings.warn(('Invalid uuid: %s. To ensure interoperability, '
2026-05-12 17:40:04.189 10 INFO neutron.db.ovn_revision_numbers_db [req-f5a45649-a1b7-4f65-a353-aa12e1127e54 req-5eccfdb9-fca1-4503-93cf-d6f4b55d2d22 d29ffc22dbc548029f6f538cdace1a2f 32d37bd481b44e8f81bf2236fdaee27f - - b1dd350c040745ada743c8d896724cf9 b1dd350c040745ada743c8d896724cf9] Successfully bumped revision number for resource 0185f7c1-af92-4996-9036-a74a584d6676 (type: ports) to 2
2026-05-12 17:40:04.201 10 INFO neutron.wsgi [req-cbfe3603-7987-484f-86e0-3f3240d044f3 req-4dcd21dd-d54b-49d9-a75b-d41d67585ae5 9860d5a0fdf24fe9ae6fda51309a6b8f b237a6657fb548eda9120838e6270423 - - default default] 10.0.0.81 "GET /v2.0/ports?device_id=cdb7652c-50cc-49b3-9503-c3494bfedc73 HTTP/1.1" status: 200 len: 1172 time: 0.0447540
2026-05-12 17:40:04.262 10 INFO neutron.wsgi [req-cbfe3603-7987-484f-86e0-3f3240d044f3 req-96e6f633-591f-47a0-95fe-6c6d8ad0a026 9860d5a0fdf24fe9ae6fda51309a6b8f b237a6657fb548eda9120838e6270423 - - default default] 10.0.0.81 "GET /v2.0/security-groups?id=124c5ef9-63b5-42bd-80cb-d407c2f1deb4&fields=id&fields=name HTTP/1.1" status: 200 len: 313 time: 0.0533001
2026-05-12 17:40:04.369 10 INFO neutron.notifiers.nova [-] Nova event matching ['req-6cecff6a-9ef9-430f-bae1-5b84d1e13b83'] response: {'name': 'network-changed', 'server_uuid': 'bb36ce89-c80b-4e07-80f5-6101f05f5c45', 'tag': '8a4f1c55-fc23-485e-b2ad-1e63bba36ccb', 'status': 'completed', 'code': 200}
2026-05-12 17:40:04.429 9 INFO neutron.wsgi [req-6ebe615e-d553-4f11-b06b-06c86a87bbdb req-f42b92b2-382c-42db-bb64-754325c7d47c d29ffc22dbc548029f6f538cdace1a2f 32d37bd481b44e8f81bf2236fdaee27f - - b1dd350c040745ada743c8d896724cf9 b1dd350c040745ada743c8d896724cf9] 199.19.213.15 "GET /v2.0/ports?tenant_id=097ccd3c7c9c43b09dd01161672a59ca&device_id=bb36ce89-c80b-4e07-80f5-6101f05f5c45 HTTP/1.1" status: 200 len: 1411 time: 0.0401459
2026-05-12 17:40:04.480 10 INFO neutron.db.ovn_revision_numbers_db [req-f5a45649-a1b7-4f65-a353-aa12e1127e54 req-5eccfdb9-fca1-4503-93cf-d6f4b55d2d22 d29ffc22dbc548029f6f538cdace1a2f 32d37bd481b44e8f81bf2236fdaee27f - - b1dd350c040745ada743c8d896724cf9 b1dd350c040745ada743c8d896724cf9] Successfully bumped revision number for resource 0185f7c1-af92-4996-9036-a74a584d6676 (type: ports) to 2
2026-05-12 17:40:04.499 9 INFO neutron.wsgi [req-6ebe615e-d553-4f11-b06b-06c86a87bbdb req-1318d926-d538-4ffc-a183-0f8a3b790000 d29ffc22dbc548029f6f538cdace1a2f 32d37bd481b44e8f81bf2236fdaee27f - - b1dd350c040745ada743c8d896724cf9 b1dd350c040745ada743c8d896724cf9] 199.19.213.15 "GET /v2.0/networks?id=1578a232-49be-43ec-9377-65955eea8e0f HTTP/1.1" status: 200 len: 974 time: 0.0635378
2026-05-12 17:40:04.500 10 INFO neutron.wsgi [req-f5a45649-a1b7-4f65-a353-aa12e1127e54 req-5eccfdb9-fca1-4503-93cf-d6f4b55d2d22 d29ffc22dbc548029f6f538cdace1a2f 32d37bd481b44e8f81bf2236fdaee27f - - b1dd350c040745ada743c8d896724cf9 b1dd350c040745ada743c8d896724cf9] 199.19.213.15 "PUT /v2.0/ports/0185f7c1-af92-4996-9036-a74a584d6676 HTTP/1.1" status: 200 len: 1380 time: 0.7913556 /var/lib/openstack/lib/python3.10/site-packages/pycadf/identifier.py:71: UserWarning: Invalid uuid: neutron. To ensure interoperability, identifiers should be a valid uuid. warnings.warn(('Invalid uuid: %s. To ensure interoperability, '
2026-05-12 17:40:04.533 9 INFO neutron.wsgi [req-6ebe615e-d553-4f11-b06b-06c86a87bbdb req-97ed57b3-07ea-47cf-8cc1-ddc398830bff d29ffc22dbc548029f6f538cdace1a2f 32d37bd481b44e8f81bf2236fdaee27f - - b1dd350c040745ada743c8d896724cf9 b1dd350c040745ada743c8d896724cf9] 199.19.213.15 "GET /v2.0/floatingips?fixed_ip_address=10.100.0.10&port_id=8a4f1c55-fc23-485e-b2ad-1e63bba36ccb HTTP/1.1" status: 200 len: 217 time: 0.0239995
2026-05-12 17:40:04.563 10 INFO neutron.wsgi [req-b9986e0e-35c4-4467-8f7e-8b3a66fd0090 req-2f55d80b-b878-41f1-afe5-11e97e5e735d 2a82da617838475b90a46530a7e45b15 097ccd3c7c9c43b09dd01161672a59ca - - default default] 10.0.0.81 "GET /v2.0/ports?device_id=bb36ce89-c80b-4e07-80f5-6101f05f5c45 HTTP/1.1" status: 200 len: 1172 time: 0.0543039
2026-05-12 17:40:04.595 9 INFO neutron.wsgi [req-6ebe615e-d553-4f11-b06b-06c86a87bbdb req-f59d1e27-cb1b-42f9-b1fd-64cf2d85214e d29ffc22dbc548029f6f538cdace1a2f 32d37bd481b44e8f81bf2236fdaee27f - - b1dd350c040745ada743c8d896724cf9 b1dd350c040745ada743c8d896724cf9] 199.19.213.15 "GET /v2.0/subnets?id=f157d55d-9654-4b52-8136-9de98e43a4b0 HTTP/1.1" status: 200 len: 869 time: 0.0528216
2026-05-12 17:40:04.619 10 INFO neutron.wsgi [req-f5a45649-a1b7-4f65-a353-aa12e1127e54 req-5e5539bf-89d0-4a57-b378-08a98ce17bc8 d29ffc22dbc548029f6f538cdace1a2f 32d37bd481b44e8f81bf2236fdaee27f - - b1dd350c040745ada743c8d896724cf9 b1dd350c040745ada743c8d896724cf9] 199.19.213.15 "GET /v2.0/ports?tenant_id=b237a6657fb548eda9120838e6270423&device_id=cdb7652c-50cc-49b3-9503-c3494bfedc73 HTTP/1.1" status: 200 len: 1411 time: 0.0486567
2026-05-12 17:40:04.621 9 INFO neutron.wsgi [req-6ebe615e-d553-4f11-b06b-06c86a87bbdb req-fd1d9a1f-837c-4c4d-a462-dad4099ad06f d29ffc22dbc548029f6f538cdace1a2f 32d37bd481b44e8f81bf2236fdaee27f - - b1dd350c040745ada743c8d896724cf9 b1dd350c040745ada743c8d896724cf9] 199.19.213.15 "GET /v2.0/ports?network_id=1578a232-49be-43ec-9377-65955eea8e0f&device_owner=network%3Adhcp HTTP/1.1" status: 200 len: 210 time: 0.0206406
2026-05-12 17:40:04.645 10 INFO neutron.wsgi [req-b9986e0e-35c4-4467-8f7e-8b3a66fd0090 req-fcf4952c-a9b0-46bb-aed9-d32703eee1ce 2a82da617838475b90a46530a7e45b15 097ccd3c7c9c43b09dd01161672a59ca - - default default] 10.0.0.81 "GET /v2.0/security-groups?id=11afb237-254e-4dfc-9f67-9509aad9776a&fields=id&fields=name HTTP/1.1" status: 200 len: 313 time: 0.0656574
2026-05-12 17:40:04.659 10 INFO neutron.wsgi [req-f5a45649-a1b7-4f65-a353-aa12e1127e54 req-d7905b89-f3b2-44cf-9adc-b8b61a544e8b d29ffc22dbc548029f6f538cdace1a2f 32d37bd481b44e8f81bf2236fdaee27f - - b1dd350c040745ada743c8d896724cf9 b1dd350c040745ada743c8d896724cf9] 199.19.213.15 "GET /v2.0/floatingips?fixed_ip_address=10.100.0.13&port_id=0185f7c1-af92-4996-9036-a74a584d6676 HTTP/1.1" status: 200 len: 217 time: 0.0265715
2026-05-12 17:40:04.694 9 INFO neutron.wsgi [req-6ebe615e-d553-4f11-b06b-06c86a87bbdb req-8ba51a6f-d7fa-48f9-a271-b311945d9cf3 d29ffc22dbc548029f6f538cdace1a2f 32d37bd481b44e8f81bf2236fdaee27f - - b1dd350c040745ada743c8d896724cf9 b1dd350c040745ada743c8d896724cf9] 199.19.213.15 "GET /v2.0/networks/1578a232-49be-43ec-9377-65955eea8e0f?fields=segments HTTP/1.1" status: 200 len: 212 time: 0.0605407
2026-05-12 17:40:04.712 10 INFO neutron.wsgi [req-f5a45649-a1b7-4f65-a353-aa12e1127e54 req-75db880a-2fb9-4ede-98df-d2e12002cafa d29ffc22dbc548029f6f538cdace1a2f 32d37bd481b44e8f81bf2236fdaee27f - - b1dd350c040745ada743c8d896724cf9 b1dd350c040745ada743c8d896724cf9] 199.19.213.15 "GET /v2.0/subnets?id=4f3b9930-623e-4cfb-ad18-509dc2ecf740 HTTP/1.1" status: 200 len: 876 time: 0.0459435
2026-05-12 17:40:04.745 10 INFO neutron.wsgi [req-f5a45649-a1b7-4f65-a353-aa12e1127e54 req-924aff58-e3c4-4d9a-978d-eab602ac4da6 d29ffc22dbc548029f6f538cdace1a2f 32d37bd481b44e8f81bf2236fdaee27f - - b1dd350c040745ada743c8d896724cf9 b1dd350c040745ada743c8d896724cf9] 199.19.213.15 "GET /v2.0/ports?network_id=46eb05d5-56b1-4a7d-999d-43c21d074b0a&device_owner=network%3Adhcp HTTP/1.1" status: 200 len: 210 time: 0.0270522
2026-05-12 17:40:04.779 9 INFO neutron.wsgi [req-6ebe615e-d553-4f11-b06b-06c86a87bbdb req-7dcf0a3c-647f-4c7e-97da-58f94e2c7ba2 d29ffc22dbc548029f6f538cdace1a2f 32d37bd481b44e8f81bf2236fdaee27f - - b1dd350c040745ada743c8d896724cf9 b1dd350c040745ada743c8d896724cf9] 199.19.213.15 "GET /v2.0/networks/1578a232-49be-43ec-9377-65955eea8e0f?fields=provider%3Aphysical_network&fields=provider%3Anetwork_type HTTP/1.1" status: 200 len: 277 time: 0.0760236
2026-05-12 17:40:04.878 9 INFO neutron.plugins.ml2.drivers.ovn.mech_driver.mech_driver [None req-0598d071-2ca4-4675-b709-3cb2fa70dbe6 - - - - - -] OVN reports status up for port: 8a4f1c55-fc23-485e-b2ad-1e63bba36ccb
2026-05-12 17:40:04.899 10 INFO neutron.wsgi [req-f5a45649-a1b7-4f65-a353-aa12e1127e54 req-9b77355b-bad6-4118-931c-f540554736f6 d29ffc22dbc548029f6f538cdace1a2f 32d37bd481b44e8f81bf2236fdaee27f - - b1dd350c040745ada743c8d896724cf9 b1dd350c040745ada743c8d896724cf9] 199.19.213.15 "GET /v2.0/networks/46eb05d5-56b1-4a7d-999d-43c21d074b0a?fields=segments HTTP/1.1" status: 200 len: 212 time: 0.1430078
2026-05-12 17:40:04.926 9 INFO neutron.plugins.ml2.plugin [None req-0598d071-2ca4-4675-b709-3cb2fa70dbe6 - - - - - -] Attempt 1 to provision port 8a4f1c55-fc23-485e-b2ad-1e63bba36ccb
2026-05-12 17:40:04.939 10 INFO neutron.wsgi [req-957d98d8-eacc-4c81-bb3c-4b451fd2401e req-d9a78ed0-9f78-4ccd-8258-3cab2002e20a c58de55891a847cbab69473178ed74b2 d46ba9a6242047138407866eb765bf52 - - default default] 10.0.0.81 "GET /v2.0/ports?device_id=3b7ee29e-0344-4d1f-9613-67f6bbd0d0f6 HTTP/1.1" status: 200 len: 1172 time: 0.0807881
2026-05-12 17:40:04.997 10 INFO neutron.wsgi [req-f5a45649-a1b7-4f65-a353-aa12e1127e54 req-925cf283-80ed-4ba8-9080-d394cff506da d29ffc22dbc548029f6f538cdace1a2f 32d37bd481b44e8f81bf2236fdaee27f - - b1dd350c040745ada743c8d896724cf9 b1dd350c040745ada743c8d896724cf9] 199.19.213.15 "GET /v2.0/networks/46eb05d5-56b1-4a7d-999d-43c21d074b0a?fields=provider%3Aphysical_network&fields=provider%3Anetwork_type HTTP/1.1" status: 200 len: 277 time: 0.0873549
2026-05-12 17:40:05.023 10 INFO neutron.wsgi [req-957d98d8-eacc-4c81-bb3c-4b451fd2401e req-3e1e41b8-d55e-4f6a-8405-87ccd72a6b26 c58de55891a847cbab69473178ed74b2 d46ba9a6242047138407866eb765bf52 - - default default] 10.0.0.81 "GET /v2.0/security-groups?id=a53f741c-6887-4c64-bd08-6e3646cda028&fields=id&fields=name HTTP/1.1" status: 200 len: 286 time: 0.0720315
2026-05-12 17:40:05.296 9 INFO neutron.db.ovn_revision_numbers_db [None req-0598d071-2ca4-4675-b709-3cb2fa70dbe6 - - - - - -] Successfully bumped revision number for resource 8a4f1c55-fc23-485e-b2ad-1e63bba36ccb (type: ports) to 4
2026-05-12 17:40:05.341 9 INFO neutron.plugins.ml2.drivers.ovn.mech_driver.mech_driver [None req-0598d071-2ca4-4675-b709-3cb2fa70dbe6 - - - - - -] OVN reports status up for port: 0185f7c1-af92-4996-9036-a74a584d6676
2026-05-12 17:40:05.358 9 INFO neutron.plugins.ml2.plugin [None req-0598d071-2ca4-4675-b709-3cb2fa70dbe6 - - - - - -] Attempt 1 to provision port 0185f7c1-af92-4996-9036-a74a584d6676
2026-05-12 17:40:05.386 10 INFO neutron.wsgi [req-110a61be-ce38-44b3-ab86-f557b30c168f req-574f2cbb-d579-413a-b078-6d0eda6d7c1b 9860d5a0fdf24fe9ae6fda51309a6b8f b237a6657fb548eda9120838e6270423 - - default default] 10.0.0.81 "GET /v2.0/ports?device_id=cdb7652c-50cc-49b3-9503-c3494bfedc73 HTTP/1.1" status: 200 len: 1172 time: 0.0458274
2026-05-12 17:40:05.432 10 INFO neutron.wsgi [req-110a61be-ce38-44b3-ab86-f557b30c168f req-c124471c-cbcb-4aef-9ccd-d21c5461b84d 9860d5a0fdf24fe9ae6fda51309a6b8f b237a6657fb548eda9120838e6270423 - - default default] 10.0.0.81 "GET /v2.0/security-groups?id=124c5ef9-63b5-42bd-80cb-d407c2f1deb4&fields=id&fields=name HTTP/1.1" status: 200 len: 313 time: 0.0416918
2026-05-12 17:40:05.613 9 INFO neutron.notifiers.nova [-] Nova event matching ['req-b3c34e58-0cd2-4435-b74c-245856e5fae4'] response: {'server_uuid': 'bb36ce89-c80b-4e07-80f5-6101f05f5c45', 'name': 'network-vif-plugged', 'status': 'completed', 'tag': '8a4f1c55-fc23-485e-b2ad-1e63bba36ccb', 'code': 200}
2026-05-12 17:40:05.700 9 INFO neutron.db.ovn_revision_numbers_db [None req-0598d071-2ca4-4675-b709-3cb2fa70dbe6 - - - - - -] Successfully bumped revision number for resource 0185f7c1-af92-4996-9036-a74a584d6676 (type: ports) to 4
2026-05-12 17:40:05.748 10 INFO neutron.wsgi [req-a007b52c-02fe-45ac-8cc9-25ec5965cc43 req-009c924a-e1ce-4f66-a50d-fa1b93b18512 2a82da617838475b90a46530a7e45b15 097ccd3c7c9c43b09dd01161672a59ca - - default default] 10.0.0.81 "GET /v2.0/ports?device_id=bb36ce89-c80b-4e07-80f5-6101f05f5c45 HTTP/1.1" status: 200 len: 1174 time: 0.0394952
2026-05-12 17:40:05.803 10 INFO neutron.db.ovn_revision_numbers_db [None req-39e2e2b1-9017-4b75-9489-94c232300514 6b4c5e6b20194522ae8751eb8146da01 5499d54aec2e45edb63bc49eb8e062a4 - - default default] Successfully bumped revision number for resource 7da4aa96-485d-4d1d-8ae2-31692c89e5dd (type: security_groups) to 1
2026-05-12 17:40:05.818 10 INFO neutron.wsgi [req-a007b52c-02fe-45ac-8cc9-25ec5965cc43 req-988fe0d2-75af-4823-a338-3e74d78c1a9d 2a82da617838475b90a46530a7e45b15 097ccd3c7c9c43b09dd01161672a59ca - - default default] 10.0.0.81 "GET /v2.0/security-groups?id=11afb237-254e-4dfc-9f67-9509aad9776a&fields=id&fields=name HTTP/1.1" status: 200 len: 313 time: 0.0624425
2026-05-12 17:40:05.827 10 INFO neutron.db.ovn_revision_numbers_db [None req-39e2e2b1-9017-4b75-9489-94c232300514 6b4c5e6b20194522ae8751eb8146da01 5499d54aec2e45edb63bc49eb8e062a4 - - default default] Successfully bumped revision number for resource 125d0cad-9ce6-461d-9b69-ce21409a6551 (type: security_group_rules) to 0
2026-05-12 17:40:05.847 10 INFO neutron.db.ovn_revision_numbers_db [None req-39e2e2b1-9017-4b75-9489-94c232300514 6b4c5e6b20194522ae8751eb8146da01 5499d54aec2e45edb63bc49eb8e062a4 - - default default] Successfully bumped revision number for resource 17eed973-4a3d-411f-8ca6-b6f0c0467c05 (type: security_group_rules) to 0
2026-05-12 17:40:05.868 10 INFO neutron.db.ovn_revision_numbers_db [None req-39e2e2b1-9017-4b75-9489-94c232300514 6b4c5e6b20194522ae8751eb8146da01 5499d54aec2e45edb63bc49eb8e062a4 - - default default] Successfully bumped revision number for resource 76c40610-6bc1-428b-b49a-079211257392 (type: security_group_rules) to 0
2026-05-12 17:40:05.881 10 INFO neutron.db.ovn_revision_numbers_db [None req-39e2e2b1-9017-4b75-9489-94c232300514 6b4c5e6b20194522ae8751eb8146da01 5499d54aec2e45edb63bc49eb8e062a4 - - default default] Successfully bumped revision number for resource ac52426c-b7b4-4ef1-a32b-ea8b1eeddf47 (type: security_group_rules) to 0
2026-05-12 17:40:05.955 10 INFO neutron.db.segments_db [None req-39e2e2b1-9017-4b75-9489-94c232300514 6b4c5e6b20194522ae8751eb8146da01 5499d54aec2e45edb63bc49eb8e062a4 - - default default] Added segment 37cc1a47-edaa-4a50-b024-432c7097acce of type geneve for network 39cfd495-deb0-4a33-8ace-650b4babdfed
2026-05-12 17:40:06.108 10 INFO neutron.db.ovn_revision_numbers_db [None req-39e2e2b1-9017-4b75-9489-94c232300514 6b4c5e6b20194522ae8751eb8146da01 5499d54aec2e45edb63bc49eb8e062a4 - - default default] Successfully bumped revision number for resource 39cfd495-deb0-4a33-8ace-650b4babdfed (type: networks) to 1
2026-05-12 17:40:06.169 10 INFO neutron.wsgi [req-873a3a57-5038-49c0-94a1-370abbb82281 req-b8767c31-d482-4492-a439-7049fe7812ba c58de55891a847cbab69473178ed74b2 d46ba9a6242047138407866eb765bf52 - - default default] 10.0.0.81 "GET /v2.0/ports?device_id=3b7ee29e-0344-4d1f-9613-67f6bbd0d0f6 HTTP/1.1" status: 200 len: 1172 time: 0.0474541
2026-05-12 17:40:06.235 10 INFO neutron.wsgi [req-873a3a57-5038-49c0-94a1-370abbb82281 req-1f535cd8-54b2-488a-be4e-6c7664ef8117 c58de55891a847cbab69473178ed74b2 d46ba9a6242047138407866eb765bf52 - - default default] 10.0.0.81 "GET /v2.0/security-groups?id=a53f741c-6887-4c64-bd08-6e3646cda028&fields=id&fields=name HTTP/1.1" status: 200 len: 286 time: 0.0570703
2026-05-12 17:40:06.316 10 WARNING neutron.scheduler.dhcp_agent_scheduler [None req-39e2e2b1-9017-4b75-9489-94c232300514 6b4c5e6b20194522ae8751eb8146da01 5499d54aec2e45edb63bc49eb8e062a4 - - default default] No more DHCP agents
2026-05-12 17:40:06.319 10 WARNING neutron.api.rpc.agentnotifiers.dhcp_rpc_agent_api [None req-39e2e2b1-9017-4b75-9489-94c232300514 6b4c5e6b20194522ae8751eb8146da01 5499d54aec2e45edb63bc49eb8e062a4 - - default default] Unable to schedule network 39cfd495-deb0-4a33-8ace-650b4babdfed: no agents available; will retry on subsequent port and subnet creation events.
