2026-05-12 17:41:48.848 10 ERROR neutron_lib.callbacks.manager callback.method(resource, event, trigger, payload=payload)
2026-05-12 17:41:48.848 10 ERROR neutron_lib.callbacks.manager
File "/var/lib/openstack/lib/python3.10/site-packages/neutron/services/ovn_l3/plugin.py", line 391, in _port_update
2026-05-12 17:41:48.848 10 ERROR neutron_lib.callbacks.manager l3plugin._ovn_client.update_router_port(context,
2026-05-12 17:41:48.848 10 ERROR neutron_lib.callbacks.manager
File "/var/lib/openstack/lib/python3.10/site-packages/neutron/plugins/ml2/drivers/ovn/mech_driver/ovsdb/ovn_client.py", line 1878, in update_router_port
2026-05-12 17:41:48.848 10 ERROR neutron_lib.callbacks.manager self._update_lrouter_port(context, port, if_exists=if_exists,
2026-05-12 17:41:48.848 10 ERROR neutron_lib.callbacks.manager
File "/var/lib/openstack/lib/python3.10/site-packages/neutron/plugins/ml2/drivers/ovn/mech_driver/ovsdb/ovn_client.py", line 1855, in _update_lrouter_port
2026-05-12 17:41:48.848 10 ERROR neutron_lib.callbacks.manager external_ids = self._nb_idl.db_get(
2026-05-12 17:41:48.848 10 ERROR neutron_lib.callbacks.manager
File "/var/lib/openstack/lib/python3.10/site-packages/ovsdbapp/backend/ovs_idl/command.py", line 47, in execute
2026-05-12 17:41:48.848 10 ERROR neutron_lib.callbacks.manager self.run_idl(None)
2026-05-12 17:41:48.848 10 ERROR neutron_lib.callbacks.manager
File "/var/lib/openstack/lib/python3.10/site-packages/ovsdbapp/backend/ovs_idl/command.py", line 235, in run_idl
2026-05-12 17:41:48.848 10 ERROR neutron_lib.callbacks.manager record = self.api.lookup(self.table, self.record)
2026-05-12 17:41:48.848 10 ERROR neutron_lib.callbacks.manager
File "/var/lib/openstack/lib/python3.10/site-packages/ovsdbapp/backend/ovs_idl/__init__.py", line 184, in lookup
2026-05-12 17:41:48.848 10 ERROR neutron_lib.callbacks.manager return self._lookup(table, record)
2026-05-12 17:41:48.848 10 ERROR neutron_lib.callbacks.manager
File "/var/lib/openstack/lib/python3.10/site-packages/ovsdbapp/backend/ovs_idl/__init__.py", line 235, in _lookup
2026-05-12 17:41:48.848 10 ERROR neutron_lib.callbacks.manager row = idlutils.row_by_value(self, rl.table, rl.column, record)
2026-05-12 17:41:48.848 10 ERROR neutron_lib.callbacks.manager
File "/var/lib/openstack/lib/python3.10/site-packages/ovsdbapp/backend/ovs_idl/idlutils.py", line 114, in row_by_value
2026-05-12 17:41:48.848 10 ERROR neutron_lib.callbacks.manager raise RowNotFound(table=table, col=column, match=match)
2026-05-12 17:41:48.848 10 ERROR neutron_lib.callbacks.manager ovsdbapp.backend.ovs_idl.idlutils.RowNotFound: Cannot find Logical_Router_Port with name=lrp-f14bae01-6c1a-4ca0-9183-243b3c7d08d7
2026-05-12 17:41:48.848 10 ERROR neutron_lib.callbacks.manager 
2026-05-12 17:41:49.006 10 WARNING neutron.scheduler.dhcp_agent_scheduler [None req-01c0319f-2ac1-4ab6-af88-adc83ed42457 53c893a683bb4b868d27ebda621d0798 6d2e4ac61b68429395b305053f9bd74e - - default default] No more DHCP agents
2026-05-12 17:41:49.015 9 INFO neutron.db.ovn_revision_numbers_db [None req-0e38cbeb-b1a1-4a3c-a061-484561515d72 6b4c5e6b20194522ae8751eb8146da01 5499d54aec2e45edb63bc49eb8e062a4 - - default default] Successfully bumped revision number for resource 14b81bd1-97ce-42fe-bda5-267f361cf82f (type: security_groups) to 1
2026-05-12 17:41:49.020 10 WARNING neutron.api.rpc.agentnotifiers.dhcp_rpc_agent_api [None req-01c0319f-2ac1-4ab6-af88-adc83ed42457 53c893a683bb4b868d27ebda621d0798 6d2e4ac61b68429395b305053f9bd74e - - default default] Unable to schedule network 556d5202-d9df-46e5-88b7-330bcc37f4c6: no agents available; will retry on subsequent port and subnet creation events.
2026-05-12 17:41:49.034 9 INFO neutron.db.ovn_revision_numbers_db [None req-0e38cbeb-b1a1-4a3c-a061-484561515d72 6b4c5e6b20194522ae8751eb8146da01 5499d54aec2e45edb63bc49eb8e062a4 - - default default] Successfully bumped revision number for resource 0f4a0c04-469a-4b20-8e10-a6c95bea63d2 (type: security_group_rules) to 0
2026-05-12 17:41:49.060 9 INFO neutron.db.ovn_revision_numbers_db [None req-0e38cbeb-b1a1-4a3c-a061-484561515d72 6b4c5e6b20194522ae8751eb8146da01 5499d54aec2e45edb63bc49eb8e062a4 - - default default] Successfully bumped revision number for resource 9a4d71a8-cd64-43cd-94c9-db3c1678b086 (type: security_group_rules) to 0
2026-05-12 17:41:49.077 9 INFO neutron.db.ovn_revision_numbers_db [None req-0e38cbeb-b1a1-4a3c-a061-484561515d72 6b4c5e6b20194522ae8751eb8146da01 5499d54aec2e45edb63bc49eb8e062a4 - - default default] Successfully bumped revision number for resource da0f8b71-b816-4bf0-a651-f4848a8d8fd3 (type: security_group_rules) to 0
2026-05-12 17:41:49.098 9 INFO neutron.db.ovn_revision_numbers_db [None req-0e38cbeb-b1a1-4a3c-a061-484561515d72 6b4c5e6b20194522ae8751eb8146da01 5499d54aec2e45edb63bc49eb8e062a4 - - default default] Successfully bumped revision number for resource ef2d7cb3-6cc1-4088-8958-9556d3f0e1a6 (type: security_group_rules) to 0
2026-05-12 17:41:49.111 9 INFO neutron.plugins.ml2.drivers.ovn.mech_driver.mech_driver [None req-0598d071-2ca4-4675-b709-3cb2fa70dbe6 - - - - - -] OVN reports status up for port: f14bae01-6c1a-4ca0-9183-243b3c7d08d7
2026-05-12 17:41:49.127 9 INFO neutron.wsgi [None req-0e38cbeb-b1a1-4a3c-a061-484561515d72 6b4c5e6b20194522ae8751eb8146da01 5499d54aec2e45edb63bc49eb8e062a4 - - default default] 10.0.0.10 "GET /v2.0/security-groups?tenant_id=a344dce466584fdd8ece55ea34384d4a&name=default HTTP/1.1" status: 200 len: 3120 time: 0.4678416
2026-05-12 17:41:49.129 9 INFO neutron.db.ovn_revision_numbers_db [None req-2cfe8a01-c957-43b4-ad2f-7eada120f009 f069c57358ff4a8f88b0d811773fd207 263a0f28269c4d61a3bccd45af6cd9da - - default default] Successfully bumped revision number for resource c5364f86-9a2d-4fd7-ba78-782d0072c7ec (type: ports) to 2
2026-05-12 17:41:49.133 9 INFO neutron.plugins.ml2.plugin [None req-0598d071-2ca4-4675-b709-3cb2fa70dbe6 - - - - - -] Attempt 1 to provision port f14bae01-6c1a-4ca0-9183-243b3c7d08d7
2026-05-12 17:41:49.138 10 INFO neutron.db.ovn_revision_numbers_db [None req-d2bb6027-b141-4248-a223-34e34a10608f b6b7dadde55140a1abc7919a1345e866 e4568f655de54b83947a30fc8e02f8ee - - default default] Successfully bumped revision number for resource f14bae01-6c1a-4ca0-9183-243b3c7d08d7 (type: ports) to 1
2026-05-12 17:41:49.205 9 INFO neutron.db.ovn_revision_numbers_db [None req-2cfe8a01-c957-43b4-ad2f-7eada120f009 f069c57358ff4a8f88b0d811773fd207 263a0f28269c4d61a3bccd45af6cd9da - - default default] Successfully bumped revision number for resource 191079fd-3e4f-4147-8c51-584aca0898e2 (type: subnets) to 0
2026-05-12 17:41:49.221 10 WARNING neutron.scheduler.dhcp_agent_scheduler [None req-d2bb6027-b141-4248-a223-34e34a10608f b6b7dadde55140a1abc7919a1345e866 e4568f655de54b83947a30fc8e02f8ee - - default default] No more DHCP agents
2026-05-12 17:41:49.224 10 WARNING neutron.api.rpc.agentnotifiers.dhcp_rpc_agent_api [None req-d2bb6027-b141-4248-a223-34e34a10608f b6b7dadde55140a1abc7919a1345e866 e4568f655de54b83947a30fc8e02f8ee - - default default] Unable to schedule network 79d6e926-7285-4e8c-8a83-bb4423c01e91: no agents available; will retry on subsequent port and subnet creation events.
2026-05-12 17:41:49.228 9 INFO neutron.wsgi [None req-2cfe8a01-c957-43b4-ad2f-7eada120f009 f069c57358ff4a8f88b0d811773fd207 263a0f28269c4d61a3bccd45af6cd9da - - default default] 10.0.0.10 "POST /v2.0/subnets HTTP/1.1" status: 201 len: 801 time: 1.3153369
2026-05-12 17:41:49.446 9 INFO neutron.wsgi [None req-aab94d14-3d2d-4df3-9994-fa0f3916a6fd 6b4c5e6b20194522ae8751eb8146da01 5499d54aec2e45edb63bc49eb8e062a4 - - default default] 10.0.0.10 "DELETE /v2.0/security-groups/14b81bd1-97ce-42fe-bda5-267f361cf82f HTTP/1.1" status: 204 len: 168 time: 0.3099449
2026-05-12 17:41:49.599 9 INFO neutron.db.ovn_revision_numbers_db [None req-0598d071-2ca4-4675-b709-3cb2fa70dbe6 - - - - - -] Successfully bumped revision number for resource f14bae01-6c1a-4ca0-9183-243b3c7d08d7 (type: ports) to 2
2026-05-12 17:41:49.720 9 ERROR ovsdbapp.backend.ovs_idl.command [None req-0598d071-2ca4-4675-b709-3cb2fa70dbe6 - - - - - -] Error executing command (DbGetCommand): ovsdbapp.backend.ovs_idl.idlutils.RowNotFound: Cannot find Logical_Router_Port with name=lrp-f14bae01-6c1a-4ca0-9183-243b3c7d08d7
2026-05-12 17:41:49.720 9 ERROR ovsdbapp.backend.ovs_idl.command
Traceback (most recent call last):
2026-05-12 17:41:49.720 9 ERROR ovsdbapp.backend.ovs_idl.command
File "/var/lib/openstack/lib/python3.10/site-packages/ovsdbapp/backend/ovs_idl/command.py", line 47, in execute
2026-05-12 17:41:49.720 9 ERROR ovsdbapp.backend.ovs_idl.command self.run_idl(None)
2026-05-12 17:41:49.720 9 ERROR ovsdbapp.backend.ovs_idl.command
File "/var/lib/openstack/lib/python3.10/site-packages/ovsdbapp/backend/ovs_idl/command.py", line 235, in run_idl
2026-05-12 17:41:49.720 9 ERROR ovsdbapp.backend.ovs_idl.command record = self.api.lookup(self.table, self.record)
2026-05-12 17:41:49.720 9 ERROR ovsdbapp.backend.ovs_idl.command
File "/var/lib/openstack/lib/python3.10/site-packages/ovsdbapp/backend/ovs_idl/__init__.py", line 184, in lookup
2026-05-12 17:41:49.720 9 ERROR ovsdbapp.backend.ovs_idl.command return self._lookup(table, record)
2026-05-12 17:41:49.720 9 ERROR ovsdbapp.backend.ovs_idl.command
File "/var/lib/openstack/lib/python3.10/site-packages/ovsdbapp/backend/ovs_idl/__init__.py", line 235, in _lookup
2026-05-12 17:41:49.720 9 ERROR ovsdbapp.backend.ovs_idl.command row = idlutils.row_by_value(self, rl.table, rl.column, record)
2026-05-12 17:41:49.720 9 ERROR ovsdbapp.backend.ovs_idl.command
File "/var/lib/openstack/lib/python3.10/site-packages/ovsdbapp/backend/ovs_idl/idlutils.py", line 114, in row_by_value
2026-05-12 17:41:49.720 9 ERROR ovsdbapp.backend.ovs_idl.command raise RowNotFound(table=table, col=column, match=match)
2026-05-12 17:41:49.720 9 ERROR ovsdbapp.backend.ovs_idl.command ovsdbapp.backend.ovs_idl.idlutils.RowNotFound: Cannot find Logical_Router_Port with name=lrp-f14bae01-6c1a-4ca0-9183-243b3c7d08d7
2026-05-12 17:41:49.720 9 ERROR ovsdbapp.backend.ovs_idl.command 
2026-05-12 17:41:49.721 9 ERROR neutron_lib.callbacks.manager [None req-0598d071-2ca4-4675-b709-3cb2fa70dbe6 - - - - - -] Error during notification for neutron.services.ovn_l3.plugin.OVNL3RouterPlugin._port_update-8779838101231 port, after_update: ovsdbapp.backend.ovs_idl.idlutils.RowNotFound: Cannot find Logical_Router_Port with name=lrp-f14bae01-6c1a-4ca0-9183-243b3c7d08d7
2026-05-12 17:41:49.721 9 ERROR neutron_lib.callbacks.manager
Traceback (most recent call last):
2026-05-12 17:41:49.721 9 ERROR neutron_lib.callbacks.manager
File "/var/lib/openstack/lib/python3.10/site-packages/neutron_lib/callbacks/manager.py", line 189, in _notify_loop
2026-05-12 17:41:49.721 9 ERROR neutron_lib.callbacks.manager callback.method(resource, event, trigger, payload=payload)
2026-05-12 17:41:49.721 9 ERROR neutron_lib.callbacks.manager
File "/var/lib/openstack/lib/python3.10/site-packages/neutron/services/ovn_l3/plugin.py", line 391, in _port_update
2026-05-12 17:41:49.721 9 ERROR neutron_lib.callbacks.manager l3plugin._ovn_client.update_router_port(context,
2026-05-12 17:41:49.721 9 ERROR neutron_lib.callbacks.manager
File "/var/lib/openstack/lib/python3.10/site-packages/neutron/plugins/ml2/drivers/ovn/mech_driver/ovsdb/ovn_client.py", line 1878, in update_router_port
2026-05-12 17:41:49.721 9 ERROR neutron_lib.callbacks.manager self._update_lrouter_port(context, port, if_exists=if_exists,
2026-05-12 17:41:49.721 9 ERROR neutron_lib.callbacks.manager
File "/var/lib/openstack/lib/python3.10/site-packages/neutron/plugins/ml2/drivers/ovn/mech_driver/ovsdb/ovn_client.py", line 1855, in _update_lrouter_port
2026-05-12 17:41:49.721 9 ERROR neutron_lib.callbacks.manager external_ids = self._nb_idl.db_get(
2026-05-12 17:41:49.721 9 ERROR neutron_lib.callbacks.manager
File "/var/lib/openstack/lib/python3.10/site-packages/ovsdbapp/backend/ovs_idl/command.py", line 47, in execute
2026-05-12 17:41:49.721 9 ERROR neutron_lib.callbacks.manager self.run_idl(None)
2026-05-12 17:41:49.721 9 ERROR neutron_lib.callbacks.manager
File "/var/lib/openstack/lib/python3.10/site-packages/ovsdbapp/backend/ovs_idl/command.py", line 235, in run_idl
2026-05-12 17:41:49.721 9 ERROR neutron_lib.callbacks.manager record = self.api.lookup(self.table, self.record)
2026-05-12 17:41:49.721 9 ERROR neutron_lib.callbacks.manager
File "/var/lib/openstack/lib/python3.10/site-packages/ovsdbapp/backend/ovs_idl/__init__.py", line 184, in lookup
2026-05-12 17:41:49.721 9 ERROR neutron_lib.callbacks.manager return self._lookup(table, record)
2026-05-12 17:41:49.721 9 ERROR neutron_lib.callbacks.manager
File "/var/lib/openstack/lib/python3.10/site-packages/ovsdbapp/backend/ovs_idl/__init__.py", line 235, in _lookup
2026-05-12 17:41:49.721 9 ERROR neutron_lib.callbacks.manager row = idlutils.row_by_value(self, rl.table, rl.column, record)
2026-05-12 17:41:49.721 9 ERROR neutron_lib.callbacks.manager
File "/var/lib/openstack/lib/python3.10/site-packages/ovsdbapp/backend/ovs_idl/idlutils.py", line 114, in row_by_value
2026-05-12 17:41:49.721 9 ERROR neutron_lib.callbacks.manager raise RowNotFound(table=table, col=column, match=match)
2026-05-12 17:41:49.721 9 ERROR neutron_lib.callbacks.manager ovsdbapp.backend.ovs_idl.idlutils.RowNotFound: Cannot find Logical_Router_Port with name=lrp-f14bae01-6c1a-4ca0-9183-243b3c7d08d7
2026-05-12 17:41:49.721 9 ERROR neutron_lib.callbacks.manager 
2026-05-12 17:41:49.743 9 INFO neutron.db.ovn_revision_numbers_db [None req-c7699815-9bd1-45db-8ed9-e4e147e02992 6b4c5e6b20194522ae8751eb8146da01 5499d54aec2e45edb63bc49eb8e062a4 - - default default] Successfully bumped revision number for resource 46d1b78b-c055-4a36-8a51-6beff916dc27 (type: security_groups) to 1
2026-05-12 17:41:49.766 9 INFO neutron.db.ovn_revision_numbers_db [None req-c7699815-9bd1-45db-8ed9-e4e147e02992 6b4c5e6b20194522ae8751eb8146da01 5499d54aec2e45edb63bc49eb8e062a4 - - default default] Successfully bumped revision number for resource 39eb6ef0-b57f-4a37-945e-93856173e78d (type: security_group_rules) to 0
2026-05-12 17:41:49.786 9 INFO neutron.db.ovn_revision_numbers_db [None req-c7699815-9bd1-45db-8ed9-e4e147e02992 6b4c5e6b20194522ae8751eb8146da01 5499d54aec2e45edb63bc49eb8e062a4 - - default default] Successfully bumped revision number for resource 4339cf4b-7cf2-42c4-be28-e3d947a942a2 (type: security_group_rules) to 0
2026-05-12 17:41:49.799 9 INFO neutron.db.ovn_revision_numbers_db [None req-c7699815-9bd1-45db-8ed9-e4e147e02992 6b4c5e6b20194522ae8751eb8146da01 5499d54aec2e45edb63bc49eb8e062a4 - - default default] Successfully bumped revision number for resource bc3b2577-cc9b-4c03-aaef-66926f6b68ed (type: security_group_rules) to 0
2026-05-12 17:41:49.811 9 INFO neutron.db.ovn_revision_numbers_db [None req-c7699815-9bd1-45db-8ed9-e4e147e02992 6b4c5e6b20194522ae8751eb8146da01 5499d54aec2e45edb63bc49eb8e062a4 - - default default] Successfully bumped revision number for resource bf25a418-c528-413e-a42d-a4be6d5ce211 (type: security_group_rules) to 0
2026-05-12 17:41:49.835 9 INFO neutron.wsgi [None req-c7699815-9bd1-45db-8ed9-e4e147e02992 6b4c5e6b20194522ae8751eb8146da01 5499d54aec2e45edb63bc49eb8e062a4 - - default default] 10.0.0.10 "GET /v2.0/security-groups?tenant_id=7d760aaf705c4782bc582f3a8113ddcc&name=default HTTP/1.1" status: 200 len: 3120 time: 0.2614088
2026-05-12 17:41:50.049 9 INFO neutron.wsgi [None req-15b90496-d77d-4b19-a202-23c81921d7bc 6b4c5e6b20194522ae8751eb8146da01 5499d54aec2e45edb63bc49eb8e062a4 - - default default] 10.0.0.10 "DELETE /v2.0/security-groups/46d1b78b-c055-4a36-8a51-6beff916dc27 HTTP/1.1" status: 204 len: 168 time: 0.2069707
2026-05-12 17:41:50.066 10 INFO neutron.db.ovn_revision_numbers_db [None req-9250b840-7bba-4034-bc76-b82788ba6e8c f069c57358ff4a8f88b0d811773fd207 263a0f28269c4d61a3bccd45af6cd9da - - default default] Successfully bumped revision number for resource 191079fd-3e4f-4147-8c51-584aca0898e2 (type: subnets) to 1
2026-05-12 17:41:50.068 10 INFO neutron.wsgi [None req-9250b840-7bba-4034-bc76-b82788ba6e8c f069c57358ff4a8f88b0d811773fd207 263a0f28269c4d61a3bccd45af6cd9da - - default default] 10.0.0.10 "PUT /v2.0/subnets/191079fd-3e4f-4147-8c51-584aca0898e2 HTTP/1.1" status: 200 len: 806 time: 0.8353944
2026-05-12 17:41:50.115 10 INFO neutron.db.ovn_revision_numbers_db [None req-d2bb6027-b141-4248-a223-34e34a10608f b6b7dadde55140a1abc7919a1345e866 e4568f655de54b83947a30fc8e02f8ee - - default default] Successfully bumped revision number for resource f14bae01-6c1a-4ca0-9183-243b3c7d08d7 (type: router_ports) to 1
2026-05-12 17:41:50.120 10 INFO neutron.wsgi [None req-d2bb6027-b141-4248-a223-34e34a10608f b6b7dadde55140a1abc7919a1345e866 e4568f655de54b83947a30fc8e02f8ee - - default default] 10.0.0.10 "PUT /v2.0/routers/24b0ee2e-c4ba-4472-b542-580b59fce473/add_router_interface HTTP/1.1" status: 200 len: 503 time: 3.3933599
2026-05-12 17:41:50.152 10 INFO neutron.db.ovn_revision_numbers_db [None req-01c0319f-2ac1-4ab6-af88-adc83ed42457 53c893a683bb4b868d27ebda621d0798 6d2e4ac61b68429395b305053f9bd74e - - default default] Successfully bumped revision number for resource 4f0f29af-80f3-4a09-9230-7544180544d7 (type: ports) to 2
2026-05-12 17:41:50.203 10 INFO neutron.wsgi [None req-ae619f1e-7021-4b9a-b0f6-b56e08589471 0983082005494fe3820ffe080fefe900 15afcb6186f549ef97df74f5f9036c2d - - default default] 10.0.0.10 "GET /v2.0/networks HTTP/1.1" status: 200 len: 6039 time: 0.0768955
2026-05-12 17:41:50.214 10 INFO neutron.db.ovn_revision_numbers_db [None req-01c0319f-2ac1-4ab6-af88-adc83ed42457 53c893a683bb4b868d27ebda621d0798 6d2e4ac61b68429395b305053f9bd74e - - default default] Successfully bumped revision number for resource a094d6e4-2098-4445-bce0-a9d0ebf6e9ea (type: subnets) to 0
2026-05-12 17:41:50.247 10 INFO neutron.wsgi [None req-01c0319f-2ac1-4ab6-af88-adc83ed42457 53c893a683bb4b868d27ebda621d0798 6d2e4ac61b68429395b305053f9bd74e - - default default] 10.0.0.10 "POST /v2.0/subnets HTTP/1.1" status: 201 len: 801 time: 1.5849473
2026-05-12 17:41:50.257 10 INFO neutron.wsgi [None req-d6d46ebf-a0fc-44ec-a27c-655422767102 0983082005494fe3820ffe080fefe900 15afcb6186f549ef97df74f5f9036c2d - - default default] 10.0.0.10 "GET /v2.0/subnets HTTP/1.1" status: 200 len: 3951 time: 0.0480859
2026-05-12 17:41:50.260 9 WARNING neutron_lib.context [None req-30f660b3-6fa4-4652-a30d-ca2756353341 53c893a683bb4b868d27ebda621d0798 6d2e4ac61b68429395b305053f9bd74e - - default default] Method 'is_advsvc' is deprecated since 2023.2 release (neutron-lib 3.8.0) and will be removed once support for the old RBAC API policies will be removed from Neutron. Please use method 'is_service_role' instead.
2026-05-12 17:41:50.338 10 INFO neutron.wsgi [None req-5b569c50-c8a9-4d3f-8d86-2eac554606e6 0983082005494fe3820ffe080fefe900 15afcb6186f549ef97df74f5f9036c2d - - default default] 10.0.0.10 "GET /v2.0/routers HTTP/1.1" status: 200 len: 1170 time: 0.0760810
2026-05-12 17:41:50.400 10 WARNING neutron_lib.context [None req-7628ef74-a482-49ac-a61c-b766227be052 b6b7dadde55140a1abc7919a1345e866 e4568f655de54b83947a30fc8e02f8ee - - default default] Method 'is_advsvc' is deprecated since 2023.2 release (neutron-lib 3.8.0) and will be removed once support for the old RBAC API policies will be removed from Neutron. Please use method 'is_service_role' instead.
2026-05-12 17:41:50.550 9 WARNING neutron.scheduler.dhcp_agent_scheduler [None req-30f660b3-6fa4-4652-a30d-ca2756353341 53c893a683bb4b868d27ebda621d0798 6d2e4ac61b68429395b305053f9bd74e - - default default] No more DHCP agents
2026-05-12 17:41:50.551 9 WARNING neutron.api.rpc.agentnotifiers.dhcp_rpc_agent_api [None req-30f660b3-6fa4-4652-a30d-ca2756353341 53c893a683bb4b868d27ebda621d0798 6d2e4ac61b68429395b305053f9bd74e - - default default] Unable to schedule network fcc53f99-2a18-4df3-9fe9-17f8b2099777: no agents available; will retry on subsequent port and subnet creation events.
2026-05-12 17:41:50.553 10 INFO neutron.db.ovn_revision_numbers_db [None req-7628ef74-a482-49ac-a61c-b766227be052 b6b7dadde55140a1abc7919a1345e866 e4568f655de54b83947a30fc8e02f8ee - - default default] Successfully bumped revision number for resource 9335220a-154b-4663-9178-ee41b3471264 (type: security_groups) to 1
2026-05-12 17:41:50.567 10 INFO neutron.db.ovn_revision_numbers_db [None req-7628ef74-a482-49ac-a61c-b766227be052 b6b7dadde55140a1abc7919a1345e866 e4568f655de54b83947a30fc8e02f8ee - - default default] Successfully bumped revision number for resource 1655cccb-7220-4953-bc31-dea817d7a24b (type: security_group_rules) to 0
2026-05-12 17:41:50.582 10 INFO neutron.db.ovn_revision_numbers_db [None req-7628ef74-a482-49ac-a61c-b766227be052 b6b7dadde55140a1abc7919a1345e866 e4568f655de54b83947a30fc8e02f8ee - - default default] Successfully bumped revision number for resource ddc8bc4b-1866-4d9d-b327-6c97738a07e9 (type: security_group_rules) to 0
2026-05-12 17:41:50.607 10 INFO neutron.wsgi [None req-7628ef74-a482-49ac-a61c-b766227be052 b6b7dadde55140a1abc7919a1345e866 e4568f655de54b83947a30fc8e02f8ee - - default default] 10.0.0.10 "POST /v2.0/security-groups HTTP/1.1" status: 201 len: 1875 time: 0.2121263
2026-05-12 17:41:50.617 9 WARNING neutron_lib.context [None req-160a4a82-5615-4d4e-ad5d-130e7d2b3993 b6b7dadde55140a1abc7919a1345e866 e4568f655de54b83947a30fc8e02f8ee - - default default] Method 'is_advsvc' is deprecated since 2023.2 release (neutron-lib 3.8.0) and will be removed once support for the old RBAC API policies will be removed from Neutron. Please use method 'is_service_role' instead.
2026-05-12 17:41:50.765 9 INFO neutron.services.segments.plugin [-] Segment de4aa9c5-3eb7-46d5-9678-6b5a6bbf90e8 resource provider aggregate not found
2026-05-12 17:41:50.773 9 INFO neutron.services.segments.plugin [-] Segment de4aa9c5-3eb7-46d5-9678-6b5a6bbf90e8 resource provider aggregate not found
2026-05-12 17:41:50.787 9 INFO neutron.services.segments.plugin [-] Segment de4aa9c5-3eb7-46d5-9678-6b5a6bbf90e8 resource provider not found; error: Placement Client Error (4xx): {"errors": [{"status": 404, "title": "Not Found", "detail": "The resource could not be found.\n\n No resource provider with uuid de4aa9c5-3eb7-46d5-9678-6b5a6bbf90e8 found for delete ", "request_id": "req-d7a6e42b-5208-4a1c-a3db-536ec327fba9"}]}
2026-05-12 17:41:50.796 9 INFO neutron.services.segments.plugin [-] Segment de4aa9c5-3eb7-46d5-9678-6b5a6bbf90e8 resource provider not found; error: Placement Client Error (4xx): {"errors": [{"status": 404, "title": "Not Found", "detail": "The resource could not be found.\n\n No resource provider with uuid de4aa9c5-3eb7-46d5-9678-6b5a6bbf90e8 found for delete ", "request_id": "req-a46b760e-934e-48e3-9b5f-5aedd5796adb"}]}
2026-05-12 17:41:50.847 9 INFO neutron.wsgi [None req-332f7d7d-664f-4d9c-b427-ac717ff56e59 f069c57358ff4a8f88b0d811773fd207 263a0f28269c4d61a3bccd45af6cd9da - - default default] 10.0.0.10 "DELETE /v2.0/networks/41aa092e-0005-4460-b6ee-f86be00c8d3b HTTP/1.1" status: 204 len: 168 time: 0.7739887
2026-05-12 17:41:50.871 10 INFO neutron.pecan_wsgi.hooks.translation [None req-606f18f8-5113-4d65-a902-486e3755393b f069c57358ff4a8f88b0d811773fd207 263a0f28269c4d61a3bccd45af6cd9da - - default default] DELETE failed (client error): The resource could not be found.
2026-05-12 17:41:50.874 10 INFO neutron.wsgi [None req-606f18f8-5113-4d65-a902-486e3755393b f069c57358ff4a8f88b0d811773fd207 263a0f28269c4d61a3bccd45af6cd9da - - default default] 10.0.0.10 "DELETE /v2.0/networks/41aa092e-0005-4460-b6ee-f86be00c8d3b HTTP/1.1" status: 404 len: 339 time: 0.0186083
2026-05-12 17:41:50.918 9 INFO neutron.db.ovn_revision_numbers_db [None req-160a4a82-5615-4d4e-ad5d-130e7d2b3993 b6b7dadde55140a1abc7919a1345e866 e4568f655de54b83947a30fc8e02f8ee - - default default] Successfully bumped revision number for resource bb4ef681-bf19-459d-91bf-7c90ff126748 (type: security_group_rules) to 0
2026-05-12 17:41:50.953 9 INFO neutron.wsgi [None req-160a4a82-5615-4d4e-ad5d-130e7d2b3993 b6b7dadde55140a1abc7919a1345e866 e4568f655de54b83947a30fc8e02f8ee - - default default] 10.0.0.10 "POST /v2.0/security-group-rules HTTP/1.1" status: 201 len: 796 time: 0.3401954
2026-05-12 17:41:50.966 9 WARNING neutron_lib.context [None req-2f75e444-6bc4-4401-9b95-9f90dbd8fc69 b6b7dadde55140a1abc7919a1345e866 e4568f655de54b83947a30fc8e02f8ee - - default default] Method 'is_advsvc' is deprecated since 2023.2 release (neutron-lib 3.8.0) and will be removed once support for the old RBAC API policies will be removed from Neutron. Please use method 'is_service_role' instead.
2026-05-12 17:41:50.988 10 INFO neutron.wsgi [None req-4a729797-2fce-446a-abfd-50d32a931b2e f069c57358ff4a8f88b0d811773fd207 263a0f28269c4d61a3bccd45af6cd9da - - default default] 10.0.0.10 "GET /v2.0/networks?router%3Aexternal=True HTTP/1.1" status: 200 len: 845 time: 0.1075814
2026-05-12 17:41:51.034 10 INFO neutron.wsgi [None req-ad6cf404-09f8-484d-b8a6-7c51b292c26b f069c57358ff4a8f88b0d811773fd207 263a0f28269c4d61a3bccd45af6cd9da - - default default] 10.0.0.10 "GET /v2.0/subnets?network_id=59ab5d54-7f78-4e46-af26-62d646e192f9 HTTP/1.1" status: 200 len: 820 time: 0.0411365
2026-05-12 17:41:51.046 10 INFO neutron.wsgi [None req-ff9331b2-6147-4d8a-9d74-94525e68d92a f069c57358ff4a8f88b0d811773fd207 263a0f28269c4d61a3bccd45af6cd9da - - default default] 10.0.0.10 "GET /v2.0/extensions HTTP/1.1" status: 200 len: 18678 time: 0.0063663
2026-05-12 17:41:51.153 9 INFO neutron.db.ovn_revision_numbers_db [None req-2f75e444-6bc4-4401-9b95-9f90dbd8fc69 b6b7dadde55140a1abc7919a1345e866 e4568f655de54b83947a30fc8e02f8ee - - default default] Successfully bumped revision number for resource 1820eac6-5433-47a2-9cc0-7a51ad924e18 (type: security_group_rules) to 0
2026-05-12 17:41:51.159 10 INFO neutron.wsgi [None req-28c3c5e7-be84-43cb-a3b9-9536418b1257 f069c57358ff4a8f88b0d811773fd207 263a0f28269c4d61a3bccd45af6cd9da - - default default] 10.0.0.10 "GET /v2.0/networks HTTP/1.1" status: 200 len: 1504 time: 0.1072235
2026-05-12 17:41:51.183 9 INFO neutron.wsgi [None req-2f75e444-6bc4-4401-9b95-9f90dbd8fc69 b6b7dadde55140a1abc7919a1345e866 e4568f655de54b83947a30fc8e02f8ee - - default default] 10.0.0.10 "POST /v2.0/security-group-rules HTTP/1.1" status: 201 len: 795 time: 0.2228780
2026-05-12 17:41:51.193 9 WARNING neutron_lib.context [None req-67fb3387-a3d2-41ab-80af-682f91b1f08e b6b7dadde55140a1abc7919a1345e866 e4568f655de54b83947a30fc8e02f8ee - - default default] Method 'is_advsvc' is deprecated since 2023.2 release (neutron-lib 3.8.0) and will be removed once support for the old RBAC API policies will be removed from Neutron. Please use method 'is_service_role' instead.
2026-05-12 17:41:51.225 10 INFO neutron.wsgi [None req-ada939b4-14cf-4207-a434-d8cf13707bb8 f069c57358ff4a8f88b0d811773fd207 263a0f28269c4d61a3bccd45af6cd9da - - default default] 10.0.0.10 "GET /v2.0/subnets HTTP/1.1" status: 200 len: 1428 time: 0.0591087
2026-05-12 17:41:51.268 9 INFO neutron.db.ovn_revision_numbers_db [None req-30f660b3-6fa4-4652-a30d-ca2756353341 53c893a683bb4b868d27ebda621d0798 6d2e4ac61b68429395b305053f9bd74e - - default default] Successfully bumped revision number for resource f86064a0-c6f5-4634-928d-8a150f1cdd2c (type: ports) to 2
2026-05-12 17:41:51.300 10 INFO neutron.wsgi [None req-691cf63f-e67b-41f6-b9d3-018ae1498a79 f069c57358ff4a8f88b0d811773fd207 263a0f28269c4d61a3bccd45af6cd9da - - default default] 10.0.0.10 "GET /v2.0/networks/5c8fff12-2241-40fd-aa6e-4650a3345d49 HTTP/1.1" status: 200 len: 863 time: 0.0661438
2026-05-12 17:41:51.316 9 INFO neutron.db.ovn_revision_numbers_db [None req-30f660b3-6fa4-4652-a30d-ca2756353341 53c893a683bb4b868d27ebda621d0798 6d2e4ac61b68429395b305053f9bd74e - - default default] Successfully bumped revision number for resource fbf321c3-995f-42c0-b70e-460357310a78 (type: subnets) to 0
2026-05-12 17:41:51.335 9 INFO neutron.wsgi [None req-30f660b3-6fa4-4652-a30d-ca2756353341 53c893a683bb4b868d27ebda621d0798 6d2e4ac61b68429395b305053f9bd74e - - default default] 10.0.0.10 "POST /v2.0/subnets HTTP/1.1" status: 201 len: 801 time: 1.0806012
2026-05-12 17:41:51.340 10 INFO neutron.wsgi [None req-363c19e2-3957-421f-a92a-0c3d07534f54 f069c57358ff4a8f88b0d811773fd207 263a0f28269c4d61a3bccd45af6cd9da - - default default] 10.0.0.10 "GET /v2.0/subnets/3dd6e66a-dacb-4d0e-81f4-e019edce0cc4 HTTP/1.1" status: 200 len: 811 time: 0.0343821
2026-05-12 17:41:51.348 9 WARNING neutron_lib.context [None req-6e7a96c5-a182-46a8-a35a-d75636db2030 53c893a683bb4b868d27ebda621d0798 6d2e4ac61b68429395b305053f9bd74e - - default default] Method 'is_advsvc' is deprecated since 2023.2 release (neutron-lib 3.8.0) and will be removed once support for the old RBAC API policies will be removed from Neutron. Please use method 'is_service_role' instead.
2026-05-12 17:41:51.361 9 INFO neutron.db.ovn_revision_numbers_db [None req-67fb3387-a3d2-41ab-80af-682f91b1f08e b6b7dadde55140a1abc7919a1345e866 e4568f655de54b83947a30fc8e02f8ee - - default default] Successfully bumped revision number for resource 38a216f8-5310-4573-9519-0562126a596d (type: security_group_rules) to 0
2026-05-12 17:41:51.366 10 INFO neutron.pecan_wsgi.hooks.translation [None req-86287c09-72df-40c3-8244-6873604cb0a3 f069c57358ff4a8f88b0d811773fd207 263a0f28269c4d61a3bccd45af6cd9da - - default default] DELETE failed (client error): The resource could not be found.
2026-05-12 17:41:51.369 10 INFO neutron.wsgi [None req-86287c09-72df-40c3-8244-6873604cb0a3 f069c57358ff4a8f88b0d811773fd207 263a0f28269c4d61a3bccd45af6cd9da - - default default] 10.0.0.10 "DELETE /v2.0/subnets/191079fd-3e4f-4147-8c51-584aca0898e2 HTTP/1.1" status: 404 len: 337 time: 0.0215831
2026-05-12 17:41:51.385 9 INFO neutron.wsgi [None req-67fb3387-a3d2-41ab-80af-682f91b1f08e b6b7dadde55140a1abc7919a1345e866 e4568f655de54b83947a30fc8e02f8ee - - default default] 10.0.0.10 "POST /v2.0/security-group-rules HTTP/1.1" status: 201 len: 801 time: 0.1952176
2026-05-12 17:41:51.395 9 WARNING neutron_lib.context [None req-ea857c88-0063-4bb5-ab9c-31deef30162b b6b7dadde55140a1abc7919a1345e866 e4568f655de54b83947a30fc8e02f8ee - - default default] Method 'is_advsvc' is deprecated since 2023.2 release (neutron-lib 3.8.0) and will be removed once support for the old RBAC API policies will be removed from Neutron. Please use method 'is_service_role' instead.
2026-05-12 17:41:51.397 10 INFO neutron.pecan_wsgi.hooks.translation [None req-0fde5b8d-08d4-4da7-9c62-8d6e096dd569 f069c57358ff4a8f88b0d811773fd207 263a0f28269c4d61a3bccd45af6cd9da - - default default] DELETE failed (client error): The resource could not be found.
2026-05-12 17:41:51.400 10 INFO neutron.wsgi [None req-0fde5b8d-08d4-4da7-9c62-8d6e096dd569 f069c57358ff4a8f88b0d811773fd207 263a0f28269c4d61a3bccd45af6cd9da - - default default] 10.0.0.10 "DELETE /v2.0/networks/41aa092e-0005-4460-b6ee-f86be00c8d3b HTTP/1.1" status: 404 len: 339 time: 0.0234525
2026-05-12 17:41:51.497 9 INFO neutron.db.ovn_revision_numbers_db [None req-6e7a96c5-a182-46a8-a35a-d75636db2030 53c893a683bb4b868d27ebda621d0798 6d2e4ac61b68429395b305053f9bd74e - - default default] Successfully bumped revision number for resource d8454c9d-e97f-4a15-87bf-6b2319e6bee7 (type: routers) to 1
2026-05-12 17:41:51.513 9 INFO neutron.wsgi [None req-6e7a96c5-a182-46a8-a35a-d75636db2030 53c893a683bb4b868d27ebda621d0798 6d2e4ac61b68429395b305053f9bd74e - - default default] 10.0.0.10 "POST /v2.0/routers HTTP/1.1" status: 201 len: 802 time: 0.1724501
2026-05-12 17:41:51.626 10 INFO neutron.wsgi [None req-9bb37374-b3b4-4907-bc03-873bf456e4d0 f069c57358ff4a8f88b0d811773fd207 263a0f28269c4d61a3bccd45af6cd9da - - default default] 10.0.0.10 "DELETE /v2.0/subnets/3dd6e66a-dacb-4d0e-81f4-e019edce0cc4 HTTP/1.1" status: 204 len: 168 time: 0.2076392
2026-05-12 17:41:51.636 9 INFO neutron.db.ovn_revision_numbers_db [None req-ea857c88-0063-4bb5-ab9c-31deef30162b b6b7dadde55140a1abc7919a1345e866 e4568f655de54b83947a30fc8e02f8ee - - default default] Successfully bumped revision number for resource 83e17664-5481-43c5-8328-7a83fcc940f4 (type: security_group_rules) to 0
2026-05-12 17:41:51.672 9 INFO neutron.wsgi [None req-ea857c88-0063-4bb5-ab9c-31deef30162b b6b7dadde55140a1abc7919a1345e866 e4568f655de54b83947a30fc8e02f8ee - - default default] 10.0.0.10 "POST /v2.0/security-group-rules HTTP/1.1" status: 201 len: 800 time: 0.2820373
2026-05-12 17:41:51.684 10 WARNING neutron_lib.context [None req-e2842db3-27c0-4c41-a2dc-37247df5e912 b6b7dadde55140a1abc7919a1345e866 e4568f655de54b83947a30fc8e02f8ee - - default default] Method 'is_advsvc' is deprecated since 2023.2 release (neutron-lib 3.8.0) and will be removed once support for the old RBAC API policies will be removed from Neutron. Please use method 'is_service_role' instead.
2026-05-12 17:41:51.748 10 INFO neutron.db.securitygroups_db [None req-e2842db3-27c0-4c41-a2dc-37247df5e912 b6b7dadde55140a1abc7919a1345e866 e4568f655de54b83947a30fc8e02f8ee - - default default] Project e4568f655de54b83947a30fc8e02f8ee added a security group rule with legacy IPv6 ICMP protocol name icmp, ipv6-icmp should be used instead. It was automatically converted.
2026-05-12 17:41:51.907 10 INFO neutron.db.ovn_revision_numbers_db [None req-e2842db3-27c0-4c41-a2dc-37247df5e912 b6b7dadde55140a1abc7919a1345e866 e4568f655de54b83947a30fc8e02f8ee - - default default] Successfully bumped revision number for resource 10dcc9a5-acb5-4a31-b85f-38a8dd248f98 (type: security_group_rules) to 0
2026-05-12 17:41:51.951 10 INFO neutron.wsgi [None req-e2842db3-27c0-4c41-a2dc-37247df5e912 b6b7dadde55140a1abc7919a1345e866 e4568f655de54b83947a30fc8e02f8ee - - default default] 10.0.0.10 "POST /v2.0/security-group-rules HTTP/1.1" status: 201 len: 806 time: 0.2724800
2026-05-12 17:41:51.963 10 WARNING neutron_lib.context [None req-44246d7d-3855-4038-a2a0-f5a9362b769a b6b7dadde55140a1abc7919a1345e866 e4568f655de54b83947a30fc8e02f8ee - - default default] Method 'is_advsvc' is deprecated since 2023.2 release (neutron-lib 3.8.0) and will be removed once support for the old RBAC API policies will be removed from Neutron. Please use method 'is_service_role' instead.
2026-05-12 17:41:52.010 10 INFO neutron.db.securitygroups_db [None req-44246d7d-3855-4038-a2a0-f5a9362b769a b6b7dadde55140a1abc7919a1345e866 e4568f655de54b83947a30fc8e02f8ee - - default default] Project e4568f655de54b83947a30fc8e02f8ee added a security group rule with legacy IPv6 ICMP protocol name icmp, ipv6-icmp should be used instead. It was automatically converted.
2026-05-12 17:41:52.049 10 INFO neutron.services.segments.plugin [-] Segment 984c1a80-7a1c-4603-b251-15b5dec7016f resource provider aggregate not found
2026-05-12 17:41:52.053 10 INFO neutron.services.segments.plugin [-] Segment 984c1a80-7a1c-4603-b251-15b5dec7016f resource provider aggregate not found
2026-05-12 17:41:52.069 10 INFO neutron.services.segments.plugin [-] Segment 984c1a80-7a1c-4603-b251-15b5dec7016f resource provider not found; error: Placement Client Error (4xx): {"errors": [{"status": 404, "title": "Not Found", "detail": "The resource could not be found.\n\n No resource provider with uuid 984c1a80-7a1c-4603-b251-15b5dec7016f found for delete ", "request_id": "req-187c8688-b2d7-481b-a2e1-5768a3fb2b9f"}]}
2026-05-12 17:41:52.070 10 INFO neutron.services.segments.plugin [-] Segment 984c1a80-7a1c-4603-b251-15b5dec7016f resource provider not found; error: Placement Client Error (4xx): {"errors": [{"status": 404, "title": "Not Found", "detail": "The resource could not be found.\n\n No resource provider with uuid 984c1a80-7a1c-4603-b251-15b5dec7016f found for delete ", "request_id": "req-f2102780-57ff-4561-b5e6-d6b60332f188"}]}
2026-05-12 17:41:52.099 10 INFO neutron.wsgi [None req-10b79ec0-88d2-4cb7-b3c0-e298a40825c6 f069c57358ff4a8f88b0d811773fd207 263a0f28269c4d61a3bccd45af6cd9da - - default default] 10.0.0.10 "DELETE /v2.0/networks/5c8fff12-2241-40fd-aa6e-4650a3345d49 HTTP/1.1" status: 204 len: 168 time: 0.4686737
2026-05-12 17:41:52.159 10 INFO neutron.db.ovn_revision_numbers_db [None req-44246d7d-3855-4038-a2a0-f5a9362b769a b6b7dadde55140a1abc7919a1345e866 e4568f655de54b83947a30fc8e02f8ee - - default default] Successfully bumped revision number for resource 33a30638-c3cc-410f-bc27-86ff28ccd6a7 (type: security_group_rules) to 0
2026-05-12 17:41:52.180 9 WARNING neutron.scheduler.dhcp_agent_scheduler [None req-477bd663-04bc-4dc2-a67a-6e4e024065c9 53c893a683bb4b868d27ebda621d0798 6d2e4ac61b68429395b305053f9bd74e - - default default] No more DHCP agents
2026-05-12 17:41:52.181 9 WARNING neutron.api.rpc.agentnotifiers.dhcp_rpc_agent_api [None req-477bd663-04bc-4dc2-a67a-6e4e024065c9 53c893a683bb4b868d27ebda621d0798 6d2e4ac61b68429395b305053f9bd74e - - default default] Unable to schedule network 556d5202-d9df-46e5-88b7-330bcc37f4c6: no agents available; will retry on subsequent port and subnet creation events.
2026-05-12 17:41:52.184 10 INFO neutron.wsgi [None req-44246d7d-3855-4038-a2a0-f5a9362b769a b6b7dadde55140a1abc7919a1345e866 e4568f655de54b83947a30fc8e02f8ee - - default default] 10.0.0.10 "POST /v2.0/security-group-rules HTTP/1.1" status: 201 len: 805 time: 0.2282498
2026-05-12 17:41:52.346 9 INFO neutron.db.ovn_revision_numbers_db [None req-477bd663-04bc-4dc2-a67a-6e4e024065c9 53c893a683bb4b868d27ebda621d0798 6d2e4ac61b68429395b305053f9bd74e - - default default] Successfully bumped revision number for resource e5bc99a7-3ed3-4abd-8c08-dafba633b5e4 (type: ports) to 1
2026-05-12 17:41:52.786 10 INFO neutron.wsgi [None req-4dd50494-5ec8-4ee6-97c5-a478361a0767 6b4c5e6b20194522ae8751eb8146da01 5499d54aec2e45edb63bc49eb8e062a4 - - default default] 10.0.0.10 "GET /v2.0/security-groups?tenant_id=263a0f28269c4d61a3bccd45af6cd9da&name=default HTTP/1.1" status: 200 len: 3120 time: 0.1722634
2026-05-12 17:41:52.842 9 INFO neutron.wsgi [None req-4b72c274-f404-41f1-81e1-d15f4782294f b6b7dadde55140a1abc7919a1345e866 e4568f655de54b83947a30fc8e02f8ee - - default default] 10.0.0.10 "GET /v2.0/networks HTTP/1.1" status: 200 len: 1493 time: 0.2882550
2026-05-12 17:41:52.844 9 ERROR ovsdbapp.backend.ovs_idl.command [None req-477bd663-04bc-4dc2-a67a-6e4e024065c9 53c893a683bb4b868d27ebda621d0798 6d2e4ac61b68429395b305053f9bd74e - - default default] Error executing command (DbGetCommand): ovsdbapp.backend.ovs_idl.idlutils.RowNotFound: Cannot find Logical_Router_Port with name=lrp-e5bc99a7-3ed3-4abd-8c08-dafba633b5e4
2026-05-12 17:41:52.844 9 ERROR ovsdbapp.backend.ovs_idl.command
Traceback (most recent call last):
2026-05-12 17:41:52.844 9 ERROR ovsdbapp.backend.ovs_idl.command
File "/var/lib/openstack/lib/python3.10/site-packages/ovsdbapp/backend/ovs_idl/command.py", line 47, in execute
2026-05-12 17:41:52.844 9 ERROR ovsdbapp.backend.ovs_idl.command self.run_idl(None)
2026-05-12 17:41:52.844 9 ERROR ovsdbapp.backend.ovs_idl.command
File "/var/lib/openstack/lib/python3.10/site-packages/ovsdbapp/backend/ovs_idl/command.py", line 235, in run_idl
2026-05-12 17:41:52.844 9 ERROR ovsdbapp.backend.ovs_idl.command record = self.api.lookup(self.table, self.record)
2026-05-12 17:41:52.844 9 ERROR ovsdbapp.backend.ovs_idl.command
File "/var/lib/openstack/lib/python3.10/site-packages/ovsdbapp/backend/ovs_idl/__init__.py", line 184, in lookup
2026-05-12 17:41:52.844 9 ERROR ovsdbapp.backend.ovs_idl.command return self._lookup(table, record)
2026-05-12 17:41:52.844 9 ERROR ovsdbapp.backend.ovs_idl.command
File "/var/lib/openstack/lib/python3.10/site-packages/ovsdbapp/backend/ovs_idl/__init__.py", line 235, in _lookup
2026-05-12 17:41:52.844 9 ERROR ovsdbapp.backend.ovs_idl.command row = idlutils.row_by_value(self, rl.table, rl.column, record)
2026-05-12 17:41:52.844 9 ERROR ovsdbapp.backend.ovs_idl.command
File "/var/lib/openstack/lib/python3.10/site-packages/ovsdbapp/backend/ovs_idl/idlutils.py", line 114, in row_by_value
2026-05-12 17:41:52.844 9 ERROR ovsdbapp.backend.ovs_idl.command raise RowNotFound(table=table, col=column, match=match)
2026-05-12 17:41:52.844 9 ERROR ovsdbapp.backend.ovs_idl.command ovsdbapp.backend.ovs_idl.idlutils.RowNotFound: Cannot find Logical_Router_Port with name=lrp-e5bc99a7-3ed3-4abd-8c08-dafba633b5e4
2026-05-12 17:41:52.844 9 ERROR ovsdbapp.backend.ovs_idl.command 
2026-05-12 17:41:52.844 9 ERROR neutron_lib.callbacks.manager [None req-477bd663-04bc-4dc2-a67a-6e4e024065c9 53c893a683bb4b868d27ebda621d0798 6d2e4ac61b68429395b305053f9bd74e - - default default] Error during notification for neutron.services.ovn_l3.plugin.OVNL3RouterPlugin._port_update-8779838101231 port, after_update: ovsdbapp.backend.ovs_idl.idlutils.RowNotFound: Cannot find Logical_Router_Port with name=lrp-e5bc99a7-3ed3-4abd-8c08-dafba633b5e4
2026-05-12 17:41:52.844 9 ERROR neutron_lib.callbacks.manager
Traceback (most recent call last):
2026-05-12 17:41:52.844 9 ERROR neutron_lib.callbacks.manager
File "/var/lib/openstack/lib/python3.10/site-packages/neutron_lib/callbacks/manager.py", line 189, in _notify_loop
2026-05-12 17:41:52.844 9 ERROR neutron_lib.callbacks.manager callback.method(resource, event, trigger, payload=payload)
2026-05-12 17:41:52.844 9 ERROR neutron_lib.callbacks.manager
File "/var/lib/openstack/lib/python3.10/site-packages/neutron/services/ovn_l3/plugin.py", line 391, in _port_update
2026-05-12 17:41:52.844 9 ERROR neutron_lib.callbacks.manager l3plugin._ovn_client.update_router_port(context,
2026-05-12 17:41:52.844 9 ERROR neutron_lib.callbacks.manager
File "/var/lib/openstack/lib/python3.10/site-packages/neutron/plugins/ml2/drivers/ovn/mech_driver/ovsdb/ovn_client.py", line 1878, in update_router_port
2026-05-12 17:41:52.844 9 ERROR neutron_lib.callbacks.manager self._update_lrouter_port(context, port, if_exists=if_exists,
2026-05-12 17:41:52.844 9 ERROR neutron_lib.callbacks.manager
File "/var/lib/openstack/lib/python3.10/site-packages/neutron/plugins/ml2/drivers/ovn/mech_driver/ovsdb/ovn_client.py", line 1855, in _update_lrouter_port
2026-05-12 17:41:52.844 9 ERROR neutron_lib.callbacks.manager external_ids = self._nb_idl.db_get(
2026-05-12 17:41:52.844 9 ERROR neutron_lib.callbacks.manager
File "/var/lib/openstack/lib/python3.10/site-packages/ovsdbapp/backend/ovs_idl/command.py", line 47, in execute
2026-05-12 17:41:52.844 9 ERROR neutron_lib.callbacks.manager self.run_idl(None)
2026-05-12 17:41:52.844 9 ERROR neutron_lib.callbacks.manager
File "/var/lib/openstack/lib/python3.10/site-packages/ovsdbapp/backend/ovs_idl/command.py", line 235, in run_idl
2026-05-12 17:41:52.844 9 ERROR neutron_lib.callbacks.manager record = self.api.lookup(self.table, self.record)
2026-05-12 17:41:52.844 9 ERROR neutron_lib.callbacks.manager
File "/var/lib/openstack/lib/python3.10/site-packages/ovsdbapp/backend/ovs_idl/__init__.py", line 184, in lookup
2026-05-12 17:41:52.844 9 ERROR neutron_lib.callbacks.manager return self._lookup(table, record)
2026-05-12 17:41:52.844 9 ERROR neutron_lib.callbacks.manager
File "/var/lib/openstack/lib/python3.10/site-packages/ovsdbapp/backend/ovs_idl/__init__.py", line 235, in _lookup
2026-05-12 17:41:52.844 9 ERROR neutron_lib.callbacks.manager row = idlutils.row_by_value(self, rl.table, rl.column, record)
2026-05-12 17:41:52.844 9 ERROR neutron_lib.callbacks.manager
File "/var/lib/openstack/lib/python3.10/site-packages/ovsdbapp/backend/ovs_idl/idlutils.py", line 114, in row_by_value
2026-05-12 17:41:52.844 9 ERROR neutron_lib.callbacks.manager raise RowNotFound(table=table, col=column, match=match)
2026-05-12 17:41:52.844 9 ERROR neutron_lib.callbacks.manager ovsdbapp.backend.ovs_idl.idlutils.RowNotFound: Cannot find Logical_Router_Port with name=lrp-e5bc99a7-3ed3-4abd-8c08-dafba633b5e4
2026-05-12 17:41:52.844 9 ERROR neutron_lib.callbacks.manager 
2026-05-12 17:41:52.985 10 INFO neutron.wsgi [req-cea1f2ac-d033-4aa3-aea5-e3694299a093 req-15673179-0b3c-4789-8a50-e87874e408f4 b6b7dadde55140a1abc7919a1345e866 e4568f655de54b83947a30fc8e02f8ee - - default default] 10.0.0.81 "GET /v2.0/security-groups?name=tempest-secgroup-smoke-1776255074&fields=id&tenant_id=e4568f655de54b83947a30fc8e02f8ee HTTP/1.1" status: 200 len: 267 time: 0.0680175
2026-05-12 17:41:53.074 9 INFO neutron.db.ovn_revision_numbers_db [None req-477bd663-04bc-4dc2-a67a-6e4e024065c9 53c893a683bb4b868d27ebda621d0798 6d2e4ac61b68429395b305053f9bd74e - - default default] Successfully bumped revision number for resource e5bc99a7-3ed3-4abd-8c08-dafba633b5e4 (type: ports) to 1
2026-05-12 17:41:53.090 10 INFO neutron.wsgi [None req-95d0c1e1-54cf-4f5d-9a0e-6fe434b17698 6b4c5e6b20194522ae8751eb8146da01 5499d54aec2e45edb63bc49eb8e062a4 - - default default] 10.0.0.10 "DELETE /v2.0/security-groups/8c218bea-1ea1-449f-874c-f1822980439d HTTP/1.1" status: 204 len: 168 time: 0.2997828
2026-05-12 17:41:53.094 10 INFO neutron.wsgi [req-cea1f2ac-d033-4aa3-aea5-e3694299a093 req-b560923b-e313-454a-b708-c447f11bed8b b6b7dadde55140a1abc7919a1345e866 e4568f655de54b83947a30fc8e02f8ee - - default default] 10.0.0.81 "GET /v2.0/networks?id=79d6e926-7285-4e8c-8a83-bb4423c01e91 HTTP/1.1" status: 200 len: 860 time: 0.0998220
2026-05-12 17:41:53.114 10 INFO neutron.wsgi [req-cea1f2ac-d033-4aa3-aea5-e3694299a093 req-aada9049-f078-45c7-960a-0057a5e3401f b6b7dadde55140a1abc7919a1345e866 e4568f655de54b83947a30fc8e02f8ee - - default default] 10.0.0.81 "GET /v2.0/quotas/e4568f655de54b83947a30fc8e02f8ee HTTP/1.1" status: 200 len: 491 time: 0.0099616
2026-05-12 17:41:53.145 9 WARNING neutron.scheduler.dhcp_agent_scheduler [None req-477bd663-04bc-4dc2-a67a-6e4e024065c9 53c893a683bb4b868d27ebda621d0798 6d2e4ac61b68429395b305053f9bd74e - - default default] No more DHCP agents
2026-05-12 17:41:53.146 9 WARNING neutron.api.rpc.agentnotifiers.dhcp_rpc_agent_api [None req-477bd663-04bc-4dc2-a67a-6e4e024065c9 53c893a683bb4b868d27ebda621d0798 6d2e4ac61b68429395b305053f9bd74e - - default default] Unable to schedule network 556d5202-d9df-46e5-88b7-330bcc37f4c6: no agents available; will retry on subsequent port and subnet creation events.
2026-05-12 17:41:53.234 10 INFO neutron.wsgi [req-cea1f2ac-d033-4aa3-aea5-e3694299a093 req-2b6effaa-492b-4e02-8554-bf375210025b b6b7dadde55140a1abc7919a1345e866 e4568f655de54b83947a30fc8e02f8ee - - default default] 10.0.0.81 "GET /v2.0/ports?tenant_id=e4568f655de54b83947a30fc8e02f8ee&fields=id HTTP/1.1" status: 200 len: 302 time: 0.1123502
2026-05-12 17:41:53.304 9 INFO neutron.db.ovn_revision_numbers_db [None req-477bd663-04bc-4dc2-a67a-6e4e024065c9 53c893a683bb4b868d27ebda621d0798 6d2e4ac61b68429395b305053f9bd74e - - default default] Successfully bumped revision number for resource e5bc99a7-3ed3-4abd-8c08-dafba633b5e4 (type: router_ports) to 1
2026-05-12 17:41:53.311 9 INFO neutron.wsgi [None req-477bd663-04bc-4dc2-a67a-6e4e024065c9 53c893a683bb4b868d27ebda621d0798 6d2e4ac61b68429395b305053f9bd74e - - default default] 10.0.0.10 "PUT /v2.0/routers/d8454c9d-e97f-4a15-87bf-6b2319e6bee7/add_router_interface HTTP/1.1" status: 200 len: 503 time: 1.7935603
2026-05-12 17:41:53.317 10 INFO neutron.wsgi [req-cea1f2ac-d033-4aa3-aea5-e3694299a093 req-5278f8fc-faa0-4687-9e33-f94a11a3c8f2 d29ffc22dbc548029f6f538cdace1a2f 32d37bd481b44e8f81bf2236fdaee27f - - b1dd350c040745ada743c8d896724cf9 b1dd350c040745ada743c8d896724cf9] 10.0.0.81 "GET /v2.0/networks/79d6e926-7285-4e8c-8a83-bb4423c01e91?fields=segments HTTP/1.1" status: 200 len: 212 time: 0.0693192
2026-05-12 17:41:53.384 10 INFO neutron.wsgi [req-cea1f2ac-d033-4aa3-aea5-e3694299a093 req-bcc3e84f-8e64-4dd7-a395-37ed4da7faa6 d29ffc22dbc548029f6f538cdace1a2f 32d37bd481b44e8f81bf2236fdaee27f - - b1dd350c040745ada743c8d896724cf9 b1dd350c040745ada743c8d896724cf9] 10.0.0.81 "GET /v2.0/networks/79d6e926-7285-4e8c-8a83-bb4423c01e91?fields=provider%3Aphysical_network&fields=provider%3Anetwork_type HTTP/1.1" status: 200 len: 277 time: 0.0611746
2026-05-12 17:41:53.410 9 INFO neutron.wsgi [None req-08f07e04-beba-46b5-b7a2-5f4dd31dadc1 53c893a683bb4b868d27ebda621d0798 6d2e4ac61b68429395b305053f9bd74e - - default default] 10.0.0.10 "GET /v2.0/ports/e5bc99a7-3ed3-4abd-8c08-dafba633b5e4 HTTP/1.1" status: 200 len: 1135 time: 0.0915468
2026-05-12 17:41:53.553 10 INFO neutron.wsgi [req-f2dd9a99-926b-4eeb-aaab-8f5148fd2607 req-269bd9ce-abf1-4564-9425-40d9baff4237 b6b7dadde55140a1abc7919a1345e866 e4568f655de54b83947a30fc8e02f8ee - - default default] 10.0.0.81 "GET /v2.0/ports?device_id=4de42c1b-3a1a-4736-9ffd-c87b05435e17 HTTP/1.1" status: 200 len: 210 time: 0.0315073
2026-05-12 17:41:53.722 10 INFO neutron.wsgi [-] 10.0.0.184 "GET / HTTP/1.1" status: 200 len: 247 time: 0.0018079
2026-05-12 17:41:53.726 10 INFO neutron.wsgi [-] 10.0.0.184 "GET / HTTP/1.1" status: 200 len: 247 time: 0.0032387
2026-05-12 17:41:53.923 9 WARNING neutron.scheduler.dhcp_agent_scheduler [None req-d7b367cc-c5fb-45ce-8191-9b5c266e414f 53c893a683bb4b868d27ebda621d0798 6d2e4ac61b68429395b305053f9bd74e - - default default] No more DHCP agents
2026-05-12 17:41:53.925 9 WARNING neutron.api.rpc.agentnotifiers.dhcp_rpc_agent_api [None req-d7b367cc-c5fb-45ce-8191-9b5c266e414f 53c893a683bb4b868d27ebda621d0798 6d2e4ac61b68429395b305053f9bd74e - - default default] Unable to schedule network fcc53f99-2a18-4df3-9fe9-17f8b2099777: no agents available; will retry on subsequent port and subnet creation events.
2026-05-12 17:41:54.096 9 INFO neutron.db.ovn_revision_numbers_db [None req-d7b367cc-c5fb-45ce-8191-9b5c266e414f 53c893a683bb4b868d27ebda621d0798 6d2e4ac61b68429395b305053f9bd74e - - default default] Successfully bumped revision number for resource 2bb674bf-1ff3-47e1-9744-c8451cf5a291 (type: ports) to 1
2026-05-12 17:41:54.294 9 INFO neutron.wsgi [req-cea1f2ac-d033-4aa3-aea5-e3694299a093 req-c9f61edb-6b48-4e10-a1b4-6ee61945c8ca b6b7dadde55140a1abc7919a1345e866 e4568f655de54b83947a30fc8e02f8ee - - default default] 199.19.213.15 "GET /v2.0/networks?id=79d6e926-7285-4e8c-8a83-bb4423c01e91 HTTP/1.1" status: 200 len: 860 time: 0.1081140
