2026-05-12 17:40:26.086 9 INFO neutron.wsgi [req-b100db00-e266-4708-87ea-a91374c7e1dc req-56ce0223-d521-4858-9954-28b72ee0ada1 d29ffc22dbc548029f6f538cdace1a2f 32d37bd481b44e8f81bf2236fdaee27f - - b1dd350c040745ada743c8d896724cf9 b1dd350c040745ada743c8d896724cf9] 199.19.213.15 "GET /v2.0/floatingips?fixed_ip_address=10.100.0.6&port_id=0185f7c1-af92-4996-9036-a74a584d6676 HTTP/1.1" status: 200 len: 217 time: 0.0217867
2026-05-12 17:40:26.121 9 INFO neutron.wsgi [req-b100db00-e266-4708-87ea-a91374c7e1dc req-6af45d37-a3e2-4eaf-8c31-d33f1b6e8c06 d29ffc22dbc548029f6f538cdace1a2f 32d37bd481b44e8f81bf2236fdaee27f - - b1dd350c040745ada743c8d896724cf9 b1dd350c040745ada743c8d896724cf9] 199.19.213.15 "GET /v2.0/subnets?id=4f3b9930-623e-4cfb-ad18-509dc2ecf740 HTTP/1.1" status: 200 len: 876 time: 0.0306354
2026-05-12 17:40:26.147 9 INFO neutron.wsgi [req-b100db00-e266-4708-87ea-a91374c7e1dc req-acfe8182-2f04-44a1-baec-9b16a4f4a77a d29ffc22dbc548029f6f538cdace1a2f 32d37bd481b44e8f81bf2236fdaee27f - - b1dd350c040745ada743c8d896724cf9 b1dd350c040745ada743c8d896724cf9] 199.19.213.15 "GET /v2.0/ports?network_id=46eb05d5-56b1-4a7d-999d-43c21d074b0a&device_owner=network%3Adhcp HTTP/1.1" status: 200 len: 210 time: 0.0204620
2026-05-12 17:40:26.192 9 WARNING neutron_lib.context [None req-cef4f416-cfb2-442d-b058-e1b0eff7b252 622f2ee51a9340c688897db18741b6d9 263949d2ee444c4383bd6a3b57ec9455 - - default default] Method 'is_advsvc' is deprecated since 2023.2 release (neutron-lib 3.8.0) and will be removed once support for the old RBAC API policies will be removed from Neutron. Please use method 'is_service_role' instead.
2026-05-12 17:40:26.216 9 INFO neutron.wsgi [req-b100db00-e266-4708-87ea-a91374c7e1dc req-3ff81a73-38af-438a-b4f6-826a4b27c926 d29ffc22dbc548029f6f538cdace1a2f 32d37bd481b44e8f81bf2236fdaee27f - - b1dd350c040745ada743c8d896724cf9 b1dd350c040745ada743c8d896724cf9] 199.19.213.15 "GET /v2.0/networks/46eb05d5-56b1-4a7d-999d-43c21d074b0a?fields=segments HTTP/1.1" status: 200 len: 212 time: 0.0617673
2026-05-12 17:40:26.281 9 INFO neutron.wsgi [req-b100db00-e266-4708-87ea-a91374c7e1dc req-87d42b1f-c532-4215-b1cc-81e80afbfef8 d29ffc22dbc548029f6f538cdace1a2f 32d37bd481b44e8f81bf2236fdaee27f - - b1dd350c040745ada743c8d896724cf9 b1dd350c040745ada743c8d896724cf9] 199.19.213.15 "GET /v2.0/networks/46eb05d5-56b1-4a7d-999d-43c21d074b0a?fields=provider%3Aphysical_network&fields=provider%3Anetwork_type HTTP/1.1" status: 200 len: 277 time: 0.0568871
2026-05-12 17:40:26.364 9 INFO neutron.db.ovn_revision_numbers_db [None req-cef4f416-cfb2-442d-b058-e1b0eff7b252 622f2ee51a9340c688897db18741b6d9 263949d2ee444c4383bd6a3b57ec9455 - - default default] Successfully bumped revision number for resource ea1450f3-97ec-41f4-91be-37cd38232919 (type: security_groups) to 1
2026-05-12 17:40:26.370 9 INFO neutron.wsgi [req-cc99d911-d78e-48f9-bd4e-adc93a1164d5 req-5b358e1e-6aa0-4476-9454-00041be15d80 d29ffc22dbc548029f6f538cdace1a2f 32d37bd481b44e8f81bf2236fdaee27f - - b1dd350c040745ada743c8d896724cf9 b1dd350c040745ada743c8d896724cf9] 199.19.213.15 "GET /v2.0/ports?tenant_id=b237a6657fb548eda9120838e6270423&device_id=cdb7652c-50cc-49b3-9503-c3494bfedc73 HTTP/1.1" status: 200 len: 1590 time: 0.0391469
2026-05-12 17:40:26.405 9 INFO neutron.db.ovn_revision_numbers_db [None req-cef4f416-cfb2-442d-b058-e1b0eff7b252 622f2ee51a9340c688897db18741b6d9 263949d2ee444c4383bd6a3b57ec9455 - - default default] Successfully bumped revision number for resource 77a22be5-19cb-4e7b-9785-91fc841ff4d3 (type: security_group_rules) to 0
2026-05-12 17:40:26.430 9 INFO neutron.db.ovn_revision_numbers_db [None req-cef4f416-cfb2-442d-b058-e1b0eff7b252 622f2ee51a9340c688897db18741b6d9 263949d2ee444c4383bd6a3b57ec9455 - - default default] Successfully bumped revision number for resource d30dd25f-4b23-4902-bf4b-5eb6cb9c598f (type: security_group_rules) to 0
2026-05-12 17:40:26.450 9 INFO neutron.wsgi [req-cc99d911-d78e-48f9-bd4e-adc93a1164d5 req-fa27a405-b92e-4478-ab8d-cfdbf7c25dcf d29ffc22dbc548029f6f538cdace1a2f 32d37bd481b44e8f81bf2236fdaee27f - - b1dd350c040745ada743c8d896724cf9 b1dd350c040745ada743c8d896724cf9] 199.19.213.15 "GET /v2.0/networks?id=46eb05d5-56b1-4a7d-999d-43c21d074b0a HTTP/1.1" status: 200 len: 981 time: 0.0736666
2026-05-12 17:40:26.454 9 INFO neutron.wsgi [None req-cef4f416-cfb2-442d-b058-e1b0eff7b252 622f2ee51a9340c688897db18741b6d9 263949d2ee444c4383bd6a3b57ec9455 - - default default] 10.0.0.10 "POST /v2.0/security-groups HTTP/1.1" status: 201 len: 1859 time: 0.2658477
2026-05-12 17:40:26.456 10 INFO neutron.db.ovn_revision_numbers_db [None req-560a77ad-48f0-4968-aa9b-8003a9851671 6b4c5e6b20194522ae8751eb8146da01 5499d54aec2e45edb63bc49eb8e062a4 - - default default] Successfully bumped revision number for resource dd13997f-a785-4101-82f1-c0706dab1371 (type: security_groups) to 1
2026-05-12 17:40:26.473 10 WARNING neutron_lib.context [None req-e3ff31fd-1212-4253-8399-da819724a002 622f2ee51a9340c688897db18741b6d9 263949d2ee444c4383bd6a3b57ec9455 - - default default] Method 'is_advsvc' is deprecated since 2023.2 release (neutron-lib 3.8.0) and will be removed once support for the old RBAC API policies will be removed from Neutron. Please use method 'is_service_role' instead.
2026-05-12 17:40:26.485 10 INFO neutron.db.ovn_revision_numbers_db [None req-560a77ad-48f0-4968-aa9b-8003a9851671 6b4c5e6b20194522ae8751eb8146da01 5499d54aec2e45edb63bc49eb8e062a4 - - default default] Successfully bumped revision number for resource 0e532b6b-a5ea-401e-b467-94fa612e3afb (type: security_group_rules) to 0
2026-05-12 17:40:26.494 9 INFO neutron.wsgi [req-cc99d911-d78e-48f9-bd4e-adc93a1164d5 req-4fdac332-2019-49b0-94f3-8614bb74e5a1 d29ffc22dbc548029f6f538cdace1a2f 32d37bd481b44e8f81bf2236fdaee27f - - b1dd350c040745ada743c8d896724cf9 b1dd350c040745ada743c8d896724cf9] 199.19.213.15 "GET /v2.0/floatingips?fixed_ip_address=10.100.0.13&port_id=0185f7c1-af92-4996-9036-a74a584d6676 HTTP/1.1" status: 200 len: 1060 time: 0.0376470
2026-05-12 17:40:26.504 10 INFO neutron.db.ovn_revision_numbers_db [None req-560a77ad-48f0-4968-aa9b-8003a9851671 6b4c5e6b20194522ae8751eb8146da01 5499d54aec2e45edb63bc49eb8e062a4 - - default default] Successfully bumped revision number for resource 0f542e00-d1d1-419b-a150-8acdd9f2810f (type: security_group_rules) to 0
2026-05-12 17:40:26.516 9 INFO neutron.wsgi [req-cc99d911-d78e-48f9-bd4e-adc93a1164d5 req-99ad93eb-ca44-4181-96bb-bd61829a977f d29ffc22dbc548029f6f538cdace1a2f 32d37bd481b44e8f81bf2236fdaee27f - - b1dd350c040745ada743c8d896724cf9 b1dd350c040745ada743c8d896724cf9] 199.19.213.15 "GET /v2.0/floatingips?fixed_ip_address=10.100.0.6&port_id=0185f7c1-af92-4996-9036-a74a584d6676 HTTP/1.1" status: 200 len: 217 time: 0.0170600
2026-05-12 17:40:26.520 10 INFO neutron.db.ovn_revision_numbers_db [None req-560a77ad-48f0-4968-aa9b-8003a9851671 6b4c5e6b20194522ae8751eb8146da01 5499d54aec2e45edb63bc49eb8e062a4 - - default default] Successfully bumped revision number for resource 8463bc5a-355f-454a-88df-87e073afaa52 (type: security_group_rules) to 0
2026-05-12 17:40:26.535 10 INFO neutron.db.ovn_revision_numbers_db [None req-560a77ad-48f0-4968-aa9b-8003a9851671 6b4c5e6b20194522ae8751eb8146da01 5499d54aec2e45edb63bc49eb8e062a4 - - default default] Successfully bumped revision number for resource d52f100e-c370-4b20-9ab8-c7e60fa6699b (type: security_group_rules) to 0
2026-05-12 17:40:26.553 9 INFO neutron.wsgi [req-cc99d911-d78e-48f9-bd4e-adc93a1164d5 req-b5db70df-e953-4e73-83c7-3033db70cc48 d29ffc22dbc548029f6f538cdace1a2f 32d37bd481b44e8f81bf2236fdaee27f - - b1dd350c040745ada743c8d896724cf9 b1dd350c040745ada743c8d896724cf9] 199.19.213.15 "GET /v2.0/subnets?id=4f3b9930-623e-4cfb-ad18-509dc2ecf740 HTTP/1.1" status: 200 len: 876 time: 0.0309010
2026-05-12 17:40:26.580 9 INFO neutron.wsgi [req-cc99d911-d78e-48f9-bd4e-adc93a1164d5 req-6ad55a64-7c67-4410-bfc1-4b43f033a298 d29ffc22dbc548029f6f538cdace1a2f 32d37bd481b44e8f81bf2236fdaee27f - - b1dd350c040745ada743c8d896724cf9 b1dd350c040745ada743c8d896724cf9] 199.19.213.15 "GET /v2.0/ports?network_id=46eb05d5-56b1-4a7d-999d-43c21d074b0a&device_owner=network%3Adhcp HTTP/1.1" status: 200 len: 210 time: 0.0216665
2026-05-12 17:40:26.647 9 INFO neutron.wsgi [req-cc99d911-d78e-48f9-bd4e-adc93a1164d5 req-5e917179-6d89-4bff-9f13-d39825b47953 d29ffc22dbc548029f6f538cdace1a2f 32d37bd481b44e8f81bf2236fdaee27f - - b1dd350c040745ada743c8d896724cf9 b1dd350c040745ada743c8d896724cf9] 199.19.213.15 "GET /v2.0/networks/46eb05d5-56b1-4a7d-999d-43c21d074b0a?fields=segments HTTP/1.1" status: 200 len: 212 time: 0.0588293
2026-05-12 17:40:26.708 9 INFO neutron.wsgi [req-cc99d911-d78e-48f9-bd4e-adc93a1164d5 req-abe88c02-1f8c-481b-a15b-1429b47cdf4d d29ffc22dbc548029f6f538cdace1a2f 32d37bd481b44e8f81bf2236fdaee27f - - b1dd350c040745ada743c8d896724cf9 b1dd350c040745ada743c8d896724cf9] 199.19.213.15 "GET /v2.0/networks/46eb05d5-56b1-4a7d-999d-43c21d074b0a?fields=provider%3Aphysical_network&fields=provider%3Anetwork_type HTTP/1.1" status: 200 len: 277 time: 0.0546796
2026-05-12 17:40:26.751 10 INFO neutron.wsgi [None req-560a77ad-48f0-4968-aa9b-8003a9851671 6b4c5e6b20194522ae8751eb8146da01 5499d54aec2e45edb63bc49eb8e062a4 - - default default] 10.0.0.10 "GET /v2.0/security-groups?tenant_id=e2849e9d867a428fbf394aae72fe6fcb&name=default HTTP/1.1" status: 200 len: 3120 time: 0.5251899
2026-05-12 17:40:26.810 10 INFO neutron.db.ovn_revision_numbers_db [None req-e3ff31fd-1212-4253-8399-da819724a002 622f2ee51a9340c688897db18741b6d9 263949d2ee444c4383bd6a3b57ec9455 - - default default] Successfully bumped revision number for resource e7a1bf5e-779c-4f74-9346-88b6316d17e0 (type: security_group_rules) to 0
2026-05-12 17:40:26.835 10 INFO neutron.wsgi [None req-e3ff31fd-1212-4253-8399-da819724a002 622f2ee51a9340c688897db18741b6d9 263949d2ee444c4383bd6a3b57ec9455 - - default default] 10.0.0.10 "POST /v2.0/security-group-rules HTTP/1.1" status: 201 len: 796 time: 0.3700075
2026-05-12 17:40:26.847 10 WARNING neutron_lib.context [None req-c7a7867c-94c5-4d1f-9bcc-54bee63abd73 622f2ee51a9340c688897db18741b6d9 263949d2ee444c4383bd6a3b57ec9455 - - default default] Method 'is_advsvc' is deprecated since 2023.2 release (neutron-lib 3.8.0) and will be removed once support for the old RBAC API policies will be removed from Neutron. Please use method 'is_service_role' instead.
2026-05-12 17:40:26.964 9 INFO neutron.wsgi [None req-53367223-ae33-4583-a2d0-de298093163b 6b4c5e6b20194522ae8751eb8146da01 5499d54aec2e45edb63bc49eb8e062a4 - - default default] 10.0.0.10 "DELETE /v2.0/security-groups/dd13997f-a785-4101-82f1-c0706dab1371 HTTP/1.1" status: 204 len: 168 time: 0.2072339
2026-05-12 17:40:26.992 10 INFO neutron.db.ovn_revision_numbers_db [None req-c7a7867c-94c5-4d1f-9bcc-54bee63abd73 622f2ee51a9340c688897db18741b6d9 263949d2ee444c4383bd6a3b57ec9455 - - default default] Successfully bumped revision number for resource e2dcfa9d-a073-47ff-a429-67035aec5605 (type: security_group_rules) to 0
2026-05-12 17:40:27.014 10 INFO neutron.wsgi [None req-c7a7867c-94c5-4d1f-9bcc-54bee63abd73 622f2ee51a9340c688897db18741b6d9 263949d2ee444c4383bd6a3b57ec9455 - - default default] 10.0.0.10 "POST /v2.0/security-group-rules HTTP/1.1" status: 201 len: 801 time: 0.1725054
2026-05-12 17:40:27.024 10 WARNING neutron_lib.context [None req-8e992768-50cc-43fa-9108-7ba6fe1329ae 622f2ee51a9340c688897db18741b6d9 263949d2ee444c4383bd6a3b57ec9455 - - default default] Method 'is_advsvc' is deprecated since 2023.2 release (neutron-lib 3.8.0) and will be removed once support for the old RBAC API policies will be removed from Neutron. Please use method 'is_service_role' instead.
2026-05-12 17:40:27.289 10 WARNING neutron.scheduler.dhcp_agent_scheduler [None req-8e992768-50cc-43fa-9108-7ba6fe1329ae 622f2ee51a9340c688897db18741b6d9 263949d2ee444c4383bd6a3b57ec9455 - - default default] No more DHCP agents
2026-05-12 17:40:27.293 10 WARNING neutron.api.rpc.agentnotifiers.dhcp_rpc_agent_api [None req-8e992768-50cc-43fa-9108-7ba6fe1329ae 622f2ee51a9340c688897db18741b6d9 263949d2ee444c4383bd6a3b57ec9455 - - default default] Unable to schedule network 59ab5d54-7f78-4e46-af26-62d646e192f9: no agents available; will retry on subsequent port and subnet creation events.
2026-05-12 17:40:27.313 10 INFO neutron.wsgi [req-5cba7702-262f-4557-9082-6df7094caeb8 req-3fcdf926-8f5e-4757-b995-c77275f03178 9860d5a0fdf24fe9ae6fda51309a6b8f b237a6657fb548eda9120838e6270423 - - default default] 10.0.0.81 "GET /v2.0/ports?device_id=cdb7652c-50cc-49b3-9503-c3494bfedc73 HTTP/1.1" status: 200 len: 1352 time: 0.0454516
2026-05-12 17:40:27.330 9 INFO neutron.db.ovn_revision_numbers_db [None req-9006c2cd-ed09-493a-ab77-a746ffb1d46f 6b4c5e6b20194522ae8751eb8146da01 5499d54aec2e45edb63bc49eb8e062a4 - - default default] Successfully bumped revision number for resource d0838164-85eb-464a-9a45-534c16970db7 (type: security_groups) to 1
2026-05-12 17:40:27.356 9 INFO neutron.db.ovn_revision_numbers_db [None req-9006c2cd-ed09-493a-ab77-a746ffb1d46f 6b4c5e6b20194522ae8751eb8146da01 5499d54aec2e45edb63bc49eb8e062a4 - - default default] Successfully bumped revision number for resource 6cd7a2d1-283e-4fd7-92e4-55331b088d99 (type: security_group_rules) to 0
2026-05-12 17:40:27.369 9 INFO neutron.db.ovn_revision_numbers_db [None req-9006c2cd-ed09-493a-ab77-a746ffb1d46f 6b4c5e6b20194522ae8751eb8146da01 5499d54aec2e45edb63bc49eb8e062a4 - - default default] Successfully bumped revision number for resource 8ec58d86-e2d7-4da7-af94-ebd99f6a8fd5 (type: security_group_rules) to 0
2026-05-12 17:40:27.378 10 INFO neutron.wsgi [req-5cba7702-262f-4557-9082-6df7094caeb8 req-99d28582-e29b-40b3-929c-3f997bc58e13 9860d5a0fdf24fe9ae6fda51309a6b8f b237a6657fb548eda9120838e6270423 - - default default] 10.0.0.81 "GET /v2.0/security-groups?id=124c5ef9-63b5-42bd-80cb-d407c2f1deb4&fields=id&fields=name HTTP/1.1" status: 200 len: 313 time: 0.0579383
2026-05-12 17:40:27.384 9 INFO neutron.db.ovn_revision_numbers_db [None req-9006c2cd-ed09-493a-ab77-a746ffb1d46f 6b4c5e6b20194522ae8751eb8146da01 5499d54aec2e45edb63bc49eb8e062a4 - - default default] Successfully bumped revision number for resource af4bf250-d5d9-4adf-ac27-cd4490adbb9c (type: security_group_rules) to 0
2026-05-12 17:40:27.400 9 INFO neutron.db.ovn_revision_numbers_db [None req-9006c2cd-ed09-493a-ab77-a746ffb1d46f 6b4c5e6b20194522ae8751eb8146da01 5499d54aec2e45edb63bc49eb8e062a4 - - default default] Successfully bumped revision number for resource d87be9a4-e693-4601-9495-31354d4637c6 (type: security_group_rules) to 0
2026-05-12 17:40:27.435 9 INFO neutron.wsgi [None req-9006c2cd-ed09-493a-ab77-a746ffb1d46f 6b4c5e6b20194522ae8751eb8146da01 5499d54aec2e45edb63bc49eb8e062a4 - - default default] 10.0.0.10 "GET /v2.0/security-groups?tenant_id=bf956e952e0d43b79d472e6349ed3705&name=default HTTP/1.1" status: 200 len: 3120 time: 0.2712998
2026-05-12 17:40:27.546 9 INFO neutron.wsgi [req-0824dec0-9332-41e9-ad29-1f40f2a976e2 req-508244cf-023f-4a20-b175-b865c0506f78 9860d5a0fdf24fe9ae6fda51309a6b8f b237a6657fb548eda9120838e6270423 - - default default] 199.19.213.15 "GET /v2.0/ports?device_id=cdb7652c-50cc-49b3-9503-c3494bfedc73&device_owner=compute%3Anova&fixed_ips=ip_address%3D10.100.0.6 HTTP/1.1" status: 200 len: 1352 time: 0.0759609
2026-05-12 17:40:27.756 10 INFO neutron.wsgi [None req-8e992768-50cc-43fa-9108-7ba6fe1329ae 622f2ee51a9340c688897db18741b6d9 263949d2ee444c4383bd6a3b57ec9455 - - default default] 10.0.0.10 "POST /v2.0/floatingips HTTP/1.1" status: 201 len: 751 time: 0.7366667
2026-05-12 17:40:27.776 10 INFO neutron.wsgi [None req-4ffb4f83-0135-4a34-a9bc-57c2c7735865 6b4c5e6b20194522ae8751eb8146da01 5499d54aec2e45edb63bc49eb8e062a4 - - default default] 10.0.0.10 "DELETE /v2.0/security-groups/d0838164-85eb-464a-9a45-534c16970db7 HTTP/1.1" status: 204 len: 168 time: 0.3357646
2026-05-12 17:40:28.159 9 INFO neutron.db.ovn_revision_numbers_db [req-0824dec0-9332-41e9-ad29-1f40f2a976e2 req-4dac4163-2152-4366-8467-0e409d52e4c7 9860d5a0fdf24fe9ae6fda51309a6b8f b237a6657fb548eda9120838e6270423 - - default default] Successfully bumped revision number for resource 0185f7c1-af92-4996-9036-a74a584d6676 (type: ports) to 6
2026-05-12 17:40:28.173 9 INFO neutron.wsgi [req-0824dec0-9332-41e9-ad29-1f40f2a976e2 req-4dac4163-2152-4366-8467-0e409d52e4c7 9860d5a0fdf24fe9ae6fda51309a6b8f b237a6657fb548eda9120838e6270423 - - default default] 199.19.213.15 "PUT /v2.0/ports/0185f7c1-af92-4996-9036-a74a584d6676 HTTP/1.1" status: 200 len: 1171 time: 0.6217062 /var/lib/openstack/lib/python3.10/site-packages/pycadf/identifier.py:71: UserWarning: Invalid uuid: neutron. To ensure interoperability, identifiers should be a valid uuid. warnings.warn(('Invalid uuid: %s. To ensure interoperability, '
2026-05-12 17:40:28.230 9 INFO neutron.notifiers.nova [-] Nova event matching ['req-8af8ad53-27c0-477c-8769-d3065fb92305'] response: {'name': 'network-changed', 'server_uuid': 'cdb7652c-50cc-49b3-9503-c3494bfedc73', 'tag': '0185f7c1-af92-4996-9036-a74a584d6676', 'status': 'completed', 'code': 200}
2026-05-12 17:40:28.241 9 INFO neutron.wsgi [req-0824dec0-9332-41e9-ad29-1f40f2a976e2 req-301a37e9-6460-4266-ab39-a1eaed5ebd9a d29ffc22dbc548029f6f538cdace1a2f 32d37bd481b44e8f81bf2236fdaee27f - - b1dd350c040745ada743c8d896724cf9 b1dd350c040745ada743c8d896724cf9] 199.19.213.15 "GET /v2.0/ports?tenant_id=b237a6657fb548eda9120838e6270423&device_id=cdb7652c-50cc-49b3-9503-c3494bfedc73 HTTP/1.1" status: 200 len: 1413 time: 0.0464523
2026-05-12 17:40:28.299 10 INFO neutron.wsgi [req-a498f953-8b61-428d-a695-0021e31435bc req-242b3548-1ee8-4902-a3f9-7334f631d390 622f2ee51a9340c688897db18741b6d9 263949d2ee444c4383bd6a3b57ec9455 - - default default] 10.0.0.81 "GET /v2.0/security-groups?name=tempest-securitygroup--755898039&fields=id&tenant_id=263949d2ee444c4383bd6a3b57ec9455 HTTP/1.1" status: 200 len: 267 time: 0.0441327
2026-05-12 17:40:28.315 9 INFO neutron.wsgi [req-0824dec0-9332-41e9-ad29-1f40f2a976e2 req-27979762-fa15-4ea8-a7fa-a31502012807 d29ffc22dbc548029f6f538cdace1a2f 32d37bd481b44e8f81bf2236fdaee27f - - b1dd350c040745ada743c8d896724cf9 b1dd350c040745ada743c8d896724cf9] 199.19.213.15 "GET /v2.0/networks?id=46eb05d5-56b1-4a7d-999d-43c21d074b0a HTTP/1.1" status: 200 len: 981 time: 0.0655875
2026-05-12 17:40:28.373 10 INFO neutron.wsgi [req-a498f953-8b61-428d-a695-0021e31435bc req-b6e3f53d-312f-42e2-8d96-c5364709c6ea 622f2ee51a9340c688897db18741b6d9 263949d2ee444c4383bd6a3b57ec9455 - - default default] 10.0.0.81 "GET /v2.0/networks?id=6ba9bf9b-56c9-4885-9d61-9bdc4544c371 HTTP/1.1" status: 200 len: 875 time: 0.0679023
2026-05-12 17:40:28.375 9 INFO neutron.wsgi [req-0824dec0-9332-41e9-ad29-1f40f2a976e2 req-a28af56b-f6e6-47aa-9422-c6e5e034c369 d29ffc22dbc548029f6f538cdace1a2f 32d37bd481b44e8f81bf2236fdaee27f - - b1dd350c040745ada743c8d896724cf9 b1dd350c040745ada743c8d896724cf9] 199.19.213.15 "GET /v2.0/floatingips?fixed_ip_address=10.100.0.13&port_id=0185f7c1-af92-4996-9036-a74a584d6676 HTTP/1.1" status: 200 len: 1060 time: 0.0534663
2026-05-12 17:40:28.390 10 INFO neutron.wsgi [req-a498f953-8b61-428d-a695-0021e31435bc req-ff94f94a-1ec9-4837-acbb-57480c9e782b 622f2ee51a9340c688897db18741b6d9 263949d2ee444c4383bd6a3b57ec9455 - - default default] 10.0.0.81 "GET /v2.0/quotas/263949d2ee444c4383bd6a3b57ec9455 HTTP/1.1" status: 200 len: 491 time: 0.0080092
2026-05-12 17:40:28.420 9 INFO neutron.wsgi [req-0824dec0-9332-41e9-ad29-1f40f2a976e2 req-1372dd9d-6231-4307-a6c8-d9456d22e8e3 d29ffc22dbc548029f6f538cdace1a2f 32d37bd481b44e8f81bf2236fdaee27f - - b1dd350c040745ada743c8d896724cf9 b1dd350c040745ada743c8d896724cf9] 199.19.213.15 "GET /v2.0/subnets?id=4f3b9930-623e-4cfb-ad18-509dc2ecf740 HTTP/1.1" status: 200 len: 876 time: 0.0381091
2026-05-12 17:40:28.447 9 INFO neutron.wsgi [req-0824dec0-9332-41e9-ad29-1f40f2a976e2 req-ba298ea1-43a6-4dd1-9cee-31c60884bff5 d29ffc22dbc548029f6f538cdace1a2f 32d37bd481b44e8f81bf2236fdaee27f - - b1dd350c040745ada743c8d896724cf9 b1dd350c040745ada743c8d896724cf9] 199.19.213.15 "GET /v2.0/ports?network_id=46eb05d5-56b1-4a7d-999d-43c21d074b0a&device_owner=network%3Adhcp HTTP/1.1" status: 200 len: 210 time: 0.0209854
2026-05-12 17:40:28.501 10 INFO neutron.wsgi [req-a498f953-8b61-428d-a695-0021e31435bc req-38d75eb5-4214-4a0b-80ab-277061851b5f 622f2ee51a9340c688897db18741b6d9 263949d2ee444c4383bd6a3b57ec9455 - - default default] 10.0.0.81 "GET /v2.0/ports?tenant_id=263949d2ee444c4383bd6a3b57ec9455&fields=id HTTP/1.1" status: 200 len: 302 time: 0.1047316
2026-05-12 17:40:28.507 9 INFO neutron.wsgi [req-0824dec0-9332-41e9-ad29-1f40f2a976e2 req-ced324fd-8f0a-46f0-ab1a-025a960fca62 d29ffc22dbc548029f6f538cdace1a2f 32d37bd481b44e8f81bf2236fdaee27f - - b1dd350c040745ada743c8d896724cf9 b1dd350c040745ada743c8d896724cf9] 199.19.213.15 "GET /v2.0/networks/46eb05d5-56b1-4a7d-999d-43c21d074b0a?fields=segments HTTP/1.1" status: 200 len: 212 time: 0.0536025
2026-05-12 17:40:28.572 9 INFO neutron.wsgi [req-0824dec0-9332-41e9-ad29-1f40f2a976e2 req-8b9b3057-b43e-467a-8109-85c3f884df04 d29ffc22dbc548029f6f538cdace1a2f 32d37bd481b44e8f81bf2236fdaee27f - - b1dd350c040745ada743c8d896724cf9 b1dd350c040745ada743c8d896724cf9] 199.19.213.15 "GET /v2.0/networks/46eb05d5-56b1-4a7d-999d-43c21d074b0a?fields=provider%3Aphysical_network&fields=provider%3Anetwork_type HTTP/1.1" status: 200 len: 277 time: 0.0575294
2026-05-12 17:40:28.580 10 INFO neutron.wsgi [req-a498f953-8b61-428d-a695-0021e31435bc req-0ab80e51-e044-4904-9994-302104e4c969 d29ffc22dbc548029f6f538cdace1a2f 32d37bd481b44e8f81bf2236fdaee27f - - b1dd350c040745ada743c8d896724cf9 b1dd350c040745ada743c8d896724cf9] 10.0.0.81 "GET /v2.0/networks/6ba9bf9b-56c9-4885-9d61-9bdc4544c371?fields=segments HTTP/1.1" status: 200 len: 212 time: 0.0598562
2026-05-12 17:40:28.655 9 INFO neutron.wsgi [req-64cccc18-5908-405d-9b9c-45d7b112df51 req-df933b30-ee6c-4c79-afee-49614282a688 d29ffc22dbc548029f6f538cdace1a2f 32d37bd481b44e8f81bf2236fdaee27f - - b1dd350c040745ada743c8d896724cf9 b1dd350c040745ada743c8d896724cf9] 199.19.213.15 "GET /v2.0/ports?tenant_id=b237a6657fb548eda9120838e6270423&device_id=cdb7652c-50cc-49b3-9503-c3494bfedc73 HTTP/1.1" status: 200 len: 1413 time: 0.0420046
2026-05-12 17:40:28.667 10 INFO neutron.wsgi [req-a498f953-8b61-428d-a695-0021e31435bc req-acd7db0f-5af3-445f-8312-3259bc4008b1 d29ffc22dbc548029f6f538cdace1a2f 32d37bd481b44e8f81bf2236fdaee27f - - b1dd350c040745ada743c8d896724cf9 b1dd350c040745ada743c8d896724cf9] 10.0.0.81 "GET /v2.0/networks/6ba9bf9b-56c9-4885-9d61-9bdc4544c371?fields=provider%3Aphysical_network&fields=provider%3Anetwork_type HTTP/1.1" status: 200 len: 277 time: 0.0812938
2026-05-12 17:40:28.733 9 INFO neutron.wsgi [req-64cccc18-5908-405d-9b9c-45d7b112df51 req-17cf5886-d2e1-4dea-828f-dbc2603bcec4 d29ffc22dbc548029f6f538cdace1a2f 32d37bd481b44e8f81bf2236fdaee27f - - b1dd350c040745ada743c8d896724cf9 b1dd350c040745ada743c8d896724cf9] 199.19.213.15 "GET /v2.0/networks?id=46eb05d5-56b1-4a7d-999d-43c21d074b0a HTTP/1.1" status: 200 len: 981 time: 0.0730071
2026-05-12 17:40:28.800 9 INFO neutron.wsgi [req-64cccc18-5908-405d-9b9c-45d7b112df51 req-0d79b410-5a95-4424-8f62-439f69e998f0 d29ffc22dbc548029f6f538cdace1a2f 32d37bd481b44e8f81bf2236fdaee27f - - b1dd350c040745ada743c8d896724cf9 b1dd350c040745ada743c8d896724cf9] 199.19.213.15 "GET /v2.0/floatingips?fixed_ip_address=10.100.0.13&port_id=0185f7c1-af92-4996-9036-a74a584d6676 HTTP/1.1" status: 200 len: 1060 time: 0.0570798
2026-05-12 17:40:28.830 10 INFO neutron.wsgi [req-f9b09087-fb50-4cee-920f-c0930b129236 req-e41ce3fa-934a-4819-a169-455d891116b1 622f2ee51a9340c688897db18741b6d9 263949d2ee444c4383bd6a3b57ec9455 - - default default] 10.0.0.81 "GET /v2.0/ports?device_id=77e774a1-042a-43f9-ae33-ddda76b2d2e1 HTTP/1.1" status: 200 len: 210 time: 0.0287843
2026-05-12 17:40:28.856 9 INFO neutron.wsgi [req-64cccc18-5908-405d-9b9c-45d7b112df51 req-c0399c09-e330-43bb-b809-803d020fc04e d29ffc22dbc548029f6f538cdace1a2f 32d37bd481b44e8f81bf2236fdaee27f - - b1dd350c040745ada743c8d896724cf9 b1dd350c040745ada743c8d896724cf9] 199.19.213.15 "GET /v2.0/subnets?id=4f3b9930-623e-4cfb-ad18-509dc2ecf740 HTTP/1.1" status: 200 len: 876 time: 0.0502741
2026-05-12 17:40:28.910 9 INFO neutron.wsgi [req-64cccc18-5908-405d-9b9c-45d7b112df51 req-643fc177-7f71-4381-9268-9fe8618917da d29ffc22dbc548029f6f538cdace1a2f 32d37bd481b44e8f81bf2236fdaee27f - - b1dd350c040745ada743c8d896724cf9 b1dd350c040745ada743c8d896724cf9] 199.19.213.15 "GET /v2.0/ports?network_id=46eb05d5-56b1-4a7d-999d-43c21d074b0a&device_owner=network%3Adhcp HTTP/1.1" status: 200 len: 210 time: 0.0412793
2026-05-12 17:40:28.969 9 INFO neutron.wsgi [req-64cccc18-5908-405d-9b9c-45d7b112df51 req-c4f4141f-3f63-4206-965d-d46008b60d6c d29ffc22dbc548029f6f538cdace1a2f 32d37bd481b44e8f81bf2236fdaee27f - - b1dd350c040745ada743c8d896724cf9 b1dd350c040745ada743c8d896724cf9] 199.19.213.15 "GET /v2.0/networks/46eb05d5-56b1-4a7d-999d-43c21d074b0a?fields=segments HTTP/1.1" status: 200 len: 212 time: 0.0531206
2026-05-12 17:40:29.065 9 INFO neutron.wsgi [req-64cccc18-5908-405d-9b9c-45d7b112df51 req-0d6f446c-500a-4a64-a925-a56e9929fbd4 d29ffc22dbc548029f6f538cdace1a2f 32d37bd481b44e8f81bf2236fdaee27f - - b1dd350c040745ada743c8d896724cf9 b1dd350c040745ada743c8d896724cf9] 199.19.213.15 "GET /v2.0/networks/46eb05d5-56b1-4a7d-999d-43c21d074b0a?fields=provider%3Aphysical_network&fields=provider%3Anetwork_type HTTP/1.1" status: 200 len: 277 time: 0.0865228
2026-05-12 17:40:29.177 10 INFO neutron.wsgi [None req-0b8d1de4-626c-48de-b90a-0cc0c94d62d9 6b4c5e6b20194522ae8751eb8146da01 5499d54aec2e45edb63bc49eb8e062a4 - - default default] 10.0.0.179 "GET /v2.0/routers HTTP/1.1" status: 200 len: 2126 time: 0.3039050
2026-05-12 17:40:29.192 10 INFO neutron.wsgi [None req-e681e001-cd4e-443f-8af4-df21c5d0696f 6b4c5e6b20194522ae8751eb8146da01 5499d54aec2e45edb63bc49eb8e062a4 - - default default] 10.0.0.179 "GET /v2.0/agents?binary=ovn-controller HTTP/1.1" status: 200 len: 591 time: 0.0149603
2026-05-12 17:40:29.223 9 INFO neutron.db.ovn_revision_numbers_db [None req-7540d41f-9b53-4b82-9b00-ea9aa15fb894 6b4c5e6b20194522ae8751eb8146da01 5499d54aec2e45edb63bc49eb8e062a4 - - default default] Successfully bumped revision number for resource 228c29aa-0bae-42b9-b77d-da914ae2efbd (type: security_groups) to 1
2026-05-12 17:40:29.248 10 INFO neutron.wsgi [None req-3ed885c3-d3e3-4764-b39c-c0f52cccef0e 6b4c5e6b20194522ae8751eb8146da01 5499d54aec2e45edb63bc49eb8e062a4 - - default default] 10.0.0.179 "GET /v2.0/security-groups HTTP/1.1" status: 200 len: 32015 time: 0.0502839
2026-05-12 17:40:29.254 9 INFO neutron.db.ovn_revision_numbers_db [None req-7540d41f-9b53-4b82-9b00-ea9aa15fb894 6b4c5e6b20194522ae8751eb8146da01 5499d54aec2e45edb63bc49eb8e062a4 - - default default] Successfully bumped revision number for resource 3ee1eb4d-23b6-47f5-829d-05205d947b65 (type: security_group_rules) to 0
2026-05-12 17:40:29.286 9 INFO neutron.db.ovn_revision_numbers_db [None req-7540d41f-9b53-4b82-9b00-ea9aa15fb894 6b4c5e6b20194522ae8751eb8146da01 5499d54aec2e45edb63bc49eb8e062a4 - - default default] Successfully bumped revision number for resource 43e365f7-69dc-446c-9d50-8567c4157db3 (type: security_group_rules) to 0
2026-05-12 17:40:29.309 9 INFO neutron.db.ovn_revision_numbers_db [None req-7540d41f-9b53-4b82-9b00-ea9aa15fb894 6b4c5e6b20194522ae8751eb8146da01 5499d54aec2e45edb63bc49eb8e062a4 - - default default] Successfully bumped revision number for resource e4e66560-8036-425e-b3a2-07a2001680fd (type: security_group_rules) to 0
2026-05-12 17:40:29.323 9 INFO neutron.db.ovn_revision_numbers_db [None req-7540d41f-9b53-4b82-9b00-ea9aa15fb894 6b4c5e6b20194522ae8751eb8146da01 5499d54aec2e45edb63bc49eb8e062a4 - - default default] Successfully bumped revision number for resource eb17ae7e-4dc2-4a16-80bb-b0e4c10f1d03 (type: security_group_rules) to 0
2026-05-12 17:40:29.342 9 INFO neutron.wsgi [None req-7540d41f-9b53-4b82-9b00-ea9aa15fb894 6b4c5e6b20194522ae8751eb8146da01 5499d54aec2e45edb63bc49eb8e062a4 - - default default] 10.0.0.10 "GET /v2.0/security-groups?tenant_id=f5ef8c04faba4389930c3db3c9e94566&name=default HTTP/1.1" status: 200 len: 3120 time: 0.5598752
2026-05-12 17:40:29.359 10 INFO neutron.wsgi [None req-e7321c39-173a-4fcb-85ad-ded8637f53a0 6b4c5e6b20194522ae8751eb8146da01 5499d54aec2e45edb63bc49eb8e062a4 - - default default] 10.0.0.179 "GET /v2.0/ports HTTP/1.1" status: 200 len: 14992 time: 0.1001654
2026-05-12 17:40:29.388 10 INFO neutron.wsgi [None req-3381a387-a2dc-4845-96a1-238a4a6ff37a 6b4c5e6b20194522ae8751eb8146da01 5499d54aec2e45edb63bc49eb8e062a4 - - default default] 10.0.0.179 "GET /v2.0/network-ip-availabilities HTTP/1.1" status: 200 len: 2250 time: 0.0196538
2026-05-12 17:40:29.466 10 INFO neutron.wsgi [None req-5b79922c-54ed-4998-8252-acaa795214c6 6b4c5e6b20194522ae8751eb8146da01 5499d54aec2e45edb63bc49eb8e062a4 - - default default] 10.0.0.179 "GET /v2.0/networks HTTP/1.1" status: 200 len: 3879 time: 0.0765882
2026-05-12 17:40:29.511 10 INFO neutron.wsgi [None req-3b5c63ec-f211-4879-b178-3c0d953e9826 6b4c5e6b20194522ae8751eb8146da01 5499d54aec2e45edb63bc49eb8e062a4 - - default default] 10.0.0.179 "GET /v2.0/subnets HTTP/1.1" status: 200 len: 2758 time: 0.0409484
2026-05-12 17:40:29.523 10 INFO neutron.wsgi [None req-1d2ed2da-699d-468b-bdf5-b5deb69d7307 6b4c5e6b20194522ae8751eb8146da01 5499d54aec2e45edb63bc49eb8e062a4 - - default default] 10.0.0.179 "GET /v2.0/agents HTTP/1.1" status: 200 len: 1390 time: 0.0105209
2026-05-12 17:40:29.624 10 INFO neutron.wsgi [None req-b5c6d189-cd78-464b-93a0-9a45b6bb3009 6b4c5e6b20194522ae8751eb8146da01 5499d54aec2e45edb63bc49eb8e062a4 - - default default] 10.0.0.179 "GET /v2.0/floatingips HTTP/1.1" status: 200 len: 1575 time: 0.0999796
2026-05-12 17:40:29.663 10 INFO neutron.wsgi [None req-5db68e91-1ed2-4fe9-a799-a14ae5cf99d6 6b4c5e6b20194522ae8751eb8146da01 5499d54aec2e45edb63bc49eb8e062a4 - - default default] 10.0.0.179 "GET /v2.0/subnets HTTP/1.1" status: 200 len: 2758 time: 0.0371757
2026-05-12 17:40:29.681 10 INFO neutron.wsgi [None req-601ef988-9ac0-46d8-a9c8-1d8795fb7fcc 6b4c5e6b20194522ae8751eb8146da01 5499d54aec2e45edb63bc49eb8e062a4 - - default default] 10.0.0.179 "GET /v2.0/subnetpools HTTP/1.1" status: 200 len: 193 time: 0.0162306
2026-05-12 17:40:29.796 10 INFO neutron.wsgi [req-35ef0edf-4415-4527-b649-d6ab36d6aba7 req-c287c763-f6e8-40ed-b7f1-75c107999a00 9860d5a0fdf24fe9ae6fda51309a6b8f b237a6657fb548eda9120838e6270423 - - default default] 10.0.0.81 "GET /v2.0/ports?device_id=cdb7652c-50cc-49b3-9503-c3494bfedc73 HTTP/1.1" status: 200 len: 1174 time: 0.0716124
2026-05-12 17:40:29.839 9 INFO neutron.plugins.ml2.drivers.ovn.mech_driver.mech_driver [None req-0598d071-2ca4-4675-b709-3cb2fa70dbe6 - - - - - -] OVN reports status down for port: 0185f7c1-af92-4996-9036-a74a584d6676
2026-05-12 17:40:29.845 9 INFO neutron.wsgi [None req-9df1bd24-811f-4846-a96e-51a86e53eac7 6b4c5e6b20194522ae8751eb8146da01 5499d54aec2e45edb63bc49eb8e062a4 - - default default] 10.0.0.10 "DELETE /v2.0/security-groups/228c29aa-0bae-42b9-b77d-da914ae2efbd HTTP/1.1" status: 204 len: 168 time: 0.4990306
2026-05-12 17:40:29.864 10 INFO neutron.wsgi [req-35ef0edf-4415-4527-b649-d6ab36d6aba7 req-cb363047-e728-4242-8373-617e07d7b3ec 9860d5a0fdf24fe9ae6fda51309a6b8f b237a6657fb548eda9120838e6270423 - - default default] 10.0.0.81 "GET /v2.0/security-groups?id=124c5ef9-63b5-42bd-80cb-d407c2f1deb4&fields=id&fields=name HTTP/1.1" status: 200 len: 313 time: 0.0584989
2026-05-12 17:40:29.885 9 INFO neutron.wsgi [req-a498f953-8b61-428d-a695-0021e31435bc req-8898b035-98bb-4fcb-862f-b8c52cbc3907 622f2ee51a9340c688897db18741b6d9 263949d2ee444c4383bd6a3b57ec9455 - - default default] 199.19.213.15 "GET /v2.0/networks?id=6ba9bf9b-56c9-4885-9d61-9bdc4544c371 HTTP/1.1" status: 200 len: 875 time: 0.3174834
2026-05-12 17:40:29.938 10 INFO neutron.wsgi [req-19bd6bc4-68cd-4c15-bebb-3d4dd67af4fc req-38e25f14-d0bd-4b72-87a5-7a7d891f77ce 622f2ee51a9340c688897db18741b6d9 263949d2ee444c4383bd6a3b57ec9455 - - default default] 10.0.0.81 "GET /v2.0/ports?device_id=77e774a1-042a-43f9-ae33-ddda76b2d2e1 HTTP/1.1" status: 200 len: 210 time: 0.0285306
2026-05-12 17:40:29.969 9 INFO neutron.wsgi [req-a498f953-8b61-428d-a695-0021e31435bc req-8c7bacff-3ed8-48e2-8728-c364892e56fb 622f2ee51a9340c688897db18741b6d9 263949d2ee444c4383bd6a3b57ec9455 - - default default] 199.19.213.15 "GET /v2.0/security-groups?fields=id&fields=name&tenant_id=263949d2ee444c4383bd6a3b57ec9455 HTTP/1.1" status: 200 len: 379 time: 0.0628421
2026-05-12 17:40:29.999 9 WARNING neutron_lib.context [req-a498f953-8b61-428d-a695-0021e31435bc req-ee509b7f-bc8a-4609-bbcf-8c89dec1a5b8 622f2ee51a9340c688897db18741b6d9 263949d2ee444c4383bd6a3b57ec9455 - - default default] Method 'is_advsvc' is deprecated since 2023.2 release (neutron-lib 3.8.0) and will be removed once support for the old RBAC API policies will be removed from Neutron. Please use method 'is_service_role' instead.
2026-05-12 17:40:30.161 10 INFO neutron.wsgi [req-b1f788b5-b382-4ec4-aa67-ecece53623f1 req-62595d05-14d9-40d1-a32c-f9db3b8b7087 9860d5a0fdf24fe9ae6fda51309a6b8f b237a6657fb548eda9120838e6270423 - - default default] 199.19.213.15 "GET /v2.0/ports?device_id=cdb7652c-50cc-49b3-9503-c3494bfedc73 HTTP/1.1" status: 200 len: 1172 time: 0.0915453
2026-05-12 17:40:30.272 9 INFO neutron.notifiers.nova [-] Nova event matching ['req-4e9f2239-e721-481d-b9ba-b93b61a2fb53'] response: {'server_uuid': 'cdb7652c-50cc-49b3-9503-c3494bfedc73', 'name': 'network-vif-unplugged', 'status': 'completed', 'tag': '0185f7c1-af92-4996-9036-a74a584d6676', 'code': 200}
2026-05-12 17:40:30.364 9 INFO neutron.db.ovn_revision_numbers_db [None req-0598d071-2ca4-4675-b709-3cb2fa70dbe6 - - - - - -] Successfully bumped revision number for resource 0185f7c1-af92-4996-9036-a74a584d6676 (type: ports) to 7
2026-05-12 17:40:30.399 9 INFO neutron.db.ovn_revision_numbers_db [None req-413cd71b-dbe0-4db2-ae44-c46ffd5dad68 6b4c5e6b20194522ae8751eb8146da01 5499d54aec2e45edb63bc49eb8e062a4 - - default default] Successfully bumped revision number for resource 6f3c4d2b-060d-485b-96be-51d0f87bc8c7 (type: security_groups) to 1
2026-05-12 17:40:30.434 9 INFO neutron.db.ovn_revision_numbers_db [None req-413cd71b-dbe0-4db2-ae44-c46ffd5dad68 6b4c5e6b20194522ae8751eb8146da01 5499d54aec2e45edb63bc49eb8e062a4 - - default default] Successfully bumped revision number for resource 011a9c90-0461-4371-a9ce-e7e8e23a31d8 (type: security_group_rules) to 0
2026-05-12 17:40:30.467 9 INFO neutron.db.ovn_revision_numbers_db [None req-413cd71b-dbe0-4db2-ae44-c46ffd5dad68 6b4c5e6b20194522ae8751eb8146da01 5499d54aec2e45edb63bc49eb8e062a4 - - default default] Successfully bumped revision number for resource 25548df9-415b-4dd7-a61b-63ca6d0e4b1f (type: security_group_rules) to 0
2026-05-12 17:40:30.489 9 INFO neutron.db.ovn_revision_numbers_db [None req-413cd71b-dbe0-4db2-ae44-c46ffd5dad68 6b4c5e6b20194522ae8751eb8146da01 5499d54aec2e45edb63bc49eb8e062a4 - - default default] Successfully bumped revision number for resource 48483530-d783-40da-ba4c-5c1869cd9223 (type: security_group_rules) to 0
2026-05-12 17:40:30.510 9 INFO neutron.db.ovn_revision_numbers_db [None req-413cd71b-dbe0-4db2-ae44-c46ffd5dad68 6b4c5e6b20194522ae8751eb8146da01 5499d54aec2e45edb63bc49eb8e062a4 - - default default] Successfully bumped revision number for resource e99742bf-5eee-404f-b0c7-ecb14d2f17fe (type: security_group_rules) to 0
2026-05-12 17:40:30.536 9 INFO neutron.wsgi [None req-413cd71b-dbe0-4db2-ae44-c46ffd5dad68 6b4c5e6b20194522ae8751eb8146da01 5499d54aec2e45edb63bc49eb8e062a4 - - default default] 10.0.0.10 "GET /v2.0/security-groups?tenant_id=0787afc981174034bb0998909c363a8a&name=default HTTP/1.1" status: 200 len: 3120 time: 0.4497893
2026-05-12 17:40:30.558 9 WARNING neutron.scheduler.dhcp_agent_scheduler [req-a498f953-8b61-428d-a695-0021e31435bc req-ee509b7f-bc8a-4609-bbcf-8c89dec1a5b8 622f2ee51a9340c688897db18741b6d9 263949d2ee444c4383bd6a3b57ec9455 - - default default] No more DHCP agents
2026-05-12 17:40:30.561 9 WARNING neutron.api.rpc.agentnotifiers.dhcp_rpc_agent_api [req-a498f953-8b61-428d-a695-0021e31435bc req-ee509b7f-bc8a-4609-bbcf-8c89dec1a5b8 622f2ee51a9340c688897db18741b6d9 263949d2ee444c4383bd6a3b57ec9455 - - default default] Unable to schedule network 6ba9bf9b-56c9-4885-9d61-9bdc4544c371: no agents available; will retry on subsequent port and subnet creation events.
2026-05-12 17:40:30.727 9 INFO neutron.db.ovn_revision_numbers_db [req-a498f953-8b61-428d-a695-0021e31435bc req-ee509b7f-bc8a-4609-bbcf-8c89dec1a5b8 622f2ee51a9340c688897db18741b6d9 263949d2ee444c4383bd6a3b57ec9455 - - default default] Successfully bumped revision number for resource 5cb260b4-ddc3-4b89-b235-d752ef62be0f (type: ports) to 1
2026-05-12 17:40:30.747 9 INFO neutron.wsgi [req-a498f953-8b61-428d-a695-0021e31435bc req-ee509b7f-bc8a-4609-bbcf-8c89dec1a5b8 622f2ee51a9340c688897db18741b6d9 263949d2ee444c4383bd6a3b57ec9455 - - default default] 199.19.213.15 "POST /v2.0/ports HTTP/1.1" status: 201 len: 1158 time: 0.7572334 /var/lib/openstack/lib/python3.10/site-packages/pycadf/identifier.py:71: UserWarning: Invalid uuid: neutron. To ensure interoperability, identifiers should be a valid uuid. warnings.warn(('Invalid uuid: %s. To ensure interoperability, '
2026-05-12 17:40:30.871 10 INFO neutron.db.l3_db [req-b1f788b5-b382-4ec4-aa67-ecece53623f1 req-f40ed025-1bed-42e5-b58f-39de52a7d6a1 9860d5a0fdf24fe9ae6fda51309a6b8f b237a6657fb548eda9120838e6270423 - - default default] Floating IP eba7cca8-6f5b-4bb7-a550-1d4933772a8c disassociated. External IP: 10.96.250.206, port: 0185f7c1-af92-4996-9036-a74a584d6676.
2026-05-12 17:40:30.985 10 INFO neutron.wsgi [req-7c07affa-d448-413c-9d5b-a7eaec267ef8 req-368efaa3-919f-4033-a5f0-72678d600147 9860d5a0fdf24fe9ae6fda51309a6b8f b237a6657fb548eda9120838e6270423 - - default default] 10.0.0.81 "GET /v2.0/ports?device_id=cdb7652c-50cc-49b3-9503-c3494bfedc73 HTTP/1.1" status: 200 len: 1172 time: 0.0517519
2026-05-12 17:40:31.071 10 INFO neutron.wsgi [req-2d786e9d-866a-43f6-a230-ac527c178d6d req-5051b1c5-559d-41fe-a5a9-369b30793ac1 622f2ee51a9340c688897db18741b6d9 263949d2ee444c4383bd6a3b57ec9455 - - default default] 10.0.0.81 "GET /v2.0/ports?device_id=77e774a1-042a-43f9-ae33-ddda76b2d2e1 HTTP/1.1" status: 200 len: 1168 time: 0.0617473
2026-05-12 17:40:31.094 10 INFO neutron.wsgi [req-7c07affa-d448-413c-9d5b-a7eaec267ef8 req-0b1f309d-d4b8-4cbd-af16-60cac7655681 9860d5a0fdf24fe9ae6fda51309a6b8f b237a6657fb548eda9120838e6270423 - - default default] 10.0.0.81 "GET /v2.0/security-groups?id=124c5ef9-63b5-42bd-80cb-d407c2f1deb4&fields=id&fields=name HTTP/1.1" status: 200 len: 313 time: 0.0948796
2026-05-12 17:40:31.101 10 INFO neutron.wsgi [req-b1f788b5-b382-4ec4-aa67-ecece53623f1 req-f40ed025-1bed-42e5-b58f-39de52a7d6a1 9860d5a0fdf24fe9ae6fda51309a6b8f b237a6657fb548eda9120838e6270423 - - default default] 199.19.213.15 "DELETE /v2.0/ports/0185f7c1-af92-4996-9036-a74a584d6676 HTTP/1.1" status: 204 len: 173 time: 0.9341805
2026-05-12 17:40:31.138 10 INFO neutron.wsgi [req-2d786e9d-866a-43f6-a230-ac527c178d6d req-522becda-a7c1-49a2-a332-80f01fc146c0 622f2ee51a9340c688897db18741b6d9 263949d2ee444c4383bd6a3b57ec9455 - - default default] 10.0.0.81 "GET /v2.0/security-groups?id=ea1450f3-97ec-41f4-91be-37cd38232919&fields=id&fields=name HTTP/1.1" status: 200 len: 312 time: 0.0599549
2026-05-12 17:40:31.140 10 INFO neutron.notifiers.nova [-] Nova event matching ['req-ccfdcca0-653c-4082-b866-165e4a6f8dd0'] response: {'server_uuid': 'cdb7652c-50cc-49b3-9503-c3494bfedc73', 'name': 'network-vif-deleted', 'tag': '0185f7c1-af92-4996-9036-a74a584d6676', 'status': 'completed', 'code': 200}
2026-05-12 17:40:31.174 10 INFO neutron.wsgi [None req-d35c4798-f096-464d-908e-43c76b345a7b 6b4c5e6b20194522ae8751eb8146da01 5499d54aec2e45edb63bc49eb8e062a4 - - default default] 10.0.0.10 "DELETE /v2.0/security-groups/6f3c4d2b-060d-485b-96be-51d0f87bc8c7 HTTP/1.1" status: 204 len: 168 time: 0.6290147
2026-05-12 17:40:31.181 9 INFO neutron.db.ovn_revision_numbers_db [req-a498f953-8b61-428d-a695-0021e31435bc req-6da07139-9f8c-4d89-95a5-fc7e8c67e5f6 d29ffc22dbc548029f6f538cdace1a2f 32d37bd481b44e8f81bf2236fdaee27f - - b1dd350c040745ada743c8d896724cf9 b1dd350c040745ada743c8d896724cf9] Successfully bumped revision number for resource 5cb260b4-ddc3-4b89-b235-d752ef62be0f (type: ports) to 2
2026-05-12 17:40:31.406 9 INFO neutron.db.ovn_revision_numbers_db [req-a498f953-8b61-428d-a695-0021e31435bc req-6da07139-9f8c-4d89-95a5-fc7e8c67e5f6 d29ffc22dbc548029f6f538cdace1a2f 32d37bd481b44e8f81bf2236fdaee27f - - b1dd350c040745ada743c8d896724cf9 b1dd350c040745ada743c8d896724cf9] Successfully bumped revision number for resource 5cb260b4-ddc3-4b89-b235-d752ef62be0f (type: ports) to 2
2026-05-12 17:40:31.420 9 INFO neutron.wsgi [req-a498f953-8b61-428d-a695-0021e31435bc req-6da07139-9f8c-4d89-95a5-fc7e8c67e5f6 d29ffc22dbc548029f6f538cdace1a2f 32d37bd481b44e8f81bf2236fdaee27f - - b1dd350c040745ada743c8d896724cf9 b1dd350c040745ada743c8d896724cf9] 199.19.213.15 "PUT /v2.0/ports/5cb260b4-ddc3-4b89-b235-d752ef62be0f HTTP/1.1" status: 200 len: 1376 time: 0.6646914 /var/lib/openstack/lib/python3.10/site-packages/pycadf/identifier.py:71: UserWarning: Invalid uuid: neutron. To ensure interoperability, identifiers should be a valid uuid. warnings.warn(('Invalid uuid: %s. To ensure interoperability, '
2026-05-12 17:40:31.476 10 WARNING neutron.plugins.ml2.drivers.ovn.mech_driver.ovsdb.ovn_client [None req-0cea73f1-d282-4d2c-8653-bd03774ee440 - - - - - -] No hosting information found for port ef640db6-330b-4f25-8c51-2358c202d99d: RuntimeError: No hosting information found for port ef640db6-330b-4f25-8c51-2358c202d99d
2026-05-12 17:40:31.496 9 INFO neutron.wsgi [req-a498f953-8b61-428d-a695-0021e31435bc req-31625db0-58b6-4170-87ee-a5353891658e d29ffc22dbc548029f6f538cdace1a2f 32d37bd481b44e8f81bf2236fdaee27f - - b1dd350c040745ada743c8d896724cf9 b1dd350c040745ada743c8d896724cf9] 199.19.213.15 "GET /v2.0/ports?tenant_id=263949d2ee444c4383bd6a3b57ec9455&device_id=77e774a1-042a-43f9-ae33-ddda76b2d2e1 HTTP/1.1" status: 200 len: 1407 time: 0.0425589
2026-05-12 17:40:31.525 9 INFO neutron.wsgi [req-a498f953-8b61-428d-a695-0021e31435bc req-c89153c6-4b1d-48f1-a320-393f588c2ad1 d29ffc22dbc548029f6f538cdace1a2f 32d37bd481b44e8f81bf2236fdaee27f - - b1dd350c040745ada743c8d896724cf9 b1dd350c040745ada743c8d896724cf9] 199.19.213.15 "GET /v2.0/floatingips?fixed_ip_address=10.100.0.5&port_id=5cb260b4-ddc3-4b89-b235-d752ef62be0f HTTP/1.1" status: 200 len: 217 time: 0.0224206
2026-05-12 17:40:31.560 9 INFO neutron.wsgi [req-a498f953-8b61-428d-a695-0021e31435bc req-dc308b74-316e-46a7-b8ff-1462cd286b80 d29ffc22dbc548029f6f538cdace1a2f 32d37bd481b44e8f81bf2236fdaee27f - - b1dd350c040745ada743c8d896724cf9 b1dd350c040745ada743c8d896724cf9] 199.19.213.15 "GET /v2.0/subnets?id=4031a40d-88ed-4c4d-9659-9adb307e06d2 HTTP/1.1" status: 200 len: 869 time: 0.0300212
2026-05-12 17:40:31.589 9 INFO neutron.wsgi [req-a498f953-8b61-428d-a695-0021e31435bc req-7d460573-217e-406f-96d9-888efba9321c d29ffc22dbc548029f6f538cdace1a2f 32d37bd481b44e8f81bf2236fdaee27f - - b1dd350c040745ada743c8d896724cf9 b1dd350c040745ada743c8d896724cf9] 199.19.213.15 "GET /v2.0/ports?network_id=6ba9bf9b-56c9-4885-9d61-9bdc4544c371&device_owner=network%3Adhcp HTTP/1.1" status: 200 len: 210 time: 0.0214119
2026-05-12 17:40:31.655 9 INFO neutron.wsgi [req-a498f953-8b61-428d-a695-0021e31435bc req-f44e0c11-9b53-4668-9f56-64cc0a0a725b d29ffc22dbc548029f6f538cdace1a2f 32d37bd481b44e8f81bf2236fdaee27f - - b1dd350c040745ada743c8d896724cf9 b1dd350c040745ada743c8d896724cf9] 199.19.213.15 "GET /v2.0/networks/6ba9bf9b-56c9-4885-9d61-9bdc4544c371?fields=segments HTTP/1.1" status: 200 len: 212 time: 0.0600533
2026-05-12 17:40:31.720 9 INFO neutron.wsgi [req-a498f953-8b61-428d-a695-0021e31435bc req-b42b613a-913f-44f6-b057-11321ea2a78d d29ffc22dbc548029f6f538cdace1a2f 32d37bd481b44e8f81bf2236fdaee27f - - b1dd350c040745ada743c8d896724cf9 b1dd350c040745ada743c8d896724cf9] 199.19.213.15 "GET /v2.0/networks/6ba9bf9b-56c9-4885-9d61-9bdc4544c371?fields=provider%3Aphysical_network&fields=provider%3Anetwork_type HTTP/1.1" status: 200 len: 277 time: 0.0592051
2026-05-12 17:40:31.899 10 INFO neutron.plugins.ml2.drivers.ovn.mech_driver.mech_driver [None req-0cea73f1-d282-4d2c-8653-bd03774ee440 - - - - - -] OVN reports status up for port: 5cb260b4-ddc3-4b89-b235-d752ef62be0f
2026-05-12 17:40:31.914 10 INFO neutron.plugins.ml2.plugin [None req-0cea73f1-d282-4d2c-8653-bd03774ee440 - - - - - -] Attempt 1 to provision port 5cb260b4-ddc3-4b89-b235-d752ef62be0f /var/lib/openstack/lib/python3.10/site-packages/pycadf/identifier.py:71: UserWarning: Invalid uuid: neutron. To ensure interoperability, identifiers should be a valid uuid. warnings.warn(('Invalid uuid: %s. To ensure interoperability, '
2026-05-12 17:40:32.273 10 INFO neutron.wsgi [req-1c1ee8cc-bba7-44d2-95a8-4c05dea2ac6f req-ead41130-c4bf-49c8-b183-7c26b3ac9785 622f2ee51a9340c688897db18741b6d9 263949d2ee444c4383bd6a3b57ec9455 - - default default] 10.0.0.81 "GET /v2.0/ports?device_id=77e774a1-042a-43f9-ae33-ddda76b2d2e1 HTTP/1.1" status: 200 len: 1170 time: 0.0608416
2026-05-12 17:40:32.292 10 INFO neutron.db.ovn_revision_numbers_db [None req-0cea73f1-d282-4d2c-8653-bd03774ee440 - - - - - -] Successfully bumped revision number for resource 5cb260b4-ddc3-4b89-b235-d752ef62be0f (type: ports) to 4
2026-05-12 17:40:32.311 9 INFO neutron.notifiers.nova [-] Nova event matching ['req-cb09fe89-236a-4c1b-892c-ccc4599a76c8'] response: {'server_uuid': 'cdb7652c-50cc-49b3-9503-c3494bfedc73', 'name': 'network-vif-unplugged', 'status': 'completed', 'tag': '0185f7c1-af92-4996-9036-a74a584d6676', 'code': 200}
2026-05-12 17:40:32.312 9 INFO neutron.notifiers.nova [-] Nova event matching ['req-cb09fe89-236a-4c1b-892c-ccc4599a76c8'] response: {'name': 'network-changed', 'server_uuid': '77e774a1-042a-43f9-ae33-ddda76b2d2e1', 'tag': '5cb260b4-ddc3-4b89-b235-d752ef62be0f', 'status': 'completed', 'code': 200}
2026-05-12 17:40:32.335 10 INFO neutron.wsgi [req-1c1ee8cc-bba7-44d2-95a8-4c05dea2ac6f req-8c5b00de-383e-44ca-a923-128adf1a5c22 622f2ee51a9340c688897db18741b6d9 263949d2ee444c4383bd6a3b57ec9455 - - default default] 10.0.0.81 "GET /v2.0/security-groups?id=ea1450f3-97ec-41f4-91be-37cd38232919&fields=id&fields=name HTTP/1.1" status: 200 len: 312 time: 0.0543690
2026-05-12 17:40:32.371 9 INFO neutron.wsgi [req-89313fb1-364b-4f7c-8bff-6dcca497fe77 req-df228202-8f55-4b5a-892e-6510698451e3 d29ffc22dbc548029f6f538cdace1a2f 32d37bd481b44e8f81bf2236fdaee27f - - b1dd350c040745ada743c8d896724cf9 b1dd350c040745ada743c8d896724cf9] 199.19.213.15 "GET /v2.0/ports?tenant_id=263949d2ee444c4383bd6a3b57ec9455&device_id=77e774a1-042a-43f9-ae33-ddda76b2d2e1 HTTP/1.1" status: 200 len: 1409 time: 0.0412586
2026-05-12 17:40:32.390 9 INFO neutron.wsgi [None req-56f6f8a6-1eb3-4a72-8bc4-5e35af3ee09f 9860d5a0fdf24fe9ae6fda51309a6b8f b237a6657fb548eda9120838e6270423 - - default default] 10.0.0.10 "DELETE /v2.0/security-groups/124c5ef9-63b5-42bd-80cb-d407c2f1deb4 HTTP/1.1" status: 204 len: 168 time: 0.1987641 /var/lib/openstack/lib/python3.10/site-packages/pycadf/identifier.py:71: UserWarning: Invalid uuid: neutron. To ensure interoperability, identifiers should be a valid uuid. warnings.warn(('Invalid uuid: %s. To ensure interoperability, '
2026-05-12 17:40:32.408 10 INFO neutron.api.v2.resource [None req-220285df-fa36-40e9-8ebc-0658428f0eee 9860d5a0fdf24fe9ae6fda51309a6b8f b237a6657fb548eda9120838e6270423 - - default default] show failed (client error): The resource could not be found.
2026-05-12 17:40:32.409 10 INFO neutron.wsgi [None req-220285df-fa36-40e9-8ebc-0658428f0eee 9860d5a0fdf24fe9ae6fda51309a6b8f b237a6657fb548eda9120838e6270423 - - default default] 10.0.0.10 "GET /v2.0/security-groups/124c5ef9-63b5-42bd-80cb-d407c2f1deb4 HTTP/1.1" status: 404 len: 347 time: 0.0132782
2026-05-12 17:40:32.447 9 INFO neutron.wsgi [req-89313fb1-364b-4f7c-8bff-6dcca497fe77 req-833f4ec1-ecfa-400f-9921-d993753269be d29ffc22dbc548029f6f538cdace1a2f 32d37bd481b44e8f81bf2236fdaee27f - - b1dd350c040745ada743c8d896724cf9 b1dd350c040745ada743c8d896724cf9] 199.19.213.15 "GET /v2.0/networks?id=6ba9bf9b-56c9-4885-9d61-9bdc4544c371 HTTP/1.1" status: 200 len: 974 time: 0.0675008
2026-05-12 17:40:32.475 9 INFO neutron.wsgi [req-89313fb1-364b-4f7c-8bff-6dcca497fe77 req-1ce64263-aabe-4576-952a-b63bd193e2dd d29ffc22dbc548029f6f538cdace1a2f 32d37bd481b44e8f81bf2236fdaee27f - - b1dd350c040745ada743c8d896724cf9 b1dd350c040745ada743c8d896724cf9] 199.19.213.15 "GET /v2.0/floatingips?fixed_ip_address=10.100.0.5&port_id=5cb260b4-ddc3-4b89-b235-d752ef62be0f HTTP/1.1" status: 200 len: 217 time: 0.0223110
2026-05-12 17:40:32.518 9 INFO neutron.wsgi [req-89313fb1-364b-4f7c-8bff-6dcca497fe77 req-00aa63d5-d7da-44e5-b5ee-3edc95a4d7e0 d29ffc22dbc548029f6f538cdace1a2f 32d37bd481b44e8f81bf2236fdaee27f - - b1dd350c040745ada743c8d896724cf9 b1dd350c040745ada743c8d896724cf9] 199.19.213.15 "GET /v2.0/subnets?id=4031a40d-88ed-4c4d-9659-9adb307e06d2 HTTP/1.1" status: 200 len: 869 time: 0.0353875
2026-05-12 17:40:32.548 9 INFO neutron.wsgi [req-89313fb1-364b-4f7c-8bff-6dcca497fe77 req-707926ad-d0fa-48e4-b5df-0b9e4388af20 d29ffc22dbc548029f6f538cdace1a2f 32d37bd481b44e8f81bf2236fdaee27f - - b1dd350c040745ada743c8d896724cf9 b1dd350c040745ada743c8d896724cf9] 199.19.213.15 "GET /v2.0/ports?network_id=6ba9bf9b-56c9-4885-9d61-9bdc4544c371&device_owner=network%3Adhcp HTTP/1.1" status: 200 len: 210 time: 0.0218272
2026-05-12 17:40:32.631 9 INFO neutron.wsgi [req-89313fb1-364b-4f7c-8bff-6dcca497fe77 req-be009595-3cbc-420a-877b-fb3db48c036b d29ffc22dbc548029f6f538cdace1a2f 32d37bd481b44e8f81bf2236fdaee27f - - b1dd350c040745ada743c8d896724cf9 b1dd350c040745ada743c8d896724cf9] 199.19.213.15 "GET /v2.0/networks/6ba9bf9b-56c9-4885-9d61-9bdc4544c371?fields=segments HTTP/1.1" status: 200 len: 212 time: 0.0740666
