2026-05-12 17:40:15.131 10 INFO neutron.db.ovn_revision_numbers_db [None req-0cea73f1-d282-4d2c-8653-bd03774ee440 - - - - - -] Successfully bumped revision number for resource 5d2a82c5-a068-4e48-8161-bf62a3d6016d (type: ports) to 2
2026-05-12 17:40:15.246 10 INFO neutron.db.ovn_revision_numbers_db [req-c198f691-5d4c-4a16-bbce-051086b60b56 req-ce1681c7-b4ff-45d9-a32b-bbd04fdb1780 6cd02066cde549b9bc129cd7f5202d42 1063ade3b0734e68a26d547ebaeed01d - - default default] Successfully bumped revision number for resource 1cfe2753-a856-4fcc-b7f9-1130f78f72f3 (type: security_groups) to 1
2026-05-12 17:40:15.274 10 INFO neutron.db.ovn_revision_numbers_db [req-c198f691-5d4c-4a16-bbce-051086b60b56 req-ce1681c7-b4ff-45d9-a32b-bbd04fdb1780 6cd02066cde549b9bc129cd7f5202d42 1063ade3b0734e68a26d547ebaeed01d - - default default] Successfully bumped revision number for resource 4ed58361-d52d-436b-8d96-86e49d011df4 (type: security_group_rules) to 0
2026-05-12 17:40:15.291 10 INFO neutron.db.ovn_revision_numbers_db [req-c198f691-5d4c-4a16-bbce-051086b60b56 req-ce1681c7-b4ff-45d9-a32b-bbd04fdb1780 6cd02066cde549b9bc129cd7f5202d42 1063ade3b0734e68a26d547ebaeed01d - - default default] Successfully bumped revision number for resource 76d98038-9dfc-4097-b35c-233dc71af5be (type: security_group_rules) to 0
2026-05-12 17:40:15.297 10 INFO neutron.db.ovn_revision_numbers_db [None req-0cea73f1-d282-4d2c-8653-bd03774ee440 - - - - - -] Successfully bumped revision number for resource 5d2a82c5-a068-4e48-8161-bf62a3d6016d (type: router_ports) to 2
2026-05-12 17:40:15.314 10 INFO neutron.wsgi [req-c198f691-5d4c-4a16-bbce-051086b60b56 req-ce1681c7-b4ff-45d9-a32b-bbd04fdb1780 6cd02066cde549b9bc129cd7f5202d42 1063ade3b0734e68a26d547ebaeed01d - - default default] 10.0.0.81 "POST /v2.0/security-groups HTTP/1.1" status: 201 len: 1886 time: 0.2615912
2026-05-12 17:40:15.347 10 WARNING neutron_lib.context [req-c59f145e-7670-49d4-b73d-ed4bbc7860e5 req-f27c4997-4022-4099-83e6-d67c19fb82ea 6cd02066cde549b9bc129cd7f5202d42 1063ade3b0734e68a26d547ebaeed01d - - default default] Method 'is_advsvc' is deprecated since 2023.2 release (neutron-lib 3.8.0) and will be removed once support for the old RBAC API policies will be removed from Neutron. Please use method 'is_service_role' instead.
2026-05-12 17:40:15.356 9 INFO neutron.wsgi [None req-b16ae155-353a-4207-ad13-d123274fde10 6b4c5e6b20194522ae8751eb8146da01 5499d54aec2e45edb63bc49eb8e062a4 - - default default] 10.0.0.10 "DELETE /v2.0/routers/42dc8920-23b2-4aa9-baa0-8ad4fcd1345f HTTP/1.1" status: 204 len: 168 time: 0.8450336
2026-05-12 17:40:15.472 10 INFO neutron.wsgi [req-ad007210-c173-4bbd-bf94-b85702f12df7 req-0932bba6-876c-4dc6-a6bf-cda512871f5c c58de55891a847cbab69473178ed74b2 d46ba9a6242047138407866eb765bf52 - - default default] 10.0.0.81 "GET /v2.0/ports?device_id=3b7ee29e-0344-4d1f-9613-67f6bbd0d0f6 HTTP/1.1" status: 200 len: 1174 time: 0.0424223
2026-05-12 17:40:15.498 10 INFO neutron.db.ovn_revision_numbers_db [req-c59f145e-7670-49d4-b73d-ed4bbc7860e5 req-f27c4997-4022-4099-83e6-d67c19fb82ea 6cd02066cde549b9bc129cd7f5202d42 1063ade3b0734e68a26d547ebaeed01d - - default default] Successfully bumped revision number for resource 46fd90e5-beba-4a93-892d-c837ac8cd1cd (type: security_groups) to 1
2026-05-12 17:40:15.518 10 INFO neutron.db.ovn_revision_numbers_db [req-c59f145e-7670-49d4-b73d-ed4bbc7860e5 req-f27c4997-4022-4099-83e6-d67c19fb82ea 6cd02066cde549b9bc129cd7f5202d42 1063ade3b0734e68a26d547ebaeed01d - - default default] Successfully bumped revision number for resource 1fdfe657-bac7-49da-9c9f-1f36cfb7cb5b (type: security_group_rules) to 0
2026-05-12 17:40:15.523 10 INFO neutron.wsgi [req-ad007210-c173-4bbd-bf94-b85702f12df7 req-6fd1c1df-d526-4ae2-bb7b-57410b22100d c58de55891a847cbab69473178ed74b2 d46ba9a6242047138407866eb765bf52 - - default default] 10.0.0.81 "GET /v2.0/security-groups?id=a53f741c-6887-4c64-bd08-6e3646cda028&fields=id&fields=name HTTP/1.1" status: 200 len: 286 time: 0.0445647
2026-05-12 17:40:15.534 10 INFO neutron.db.ovn_revision_numbers_db [req-c59f145e-7670-49d4-b73d-ed4bbc7860e5 req-f27c4997-4022-4099-83e6-d67c19fb82ea 6cd02066cde549b9bc129cd7f5202d42 1063ade3b0734e68a26d547ebaeed01d - - default default] Successfully bumped revision number for resource fcad555b-f130-4873-a157-979b492aaedf (type: security_group_rules) to 0
2026-05-12 17:40:15.554 10 INFO neutron.wsgi [req-c59f145e-7670-49d4-b73d-ed4bbc7860e5 req-f27c4997-4022-4099-83e6-d67c19fb82ea 6cd02066cde549b9bc129cd7f5202d42 1063ade3b0734e68a26d547ebaeed01d - - default default] 10.0.0.81 "POST /v2.0/security-groups HTTP/1.1" status: 201 len: 1886 time: 0.2140212
2026-05-12 17:40:15.574 9 INFO neutron.wsgi [None req-51bc461e-dee8-4387-9d3a-96da2469fa68 6b4c5e6b20194522ae8751eb8146da01 5499d54aec2e45edb63bc49eb8e062a4 - - default default] 10.0.0.10 "DELETE /v2.0/subnets/f157d55d-9654-4b52-8136-9de98e43a4b0 HTTP/1.1" status: 204 len: 168 time: 0.2114451
2026-05-12 17:40:15.587 10 WARNING neutron_lib.context [req-3eca75e3-851b-4487-ba43-529fd7535969 req-3c61746c-7cc9-4c0c-afe2-93919358d20c 6cd02066cde549b9bc129cd7f5202d42 1063ade3b0734e68a26d547ebaeed01d - - default default] Method 'is_advsvc' is deprecated since 2023.2 release (neutron-lib 3.8.0) and will be removed once support for the old RBAC API policies will be removed from Neutron. Please use method 'is_service_role' instead.
2026-05-12 17:40:15.705 10 INFO neutron.db.ovn_revision_numbers_db [req-3eca75e3-851b-4487-ba43-529fd7535969 req-3c61746c-7cc9-4c0c-afe2-93919358d20c 6cd02066cde549b9bc129cd7f5202d42 1063ade3b0734e68a26d547ebaeed01d - - default default] Successfully bumped revision number for resource 4d099862-91ae-4bc8-8ea1-23d7d2af06df (type: security_groups) to 1
2026-05-12 17:40:15.717 10 INFO neutron.db.ovn_revision_numbers_db [req-3eca75e3-851b-4487-ba43-529fd7535969 req-3c61746c-7cc9-4c0c-afe2-93919358d20c 6cd02066cde549b9bc129cd7f5202d42 1063ade3b0734e68a26d547ebaeed01d - - default default] Successfully bumped revision number for resource 851cbac5-12fc-4181-b614-2f9ba268cd03 (type: security_group_rules) to 0
2026-05-12 17:40:15.730 10 INFO neutron.db.ovn_revision_numbers_db [req-3eca75e3-851b-4487-ba43-529fd7535969 req-3c61746c-7cc9-4c0c-afe2-93919358d20c 6cd02066cde549b9bc129cd7f5202d42 1063ade3b0734e68a26d547ebaeed01d - - default default] Successfully bumped revision number for resource dcc95f93-9e03-4edf-b22f-08c4d9418285 (type: security_group_rules) to 0
2026-05-12 17:40:15.747 10 INFO neutron.wsgi [req-3eca75e3-851b-4487-ba43-529fd7535969 req-3c61746c-7cc9-4c0c-afe2-93919358d20c 6cd02066cde549b9bc129cd7f5202d42 1063ade3b0734e68a26d547ebaeed01d - - default default] 10.0.0.81 "POST /v2.0/security-groups HTTP/1.1" status: 201 len: 1886 time: 0.1684651
2026-05-12 17:40:15.818 10 INFO neutron.wsgi [req-039eadd7-23e8-44f9-a941-25fcbdf3fdcb req-d04dd804-be81-4c9d-bdf0-9ad546309230 6cd02066cde549b9bc129cd7f5202d42 1063ade3b0734e68a26d547ebaeed01d - - default default] 10.0.0.81 "GET /v2.0/security-groups?tenant_id=1063ade3b0734e68a26d547ebaeed01d HTTP/1.1" status: 200 len: 8108 time: 0.0454748
2026-05-12 17:40:15.854 10 INFO neutron.wsgi [req-039eadd7-23e8-44f9-a941-25fcbdf3fdcb req-dde42567-fe3a-4387-9aab-eb7f703d6869 6cd02066cde549b9bc129cd7f5202d42 1063ade3b0734e68a26d547ebaeed01d - - default default] 10.0.0.81 "GET /v2.0/security-groups/7da4aa96-485d-4d1d-8ae2-31692c89e5dd HTTP/1.1" status: 200 len: 3122 time: 0.0311911
2026-05-12 17:40:15.859 9 INFO neutron.wsgi [req-bf05c905-89c8-4f41-951e-049585607305 req-c1fda898-9cca-4323-b043-d215931be22c c58de55891a847cbab69473178ed74b2 d46ba9a6242047138407866eb765bf52 - - default default] 199.19.213.15 "GET /v2.0/ports?device_id=3b7ee29e-0344-4d1f-9613-67f6bbd0d0f6 HTTP/1.1" status: 200 len: 1174 time: 0.0989447
2026-05-12 17:40:15.898 10 INFO neutron.wsgi [req-039eadd7-23e8-44f9-a941-25fcbdf3fdcb req-991e61b8-a77b-4051-9c40-76e2222c88a8 6cd02066cde549b9bc129cd7f5202d42 1063ade3b0734e68a26d547ebaeed01d - - default default] 10.0.0.81 "GET /v2.0/security-groups/7da4aa96-485d-4d1d-8ae2-31692c89e5dd HTTP/1.1" status: 200 len: 3122 time: 0.0377369
2026-05-12 17:40:15.954 10 INFO neutron.wsgi [req-ffd6c854-b4ac-4770-8316-2b1045f6c9a6 req-49ba0300-bafd-4c94-a3f9-dcad917e6f97 6cd02066cde549b9bc129cd7f5202d42 1063ade3b0734e68a26d547ebaeed01d - - default default] 10.0.0.81 "GET /v2.0/security-groups/1cfe2753-a856-4fcc-b7f9-1130f78f72f3 HTTP/1.1" status: 200 len: 1881 time: 0.0291326
2026-05-12 17:40:15.977 9 INFO neutron.services.segments.plugin [-] Segment e1e21693-2ab2-45a9-aa1b-9fc4a29ebeff resource provider aggregate not found
2026-05-12 17:40:15.982 9 INFO neutron.services.segments.plugin [-] Segment e1e21693-2ab2-45a9-aa1b-9fc4a29ebeff resource provider aggregate not found
2026-05-12 17:40:16.001 9 INFO neutron.services.segments.plugin [-] Segment e1e21693-2ab2-45a9-aa1b-9fc4a29ebeff resource provider not found; error: Placement Client Error (4xx): {"errors": [{"status": 404, "title": "Not Found", "detail": "The resource could not be found.\n\n No resource provider with uuid e1e21693-2ab2-45a9-aa1b-9fc4a29ebeff found for delete ", "request_id": "req-c3126f42-4774-4e37-90ac-8385c53c2a52"}]}
2026-05-12 17:40:16.007 9 INFO neutron.services.segments.plugin [-] Segment e1e21693-2ab2-45a9-aa1b-9fc4a29ebeff resource provider not found; error: Placement Client Error (4xx): {"errors": [{"status": 404, "title": "Not Found", "detail": "The resource could not be found.\n\n No resource provider with uuid e1e21693-2ab2-45a9-aa1b-9fc4a29ebeff found for delete ", "request_id": "req-89169e62-a7dc-4adb-b19b-0a458210c4b6"}]}
2026-05-12 17:40:16.026 9 INFO neutron.wsgi [None req-019d30c8-f6cb-4751-a4d4-b5b6a0148537 6b4c5e6b20194522ae8751eb8146da01 5499d54aec2e45edb63bc49eb8e062a4 - - default default] 10.0.0.10 "DELETE /v2.0/networks/1578a232-49be-43ec-9377-65955eea8e0f HTTP/1.1" status: 204 len: 168 time: 0.4467444
2026-05-12 17:40:16.072 10 INFO neutron.wsgi [req-ffd6c854-b4ac-4770-8316-2b1045f6c9a6 req-a7c38b31-1bc2-41f5-b1b0-c946edd7ac3a 6cd02066cde549b9bc129cd7f5202d42 1063ade3b0734e68a26d547ebaeed01d - - default default] 10.0.0.81 "DELETE /v2.0/security-groups/1cfe2753-a856-4fcc-b7f9-1130f78f72f3 HTTP/1.1" status: 204 len: 173 time: 0.1122811
2026-05-12 17:40:16.114 10 INFO neutron.api.v2.resource [req-1673f8d4-216b-450d-85f6-bc373829b9d0 req-9626f0d9-fa68-41d6-a608-aa1f583ab843 6cd02066cde549b9bc129cd7f5202d42 1063ade3b0734e68a26d547ebaeed01d - - default default] show failed (client error): The resource could not be found.
2026-05-12 17:40:16.115 10 INFO neutron.wsgi [req-1673f8d4-216b-450d-85f6-bc373829b9d0 req-9626f0d9-fa68-41d6-a608-aa1f583ab843 6cd02066cde549b9bc129cd7f5202d42 1063ade3b0734e68a26d547ebaeed01d - - default default] 10.0.0.81 "GET /v2.0/security-groups/1cfe2753-a856-4fcc-b7f9-1130f78f72f3 HTTP/1.1" status: 404 len: 352 time: 0.0250373
2026-05-12 17:40:16.166 10 INFO neutron.wsgi [req-7f337e0d-e5b6-4ddd-9053-523ff048bc93 req-f6ad1b35-7cf8-4090-bee2-27ab6cf7adf7 6cd02066cde549b9bc129cd7f5202d42 1063ade3b0734e68a26d547ebaeed01d - - default default] 10.0.0.81 "GET /v2.0/security-groups/46fd90e5-beba-4a93-892d-c837ac8cd1cd HTTP/1.1" status: 200 len: 1881 time: 0.0282240
2026-05-12 17:40:16.280 10 INFO neutron.wsgi [req-7f337e0d-e5b6-4ddd-9053-523ff048bc93 req-58943842-bdd5-4eae-a39d-caf99bfab5db 6cd02066cde549b9bc129cd7f5202d42 1063ade3b0734e68a26d547ebaeed01d - - default default] 10.0.0.81 "DELETE /v2.0/security-groups/46fd90e5-beba-4a93-892d-c837ac8cd1cd HTTP/1.1" status: 204 len: 173 time: 0.1092246
2026-05-12 17:40:16.294 10 INFO neutron.notifiers.nova [-] Nova event matching ['req-09d8346c-9c2d-4f73-8379-ab596af8dea8'] response: {'server_uuid': '3b7ee29e-0344-4d1f-9613-67f6bbd0d0f6', 'name': 'network-vif-plugged', 'status': 'completed', 'tag': '7c8714a1-978a-4039-b0b9-710970d8a972', 'code': 200}
2026-05-12 17:40:16.312 10 INFO neutron.api.v2.resource [req-c3a5957d-3b0e-4bb1-b878-dfef3871cf87 req-17efbac4-92f2-429e-98fd-0341ae764ffc 6cd02066cde549b9bc129cd7f5202d42 1063ade3b0734e68a26d547ebaeed01d - - default default] show failed (client error): The resource could not be found.
2026-05-12 17:40:16.314 10 INFO neutron.wsgi [req-c3a5957d-3b0e-4bb1-b878-dfef3871cf87 req-17efbac4-92f2-429e-98fd-0341ae764ffc 6cd02066cde549b9bc129cd7f5202d42 1063ade3b0734e68a26d547ebaeed01d - - default default] 10.0.0.81 "GET /v2.0/security-groups/46fd90e5-beba-4a93-892d-c837ac8cd1cd HTTP/1.1" status: 404 len: 352 time: 0.0152383
2026-05-12 17:40:16.369 10 INFO neutron.wsgi [req-369704d2-f521-4ba7-a942-5934247c23b2 req-74b08ee3-745b-4077-95fa-6e346705c08a 6cd02066cde549b9bc129cd7f5202d42 1063ade3b0734e68a26d547ebaeed01d - - default default] 10.0.0.81 "GET /v2.0/security-groups/4d099862-91ae-4bc8-8ea1-23d7d2af06df HTTP/1.1" status: 200 len: 1881 time: 0.0361869
2026-05-12 17:40:16.427 9 INFO neutron.wsgi [req-bf05c905-89c8-4f41-951e-049585607305 req-90d58152-bca3-400a-9ea9-25e7b27e8bcb c58de55891a847cbab69473178ed74b2 d46ba9a6242047138407866eb765bf52 - - default default] 199.19.213.15 "DELETE /v2.0/ports/7c8714a1-978a-4039-b0b9-710970d8a972 HTTP/1.1" status: 204 len: 173 time: 0.5649424
2026-05-12 17:40:16.436 9 INFO neutron.wsgi [None req-0a6f2bd9-970c-4039-a67b-76b49e852b9f 6b4c5e6b20194522ae8751eb8146da01 5499d54aec2e45edb63bc49eb8e062a4 - - default default] 10.0.0.10 "GET /v2.0/security-groups?tenant_id=097ccd3c7c9c43b09dd01161672a59ca&name=default HTTP/1.1" status: 200 len: 3116 time: 0.2725449
2026-05-12 17:40:16.467 9 INFO neutron.notifiers.nova [-] Nova event matching ['req-b27175cd-5e96-4fc1-b5dc-0409e724c15d'] response: {'server_uuid': '3b7ee29e-0344-4d1f-9613-67f6bbd0d0f6', 'name': 'network-vif-deleted', 'tag': '7c8714a1-978a-4039-b0b9-710970d8a972', 'status': 'completed', 'code': 200}
2026-05-12 17:40:16.505 10 INFO neutron.wsgi [req-369704d2-f521-4ba7-a942-5934247c23b2 req-b8d4fb65-344c-4ea0-9ff2-7fab715106b8 6cd02066cde549b9bc129cd7f5202d42 1063ade3b0734e68a26d547ebaeed01d - - default default] 10.0.0.81 "DELETE /v2.0/security-groups/4d099862-91ae-4bc8-8ea1-23d7d2af06df HTTP/1.1" status: 204 len: 173 time: 0.1268673
2026-05-12 17:40:16.538 10 INFO neutron.api.v2.resource [req-ec440b2f-665d-46b0-833e-687c7fe3b086 req-569da374-7e64-46a4-a96d-a0a57802b8f4 6cd02066cde549b9bc129cd7f5202d42 1063ade3b0734e68a26d547ebaeed01d - - default default] show failed (client error): The resource could not be found.
2026-05-12 17:40:16.541 10 INFO neutron.wsgi [req-ec440b2f-665d-46b0-833e-687c7fe3b086 req-569da374-7e64-46a4-a96d-a0a57802b8f4 6cd02066cde549b9bc129cd7f5202d42 1063ade3b0734e68a26d547ebaeed01d - - default default] 10.0.0.81 "GET /v2.0/security-groups/4d099862-91ae-4bc8-8ea1-23d7d2af06df HTTP/1.1" status: 404 len: 352 time: 0.0160089
2026-05-12 17:40:16.616 10 INFO neutron.wsgi [req-e9d08f3a-fc5b-4811-b356-ced08b88c85c req-1dc785de-41c4-472c-9440-b9ec3f8d1a2b 6cd02066cde549b9bc129cd7f5202d42 1063ade3b0734e68a26d547ebaeed01d - - default default] 10.0.0.81 "GET /v2.0/security-groups?tenant_id=1063ade3b0734e68a26d547ebaeed01d HTTP/1.1" status: 200 len: 3125 time: 0.0542161
2026-05-12 17:40:16.629 10 INFO neutron.wsgi [req-6914a110-2b3a-4d0e-a6a3-e2955d763a59 req-a12a2be2-4418-4c5f-a232-a0148e065963 c58de55891a847cbab69473178ed74b2 d46ba9a6242047138407866eb765bf52 - - default default] 10.0.0.81 "GET /v2.0/ports?device_id=3b7ee29e-0344-4d1f-9613-67f6bbd0d0f6 HTTP/1.1" status: 200 len: 210 time: 0.0232990
2026-05-12 17:40:16.654 10 INFO neutron.wsgi [req-e9d08f3a-fc5b-4811-b356-ced08b88c85c req-b9b4796d-f93c-4f2a-80e5-9704fe172e42 6cd02066cde549b9bc129cd7f5202d42 1063ade3b0734e68a26d547ebaeed01d - - default default] 10.0.0.81 "GET /v2.0/security-groups/7da4aa96-485d-4d1d-8ae2-31692c89e5dd HTTP/1.1" status: 200 len: 3122 time: 0.0281234
2026-05-12 17:40:16.685 9 INFO neutron.wsgi [None req-61b4e1e9-125d-418f-92cf-66d9e81f4f70 6b4c5e6b20194522ae8751eb8146da01 5499d54aec2e45edb63bc49eb8e062a4 - - default default] 10.0.0.10 "DELETE /v2.0/security-groups/bef13f97-d8c6-48ad-bbc4-981a118beb32 HTTP/1.1" status: 204 len: 168 time: 0.2425945
2026-05-12 17:40:16.690 10 INFO neutron.wsgi [req-e9d08f3a-fc5b-4811-b356-ced08b88c85c req-83b7979d-035e-4a68-bb9b-0be191d17996 6cd02066cde549b9bc129cd7f5202d42 1063ade3b0734e68a26d547ebaeed01d - - default default] 10.0.0.81 "GET /v2.0/security-groups/7da4aa96-485d-4d1d-8ae2-31692c89e5dd HTTP/1.1" status: 200 len: 3122 time: 0.0270364
2026-05-12 17:40:16.725 10 INFO neutron.api.v2.resource [req-ac543d39-41dd-434b-b89d-fefa6258290c req-a312202f-12e9-4350-9214-9a59a45f19de 6cd02066cde549b9bc129cd7f5202d42 1063ade3b0734e68a26d547ebaeed01d - - default default] show failed (client error): The resource could not be found.
2026-05-12 17:40:16.726 10 INFO neutron.wsgi [req-ac543d39-41dd-434b-b89d-fefa6258290c req-a312202f-12e9-4350-9214-9a59a45f19de 6cd02066cde549b9bc129cd7f5202d42 1063ade3b0734e68a26d547ebaeed01d - - default default] 10.0.0.81 "GET /v2.0/security-groups/4d099862-91ae-4bc8-8ea1-23d7d2af06df HTTP/1.1" status: 404 len: 352 time: 0.0099306
2026-05-12 17:40:16.754 10 INFO neutron.api.v2.resource [req-6cd678ce-14f8-4498-921c-549eb902516a req-82366d0d-b0c0-40ff-a6f1-31de927ba957 6cd02066cde549b9bc129cd7f5202d42 1063ade3b0734e68a26d547ebaeed01d - - default default] show failed (client error): The resource could not be found.
2026-05-12 17:40:16.755 10 INFO neutron.wsgi [req-6cd678ce-14f8-4498-921c-549eb902516a req-82366d0d-b0c0-40ff-a6f1-31de927ba957 6cd02066cde549b9bc129cd7f5202d42 1063ade3b0734e68a26d547ebaeed01d - - default default] 10.0.0.81 "GET /v2.0/security-groups/46fd90e5-beba-4a93-892d-c837ac8cd1cd HTTP/1.1" status: 404 len: 352 time: 0.0095387
2026-05-12 17:40:16.784 10 INFO neutron.api.v2.resource [req-513ad71b-9e6e-45f4-b156-18e80a574b54 req-258d7f26-135e-4957-bbb0-87a6a4ebac87 6cd02066cde549b9bc129cd7f5202d42 1063ade3b0734e68a26d547ebaeed01d - - default default] show failed (client error): The resource could not be found.
2026-05-12 17:40:16.785 10 INFO neutron.wsgi [req-513ad71b-9e6e-45f4-b156-18e80a574b54 req-258d7f26-135e-4957-bbb0-87a6a4ebac87 6cd02066cde549b9bc129cd7f5202d42 1063ade3b0734e68a26d547ebaeed01d - - default default] 10.0.0.81 "GET /v2.0/security-groups/1cfe2753-a856-4fcc-b7f9-1130f78f72f3 HTTP/1.1" status: 404 len: 352 time: 0.0092754
2026-05-12 17:40:18.426 10 INFO neutron.wsgi [None req-98ccf8f8-df8e-4670-a219-56211f7aade6 6b4c5e6b20194522ae8751eb8146da01 5499d54aec2e45edb63bc49eb8e062a4 - - default default] 10.0.0.10 "PUT /v2.0/routers/5d906112-cdf8-4558-8291-88d2ebe941b0/remove_router_interface HTTP/1.1" status: 200 len: 503 time: 1.6315866
2026-05-12 17:40:18.759 9 INFO neutron.db.ovn_revision_numbers_db [None req-dab12caf-1f1e-4125-8ca6-9ef13b3a83eb 6b4c5e6b20194522ae8751eb8146da01 5499d54aec2e45edb63bc49eb8e062a4 - - default default] Successfully bumped revision number for resource 63ff2b40-4613-4e4d-9a9b-457510f1b1a9 (type: security_groups) to 1
2026-05-12 17:40:18.772 9 INFO neutron.db.ovn_revision_numbers_db [None req-dab12caf-1f1e-4125-8ca6-9ef13b3a83eb 6b4c5e6b20194522ae8751eb8146da01 5499d54aec2e45edb63bc49eb8e062a4 - - default default] Successfully bumped revision number for resource 528ade45-e3ea-411e-8080-03c6dcab1acd (type: security_group_rules) to 0
2026-05-12 17:40:18.790 9 INFO neutron.db.ovn_revision_numbers_db [None req-dab12caf-1f1e-4125-8ca6-9ef13b3a83eb 6b4c5e6b20194522ae8751eb8146da01 5499d54aec2e45edb63bc49eb8e062a4 - - default default] Successfully bumped revision number for resource 881ad6fd-29c7-4707-a02b-2daa10a1b2a9 (type: security_group_rules) to 0
2026-05-12 17:40:18.823 9 INFO neutron.db.ovn_revision_numbers_db [None req-dab12caf-1f1e-4125-8ca6-9ef13b3a83eb 6b4c5e6b20194522ae8751eb8146da01 5499d54aec2e45edb63bc49eb8e062a4 - - default default] Successfully bumped revision number for resource aa54b30f-f373-409a-9d35-17f708386746 (type: security_group_rules) to 0
2026-05-12 17:40:18.843 9 INFO neutron.db.ovn_revision_numbers_db [None req-dab12caf-1f1e-4125-8ca6-9ef13b3a83eb 6b4c5e6b20194522ae8751eb8146da01 5499d54aec2e45edb63bc49eb8e062a4 - - default default] Successfully bumped revision number for resource b78b30e3-eccf-45a4-946a-283bb2b3650b (type: security_group_rules) to 0
2026-05-12 17:40:18.923 9 INFO neutron.db.segments_db [None req-dab12caf-1f1e-4125-8ca6-9ef13b3a83eb 6b4c5e6b20194522ae8751eb8146da01 5499d54aec2e45edb63bc49eb8e062a4 - - default default] Added segment c5aab522-a8c5-4b68-b1e4-00bc5a293722 of type geneve for network 6ba9bf9b-56c9-4885-9d61-9bdc4544c371
2026-05-12 17:40:19.104 9 INFO neutron.db.ovn_revision_numbers_db [None req-dab12caf-1f1e-4125-8ca6-9ef13b3a83eb 6b4c5e6b20194522ae8751eb8146da01 5499d54aec2e45edb63bc49eb8e062a4 - - default default] Successfully bumped revision number for resource 6ba9bf9b-56c9-4885-9d61-9bdc4544c371 (type: networks) to 1
2026-05-12 17:40:19.302 10 INFO neutron.wsgi [None req-84af6299-5405-4261-ae9d-d4f3beddb2d9 6b4c5e6b20194522ae8751eb8146da01 5499d54aec2e45edb63bc49eb8e062a4 - - default default] 10.0.0.10 "PUT /v2.0/routers/e95b5db3-92f4-4f8d-8bb3-c8906e3439fa/remove_router_interface HTTP/1.1" status: 200 len: 503 time: 1.6141551 /var/lib/openstack/lib/python3.10/site-packages/pycadf/identifier.py:71: UserWarning: Invalid uuid: neutron. To ensure interoperability, identifiers should be a valid uuid. warnings.warn(('Invalid uuid: %s. To ensure interoperability, '
2026-05-12 17:40:19.398 9 WARNING neutron.scheduler.dhcp_agent_scheduler [None req-dab12caf-1f1e-4125-8ca6-9ef13b3a83eb 6b4c5e6b20194522ae8751eb8146da01 5499d54aec2e45edb63bc49eb8e062a4 - - default default] No more DHCP agents
2026-05-12 17:40:19.402 9 WARNING neutron.api.rpc.agentnotifiers.dhcp_rpc_agent_api [None req-dab12caf-1f1e-4125-8ca6-9ef13b3a83eb 6b4c5e6b20194522ae8751eb8146da01 5499d54aec2e45edb63bc49eb8e062a4 - - default default] Unable to schedule network 6ba9bf9b-56c9-4885-9d61-9bdc4544c371: no agents available; will retry on subsequent port and subnet creation events.
2026-05-12 17:40:19.476 9 INFO neutron.wsgi [None req-78ecb1ec-5cde-419e-a01a-5297089f901d 6b4c5e6b20194522ae8751eb8146da01 5499d54aec2e45edb63bc49eb8e062a4 - - default default] 10.0.0.10 "DELETE /v2.0/routers/5d906112-cdf8-4558-8291-88d2ebe941b0 HTTP/1.1" status: 204 len: 168 time: 1.0434430
2026-05-12 17:40:19.543 9 INFO neutron.db.ovn_revision_numbers_db [None req-dab12caf-1f1e-4125-8ca6-9ef13b3a83eb 6b4c5e6b20194522ae8751eb8146da01 5499d54aec2e45edb63bc49eb8e062a4 - - default default] Successfully bumped revision number for resource ff8fe138-2909-4aef-8db4-83d4441fb342 (type: ports) to 1
2026-05-12 17:40:19.564 9 INFO neutron.wsgi [None req-dab12caf-1f1e-4125-8ca6-9ef13b3a83eb 6b4c5e6b20194522ae8751eb8146da01 5499d54aec2e45edb63bc49eb8e062a4 - - default default] 10.0.0.10 "POST /v2.0/networks HTTP/1.1" status: 201 len: 946 time: 1.1589746
2026-05-12 17:40:19.692 10 WARNING neutron.plugins.ml2.drivers.ovn.mech_driver.ovsdb.ovn_client [None req-0cea73f1-d282-4d2c-8653-bd03774ee440 - - - - - -] No port found with ID 5d2a82c5-a068-4e48-8161-bf62a3d6016d: RuntimeError: No port found with ID 5d2a82c5-a068-4e48-8161-bf62a3d6016d
2026-05-12 17:40:19.692 10 INFO neutron.plugins.ml2.drivers.ovn.mech_driver.mech_driver [None req-0cea73f1-d282-4d2c-8653-bd03774ee440 - - - - - -] OVN reports status down for port: 7c8714a1-978a-4039-b0b9-710970d8a972
2026-05-12 17:40:19.715 9 WARNING neutron.scheduler.dhcp_agent_scheduler [None req-7d0cba63-461f-404c-8d78-02c90c1b2e2e 6b4c5e6b20194522ae8751eb8146da01 5499d54aec2e45edb63bc49eb8e062a4 - - default default] No more DHCP agents
2026-05-12 17:40:19.718 9 WARNING neutron.api.rpc.agentnotifiers.dhcp_rpc_agent_api [None req-7d0cba63-461f-404c-8d78-02c90c1b2e2e 6b4c5e6b20194522ae8751eb8146da01 5499d54aec2e45edb63bc49eb8e062a4 - - default default] Unable to schedule network 6ba9bf9b-56c9-4885-9d61-9bdc4544c371: no agents available; will retry on subsequent port and subnet creation events.
2026-05-12 17:40:19.761 10 INFO neutron.wsgi [None req-fe2eb6d4-51d9-4e7f-b97e-8649e91a5795 6b4c5e6b20194522ae8751eb8146da01 5499d54aec2e45edb63bc49eb8e062a4 - - default default] 10.0.0.10 "DELETE /v2.0/subnets/e6f90695-f309-4a46-8bd4-4792ca831679 HTTP/1.1" status: 204 len: 168 time: 0.2785740
2026-05-12 17:40:20.207 9 INFO neutron.db.ovn_revision_numbers_db [None req-7d0cba63-461f-404c-8d78-02c90c1b2e2e 6b4c5e6b20194522ae8751eb8146da01 5499d54aec2e45edb63bc49eb8e062a4 - - default default] Successfully bumped revision number for resource ff8fe138-2909-4aef-8db4-83d4441fb342 (type: ports) to 2
2026-05-12 17:40:20.243 9 INFO neutron.db.ovn_revision_numbers_db [None req-7d0cba63-461f-404c-8d78-02c90c1b2e2e 6b4c5e6b20194522ae8751eb8146da01 5499d54aec2e45edb63bc49eb8e062a4 - - default default] Successfully bumped revision number for resource 4031a40d-88ed-4c4d-9659-9adb307e06d2 (type: subnets) to 0
2026-05-12 17:40:20.259 9 INFO neutron.wsgi [None req-7d0cba63-461f-404c-8d78-02c90c1b2e2e 6b4c5e6b20194522ae8751eb8146da01 5499d54aec2e45edb63bc49eb8e062a4 - - default default] 10.0.0.10 "POST /v2.0/subnets HTTP/1.1" status: 201 len: 866 time: 0.6899970
2026-05-12 17:40:20.404 10 INFO neutron.wsgi [None req-e823b839-b3a0-49e3-bdb9-882ef9a8db84 6b4c5e6b20194522ae8751eb8146da01 5499d54aec2e45edb63bc49eb8e062a4 - - default default] 10.0.0.10 "DELETE /v2.0/routers/e95b5db3-92f4-4f8d-8bb3-c8906e3439fa HTTP/1.1" status: 204 len: 168 time: 1.0957568
2026-05-12 17:40:20.425 10 INFO neutron.wsgi [None req-7516dbc9-9af5-4fda-b221-eb46857b974b 6b4c5e6b20194522ae8751eb8146da01 5499d54aec2e45edb63bc49eb8e062a4 - - default default] 10.0.0.10 "DELETE /v2.0/networks/39cfd495-deb0-4a33-8ace-650b4babdfed HTTP/1.1" status: 204 len: 168 time: 0.6562688
2026-05-12 17:40:20.574 10 INFO neutron.wsgi [None req-baf1b59d-91c4-467f-b8bc-ecea977a88fc 6b4c5e6b20194522ae8751eb8146da01 5499d54aec2e45edb63bc49eb8e062a4 - - default default] 10.0.0.10 "GET /v2.0/security-groups?tenant_id=1063ade3b0734e68a26d547ebaeed01d&name=default HTTP/1.1" status: 200 len: 3120 time: 0.0438800
2026-05-12 17:40:20.678 9 INFO neutron.wsgi [None req-d17ea2fc-213f-40be-b02e-f4f467dfba9f 6b4c5e6b20194522ae8751eb8146da01 5499d54aec2e45edb63bc49eb8e062a4 - - default default] 10.0.0.10 "DELETE /v2.0/subnets/15e83b84-4426-45e6-a227-a56e322d1951 HTTP/1.1" status: 204 len: 168 time: 0.2687507
2026-05-12 17:40:20.832 10 INFO neutron.wsgi [None req-26ab4537-2505-4935-9a5c-2d17c7a49d59 6b4c5e6b20194522ae8751eb8146da01 5499d54aec2e45edb63bc49eb8e062a4 - - default default] 10.0.0.10 "DELETE /v2.0/security-groups/7da4aa96-485d-4d1d-8ae2-31692c89e5dd HTTP/1.1" status: 204 len: 168 time: 0.2544551
2026-05-12 17:40:20.842 9 WARNING neutron.scheduler.dhcp_agent_scheduler [None req-c4dd7f98-1be2-4830-8263-bee78c81e54b 6b4c5e6b20194522ae8751eb8146da01 5499d54aec2e45edb63bc49eb8e062a4 - - default default] No more DHCP agents
2026-05-12 17:40:20.845 9 WARNING neutron.api.rpc.agentnotifiers.dhcp_rpc_agent_api [None req-c4dd7f98-1be2-4830-8263-bee78c81e54b 6b4c5e6b20194522ae8751eb8146da01 5499d54aec2e45edb63bc49eb8e062a4 - - default default] Unable to schedule network 59ab5d54-7f78-4e46-af26-62d646e192f9: no agents available; will retry on subsequent port and subnet creation events.
2026-05-12 17:40:20.886 10 INFO neutron.services.segments.plugin [-] Segment 37cc1a47-edaa-4a50-b024-432c7097acce resource provider aggregate not found
2026-05-12 17:40:20.901 10 INFO neutron.services.segments.plugin [-] Segment 37cc1a47-edaa-4a50-b024-432c7097acce resource provider not found; error: Placement Client Error (4xx): {"errors": [{"status": 404, "title": "Not Found", "detail": "The resource could not be found.\n\n No resource provider with uuid 37cc1a47-edaa-4a50-b024-432c7097acce found for delete ", "request_id": "req-43a5d3d9-5e2b-4fe8-a67d-7e350cc8cc0d"}]}
2026-05-12 17:40:20.914 10 INFO neutron.wsgi [req-d259fafa-883f-4947-91ba-6f66c2e21065 req-61ea4b7d-2f3e-4f86-a0d8-b52fb6f6cf7e d29ffc22dbc548029f6f538cdace1a2f 32d37bd481b44e8f81bf2236fdaee27f - - b1dd350c040745ada743c8d896724cf9 b1dd350c040745ada743c8d896724cf9] 10.0.0.98 "GET /v2.0/ports?device_id=cdb7652c-50cc-49b3-9503-c3494bfedc73 HTTP/1.1" status: 200 len: 1413 time: 0.1246655
2026-05-12 17:40:20.916 10 INFO neutron.services.segments.plugin [-] Segment 37cc1a47-edaa-4a50-b024-432c7097acce resource provider aggregate not found
2026-05-12 17:40:20.941 10 INFO neutron.services.segments.plugin [-] Segment 37cc1a47-edaa-4a50-b024-432c7097acce resource provider not found; error: Placement Client Error (4xx): {"errors": [{"status": 404, "title": "Not Found", "detail": "The resource could not be found.\n\n No resource provider with uuid 37cc1a47-edaa-4a50-b024-432c7097acce found for delete ", "request_id": "req-f24e9077-c2d1-4cc5-8d5c-b0969bb684df"}]}
2026-05-12 17:40:21.017 9 INFO neutron.db.ovn_revision_numbers_db [None req-c4dd7f98-1be2-4830-8263-bee78c81e54b 6b4c5e6b20194522ae8751eb8146da01 5499d54aec2e45edb63bc49eb8e062a4 - - default default] Successfully bumped revision number for resource 2551e7f0-41a0-4b75-bde2-935ca5cbc30b (type: ports) to 1
2026-05-12 17:40:21.148 10 INFO neutron.wsgi [req-d259fafa-883f-4947-91ba-6f66c2e21065 req-4118af26-a9ee-4ca9-b533-7bd8198ee0f5 d29ffc22dbc548029f6f538cdace1a2f 32d37bd481b44e8f81bf2236fdaee27f - - b1dd350c040745ada743c8d896724cf9 b1dd350c040745ada743c8d896724cf9] 10.0.0.98 "GET /v2.0/security-groups?id=124c5ef9-63b5-42bd-80cb-d407c2f1deb4&fields=id&fields=name HTTP/1.1" status: 200 len: 313 time: 0.2267041
2026-05-12 17:40:21.345 10 INFO neutron.wsgi [None req-71cfb336-4c15-4c6c-819d-7195604a0ece 6b4c5e6b20194522ae8751eb8146da01 5499d54aec2e45edb63bc49eb8e062a4 - - default default] 10.0.0.10 "DELETE /v2.0/networks/884bd596-93bc-4d84-944d-3965d1832013 HTTP/1.1" status: 204 len: 168 time: 0.6601024
2026-05-12 17:40:21.517 10 INFO neutron.wsgi [None req-637a2b9c-9624-4d09-b41d-bb51a75e4afa 6b4c5e6b20194522ae8751eb8146da01 5499d54aec2e45edb63bc49eb8e062a4 - - default default] 10.0.0.10 "GET /v2.0/security-groups?tenant_id=d46ba9a6242047138407866eb765bf52&name=default HTTP/1.1" status: 200 len: 3116 time: 0.0717177
2026-05-12 17:40:21.743 10 INFO neutron.wsgi [None req-27bfa17a-0518-4011-a20b-d24103cf6032 6b4c5e6b20194522ae8751eb8146da01 5499d54aec2e45edb63bc49eb8e062a4 - - default default] 10.0.0.10 "DELETE /v2.0/security-groups/a53f741c-6887-4c64-bd08-6e3646cda028 HTTP/1.1" status: 204 len: 168 time: 0.2223105
2026-05-12 17:40:21.886 9 INFO neutron.plugins.ml2.drivers.ovn.mech_driver.ovsdb.commands [None req-dfe34a36-2c12-4f70-8e62-8dfca3f7aac7 - - - - - -] Schedule LRP lrp-2551e7f0-41a0-4b75-bde2-935ca5cbc30b on gateway 21476915-6c2b-4155-a04d-480e22b4ea5e with priority 1
2026-05-12 17:40:21.898 10 INFO neutron.plugins.ml2.drivers.ovn.mech_driver.mech_driver [None req-0cea73f1-d282-4d2c-8653-bd03774ee440 - - - - - -] OVN reports status up for port: 2551e7f0-41a0-4b75-bde2-935ca5cbc30b
2026-05-12 17:40:21.907 10 INFO neutron.plugins.ml2.plugin [None req-0cea73f1-d282-4d2c-8653-bd03774ee440 - - - - - -] Attempt 1 to provision port 2551e7f0-41a0-4b75-bde2-935ca5cbc30b
2026-05-12 17:40:21.911 10 INFO neutron.plugins.ml2.drivers.ovn.mech_driver.ovsdb.ovsdb_monitor [None req-a9d70b9a-9131-4b65-8042-9bb14e604c6a - - - - - -] Router 7824a5b1-48b0-4ef8-ad0f-969aabcc2b7d is bound to host instance
2026-05-12 17:40:21.922 9 INFO neutron.db.ovn_revision_numbers_db [None req-c4dd7f98-1be2-4830-8263-bee78c81e54b 6b4c5e6b20194522ae8751eb8146da01 5499d54aec2e45edb63bc49eb8e062a4 - - default default] Successfully bumped revision number for resource 2551e7f0-41a0-4b75-bde2-935ca5cbc30b (type: router_ports) to 1
2026-05-12 17:40:22.016 9 INFO neutron.db.ovn_revision_numbers_db [None req-c4dd7f98-1be2-4830-8263-bee78c81e54b 6b4c5e6b20194522ae8751eb8146da01 5499d54aec2e45edb63bc49eb8e062a4 - - default default] Successfully bumped revision number for resource 7824a5b1-48b0-4ef8-ad0f-969aabcc2b7d (type: routers) to 2
2026-05-12 17:40:22.034 9 INFO neutron.wsgi [None req-c4dd7f98-1be2-4830-8263-bee78c81e54b 6b4c5e6b20194522ae8751eb8146da01 5499d54aec2e45edb63bc49eb8e062a4 - - default default] 10.0.0.10 "POST /v2.0/routers HTTP/1.1" status: 201 len: 1168 time: 1.7697201
2026-05-12 17:40:22.713 10 WARNING neutron.scheduler.dhcp_agent_scheduler [None req-2b0bf5d1-a249-43e9-bda6-ca8ad06491c6 6b4c5e6b20194522ae8751eb8146da01 5499d54aec2e45edb63bc49eb8e062a4 - - default default] No more DHCP agents
2026-05-12 17:40:22.717 10 WARNING neutron.api.rpc.agentnotifiers.dhcp_rpc_agent_api [None req-2b0bf5d1-a249-43e9-bda6-ca8ad06491c6 6b4c5e6b20194522ae8751eb8146da01 5499d54aec2e45edb63bc49eb8e062a4 - - default default] Unable to schedule network 6ba9bf9b-56c9-4885-9d61-9bdc4544c371: no agents available; will retry on subsequent port and subnet creation events.
2026-05-12 17:40:22.860 10 INFO neutron.db.ovn_revision_numbers_db [None req-a9d70b9a-9131-4b65-8042-9bb14e604c6a - - - - - -] Successfully bumped revision number for resource 2551e7f0-41a0-4b75-bde2-935ca5cbc30b (type: ports) to 1
2026-05-12 17:40:22.921 10 INFO neutron.services.segments.plugin [-] Segment a1cd7d7d-4039-4d3a-aa14-cd412baf24f0 resource provider aggregate not found
2026-05-12 17:40:22.941 10 INFO neutron.services.segments.plugin [-] Segment a1cd7d7d-4039-4d3a-aa14-cd412baf24f0 resource provider not found; error: Placement Client Error (4xx): {"errors": [{"status": 404, "title": "Not Found", "detail": "The resource could not be found.\n\n No resource provider with uuid a1cd7d7d-4039-4d3a-aa14-cd412baf24f0 found for delete ", "request_id": "req-db26b7f1-44d0-47e2-915b-6b843c30fa0e"}]}
2026-05-12 17:40:22.948 10 INFO neutron.db.ovn_revision_numbers_db [None req-2b0bf5d1-a249-43e9-bda6-ca8ad06491c6 6b4c5e6b20194522ae8751eb8146da01 5499d54aec2e45edb63bc49eb8e062a4 - - default default] Successfully bumped revision number for resource ef640db6-330b-4f25-8c51-2358c202d99d (type: ports) to 1
2026-05-12 17:40:22.961 10 INFO neutron.services.segments.plugin [-] Segment a1cd7d7d-4039-4d3a-aa14-cd412baf24f0 resource provider aggregate not found
2026-05-12 17:40:22.978 10 INFO neutron.services.segments.plugin [-] Segment a1cd7d7d-4039-4d3a-aa14-cd412baf24f0 resource provider not found; error: Placement Client Error (4xx): {"errors": [{"status": 404, "title": "Not Found", "detail": "The resource could not be found.\n\n No resource provider with uuid a1cd7d7d-4039-4d3a-aa14-cd412baf24f0 found for delete ", "request_id": "req-435b6ea9-7e37-4f7a-94b5-70cf7a125abc"}]}
2026-05-12 17:40:23.550 10 INFO neutron.db.ovn_revision_numbers_db [None req-a9d70b9a-9131-4b65-8042-9bb14e604c6a - - - - - -] Successfully bumped revision number for resource 2551e7f0-41a0-4b75-bde2-935ca5cbc30b (type: router_ports) to 3
2026-05-12 17:40:23.721 9 INFO neutron.wsgi [-] 10.0.0.184 "GET / HTTP/1.1" status: 200 len: 247 time: 0.0020716
2026-05-12 17:40:23.721 10 INFO neutron.wsgi [-] 10.0.0.184 "GET / HTTP/1.1" status: 200 len: 247 time: 0.0014319
2026-05-12 17:40:23.823 10 ERROR ovsdbapp.backend.ovs_idl.command [None req-2b0bf5d1-a249-43e9-bda6-ca8ad06491c6 6b4c5e6b20194522ae8751eb8146da01 5499d54aec2e45edb63bc49eb8e062a4 - - default default] Error executing command (DbGetCommand): ovsdbapp.backend.ovs_idl.idlutils.RowNotFound: Cannot find Logical_Router_Port with name=lrp-ef640db6-330b-4f25-8c51-2358c202d99d
2026-05-12 17:40:23.823 10 ERROR ovsdbapp.backend.ovs_idl.command
Traceback (most recent call last):
2026-05-12 17:40:23.823 10 ERROR ovsdbapp.backend.ovs_idl.command
File "/var/lib/openstack/lib/python3.10/site-packages/ovsdbapp/backend/ovs_idl/command.py", line 47, in execute
2026-05-12 17:40:23.823 10 ERROR ovsdbapp.backend.ovs_idl.command self.run_idl(None)
2026-05-12 17:40:23.823 10 ERROR ovsdbapp.backend.ovs_idl.command
File "/var/lib/openstack/lib/python3.10/site-packages/ovsdbapp/backend/ovs_idl/command.py", line 235, in run_idl
2026-05-12 17:40:23.823 10 ERROR ovsdbapp.backend.ovs_idl.command record = self.api.lookup(self.table, self.record)
2026-05-12 17:40:23.823 10 ERROR ovsdbapp.backend.ovs_idl.command
File "/var/lib/openstack/lib/python3.10/site-packages/ovsdbapp/backend/ovs_idl/__init__.py", line 184, in lookup
2026-05-12 17:40:23.823 10 ERROR ovsdbapp.backend.ovs_idl.command return self._lookup(table, record)
2026-05-12 17:40:23.823 10 ERROR ovsdbapp.backend.ovs_idl.command
File "/var/lib/openstack/lib/python3.10/site-packages/ovsdbapp/backend/ovs_idl/__init__.py", line 235, in _lookup
2026-05-12 17:40:23.823 10 ERROR ovsdbapp.backend.ovs_idl.command row = idlutils.row_by_value(self, rl.table, rl.column, record)
2026-05-12 17:40:23.823 10 ERROR ovsdbapp.backend.ovs_idl.command
File "/var/lib/openstack/lib/python3.10/site-packages/ovsdbapp/backend/ovs_idl/idlutils.py", line 114, in row_by_value
2026-05-12 17:40:23.823 10 ERROR ovsdbapp.backend.ovs_idl.command raise RowNotFound(table=table, col=column, match=match)
2026-05-12 17:40:23.823 10 ERROR ovsdbapp.backend.ovs_idl.command ovsdbapp.backend.ovs_idl.idlutils.RowNotFound: Cannot find Logical_Router_Port with name=lrp-ef640db6-330b-4f25-8c51-2358c202d99d
2026-05-12 17:40:23.823 10 ERROR ovsdbapp.backend.ovs_idl.command 
2026-05-12 17:40:23.824 10 ERROR neutron_lib.callbacks.manager [None req-2b0bf5d1-a249-43e9-bda6-ca8ad06491c6 6b4c5e6b20194522ae8751eb8146da01 5499d54aec2e45edb63bc49eb8e062a4 - - default default] Error during notification for neutron.services.ovn_l3.plugin.OVNL3RouterPlugin._port_update-8779838101231 port, after_update: ovsdbapp.backend.ovs_idl.idlutils.RowNotFound: Cannot find Logical_Router_Port with name=lrp-ef640db6-330b-4f25-8c51-2358c202d99d
2026-05-12 17:40:23.824 10 ERROR neutron_lib.callbacks.manager
Traceback (most recent call last):
2026-05-12 17:40:23.824 10 ERROR neutron_lib.callbacks.manager
File "/var/lib/openstack/lib/python3.10/site-packages/neutron_lib/callbacks/manager.py", line 189, in _notify_loop
2026-05-12 17:40:23.824 10 ERROR neutron_lib.callbacks.manager callback.method(resource, event, trigger, payload=payload)
2026-05-12 17:40:23.824 10 ERROR neutron_lib.callbacks.manager
File "/var/lib/openstack/lib/python3.10/site-packages/neutron/services/ovn_l3/plugin.py", line 391, in _port_update
2026-05-12 17:40:23.824 10 ERROR neutron_lib.callbacks.manager l3plugin._ovn_client.update_router_port(context,
2026-05-12 17:40:23.824 10 ERROR neutron_lib.callbacks.manager
File "/var/lib/openstack/lib/python3.10/site-packages/neutron/plugins/ml2/drivers/ovn/mech_driver/ovsdb/ovn_client.py", line 1878, in update_router_port
2026-05-12 17:40:23.824 10 ERROR neutron_lib.callbacks.manager self._update_lrouter_port(context, port, if_exists=if_exists,
2026-05-12 17:40:23.824 10 ERROR neutron_lib.callbacks.manager
File "/var/lib/openstack/lib/python3.10/site-packages/neutron/plugins/ml2/drivers/ovn/mech_driver/ovsdb/ovn_client.py", line 1855, in _update_lrouter_port
2026-05-12 17:40:23.824 10 ERROR neutron_lib.callbacks.manager external_ids = self._nb_idl.db_get(
2026-05-12 17:40:23.824 10 ERROR neutron_lib.callbacks.manager
File "/var/lib/openstack/lib/python3.10/site-packages/ovsdbapp/backend/ovs_idl/command.py", line 47, in execute
2026-05-12 17:40:23.824 10 ERROR neutron_lib.callbacks.manager self.run_idl(None)
2026-05-12 17:40:23.824 10 ERROR neutron_lib.callbacks.manager
File "/var/lib/openstack/lib/python3.10/site-packages/ovsdbapp/backend/ovs_idl/command.py", line 235, in run_idl
2026-05-12 17:40:23.824 10 ERROR neutron_lib.callbacks.manager record = self.api.lookup(self.table, self.record)
2026-05-12 17:40:23.824 10 ERROR neutron_lib.callbacks.manager
File "/var/lib/openstack/lib/python3.10/site-packages/ovsdbapp/backend/ovs_idl/__init__.py", line 184, in lookup
2026-05-12 17:40:23.824 10 ERROR neutron_lib.callbacks.manager return self._lookup(table, record)
2026-05-12 17:40:23.824 10 ERROR neutron_lib.callbacks.manager
File "/var/lib/openstack/lib/python3.10/site-packages/ovsdbapp/backend/ovs_idl/__init__.py", line 235, in _lookup
2026-05-12 17:40:23.824 10 ERROR neutron_lib.callbacks.manager row = idlutils.row_by_value(self, rl.table, rl.column, record)
2026-05-12 17:40:23.824 10 ERROR neutron_lib.callbacks.manager
File "/var/lib/openstack/lib/python3.10/site-packages/ovsdbapp/backend/ovs_idl/idlutils.py", line 114, in row_by_value
2026-05-12 17:40:23.824 10 ERROR neutron_lib.callbacks.manager raise RowNotFound(table=table, col=column, match=match)
2026-05-12 17:40:23.824 10 ERROR neutron_lib.callbacks.manager ovsdbapp.backend.ovs_idl.idlutils.RowNotFound: Cannot find Logical_Router_Port with name=lrp-ef640db6-330b-4f25-8c51-2358c202d99d
2026-05-12 17:40:23.824 10 ERROR neutron_lib.callbacks.manager 
2026-05-12 17:40:23.900 10 INFO neutron.db.ovn_revision_numbers_db [None req-a9d70b9a-9131-4b65-8042-9bb14e604c6a - - - - - -] Successfully bumped revision number for resource 2551e7f0-41a0-4b75-bde2-935ca5cbc30b (type: ports) to 2
2026-05-12 17:40:24.067 9 INFO neutron.db.ovn_revision_numbers_db [None req-eea8cc4e-9766-4586-bf31-78511cdce143 6b4c5e6b20194522ae8751eb8146da01 5499d54aec2e45edb63bc49eb8e062a4 - - default default] Successfully bumped revision number for resource 6926146f-8594-41b3-ac7d-f6cdcd1eafb9 (type: security_groups) to 1
2026-05-12 17:40:24.093 9 INFO neutron.db.ovn_revision_numbers_db [None req-eea8cc4e-9766-4586-bf31-78511cdce143 6b4c5e6b20194522ae8751eb8146da01 5499d54aec2e45edb63bc49eb8e062a4 - - default default] Successfully bumped revision number for resource 09606faa-3929-41ab-88fc-cdf6f6af2192 (type: security_group_rules) to 0
2026-05-12 17:40:24.111 9 INFO neutron.db.ovn_revision_numbers_db [None req-eea8cc4e-9766-4586-bf31-78511cdce143 6b4c5e6b20194522ae8751eb8146da01 5499d54aec2e45edb63bc49eb8e062a4 - - default default] Successfully bumped revision number for resource 247adb09-02e9-4f02-8770-715c8cd0aad3 (type: security_group_rules) to 0
2026-05-12 17:40:24.123 9 INFO neutron.db.ovn_revision_numbers_db [None req-eea8cc4e-9766-4586-bf31-78511cdce143 6b4c5e6b20194522ae8751eb8146da01 5499d54aec2e45edb63bc49eb8e062a4 - - default default] Successfully bumped revision number for resource b4bdc897-2590-42d8-8c59-b0833e76376e (type: security_group_rules) to 0
2026-05-12 17:40:24.139 10 INFO neutron.db.ovn_revision_numbers_db [None req-2b0bf5d1-a249-43e9-bda6-ca8ad06491c6 6b4c5e6b20194522ae8751eb8146da01 5499d54aec2e45edb63bc49eb8e062a4 - - default default] Successfully bumped revision number for resource ef640db6-330b-4f25-8c51-2358c202d99d (type: ports) to 1
2026-05-12 17:40:24.139 9 INFO neutron.db.ovn_revision_numbers_db [None req-eea8cc4e-9766-4586-bf31-78511cdce143 6b4c5e6b20194522ae8751eb8146da01 5499d54aec2e45edb63bc49eb8e062a4 - - default default] Successfully bumped revision number for resource f193e228-621a-4317-8d5d-e2ace99ed040 (type: security_group_rules) to 0
2026-05-12 17:40:24.170 9 INFO neutron.wsgi [None req-eea8cc4e-9766-4586-bf31-78511cdce143 6b4c5e6b20194522ae8751eb8146da01 5499d54aec2e45edb63bc49eb8e062a4 - - default default] 10.0.0.10 "GET /v2.0/security-groups?tenant_id=35f666abf22f4a55b146cae8bd021999&name=default HTTP/1.1" status: 200 len: 3120 time: 0.4094954
2026-05-12 17:40:24.239 10 WARNING neutron.scheduler.dhcp_agent_scheduler [None req-2b0bf5d1-a249-43e9-bda6-ca8ad06491c6 6b4c5e6b20194522ae8751eb8146da01 5499d54aec2e45edb63bc49eb8e062a4 - - default default] No more DHCP agents
2026-05-12 17:40:24.241 10 WARNING neutron.api.rpc.agentnotifiers.dhcp_rpc_agent_api [None req-2b0bf5d1-a249-43e9-bda6-ca8ad06491c6 6b4c5e6b20194522ae8751eb8146da01 5499d54aec2e45edb63bc49eb8e062a4 - - default default] Unable to schedule network 6ba9bf9b-56c9-4885-9d61-9bdc4544c371: no agents available; will retry on subsequent port and subnet creation events.
2026-05-12 17:40:24.462 10 INFO neutron.db.ovn_revision_numbers_db [None req-a9d70b9a-9131-4b65-8042-9bb14e604c6a - - - - - -] Successfully bumped revision number for resource 2551e7f0-41a0-4b75-bde2-935ca5cbc30b (type: ports) to 4
2026-05-12 17:40:24.468 9 INFO neutron.wsgi [None req-3a7eedeb-d61b-4ffa-bafb-2f2aeaa380ab 6b4c5e6b20194522ae8751eb8146da01 5499d54aec2e45edb63bc49eb8e062a4 - - default default] 10.0.0.10 "DELETE /v2.0/security-groups/6926146f-8594-41b3-ac7d-f6cdcd1eafb9 HTTP/1.1" status: 204 len: 168 time: 0.2863238
2026-05-12 17:40:24.789 10 INFO neutron.plugins.ml2.drivers.ovn.mech_driver.mech_driver [None req-0cea73f1-d282-4d2c-8653-bd03774ee440 - - - - - -] OVN reports status up for port: ef640db6-330b-4f25-8c51-2358c202d99d
2026-05-12 17:40:24.806 10 INFO neutron.plugins.ml2.plugin [None req-0cea73f1-d282-4d2c-8653-bd03774ee440 - - - - - -] Attempt 1 to provision port ef640db6-330b-4f25-8c51-2358c202d99d
2026-05-12 17:40:24.812 10 INFO neutron.wsgi [req-7513f241-385d-49a2-b383-54d324e433b9 req-b48cdb6d-e718-4df0-9bd9-f889bfde42c9 9860d5a0fdf24fe9ae6fda51309a6b8f b237a6657fb548eda9120838e6270423 - - default default] 10.0.0.81 "GET /v2.0/ports?device_id=cdb7652c-50cc-49b3-9503-c3494bfedc73 HTTP/1.1" status: 200 len: 1174 time: 0.3901434
2026-05-12 17:40:24.959 10 INFO neutron.wsgi [req-f6fe005f-7e19-4b24-b2ff-06c1ae1be046 req-0998a067-2982-4f85-862b-aaa1f8b6c455 9860d5a0fdf24fe9ae6fda51309a6b8f b237a6657fb548eda9120838e6270423 - - default default] 10.0.0.81 "GET /v2.0/ports/0185f7c1-af92-4996-9036-a74a584d6676 HTTP/1.1" status: 200 len: 1171 time: 0.0871663
2026-05-12 17:40:25.208 9 INFO neutron.wsgi [req-b100db00-e266-4708-87ea-a91374c7e1dc req-aec8ea9e-19f6-4d2f-89da-dbd5c132d131 9860d5a0fdf24fe9ae6fda51309a6b8f b237a6657fb548eda9120838e6270423 - - default default] 199.19.213.15 "GET /v2.0/subnets?network_id=46eb05d5-56b1-4a7d-999d-43c21d074b0a HTTP/1.1" status: 200 len: 858 time: 0.0561242
2026-05-12 17:40:25.230 10 INFO neutron.db.ovn_revision_numbers_db [None req-a9d70b9a-9131-4b65-8042-9bb14e604c6a - - - - - -] Successfully bumped revision number for resource 2551e7f0-41a0-4b75-bde2-935ca5cbc30b (type: router_ports) to 4
2026-05-12 17:40:25.324 9 INFO neutron.wsgi [req-b100db00-e266-4708-87ea-a91374c7e1dc req-d567ade1-d6ba-40e2-813b-e3402e1abc57 9860d5a0fdf24fe9ae6fda51309a6b8f b237a6657fb548eda9120838e6270423 - - default default] 199.19.213.15 "GET /v2.0/ports?device_id=cdb7652c-50cc-49b3-9503-c3494bfedc73&device_owner=compute%3Anova&network_id=46eb05d5-56b1-4a7d-999d-43c21d074b0a HTTP/1.1" status: 200 len: 1174 time: 0.1098151
2026-05-12 17:40:25.471 10 INFO neutron.db.ovn_revision_numbers_db [None req-2b0bf5d1-a249-43e9-bda6-ca8ad06491c6 6b4c5e6b20194522ae8751eb8146da01 5499d54aec2e45edb63bc49eb8e062a4 - - default default] Successfully bumped revision number for resource ef640db6-330b-4f25-8c51-2358c202d99d (type: router_ports) to 1
2026-05-12 17:40:25.477 10 INFO neutron.wsgi [None req-2b0bf5d1-a249-43e9-bda6-ca8ad06491c6 6b4c5e6b20194522ae8751eb8146da01 5499d54aec2e45edb63bc49eb8e062a4 - - default default] 10.0.0.10 "PUT /v2.0/routers/7824a5b1-48b0-4ef8-ad0f-969aabcc2b7d/add_router_interface HTTP/1.1" status: 200 len: 503 time: 3.4387577
2026-05-12 17:40:25.518 10 INFO neutron.db.ovn_revision_numbers_db [None req-0cea73f1-d282-4d2c-8653-bd03774ee440 - - - - - -] Successfully bumped revision number for resource ef640db6-330b-4f25-8c51-2358c202d99d (type: ports) to 2
2026-05-12 17:40:25.668 10 INFO neutron.db.ovn_revision_numbers_db [None req-0cea73f1-d282-4d2c-8653-bd03774ee440 - - - - - -] Successfully bumped revision number for resource ef640db6-330b-4f25-8c51-2358c202d99d (type: router_ports) to 2
2026-05-12 17:40:25.867 9 INFO neutron.db.ovn_revision_numbers_db [req-b100db00-e266-4708-87ea-a91374c7e1dc req-796ae66c-50ac-4f50-9d89-8a05e3e7e0e9 9860d5a0fdf24fe9ae6fda51309a6b8f b237a6657fb548eda9120838e6270423 - - default default] Successfully bumped revision number for resource 0185f7c1-af92-4996-9036-a74a584d6676 (type: ports) to 5
2026-05-12 17:40:25.880 9 INFO neutron.wsgi [req-b100db00-e266-4708-87ea-a91374c7e1dc req-796ae66c-50ac-4f50-9d89-8a05e3e7e0e9 9860d5a0fdf24fe9ae6fda51309a6b8f b237a6657fb548eda9120838e6270423 - - default default] 199.19.213.15 "PUT /v2.0/ports/0185f7c1-af92-4996-9036-a74a584d6676 HTTP/1.1" status: 200 len: 1349 time: 0.5504405 /var/lib/openstack/lib/python3.10/site-packages/pycadf/identifier.py:71: UserWarning: Invalid uuid: neutron. To ensure interoperability, identifiers should be a valid uuid. warnings.warn(('Invalid uuid: %s. To ensure interoperability, '
2026-05-12 17:40:25.926 9 INFO neutron.notifiers.nova [-] Nova event matching ['req-094c202f-fcc9-4499-8c2d-05813b8b4f9e'] response: {'name': 'network-changed', 'server_uuid': 'cdb7652c-50cc-49b3-9503-c3494bfedc73', 'tag': '0185f7c1-af92-4996-9036-a74a584d6676', 'status': 'completed', 'code': 200}
2026-05-12 17:40:25.944 9 INFO neutron.wsgi [req-b100db00-e266-4708-87ea-a91374c7e1dc req-23d3d0ca-2ae5-4e7f-bf6a-ee107293cf4a d29ffc22dbc548029f6f538cdace1a2f 32d37bd481b44e8f81bf2236fdaee27f - - b1dd350c040745ada743c8d896724cf9 b1dd350c040745ada743c8d896724cf9] 199.19.213.15 "GET /v2.0/ports?tenant_id=b237a6657fb548eda9120838e6270423&device_id=cdb7652c-50cc-49b3-9503-c3494bfedc73 HTTP/1.1" status: 200 len: 1590 time: 0.0404980
2026-05-12 17:40:26.007 9 INFO neutron.wsgi [req-b100db00-e266-4708-87ea-a91374c7e1dc req-4f0306aa-6de4-4e41-b279-0a63d4103caf d29ffc22dbc548029f6f538cdace1a2f 32d37bd481b44e8f81bf2236fdaee27f - - b1dd350c040745ada743c8d896724cf9 b1dd350c040745ada743c8d896724cf9] 199.19.213.15 "GET /v2.0/networks?id=46eb05d5-56b1-4a7d-999d-43c21d074b0a HTTP/1.1" status: 200 len: 981 time: 0.0574017
2026-05-12 17:40:26.058 9 INFO neutron.wsgi [req-b100db00-e266-4708-87ea-a91374c7e1dc req-78d3a42d-a48a-49c8-977a-74d076908b26 d29ffc22dbc548029f6f538cdace1a2f 32d37bd481b44e8f81bf2236fdaee27f - - b1dd350c040745ada743c8d896724cf9 b1dd350c040745ada743c8d896724cf9] 199.19.213.15 "GET /v2.0/floatingips?fixed_ip_address=10.100.0.13&port_id=0185f7c1-af92-4996-9036-a74a584d6676 HTTP/1.1" status: 200 len: 1060 time: 0.0439034
