2026-05-12 17:43:38.306 9 INFO neutron.api.v2.resource [None req-b8f70a0a-d78b-4d8e-96bc-5bc072ffde07 9190829e8e364966abdbc0b9c949c4fb f0309361736743959df408d2c2dec22d - - default default] delete failed (client error): The resource could not be found.
2026-05-12 17:43:38.308 9 INFO neutron.wsgi [None req-b8f70a0a-d78b-4d8e-96bc-5bc072ffde07 9190829e8e364966abdbc0b9c949c4fb f0309361736743959df408d2c2dec22d - - default default] 10.0.0.10 "DELETE /v2.0/subnets/47036f5b-9cfb-4c42-9669-d46323d7a013/tags/green HTTP/1.1" status: 404 len: 299 time: 0.0411928
2026-05-12 17:43:38.369 9 INFO neutron.wsgi [None req-7eb1b2ec-a958-43d2-9e59-0a0f1d11d0ef 9190829e8e364966abdbc0b9c949c4fb f0309361736743959df408d2c2dec22d - - default default] 10.0.0.10 "DELETE /v2.0/subnets/47036f5b-9cfb-4c42-9669-d46323d7a013/tags HTTP/1.1" status: 204 len: 168 time: 0.0564661
2026-05-12 17:43:38.379 10 INFO neutron.wsgi [req-9278637e-29c3-4289-9470-6d826b4f7f80 req-d7bc4558-56c6-476e-8e40-dd414b679a6d 6d28dfd410434e60b5b4d154a53d2822 b27fe8a7590e4406b5e20b26c1038a29 - - default default] 10.0.0.81 "GET /v2.0/ports?device_id=03fd545c-6ffa-4aa6-ab95-33e6b2c6ae96 HTTP/1.1" status: 200 len: 1210 time: 0.0444300
2026-05-12 17:43:38.390 9 WARNING neutron_lib.context [None req-918df8e9-4db1-46c1-b935-c258a68e64c1 f8d29402da4c43569785d536de31c88b 2fff695c9c4a4279b76bdf03d1a1efa2 - - default default] Method 'is_advsvc' is deprecated since 2023.2 release (neutron-lib 3.8.0) and will be removed once support for the old RBAC API policies will be removed from Neutron. Please use method 'is_service_role' instead.
2026-05-12 17:43:38.399 10 INFO neutron.plugins.ml2.drivers.ovn.mech_driver.mech_driver [None req-0cea73f1-d282-4d2c-8653-bd03774ee440 - - - - - -] OVN reports status down for port: 3e61594b-2f03-4330-bd5a-8cf4dcaf48cc
2026-05-12 17:43:38.437 9 INFO neutron.wsgi [None req-7e01fe7f-49a4-43a8-b317-7fe8aa3019cc 9190829e8e364966abdbc0b9c949c4fb f0309361736743959df408d2c2dec22d - - default default] 10.0.0.10 "GET /v2.0/subnets/47036f5b-9cfb-4c42-9669-d46323d7a013/tags HTTP/1.1" status: 200 len: 205 time: 0.0600269
2026-05-12 17:43:38.628 9 INFO neutron.db.ovn_revision_numbers_db [None req-918df8e9-4db1-46c1-b935-c258a68e64c1 f8d29402da4c43569785d536de31c88b 2fff695c9c4a4279b76bdf03d1a1efa2 - - default default] Successfully bumped revision number for resource ff3b1610-66af-4cc4-8dd2-c625a3e90e45 (type: security_groups) to 1
2026-05-12 17:43:38.669 9 INFO neutron.db.ovn_revision_numbers_db [None req-918df8e9-4db1-46c1-b935-c258a68e64c1 f8d29402da4c43569785d536de31c88b 2fff695c9c4a4279b76bdf03d1a1efa2 - - default default] Successfully bumped revision number for resource 6809683e-ec4d-46ef-b598-75c74d031533 (type: security_group_rules) to 0
2026-05-12 17:43:38.673 10 INFO neutron.wsgi [req-9278637e-29c3-4289-9470-6d826b4f7f80 req-fb7ab4db-4519-4890-b68d-ff8b8971b7d0 6d28dfd410434e60b5b4d154a53d2822 b27fe8a7590e4406b5e20b26c1038a29 - - default default] 10.0.0.81 "GET /v2.0/security-groups?id=7d14a28e-9958-4e48-9002-bb0778d29535&id=030b5be7-0082-4611-b001-ac09edc3200f&fields=id&fields=name HTTP/1.1" status: 200 len: 405 time: 0.2866695
2026-05-12 17:43:38.708 9 INFO neutron.db.ovn_revision_numbers_db [None req-918df8e9-4db1-46c1-b935-c258a68e64c1 f8d29402da4c43569785d536de31c88b 2fff695c9c4a4279b76bdf03d1a1efa2 - - default default] Successfully bumped revision number for resource a39b8fe3-858d-477a-876a-4a7a1b527f76 (type: security_group_rules) to 0
2026-05-12 17:43:38.722 10 INFO neutron.wsgi [-] 10.0.0.184 "GET / HTTP/1.1" status: 200 len: 247 time: 0.0019357
2026-05-12 17:43:38.725 10 INFO neutron.wsgi [-] 10.0.0.184 "GET / HTTP/1.1" status: 200 len: 247 time: 0.0027244
2026-05-12 17:43:38.732 9 INFO neutron.db.ovn_revision_numbers_db [None req-918df8e9-4db1-46c1-b935-c258a68e64c1 f8d29402da4c43569785d536de31c88b 2fff695c9c4a4279b76bdf03d1a1efa2 - - default default] Successfully bumped revision number for resource ac3290d8-0d14-4fd9-bafa-2d31b2d37a05 (type: security_group_rules) to 0
2026-05-12 17:43:38.764 9 INFO neutron.db.ovn_revision_numbers_db [None req-918df8e9-4db1-46c1-b935-c258a68e64c1 f8d29402da4c43569785d536de31c88b 2fff695c9c4a4279b76bdf03d1a1efa2 - - default default] Successfully bumped revision number for resource ebb05596-0248-4225-bcea-62464d8ec8b2 (type: security_group_rules) to 0
2026-05-12 17:43:38.797 9 INFO neutron.wsgi [None req-1f9ce7d2-cf48-4ef1-9e73-00fe291dfa1d 9190829e8e364966abdbc0b9c949c4fb f0309361736743959df408d2c2dec22d - - default default] 10.0.0.10 "DELETE /v2.0/subnets/47036f5b-9cfb-4c42-9669-d46323d7a013 HTTP/1.1" status: 204 len: 168 time: 0.3470633
2026-05-12 17:43:38.797 10 INFO neutron.notifiers.nova [-] Nova event matching ['req-8af22b73-e1f6-4c10-9352-61eaed5db6ee'] response: {'server_uuid': '03fd545c-6ffa-4aa6-ab95-33e6b2c6ae96', 'name': 'network-vif-unplugged', 'status': 'completed', 'tag': '3e61594b-2f03-4330-bd5a-8cf4dcaf48cc', 'code': 200}
2026-05-12 17:43:38.834 9 INFO neutron.wsgi [req-f3cb7b84-caf6-448e-9710-7e301d2a11b4 req-9cb5d23e-3505-4378-b9d5-bbc16693004c 6d28dfd410434e60b5b4d154a53d2822 b27fe8a7590e4406b5e20b26c1038a29 - - default default] 199.19.213.15 "GET /v2.0/ports?device_id=03fd545c-6ffa-4aa6-ab95-33e6b2c6ae96 HTTP/1.1" status: 200 len: 1210 time: 0.1526747
2026-05-12 17:43:38.847 9 INFO neutron.db.segments_db [None req-918df8e9-4db1-46c1-b935-c258a68e64c1 f8d29402da4c43569785d536de31c88b 2fff695c9c4a4279b76bdf03d1a1efa2 - - default default] Added segment ba73ff32-5966-402f-8141-13b5ba2af624 of type geneve for network a2d001d2-0988-4d37-910e-98807ec6d8e0
2026-05-12 17:43:38.953 10 INFO neutron.db.ovn_revision_numbers_db [None req-0cea73f1-d282-4d2c-8653-bd03774ee440 - - - - - -] Successfully bumped revision number for resource 3e61594b-2f03-4330-bd5a-8cf4dcaf48cc (type: ports) to 5
2026-05-12 17:43:39.121 9 INFO neutron.db.ovn_revision_numbers_db [None req-918df8e9-4db1-46c1-b935-c258a68e64c1 f8d29402da4c43569785d536de31c88b 2fff695c9c4a4279b76bdf03d1a1efa2 - - default default] Successfully bumped revision number for resource a2d001d2-0988-4d37-910e-98807ec6d8e0 (type: networks) to 1 /var/lib/openstack/lib/python3.10/site-packages/pycadf/identifier.py:71: UserWarning: Invalid uuid: neutron. To ensure interoperability, identifiers should be a valid uuid. warnings.warn(('Invalid uuid: %s. To ensure interoperability, '
2026-05-12 17:43:39.766 9 WARNING neutron.scheduler.dhcp_agent_scheduler [None req-918df8e9-4db1-46c1-b935-c258a68e64c1 f8d29402da4c43569785d536de31c88b 2fff695c9c4a4279b76bdf03d1a1efa2 - - default default] No more DHCP agents
2026-05-12 17:43:39.772 9 WARNING neutron.api.rpc.agentnotifiers.dhcp_rpc_agent_api [None req-918df8e9-4db1-46c1-b935-c258a68e64c1 f8d29402da4c43569785d536de31c88b 2fff695c9c4a4279b76bdf03d1a1efa2 - - default default] Unable to schedule network a2d001d2-0988-4d37-910e-98807ec6d8e0: no agents available; will retry on subsequent port and subnet creation events.
2026-05-12 17:43:39.778 9 INFO neutron.db.l3_db [req-f3cb7b84-caf6-448e-9710-7e301d2a11b4 req-33dfda1a-06a6-4651-9d3e-dd3c9cf83685 6d28dfd410434e60b5b4d154a53d2822 b27fe8a7590e4406b5e20b26c1038a29 - - default default] Floating IP 083a5192-0cee-4426-b83e-74027e5e2c8f disassociated. External IP: 10.96.250.209, port: 3e61594b-2f03-4330-bd5a-8cf4dcaf48cc.
2026-05-12 17:43:39.795 10 INFO neutron.wsgi [req-6aa2c3c6-5166-4a22-9ed1-03d78e5f8266 req-85b89651-e89b-4597-9f16-d45759a3c393 6d28dfd410434e60b5b4d154a53d2822 b27fe8a7590e4406b5e20b26c1038a29 - - default default] 10.0.0.81 "GET /v2.0/ports?device_id=03fd545c-6ffa-4aa6-ab95-33e6b2c6ae96 HTTP/1.1" status: 200 len: 1208 time: 0.0496976
2026-05-12 17:43:39.850 10 INFO neutron.wsgi [req-6aa2c3c6-5166-4a22-9ed1-03d78e5f8266 req-5b5bf145-2f94-4e2a-a706-e4ce8944650d 6d28dfd410434e60b5b4d154a53d2822 b27fe8a7590e4406b5e20b26c1038a29 - - default default] 10.0.0.81 "GET /v2.0/security-groups?id=7d14a28e-9958-4e48-9002-bb0778d29535&id=030b5be7-0082-4611-b001-ac09edc3200f&fields=id&fields=name HTTP/1.1" status: 200 len: 405 time: 0.0491948
2026-05-12 17:43:39.871 9 INFO neutron.services.segments.plugin [-] Segment 4f33d4fa-1c80-483b-a1cc-c12ddeb61a0d resource provider aggregate not found
2026-05-12 17:43:39.875 9 INFO neutron.services.segments.plugin [-] Segment 4f33d4fa-1c80-483b-a1cc-c12ddeb61a0d resource provider aggregate not found
2026-05-12 17:43:39.899 9 INFO neutron.services.segments.plugin [-] Segment 4f33d4fa-1c80-483b-a1cc-c12ddeb61a0d resource provider not found; error: Placement Client Error (4xx): {"errors": [{"status": 404, "title": "Not Found", "detail": "The resource could not be found.\n\n No resource provider with uuid 4f33d4fa-1c80-483b-a1cc-c12ddeb61a0d found for delete ", "request_id": "req-37dbad3d-ecec-438a-9914-931622a9ec8b"}]}
2026-05-12 17:43:39.902 9 INFO neutron.services.segments.plugin [-] Segment 4f33d4fa-1c80-483b-a1cc-c12ddeb61a0d resource provider not found; error: Placement Client Error (4xx): {"errors": [{"status": 404, "title": "Not Found", "detail": "The resource could not be found.\n\n No resource provider with uuid 4f33d4fa-1c80-483b-a1cc-c12ddeb61a0d found for delete ", "request_id": "req-4630f8eb-5e67-44f8-8f67-f03ca7308dc4"}]}
2026-05-12 17:43:39.942 9 INFO neutron.wsgi [None req-61e9e91f-a1c9-48ac-a39f-a9662c7a1257 9190829e8e364966abdbc0b9c949c4fb f0309361736743959df408d2c2dec22d - - default default] 10.0.0.10 "DELETE /v2.0/networks/a9f83989-3cdf-40b7-8cea-3f2cfd1eba33 HTTP/1.1" status: 204 len: 168 time: 1.1333771
2026-05-12 17:43:39.948 9 INFO neutron.db.ovn_revision_numbers_db [None req-918df8e9-4db1-46c1-b935-c258a68e64c1 f8d29402da4c43569785d536de31c88b 2fff695c9c4a4279b76bdf03d1a1efa2 - - default default] Successfully bumped revision number for resource 7da9c9a7-c59a-4c25-8e3d-2256dbb288cb (type: ports) to 1
2026-05-12 17:43:39.974 9 INFO neutron.wsgi [None req-918df8e9-4db1-46c1-b935-c258a68e64c1 f8d29402da4c43569785d536de31c88b 2fff695c9c4a4279b76bdf03d1a1efa2 - - default default] 10.0.0.10 "POST /v2.0/networks HTTP/1.1" status: 201 len: 830 time: 1.7527583
2026-05-12 17:43:39.989 10 WARNING neutron_lib.context [None req-f68b2a79-d0cd-442e-9646-8dde066b7b06 f8d29402da4c43569785d536de31c88b 2fff695c9c4a4279b76bdf03d1a1efa2 - - default default] Method 'is_advsvc' is deprecated since 2023.2 release (neutron-lib 3.8.0) and will be removed once support for the old RBAC API policies will be removed from Neutron. Please use method 'is_service_role' instead.
2026-05-12 17:43:40.008 9 INFO neutron.wsgi [req-f3cb7b84-caf6-448e-9710-7e301d2a11b4 req-33dfda1a-06a6-4651-9d3e-dd3c9cf83685 6d28dfd410434e60b5b4d154a53d2822 b27fe8a7590e4406b5e20b26c1038a29 - - default default] 199.19.213.15 "DELETE /v2.0/ports/3e61594b-2f03-4330-bd5a-8cf4dcaf48cc HTTP/1.1" status: 204 len: 173 time: 1.1651273
2026-05-12 17:43:40.042 9 INFO neutron.notifiers.nova [-] Nova event matching ['req-8e8e7811-d9a8-41e1-b54e-cf3546e49380'] response: {'server_uuid': '03fd545c-6ffa-4aa6-ab95-33e6b2c6ae96', 'name': 'network-vif-deleted', 'tag': '3e61594b-2f03-4330-bd5a-8cf4dcaf48cc', 'status': 'completed', 'code': 200}
2026-05-12 17:43:40.242 10 WARNING neutron.scheduler.dhcp_agent_scheduler [None req-f68b2a79-d0cd-442e-9646-8dde066b7b06 f8d29402da4c43569785d536de31c88b 2fff695c9c4a4279b76bdf03d1a1efa2 - - default default] No more DHCP agents
2026-05-12 17:43:40.249 10 WARNING neutron.api.rpc.agentnotifiers.dhcp_rpc_agent_api [None req-f68b2a79-d0cd-442e-9646-8dde066b7b06 f8d29402da4c43569785d536de31c88b 2fff695c9c4a4279b76bdf03d1a1efa2 - - default default] Unable to schedule network a2d001d2-0988-4d37-910e-98807ec6d8e0: no agents available; will retry on subsequent port and subnet creation events.
2026-05-12 17:43:40.827 10 INFO neutron.wsgi [None req-aba86afc-4d43-41d7-a9c0-d1820627ae01 6b4c5e6b20194522ae8751eb8146da01 5499d54aec2e45edb63bc49eb8e062a4 - - default default] 10.0.0.10 "GET /v2.0/security-groups?tenant_id=f0309361736743959df408d2c2dec22d&name=default HTTP/1.1" status: 200 len: 3120 time: 0.1861100
2026-05-12 17:43:40.841 10 INFO neutron.notifiers.nova [-] Nova event matching ['req-d81d3f65-638d-4cb2-bd3c-424547a9b1ab'] response: {'server_uuid': '03fd545c-6ffa-4aa6-ab95-33e6b2c6ae96', 'name': 'network-vif-unplugged', 'status': 'completed', 'tag': '3e61594b-2f03-4330-bd5a-8cf4dcaf48cc', 'code': 200}
2026-05-12 17:43:40.867 10 INFO neutron.db.ovn_revision_numbers_db [None req-f68b2a79-d0cd-442e-9646-8dde066b7b06 f8d29402da4c43569785d536de31c88b 2fff695c9c4a4279b76bdf03d1a1efa2 - - default default] Successfully bumped revision number for resource 7da9c9a7-c59a-4c25-8e3d-2256dbb288cb (type: ports) to 2
2026-05-12 17:43:40.925 10 INFO neutron.db.ovn_revision_numbers_db [None req-f68b2a79-d0cd-442e-9646-8dde066b7b06 f8d29402da4c43569785d536de31c88b 2fff695c9c4a4279b76bdf03d1a1efa2 - - default default] Successfully bumped revision number for resource 4d79773a-bc89-49e0-a343-2169b00a28db (type: subnets) to 0
2026-05-12 17:43:40.946 10 INFO neutron.wsgi [None req-f68b2a79-d0cd-442e-9646-8dde066b7b06 f8d29402da4c43569785d536de31c88b 2fff695c9c4a4279b76bdf03d1a1efa2 - - default default] 10.0.0.10 "POST /v2.0/subnets HTTP/1.1" status: 201 len: 801 time: 0.9652035
2026-05-12 17:43:40.956 9 WARNING neutron_lib.context [None req-c4fb29e0-5c1a-4802-abd8-9211ace84feb f8d29402da4c43569785d536de31c88b 2fff695c9c4a4279b76bdf03d1a1efa2 - - default default] Method 'is_advsvc' is deprecated since 2023.2 release (neutron-lib 3.8.0) and will be removed once support for the old RBAC API policies will be removed from Neutron. Please use method 'is_service_role' instead.
2026-05-12 17:43:41.045 9 INFO neutron.db.segments_db [None req-c4fb29e0-5c1a-4802-abd8-9211ace84feb f8d29402da4c43569785d536de31c88b 2fff695c9c4a4279b76bdf03d1a1efa2 - - default default] Added segment 9aaf9e2c-6bad-48fa-9bc7-1ea4b9f845d4 of type geneve for network 8be9890c-9679-4e06-bd01-5c4c5e97816d
2026-05-12 17:43:41.080 10 INFO neutron.wsgi [None req-78ae71ac-adae-4f1f-ad42-b67615758249 6b4c5e6b20194522ae8751eb8146da01 5499d54aec2e45edb63bc49eb8e062a4 - - default default] 10.0.0.10 "DELETE /v2.0/security-groups/4639d638-847f-4f75-9486-bcf3bd4452c7 HTTP/1.1" status: 204 len: 168 time: 0.2491851
2026-05-12 17:43:41.201 9 INFO neutron.db.ovn_revision_numbers_db [None req-c4fb29e0-5c1a-4802-abd8-9211ace84feb f8d29402da4c43569785d536de31c88b 2fff695c9c4a4279b76bdf03d1a1efa2 - - default default] Successfully bumped revision number for resource 8be9890c-9679-4e06-bd01-5c4c5e97816d (type: networks) to 1
2026-05-12 17:43:41.204 9 INFO neutron.wsgi [None req-79c6fbd6-f7cd-4b00-9dd5-ddf9b281d7e8 6d28dfd410434e60b5b4d154a53d2822 b27fe8a7590e4406b5e20b26c1038a29 - - default default] 10.0.0.10 "DELETE /v2.0/security-groups/030b5be7-0082-4611-b001-ac09edc3200f HTTP/1.1" status: 204 len: 168 time: 0.1920848
2026-05-12 17:43:41.222 10 INFO neutron.api.v2.resource [None req-23d357b8-46bc-4df9-be74-ddf3e1f4474e 6d28dfd410434e60b5b4d154a53d2822 b27fe8a7590e4406b5e20b26c1038a29 - - default default] show failed (client error): The resource could not be found.
2026-05-12 17:43:41.223 10 INFO neutron.wsgi [None req-23d357b8-46bc-4df9-be74-ddf3e1f4474e 6d28dfd410434e60b5b4d154a53d2822 b27fe8a7590e4406b5e20b26c1038a29 - - default default] 10.0.0.10 "GET /v2.0/security-groups/030b5be7-0082-4611-b001-ac09edc3200f HTTP/1.1" status: 404 len: 347 time: 0.0136423
2026-05-12 17:43:41.418 9 INFO neutron.db.ovn_revision_numbers_db [None req-1c44b073-e9fe-4f66-a897-e9f3b0baacab 6b4c5e6b20194522ae8751eb8146da01 5499d54aec2e45edb63bc49eb8e062a4 - - default default] Successfully bumped revision number for resource 5d5b5b2c-4a4a-488b-a920-64b8932d5721 (type: security_groups) to 1
2026-05-12 17:43:41.444 9 INFO neutron.db.ovn_revision_numbers_db [None req-1c44b073-e9fe-4f66-a897-e9f3b0baacab 6b4c5e6b20194522ae8751eb8146da01 5499d54aec2e45edb63bc49eb8e062a4 - - default default] Successfully bumped revision number for resource 0f52a360-88d3-4d7d-ac0f-fd3307dce110 (type: security_group_rules) to 0
2026-05-12 17:43:41.477 9 INFO neutron.db.ovn_revision_numbers_db [None req-1c44b073-e9fe-4f66-a897-e9f3b0baacab 6b4c5e6b20194522ae8751eb8146da01 5499d54aec2e45edb63bc49eb8e062a4 - - default default] Successfully bumped revision number for resource 6a77a650-eca6-4a3a-bae6-9e4abfa380b7 (type: security_group_rules) to 0
2026-05-12 17:43:41.486 9 WARNING neutron.scheduler.dhcp_agent_scheduler [None req-c4fb29e0-5c1a-4802-abd8-9211ace84feb f8d29402da4c43569785d536de31c88b 2fff695c9c4a4279b76bdf03d1a1efa2 - - default default] No more DHCP agents
2026-05-12 17:43:41.492 9 WARNING neutron.api.rpc.agentnotifiers.dhcp_rpc_agent_api [None req-c4fb29e0-5c1a-4802-abd8-9211ace84feb f8d29402da4c43569785d536de31c88b 2fff695c9c4a4279b76bdf03d1a1efa2 - - default default] Unable to schedule network 8be9890c-9679-4e06-bd01-5c4c5e97816d: no agents available; will retry on subsequent port and subnet creation events.
2026-05-12 17:43:41.511 9 INFO neutron.db.ovn_revision_numbers_db [None req-1c44b073-e9fe-4f66-a897-e9f3b0baacab 6b4c5e6b20194522ae8751eb8146da01 5499d54aec2e45edb63bc49eb8e062a4 - - default default] Successfully bumped revision number for resource 707df688-210d-47ec-955c-52d77ce9f22e (type: security_group_rules) to 0
2026-05-12 17:43:41.549 9 INFO neutron.db.ovn_revision_numbers_db [None req-1c44b073-e9fe-4f66-a897-e9f3b0baacab 6b4c5e6b20194522ae8751eb8146da01 5499d54aec2e45edb63bc49eb8e062a4 - - default default] Successfully bumped revision number for resource b961c17b-144b-4514-a31e-33af063efe75 (type: security_group_rules) to 0
2026-05-12 17:43:41.583 9 INFO neutron.wsgi [None req-1c44b073-e9fe-4f66-a897-e9f3b0baacab 6b4c5e6b20194522ae8751eb8146da01 5499d54aec2e45edb63bc49eb8e062a4 - - default default] 10.0.0.10 "GET /v2.0/security-groups?tenant_id=738bff08a7f64a3fb034e3c12d0fe4e3&name=default HTTP/1.1" status: 200 len: 3120 time: 0.4021602
2026-05-12 17:43:41.652 9 INFO neutron.db.ovn_revision_numbers_db [None req-c4fb29e0-5c1a-4802-abd8-9211ace84feb f8d29402da4c43569785d536de31c88b 2fff695c9c4a4279b76bdf03d1a1efa2 - - default default] Successfully bumped revision number for resource 73b9eccb-880e-4119-8c05-56dc457dd45e (type: ports) to 1
2026-05-12 17:43:41.688 9 INFO neutron.wsgi [None req-c4fb29e0-5c1a-4802-abd8-9211ace84feb f8d29402da4c43569785d536de31c88b 2fff695c9c4a4279b76bdf03d1a1efa2 - - default default] 10.0.0.10 "POST /v2.0/networks HTTP/1.1" status: 201 len: 830 time: 0.7375052
2026-05-12 17:43:41.705 10 WARNING neutron_lib.context [None req-61853200-21af-41cc-804d-59663fa8964a f8d29402da4c43569785d536de31c88b 2fff695c9c4a4279b76bdf03d1a1efa2 - - default default] Method 'is_advsvc' is deprecated since 2023.2 release (neutron-lib 3.8.0) and will be removed once support for the old RBAC API policies will be removed from Neutron. Please use method 'is_service_role' instead.
2026-05-12 17:43:41.780 9 INFO neutron.wsgi [None req-7742138a-f130-4ec0-ba92-cd3200251e00 6d28dfd410434e60b5b4d154a53d2822 b27fe8a7590e4406b5e20b26c1038a29 - - default default] 10.0.0.10 "DELETE /v2.0/floatingips/083a5192-0cee-4426-b83e-74027e5e2c8f HTTP/1.1" status: 204 len: 168 time: 0.5501654
2026-05-12 17:43:41.878 9 INFO neutron.wsgi [None req-9ef45588-e7db-401d-bdbd-ab99da00384c 6b4c5e6b20194522ae8751eb8146da01 5499d54aec2e45edb63bc49eb8e062a4 - - default default] 10.0.0.10 "DELETE /v2.0/security-groups/5d5b5b2c-4a4a-488b-a920-64b8932d5721 HTTP/1.1" status: 204 len: 168 time: 0.2875702
2026-05-12 17:43:42.001 10 WARNING neutron.scheduler.dhcp_agent_scheduler [None req-61853200-21af-41cc-804d-59663fa8964a f8d29402da4c43569785d536de31c88b 2fff695c9c4a4279b76bdf03d1a1efa2 - - default default] No more DHCP agents
2026-05-12 17:43:42.005 10 WARNING neutron.api.rpc.agentnotifiers.dhcp_rpc_agent_api [None req-61853200-21af-41cc-804d-59663fa8964a f8d29402da4c43569785d536de31c88b 2fff695c9c4a4279b76bdf03d1a1efa2 - - default default] Unable to schedule network 8be9890c-9679-4e06-bd01-5c4c5e97816d: no agents available; will retry on subsequent port and subnet creation events.
2026-05-12 17:43:42.035 10 INFO neutron.wsgi [None req-b3504e37-c21c-4d81-84cb-ed2bbda050c7 6d28dfd410434e60b5b4d154a53d2822 b27fe8a7590e4406b5e20b26c1038a29 - - default default] 10.0.0.10 "DELETE /v2.0/security-groups/7d14a28e-9958-4e48-9002-bb0778d29535 HTTP/1.1" status: 204 len: 168 time: 0.2478294
2026-05-12 17:43:42.529 10 INFO neutron.db.ovn_revision_numbers_db [None req-61853200-21af-41cc-804d-59663fa8964a f8d29402da4c43569785d536de31c88b 2fff695c9c4a4279b76bdf03d1a1efa2 - - default default] Successfully bumped revision number for resource 73b9eccb-880e-4119-8c05-56dc457dd45e (type: ports) to 2
2026-05-12 17:43:42.565 10 INFO neutron.db.ovn_revision_numbers_db [None req-61853200-21af-41cc-804d-59663fa8964a f8d29402da4c43569785d536de31c88b 2fff695c9c4a4279b76bdf03d1a1efa2 - - default default] Successfully bumped revision number for resource 107efe52-bd0b-412d-8b09-b58eeb54e773 (type: subnets) to 0
2026-05-12 17:43:42.582 10 INFO neutron.wsgi [None req-61853200-21af-41cc-804d-59663fa8964a f8d29402da4c43569785d536de31c88b 2fff695c9c4a4279b76bdf03d1a1efa2 - - default default] 10.0.0.10 "POST /v2.0/subnets HTTP/1.1" status: 201 len: 804 time: 0.8864033
2026-05-12 17:43:42.603 9 WARNING neutron_lib.context [None req-ff8b3a6a-3f80-4874-9f4c-ba4a46838c1d f8d29402da4c43569785d536de31c88b 2fff695c9c4a4279b76bdf03d1a1efa2 - - default default] Method 'is_advsvc' is deprecated since 2023.2 release (neutron-lib 3.8.0) and will be removed once support for the old RBAC API policies will be removed from Neutron. Please use method 'is_service_role' instead.
2026-05-12 17:43:42.711 9 INFO neutron.db.segments_db [None req-ff8b3a6a-3f80-4874-9f4c-ba4a46838c1d f8d29402da4c43569785d536de31c88b 2fff695c9c4a4279b76bdf03d1a1efa2 - - default default] Added segment 996410c6-c8b2-4f88-b334-e371c6196684 of type geneve for network d3113990-e9e2-48d6-9d47-435f878807e4
2026-05-12 17:43:42.934 9 INFO neutron.db.ovn_revision_numbers_db [None req-ff8b3a6a-3f80-4874-9f4c-ba4a46838c1d f8d29402da4c43569785d536de31c88b 2fff695c9c4a4279b76bdf03d1a1efa2 - - default default] Successfully bumped revision number for resource d3113990-e9e2-48d6-9d47-435f878807e4 (type: networks) to 1
2026-05-12 17:43:43.220 9 WARNING neutron.scheduler.dhcp_agent_scheduler [None req-ff8b3a6a-3f80-4874-9f4c-ba4a46838c1d f8d29402da4c43569785d536de31c88b 2fff695c9c4a4279b76bdf03d1a1efa2 - - default default] No more DHCP agents
2026-05-12 17:43:43.223 9 WARNING neutron.api.rpc.agentnotifiers.dhcp_rpc_agent_api [None req-ff8b3a6a-3f80-4874-9f4c-ba4a46838c1d f8d29402da4c43569785d536de31c88b 2fff695c9c4a4279b76bdf03d1a1efa2 - - default default] Unable to schedule network d3113990-e9e2-48d6-9d47-435f878807e4: no agents available; will retry on subsequent port and subnet creation events.
2026-05-12 17:43:43.354 9 INFO neutron.db.ovn_revision_numbers_db [None req-ff8b3a6a-3f80-4874-9f4c-ba4a46838c1d f8d29402da4c43569785d536de31c88b 2fff695c9c4a4279b76bdf03d1a1efa2 - - default default] Successfully bumped revision number for resource 467f3938-a16f-4dc0-82af-75b5cecf47d7 (type: ports) to 1
2026-05-12 17:43:43.401 9 INFO neutron.wsgi [None req-ff8b3a6a-3f80-4874-9f4c-ba4a46838c1d f8d29402da4c43569785d536de31c88b 2fff695c9c4a4279b76bdf03d1a1efa2 - - default default] 10.0.0.10 "POST /v2.0/networks HTTP/1.1" status: 201 len: 831 time: 0.8102033
2026-05-12 17:43:43.413 10 WARNING neutron_lib.context [None req-b84f6a16-7d10-43ec-ad64-76a3958798aa f8d29402da4c43569785d536de31c88b 2fff695c9c4a4279b76bdf03d1a1efa2 - - default default] Method 'is_advsvc' is deprecated since 2023.2 release (neutron-lib 3.8.0) and will be removed once support for the old RBAC API policies will be removed from Neutron. Please use method 'is_service_role' instead.
2026-05-12 17:43:43.640 10 WARNING neutron.scheduler.dhcp_agent_scheduler [None req-b84f6a16-7d10-43ec-ad64-76a3958798aa f8d29402da4c43569785d536de31c88b 2fff695c9c4a4279b76bdf03d1a1efa2 - - default default] No more DHCP agents
2026-05-12 17:43:43.641 10 WARNING neutron.api.rpc.agentnotifiers.dhcp_rpc_agent_api [None req-b84f6a16-7d10-43ec-ad64-76a3958798aa f8d29402da4c43569785d536de31c88b 2fff695c9c4a4279b76bdf03d1a1efa2 - - default default] Unable to schedule network d3113990-e9e2-48d6-9d47-435f878807e4: no agents available; will retry on subsequent port and subnet creation events.
2026-05-12 17:43:43.817 9 INFO neutron.wsgi [None req-a0f2ce2c-957c-4db8-af78-9196428c0278 6b4c5e6b20194522ae8751eb8146da01 5499d54aec2e45edb63bc49eb8e062a4 - - default default] 10.0.0.10 "PUT /v2.0/routers/19b44e3b-9389-4f20-880a-22fc092045d2/remove_router_interface HTTP/1.1" status: 200 len: 503 time: 1.7365878 /var/lib/openstack/lib/python3.10/site-packages/pycadf/identifier.py:71: UserWarning: Invalid uuid: neutron. To ensure interoperability, identifiers should be a valid uuid. warnings.warn(('Invalid uuid: %s. To ensure interoperability, '
2026-05-12 17:43:44.150 10 INFO neutron.db.ovn_revision_numbers_db [None req-b84f6a16-7d10-43ec-ad64-76a3958798aa f8d29402da4c43569785d536de31c88b 2fff695c9c4a4279b76bdf03d1a1efa2 - - default default] Successfully bumped revision number for resource 467f3938-a16f-4dc0-82af-75b5cecf47d7 (type: ports) to 2
2026-05-12 17:43:44.185 10 INFO neutron.db.ovn_revision_numbers_db [None req-b84f6a16-7d10-43ec-ad64-76a3958798aa f8d29402da4c43569785d536de31c88b 2fff695c9c4a4279b76bdf03d1a1efa2 - - default default] Successfully bumped revision number for resource de7b467e-1883-4017-a641-468d6e3d1984 (type: subnets) to 0
2026-05-12 17:43:44.203 10 INFO neutron.wsgi [None req-b84f6a16-7d10-43ec-ad64-76a3958798aa f8d29402da4c43569785d536de31c88b 2fff695c9c4a4279b76bdf03d1a1efa2 - - default default] 10.0.0.10 "POST /v2.0/subnets HTTP/1.1" status: 201 len: 804 time: 0.7947230
2026-05-12 17:43:44.215 10 WARNING neutron_lib.context [None req-95ba25ce-eac0-4cef-ba8e-c2c799ae4053 f8d29402da4c43569785d536de31c88b 2fff695c9c4a4279b76bdf03d1a1efa2 - - default default] Method 'is_advsvc' is deprecated since 2023.2 release (neutron-lib 3.8.0) and will be removed once support for the old RBAC API policies will be removed from Neutron. Please use method 'is_service_role' instead.
2026-05-12 17:43:44.300 10 INFO neutron.db.segments_db [None req-95ba25ce-eac0-4cef-ba8e-c2c799ae4053 f8d29402da4c43569785d536de31c88b 2fff695c9c4a4279b76bdf03d1a1efa2 - - default default] Added segment 4e4593ac-a902-4005-9959-f6cdb2b96cc2 of type geneve for network 47dafe7d-f720-490b-9260-fd81ddeedc13
2026-05-12 17:43:44.461 10 INFO neutron.db.ovn_revision_numbers_db [None req-95ba25ce-eac0-4cef-ba8e-c2c799ae4053 f8d29402da4c43569785d536de31c88b 2fff695c9c4a4279b76bdf03d1a1efa2 - - default default] Successfully bumped revision number for resource 47dafe7d-f720-490b-9260-fd81ddeedc13 (type: networks) to 1
2026-05-12 17:43:44.667 10 WARNING neutron.scheduler.dhcp_agent_scheduler [None req-95ba25ce-eac0-4cef-ba8e-c2c799ae4053 f8d29402da4c43569785d536de31c88b 2fff695c9c4a4279b76bdf03d1a1efa2 - - default default] No more DHCP agents
2026-05-12 17:43:44.670 10 WARNING neutron.api.rpc.agentnotifiers.dhcp_rpc_agent_api [None req-95ba25ce-eac0-4cef-ba8e-c2c799ae4053 f8d29402da4c43569785d536de31c88b 2fff695c9c4a4279b76bdf03d1a1efa2 - - default default] Unable to schedule network 47dafe7d-f720-490b-9260-fd81ddeedc13: no agents available; will retry on subsequent port and subnet creation events.
2026-05-12 17:43:44.758 10 INFO neutron.db.ovn_revision_numbers_db [None req-95ba25ce-eac0-4cef-ba8e-c2c799ae4053 f8d29402da4c43569785d536de31c88b 2fff695c9c4a4279b76bdf03d1a1efa2 - - default default] Successfully bumped revision number for resource de4980cb-763a-4271-b927-7e27c402e0da (type: ports) to 1
2026-05-12 17:43:44.781 10 INFO neutron.wsgi [None req-95ba25ce-eac0-4cef-ba8e-c2c799ae4053 f8d29402da4c43569785d536de31c88b 2fff695c9c4a4279b76bdf03d1a1efa2 - - default default] 10.0.0.10 "POST /v2.0/networks HTTP/1.1" status: 201 len: 830 time: 0.5732579
2026-05-12 17:43:44.793 9 WARNING neutron_lib.context [None req-63fb495e-3a3f-45b1-93b3-421c1e73d3f3 f8d29402da4c43569785d536de31c88b 2fff695c9c4a4279b76bdf03d1a1efa2 - - default default] Method 'is_advsvc' is deprecated since 2023.2 release (neutron-lib 3.8.0) and will be removed once support for the old RBAC API policies will be removed from Neutron. Please use method 'is_service_role' instead.
2026-05-12 17:43:44.902 9 INFO neutron.wsgi [None req-f369f093-ba46-49cf-b617-86b2c0aff227 6b4c5e6b20194522ae8751eb8146da01 5499d54aec2e45edb63bc49eb8e062a4 - - default default] 10.0.0.10 "DELETE /v2.0/routers/19b44e3b-9389-4f20-880a-22fc092045d2 HTTP/1.1" status: 204 len: 168 time: 1.0813653
2026-05-12 17:43:45.122 9 WARNING neutron.scheduler.dhcp_agent_scheduler [None req-63fb495e-3a3f-45b1-93b3-421c1e73d3f3 f8d29402da4c43569785d536de31c88b 2fff695c9c4a4279b76bdf03d1a1efa2 - - default default] No more DHCP agents
2026-05-12 17:43:45.125 9 WARNING neutron.api.rpc.agentnotifiers.dhcp_rpc_agent_api [None req-63fb495e-3a3f-45b1-93b3-421c1e73d3f3 f8d29402da4c43569785d536de31c88b 2fff695c9c4a4279b76bdf03d1a1efa2 - - default default] Unable to schedule network 47dafe7d-f720-490b-9260-fd81ddeedc13: no agents available; will retry on subsequent port and subnet creation events.
2026-05-12 17:43:45.177 9 INFO neutron.wsgi [None req-91247758-b03d-415f-9559-6385940737a1 6b4c5e6b20194522ae8751eb8146da01 5499d54aec2e45edb63bc49eb8e062a4 - - default default] 10.0.0.10 "DELETE /v2.0/subnets/2aad944a-78b3-4cbe-ba0a-a99d87d6b1b3 HTTP/1.1" status: 204 len: 168 time: 0.2690458
2026-05-12 17:43:45.373 10 WARNING neutron_lib.context [None req-541b4eee-374c-422c-9145-3514f9bbade7 102314db2b294039acb6fe646f784e20 dd4a55d4985348a5897907610f165df8 - - default default] Method 'is_advsvc' is deprecated since 2023.2 release (neutron-lib 3.8.0) and will be removed once support for the old RBAC API policies will be removed from Neutron. Please use method 'is_service_role' instead.
2026-05-12 17:43:45.528 10 INFO neutron.db.ovn_revision_numbers_db [None req-541b4eee-374c-422c-9145-3514f9bbade7 102314db2b294039acb6fe646f784e20 dd4a55d4985348a5897907610f165df8 - - default default] Successfully bumped revision number for resource 58d975b8-fc1e-4fae-ad38-87710be9e8d4 (type: security_groups) to 1
2026-05-12 17:43:45.546 10 INFO neutron.db.ovn_revision_numbers_db [None req-541b4eee-374c-422c-9145-3514f9bbade7 102314db2b294039acb6fe646f784e20 dd4a55d4985348a5897907610f165df8 - - default default] Successfully bumped revision number for resource 3e9c6018-42f7-453d-90e1-7c9b5d255be3 (type: security_group_rules) to 0
2026-05-12 17:43:45.561 10 INFO neutron.db.ovn_revision_numbers_db [None req-541b4eee-374c-422c-9145-3514f9bbade7 102314db2b294039acb6fe646f784e20 dd4a55d4985348a5897907610f165df8 - - default default] Successfully bumped revision number for resource 7680155d-eabc-4176-818c-e67f67ad088c (type: security_group_rules) to 0
2026-05-12 17:43:45.582 10 INFO neutron.db.ovn_revision_numbers_db [None req-541b4eee-374c-422c-9145-3514f9bbade7 102314db2b294039acb6fe646f784e20 dd4a55d4985348a5897907610f165df8 - - default default] Successfully bumped revision number for resource 78bdbd53-3117-4e13-83b9-c3bc2be0e08b (type: security_group_rules) to 0
2026-05-12 17:43:45.598 10 INFO neutron.db.ovn_revision_numbers_db [None req-541b4eee-374c-422c-9145-3514f9bbade7 102314db2b294039acb6fe646f784e20 dd4a55d4985348a5897907610f165df8 - - default default] Successfully bumped revision number for resource a05d65a6-52f9-44c1-877c-1603db76386f (type: security_group_rules) to 0
2026-05-12 17:43:45.655 10 INFO neutron.db.segments_db [None req-541b4eee-374c-422c-9145-3514f9bbade7 102314db2b294039acb6fe646f784e20 dd4a55d4985348a5897907610f165df8 - - default default] Added segment cc58b24d-f065-4fb0-ba3f-b3a30a791d61 of type geneve for network a07ad868-423a-4f82-ad03-b3bbac3122c5
2026-05-12 17:43:45.673 9 INFO neutron.services.segments.plugin [-] Segment e353c0b7-83f3-46f1-8b3e-600aad53973b resource provider aggregate not found
2026-05-12 17:43:45.684 9 INFO neutron.services.segments.plugin [-] Segment e353c0b7-83f3-46f1-8b3e-600aad53973b resource provider aggregate not found
2026-05-12 17:43:45.694 9 INFO neutron.services.segments.plugin [-] Segment e353c0b7-83f3-46f1-8b3e-600aad53973b resource provider not found; error: Placement Client Error (4xx): {"errors": [{"status": 404, "title": "Not Found", "detail": "The resource could not be found.\n\n No resource provider with uuid e353c0b7-83f3-46f1-8b3e-600aad53973b found for delete ", "request_id": "req-12a11854-3c55-4e68-8080-97dc361dd4af"}]}
2026-05-12 17:43:45.702 9 INFO neutron.services.segments.plugin [-] Segment e353c0b7-83f3-46f1-8b3e-600aad53973b resource provider not found; error: Placement Client Error (4xx): {"errors": [{"status": 404, "title": "Not Found", "detail": "The resource could not be found.\n\n No resource provider with uuid e353c0b7-83f3-46f1-8b3e-600aad53973b found for delete ", "request_id": "req-7caa8896-fd83-4c3e-be69-ba4adcb15d10"}]}
2026-05-12 17:43:45.727 9 INFO neutron.wsgi [None req-32641de8-0c25-478b-82f4-ea162d747cbd 6b4c5e6b20194522ae8751eb8146da01 5499d54aec2e45edb63bc49eb8e062a4 - - default default] 10.0.0.10 "DELETE /v2.0/networks/89d9c23c-89b3-4b33-a77d-650b0dda891f HTTP/1.1" status: 204 len: 168 time: 0.5442009
2026-05-12 17:43:45.768 9 INFO neutron.db.ovn_revision_numbers_db [None req-63fb495e-3a3f-45b1-93b3-421c1e73d3f3 f8d29402da4c43569785d536de31c88b 2fff695c9c4a4279b76bdf03d1a1efa2 - - default default] Successfully bumped revision number for resource de4980cb-763a-4271-b927-7e27c402e0da (type: ports) to 2
2026-05-12 17:43:45.798 9 INFO neutron.db.ovn_revision_numbers_db [None req-63fb495e-3a3f-45b1-93b3-421c1e73d3f3 f8d29402da4c43569785d536de31c88b 2fff695c9c4a4279b76bdf03d1a1efa2 - - default default] Successfully bumped revision number for resource 55c4df98-8db2-4afb-bacd-a064df4f97c4 (type: subnets) to 0
2026-05-12 17:43:45.812 9 INFO neutron.wsgi [None req-63fb495e-3a3f-45b1-93b3-421c1e73d3f3 f8d29402da4c43569785d536de31c88b 2fff695c9c4a4279b76bdf03d1a1efa2 - - default default] 10.0.0.10 "POST /v2.0/subnets HTTP/1.1" status: 201 len: 804 time: 1.0227692
2026-05-12 17:43:45.820 9 WARNING neutron_lib.context [None req-c455d907-b6ca-48b0-b510-eecd7d07b4dc f8d29402da4c43569785d536de31c88b 2fff695c9c4a4279b76bdf03d1a1efa2 - - default default] Method 'is_advsvc' is deprecated since 2023.2 release (neutron-lib 3.8.0) and will be removed once support for the old RBAC API policies will be removed from Neutron. Please use method 'is_service_role' instead.
2026-05-12 17:43:45.906 9 INFO neutron.db.segments_db [None req-c455d907-b6ca-48b0-b510-eecd7d07b4dc f8d29402da4c43569785d536de31c88b 2fff695c9c4a4279b76bdf03d1a1efa2 - - default default] Added segment f74bc63f-9395-407c-9498-f003a26a8e6c of type geneve for network 8746316f-4216-4bce-bc97-78770cf0382b
2026-05-12 17:43:46.060 9 INFO neutron.db.ovn_revision_numbers_db [None req-c455d907-b6ca-48b0-b510-eecd7d07b4dc f8d29402da4c43569785d536de31c88b 2fff695c9c4a4279b76bdf03d1a1efa2 - - default default] Successfully bumped revision number for resource 8746316f-4216-4bce-bc97-78770cf0382b (type: networks) to 1
2026-05-12 17:43:46.126 10 INFO neutron.db.ovn_revision_numbers_db [None req-541b4eee-374c-422c-9145-3514f9bbade7 102314db2b294039acb6fe646f784e20 dd4a55d4985348a5897907610f165df8 - - default default] Successfully bumped revision number for resource a07ad868-423a-4f82-ad03-b3bbac3122c5 (type: networks) to 1
2026-05-12 17:43:46.263 9 WARNING neutron.scheduler.dhcp_agent_scheduler [None req-c455d907-b6ca-48b0-b510-eecd7d07b4dc f8d29402da4c43569785d536de31c88b 2fff695c9c4a4279b76bdf03d1a1efa2 - - default default] No more DHCP agents
2026-05-12 17:43:46.265 9 WARNING neutron.api.rpc.agentnotifiers.dhcp_rpc_agent_api [None req-c455d907-b6ca-48b0-b510-eecd7d07b4dc f8d29402da4c43569785d536de31c88b 2fff695c9c4a4279b76bdf03d1a1efa2 - - default default] Unable to schedule network 8746316f-4216-4bce-bc97-78770cf0382b: no agents available; will retry on subsequent port and subnet creation events.
2026-05-12 17:43:46.360 9 INFO neutron.db.ovn_revision_numbers_db [None req-c455d907-b6ca-48b0-b510-eecd7d07b4dc f8d29402da4c43569785d536de31c88b 2fff695c9c4a4279b76bdf03d1a1efa2 - - default default] Successfully bumped revision number for resource 418da2ab-612b-4855-b536-ad44b9cc23d9 (type: ports) to 1
2026-05-12 17:43:46.382 9 INFO neutron.wsgi [None req-c455d907-b6ca-48b0-b510-eecd7d07b4dc f8d29402da4c43569785d536de31c88b 2fff695c9c4a4279b76bdf03d1a1efa2 - - default default] 10.0.0.10 "POST /v2.0/networks HTTP/1.1" status: 201 len: 830 time: 0.5658097
2026-05-12 17:43:46.392 9 WARNING neutron_lib.context [None req-7f35db82-6025-4f9c-a336-e32d42ab5c1c f8d29402da4c43569785d536de31c88b 2fff695c9c4a4279b76bdf03d1a1efa2 - - default default] Method 'is_advsvc' is deprecated since 2023.2 release (neutron-lib 3.8.0) and will be removed once support for the old RBAC API policies will be removed from Neutron. Please use method 'is_service_role' instead.
2026-05-12 17:43:46.456 10 WARNING neutron.scheduler.dhcp_agent_scheduler [None req-541b4eee-374c-422c-9145-3514f9bbade7 102314db2b294039acb6fe646f784e20 dd4a55d4985348a5897907610f165df8 - - default default] No more DHCP agents
2026-05-12 17:43:46.459 10 WARNING neutron.api.rpc.agentnotifiers.dhcp_rpc_agent_api [None req-541b4eee-374c-422c-9145-3514f9bbade7 102314db2b294039acb6fe646f784e20 dd4a55d4985348a5897907610f165df8 - - default default] Unable to schedule network a07ad868-423a-4f82-ad03-b3bbac3122c5: no agents available; will retry on subsequent port and subnet creation events.
2026-05-12 17:43:46.582 10 INFO neutron.db.ovn_revision_numbers_db [None req-541b4eee-374c-422c-9145-3514f9bbade7 102314db2b294039acb6fe646f784e20 dd4a55d4985348a5897907610f165df8 - - default default] Successfully bumped revision number for resource 3b6e4270-539c-43d4-8a8c-f8b5c8750cbe (type: ports) to 1
2026-05-12 17:43:46.621 10 INFO neutron.wsgi [None req-541b4eee-374c-422c-9145-3514f9bbade7 102314db2b294039acb6fe646f784e20 dd4a55d4985348a5897907610f165df8 - - default default] 10.0.0.10 "POST /v2.0/networks HTTP/1.1" status: 201 len: 826 time: 1.4271076
2026-05-12 17:43:46.629 10 WARNING neutron_lib.context [None req-0c41f2a2-ac67-4c64-827b-9b822717b468 102314db2b294039acb6fe646f784e20 dd4a55d4985348a5897907610f165df8 - - default default] Method 'is_advsvc' is deprecated since 2023.2 release (neutron-lib 3.8.0) and will be removed once support for the old RBAC API policies will be removed from Neutron. Please use method 'is_service_role' instead.
2026-05-12 17:43:46.672 9 WARNING neutron.scheduler.dhcp_agent_scheduler [None req-7f35db82-6025-4f9c-a336-e32d42ab5c1c f8d29402da4c43569785d536de31c88b 2fff695c9c4a4279b76bdf03d1a1efa2 - - default default] No more DHCP agents
2026-05-12 17:43:46.676 9 WARNING neutron.api.rpc.agentnotifiers.dhcp_rpc_agent_api [None req-7f35db82-6025-4f9c-a336-e32d42ab5c1c f8d29402da4c43569785d536de31c88b 2fff695c9c4a4279b76bdf03d1a1efa2 - - default default] Unable to schedule network 8746316f-4216-4bce-bc97-78770cf0382b: no agents available; will retry on subsequent port and subnet creation events.
2026-05-12 17:43:46.962 10 WARNING neutron.scheduler.dhcp_agent_scheduler [None req-0c41f2a2-ac67-4c64-827b-9b822717b468 102314db2b294039acb6fe646f784e20 dd4a55d4985348a5897907610f165df8 - - default default] No more DHCP agents
2026-05-12 17:43:46.966 10 WARNING neutron.api.rpc.agentnotifiers.dhcp_rpc_agent_api [None req-0c41f2a2-ac67-4c64-827b-9b822717b468 102314db2b294039acb6fe646f784e20 dd4a55d4985348a5897907610f165df8 - - default default] Unable to schedule network a07ad868-423a-4f82-ad03-b3bbac3122c5: no agents available; will retry on subsequent port and subnet creation events.
2026-05-12 17:43:47.189 9 INFO neutron.db.ovn_revision_numbers_db [None req-7f35db82-6025-4f9c-a336-e32d42ab5c1c f8d29402da4c43569785d536de31c88b 2fff695c9c4a4279b76bdf03d1a1efa2 - - default default] Successfully bumped revision number for resource 418da2ab-612b-4855-b536-ad44b9cc23d9 (type: ports) to 2
2026-05-12 17:43:47.222 9 INFO neutron.db.ovn_revision_numbers_db [None req-7f35db82-6025-4f9c-a336-e32d42ab5c1c f8d29402da4c43569785d536de31c88b 2fff695c9c4a4279b76bdf03d1a1efa2 - - default default] Successfully bumped revision number for resource bc9d96df-dbbf-4f0a-b46c-80b34c19ae18 (type: subnets) to 0
2026-05-12 17:43:47.249 9 INFO neutron.wsgi [None req-7f35db82-6025-4f9c-a336-e32d42ab5c1c f8d29402da4c43569785d536de31c88b 2fff695c9c4a4279b76bdf03d1a1efa2 - - default default] 10.0.0.10 "POST /v2.0/subnets HTTP/1.1" status: 201 len: 804 time: 0.8611414
2026-05-12 17:43:47.304 9 INFO neutron.wsgi [None req-26c3dc64-6af2-46a4-8061-89aa4aeb841b f8d29402da4c43569785d536de31c88b 2fff695c9c4a4279b76bdf03d1a1efa2 - - default default] 10.0.0.10 "PUT /v2.0/subnets/4d79773a-bc89-49e0-a343-2169b00a28db/tags HTTP/1.1" status: 200 len: 210 time: 0.0491397
2026-05-12 17:43:47.371 9 INFO neutron.wsgi [None req-879aa45b-d77f-4010-bed8-329170aa3abf f8d29402da4c43569785d536de31c88b 2fff695c9c4a4279b76bdf03d1a1efa2 - - default default] 10.0.0.10 "PUT /v2.0/subnets/107efe52-bd0b-412d-8b09-b58eeb54e773/tags HTTP/1.1" status: 200 len: 218 time: 0.0615196
2026-05-12 17:43:47.457 9 INFO neutron.wsgi [None req-bf172036-2637-4884-8dbc-69f30e62971e f8d29402da4c43569785d536de31c88b 2fff695c9c4a4279b76bdf03d1a1efa2 - - default default] 10.0.0.10 "PUT /v2.0/subnets/de7b467e-1883-4017-a641-468d6e3d1984/tags HTTP/1.1" status: 200 len: 227 time: 0.0795884
2026-05-12 17:43:47.507 9 INFO neutron.wsgi [None req-9919f4f5-2728-4c6f-a6a5-11a42735599b f8d29402da4c43569785d536de31c88b 2fff695c9c4a4279b76bdf03d1a1efa2 - - default default] 10.0.0.10 "PUT /v2.0/subnets/55c4df98-8db2-4afb-bacd-a064df4f97c4/tags HTTP/1.1" status: 200 len: 212 time: 0.0463579
2026-05-12 17:43:47.575 9 INFO neutron.wsgi [None req-6f0c0b84-2c90-4d0d-92ef-41b739160c21 f8d29402da4c43569785d536de31c88b 2fff695c9c4a4279b76bdf03d1a1efa2 - - default default] 10.0.0.10 "GET /v2.0/subnets?tags=red HTTP/1.1" status: 200 len: 2027 time: 0.0618327
2026-05-12 17:43:47.652 10 INFO neutron.wsgi [None req-ba8ce325-f880-4daa-bd4e-9d0ccdde1488 6b4c5e6b20194522ae8751eb8146da01 5499d54aec2e45edb63bc49eb8e062a4 - - default default] 10.0.0.10 "PUT /v2.0/routers/7610edb8-bae9-4cdb-9e6b-1428ed0a4f25/remove_router_interface HTTP/1.1" status: 200 len: 503 time: 1.9132600
2026-05-12 17:43:47.653 9 INFO neutron.wsgi [None req-fc52084a-baad-4f9e-89df-114430f6a622 f8d29402da4c43569785d536de31c88b 2fff695c9c4a4279b76bdf03d1a1efa2 - - default default] 10.0.0.10 "GET /v2.0/subnets?tags=red%2Cblue HTTP/1.1" status: 200 len: 1430 time: 0.0720284
2026-05-12 17:43:47.733 9 INFO neutron.wsgi [None req-1a1304b7-78d8-41be-bf8d-b1c0da52903e f8d29402da4c43569785d536de31c88b 2fff695c9c4a4279b76bdf03d1a1efa2 - - default default] 10.0.0.10 "GET /v2.0/subnets?tags-any=blue HTTP/1.1" status: 200 len: 1430 time: 0.0742395
2026-05-12 17:43:47.795 9 INFO neutron.wsgi [None req-799af103-dffa-413c-8251-edeebd4f1232 f8d29402da4c43569785d536de31c88b 2fff695c9c4a4279b76bdf03d1a1efa2 - - default default] 10.0.0.10 "GET /v2.0/subnets?tags-any=red%2Cblue HTTP/1.1" status: 200 len: 2027 time: 0.0424199
2026-05-12 17:43:48.043 10 INFO neutron.db.ovn_revision_numbers_db [None req-0c41f2a2-ac67-4c64-827b-9b822717b468 102314db2b294039acb6fe646f784e20 dd4a55d4985348a5897907610f165df8 - - default default] Successfully bumped revision number for resource 3b6e4270-539c-43d4-8a8c-f8b5c8750cbe (type: ports) to 2
2026-05-12 17:43:48.079 10 INFO neutron.db.ovn_revision_numbers_db [None req-0c41f2a2-ac67-4c64-827b-9b822717b468 102314db2b294039acb6fe646f784e20 dd4a55d4985348a5897907610f165df8 - - default default] Successfully bumped revision number for resource b2fd0d29-d80f-4199-ab48-b252f8874c14 (type: subnets) to 0
2026-05-12 17:43:48.102 10 INFO neutron.wsgi [None req-0c41f2a2-ac67-4c64-827b-9b822717b468 102314db2b294039acb6fe646f784e20 dd4a55d4985348a5897907610f165df8 - - default default] 10.0.0.10 "POST /v2.0/subnets HTTP/1.1" status: 201 len: 801 time: 1.4764316 /var/lib/openstack/lib/python3.10/site-packages/pycadf/identifier.py:71: UserWarning: Invalid uuid: neutron. To ensure interoperability, identifiers should be a valid uuid. warnings.warn(('Invalid uuid: %s. To ensure interoperability, '
2026-05-12 17:43:48.113 10 WARNING neutron_lib.context [None req-c8d9bab3-9a8a-4d82-b5d3-c8fd8d9a7046 102314db2b294039acb6fe646f784e20 dd4a55d4985348a5897907610f165df8 - - default default] Method 'is_advsvc' is deprecated since 2023.2 release (neutron-lib 3.8.0) and will be removed once support for the old RBAC API policies will be removed from Neutron. Please use method 'is_service_role' instead.
2026-05-12 17:43:48.142 9 INFO neutron.wsgi [None req-34cefa5f-838e-4df9-bbd7-3c8d14521dd8 f8d29402da4c43569785d536de31c88b 2fff695c9c4a4279b76bdf03d1a1efa2 - - default default] 10.0.0.10 "GET /v2.0/subnets?not-tags=red HTTP/1.1" status: 200 len: 2018 time: 0.3393347
2026-05-12 17:43:48.221 9 INFO neutron.wsgi [None req-bb152ad7-59e4-4f45-bc8d-59f90cabcf8a f8d29402da4c43569785d536de31c88b 2fff695c9c4a4279b76bdf03d1a1efa2 - - default default] 10.0.0.10 "GET /v2.0/subnets?not-tags=red%2Cblue HTTP/1.1" status: 200 len: 2615 time: 0.0733321
2026-05-12 17:43:48.299 9 INFO neutron.wsgi [None req-28d1ca94-8624-463d-8826-74a22067600f f8d29402da4c43569785d536de31c88b 2fff695c9c4a4279b76bdf03d1a1efa2 - - default default] 10.0.0.10 "GET /v2.0/subnets?not-tags-any=blue HTTP/1.1" status: 200 len: 2615 time: 0.0692828
2026-05-12 17:43:48.357 9 INFO neutron.wsgi [None req-e5ac8c70-86ad-4a83-9db2-ffb5ab85322c f8d29402da4c43569785d536de31c88b 2fff695c9c4a4279b76bdf03d1a1efa2 - - default default] 10.0.0.10 "GET /v2.0/subnets?not-tags-any=red%2Cblue HTTP/1.1" status: 200 len: 2018 time: 0.0524523
2026-05-12 17:43:48.738 10 INFO neutron.wsgi [None req-ed9a1f3c-63bf-4cd5-8a30-71c244bda745 f8d29402da4c43569785d536de31c88b 2fff695c9c4a4279b76bdf03d1a1efa2 - - default default] 10.0.0.10 "DELETE /v2.0/subnets/4d79773a-bc89-49e0-a343-2169b00a28db HTTP/1.1" status: 204 len: 168 time: 0.3738110
2026-05-12 17:43:48.887 10 WARNING neutron.scheduler.dhcp_agent_scheduler [None req-c8d9bab3-9a8a-4d82-b5d3-c8fd8d9a7046 102314db2b294039acb6fe646f784e20 dd4a55d4985348a5897907610f165df8 - - default default] No more DHCP agents
2026-05-12 17:43:48.892 10 WARNING neutron.api.rpc.agentnotifiers.dhcp_rpc_agent_api [None req-c8d9bab3-9a8a-4d82-b5d3-c8fd8d9a7046 102314db2b294039acb6fe646f784e20 dd4a55d4985348a5897907610f165df8 - - default default] Unable to schedule network 59ab5d54-7f78-4e46-af26-62d646e192f9: no agents available; will retry on subsequent port and subnet creation events.
2026-05-12 17:43:48.970 9 INFO neutron.wsgi [None req-aba46b8e-cc5b-4d38-b26d-1e1ad99c0a95 6b4c5e6b20194522ae8751eb8146da01 5499d54aec2e45edb63bc49eb8e062a4 - - default default] 10.0.0.10 "DELETE /v2.0/routers/7610edb8-bae9-4cdb-9e6b-1428ed0a4f25 HTTP/1.1" status: 204 len: 168 time: 1.3107839
2026-05-12 17:43:49.154 10 INFO neutron.wsgi [None req-56e42040-b0a7-4bfc-8506-3ab27ecb0f32 f8d29402da4c43569785d536de31c88b 2fff695c9c4a4279b76bdf03d1a1efa2 - - default default] 10.0.0.10 "DELETE /v2.0/subnets/107efe52-bd0b-412d-8b09-b58eeb54e773 HTTP/1.1" status: 204 len: 168 time: 0.4097300
2026-05-12 17:43:49.245 10 INFO neutron.db.ovn_revision_numbers_db [None req-c8d9bab3-9a8a-4d82-b5d3-c8fd8d9a7046 102314db2b294039acb6fe646f784e20 dd4a55d4985348a5897907610f165df8 - - default default] Successfully bumped revision number for resource 28190437-43bf-4e86-a305-8d5a79c1713d (type: ports) to 1
2026-05-12 17:43:49.295 9 INFO neutron.wsgi [None req-2edca263-5653-4b18-9169-aed3a0a88d41 6b4c5e6b20194522ae8751eb8146da01 5499d54aec2e45edb63bc49eb8e062a4 - - default default] 10.0.0.10 "DELETE /v2.0/subnets/28327a13-ff9e-4138-99bc-b5f1c0961754 HTTP/1.1" status: 204 len: 168 time: 0.3210156
2026-05-12 17:43:49.412 9 INFO neutron.wsgi [None req-7418c442-6177-4d8f-8a91-d29762762674 f8d29402da4c43569785d536de31c88b 2fff695c9c4a4279b76bdf03d1a1efa2 - - default default] 10.0.0.10 "DELETE /v2.0/subnets/de7b467e-1883-4017-a641-468d6e3d1984 HTTP/1.1" status: 204 len: 168 time: 0.2440453
2026-05-12 17:43:49.608 9 INFO neutron.wsgi [None req-7adf9755-b048-4762-a5fd-2f99fb45ea8f f8d29402da4c43569785d536de31c88b 2fff695c9c4a4279b76bdf03d1a1efa2 - - default default] 10.0.0.10 "DELETE /v2.0/subnets/55c4df98-8db2-4afb-bacd-a064df4f97c4 HTTP/1.1" status: 204 len: 168 time: 0.1881173
2026-05-12 17:43:49.828 9 INFO neutron.wsgi [None req-8c8cf247-986b-4245-af39-075eaa8ea96b f8d29402da4c43569785d536de31c88b 2fff695c9c4a4279b76bdf03d1a1efa2 - - default default] 10.0.0.10 "DELETE /v2.0/subnets/bc9d96df-dbbf-4f0a-b46c-80b34c19ae18 HTTP/1.1" status: 204 len: 168 time: 0.2151759
2026-05-12 17:43:50.112 10 INFO neutron.services.segments.plugin [-] Segment b887b6e6-a662-41c4-a65b-fe5edffa102f resource provider aggregate not found
2026-05-12 17:43:50.116 10 INFO neutron.services.segments.plugin [-] Segment b887b6e6-a662-41c4-a65b-fe5edffa102f resource provider aggregate not found
2026-05-12 17:43:50.136 10 INFO neutron.services.segments.plugin [-] Segment b887b6e6-a662-41c4-a65b-fe5edffa102f resource provider not found; error: Placement Client Error (4xx): {"errors": [{"status": 404, "title": "Not Found", "detail": "The resource could not be found.\n\n No resource provider with uuid b887b6e6-a662-41c4-a65b-fe5edffa102f found for delete ", "request_id": "req-6e17a379-2ca3-4d55-9341-13fccb549341"}]}
2026-05-12 17:43:50.137 10 INFO neutron.services.segments.plugin [-] Segment b887b6e6-a662-41c4-a65b-fe5edffa102f resource provider not found; error: Placement Client Error (4xx): {"errors": [{"status": 404, "title": "Not Found", "detail": "The resource could not be found.\n\n No resource provider with uuid b887b6e6-a662-41c4-a65b-fe5edffa102f found for delete ", "request_id": "req-86ac981c-209d-4820-b5c9-f3f4f7611a9f"}]}
