2026-05-12 17:42:01.556 10 INFO neutron.db.ovn_revision_numbers_db [None req-eb05a0ad-b0ca-401e-b995-9ba1a385101f b6b7dadde55140a1abc7919a1345e866 e4568f655de54b83947a30fc8e02f8ee - - default default] Successfully bumped revision number for resource 32374876-c620-4521-b863-b603ce8275e5 (type: floatingips) to -1
2026-05-12 17:42:01.559 10 INFO neutron.db.ovn_revision_numbers_db [None req-628edc5d-ebfd-4aaf-aa8c-10c542e0df7d efa88a7dc6ee46fbb80638be6da2dfae 93b3a4aa96c44e3d8fbfd5c6b59eba4c - - default default] Successfully bumped revision number for resource d9dc06dd-12f8-489f-be95-72bb6c216539 (type: networks) to 1
2026-05-12 17:42:01.614 9 INFO neutron.wsgi [None req-52cd940c-0ae5-411e-8d2b-6c4e5752f96a 53c893a683bb4b868d27ebda621d0798 6d2e4ac61b68429395b305053f9bd74e - - default default] 10.0.0.10 "GET /v2.0/ports/2bb674bf-1ff3-47e1-9744-c8451cf5a291 HTTP/1.1" status: 200 len: 1137 time: 0.0557685
2026-05-12 17:42:01.620 9 WARNING neutron.scheduler.dhcp_agent_scheduler [None req-ef693e30-8372-4490-8b29-39f042ec54f4 f858cc8ba63a426fbb9bd85ef291e089 e603b83e57dc45a8a5f65f31b6937711 - - default default] No more DHCP agents
2026-05-12 17:42:01.626 9 WARNING neutron.api.rpc.agentnotifiers.dhcp_rpc_agent_api [None req-ef693e30-8372-4490-8b29-39f042ec54f4 f858cc8ba63a426fbb9bd85ef291e089 e603b83e57dc45a8a5f65f31b6937711 - - default default] Unable to schedule network e06cafed-fb87-492f-b6b5-0a99856e0eeb: no agents available; will retry on subsequent port and subnet creation events.
2026-05-12 17:42:01.744 10 INFO neutron.db.ovn_revision_numbers_db [None req-eb05a0ad-b0ca-401e-b995-9ba1a385101f b6b7dadde55140a1abc7919a1345e866 e4568f655de54b83947a30fc8e02f8ee - - default default] Successfully bumped revision number for resource 32374876-c620-4521-b863-b603ce8275e5 (type: floatingips) to 1
2026-05-12 17:42:01.745 10 INFO neutron.db.l3_db [None req-eb05a0ad-b0ca-401e-b995-9ba1a385101f b6b7dadde55140a1abc7919a1345e866 e4568f655de54b83947a30fc8e02f8ee - - default default] Floating IP 32374876-c620-4521-b863-b603ce8275e5 associated. External IP: 10.96.250.202, port: 67f574bf-b718-4abe-892b-42fa6f39e37c.
2026-05-12 17:42:01.812 10 INFO neutron.wsgi [None req-eb05a0ad-b0ca-401e-b995-9ba1a385101f b6b7dadde55140a1abc7919a1345e866 e4568f655de54b83947a30fc8e02f8ee - - default default] 10.0.0.10 "POST /v2.0/floatingips HTTP/1.1" status: 201 len: 1055 time: 1.8716908 /var/lib/openstack/lib/python3.10/site-packages/pycadf/identifier.py:71: UserWarning: Invalid uuid: neutron. To ensure interoperability, identifiers should be a valid uuid. warnings.warn(('Invalid uuid: %s. To ensure interoperability, '
2026-05-12 17:42:01.827 10 WARNING neutron.scheduler.dhcp_agent_scheduler [None req-628edc5d-ebfd-4aaf-aa8c-10c542e0df7d efa88a7dc6ee46fbb80638be6da2dfae 93b3a4aa96c44e3d8fbfd5c6b59eba4c - - default default] No more DHCP agents
2026-05-12 17:42:01.832 9 INFO neutron.db.ovn_revision_numbers_db [None req-0598d071-2ca4-4675-b709-3cb2fa70dbe6 - - - - - -] Successfully bumped revision number for resource 2bb674bf-1ff3-47e1-9744-c8451cf5a291 (type: ports) to 2
2026-05-12 17:42:01.836 9 INFO neutron.db.ovn_revision_numbers_db [None req-ef693e30-8372-4490-8b29-39f042ec54f4 f858cc8ba63a426fbb9bd85ef291e089 e603b83e57dc45a8a5f65f31b6937711 - - default default] Successfully bumped revision number for resource 4a2008bd-fca3-4b8a-be95-1f7ed84219ca (type: ports) to 1
2026-05-12 17:42:01.854 10 WARNING neutron.api.rpc.agentnotifiers.dhcp_rpc_agent_api [None req-628edc5d-ebfd-4aaf-aa8c-10c542e0df7d efa88a7dc6ee46fbb80638be6da2dfae 93b3a4aa96c44e3d8fbfd5c6b59eba4c - - default default] Unable to schedule network d9dc06dd-12f8-489f-be95-72bb6c216539: no agents available; will retry on subsequent port and subnet creation events.
2026-05-12 17:42:01.912 9 INFO neutron.wsgi [None req-ef693e30-8372-4490-8b29-39f042ec54f4 f858cc8ba63a426fbb9bd85ef291e089 e603b83e57dc45a8a5f65f31b6937711 - - default default] 10.0.0.10 "POST /v2.0/networks HTTP/1.1" status: 201 len: 830 time: 0.8613029
2026-05-12 17:42:01.918 10 INFO neutron.wsgi [None req-7f0d46d0-53bc-4c5b-a99b-3946ccfa95fd b6b7dadde55140a1abc7919a1345e866 e4568f655de54b83947a30fc8e02f8ee - - default default] 10.0.0.10 "GET /v2.0/floatingips/32374876-c620-4521-b863-b603ce8275e5 HTTP/1.1" status: 200 len: 1052 time: 0.0990086
2026-05-12 17:42:01.941 9 WARNING neutron_lib.context [None req-f4e927fc-bd6a-4d54-88f9-4be1251fa634 f858cc8ba63a426fbb9bd85ef291e089 e603b83e57dc45a8a5f65f31b6937711 - - default default] Method 'is_advsvc' is deprecated since 2023.2 release (neutron-lib 3.8.0) and will be removed once support for the old RBAC API policies will be removed from Neutron. Please use method 'is_service_role' instead.
2026-05-12 17:42:01.980 10 INFO neutron.db.ovn_revision_numbers_db [None req-628edc5d-ebfd-4aaf-aa8c-10c542e0df7d efa88a7dc6ee46fbb80638be6da2dfae 93b3a4aa96c44e3d8fbfd5c6b59eba4c - - default default] Successfully bumped revision number for resource 6b6e3795-4858-4ab7-a98d-81e9228b930f (type: ports) to 1
2026-05-12 17:42:02.032 10 INFO neutron.notifiers.nova [-] Nova event matching ['req-4765060f-af0a-4794-8b0e-8c17a2db7a73'] response: {'name': 'network-changed', 'server_uuid': '4de42c1b-3a1a-4736-9ffd-c87b05435e17', 'tag': '67f574bf-b718-4abe-892b-42fa6f39e37c', 'status': 'completed', 'code': 200}
2026-05-12 17:42:02.063 10 INFO neutron.db.ovn_revision_numbers_db [None req-628edc5d-ebfd-4aaf-aa8c-10c542e0df7d efa88a7dc6ee46fbb80638be6da2dfae 93b3a4aa96c44e3d8fbfd5c6b59eba4c - - default default] Successfully bumped revision number for resource 0db127a9-c2dd-496b-8479-deec0710184a (type: networks) to 1
2026-05-12 17:42:02.129 9 INFO neutron.wsgi [req-90eb6082-44ef-4093-9624-8f6d67199c83 req-50ae11e7-3d53-4723-ae9e-e2179f5ea6e6 d29ffc22dbc548029f6f538cdace1a2f 32d37bd481b44e8f81bf2236fdaee27f - - b1dd350c040745ada743c8d896724cf9 b1dd350c040745ada743c8d896724cf9] 199.19.213.15 "GET /v2.0/ports?tenant_id=e4568f655de54b83947a30fc8e02f8ee&device_id=4de42c1b-3a1a-4736-9ffd-c87b05435e17 HTTP/1.1" status: 200 len: 1413 time: 0.0775335
2026-05-12 17:42:02.286 10 WARNING neutron.scheduler.dhcp_agent_scheduler [None req-628edc5d-ebfd-4aaf-aa8c-10c542e0df7d efa88a7dc6ee46fbb80638be6da2dfae 93b3a4aa96c44e3d8fbfd5c6b59eba4c - - default default] No more DHCP agents
2026-05-12 17:42:02.288 10 WARNING neutron.api.rpc.agentnotifiers.dhcp_rpc_agent_api [None req-628edc5d-ebfd-4aaf-aa8c-10c542e0df7d efa88a7dc6ee46fbb80638be6da2dfae 93b3a4aa96c44e3d8fbfd5c6b59eba4c - - default default] Unable to schedule network 0db127a9-c2dd-496b-8479-deec0710184a: no agents available; will retry on subsequent port and subnet creation events.
2026-05-12 17:42:02.368 10 INFO neutron.db.ovn_revision_numbers_db [None req-628edc5d-ebfd-4aaf-aa8c-10c542e0df7d efa88a7dc6ee46fbb80638be6da2dfae 93b3a4aa96c44e3d8fbfd5c6b59eba4c - - default default] Successfully bumped revision number for resource 33e21eec-9dda-438b-ac6e-b57d9357cfe1 (type: ports) to 1
2026-05-12 17:42:02.391 10 INFO neutron.wsgi [None req-628edc5d-ebfd-4aaf-aa8c-10c542e0df7d efa88a7dc6ee46fbb80638be6da2dfae 93b3a4aa96c44e3d8fbfd5c6b59eba4c - - default default] 10.0.0.10 "POST /v2.0/networks HTTP/1.1" status: 201 len: 1445 time: 2.1451552
2026-05-12 17:42:02.438 9 INFO neutron.db.ovn_revision_numbers_db [None req-0598d071-2ca4-4675-b709-3cb2fa70dbe6 - - - - - -] Successfully bumped revision number for resource 2bb674bf-1ff3-47e1-9744-c8451cf5a291 (type: router_ports) to 2
2026-05-12 17:42:02.455 9 INFO neutron.wsgi [req-90eb6082-44ef-4093-9624-8f6d67199c83 req-189b0672-ebff-4bd2-b687-6fe4bea81044 d29ffc22dbc548029f6f538cdace1a2f 32d37bd481b44e8f81bf2236fdaee27f - - b1dd350c040745ada743c8d896724cf9 b1dd350c040745ada743c8d896724cf9] 199.19.213.15 "GET /v2.0/networks?id=79d6e926-7285-4e8c-8a83-bb4423c01e91 HTTP/1.1" status: 200 len: 959 time: 0.3134139
2026-05-12 17:42:02.474 10 INFO neutron.wsgi [None req-b333be39-a90a-45fd-a7aa-b994fc433ae8 efa88a7dc6ee46fbb80638be6da2dfae 93b3a4aa96c44e3d8fbfd5c6b59eba4c - - default default] 10.0.0.10 "GET /v2.0/networks HTTP/1.1" status: 200 len: 2051 time: 0.0782707
2026-05-12 17:42:02.581 9 INFO neutron.wsgi [req-90eb6082-44ef-4093-9624-8f6d67199c83 req-76f86b9c-d71c-48f3-9956-dd16052f5dac d29ffc22dbc548029f6f538cdace1a2f 32d37bd481b44e8f81bf2236fdaee27f - - b1dd350c040745ada743c8d896724cf9 b1dd350c040745ada743c8d896724cf9] 199.19.213.15 "GET /v2.0/floatingips?fixed_ip_address=10.100.0.11&port_id=67f574bf-b718-4abe-892b-42fa6f39e37c HTTP/1.1" status: 200 len: 1060 time: 0.1172509
2026-05-12 17:42:02.674 9 INFO neutron.wsgi [req-90eb6082-44ef-4093-9624-8f6d67199c83 req-88d48c6b-2e65-470c-8fc9-db57f1a6a7e3 d29ffc22dbc548029f6f538cdace1a2f 32d37bd481b44e8f81bf2236fdaee27f - - b1dd350c040745ada743c8d896724cf9 b1dd350c040745ada743c8d896724cf9] 199.19.213.15 "GET /v2.0/subnets?id=57f48409-c8aa-4f9a-8407-1a6a938a7576 HTTP/1.1" status: 200 len: 852 time: 0.0790122
2026-05-12 17:42:02.705 9 WARNING neutron.scheduler.dhcp_agent_scheduler [None req-f4e927fc-bd6a-4d54-88f9-4be1251fa634 f858cc8ba63a426fbb9bd85ef291e089 e603b83e57dc45a8a5f65f31b6937711 - - default default] No more DHCP agents
2026-05-12 17:42:02.716 9 WARNING neutron.api.rpc.agentnotifiers.dhcp_rpc_agent_api [None req-f4e927fc-bd6a-4d54-88f9-4be1251fa634 f858cc8ba63a426fbb9bd85ef291e089 e603b83e57dc45a8a5f65f31b6937711 - - default default] Unable to schedule network e06cafed-fb87-492f-b6b5-0a99856e0eeb: no agents available; will retry on subsequent port and subnet creation events.
2026-05-12 17:42:02.723 9 INFO neutron.wsgi [req-90eb6082-44ef-4093-9624-8f6d67199c83 req-92755f7c-d951-414e-8c1e-9a26a64b186a d29ffc22dbc548029f6f538cdace1a2f 32d37bd481b44e8f81bf2236fdaee27f - - b1dd350c040745ada743c8d896724cf9 b1dd350c040745ada743c8d896724cf9] 199.19.213.15 "GET /v2.0/ports?network_id=79d6e926-7285-4e8c-8a83-bb4423c01e91&device_owner=network%3Adhcp HTTP/1.1" status: 200 len: 210 time: 0.0404253
2026-05-12 17:42:02.822 10 INFO neutron.services.segments.plugin [-] Segment 2ff112da-5db6-49d0-8cba-f0150ce64e9e resource provider aggregate not found
2026-05-12 17:42:02.831 10 INFO neutron.services.segments.plugin [-] Segment 2ff112da-5db6-49d0-8cba-f0150ce64e9e resource provider aggregate not found
2026-05-12 17:42:02.836 10 INFO neutron.services.segments.plugin [-] Segment 2ff112da-5db6-49d0-8cba-f0150ce64e9e resource provider not found; error: Placement Client Error (4xx): {"errors": [{"status": 404, "title": "Not Found", "detail": "The resource could not be found.\n\n No resource provider with uuid 2ff112da-5db6-49d0-8cba-f0150ce64e9e found for delete ", "request_id": "req-6f02a8d4-d258-4beb-bf2a-926fc6f22bbc"}]}
2026-05-12 17:42:02.848 10 INFO neutron.services.segments.plugin [-] Segment 2ff112da-5db6-49d0-8cba-f0150ce64e9e resource provider not found; error: Placement Client Error (4xx): {"errors": [{"status": 404, "title": "Not Found", "detail": "The resource could not be found.\n\n No resource provider with uuid 2ff112da-5db6-49d0-8cba-f0150ce64e9e found for delete ", "request_id": "req-43fe6815-b2e9-4443-bd34-db305b053df7"}]}
2026-05-12 17:42:02.865 10 INFO neutron.wsgi [None req-60dd382b-67be-4cdb-8c01-22d9a42e5643 efa88a7dc6ee46fbb80638be6da2dfae 93b3a4aa96c44e3d8fbfd5c6b59eba4c - - default default] 10.0.0.10 "DELETE /v2.0/networks/d9dc06dd-12f8-489f-be95-72bb6c216539 HTTP/1.1" status: 204 len: 168 time: 0.3866854
2026-05-12 17:42:02.875 9 INFO neutron.wsgi [req-90eb6082-44ef-4093-9624-8f6d67199c83 req-644c193e-0574-4ea4-9c3b-f11e0869595c d29ffc22dbc548029f6f538cdace1a2f 32d37bd481b44e8f81bf2236fdaee27f - - b1dd350c040745ada743c8d896724cf9 b1dd350c040745ada743c8d896724cf9] 199.19.213.15 "GET /v2.0/networks/79d6e926-7285-4e8c-8a83-bb4423c01e91?fields=segments HTTP/1.1" status: 200 len: 212 time: 0.1416883
2026-05-12 17:42:02.999 9 INFO neutron.wsgi [req-90eb6082-44ef-4093-9624-8f6d67199c83 req-70200255-be56-4ed9-a35d-495c72bfa7dc d29ffc22dbc548029f6f538cdace1a2f 32d37bd481b44e8f81bf2236fdaee27f - - b1dd350c040745ada743c8d896724cf9 b1dd350c040745ada743c8d896724cf9] 199.19.213.15 "GET /v2.0/networks/79d6e926-7285-4e8c-8a83-bb4423c01e91?fields=provider%3Aphysical_network&fields=provider%3Anetwork_type HTTP/1.1" status: 200 len: 277 time: 0.1180136
2026-05-12 17:42:03.286 10 INFO neutron.wsgi [None req-c4911c40-a0c1-453a-952d-0d8a1e35a7d6 efa88a7dc6ee46fbb80638be6da2dfae 93b3a4aa96c44e3d8fbfd5c6b59eba4c - - default default] 10.0.0.10 "DELETE /v2.0/networks/0db127a9-c2dd-496b-8479-deec0710184a HTTP/1.1" status: 204 len: 168 time: 0.4161930
2026-05-12 17:42:03.299 9 INFO neutron.wsgi [None req-d6e86c01-39cb-4733-a393-4339214cc6eb 53c893a683bb4b868d27ebda621d0798 6d2e4ac61b68429395b305053f9bd74e - - default default] 10.0.0.10 "PUT /v2.0/routers/d8454c9d-e97f-4a15-87bf-6b2319e6bee7/remove_router_interface HTTP/1.1" status: 200 len: 503 time: 1.6782897
2026-05-12 17:42:03.380 10 INFO neutron.wsgi [None req-c5a9cabe-0cf6-4cff-be54-f9d78c8841d7 efa88a7dc6ee46fbb80638be6da2dfae 93b3a4aa96c44e3d8fbfd5c6b59eba4c - - default default] 10.0.0.10 "GET /v2.0/networks HTTP/1.1" status: 200 len: 845 time: 0.0866628 /var/lib/openstack/lib/python3.10/site-packages/pycadf/identifier.py:71: UserWarning: Invalid uuid: neutron. To ensure interoperability, identifiers should be a valid uuid. warnings.warn(('Invalid uuid: %s. To ensure interoperability, '
2026-05-12 17:42:03.394 9 WARNING neutron_lib.context [None req-52413c48-242a-4f4f-b3e4-e52e941624a9 efa88a7dc6ee46fbb80638be6da2dfae 93b3a4aa96c44e3d8fbfd5c6b59eba4c - - default default] Method 'is_advsvc' is deprecated since 2023.2 release (neutron-lib 3.8.0) and will be removed once support for the old RBAC API policies will be removed from Neutron. Please use method 'is_service_role' instead.
2026-05-12 17:42:03.406 10 INFO neutron.wsgi [None req-5aa0f242-8bec-4d34-942a-d549faa12d52 53c893a683bb4b868d27ebda621d0798 6d2e4ac61b68429395b305053f9bd74e - - default default] 10.0.0.10 "GET /v2.0/ports/e5bc99a7-3ed3-4abd-8c08-dafba633b5e4 HTTP/1.1" status: 200 len: 1137 time: 0.1039641
2026-05-12 17:42:03.533 9 INFO neutron.db.segments_db [None req-52413c48-242a-4f4f-b3e4-e52e941624a9 efa88a7dc6ee46fbb80638be6da2dfae 93b3a4aa96c44e3d8fbfd5c6b59eba4c - - default default] Added segment fc42407c-49b5-4de9-901c-ff446f11c9bf of type geneve for network ad276363-d65b-4393-bb51-69960d62d3f0
2026-05-12 17:42:03.537 9 INFO neutron.db.ovn_revision_numbers_db [None req-f4e927fc-bd6a-4d54-88f9-4be1251fa634 f858cc8ba63a426fbb9bd85ef291e089 e603b83e57dc45a8a5f65f31b6937711 - - default default] Successfully bumped revision number for resource 4a2008bd-fca3-4b8a-be95-1f7ed84219ca (type: ports) to 2
2026-05-12 17:42:03.598 9 INFO neutron.db.ovn_revision_numbers_db [None req-f4e927fc-bd6a-4d54-88f9-4be1251fa634 f858cc8ba63a426fbb9bd85ef291e089 e603b83e57dc45a8a5f65f31b6937711 - - default default] Successfully bumped revision number for resource 12ae2577-5f51-447e-8173-1de0597e2ffb (type: subnets) to 0
2026-05-12 17:42:03.618 9 INFO neutron.wsgi [None req-f4e927fc-bd6a-4d54-88f9-4be1251fa634 f858cc8ba63a426fbb9bd85ef291e089 e603b83e57dc45a8a5f65f31b6937711 - - default default] 10.0.0.10 "POST /v2.0/subnets HTTP/1.1" status: 201 len: 801 time: 1.6850677
2026-05-12 17:42:03.634 9 WARNING neutron_lib.context [None req-a0640c3a-cd3f-445a-86e3-bbe1529d0c57 f858cc8ba63a426fbb9bd85ef291e089 e603b83e57dc45a8a5f65f31b6937711 - - default default] Method 'is_advsvc' is deprecated since 2023.2 release (neutron-lib 3.8.0) and will be removed once support for the old RBAC API policies will be removed from Neutron. Please use method 'is_service_role' instead.
2026-05-12 17:42:03.726 9 INFO neutron.db.ovn_revision_numbers_db [None req-52413c48-242a-4f4f-b3e4-e52e941624a9 efa88a7dc6ee46fbb80638be6da2dfae 93b3a4aa96c44e3d8fbfd5c6b59eba4c - - default default] Successfully bumped revision number for resource ad276363-d65b-4393-bb51-69960d62d3f0 (type: networks) to 1
2026-05-12 17:42:03.967 9 WARNING neutron.scheduler.dhcp_agent_scheduler [None req-52413c48-242a-4f4f-b3e4-e52e941624a9 efa88a7dc6ee46fbb80638be6da2dfae 93b3a4aa96c44e3d8fbfd5c6b59eba4c - - default default] No more DHCP agents
2026-05-12 17:42:03.972 9 WARNING neutron.api.rpc.agentnotifiers.dhcp_rpc_agent_api [None req-52413c48-242a-4f4f-b3e4-e52e941624a9 efa88a7dc6ee46fbb80638be6da2dfae 93b3a4aa96c44e3d8fbfd5c6b59eba4c - - default default] Unable to schedule network ad276363-d65b-4393-bb51-69960d62d3f0: no agents available; will retry on subsequent port and subnet creation events.
2026-05-12 17:42:04.080 9 INFO neutron.db.ovn_revision_numbers_db [None req-52413c48-242a-4f4f-b3e4-e52e941624a9 efa88a7dc6ee46fbb80638be6da2dfae 93b3a4aa96c44e3d8fbfd5c6b59eba4c - - default default] Successfully bumped revision number for resource b43be69b-7400-4957-8f72-85666ada6c67 (type: ports) to 1
2026-05-12 17:42:04.086 9 WARNING neutron.scheduler.dhcp_agent_scheduler [None req-a0640c3a-cd3f-445a-86e3-bbe1529d0c57 f858cc8ba63a426fbb9bd85ef291e089 e603b83e57dc45a8a5f65f31b6937711 - - default default] No more DHCP agents
2026-05-12 17:42:04.090 9 WARNING neutron.api.rpc.agentnotifiers.dhcp_rpc_agent_api [None req-a0640c3a-cd3f-445a-86e3-bbe1529d0c57 f858cc8ba63a426fbb9bd85ef291e089 e603b83e57dc45a8a5f65f31b6937711 - - default default] Unable to schedule network e06cafed-fb87-492f-b6b5-0a99856e0eeb: no agents available; will retry on subsequent port and subnet creation events.
2026-05-12 17:42:04.114 9 INFO neutron.wsgi [None req-52413c48-242a-4f4f-b3e4-e52e941624a9 efa88a7dc6ee46fbb80638be6da2dfae 93b3a4aa96c44e3d8fbfd5c6b59eba4c - - default default] 10.0.0.10 "POST /v2.0/networks HTTP/1.1" status: 201 len: 849 time: 0.7273061
2026-05-12 17:42:04.130 9 WARNING neutron_lib.context [None req-d1531adc-8eed-4edd-bf8f-3139ef591653 efa88a7dc6ee46fbb80638be6da2dfae 93b3a4aa96c44e3d8fbfd5c6b59eba4c - - default default] Method 'is_advsvc' is deprecated since 2023.2 release (neutron-lib 3.8.0) and will be removed once support for the old RBAC API policies will be removed from Neutron. Please use method 'is_service_role' instead.
2026-05-12 17:42:04.366 10 INFO neutron.wsgi [None req-7df0d260-292f-41a3-a321-1f7f361bbd43 53c893a683bb4b868d27ebda621d0798 6d2e4ac61b68429395b305053f9bd74e - - default default] 10.0.0.10 "PUT /v2.0/routers/d8454c9d-e97f-4a15-87bf-6b2319e6bee7/remove_router_interface HTTP/1.1" status: 200 len: 503 time: 0.9538000 /var/lib/openstack/lib/python3.10/site-packages/pycadf/identifier.py:71: UserWarning: Invalid uuid: neutron. To ensure interoperability, identifiers should be a valid uuid. warnings.warn(('Invalid uuid: %s. To ensure interoperability, '
2026-05-12 17:42:04.388 10 INFO neutron.wsgi [None req-f0f589ff-719d-4eab-9760-40143fa4b721 53c893a683bb4b868d27ebda621d0798 6d2e4ac61b68429395b305053f9bd74e - - default default] 10.0.0.10 "GET /v2.0/ports?device_id=d8454c9d-e97f-4a15-87bf-6b2319e6bee7 HTTP/1.1" status: 200 len: 205 time: 0.0183384
2026-05-12 17:42:04.455 9 INFO neutron.db.segments_db [None req-d1531adc-8eed-4edd-bf8f-3139ef591653 efa88a7dc6ee46fbb80638be6da2dfae 93b3a4aa96c44e3d8fbfd5c6b59eba4c - - default default] Added segment 07871fd4-8fa1-44f9-96e0-3b3bebf27fad of type geneve for network 6c441a3f-68ce-4ded-b602-2bc3aaaf9c34
2026-05-12 17:42:04.547 9 INFO neutron.db.ovn_revision_numbers_db [None req-a0640c3a-cd3f-445a-86e3-bbe1529d0c57 f858cc8ba63a426fbb9bd85ef291e089 e603b83e57dc45a8a5f65f31b6937711 - - default default] Successfully bumped revision number for resource cd9bd6da-6f20-43fd-9ce7-b59725c31fa7 (type: ports) to 1
2026-05-12 17:42:04.593 9 INFO neutron.wsgi [None req-a0640c3a-cd3f-445a-86e3-bbe1529d0c57 f858cc8ba63a426fbb9bd85ef291e089 e603b83e57dc45a8a5f65f31b6937711 - - default default] 10.0.0.10 "POST /v2.0/ports HTTP/1.1" status: 201 len: 1111 time: 0.9664891
2026-05-12 17:42:04.633 9 INFO neutron.db.ovn_revision_numbers_db [None req-d1531adc-8eed-4edd-bf8f-3139ef591653 efa88a7dc6ee46fbb80638be6da2dfae 93b3a4aa96c44e3d8fbfd5c6b59eba4c - - default default] Successfully bumped revision number for resource 6c441a3f-68ce-4ded-b602-2bc3aaaf9c34 (type: networks) to 1
2026-05-12 17:42:04.673 10 INFO neutron.wsgi [None req-179ad816-d357-40b7-8e10-534741b4d8c6 53c893a683bb4b868d27ebda621d0798 6d2e4ac61b68429395b305053f9bd74e - - default default] 10.0.0.10 "DELETE /v2.0/routers/d8454c9d-e97f-4a15-87bf-6b2319e6bee7 HTTP/1.1" status: 204 len: 168 time: 0.2795706
2026-05-12 17:42:04.839 9 WARNING neutron.scheduler.dhcp_agent_scheduler [None req-d1531adc-8eed-4edd-bf8f-3139ef591653 efa88a7dc6ee46fbb80638be6da2dfae 93b3a4aa96c44e3d8fbfd5c6b59eba4c - - default default] No more DHCP agents
2026-05-12 17:42:04.841 9 WARNING neutron.api.rpc.agentnotifiers.dhcp_rpc_agent_api [None req-d1531adc-8eed-4edd-bf8f-3139ef591653 efa88a7dc6ee46fbb80638be6da2dfae 93b3a4aa96c44e3d8fbfd5c6b59eba4c - - default default] Unable to schedule network 6c441a3f-68ce-4ded-b602-2bc3aaaf9c34: no agents available; will retry on subsequent port and subnet creation events.
2026-05-12 17:42:04.861 10 INFO neutron.services.segments.plugin [-] Segment f96eceaf-d4ff-41d0-bc4f-81446acf1186 resource provider aggregate not found
2026-05-12 17:42:04.869 10 INFO neutron.services.segments.plugin [-] Segment f96eceaf-d4ff-41d0-bc4f-81446acf1186 resource provider aggregate not found
2026-05-12 17:42:04.876 10 INFO neutron.services.segments.plugin [-] Segment f96eceaf-d4ff-41d0-bc4f-81446acf1186 resource provider not found; error: Placement Client Error (4xx): {"errors": [{"status": 404, "title": "Not Found", "detail": "The resource could not be found.\n\n No resource provider with uuid f96eceaf-d4ff-41d0-bc4f-81446acf1186 found for delete ", "request_id": "req-349d1211-0030-43a0-a2f6-90b6829fab27"}]}
2026-05-12 17:42:04.884 10 INFO neutron.services.segments.plugin [-] Segment f96eceaf-d4ff-41d0-bc4f-81446acf1186 resource provider not found; error: Placement Client Error (4xx): {"errors": [{"status": 404, "title": "Not Found", "detail": "The resource could not be found.\n\n No resource provider with uuid f96eceaf-d4ff-41d0-bc4f-81446acf1186 found for delete ", "request_id": "req-97deea15-aad9-4512-b71a-37a0b12719c3"}]}
2026-05-12 17:42:04.938 9 INFO neutron.db.ovn_revision_numbers_db [None req-d1531adc-8eed-4edd-bf8f-3139ef591653 efa88a7dc6ee46fbb80638be6da2dfae 93b3a4aa96c44e3d8fbfd5c6b59eba4c - - default default] Successfully bumped revision number for resource f284ca30-59af-4b2f-a73c-54a7c4de0ec5 (type: ports) to 1
2026-05-12 17:42:04.959 9 INFO neutron.wsgi [None req-d1531adc-8eed-4edd-bf8f-3139ef591653 efa88a7dc6ee46fbb80638be6da2dfae 93b3a4aa96c44e3d8fbfd5c6b59eba4c - - default default] 10.0.0.10 "POST /v2.0/networks HTTP/1.1" status: 201 len: 847 time: 0.8371637
2026-05-12 17:42:04.970 10 INFO neutron.wsgi [None req-816a15a3-443b-43a0-b668-1192b9ca5bfb 53c893a683bb4b868d27ebda621d0798 6d2e4ac61b68429395b305053f9bd74e - - default default] 10.0.0.10 "DELETE /v2.0/subnets/fbf321c3-995f-42c0-b70e-460357310a78 HTTP/1.1" status: 204 len: 168 time: 0.2915466
2026-05-12 17:42:04.975 9 WARNING neutron_lib.context [None req-55477738-35d0-4cf0-a311-7da8d461e39a efa88a7dc6ee46fbb80638be6da2dfae 93b3a4aa96c44e3d8fbfd5c6b59eba4c - - default default] Method 'is_advsvc' is deprecated since 2023.2 release (neutron-lib 3.8.0) and will be removed once support for the old RBAC API policies will be removed from Neutron. Please use method 'is_service_role' instead.
2026-05-12 17:42:05.030 9 WARNING neutron_lib.context [None req-55477738-35d0-4cf0-a311-7da8d461e39a efa88a7dc6ee46fbb80638be6da2dfae 93b3a4aa96c44e3d8fbfd5c6b59eba4c - - default default] Method 'is_advsvc' is deprecated since 2023.2 release (neutron-lib 3.8.0) and will be removed once support for the old RBAC API policies will be removed from Neutron. Please use method 'is_service_role' instead.
2026-05-12 17:42:05.165 10 INFO neutron.wsgi [None req-1f5cede1-72d8-4c5e-950c-cf972d38984b f858cc8ba63a426fbb9bd85ef291e089 e603b83e57dc45a8a5f65f31b6937711 - - default default] 10.0.0.10 "DELETE /v2.0/ports/cd9bd6da-6f20-43fd-9ce7-b59725c31fa7 HTTP/1.1" status: 204 len: 168 time: 0.5668368
2026-05-12 17:42:05.194 9 INFO neutron.pecan_wsgi.hooks.translation [None req-5b92168a-df10-42e4-bde8-e239c08a994d f858cc8ba63a426fbb9bd85ef291e089 e603b83e57dc45a8a5f65f31b6937711 - - default default] GET failed (client error): The resource could not be found.
2026-05-12 17:42:05.196 9 INFO neutron.wsgi [None req-5b92168a-df10-42e4-bde8-e239c08a994d f858cc8ba63a426fbb9bd85ef291e089 e603b83e57dc45a8a5f65f31b6937711 - - default default] 10.0.0.10 "GET /v2.0/ports/cd9bd6da-6f20-43fd-9ce7-b59725c31fa7 HTTP/1.1" status: 404 len: 333 time: 0.0259693
2026-05-12 17:42:05.231 10 INFO neutron.wsgi [None req-52eb97bc-64f5-4c93-9c3d-d05994a9bc5a 53c893a683bb4b868d27ebda621d0798 6d2e4ac61b68429395b305053f9bd74e - - default default] 10.0.0.10 "DELETE /v2.0/subnets/a094d6e4-2098-4445-bce0-a9d0ebf6e9ea HTTP/1.1" status: 204 len: 168 time: 0.2563250
2026-05-12 17:42:05.469 10 INFO neutron.wsgi [None req-fdac1d84-61aa-45b3-b11b-1d893ede6270 f858cc8ba63a426fbb9bd85ef291e089 e603b83e57dc45a8a5f65f31b6937711 - - default default] 10.0.0.10 "DELETE /v2.0/subnets/12ae2577-5f51-447e-8173-1de0597e2ffb HTTP/1.1" status: 204 len: 168 time: 0.2667422
2026-05-12 17:42:05.581 9 WARNING neutron.scheduler.dhcp_agent_scheduler [None req-55477738-35d0-4cf0-a311-7da8d461e39a efa88a7dc6ee46fbb80638be6da2dfae 93b3a4aa96c44e3d8fbfd5c6b59eba4c - - default default] No more DHCP agents
2026-05-12 17:42:05.584 9 WARNING neutron.api.rpc.agentnotifiers.dhcp_rpc_agent_api [None req-55477738-35d0-4cf0-a311-7da8d461e39a efa88a7dc6ee46fbb80638be6da2dfae 93b3a4aa96c44e3d8fbfd5c6b59eba4c - - default default] Unable to schedule network ad276363-d65b-4393-bb51-69960d62d3f0: no agents available; will retry on subsequent port and subnet creation events.
2026-05-12 17:42:05.671 9 INFO neutron.db.ovn_revision_numbers_db [None req-55477738-35d0-4cf0-a311-7da8d461e39a efa88a7dc6ee46fbb80638be6da2dfae 93b3a4aa96c44e3d8fbfd5c6b59eba4c - - default default] Successfully bumped revision number for resource b3dea1d7-e73b-4f93-83da-9f57ad530c92 (type: ports) to 1
2026-05-12 17:42:05.699 9 WARNING neutron.scheduler.dhcp_agent_scheduler [None req-55477738-35d0-4cf0-a311-7da8d461e39a efa88a7dc6ee46fbb80638be6da2dfae 93b3a4aa96c44e3d8fbfd5c6b59eba4c - - default default] No more DHCP agents
2026-05-12 17:42:05.701 9 WARNING neutron.api.rpc.agentnotifiers.dhcp_rpc_agent_api [None req-55477738-35d0-4cf0-a311-7da8d461e39a efa88a7dc6ee46fbb80638be6da2dfae 93b3a4aa96c44e3d8fbfd5c6b59eba4c - - default default] Unable to schedule network 6c441a3f-68ce-4ded-b602-2bc3aaaf9c34: no agents available; will retry on subsequent port and subnet creation events.
2026-05-12 17:42:05.743 10 INFO neutron.wsgi [None req-c57ae9ad-05ab-40d3-a276-74530d04d1da 53c893a683bb4b868d27ebda621d0798 6d2e4ac61b68429395b305053f9bd74e - - default default] 10.0.0.10 "DELETE /v2.0/networks/fcc53f99-2a18-4df3-9fe9-17f8b2099777 HTTP/1.1" status: 204 len: 168 time: 0.5073397 /var/lib/openstack/lib/python3.10/site-packages/pycadf/identifier.py:71: UserWarning: Invalid uuid: neutron. To ensure interoperability, identifiers should be a valid uuid. warnings.warn(('Invalid uuid: %s. To ensure interoperability, '
2026-05-12 17:42:05.809 9 INFO neutron.db.ovn_revision_numbers_db [None req-55477738-35d0-4cf0-a311-7da8d461e39a efa88a7dc6ee46fbb80638be6da2dfae 93b3a4aa96c44e3d8fbfd5c6b59eba4c - - default default] Successfully bumped revision number for resource b7a2940a-cb57-44ea-937f-247bce2bc91d (type: ports) to 1
2026-05-12 17:42:05.838 9 INFO neutron.wsgi [None req-55477738-35d0-4cf0-a311-7da8d461e39a efa88a7dc6ee46fbb80638be6da2dfae 93b3a4aa96c44e3d8fbfd5c6b59eba4c - - default default] 10.0.0.10 "POST /v2.0/ports HTTP/1.1" status: 201 len: 1706 time: 0.8741269
2026-05-12 17:42:06.013 10 INFO neutron.wsgi [None req-4a1f6c4f-2e30-415f-94c5-cef823c83e50 efa88a7dc6ee46fbb80638be6da2dfae 93b3a4aa96c44e3d8fbfd5c6b59eba4c - - default default] 10.0.0.10 "GET /v2.0/ports HTTP/1.1" status: 200 len: 3213 time: 0.1693418
2026-05-12 17:42:06.021 10 INFO neutron.wsgi [None req-f96183fe-7d51-4716-b5a0-777b5d312982 f858cc8ba63a426fbb9bd85ef291e089 e603b83e57dc45a8a5f65f31b6937711 - - default default] 10.0.0.10 "DELETE /v2.0/networks/e06cafed-fb87-492f-b6b5-0a99856e0eeb HTTP/1.1" status: 204 len: 168 time: 0.5449631
2026-05-12 17:42:06.033 9 WARNING neutron_lib.context [None req-e60ba345-de83-4d95-b513-90dc4fd4ed0c f858cc8ba63a426fbb9bd85ef291e089 e603b83e57dc45a8a5f65f31b6937711 - - default default] Method 'is_advsvc' is deprecated since 2023.2 release (neutron-lib 3.8.0) and will be removed once support for the old RBAC API policies will be removed from Neutron. Please use method 'is_service_role' instead.
2026-05-12 17:42:06.176 9 INFO neutron.services.segments.plugin [-] Segment 828856f4-a1d5-49c8-b20e-87c1e1043f3f resource provider aggregate not found
2026-05-12 17:42:06.181 9 INFO neutron.services.segments.plugin [-] Segment 828856f4-a1d5-49c8-b20e-87c1e1043f3f resource provider aggregate not found
2026-05-12 17:42:06.200 9 INFO neutron.services.segments.plugin [-] Segment 828856f4-a1d5-49c8-b20e-87c1e1043f3f resource provider not found; error: Placement Client Error (4xx): {"errors": [{"status": 404, "title": "Not Found", "detail": "The resource could not be found.\n\n No resource provider with uuid 828856f4-a1d5-49c8-b20e-87c1e1043f3f found for delete ", "request_id": "req-1b9e158d-ab1d-4ffc-a304-d7409af6b4a4"}]}
2026-05-12 17:42:06.200 9 INFO neutron.services.segments.plugin [-] Segment 828856f4-a1d5-49c8-b20e-87c1e1043f3f resource provider not found; error: Placement Client Error (4xx): {"errors": [{"status": 404, "title": "Not Found", "detail": "The resource could not be found.\n\n No resource provider with uuid 828856f4-a1d5-49c8-b20e-87c1e1043f3f found for delete ", "request_id": "req-54c97c36-434f-4a88-898c-4eadaaa8fe34"}]}
2026-05-12 17:42:06.228 9 INFO neutron.wsgi [None req-d7c17a1b-ed88-4f05-bdb8-f5bae39dd13e 53c893a683bb4b868d27ebda621d0798 6d2e4ac61b68429395b305053f9bd74e - - default default] 10.0.0.10 "DELETE /v2.0/networks/556d5202-d9df-46e5-88b7-330bcc37f4c6 HTTP/1.1" status: 204 len: 168 time: 0.4797099
2026-05-12 17:42:06.243 9 WARNING neutron_lib.context [None req-641bdb1e-02a8-4d98-870f-f74f5b4a954f 53c893a683bb4b868d27ebda621d0798 6d2e4ac61b68429395b305053f9bd74e - - default default] Method 'is_advsvc' is deprecated since 2023.2 release (neutron-lib 3.8.0) and will be removed once support for the old RBAC API policies will be removed from Neutron. Please use method 'is_service_role' instead.
2026-05-12 17:42:06.262 10 INFO neutron.wsgi [None req-9872b529-a8ed-4a0e-ad8c-e395b79d810d efa88a7dc6ee46fbb80638be6da2dfae 93b3a4aa96c44e3d8fbfd5c6b59eba4c - - default default] 10.0.0.10 "DELETE /v2.0/ports/b3dea1d7-e73b-4f93-83da-9f57ad530c92 HTTP/1.1" status: 204 len: 168 time: 0.2399688
2026-05-12 17:42:06.373 9 WARNING neutron.scheduler.dhcp_agent_scheduler [None req-e60ba345-de83-4d95-b513-90dc4fd4ed0c f858cc8ba63a426fbb9bd85ef291e089 e603b83e57dc45a8a5f65f31b6937711 - - default default] No more DHCP agents
2026-05-12 17:42:06.375 9 INFO neutron.db.segments_db [None req-641bdb1e-02a8-4d98-870f-f74f5b4a954f 53c893a683bb4b868d27ebda621d0798 6d2e4ac61b68429395b305053f9bd74e - - default default] Added segment 1c75351e-2881-4696-bed8-98d38fdeac53 of type geneve for network fd924f4e-0020-48d9-992e-66c5438ac1e9
2026-05-12 17:42:06.380 9 WARNING neutron.api.rpc.agentnotifiers.dhcp_rpc_agent_api [None req-e60ba345-de83-4d95-b513-90dc4fd4ed0c f858cc8ba63a426fbb9bd85ef291e089 e603b83e57dc45a8a5f65f31b6937711 - - default default] Unable to schedule network 059e8281-b0e3-47f5-85e2-7f35a70eda88: no agents available; will retry on subsequent port and subnet creation events.
2026-05-12 17:42:06.511 9 INFO neutron.db.ovn_revision_numbers_db [None req-e60ba345-de83-4d95-b513-90dc4fd4ed0c f858cc8ba63a426fbb9bd85ef291e089 e603b83e57dc45a8a5f65f31b6937711 - - default default] Successfully bumped revision number for resource 335f22ad-48c5-404e-93d9-7fab644927f5 (type: ports) to 1
2026-05-12 17:42:06.515 10 INFO neutron.wsgi [None req-b0c98b4e-81d5-4c8b-853e-7f43efe1145e efa88a7dc6ee46fbb80638be6da2dfae 93b3a4aa96c44e3d8fbfd5c6b59eba4c - - default default] 10.0.0.10 "DELETE /v2.0/ports/b7a2940a-cb57-44ea-937f-247bce2bc91d HTTP/1.1" status: 204 len: 168 time: 0.2484868
2026-05-12 17:42:06.551 9 INFO neutron.wsgi [None req-e60ba345-de83-4d95-b513-90dc4fd4ed0c f858cc8ba63a426fbb9bd85ef291e089 e603b83e57dc45a8a5f65f31b6937711 - - default default] 10.0.0.10 "POST /v2.0/ports HTTP/1.1" status: 201 len: 973 time: 0.5229270
2026-05-12 17:42:06.562 9 INFO neutron.db.ovn_revision_numbers_db [None req-641bdb1e-02a8-4d98-870f-f74f5b4a954f 53c893a683bb4b868d27ebda621d0798 6d2e4ac61b68429395b305053f9bd74e - - default default] Successfully bumped revision number for resource fd924f4e-0020-48d9-992e-66c5438ac1e9 (type: networks) to 1
2026-05-12 17:42:06.572 10 INFO neutron.wsgi [None req-4688ddc4-e1a0-4da5-b668-93375fe61e93 efa88a7dc6ee46fbb80638be6da2dfae 93b3a4aa96c44e3d8fbfd5c6b59eba4c - - default default] 10.0.0.10 "GET /v2.0/ports HTTP/1.1" status: 200 len: 1718 time: 0.0499728 /var/lib/openstack/lib/python3.10/site-packages/pycadf/identifier.py:71: UserWarning: Invalid uuid: neutron. To ensure interoperability, identifiers should be a valid uuid. warnings.warn(('Invalid uuid: %s. To ensure interoperability, '
2026-05-12 17:42:06.583 9 WARNING neutron_lib.context [None req-109aaf73-7491-4577-96fd-36d1522e40c9 efa88a7dc6ee46fbb80638be6da2dfae 93b3a4aa96c44e3d8fbfd5c6b59eba4c - - default default] Method 'is_advsvc' is deprecated since 2023.2 release (neutron-lib 3.8.0) and will be removed once support for the old RBAC API policies will be removed from Neutron. Please use method 'is_service_role' instead.
2026-05-12 17:42:06.690 9 INFO neutron.db.segments_db [None req-109aaf73-7491-4577-96fd-36d1522e40c9 efa88a7dc6ee46fbb80638be6da2dfae 93b3a4aa96c44e3d8fbfd5c6b59eba4c - - default default] Added segment 4321c18d-8eea-4ad0-98fe-71f489a8ea9e of type geneve for network afa9d62e-579e-4a8e-992a-5c2f80fed968
2026-05-12 17:42:06.803 9 WARNING neutron.scheduler.dhcp_agent_scheduler [None req-641bdb1e-02a8-4d98-870f-f74f5b4a954f 53c893a683bb4b868d27ebda621d0798 6d2e4ac61b68429395b305053f9bd74e - - default default] No more DHCP agents
2026-05-12 17:42:06.807 9 WARNING neutron.api.rpc.agentnotifiers.dhcp_rpc_agent_api [None req-641bdb1e-02a8-4d98-870f-f74f5b4a954f 53c893a683bb4b868d27ebda621d0798 6d2e4ac61b68429395b305053f9bd74e - - default default] Unable to schedule network fd924f4e-0020-48d9-992e-66c5438ac1e9: no agents available; will retry on subsequent port and subnet creation events.
2026-05-12 17:42:06.882 10 INFO neutron.db.ovn_revision_numbers_db [None req-1b013484-b1e2-4f78-b4ee-b4570398a34a f858cc8ba63a426fbb9bd85ef291e089 e603b83e57dc45a8a5f65f31b6937711 - - default default] Successfully bumped revision number for resource 335f22ad-48c5-404e-93d9-7fab644927f5 (type: ports) to 2
2026-05-12 17:42:06.894 9 INFO neutron.db.ovn_revision_numbers_db [None req-109aaf73-7491-4577-96fd-36d1522e40c9 efa88a7dc6ee46fbb80638be6da2dfae 93b3a4aa96c44e3d8fbfd5c6b59eba4c - - default default] Successfully bumped revision number for resource afa9d62e-579e-4a8e-992a-5c2f80fed968 (type: networks) to 1
2026-05-12 17:42:06.895 10 INFO neutron.services.segments.plugin [-] Segment db1f9b8e-df1a-44a1-8ecd-8dc6a91b9397 resource provider aggregate not found
2026-05-12 17:42:06.917 10 INFO neutron.wsgi [None req-1b013484-b1e2-4f78-b4ee-b4570398a34a f858cc8ba63a426fbb9bd85ef291e089 e603b83e57dc45a8a5f65f31b6937711 - - default default] 10.0.0.10 "PUT /v2.0/ports/335f22ad-48c5-404e-93d9-7fab644927f5 HTTP/1.1" status: 200 len: 946 time: 0.3607488
2026-05-12 17:42:06.918 10 INFO neutron.services.segments.plugin [-] Segment db1f9b8e-df1a-44a1-8ecd-8dc6a91b9397 resource provider aggregate not found
2026-05-12 17:42:06.923 10 INFO neutron.services.segments.plugin [-] Segment db1f9b8e-df1a-44a1-8ecd-8dc6a91b9397 resource provider not found; error: Placement Client Error (4xx): {"errors": [{"status": 404, "title": "Not Found", "detail": "The resource could not be found.\n\n No resource provider with uuid db1f9b8e-df1a-44a1-8ecd-8dc6a91b9397 found for delete ", "request_id": "req-334f55a1-851c-49cd-b603-c3255fe67ae5"}]} /var/lib/openstack/lib/python3.10/site-packages/pycadf/identifier.py:71: UserWarning: Invalid uuid: neutron. To ensure interoperability, identifiers should be a valid uuid. warnings.warn(('Invalid uuid: %s. To ensure interoperability, '
2026-05-12 17:42:06.933 10 INFO neutron.services.segments.plugin [-] Segment db1f9b8e-df1a-44a1-8ecd-8dc6a91b9397 resource provider not found; error: Placement Client Error (4xx): {"errors": [{"status": 404, "title": "Not Found", "detail": "The resource could not be found.\n\n No resource provider with uuid db1f9b8e-df1a-44a1-8ecd-8dc6a91b9397 found for delete ", "request_id": "req-622c34d6-aa34-4e6c-9498-9d235541f291"}]}
2026-05-12 17:42:06.937 10 INFO neutron.services.segments.plugin [-] Segment 2c2dff5a-0f60-463e-b323-7858eaa7c45d resource provider aggregate not found
2026-05-12 17:42:06.954 10 INFO neutron.services.segments.plugin [-] Segment 2c2dff5a-0f60-463e-b323-7858eaa7c45d resource provider aggregate not found
2026-05-12 17:42:06.960 10 INFO neutron.services.segments.plugin [-] Segment 2c2dff5a-0f60-463e-b323-7858eaa7c45d resource provider not found; error: Placement Client Error (4xx): {"errors": [{"status": 404, "title": "Not Found", "detail": "The resource could not be found.\n\n No resource provider with uuid 2c2dff5a-0f60-463e-b323-7858eaa7c45d found for delete ", "request_id": "req-cb82bf82-538c-445d-a6ba-2bbaf54b0a57"}]}
2026-05-12 17:42:06.964 9 INFO neutron.db.ovn_revision_numbers_db [None req-641bdb1e-02a8-4d98-870f-f74f5b4a954f 53c893a683bb4b868d27ebda621d0798 6d2e4ac61b68429395b305053f9bd74e - - default default] Successfully bumped revision number for resource c0398533-fd25-4f68-86ca-120aa391624c (type: ports) to 1
2026-05-12 17:42:06.970 10 INFO neutron.services.segments.plugin [-] Segment 2c2dff5a-0f60-463e-b323-7858eaa7c45d resource provider not found; error: Placement Client Error (4xx): {"errors": [{"status": 404, "title": "Not Found", "detail": "The resource could not be found.\n\n No resource provider with uuid 2c2dff5a-0f60-463e-b323-7858eaa7c45d found for delete ", "request_id": "req-f17ee2c0-93aa-4ff4-bf51-7429e3c35353"}]}
2026-05-12 17:42:06.994 9 INFO neutron.wsgi [None req-641bdb1e-02a8-4d98-870f-f74f5b4a954f 53c893a683bb4b868d27ebda621d0798 6d2e4ac61b68429395b305053f9bd74e - - default default] 10.0.0.10 "POST /v2.0/networks HTTP/1.1" status: 201 len: 828 time: 0.7561958
2026-05-12 17:42:07.008 10 WARNING neutron_lib.context [None req-74e0c236-cc5c-4c42-a98f-5b055d5e71ce 53c893a683bb4b868d27ebda621d0798 6d2e4ac61b68429395b305053f9bd74e - - default default] Method 'is_advsvc' is deprecated since 2023.2 release (neutron-lib 3.8.0) and will be removed once support for the old RBAC API policies will be removed from Neutron. Please use method 'is_service_role' instead.
2026-05-12 17:42:07.133 9 WARNING neutron.scheduler.dhcp_agent_scheduler [None req-109aaf73-7491-4577-96fd-36d1522e40c9 efa88a7dc6ee46fbb80638be6da2dfae 93b3a4aa96c44e3d8fbfd5c6b59eba4c - - default default] No more DHCP agents
2026-05-12 17:42:07.135 9 WARNING neutron.api.rpc.agentnotifiers.dhcp_rpc_agent_api [None req-109aaf73-7491-4577-96fd-36d1522e40c9 efa88a7dc6ee46fbb80638be6da2dfae 93b3a4aa96c44e3d8fbfd5c6b59eba4c - - default default] Unable to schedule network afa9d62e-579e-4a8e-992a-5c2f80fed968: no agents available; will retry on subsequent port and subnet creation events.
2026-05-12 17:42:07.244 9 INFO neutron.db.ovn_revision_numbers_db [None req-109aaf73-7491-4577-96fd-36d1522e40c9 efa88a7dc6ee46fbb80638be6da2dfae 93b3a4aa96c44e3d8fbfd5c6b59eba4c - - default default] Successfully bumped revision number for resource 4d426ba5-f1ea-44df-b88e-ec0a31a322e4 (type: ports) to 1
2026-05-12 17:42:07.284 9 INFO neutron.wsgi [None req-109aaf73-7491-4577-96fd-36d1522e40c9 efa88a7dc6ee46fbb80638be6da2dfae 93b3a4aa96c44e3d8fbfd5c6b59eba4c - - default default] 10.0.0.10 "POST /v2.0/networks HTTP/1.1" status: 201 len: 849 time: 0.7048488
2026-05-12 17:42:07.294 9 WARNING neutron_lib.context [None req-5ef08b84-08e8-41c4-b2b1-ba8218f49b44 efa88a7dc6ee46fbb80638be6da2dfae 93b3a4aa96c44e3d8fbfd5c6b59eba4c - - default default] Method 'is_advsvc' is deprecated since 2023.2 release (neutron-lib 3.8.0) and will be removed once support for the old RBAC API policies will be removed from Neutron. Please use method 'is_service_role' instead.
2026-05-12 17:42:07.323 10 WARNING neutron.scheduler.dhcp_agent_scheduler [None req-74e0c236-cc5c-4c42-a98f-5b055d5e71ce 53c893a683bb4b868d27ebda621d0798 6d2e4ac61b68429395b305053f9bd74e - - default default] No more DHCP agents
2026-05-12 17:42:07.327 10 WARNING neutron.api.rpc.agentnotifiers.dhcp_rpc_agent_api [None req-74e0c236-cc5c-4c42-a98f-5b055d5e71ce 53c893a683bb4b868d27ebda621d0798 6d2e4ac61b68429395b305053f9bd74e - - default default] Unable to schedule network fd924f4e-0020-48d9-992e-66c5438ac1e9: no agents available; will retry on subsequent port and subnet creation events.
2026-05-12 17:42:07.344 10 INFO neutron.wsgi [None req-a99eceaa-00fa-49e8-9182-bd6697cad8e0 f858cc8ba63a426fbb9bd85ef291e089 e603b83e57dc45a8a5f65f31b6937711 - - default default] 10.0.0.10 "DELETE /v2.0/ports/335f22ad-48c5-404e-93d9-7fab644927f5 HTTP/1.1" status: 204 len: 168 time: 0.4173498
2026-05-12 17:42:07.398 9 INFO neutron.db.segments_db [None req-5ef08b84-08e8-41c4-b2b1-ba8218f49b44 efa88a7dc6ee46fbb80638be6da2dfae 93b3a4aa96c44e3d8fbfd5c6b59eba4c - - default default] Added segment 2ca9e4f5-b080-4451-a14a-981f88aceff1 of type geneve for network d2c5761c-72f2-4765-80ef-ca2a9030ac75
2026-05-12 17:42:07.473 9 INFO neutron.wsgi [None req-81da9f0c-fe7d-45ac-baab-b6ba1e058976 f858cc8ba63a426fbb9bd85ef291e089 e603b83e57dc45a8a5f65f31b6937711 - - default default] 10.0.0.10 "GET /v2.0/ports HTTP/1.1" status: 200 len: 1729 time: 0.1232131
2026-05-12 17:42:07.501 10 INFO neutron.pecan_wsgi.hooks.translation [None req-8b526ead-601f-4555-9a43-34398505a5e2 f858cc8ba63a426fbb9bd85ef291e089 e603b83e57dc45a8a5f65f31b6937711 - - default default] GET failed (client error): The resource could not be found.
2026-05-12 17:42:07.503 10 INFO neutron.wsgi [None req-8b526ead-601f-4555-9a43-34398505a5e2 f858cc8ba63a426fbb9bd85ef291e089 e603b83e57dc45a8a5f65f31b6937711 - - default default] 10.0.0.10 "GET /v2.0/ports/335f22ad-48c5-404e-93d9-7fab644927f5 HTTP/1.1" status: 404 len: 333 time: 0.0255954
2026-05-12 17:42:07.575 10 INFO neutron.wsgi [None req-80ec234d-fced-474c-8d78-708860e7bb69 f858cc8ba63a426fbb9bd85ef291e089 e603b83e57dc45a8a5f65f31b6937711 - - default default] 10.0.0.10 "GET /v2.0/ports HTTP/1.1" status: 200 len: 1729 time: 0.0648794
2026-05-12 17:42:07.605 9 INFO neutron.db.ovn_revision_numbers_db [None req-5ef08b84-08e8-41c4-b2b1-ba8218f49b44 efa88a7dc6ee46fbb80638be6da2dfae 93b3a4aa96c44e3d8fbfd5c6b59eba4c - - default default] Successfully bumped revision number for resource d2c5761c-72f2-4765-80ef-ca2a9030ac75 (type: networks) to 1
2026-05-12 17:42:07.624 9 INFO neutron.wsgi [None req-22189d0f-3e7d-4a60-99eb-b6ef020f6b31 f858cc8ba63a426fbb9bd85ef291e089 e603b83e57dc45a8a5f65f31b6937711 - - default default] 10.0.0.10 "GET /v2.0/ports/ef7925ae-6a26-460c-afa8-9a2cc7542bfd HTTP/1.1" status: 200 len: 969 time: 0.0443094
2026-05-12 17:42:07.655 10 INFO neutron.pecan_wsgi.hooks.translation [None req-63f7c6c6-c6e4-400a-b35f-e0e524eb0c27 f858cc8ba63a426fbb9bd85ef291e089 e603b83e57dc45a8a5f65f31b6937711 - - default default] DELETE failed (client error): The resource could not be found.
2026-05-12 17:42:07.657 10 INFO neutron.wsgi [None req-63f7c6c6-c6e4-400a-b35f-e0e524eb0c27 f858cc8ba63a426fbb9bd85ef291e089 e603b83e57dc45a8a5f65f31b6937711 - - default default] 10.0.0.10 "DELETE /v2.0/ports/cd9bd6da-6f20-43fd-9ce7-b59725c31fa7 HTTP/1.1" status: 404 len: 333 time: 0.0263538
2026-05-12 17:42:07.681 10 INFO neutron.pecan_wsgi.hooks.translation [None req-0b3e296f-add5-4396-b881-c4d272163661 f858cc8ba63a426fbb9bd85ef291e089 e603b83e57dc45a8a5f65f31b6937711 - - default default] DELETE failed (client error): The resource could not be found.
2026-05-12 17:42:07.683 10 INFO neutron.wsgi [None req-0b3e296f-add5-4396-b881-c4d272163661 f858cc8ba63a426fbb9bd85ef291e089 e603b83e57dc45a8a5f65f31b6937711 - - default default] 10.0.0.10 "DELETE /v2.0/subnets/12ae2577-5f51-447e-8173-1de0597e2ffb HTTP/1.1" status: 404 len: 337 time: 0.0213563
2026-05-12 17:42:07.704 10 INFO neutron.pecan_wsgi.hooks.translation [None req-cf8428d7-7332-42cc-8249-8102eb53769a f858cc8ba63a426fbb9bd85ef291e089 e603b83e57dc45a8a5f65f31b6937711 - - default default] DELETE failed (client error): The resource could not be found.
2026-05-12 17:42:07.707 10 INFO neutron.wsgi [None req-cf8428d7-7332-42cc-8249-8102eb53769a f858cc8ba63a426fbb9bd85ef291e089 e603b83e57dc45a8a5f65f31b6937711 - - default default] 10.0.0.10 "DELETE /v2.0/subnets/40a2b94e-1e0b-4800-9416-df1bab7d8716 HTTP/1.1" status: 404 len: 337 time: 0.0184522
2026-05-12 17:42:07.801 9 WARNING neutron.scheduler.dhcp_agent_scheduler [None req-5ef08b84-08e8-41c4-b2b1-ba8218f49b44 efa88a7dc6ee46fbb80638be6da2dfae 93b3a4aa96c44e3d8fbfd5c6b59eba4c - - default default] No more DHCP agents
2026-05-12 17:42:07.805 9 WARNING neutron.api.rpc.agentnotifiers.dhcp_rpc_agent_api [None req-5ef08b84-08e8-41c4-b2b1-ba8218f49b44 efa88a7dc6ee46fbb80638be6da2dfae 93b3a4aa96c44e3d8fbfd5c6b59eba4c - - default default] Unable to schedule network d2c5761c-72f2-4765-80ef-ca2a9030ac75: no agents available; will retry on subsequent port and subnet creation events.
2026-05-12 17:42:07.922 9 INFO neutron.db.ovn_revision_numbers_db [None req-5ef08b84-08e8-41c4-b2b1-ba8218f49b44 efa88a7dc6ee46fbb80638be6da2dfae 93b3a4aa96c44e3d8fbfd5c6b59eba4c - - default default] Successfully bumped revision number for resource 7b0bd529-5b95-4e12-8093-357430256823 (type: ports) to 1
2026-05-12 17:42:07.959 10 INFO neutron.db.ovn_revision_numbers_db [None req-74e0c236-cc5c-4c42-a98f-5b055d5e71ce 53c893a683bb4b868d27ebda621d0798 6d2e4ac61b68429395b305053f9bd74e - - default default] Successfully bumped revision number for resource c0398533-fd25-4f68-86ca-120aa391624c (type: ports) to 2
2026-05-12 17:42:07.960 9 INFO neutron.wsgi [None req-5ef08b84-08e8-41c4-b2b1-ba8218f49b44 efa88a7dc6ee46fbb80638be6da2dfae 93b3a4aa96c44e3d8fbfd5c6b59eba4c - - default default] 10.0.0.10 "POST /v2.0/networks HTTP/1.1" status: 201 len: 849 time: 0.6714761
2026-05-12 17:42:07.997 10 WARNING neutron_lib.context [None req-44efc65c-c6bc-4e91-ba38-a10b5e7a93cc efa88a7dc6ee46fbb80638be6da2dfae 93b3a4aa96c44e3d8fbfd5c6b59eba4c - - default default] Method 'is_advsvc' is deprecated since 2023.2 release (neutron-lib 3.8.0) and will be removed once support for the old RBAC API policies will be removed from Neutron. Please use method 'is_service_role' instead.
2026-05-12 17:42:08.008 10 INFO neutron.db.ovn_revision_numbers_db [None req-74e0c236-cc5c-4c42-a98f-5b055d5e71ce 53c893a683bb4b868d27ebda621d0798 6d2e4ac61b68429395b305053f9bd74e - - default default] Successfully bumped revision number for resource 89288e01-4905-4363-978a-9369fdb44289 (type: subnets) to 0
2026-05-12 17:42:08.019 9 INFO neutron.wsgi [None req-c8b26cc6-14dd-4a0d-8b1c-a6c19273f24b f858cc8ba63a426fbb9bd85ef291e089 e603b83e57dc45a8a5f65f31b6937711 - - default default] 10.0.0.10 "DELETE /v2.0/ports/ef7925ae-6a26-460c-afa8-9a2cc7542bfd HTTP/1.1" status: 204 len: 168 time: 0.3063521
2026-05-12 17:42:08.035 10 INFO neutron.wsgi [None req-74e0c236-cc5c-4c42-a98f-5b055d5e71ce 53c893a683bb4b868d27ebda621d0798 6d2e4ac61b68429395b305053f9bd74e - - default default] 10.0.0.10 "POST /v2.0/subnets HTTP/1.1" status: 201 len: 801 time: 1.0344205
2026-05-12 17:42:08.041 10 WARNING neutron_lib.context [None req-44efc65c-c6bc-4e91-ba38-a10b5e7a93cc efa88a7dc6ee46fbb80638be6da2dfae 93b3a4aa96c44e3d8fbfd5c6b59eba4c - - default default] Method 'is_advsvc' is deprecated since 2023.2 release (neutron-lib 3.8.0) and will be removed once support for the old RBAC API policies will be removed from Neutron. Please use method 'is_service_role' instead.
2026-05-12 17:42:08.050 9 WARNING neutron_lib.context [None req-16ba5694-3155-4c21-a525-06c0ea36ffd6 53c893a683bb4b868d27ebda621d0798 6d2e4ac61b68429395b305053f9bd74e - - default default] Method 'is_advsvc' is deprecated since 2023.2 release (neutron-lib 3.8.0) and will be removed once support for the old RBAC API policies will be removed from Neutron. Please use method 'is_service_role' instead.
2026-05-12 17:42:08.150 9 WARNING neutron.plugins.ml2.drivers.ovn.mech_driver.ovsdb.ovn_client [None req-0598d071-2ca4-4675-b709-3cb2fa70dbe6 - - - - - -] No port found with ID 2bb674bf-1ff3-47e1-9744-c8451cf5a291: RuntimeError: No port found with ID 2bb674bf-1ff3-47e1-9744-c8451cf5a291
2026-05-12 17:42:08.150 9 INFO neutron.plugins.ml2.drivers.ovn.mech_driver.mech_driver [None req-0598d071-2ca4-4675-b709-3cb2fa70dbe6 - - - - - -] OVN reports status down for port: 335f22ad-48c5-404e-93d9-7fab644927f5
2026-05-12 17:42:08.215 9 INFO neutron.db.ovn_revision_numbers_db [None req-16ba5694-3155-4c21-a525-06c0ea36ffd6 53c893a683bb4b868d27ebda621d0798 6d2e4ac61b68429395b305053f9bd74e - - default default] Successfully bumped revision number for resource a3db6922-d645-47d7-a71c-d4c2bdf8d30b (type: routers) to 1
2026-05-12 17:42:08.243 9 INFO neutron.wsgi [None req-16ba5694-3155-4c21-a525-06c0ea36ffd6 53c893a683bb4b868d27ebda621d0798 6d2e4ac61b68429395b305053f9bd74e - - default default] 10.0.0.10 "POST /v2.0/routers HTTP/1.1" status: 201 len: 802 time: 0.2042332
