2026-05-12 17:41:19.538 10 INFO neutron.db.ovn_revision_numbers_db [None req-f883d7d2-01d7-4fe5-a1e3-dcc28aa84ebd 6b4c5e6b20194522ae8751eb8146da01 5499d54aec2e45edb63bc49eb8e062a4 - - default default] Successfully bumped revision number for resource 4d7ca150-acf9-402d-b81e-5cca2e8c7ebc (type: subnets) to 0
2026-05-12 17:41:19.554 10 INFO neutron.wsgi [None req-f883d7d2-01d7-4fe5-a1e3-dcc28aa84ebd 6b4c5e6b20194522ae8751eb8146da01 5499d54aec2e45edb63bc49eb8e062a4 - - default default] 10.0.0.10 "POST /v2.0/subnets HTTP/1.1" status: 201 len: 859 time: 0.8186872
2026-05-12 17:41:19.730 9 ERROR ovsdbapp.backend.ovs_idl.command [None req-6a3309a9-947b-4fbb-9bc1-62dd43db9ba6 59d12b03459948709e7a61277904c69c ecbac18c95c14632af199da64e19252b - - default default] Error executing command (DbGetCommand): ovsdbapp.backend.ovs_idl.idlutils.RowNotFound: Cannot find Logical_Router_Port with name=lrp-baa118a1-ca57-49f5-a8d3-10c93028d727
2026-05-12 17:41:19.730 9 ERROR ovsdbapp.backend.ovs_idl.command
Traceback (most recent call last):
2026-05-12 17:41:19.730 9 ERROR ovsdbapp.backend.ovs_idl.command
File "/var/lib/openstack/lib/python3.10/site-packages/ovsdbapp/backend/ovs_idl/command.py", line 47, in execute
2026-05-12 17:41:19.730 9 ERROR ovsdbapp.backend.ovs_idl.command self.run_idl(None)
2026-05-12 17:41:19.730 9 ERROR ovsdbapp.backend.ovs_idl.command
File "/var/lib/openstack/lib/python3.10/site-packages/ovsdbapp/backend/ovs_idl/command.py", line 235, in run_idl
2026-05-12 17:41:19.730 9 ERROR ovsdbapp.backend.ovs_idl.command record = self.api.lookup(self.table, self.record)
2026-05-12 17:41:19.730 9 ERROR ovsdbapp.backend.ovs_idl.command
File "/var/lib/openstack/lib/python3.10/site-packages/ovsdbapp/backend/ovs_idl/__init__.py", line 184, in lookup
2026-05-12 17:41:19.730 9 ERROR ovsdbapp.backend.ovs_idl.command return self._lookup(table, record)
2026-05-12 17:41:19.730 9 ERROR ovsdbapp.backend.ovs_idl.command
File "/var/lib/openstack/lib/python3.10/site-packages/ovsdbapp/backend/ovs_idl/__init__.py", line 235, in _lookup
2026-05-12 17:41:19.730 9 ERROR ovsdbapp.backend.ovs_idl.command row = idlutils.row_by_value(self, rl.table, rl.column, record)
2026-05-12 17:41:19.730 9 ERROR ovsdbapp.backend.ovs_idl.command
File "/var/lib/openstack/lib/python3.10/site-packages/ovsdbapp/backend/ovs_idl/idlutils.py", line 114, in row_by_value
2026-05-12 17:41:19.730 9 ERROR ovsdbapp.backend.ovs_idl.command raise RowNotFound(table=table, col=column, match=match)
2026-05-12 17:41:19.730 9 ERROR ovsdbapp.backend.ovs_idl.command ovsdbapp.backend.ovs_idl.idlutils.RowNotFound: Cannot find Logical_Router_Port with name=lrp-baa118a1-ca57-49f5-a8d3-10c93028d727
2026-05-12 17:41:19.730 9 ERROR ovsdbapp.backend.ovs_idl.command 
2026-05-12 17:41:19.731 9 ERROR neutron_lib.callbacks.manager [None req-6a3309a9-947b-4fbb-9bc1-62dd43db9ba6 59d12b03459948709e7a61277904c69c ecbac18c95c14632af199da64e19252b - - default default] Error during notification for neutron.services.ovn_l3.plugin.OVNL3RouterPlugin._port_update-8779838101231 port, after_update: ovsdbapp.backend.ovs_idl.idlutils.RowNotFound: Cannot find Logical_Router_Port with name=lrp-baa118a1-ca57-49f5-a8d3-10c93028d727
2026-05-12 17:41:19.731 9 ERROR neutron_lib.callbacks.manager
Traceback (most recent call last):
2026-05-12 17:41:19.731 9 ERROR neutron_lib.callbacks.manager
File "/var/lib/openstack/lib/python3.10/site-packages/neutron_lib/callbacks/manager.py", line 189, in _notify_loop
2026-05-12 17:41:19.731 9 ERROR neutron_lib.callbacks.manager callback.method(resource, event, trigger, payload=payload)
2026-05-12 17:41:19.731 9 ERROR neutron_lib.callbacks.manager
File "/var/lib/openstack/lib/python3.10/site-packages/neutron/services/ovn_l3/plugin.py", line 391, in _port_update
2026-05-12 17:41:19.731 9 ERROR neutron_lib.callbacks.manager l3plugin._ovn_client.update_router_port(context,
2026-05-12 17:41:19.731 9 ERROR neutron_lib.callbacks.manager
File "/var/lib/openstack/lib/python3.10/site-packages/neutron/plugins/ml2/drivers/ovn/mech_driver/ovsdb/ovn_client.py", line 1878, in update_router_port
2026-05-12 17:41:19.731 9 ERROR neutron_lib.callbacks.manager self._update_lrouter_port(context, port, if_exists=if_exists,
2026-05-12 17:41:19.731 9 ERROR neutron_lib.callbacks.manager
File "/var/lib/openstack/lib/python3.10/site-packages/neutron/plugins/ml2/drivers/ovn/mech_driver/ovsdb/ovn_client.py", line 1855, in _update_lrouter_port
2026-05-12 17:41:19.731 9 ERROR neutron_lib.callbacks.manager external_ids = self._nb_idl.db_get(
2026-05-12 17:41:19.731 9 ERROR neutron_lib.callbacks.manager
File "/var/lib/openstack/lib/python3.10/site-packages/ovsdbapp/backend/ovs_idl/command.py", line 47, in execute
2026-05-12 17:41:19.731 9 ERROR neutron_lib.callbacks.manager self.run_idl(None)
2026-05-12 17:41:19.731 9 ERROR neutron_lib.callbacks.manager
File "/var/lib/openstack/lib/python3.10/site-packages/ovsdbapp/backend/ovs_idl/command.py", line 235, in run_idl
2026-05-12 17:41:19.731 9 ERROR neutron_lib.callbacks.manager record = self.api.lookup(self.table, self.record)
2026-05-12 17:41:19.731 9 ERROR neutron_lib.callbacks.manager
File "/var/lib/openstack/lib/python3.10/site-packages/ovsdbapp/backend/ovs_idl/__init__.py", line 184, in lookup
2026-05-12 17:41:19.731 9 ERROR neutron_lib.callbacks.manager return self._lookup(table, record)
2026-05-12 17:41:19.731 9 ERROR neutron_lib.callbacks.manager
File "/var/lib/openstack/lib/python3.10/site-packages/ovsdbapp/backend/ovs_idl/__init__.py", line 235, in _lookup
2026-05-12 17:41:19.731 9 ERROR neutron_lib.callbacks.manager row = idlutils.row_by_value(self, rl.table, rl.column, record)
2026-05-12 17:41:19.731 9 ERROR neutron_lib.callbacks.manager
File "/var/lib/openstack/lib/python3.10/site-packages/ovsdbapp/backend/ovs_idl/idlutils.py", line 114, in row_by_value
2026-05-12 17:41:19.731 9 ERROR neutron_lib.callbacks.manager raise RowNotFound(table=table, col=column, match=match)
2026-05-12 17:41:19.731 9 ERROR neutron_lib.callbacks.manager ovsdbapp.backend.ovs_idl.idlutils.RowNotFound: Cannot find Logical_Router_Port with name=lrp-baa118a1-ca57-49f5-a8d3-10c93028d727
2026-05-12 17:41:19.731 9 ERROR neutron_lib.callbacks.manager 
2026-05-12 17:41:19.878 9 INFO neutron.plugins.ml2.drivers.ovn.mech_driver.mech_driver [None req-0598d071-2ca4-4675-b709-3cb2fa70dbe6 - - - - - -] OVN reports status up for port: baa118a1-ca57-49f5-a8d3-10c93028d727
2026-05-12 17:41:19.893 9 INFO neutron.plugins.ml2.plugin [None req-0598d071-2ca4-4675-b709-3cb2fa70dbe6 - - - - - -] Attempt 1 to provision port baa118a1-ca57-49f5-a8d3-10c93028d727
2026-05-12 17:41:19.925 9 INFO neutron.db.ovn_revision_numbers_db [None req-6a3309a9-947b-4fbb-9bc1-62dd43db9ba6 59d12b03459948709e7a61277904c69c ecbac18c95c14632af199da64e19252b - - default default] Successfully bumped revision number for resource baa118a1-ca57-49f5-a8d3-10c93028d727 (type: ports) to 1
2026-05-12 17:41:19.960 9 INFO neutron.wsgi [None req-1fa9fcd0-505e-43a2-b4a4-b81705f2410b 6b4c5e6b20194522ae8751eb8146da01 5499d54aec2e45edb63bc49eb8e062a4 - - default default] 10.0.0.10 "GET /v2.0/security-groups?tenant_id=ba4f59424dcc4ce3885d050e476a75a4&name=default HTTP/1.1" status: 200 len: 3120 time: 0.2863326
2026-05-12 17:41:20.017 9 WARNING neutron.scheduler.dhcp_agent_scheduler [None req-6a3309a9-947b-4fbb-9bc1-62dd43db9ba6 59d12b03459948709e7a61277904c69c ecbac18c95c14632af199da64e19252b - - default default] No more DHCP agents
2026-05-12 17:41:20.023 9 WARNING neutron.api.rpc.agentnotifiers.dhcp_rpc_agent_api [None req-6a3309a9-947b-4fbb-9bc1-62dd43db9ba6 59d12b03459948709e7a61277904c69c ecbac18c95c14632af199da64e19252b - - default default] Unable to schedule network 652dca1b-bf4b-41bc-a79c-6b24b49660fb: no agents available; will retry on subsequent port and subnet creation events.
2026-05-12 17:41:20.276 9 INFO neutron.db.ovn_revision_numbers_db [None req-6a3309a9-947b-4fbb-9bc1-62dd43db9ba6 59d12b03459948709e7a61277904c69c ecbac18c95c14632af199da64e19252b - - default default] Successfully bumped revision number for resource baa118a1-ca57-49f5-a8d3-10c93028d727 (type: router_ports) to 1
2026-05-12 17:41:20.281 9 INFO neutron.wsgi [None req-6a3309a9-947b-4fbb-9bc1-62dd43db9ba6 59d12b03459948709e7a61277904c69c ecbac18c95c14632af199da64e19252b - - default default] 10.0.0.10 "PUT /v2.0/routers/a2bfd129-d7a8-422b-b3d2-e1bc68b896a1/add_router_interface HTTP/1.1" status: 200 len: 503 time: 2.1590924
2026-05-12 17:41:20.326 9 INFO neutron.wsgi [None req-10f7ddf9-3814-4829-b70f-046ef339c6b1 59d12b03459948709e7a61277904c69c ecbac18c95c14632af199da64e19252b - - default default] 10.0.0.10 "GET /v2.0/ports/baa118a1-ca57-49f5-a8d3-10c93028d727 HTTP/1.1" status: 200 len: 1149 time: 0.0379858
2026-05-12 17:41:20.365 10 INFO neutron.wsgi [None req-9c1b693d-c8ca-4b3a-b9cb-afa4f33c0ef2 6b4c5e6b20194522ae8751eb8146da01 5499d54aec2e45edb63bc49eb8e062a4 - - default default] 10.0.0.10 "DELETE /v2.0/security-groups/a62b7390-5b09-4b08-b2d2-042fc7ecc970 HTTP/1.1" status: 204 len: 168 time: 0.3978574
2026-05-12 17:41:20.412 10 WARNING neutron.scheduler.dhcp_agent_scheduler [None req-5f625c13-cfba-4665-bd91-7f8b499d055b 6b4c5e6b20194522ae8751eb8146da01 5499d54aec2e45edb63bc49eb8e062a4 - - default default] No more DHCP agents
2026-05-12 17:41:20.414 9 INFO neutron.db.ovn_revision_numbers_db [None req-0598d071-2ca4-4675-b709-3cb2fa70dbe6 - - - - - -] Successfully bumped revision number for resource baa118a1-ca57-49f5-a8d3-10c93028d727 (type: ports) to 2
2026-05-12 17:41:20.416 10 WARNING neutron.api.rpc.agentnotifiers.dhcp_rpc_agent_api [None req-5f625c13-cfba-4665-bd91-7f8b499d055b 6b4c5e6b20194522ae8751eb8146da01 5499d54aec2e45edb63bc49eb8e062a4 - - default default] Unable to schedule network 59ab5d54-7f78-4e46-af26-62d646e192f9: no agents available; will retry on subsequent port and subnet creation events.
2026-05-12 17:41:20.465 10 INFO neutron.wsgi [None req-77caf439-f098-4263-8e8d-3d066508f3e0 59d12b03459948709e7a61277904c69c ecbac18c95c14632af199da64e19252b - - default default] 10.0.0.10 "GET /v2.0/ports/baa118a1-ca57-49f5-a8d3-10c93028d727 HTTP/1.1" status: 200 len: 1149 time: 0.1330090
2026-05-12 17:41:20.589 9 INFO neutron.db.ovn_revision_numbers_db [None req-0598d071-2ca4-4675-b709-3cb2fa70dbe6 - - - - - -] Successfully bumped revision number for resource baa118a1-ca57-49f5-a8d3-10c93028d727 (type: router_ports) to 2
2026-05-12 17:41:20.653 10 INFO neutron.db.ovn_revision_numbers_db [None req-5f625c13-cfba-4665-bd91-7f8b499d055b 6b4c5e6b20194522ae8751eb8146da01 5499d54aec2e45edb63bc49eb8e062a4 - - default default] Successfully bumped revision number for resource 9b24f56f-91cf-4695-b344-b8892fe946c8 (type: ports) to 1
2026-05-12 17:41:21.721 10 INFO neutron.wsgi [None req-a018352d-aa5a-4963-9cae-699be32dce91 59d12b03459948709e7a61277904c69c ecbac18c95c14632af199da64e19252b - - default default] 10.0.0.10 "PUT /v2.0/routers/a2bfd129-d7a8-422b-b3d2-e1bc68b896a1/remove_router_interface HTTP/1.1" status: 200 len: 503 time: 1.2503223
2026-05-12 17:41:21.829 9 INFO neutron.wsgi [None req-d6090f91-4588-41ff-bcb5-dbe8b9bd3f47 59d12b03459948709e7a61277904c69c ecbac18c95c14632af199da64e19252b - - default default] 10.0.0.10 "GET /v2.0/ports/78cdcef9-595d-47a3-b78a-78faa7461b3d HTTP/1.1" status: 200 len: 1141 time: 0.1051688
2026-05-12 17:41:21.890 10 INFO neutron.plugins.ml2.drivers.ovn.mech_driver.ovsdb.commands [None req-6647ba9b-5edc-40e0-9526-2fa6bb783dc6 - - - - - -] Schedule LRP lrp-9b24f56f-91cf-4695-b344-b8892fe946c8 on gateway 21476915-6c2b-4155-a04d-480e22b4ea5e with priority 1
2026-05-12 17:41:21.926 10 INFO neutron.plugins.ml2.drivers.ovn.mech_driver.ovsdb.ovsdb_monitor [None req-a9d70b9a-9131-4b65-8042-9bb14e604c6a - - - - - -] Router 0663ce62-6e78-4642-9b60-74be100dfddd is bound to host instance
2026-05-12 17:41:21.963 10 INFO neutron.db.ovn_revision_numbers_db [None req-5f625c13-cfba-4665-bd91-7f8b499d055b 6b4c5e6b20194522ae8751eb8146da01 5499d54aec2e45edb63bc49eb8e062a4 - - default default] Successfully bumped revision number for resource 9b24f56f-91cf-4695-b344-b8892fe946c8 (type: router_ports) to 1
2026-05-12 17:41:22.077 10 INFO neutron.db.ovn_revision_numbers_db [None req-5f625c13-cfba-4665-bd91-7f8b499d055b 6b4c5e6b20194522ae8751eb8146da01 5499d54aec2e45edb63bc49eb8e062a4 - - default default] Successfully bumped revision number for resource 0663ce62-6e78-4642-9b60-74be100dfddd (type: routers) to 2
2026-05-12 17:41:22.101 10 INFO neutron.wsgi [None req-5f625c13-cfba-4665-bd91-7f8b499d055b 6b4c5e6b20194522ae8751eb8146da01 5499d54aec2e45edb63bc49eb8e062a4 - - default default] 10.0.0.10 "POST /v2.0/routers HTTP/1.1" status: 201 len: 1161 time: 2.5415554 /var/lib/openstack/lib/python3.10/site-packages/pycadf/identifier.py:71: UserWarning: Invalid uuid: neutron. To ensure interoperability, identifiers should be a valid uuid. warnings.warn(('Invalid uuid: %s. To ensure interoperability, '
2026-05-12 17:41:22.805 9 INFO neutron.wsgi [None req-5907c7fb-cdcd-47c1-9ca6-3e3de3839645 59d12b03459948709e7a61277904c69c ecbac18c95c14632af199da64e19252b - - default default] 10.0.0.10 "PUT /v2.0/routers/a2bfd129-d7a8-422b-b3d2-e1bc68b896a1/remove_router_interface HTTP/1.1" status: 200 len: 503 time: 0.9699485 /var/lib/openstack/lib/python3.10/site-packages/pycadf/identifier.py:71: UserWarning: Invalid uuid: neutron. To ensure interoperability, identifiers should be a valid uuid. warnings.warn(('Invalid uuid: %s. To ensure interoperability, '
2026-05-12 17:41:22.838 9 INFO neutron.wsgi [None req-4c352cb6-87c3-4dcb-844b-253c57e91a3b 59d12b03459948709e7a61277904c69c ecbac18c95c14632af199da64e19252b - - default default] 10.0.0.10 "GET /v2.0/ports?device_id=a2bfd129-d7a8-422b-b3d2-e1bc68b896a1 HTTP/1.1" status: 200 len: 205 time: 0.0275528
2026-05-12 17:41:22.876 10 WARNING neutron.plugins.ml2.drivers.ovn.mech_driver.ovsdb.ovn_client [None req-0cea73f1-d282-4d2c-8653-bd03774ee440 - - - - - -] No port found with ID 78cdcef9-595d-47a3-b78a-78faa7461b3d: RuntimeError: No port found with ID 78cdcef9-595d-47a3-b78a-78faa7461b3d
2026-05-12 17:41:22.877 10 WARNING neutron.scheduler.dhcp_agent_scheduler [None req-80430846-2f2b-4a54-936f-e5dd9cbead1d 6b4c5e6b20194522ae8751eb8146da01 5499d54aec2e45edb63bc49eb8e062a4 - - default default] No more DHCP agents
2026-05-12 17:41:22.878 10 WARNING neutron.api.rpc.agentnotifiers.dhcp_rpc_agent_api [None req-80430846-2f2b-4a54-936f-e5dd9cbead1d 6b4c5e6b20194522ae8751eb8146da01 5499d54aec2e45edb63bc49eb8e062a4 - - default default] Unable to schedule network fc928b32-8f94-406c-9ba7-29ffe40b5134: no agents available; will retry on subsequent port and subnet creation events.
2026-05-12 17:41:22.963 10 INFO neutron.db.ovn_revision_numbers_db [None req-a9d70b9a-9131-4b65-8042-9bb14e604c6a - - - - - -] Successfully bumped revision number for resource 9b24f56f-91cf-4695-b344-b8892fe946c8 (type: ports) to 1
2026-05-12 17:41:23.099 10 INFO neutron.db.ovn_revision_numbers_db [None req-80430846-2f2b-4a54-936f-e5dd9cbead1d 6b4c5e6b20194522ae8751eb8146da01 5499d54aec2e45edb63bc49eb8e062a4 - - default default] Successfully bumped revision number for resource 79c0da84-0398-439b-8a48-db60da7f99cd (type: ports) to 1
2026-05-12 17:41:23.114 9 INFO neutron.wsgi [None req-dd84a8f7-7a76-4b3f-aa2f-d6ba23af4364 59d12b03459948709e7a61277904c69c ecbac18c95c14632af199da64e19252b - - default default] 10.0.0.10 "DELETE /v2.0/routers/a2bfd129-d7a8-422b-b3d2-e1bc68b896a1 HTTP/1.1" status: 204 len: 168 time: 0.2694399
2026-05-12 17:41:23.334 9 INFO neutron.wsgi [None req-68805db7-e7e7-471e-9312-2765c2b7d04c 59d12b03459948709e7a61277904c69c ecbac18c95c14632af199da64e19252b - - default default] 10.0.0.10 "DELETE /v2.0/subnets/feea2dd0-e1d9-4b08-9059-253fd758394b HTTP/1.1" status: 204 len: 168 time: 0.2148886
2026-05-12 17:41:23.534 9 INFO neutron.wsgi [None req-d8ab2b51-6ffc-445d-b674-5275119d3959 59d12b03459948709e7a61277904c69c ecbac18c95c14632af199da64e19252b - - default default] 10.0.0.10 "DELETE /v2.0/subnets/06cf432c-511c-4c8d-86f1-c9f6bbe2eb45 HTTP/1.1" status: 204 len: 168 time: 0.1937945
2026-05-12 17:41:23.725 10 INFO neutron.wsgi [-] 10.0.0.184 "GET / HTTP/1.1" status: 200 len: 247 time: 0.0015450
2026-05-12 17:41:23.727 10 INFO neutron.wsgi [-] 10.0.0.184 "GET / HTTP/1.1" status: 200 len: 247 time: 0.0009651
2026-05-12 17:41:23.756 9 INFO neutron.db.ovn_revision_numbers_db [None req-4cf64213-822f-4b12-b892-026926dc905f 6b4c5e6b20194522ae8751eb8146da01 5499d54aec2e45edb63bc49eb8e062a4 - - default default] Successfully bumped revision number for resource 9605098e-6f4b-4eac-b8e2-5761b0b5d38d (type: security_groups) to 1
2026-05-12 17:41:23.771 9 INFO neutron.db.ovn_revision_numbers_db [None req-4cf64213-822f-4b12-b892-026926dc905f 6b4c5e6b20194522ae8751eb8146da01 5499d54aec2e45edb63bc49eb8e062a4 - - default default] Successfully bumped revision number for resource 7e954108-f75a-42e9-a16f-d212ac55aaea (type: security_group_rules) to 0
2026-05-12 17:41:23.790 9 INFO neutron.db.ovn_revision_numbers_db [None req-4cf64213-822f-4b12-b892-026926dc905f 6b4c5e6b20194522ae8751eb8146da01 5499d54aec2e45edb63bc49eb8e062a4 - - default default] Successfully bumped revision number for resource c916c76f-31bd-42f9-be23-b65649bb6d97 (type: security_group_rules) to 0
2026-05-12 17:41:23.821 9 INFO neutron.db.ovn_revision_numbers_db [None req-4cf64213-822f-4b12-b892-026926dc905f 6b4c5e6b20194522ae8751eb8146da01 5499d54aec2e45edb63bc49eb8e062a4 - - default default] Successfully bumped revision number for resource e4bf1c90-f8ec-422d-854b-4e1e4216e379 (type: security_group_rules) to 0
2026-05-12 17:41:23.839 10 INFO neutron.db.ovn_revision_numbers_db [None req-a9d70b9a-9131-4b65-8042-9bb14e604c6a - - - - - -] Successfully bumped revision number for resource 9b24f56f-91cf-4695-b344-b8892fe946c8 (type: router_ports) to 3
2026-05-12 17:41:23.849 9 INFO neutron.db.ovn_revision_numbers_db [None req-4cf64213-822f-4b12-b892-026926dc905f 6b4c5e6b20194522ae8751eb8146da01 5499d54aec2e45edb63bc49eb8e062a4 - - default default] Successfully bumped revision number for resource ec8d16f8-7d08-439a-843d-f093d4efb11f (type: security_group_rules) to 0
2026-05-12 17:41:23.890 9 INFO neutron.wsgi [None req-4cf64213-822f-4b12-b892-026926dc905f 6b4c5e6b20194522ae8751eb8146da01 5499d54aec2e45edb63bc49eb8e062a4 - - default default] 10.0.0.10 "GET /v2.0/security-groups?tenant_id=59ce321aca154d1b8a92df92908b3798&name=default HTTP/1.1" status: 200 len: 3120 time: 0.4144852
2026-05-12 17:41:23.967 9 INFO neutron.services.segments.plugin [-] Segment e4400a61-7b5a-4415-b470-2f705011cd4e resource provider aggregate not found
2026-05-12 17:41:23.979 9 INFO neutron.services.segments.plugin [-] Segment e4400a61-7b5a-4415-b470-2f705011cd4e resource provider aggregate not found
2026-05-12 17:41:23.985 9 INFO neutron.services.segments.plugin [-] Segment e4400a61-7b5a-4415-b470-2f705011cd4e resource provider not found; error: Placement Client Error (4xx): {"errors": [{"status": 404, "title": "Not Found", "detail": "The resource could not be found.\n\n No resource provider with uuid e4400a61-7b5a-4415-b470-2f705011cd4e found for delete ", "request_id": "req-211c207f-20db-4440-8561-35308b842624"}]}
2026-05-12 17:41:24.006 9 INFO neutron.wsgi [None req-87964c29-3c77-40e9-9f81-f6761cc4e9a8 59d12b03459948709e7a61277904c69c ecbac18c95c14632af199da64e19252b - - default default] 10.0.0.10 "DELETE /v2.0/networks/652dca1b-bf4b-41bc-a79c-6b24b49660fb HTTP/1.1" status: 204 len: 168 time: 0.4658961
2026-05-12 17:41:24.008 9 INFO neutron.services.segments.plugin [-] Segment e4400a61-7b5a-4415-b470-2f705011cd4e resource provider not found; error: Placement Client Error (4xx): {"errors": [{"status": 404, "title": "Not Found", "detail": "The resource could not be found.\n\n No resource provider with uuid e4400a61-7b5a-4415-b470-2f705011cd4e found for delete ", "request_id": "req-1a85e721-9a4a-4caf-ae85-f565940fd685"}]}
2026-05-12 17:41:24.285 10 ERROR ovsdbapp.backend.ovs_idl.command [None req-80430846-2f2b-4a54-936f-e5dd9cbead1d 6b4c5e6b20194522ae8751eb8146da01 5499d54aec2e45edb63bc49eb8e062a4 - - default default] Error executing command (DbGetCommand): ovsdbapp.backend.ovs_idl.idlutils.RowNotFound: Cannot find Logical_Router_Port with name=lrp-79c0da84-0398-439b-8a48-db60da7f99cd
2026-05-12 17:41:24.285 10 ERROR ovsdbapp.backend.ovs_idl.command
Traceback (most recent call last):
2026-05-12 17:41:24.285 10 ERROR ovsdbapp.backend.ovs_idl.command
File "/var/lib/openstack/lib/python3.10/site-packages/ovsdbapp/backend/ovs_idl/command.py", line 47, in execute
2026-05-12 17:41:24.285 10 ERROR ovsdbapp.backend.ovs_idl.command self.run_idl(None)
2026-05-12 17:41:24.285 10 ERROR ovsdbapp.backend.ovs_idl.command
File "/var/lib/openstack/lib/python3.10/site-packages/ovsdbapp/backend/ovs_idl/command.py", line 235, in run_idl
2026-05-12 17:41:24.285 10 ERROR ovsdbapp.backend.ovs_idl.command record = self.api.lookup(self.table, self.record)
2026-05-12 17:41:24.285 10 ERROR ovsdbapp.backend.ovs_idl.command
File "/var/lib/openstack/lib/python3.10/site-packages/ovsdbapp/backend/ovs_idl/__init__.py", line 184, in lookup
2026-05-12 17:41:24.285 10 ERROR ovsdbapp.backend.ovs_idl.command return self._lookup(table, record)
2026-05-12 17:41:24.285 10 ERROR ovsdbapp.backend.ovs_idl.command
File "/var/lib/openstack/lib/python3.10/site-packages/ovsdbapp/backend/ovs_idl/__init__.py", line 235, in _lookup
2026-05-12 17:41:24.285 10 ERROR ovsdbapp.backend.ovs_idl.command row = idlutils.row_by_value(self, rl.table, rl.column, record)
2026-05-12 17:41:24.285 10 ERROR ovsdbapp.backend.ovs_idl.command
File "/var/lib/openstack/lib/python3.10/site-packages/ovsdbapp/backend/ovs_idl/idlutils.py", line 114, in row_by_value
2026-05-12 17:41:24.285 10 ERROR ovsdbapp.backend.ovs_idl.command raise RowNotFound(table=table, col=column, match=match)
2026-05-12 17:41:24.285 10 ERROR ovsdbapp.backend.ovs_idl.command ovsdbapp.backend.ovs_idl.idlutils.RowNotFound: Cannot find Logical_Router_Port with name=lrp-79c0da84-0398-439b-8a48-db60da7f99cd
2026-05-12 17:41:24.285 10 ERROR ovsdbapp.backend.ovs_idl.command 
2026-05-12 17:41:24.285 10 ERROR neutron_lib.callbacks.manager [None req-80430846-2f2b-4a54-936f-e5dd9cbead1d 6b4c5e6b20194522ae8751eb8146da01 5499d54aec2e45edb63bc49eb8e062a4 - - default default] Error during notification for neutron.services.ovn_l3.plugin.OVNL3RouterPlugin._port_update-8779838101231 port, after_update: ovsdbapp.backend.ovs_idl.idlutils.RowNotFound: Cannot find Logical_Router_Port with name=lrp-79c0da84-0398-439b-8a48-db60da7f99cd
2026-05-12 17:41:24.285 10 ERROR neutron_lib.callbacks.manager
Traceback (most recent call last):
2026-05-12 17:41:24.285 10 ERROR neutron_lib.callbacks.manager
File "/var/lib/openstack/lib/python3.10/site-packages/neutron_lib/callbacks/manager.py", line 189, in _notify_loop
2026-05-12 17:41:24.285 10 ERROR neutron_lib.callbacks.manager callback.method(resource, event, trigger, payload=payload)
2026-05-12 17:41:24.285 10 ERROR neutron_lib.callbacks.manager
File "/var/lib/openstack/lib/python3.10/site-packages/neutron/services/ovn_l3/plugin.py", line 391, in _port_update
2026-05-12 17:41:24.285 10 ERROR neutron_lib.callbacks.manager l3plugin._ovn_client.update_router_port(context,
2026-05-12 17:41:24.285 10 ERROR neutron_lib.callbacks.manager
File "/var/lib/openstack/lib/python3.10/site-packages/neutron/plugins/ml2/drivers/ovn/mech_driver/ovsdb/ovn_client.py", line 1878, in update_router_port
2026-05-12 17:41:24.285 10 ERROR neutron_lib.callbacks.manager self._update_lrouter_port(context, port, if_exists=if_exists,
2026-05-12 17:41:24.285 10 ERROR neutron_lib.callbacks.manager
File "/var/lib/openstack/lib/python3.10/site-packages/neutron/plugins/ml2/drivers/ovn/mech_driver/ovsdb/ovn_client.py", line 1855, in _update_lrouter_port
2026-05-12 17:41:24.285 10 ERROR neutron_lib.callbacks.manager external_ids = self._nb_idl.db_get(
2026-05-12 17:41:24.285 10 ERROR neutron_lib.callbacks.manager
File "/var/lib/openstack/lib/python3.10/site-packages/ovsdbapp/backend/ovs_idl/command.py", line 47, in execute
2026-05-12 17:41:24.285 10 ERROR neutron_lib.callbacks.manager self.run_idl(None)
2026-05-12 17:41:24.285 10 ERROR neutron_lib.callbacks.manager
File "/var/lib/openstack/lib/python3.10/site-packages/ovsdbapp/backend/ovs_idl/command.py", line 235, in run_idl
2026-05-12 17:41:24.285 10 ERROR neutron_lib.callbacks.manager record = self.api.lookup(self.table, self.record)
2026-05-12 17:41:24.285 10 ERROR neutron_lib.callbacks.manager
File "/var/lib/openstack/lib/python3.10/site-packages/ovsdbapp/backend/ovs_idl/__init__.py", line 184, in lookup
2026-05-12 17:41:24.285 10 ERROR neutron_lib.callbacks.manager return self._lookup(table, record)
2026-05-12 17:41:24.285 10 ERROR neutron_lib.callbacks.manager
File "/var/lib/openstack/lib/python3.10/site-packages/ovsdbapp/backend/ovs_idl/__init__.py", line 235, in _lookup
2026-05-12 17:41:24.285 10 ERROR neutron_lib.callbacks.manager row = idlutils.row_by_value(self, rl.table, rl.column, record)
2026-05-12 17:41:24.285 10 ERROR neutron_lib.callbacks.manager
File "/var/lib/openstack/lib/python3.10/site-packages/ovsdbapp/backend/ovs_idl/idlutils.py", line 114, in row_by_value
2026-05-12 17:41:24.285 10 ERROR neutron_lib.callbacks.manager raise RowNotFound(table=table, col=column, match=match)
2026-05-12 17:41:24.285 10 ERROR neutron_lib.callbacks.manager ovsdbapp.backend.ovs_idl.idlutils.RowNotFound: Cannot find Logical_Router_Port with name=lrp-79c0da84-0398-439b-8a48-db60da7f99cd
2026-05-12 17:41:24.285 10 ERROR neutron_lib.callbacks.manager 
2026-05-12 17:41:24.314 10 INFO neutron.db.ovn_revision_numbers_db [None req-a9d70b9a-9131-4b65-8042-9bb14e604c6a - - - - - -] Successfully bumped revision number for resource 9b24f56f-91cf-4695-b344-b8892fe946c8 (type: ports) to 2
2026-05-12 17:41:24.547 10 INFO neutron.wsgi [None req-84c9451b-c9f3-48f5-8723-b8ed7093d6e1 6b4c5e6b20194522ae8751eb8146da01 5499d54aec2e45edb63bc49eb8e062a4 - - default default] 10.0.0.10 "DELETE /v2.0/security-groups/9605098e-6f4b-4eac-b8e2-5761b0b5d38d HTTP/1.1" status: 204 len: 168 time: 0.6520603
2026-05-12 17:41:24.647 9 INFO neutron.db.ovn_revision_numbers_db [None req-0e448f76-b110-45d6-9e3d-4dec4e0b1ffb 6b4c5e6b20194522ae8751eb8146da01 5499d54aec2e45edb63bc49eb8e062a4 - - default default] Successfully bumped revision number for resource 5cd1cb8d-27e4-4d42-98b4-06f19ef814f9 (type: security_groups) to 1
2026-05-12 17:41:24.660 9 INFO neutron.db.ovn_revision_numbers_db [None req-0e448f76-b110-45d6-9e3d-4dec4e0b1ffb 6b4c5e6b20194522ae8751eb8146da01 5499d54aec2e45edb63bc49eb8e062a4 - - default default] Successfully bumped revision number for resource 6bbd4fe4-e067-47bd-8638-7934590e4cfa (type: security_group_rules) to 0
2026-05-12 17:41:24.675 9 INFO neutron.db.ovn_revision_numbers_db [None req-0e448f76-b110-45d6-9e3d-4dec4e0b1ffb 6b4c5e6b20194522ae8751eb8146da01 5499d54aec2e45edb63bc49eb8e062a4 - - default default] Successfully bumped revision number for resource 7632e549-ca8d-4862-8c1e-3e537c464296 (type: security_group_rules) to 0
2026-05-12 17:41:24.689 9 INFO neutron.db.ovn_revision_numbers_db [None req-0e448f76-b110-45d6-9e3d-4dec4e0b1ffb 6b4c5e6b20194522ae8751eb8146da01 5499d54aec2e45edb63bc49eb8e062a4 - - default default] Successfully bumped revision number for resource 79d6ac9d-0719-4466-a983-97cf8be28fa5 (type: security_group_rules) to 0
2026-05-12 17:41:24.702 9 INFO neutron.db.ovn_revision_numbers_db [None req-0e448f76-b110-45d6-9e3d-4dec4e0b1ffb 6b4c5e6b20194522ae8751eb8146da01 5499d54aec2e45edb63bc49eb8e062a4 - - default default] Successfully bumped revision number for resource 98cb9d2c-dc60-44a9-81e5-03fe20c12ed7 (type: security_group_rules) to 0
2026-05-12 17:41:24.711 10 INFO neutron.plugins.ml2.drivers.ovn.mech_driver.mech_driver [None req-0cea73f1-d282-4d2c-8653-bd03774ee440 - - - - - -] OVN reports status up for port: 79c0da84-0398-439b-8a48-db60da7f99cd
2026-05-12 17:41:24.726 9 INFO neutron.wsgi [None req-0e448f76-b110-45d6-9e3d-4dec4e0b1ffb 6b4c5e6b20194522ae8751eb8146da01 5499d54aec2e45edb63bc49eb8e062a4 - - default default] 10.0.0.10 "GET /v2.0/security-groups?tenant_id=7ff5f3e046944a4988abab3b43ee9fb5&name=default HTTP/1.1" status: 200 len: 3120 time: 0.2840559
2026-05-12 17:41:24.759 10 INFO neutron.plugins.ml2.plugin [None req-0cea73f1-d282-4d2c-8653-bd03774ee440 - - - - - -] Attempt 1 to provision port 79c0da84-0398-439b-8a48-db60da7f99cd
2026-05-12 17:41:24.789 10 INFO neutron.db.ovn_revision_numbers_db [None req-80430846-2f2b-4a54-936f-e5dd9cbead1d 6b4c5e6b20194522ae8751eb8146da01 5499d54aec2e45edb63bc49eb8e062a4 - - default default] Successfully bumped revision number for resource 79c0da84-0398-439b-8a48-db60da7f99cd (type: ports) to 1
2026-05-12 17:41:25.018 9 INFO neutron.wsgi [None req-3b2bdede-d1d8-437b-87e7-02a194ba605d 6b4c5e6b20194522ae8751eb8146da01 5499d54aec2e45edb63bc49eb8e062a4 - - default default] 10.0.0.10 "DELETE /v2.0/security-groups/5cd1cb8d-27e4-4d42-98b4-06f19ef814f9 HTTP/1.1" status: 204 len: 168 time: 0.2876940
2026-05-12 17:41:25.242 10 INFO neutron.services.segments.plugin [-] Segment 5f14b986-bef7-4714-9de8-0d2678537834 resource provider aggregate not found
2026-05-12 17:41:25.264 10 INFO neutron.services.segments.plugin [-] Segment 5f14b986-bef7-4714-9de8-0d2678537834 resource provider aggregate not found
2026-05-12 17:41:25.273 10 INFO neutron.services.segments.plugin [-] Segment 5f14b986-bef7-4714-9de8-0d2678537834 resource provider not found; error: Placement Client Error (4xx): {"errors": [{"status": 404, "title": "Not Found", "detail": "The resource could not be found.\n\n No resource provider with uuid 5f14b986-bef7-4714-9de8-0d2678537834 found for delete ", "request_id": "req-22f9736d-dab4-4696-87f6-281b9c17ecdd"}]}
2026-05-12 17:41:25.283 10 INFO neutron.services.segments.plugin [-] Segment 5f14b986-bef7-4714-9de8-0d2678537834 resource provider not found; error: Placement Client Error (4xx): {"errors": [{"status": 404, "title": "Not Found", "detail": "The resource could not be found.\n\n No resource provider with uuid 5f14b986-bef7-4714-9de8-0d2678537834 found for delete ", "request_id": "req-eccae89b-ff0a-42a6-887b-3c6dc83fd6a2"}]}
2026-05-12 17:41:25.296 10 WARNING neutron.scheduler.dhcp_agent_scheduler [None req-80430846-2f2b-4a54-936f-e5dd9cbead1d 6b4c5e6b20194522ae8751eb8146da01 5499d54aec2e45edb63bc49eb8e062a4 - - default default] No more DHCP agents
2026-05-12 17:41:25.299 10 WARNING neutron.api.rpc.agentnotifiers.dhcp_rpc_agent_api [None req-80430846-2f2b-4a54-936f-e5dd9cbead1d 6b4c5e6b20194522ae8751eb8146da01 5499d54aec2e45edb63bc49eb8e062a4 - - default default] Unable to schedule network fc928b32-8f94-406c-9ba7-29ffe40b5134: no agents available; will retry on subsequent port and subnet creation events.
2026-05-12 17:41:25.354 10 INFO neutron.db.ovn_revision_numbers_db [None req-e01895a6-6500-4e43-a9b6-7baf01239ec7 6b4c5e6b20194522ae8751eb8146da01 5499d54aec2e45edb63bc49eb8e062a4 - - default default] Successfully bumped revision number for resource 7076e092-5ce7-4963-b21b-341b8a3546c7 (type: security_groups) to 1
2026-05-12 17:41:25.398 10 INFO neutron.wsgi [None req-e91496da-c312-431c-a35c-6a8403744ef8 59d12b03459948709e7a61277904c69c ecbac18c95c14632af199da64e19252b - - default default] 10.0.0.10 "DELETE /v2.0/networks/43317c89-2ce3-46d3-8e3f-620a91606ddb HTTP/1.1" status: 204 len: 168 time: 1.3853815
2026-05-12 17:41:25.411 9 WARNING neutron_lib.context [None req-b688e996-c3e7-4f2e-9d98-d31c41eb3098 59d12b03459948709e7a61277904c69c ecbac18c95c14632af199da64e19252b - - default default] Method 'is_advsvc' is deprecated since 2023.2 release (neutron-lib 3.8.0) and will be removed once support for the old RBAC API policies will be removed from Neutron. Please use method 'is_service_role' instead.
2026-05-12 17:41:25.444 10 INFO neutron.db.ovn_revision_numbers_db [None req-e01895a6-6500-4e43-a9b6-7baf01239ec7 6b4c5e6b20194522ae8751eb8146da01 5499d54aec2e45edb63bc49eb8e062a4 - - default default] Successfully bumped revision number for resource 2cd35d25-32d7-43e6-b97c-184013f89d96 (type: security_group_rules) to 0
2026-05-12 17:41:25.485 9 WARNING neutron.plugins.ml2.drivers.ovn.mech_driver.ovsdb.ovn_client [None req-0598d071-2ca4-4675-b709-3cb2fa70dbe6 - - - - - -] No port found with ID baa118a1-ca57-49f5-a8d3-10c93028d727: RuntimeError: No port found with ID baa118a1-ca57-49f5-a8d3-10c93028d727
2026-05-12 17:41:25.485 9 INFO neutron.plugins.ml2.drivers.ovn.mech_driver.mech_driver [None req-0598d071-2ca4-4675-b709-3cb2fa70dbe6 - - - - - -] OVN reports status up for port: 9b24f56f-91cf-4695-b344-b8892fe946c8
2026-05-12 17:41:25.496 9 INFO neutron.plugins.ml2.plugin [None req-0598d071-2ca4-4675-b709-3cb2fa70dbe6 - - - - - -] Attempt 1 to provision port 9b24f56f-91cf-4695-b344-b8892fe946c8
2026-05-12 17:41:25.496 10 INFO neutron.db.ovn_revision_numbers_db [None req-e01895a6-6500-4e43-a9b6-7baf01239ec7 6b4c5e6b20194522ae8751eb8146da01 5499d54aec2e45edb63bc49eb8e062a4 - - default default] Successfully bumped revision number for resource 69fadace-fbf4-4716-8a08-1dd3411ddc83 (type: security_group_rules) to 0
2026-05-12 17:41:25.517 9 INFO neutron.db.segments_db [None req-b688e996-c3e7-4f2e-9d98-d31c41eb3098 59d12b03459948709e7a61277904c69c ecbac18c95c14632af199da64e19252b - - default default] Added segment a098577f-ac08-4b46-9ae2-459a1df257a3 of type geneve for network 7cef0cf9-74ed-42fd-a7bb-54c4e06f3a85
2026-05-12 17:41:25.546 10 INFO neutron.db.ovn_revision_numbers_db [None req-e01895a6-6500-4e43-a9b6-7baf01239ec7 6b4c5e6b20194522ae8751eb8146da01 5499d54aec2e45edb63bc49eb8e062a4 - - default default] Successfully bumped revision number for resource 9db552a6-ef31-49a8-a3fe-65510806631a (type: security_group_rules) to 0
2026-05-12 17:41:25.549 10 INFO neutron.db.ovn_revision_numbers_db [None req-a9d70b9a-9131-4b65-8042-9bb14e604c6a - - - - - -] Successfully bumped revision number for resource 9b24f56f-91cf-4695-b344-b8892fe946c8 (type: ports) to 4
2026-05-12 17:41:25.602 10 INFO neutron.db.ovn_revision_numbers_db [None req-e01895a6-6500-4e43-a9b6-7baf01239ec7 6b4c5e6b20194522ae8751eb8146da01 5499d54aec2e45edb63bc49eb8e062a4 - - default default] Successfully bumped revision number for resource c418e27d-988f-49e4-8e46-3498a1d44367 (type: security_group_rules) to 0
2026-05-12 17:41:25.647 10 INFO neutron.wsgi [None req-e01895a6-6500-4e43-a9b6-7baf01239ec7 6b4c5e6b20194522ae8751eb8146da01 5499d54aec2e45edb63bc49eb8e062a4 - - default default] 10.0.0.10 "GET /v2.0/security-groups?tenant_id=f21c9bd6d1af48ea9200be8842d9645e&name=default HTTP/1.1" status: 200 len: 3120 time: 1.0077279
2026-05-12 17:41:25.676 9 INFO neutron.db.ovn_revision_numbers_db [None req-b688e996-c3e7-4f2e-9d98-d31c41eb3098 59d12b03459948709e7a61277904c69c ecbac18c95c14632af199da64e19252b - - default default] Successfully bumped revision number for resource 7cef0cf9-74ed-42fd-a7bb-54c4e06f3a85 (type: networks) to 1
2026-05-12 17:41:25.917 9 WARNING neutron.scheduler.dhcp_agent_scheduler [None req-b688e996-c3e7-4f2e-9d98-d31c41eb3098 59d12b03459948709e7a61277904c69c ecbac18c95c14632af199da64e19252b - - default default] No more DHCP agents
2026-05-12 17:41:25.918 9 WARNING neutron.api.rpc.agentnotifiers.dhcp_rpc_agent_api [None req-b688e996-c3e7-4f2e-9d98-d31c41eb3098 59d12b03459948709e7a61277904c69c ecbac18c95c14632af199da64e19252b - - default default] Unable to schedule network 7cef0cf9-74ed-42fd-a7bb-54c4e06f3a85: no agents available; will retry on subsequent port and subnet creation events.
2026-05-12 17:41:26.008 9 INFO neutron.db.ovn_revision_numbers_db [None req-b688e996-c3e7-4f2e-9d98-d31c41eb3098 59d12b03459948709e7a61277904c69c ecbac18c95c14632af199da64e19252b - - default default] Successfully bumped revision number for resource d7d8ab01-7f6a-448f-a2ab-cff4e04853ee (type: ports) to 1
2026-05-12 17:41:26.038 9 INFO neutron.wsgi [None req-b688e996-c3e7-4f2e-9d98-d31c41eb3098 59d12b03459948709e7a61277904c69c ecbac18c95c14632af199da64e19252b - - default default] 10.0.0.10 "POST /v2.0/networks HTTP/1.1" status: 201 len: 832 time: 0.6329892
2026-05-12 17:41:26.050 9 WARNING neutron_lib.context [None req-4a92abbc-6079-47a6-b6da-f37c9daab6f2 59d12b03459948709e7a61277904c69c ecbac18c95c14632af199da64e19252b - - default default] Method 'is_advsvc' is deprecated since 2023.2 release (neutron-lib 3.8.0) and will be removed once support for the old RBAC API policies will be removed from Neutron. Please use method 'is_service_role' instead.
2026-05-12 17:41:26.169 10 INFO neutron.db.ovn_revision_numbers_db [None req-0cea73f1-d282-4d2c-8653-bd03774ee440 - - - - - -] Successfully bumped revision number for resource 79c0da84-0398-439b-8a48-db60da7f99cd (type: ports) to 2
2026-05-12 17:41:26.217 10 INFO neutron.db.ovn_revision_numbers_db [None req-a9d70b9a-9131-4b65-8042-9bb14e604c6a - - - - - -] Successfully bumped revision number for resource 9b24f56f-91cf-4695-b344-b8892fe946c8 (type: router_ports) to 4
2026-05-12 17:41:26.259 9 WARNING neutron.scheduler.dhcp_agent_scheduler [None req-4a92abbc-6079-47a6-b6da-f37c9daab6f2 59d12b03459948709e7a61277904c69c ecbac18c95c14632af199da64e19252b - - default default] No more DHCP agents
2026-05-12 17:41:26.261 9 WARNING neutron.api.rpc.agentnotifiers.dhcp_rpc_agent_api [None req-4a92abbc-6079-47a6-b6da-f37c9daab6f2 59d12b03459948709e7a61277904c69c ecbac18c95c14632af199da64e19252b - - default default] Unable to schedule network 7cef0cf9-74ed-42fd-a7bb-54c4e06f3a85: no agents available; will retry on subsequent port and subnet creation events.
2026-05-12 17:41:26.294 9 INFO neutron.db.ovn_revision_numbers_db [None req-4a92abbc-6079-47a6-b6da-f37c9daab6f2 59d12b03459948709e7a61277904c69c ecbac18c95c14632af199da64e19252b - - default default] Successfully bumped revision number for resource 0e853812-70c0-4a4f-b020-62ef31908a4c (type: subnets) to 0
2026-05-12 17:41:26.310 9 INFO neutron.wsgi [None req-4a92abbc-6079-47a6-b6da-f37c9daab6f2 59d12b03459948709e7a61277904c69c ecbac18c95c14632af199da64e19252b - - default default] 10.0.0.10 "POST /v2.0/subnets HTTP/1.1" status: 201 len: 821 time: 0.2672875
2026-05-12 17:41:26.321 9 WARNING neutron_lib.context [None req-e3f84754-129e-48fd-ad03-397a24418373 59d12b03459948709e7a61277904c69c ecbac18c95c14632af199da64e19252b - - default default] Method 'is_advsvc' is deprecated since 2023.2 release (neutron-lib 3.8.0) and will be removed once support for the old RBAC API policies will be removed from Neutron. Please use method 'is_service_role' instead.
2026-05-12 17:41:26.576 10 INFO neutron.wsgi [None req-cbd5b601-518f-45ef-96cb-54575e6c1b4d 6b4c5e6b20194522ae8751eb8146da01 5499d54aec2e45edb63bc49eb8e062a4 - - default default] 10.0.0.10 "DELETE /v2.0/security-groups/7076e092-5ce7-4963-b21b-341b8a3546c7 HTTP/1.1" status: 204 len: 168 time: 0.9109495
2026-05-12 17:41:26.597 10 INFO neutron.db.ovn_revision_numbers_db [None req-80430846-2f2b-4a54-936f-e5dd9cbead1d 6b4c5e6b20194522ae8751eb8146da01 5499d54aec2e45edb63bc49eb8e062a4 - - default default] Successfully bumped revision number for resource 79c0da84-0398-439b-8a48-db60da7f99cd (type: router_ports) to 1
2026-05-12 17:41:26.604 10 INFO neutron.wsgi [None req-80430846-2f2b-4a54-936f-e5dd9cbead1d 6b4c5e6b20194522ae8751eb8146da01 5499d54aec2e45edb63bc49eb8e062a4 - - default default] 10.0.0.10 "PUT /v2.0/routers/0663ce62-6e78-4642-9b60-74be100dfddd/add_router_interface HTTP/1.1" status: 200 len: 503 time: 4.4923971
2026-05-12 17:41:26.626 9 INFO neutron.db.ovn_revision_numbers_db [None req-e3f84754-129e-48fd-ad03-397a24418373 59d12b03459948709e7a61277904c69c ecbac18c95c14632af199da64e19252b - - default default] Successfully bumped revision number for resource daa7af10-c9f8-42bf-8de3-7b32de0582a4 (type: routers) to 1
2026-05-12 17:41:26.640 10 INFO neutron.db.ovn_revision_numbers_db [None req-0cea73f1-d282-4d2c-8653-bd03774ee440 - - - - - -] Successfully bumped revision number for resource 79c0da84-0398-439b-8a48-db60da7f99cd (type: router_ports) to 2
2026-05-12 17:41:26.643 9 INFO neutron.wsgi [None req-e3f84754-129e-48fd-ad03-397a24418373 59d12b03459948709e7a61277904c69c ecbac18c95c14632af199da64e19252b - - default default] 10.0.0.10 "POST /v2.0/routers HTTP/1.1" status: 201 len: 806 time: 0.3275595
2026-05-12 17:41:26.652 9 WARNING neutron_lib.context [None req-9aabb6ef-5dc6-4794-b0fa-6d68b8cea268 59d12b03459948709e7a61277904c69c ecbac18c95c14632af199da64e19252b - - default default] Method 'is_advsvc' is deprecated since 2023.2 release (neutron-lib 3.8.0) and will be removed once support for the old RBAC API policies will be removed from Neutron. Please use method 'is_service_role' instead.
2026-05-12 17:41:27.003 9 WARNING neutron.scheduler.dhcp_agent_scheduler [None req-9aabb6ef-5dc6-4794-b0fa-6d68b8cea268 59d12b03459948709e7a61277904c69c ecbac18c95c14632af199da64e19252b - - default default] No more DHCP agents
2026-05-12 17:41:27.006 9 WARNING neutron.api.rpc.agentnotifiers.dhcp_rpc_agent_api [None req-9aabb6ef-5dc6-4794-b0fa-6d68b8cea268 59d12b03459948709e7a61277904c69c ecbac18c95c14632af199da64e19252b - - default default] Unable to schedule network 7cef0cf9-74ed-42fd-a7bb-54c4e06f3a85: no agents available; will retry on subsequent port and subnet creation events.
2026-05-12 17:41:27.127 9 INFO neutron.db.ovn_revision_numbers_db [None req-9aabb6ef-5dc6-4794-b0fa-6d68b8cea268 59d12b03459948709e7a61277904c69c ecbac18c95c14632af199da64e19252b - - default default] Successfully bumped revision number for resource 62bb232a-de31-42f4-8348-c083c18e49e0 (type: ports) to 1
2026-05-12 17:41:27.151 9 INFO neutron.wsgi [None req-9aabb6ef-5dc6-4794-b0fa-6d68b8cea268 59d12b03459948709e7a61277904c69c ecbac18c95c14632af199da64e19252b - - default default] 10.0.0.10 "POST /v2.0/ports HTTP/1.1" status: 201 len: 1162 time: 0.5039537 /var/lib/openstack/lib/python3.10/site-packages/pycadf/identifier.py:71: UserWarning: Invalid uuid: neutron. To ensure interoperability, identifiers should be a valid uuid. warnings.warn(('Invalid uuid: %s. To ensure interoperability, '
2026-05-12 17:41:27.244 9 WARNING neutron_lib.context [None req-4c7c7ec8-4afc-42d2-ba86-d8d07282e7b2 9f58df81842f4bc98c3f6df310d7e254 f3d4e95eb2ce49f288f6fa353f11bac9 - - default default] Method 'is_advsvc' is deprecated since 2023.2 release (neutron-lib 3.8.0) and will be removed once support for the old RBAC API policies will be removed from Neutron. Please use method 'is_service_role' instead.
2026-05-12 17:41:27.407 9 INFO neutron.db.ovn_revision_numbers_db [None req-4c7c7ec8-4afc-42d2-ba86-d8d07282e7b2 9f58df81842f4bc98c3f6df310d7e254 f3d4e95eb2ce49f288f6fa353f11bac9 - - default default] Successfully bumped revision number for resource 913a3c49-d37b-454e-a738-bd17461a6eb8 (type: security_groups) to 1
2026-05-12 17:41:27.420 9 INFO neutron.db.ovn_revision_numbers_db [None req-4c7c7ec8-4afc-42d2-ba86-d8d07282e7b2 9f58df81842f4bc98c3f6df310d7e254 f3d4e95eb2ce49f288f6fa353f11bac9 - - default default] Successfully bumped revision number for resource 1b26ae5a-dc43-44ec-a392-514e06a5ea04 (type: security_group_rules) to 0
2026-05-12 17:41:27.436 9 INFO neutron.db.ovn_revision_numbers_db [None req-4c7c7ec8-4afc-42d2-ba86-d8d07282e7b2 9f58df81842f4bc98c3f6df310d7e254 f3d4e95eb2ce49f288f6fa353f11bac9 - - default default] Successfully bumped revision number for resource 46885fde-6c3b-4912-88b6-7087a5aca467 (type: security_group_rules) to 0
2026-05-12 17:41:27.458 9 INFO neutron.wsgi [None req-4c7c7ec8-4afc-42d2-ba86-d8d07282e7b2 9f58df81842f4bc98c3f6df310d7e254 f3d4e95eb2ce49f288f6fa353f11bac9 - - default default] 10.0.0.10 "POST /v2.0/security-groups HTTP/1.1" status: 201 len: 1859 time: 0.2197649
2026-05-12 17:41:27.470 9 WARNING neutron_lib.context [None req-b31d6ab4-b551-4747-afb3-1098ee4ba77d 9f58df81842f4bc98c3f6df310d7e254 f3d4e95eb2ce49f288f6fa353f11bac9 - - default default] Method 'is_advsvc' is deprecated since 2023.2 release (neutron-lib 3.8.0) and will be removed once support for the old RBAC API policies will be removed from Neutron. Please use method 'is_service_role' instead.
2026-05-12 17:41:27.608 9 INFO neutron.db.ovn_revision_numbers_db [None req-b31d6ab4-b551-4747-afb3-1098ee4ba77d 9f58df81842f4bc98c3f6df310d7e254 f3d4e95eb2ce49f288f6fa353f11bac9 - - default default] Successfully bumped revision number for resource a2cb3fb7-4518-4fd8-acf4-558b986619aa (type: security_group_rules) to 0
2026-05-12 17:41:27.634 9 INFO neutron.wsgi [None req-b31d6ab4-b551-4747-afb3-1098ee4ba77d 9f58df81842f4bc98c3f6df310d7e254 f3d4e95eb2ce49f288f6fa353f11bac9 - - default default] 10.0.0.10 "POST /v2.0/security-group-rules HTTP/1.1" status: 201 len: 796 time: 0.1706283
2026-05-12 17:41:27.643 10 ERROR ovsdbapp.backend.ovs_idl.command [None req-b7c78aac-32f0-463a-a205-80bd776b1e80 59d12b03459948709e7a61277904c69c ecbac18c95c14632af199da64e19252b - - default default] Error executing command (DbGetCommand): ovsdbapp.backend.ovs_idl.idlutils.RowNotFound: Cannot find Logical_Router_Port with name=lrp-62bb232a-de31-42f4-8348-c083c18e49e0
2026-05-12 17:41:27.643 10 ERROR ovsdbapp.backend.ovs_idl.command
Traceback (most recent call last):
2026-05-12 17:41:27.643 10 ERROR ovsdbapp.backend.ovs_idl.command
File "/var/lib/openstack/lib/python3.10/site-packages/ovsdbapp/backend/ovs_idl/command.py", line 47, in execute
2026-05-12 17:41:27.643 10 ERROR ovsdbapp.backend.ovs_idl.command self.run_idl(None)
2026-05-12 17:41:27.643 10 ERROR ovsdbapp.backend.ovs_idl.command
File "/var/lib/openstack/lib/python3.10/site-packages/ovsdbapp/backend/ovs_idl/command.py", line 235, in run_idl
2026-05-12 17:41:27.643 10 ERROR ovsdbapp.backend.ovs_idl.command record = self.api.lookup(self.table, self.record)
2026-05-12 17:41:27.643 10 ERROR ovsdbapp.backend.ovs_idl.command
File "/var/lib/openstack/lib/python3.10/site-packages/ovsdbapp/backend/ovs_idl/__init__.py", line 184, in lookup
2026-05-12 17:41:27.643 10 ERROR ovsdbapp.backend.ovs_idl.command return self._lookup(table, record)
2026-05-12 17:41:27.643 10 ERROR ovsdbapp.backend.ovs_idl.command
File "/var/lib/openstack/lib/python3.10/site-packages/ovsdbapp/backend/ovs_idl/__init__.py", line 235, in _lookup
2026-05-12 17:41:27.643 10 ERROR ovsdbapp.backend.ovs_idl.command row = idlutils.row_by_value(self, rl.table, rl.column, record)
2026-05-12 17:41:27.643 10 ERROR ovsdbapp.backend.ovs_idl.command
File "/var/lib/openstack/lib/python3.10/site-packages/ovsdbapp/backend/ovs_idl/idlutils.py", line 114, in row_by_value
2026-05-12 17:41:27.643 10 ERROR ovsdbapp.backend.ovs_idl.command raise RowNotFound(table=table, col=column, match=match)
2026-05-12 17:41:27.643 10 ERROR ovsdbapp.backend.ovs_idl.command ovsdbapp.backend.ovs_idl.idlutils.RowNotFound: Cannot find Logical_Router_Port with name=lrp-62bb232a-de31-42f4-8348-c083c18e49e0
2026-05-12 17:41:27.643 10 ERROR ovsdbapp.backend.ovs_idl.command 
2026-05-12 17:41:27.643 9 WARNING neutron_lib.context [None req-0d21873a-6d34-4b29-a98a-a0c99fb6c64b 9f58df81842f4bc98c3f6df310d7e254 f3d4e95eb2ce49f288f6fa353f11bac9 - - default default] Method 'is_advsvc' is deprecated since 2023.2 release (neutron-lib 3.8.0) and will be removed once support for the old RBAC API policies will be removed from Neutron. Please use method 'is_service_role' instead.
2026-05-12 17:41:27.644 10 ERROR neutron_lib.callbacks.manager [None req-b7c78aac-32f0-463a-a205-80bd776b1e80 59d12b03459948709e7a61277904c69c ecbac18c95c14632af199da64e19252b - - default default] Error during notification for neutron.services.ovn_l3.plugin.OVNL3RouterPlugin._port_update-8779838101231 port, after_update: ovsdbapp.backend.ovs_idl.idlutils.RowNotFound: Cannot find Logical_Router_Port with name=lrp-62bb232a-de31-42f4-8348-c083c18e49e0
2026-05-12 17:41:27.644 10 ERROR neutron_lib.callbacks.manager
Traceback (most recent call last):
2026-05-12 17:41:27.644 10 ERROR neutron_lib.callbacks.manager
File "/var/lib/openstack/lib/python3.10/site-packages/neutron_lib/callbacks/manager.py", line 189, in _notify_loop
2026-05-12 17:41:27.644 10 ERROR neutron_lib.callbacks.manager callback.method(resource, event, trigger, payload=payload)
2026-05-12 17:41:27.644 10 ERROR neutron_lib.callbacks.manager
File "/var/lib/openstack/lib/python3.10/site-packages/neutron/services/ovn_l3/plugin.py", line 391, in _port_update
2026-05-12 17:41:27.644 10 ERROR neutron_lib.callbacks.manager l3plugin._ovn_client.update_router_port(context,
2026-05-12 17:41:27.644 10 ERROR neutron_lib.callbacks.manager
File "/var/lib/openstack/lib/python3.10/site-packages/neutron/plugins/ml2/drivers/ovn/mech_driver/ovsdb/ovn_client.py", line 1878, in update_router_port
2026-05-12 17:41:27.644 10 ERROR neutron_lib.callbacks.manager self._update_lrouter_port(context, port, if_exists=if_exists,
2026-05-12 17:41:27.644 10 ERROR neutron_lib.callbacks.manager
File "/var/lib/openstack/lib/python3.10/site-packages/neutron/plugins/ml2/drivers/ovn/mech_driver/ovsdb/ovn_client.py", line 1855, in _update_lrouter_port
2026-05-12 17:41:27.644 10 ERROR neutron_lib.callbacks.manager external_ids = self._nb_idl.db_get(
2026-05-12 17:41:27.644 10 ERROR neutron_lib.callbacks.manager
File "/var/lib/openstack/lib/python3.10/site-packages/ovsdbapp/backend/ovs_idl/command.py", line 47, in execute
2026-05-12 17:41:27.644 10 ERROR neutron_lib.callbacks.manager self.run_idl(None)
2026-05-12 17:41:27.644 10 ERROR neutron_lib.callbacks.manager
File "/var/lib/openstack/lib/python3.10/site-packages/ovsdbapp/backend/ovs_idl/command.py", line 235, in run_idl
2026-05-12 17:41:27.644 10 ERROR neutron_lib.callbacks.manager record = self.api.lookup(self.table, self.record)
2026-05-12 17:41:27.644 10 ERROR neutron_lib.callbacks.manager
File "/var/lib/openstack/lib/python3.10/site-packages/ovsdbapp/backend/ovs_idl/__init__.py", line 184, in lookup
2026-05-12 17:41:27.644 10 ERROR neutron_lib.callbacks.manager return self._lookup(table, record)
2026-05-12 17:41:27.644 10 ERROR neutron_lib.callbacks.manager
File "/var/lib/openstack/lib/python3.10/site-packages/ovsdbapp/backend/ovs_idl/__init__.py", line 235, in _lookup
