2026-05-12 17:42:17.942 10 INFO neutron.plugins.ml2.drivers.ovn.mech_driver.mech_driver [None req-0cea73f1-d282-4d2c-8653-bd03774ee440 - - - - - -] OVN reports status up for port: dbf45fe5-6bf6-4edc-9f40-5e4e5fa87185
2026-05-12 17:42:17.952 10 INFO neutron.wsgi [None req-43545fab-8865-4e1f-96df-d9feb1f57347 f6a9210f9593484fbe0a371ee1dd1e85 1cf85da9039a432f82f3ac989877404d - - default default] 10.0.0.10 "GET /v2.0/security-group-rules/d7a9dcab-d168-4c76-8dbb-9241aab55ad5 HTTP/1.1" status: 200 len: 795 time: 0.0301659
2026-05-12 17:42:17.959 10 INFO neutron.plugins.ml2.plugin [None req-0cea73f1-d282-4d2c-8653-bd03774ee440 - - - - - -] Attempt 1 to provision port dbf45fe5-6bf6-4edc-9f40-5e4e5fa87185
2026-05-12 17:42:17.969 9 INFO neutron.wsgi [req-95e2ab8e-ad35-4499-b77b-a1511d6ac2a4 req-ed0b60f3-f3a2-45a2-94c6-38bd729a10f4 d29ffc22dbc548029f6f538cdace1a2f 32d37bd481b44e8f81bf2236fdaee27f - - b1dd350c040745ada743c8d896724cf9 b1dd350c040745ada743c8d896724cf9] 199.19.213.15 "GET /v2.0/ports?tenant_id=e4568f655de54b83947a30fc8e02f8ee&device_id=eed2b19b-57c4-40c5-afdd-0b7516a4fb6c HTTP/1.1" status: 200 len: 1407 time: 0.0504231
2026-05-12 17:42:18.000 10 INFO neutron.db.ovn_revision_numbers_db [None req-cc121a1b-1bfa-42c3-a08b-4c6e65397ec9 53c893a683bb4b868d27ebda621d0798 6d2e4ac61b68429395b305053f9bd74e - - default default] Successfully bumped revision number for resource dbf45fe5-6bf6-4edc-9f40-5e4e5fa87185 (type: ports) to 1
2026-05-12 17:42:18.015 9 INFO neutron.wsgi [req-95e2ab8e-ad35-4499-b77b-a1511d6ac2a4 req-ee2480e5-1989-4c65-9218-1dbfc309b9b5 d29ffc22dbc548029f6f538cdace1a2f 32d37bd481b44e8f81bf2236fdaee27f - - b1dd350c040745ada743c8d896724cf9 b1dd350c040745ada743c8d896724cf9] 199.19.213.15 "GET /v2.0/floatingips?fixed_ip_address=10.100.0.9&port_id=79e618ec-5be5-45bb-8d04-6046fb046214 HTTP/1.1" status: 200 len: 217 time: 0.0380161
2026-05-12 17:42:18.058 9 INFO neutron.wsgi [req-95e2ab8e-ad35-4499-b77b-a1511d6ac2a4 req-4a998228-9b1a-4a32-8ff8-5ee75026b8bc d29ffc22dbc548029f6f538cdace1a2f 32d37bd481b44e8f81bf2236fdaee27f - - b1dd350c040745ada743c8d896724cf9 b1dd350c040745ada743c8d896724cf9] 199.19.213.15 "GET /v2.0/subnets?id=57f48409-c8aa-4f9a-8407-1a6a938a7576 HTTP/1.1" status: 200 len: 852 time: 0.0361202
2026-05-12 17:42:18.083 9 INFO neutron.wsgi [req-95e2ab8e-ad35-4499-b77b-a1511d6ac2a4 req-f1638bc0-6b74-4560-99d7-7dde4d3b9d77 d29ffc22dbc548029f6f538cdace1a2f 32d37bd481b44e8f81bf2236fdaee27f - - b1dd350c040745ada743c8d896724cf9 b1dd350c040745ada743c8d896724cf9] 199.19.213.15 "GET /v2.0/ports?network_id=79d6e926-7285-4e8c-8a83-bb4423c01e91&device_owner=network%3Adhcp HTTP/1.1" status: 200 len: 210 time: 0.0188575
2026-05-12 17:42:18.156 9 INFO neutron.wsgi [req-95e2ab8e-ad35-4499-b77b-a1511d6ac2a4 req-074f1b1f-1e15-4dc1-b023-9edf2942811a d29ffc22dbc548029f6f538cdace1a2f 32d37bd481b44e8f81bf2236fdaee27f - - b1dd350c040745ada743c8d896724cf9 b1dd350c040745ada743c8d896724cf9] 199.19.213.15 "GET /v2.0/networks/79d6e926-7285-4e8c-8a83-bb4423c01e91?fields=segments HTTP/1.1" status: 200 len: 212 time: 0.0624778
2026-05-12 17:42:18.229 9 INFO neutron.wsgi [req-95e2ab8e-ad35-4499-b77b-a1511d6ac2a4 req-0e735785-f945-4e1e-958b-00edfff25278 d29ffc22dbc548029f6f538cdace1a2f 32d37bd481b44e8f81bf2236fdaee27f - - b1dd350c040745ada743c8d896724cf9 b1dd350c040745ada743c8d896724cf9] 199.19.213.15 "GET /v2.0/networks/79d6e926-7285-4e8c-8a83-bb4423c01e91?fields=provider%3Aphysical_network&fields=provider%3Anetwork_type HTTP/1.1" status: 200 len: 277 time: 0.0664108
2026-05-12 17:42:18.320 10 INFO neutron.wsgi [None req-26dda61f-9abc-46ee-ab1d-b3cdd2f3c5e9 f6a9210f9593484fbe0a371ee1dd1e85 1cf85da9039a432f82f3ac989877404d - - default default] 10.0.0.10 "GET /v2.0/security-group-rules HTTP/1.1" status: 200 len: 4333 time: 0.3623307
2026-05-12 17:42:18.335 9 INFO neutron.wsgi [req-37818021-b6a1-4981-85db-7d1ae4427731 req-bcc4de8e-3648-4fec-a36e-35af940c065f d29ffc22dbc548029f6f538cdace1a2f 32d37bd481b44e8f81bf2236fdaee27f - - b1dd350c040745ada743c8d896724cf9 b1dd350c040745ada743c8d896724cf9] 199.19.213.15 "GET /v2.0/ports?tenant_id=e4568f655de54b83947a30fc8e02f8ee&device_id=eed2b19b-57c4-40c5-afdd-0b7516a4fb6c HTTP/1.1" status: 200 len: 1407 time: 0.0616333
2026-05-12 17:42:18.339 10 WARNING neutron.scheduler.dhcp_agent_scheduler [None req-cc121a1b-1bfa-42c3-a08b-4c6e65397ec9 53c893a683bb4b868d27ebda621d0798 6d2e4ac61b68429395b305053f9bd74e - - default default] No more DHCP agents
2026-05-12 17:42:18.344 10 WARNING neutron.api.rpc.agentnotifiers.dhcp_rpc_agent_api [None req-cc121a1b-1bfa-42c3-a08b-4c6e65397ec9 53c893a683bb4b868d27ebda621d0798 6d2e4ac61b68429395b305053f9bd74e - - default default] Unable to schedule network 6e847a59-6e13-4c0d-a49e-438bcb10380c: no agents available; will retry on subsequent port and subnet creation events.
2026-05-12 17:42:18.448 9 INFO neutron.wsgi [req-37818021-b6a1-4981-85db-7d1ae4427731 req-1fef9441-a556-41ad-8298-21f31fed5212 d29ffc22dbc548029f6f538cdace1a2f 32d37bd481b44e8f81bf2236fdaee27f - - b1dd350c040745ada743c8d896724cf9 b1dd350c040745ada743c8d896724cf9] 199.19.213.15 "GET /v2.0/networks?id=79d6e926-7285-4e8c-8a83-bb4423c01e91 HTTP/1.1" status: 200 len: 959 time: 0.1076946
2026-05-12 17:42:18.482 9 INFO neutron.wsgi [req-37818021-b6a1-4981-85db-7d1ae4427731 req-3beba57c-dddc-4de6-a8ec-381776b39bff d29ffc22dbc548029f6f538cdace1a2f 32d37bd481b44e8f81bf2236fdaee27f - - b1dd350c040745ada743c8d896724cf9 b1dd350c040745ada743c8d896724cf9] 199.19.213.15 "GET /v2.0/floatingips?fixed_ip_address=10.100.0.9&port_id=79e618ec-5be5-45bb-8d04-6046fb046214 HTTP/1.1" status: 200 len: 217 time: 0.0291717
2026-05-12 17:42:18.546 9 INFO neutron.wsgi [req-37818021-b6a1-4981-85db-7d1ae4427731 req-3c305362-84c5-401a-b127-51949c961b28 d29ffc22dbc548029f6f538cdace1a2f 32d37bd481b44e8f81bf2236fdaee27f - - b1dd350c040745ada743c8d896724cf9 b1dd350c040745ada743c8d896724cf9] 199.19.213.15 "GET /v2.0/subnets?id=57f48409-c8aa-4f9a-8407-1a6a938a7576 HTTP/1.1" status: 200 len: 852 time: 0.0535982
2026-05-12 17:42:18.580 9 INFO neutron.wsgi [req-37818021-b6a1-4981-85db-7d1ae4427731 req-7fe01b4a-2634-411c-9941-e00cbb63df04 d29ffc22dbc548029f6f538cdace1a2f 32d37bd481b44e8f81bf2236fdaee27f - - b1dd350c040745ada743c8d896724cf9 b1dd350c040745ada743c8d896724cf9] 199.19.213.15 "GET /v2.0/ports?network_id=79d6e926-7285-4e8c-8a83-bb4423c01e91&device_owner=network%3Adhcp HTTP/1.1" status: 200 len: 210 time: 0.0266387
2026-05-12 17:42:18.591 10 INFO neutron.db.ovn_revision_numbers_db [None req-cc121a1b-1bfa-42c3-a08b-4c6e65397ec9 53c893a683bb4b868d27ebda621d0798 6d2e4ac61b68429395b305053f9bd74e - - default default] Successfully bumped revision number for resource dbf45fe5-6bf6-4edc-9f40-5e4e5fa87185 (type: router_ports) to 1
2026-05-12 17:42:18.597 10 INFO neutron.wsgi [None req-cc121a1b-1bfa-42c3-a08b-4c6e65397ec9 53c893a683bb4b868d27ebda621d0798 6d2e4ac61b68429395b305053f9bd74e - - default default] 10.0.0.10 "PUT /v2.0/routers/e4d60ae2-7adf-43c9-bd13-cbf8764323f6/add_router_interface HTTP/1.1" status: 200 len: 503 time: 2.6312242
2026-05-12 17:42:18.617 9 INFO neutron.wsgi [None req-41f27385-ac5b-4fc2-bf09-edcfc5af10b2 f6a9210f9593484fbe0a371ee1dd1e85 1cf85da9039a432f82f3ac989877404d - - default default] 10.0.0.10 "DELETE /v2.0/security-group-rules/d7a9dcab-d168-4c76-8dbb-9241aab55ad5 HTTP/1.1" status: 204 len: 168 time: 0.2902594
2026-05-12 17:42:18.653 9 INFO neutron.wsgi [None req-28247c97-4f49-4f93-bc74-ac0d9bf88aef 53c893a683bb4b868d27ebda621d0798 6d2e4ac61b68429395b305053f9bd74e - - default default] 10.0.0.10 "GET /v2.0/ports/dbf45fe5-6bf6-4edc-9f40-5e4e5fa87185 HTTP/1.1" status: 200 len: 1137 time: 0.0504186
2026-05-12 17:42:18.683 9 INFO neutron.wsgi [req-37818021-b6a1-4981-85db-7d1ae4427731 req-e11df904-1d28-4e48-8781-03ac198011f4 d29ffc22dbc548029f6f538cdace1a2f 32d37bd481b44e8f81bf2236fdaee27f - - b1dd350c040745ada743c8d896724cf9 b1dd350c040745ada743c8d896724cf9] 199.19.213.15 "GET /v2.0/networks/79d6e926-7285-4e8c-8a83-bb4423c01e91?fields=segments HTTP/1.1" status: 200 len: 212 time: 0.0932598
2026-05-12 17:42:18.711 9 INFO neutron.wsgi [None req-371b7a5e-f920-42cd-8fc8-5b4f5309a021 53c893a683bb4b868d27ebda621d0798 6d2e4ac61b68429395b305053f9bd74e - - default default] 10.0.0.10 "GET /v2.0/ports/dbf45fe5-6bf6-4edc-9f40-5e4e5fa87185 HTTP/1.1" status: 200 len: 1137 time: 0.0520868
2026-05-12 17:42:18.731 10 INFO neutron.wsgi [None req-2828b573-6821-487f-bda6-f28fdb06abb3 f6a9210f9593484fbe0a371ee1dd1e85 1cf85da9039a432f82f3ac989877404d - - default default] 10.0.0.10 "GET /v2.0/security-group-rules HTTP/1.1" status: 200 len: 3755 time: 0.1080945
2026-05-12 17:42:18.740 10 WARNING neutron_lib.context [None req-80b2ec85-1966-4822-9d45-502b7587e8e6 f6a9210f9593484fbe0a371ee1dd1e85 1cf85da9039a432f82f3ac989877404d - - default default] Method 'is_advsvc' is deprecated since 2023.2 release (neutron-lib 3.8.0) and will be removed once support for the old RBAC API policies will be removed from Neutron. Please use method 'is_service_role' instead.
2026-05-12 17:42:18.749 10 INFO neutron.db.ovn_revision_numbers_db [None req-0cea73f1-d282-4d2c-8653-bd03774ee440 - - - - - -] Successfully bumped revision number for resource dbf45fe5-6bf6-4edc-9f40-5e4e5fa87185 (type: ports) to 2
2026-05-12 17:42:18.782 9 INFO neutron.wsgi [req-37818021-b6a1-4981-85db-7d1ae4427731 req-b3ba76fa-afe3-468e-a7b4-727d36de6125 d29ffc22dbc548029f6f538cdace1a2f 32d37bd481b44e8f81bf2236fdaee27f - - b1dd350c040745ada743c8d896724cf9 b1dd350c040745ada743c8d896724cf9] 199.19.213.15 "GET /v2.0/networks/79d6e926-7285-4e8c-8a83-bb4423c01e91?fields=provider%3Aphysical_network&fields=provider%3Anetwork_type HTTP/1.1" status: 200 len: 277 time: 0.0931163
2026-05-12 17:42:18.890 10 INFO neutron.wsgi [req-d030ed1f-7e44-46d3-9eff-51cecf173b0f req-1f5a8681-9076-4e94-9545-d9669de63007 b6b7dadde55140a1abc7919a1345e866 e4568f655de54b83947a30fc8e02f8ee - - default default] 10.0.0.81 "GET /v2.0/ports?device_id=eed2b19b-57c4-40c5-afdd-0b7516a4fb6c HTTP/1.1" status: 200 len: 1168 time: 0.0568483
2026-05-12 17:42:18.923 10 WARNING neutron_lib.context [None req-08f0e47d-28d0-4da3-808e-0ad2dfb820cf ed3a09cfc63f4e908f0c24e077cff91f 1562aaa6392f44a7950f0b376c571a68 - - default default] Method 'is_advsvc' is deprecated since 2023.2 release (neutron-lib 3.8.0) and will be removed once support for the old RBAC API policies will be removed from Neutron. Please use method 'is_service_role' instead.
2026-05-12 17:42:18.985 10 INFO neutron.db.ovn_revision_numbers_db [None req-0cea73f1-d282-4d2c-8653-bd03774ee440 - - - - - -] Successfully bumped revision number for resource dbf45fe5-6bf6-4edc-9f40-5e4e5fa87185 (type: router_ports) to 2
2026-05-12 17:42:18.991 10 INFO neutron.wsgi [req-d030ed1f-7e44-46d3-9eff-51cecf173b0f req-4b0b48bb-4a29-4547-a5d5-c22159c93423 b6b7dadde55140a1abc7919a1345e866 e4568f655de54b83947a30fc8e02f8ee - - default default] 10.0.0.81 "GET /v2.0/security-groups?id=b66972f9-e356-429d-9f68-40b619dcb1b9&fields=id&fields=name HTTP/1.1" status: 200 len: 312 time: 0.0945022
2026-05-12 17:42:19.014 10 INFO neutron.db.ovn_revision_numbers_db [None req-80b2ec85-1966-4822-9d45-502b7587e8e6 f6a9210f9593484fbe0a371ee1dd1e85 1cf85da9039a432f82f3ac989877404d - - default default] Successfully bumped revision number for resource a79d102c-733c-432b-9e89-dbdfa93b27f9 (type: security_group_rules) to 0
2026-05-12 17:42:19.042 10 INFO neutron.wsgi [None req-08f0e47d-28d0-4da3-808e-0ad2dfb820cf ed3a09cfc63f4e908f0c24e077cff91f 1562aaa6392f44a7950f0b376c571a68 - - default default] 10.0.0.10 "POST /v2.0/subnetpools HTTP/1.1" status: 201 len: 745 time: 0.2890458
2026-05-12 17:42:19.056 10 INFO neutron.wsgi [None req-80b2ec85-1966-4822-9d45-502b7587e8e6 f6a9210f9593484fbe0a371ee1dd1e85 1cf85da9039a432f82f3ac989877404d - - default default] 10.0.0.10 "POST /v2.0/security-group-rules HTTP/1.1" status: 201 len: 800 time: 0.3212204
2026-05-12 17:42:19.078 9 INFO neutron.wsgi [None req-1ca0037a-ea12-4aaf-8733-ec3cefcbac87 ed3a09cfc63f4e908f0c24e077cff91f 1562aaa6392f44a7950f0b376c571a68 - - default default] 10.0.0.10 "GET /v2.0/subnetpools/e227f323-ce12-4282-98d4-2d12a36adaad HTTP/1.1" status: 200 len: 740 time: 0.0299892
2026-05-12 17:42:19.086 10 INFO neutron.wsgi [None req-3ccec828-905a-42d1-97a0-569de85aee53 f6a9210f9593484fbe0a371ee1dd1e85 1cf85da9039a432f82f3ac989877404d - - default default] 10.0.0.10 "GET /v2.0/security-group-rules/a79d102c-733c-432b-9e89-dbdfa93b27f9 HTTP/1.1" status: 200 len: 795 time: 0.0245152
2026-05-12 17:42:19.153 10 INFO neutron.wsgi [None req-874aefe3-ec6c-4a15-9ee9-79ef307fed86 f6a9210f9593484fbe0a371ee1dd1e85 1cf85da9039a432f82f3ac989877404d - - default default] 10.0.0.10 "GET /v2.0/security-group-rules HTTP/1.1" status: 200 len: 4333 time: 0.0618401
2026-05-12 17:42:19.175 9 INFO neutron.wsgi [None req-13466f3b-fb58-4ad9-8591-fc36e6c2aacc ed3a09cfc63f4e908f0c24e077cff91f 1562aaa6392f44a7950f0b376c571a68 - - default default] 10.0.0.10 "PUT /v2.0/subnetpools/e227f323-ce12-4282-98d4-2d12a36adaad HTTP/1.1" status: 200 len: 694 time: 0.0913584
2026-05-12 17:42:19.286 10 INFO neutron.wsgi [None req-76d2773b-538e-44c6-b72b-130b0efff662 f6a9210f9593484fbe0a371ee1dd1e85 1cf85da9039a432f82f3ac989877404d - - default default] 10.0.0.10 "DELETE /v2.0/security-group-rules/a79d102c-733c-432b-9e89-dbdfa93b27f9 HTTP/1.1" status: 204 len: 168 time: 0.1273696
2026-05-12 17:42:19.353 10 INFO neutron.wsgi [None req-a9322abb-c5c3-45bb-b4de-93514ba6a8f1 f6a9210f9593484fbe0a371ee1dd1e85 1cf85da9039a432f82f3ac989877404d - - default default] 10.0.0.10 "GET /v2.0/security-group-rules HTTP/1.1" status: 200 len: 3755 time: 0.0626209
2026-05-12 17:42:19.366 10 WARNING neutron_lib.context [None req-55a1a85c-cb7d-4fbe-ac8d-a45385190cd8 f6a9210f9593484fbe0a371ee1dd1e85 1cf85da9039a432f82f3ac989877404d - - default default] Method 'is_advsvc' is deprecated since 2023.2 release (neutron-lib 3.8.0) and will be removed once support for the old RBAC API policies will be removed from Neutron. Please use method 'is_service_role' instead.
2026-05-12 17:42:19.450 9 INFO neutron.wsgi [None req-6d8fc907-f4bb-4aa0-b142-0d9ea46587fb ed3a09cfc63f4e908f0c24e077cff91f 1562aaa6392f44a7950f0b376c571a68 - - default default] 10.0.0.10 "DELETE /v2.0/subnetpools/e227f323-ce12-4282-98d4-2d12a36adaad HTTP/1.1" status: 204 len: 168 time: 0.2694328
2026-05-12 17:42:19.469 9 INFO neutron.api.v2.resource [None req-1abbc71e-6d1c-4a35-b98e-02c6125d29ef ed3a09cfc63f4e908f0c24e077cff91f 1562aaa6392f44a7950f0b376c571a68 - - default default] show failed (client error): The resource could not be found.
2026-05-12 17:42:19.470 9 INFO neutron.wsgi [None req-1abbc71e-6d1c-4a35-b98e-02c6125d29ef ed3a09cfc63f4e908f0c24e077cff91f 1562aaa6392f44a7950f0b376c571a68 - - default default] 10.0.0.10 "GET /v2.0/subnetpools/e227f323-ce12-4282-98d4-2d12a36adaad HTTP/1.1" status: 404 len: 346 time: 0.0134923
2026-05-12 17:42:19.492 10 INFO neutron.api.v2.resource [None req-8794d438-c1b0-47e6-a20b-13d9013714a1 ed3a09cfc63f4e908f0c24e077cff91f 1562aaa6392f44a7950f0b376c571a68 - - default default] delete failed (client error): The resource could not be found.
2026-05-12 17:42:19.493 10 INFO neutron.wsgi [None req-8794d438-c1b0-47e6-a20b-13d9013714a1 ed3a09cfc63f4e908f0c24e077cff91f 1562aaa6392f44a7950f0b376c571a68 - - default default] 10.0.0.10 "DELETE /v2.0/subnetpools/e227f323-ce12-4282-98d4-2d12a36adaad HTTP/1.1" status: 404 len: 346 time: 0.0142992
2026-05-12 17:42:19.501 10 INFO neutron.db.ovn_revision_numbers_db [None req-55a1a85c-cb7d-4fbe-ac8d-a45385190cd8 f6a9210f9593484fbe0a371ee1dd1e85 1cf85da9039a432f82f3ac989877404d - - default default] Successfully bumped revision number for resource 4ebc1d09-820d-413c-82ad-9be9a69dd53c (type: security_group_rules) to 0
2026-05-12 17:42:19.527 10 INFO neutron.wsgi [None req-55a1a85c-cb7d-4fbe-ac8d-a45385190cd8 f6a9210f9593484fbe0a371ee1dd1e85 1cf85da9039a432f82f3ac989877404d - - default default] 10.0.0.10 "POST /v2.0/security-group-rules HTTP/1.1" status: 201 len: 801 time: 0.1665471
2026-05-12 17:42:19.548 10 INFO neutron.wsgi [None req-6cb69022-9ec2-442b-8b1a-ba89da9a735c f6a9210f9593484fbe0a371ee1dd1e85 1cf85da9039a432f82f3ac989877404d - - default default] 10.0.0.10 "GET /v2.0/security-group-rules/4ebc1d09-820d-413c-82ad-9be9a69dd53c HTTP/1.1" status: 200 len: 796 time: 0.0161390
2026-05-12 17:42:19.612 10 INFO neutron.wsgi [None req-28cfe78b-1fd8-4ea2-9f2f-9159d5cda1c4 f6a9210f9593484fbe0a371ee1dd1e85 1cf85da9039a432f82f3ac989877404d - - default default] 10.0.0.10 "GET /v2.0/security-group-rules HTTP/1.1" status: 200 len: 4334 time: 0.0585804
2026-05-12 17:42:19.655 9 INFO neutron.wsgi [None req-37faeb9e-b088-41ed-baa7-dec1627ac7a7 53c893a683bb4b868d27ebda621d0798 6d2e4ac61b68429395b305053f9bd74e - - default default] 10.0.0.10 "PUT /v2.0/routers/e4d60ae2-7adf-43c9-bd13-cbf8764323f6/remove_router_interface HTTP/1.1" status: 200 len: 503 time: 0.9351714
2026-05-12 17:42:19.680 10 INFO neutron.wsgi [None req-90ea6ec5-9f90-46ac-98d9-cc9b246e3bf5 53c893a683bb4b868d27ebda621d0798 6d2e4ac61b68429395b305053f9bd74e - - default default] 10.0.0.10 "GET /v2.0/ports?device_id=e4d60ae2-7adf-43c9-bd13-cbf8764323f6 HTTP/1.1" status: 200 len: 205 time: 0.0200772
2026-05-12 17:42:19.826 10 INFO neutron.wsgi [None req-64ed5b2b-5c77-43cc-99c7-dee974ab4ec2 f6a9210f9593484fbe0a371ee1dd1e85 1cf85da9039a432f82f3ac989877404d - - default default] 10.0.0.10 "DELETE /v2.0/security-group-rules/4ebc1d09-820d-413c-82ad-9be9a69dd53c HTTP/1.1" status: 204 len: 168 time: 0.2087262 /var/lib/openstack/lib/python3.10/site-packages/pycadf/identifier.py:71: UserWarning: Invalid uuid: neutron. To ensure interoperability, identifiers should be a valid uuid. warnings.warn(('Invalid uuid: %s. To ensure interoperability, '
2026-05-12 17:42:19.904 9 INFO neutron.wsgi [None req-14faed83-bd6c-4e08-b61b-d3861199d34c f6a9210f9593484fbe0a371ee1dd1e85 1cf85da9039a432f82f3ac989877404d - - default default] 10.0.0.10 "GET /v2.0/security-group-rules HTTP/1.1" status: 200 len: 3755 time: 0.0716054
2026-05-12 17:42:19.957 10 INFO neutron.wsgi [None req-100f6315-78ca-43b3-8e8e-cb46db557ee3 53c893a683bb4b868d27ebda621d0798 6d2e4ac61b68429395b305053f9bd74e - - default default] 10.0.0.10 "DELETE /v2.0/routers/e4d60ae2-7adf-43c9-bd13-cbf8764323f6 HTTP/1.1" status: 204 len: 168 time: 0.2709253
2026-05-12 17:42:20.005 9 INFO neutron.wsgi [None req-8d0195e2-2ac8-4b17-90e1-68c77f6cb794 f6a9210f9593484fbe0a371ee1dd1e85 1cf85da9039a432f82f3ac989877404d - - default default] 10.0.0.10 "DELETE /v2.0/security-groups/2c01e45b-5854-4ce2-ba55-3bb5e1a48fd8 HTTP/1.1" status: 204 len: 168 time: 0.0959764
2026-05-12 17:42:20.050 9 INFO neutron.wsgi [None req-8810df4c-0cad-4280-b347-0640239ef0aa f6a9210f9593484fbe0a371ee1dd1e85 1cf85da9039a432f82f3ac989877404d - - default default] 10.0.0.10 "GET /v2.0/security-groups HTTP/1.1" status: 200 len: 3120 time: 0.0399566
2026-05-12 17:42:20.094 9 INFO neutron.wsgi [None req-4b3448e6-7087-4bd8-9f74-bd724cb11b4f f6a9210f9593484fbe0a371ee1dd1e85 1cf85da9039a432f82f3ac989877404d - - default default] 10.0.0.10 "GET /v2.0/security-groups HTTP/1.1" status: 200 len: 3120 time: 0.0382023
2026-05-12 17:42:20.205 10 INFO neutron.wsgi [req-7a175c07-e31b-477f-b399-a75cc02752e4 req-f3fa3a4d-1796-4046-8f19-f74996d3871e b6b7dadde55140a1abc7919a1345e866 e4568f655de54b83947a30fc8e02f8ee - - default default] 10.0.0.81 "GET /v2.0/ports?device_id=eed2b19b-57c4-40c5-afdd-0b7516a4fb6c HTTP/1.1" status: 200 len: 1168 time: 0.1560676
2026-05-12 17:42:20.255 10 INFO neutron.wsgi [req-7a175c07-e31b-477f-b399-a75cc02752e4 req-efede204-0f60-4127-8eca-eb17a3ca4e60 b6b7dadde55140a1abc7919a1345e866 e4568f655de54b83947a30fc8e02f8ee - - default default] 10.0.0.81 "GET /v2.0/security-groups?id=b66972f9-e356-429d-9f68-40b619dcb1b9&fields=id&fields=name HTTP/1.1" status: 200 len: 312 time: 0.0431373
2026-05-12 17:42:20.266 10 INFO neutron.wsgi [None req-cde99b51-1c76-45ea-9e36-475af0c6ced1 53c893a683bb4b868d27ebda621d0798 6d2e4ac61b68429395b305053f9bd74e - - default default] 10.0.0.10 "DELETE /v2.0/subnets/7ac0f433-a71f-47a6-9948-a519d2a202cc HTTP/1.1" status: 204 len: 168 time: 0.3036320
2026-05-12 17:42:20.351 9 INFO neutron.db.ovn_revision_numbers_db [None req-61a93ea5-dc48-4ab6-956a-97bbb46df842 6b4c5e6b20194522ae8751eb8146da01 5499d54aec2e45edb63bc49eb8e062a4 - - default default] Successfully bumped revision number for resource 1d933e99-0ab1-4823-994d-0ec0901940d6 (type: security_groups) to 1
2026-05-12 17:42:20.364 9 INFO neutron.db.ovn_revision_numbers_db [None req-61a93ea5-dc48-4ab6-956a-97bbb46df842 6b4c5e6b20194522ae8751eb8146da01 5499d54aec2e45edb63bc49eb8e062a4 - - default default] Successfully bumped revision number for resource 2d406432-b85b-4dba-baa1-97cbd101e240 (type: security_group_rules) to 0
2026-05-12 17:42:20.377 9 INFO neutron.db.ovn_revision_numbers_db [None req-61a93ea5-dc48-4ab6-956a-97bbb46df842 6b4c5e6b20194522ae8751eb8146da01 5499d54aec2e45edb63bc49eb8e062a4 - - default default] Successfully bumped revision number for resource 636fcea2-19d2-4a62-8e04-90f0b64cb9a2 (type: security_group_rules) to 0
2026-05-12 17:42:20.391 9 INFO neutron.db.ovn_revision_numbers_db [None req-61a93ea5-dc48-4ab6-956a-97bbb46df842 6b4c5e6b20194522ae8751eb8146da01 5499d54aec2e45edb63bc49eb8e062a4 - - default default] Successfully bumped revision number for resource b34d8b4d-3cc6-464a-9dba-741dba048b13 (type: security_group_rules) to 0
2026-05-12 17:42:20.403 9 INFO neutron.db.ovn_revision_numbers_db [None req-61a93ea5-dc48-4ab6-956a-97bbb46df842 6b4c5e6b20194522ae8751eb8146da01 5499d54aec2e45edb63bc49eb8e062a4 - - default default] Successfully bumped revision number for resource ea189383-a798-474f-9dc3-e6bfc2d98b61 (type: security_group_rules) to 0
2026-05-12 17:42:20.428 9 INFO neutron.wsgi [None req-61a93ea5-dc48-4ab6-956a-97bbb46df842 6b4c5e6b20194522ae8751eb8146da01 5499d54aec2e45edb63bc49eb8e062a4 - - default default] 10.0.0.10 "GET /v2.0/security-groups?tenant_id=1562aaa6392f44a7950f0b376c571a68&name=default HTTP/1.1" status: 200 len: 3120 time: 0.3179243
2026-05-12 17:42:20.634 9 INFO neutron.wsgi [None req-9ca500b2-3743-4bcc-8a98-a8d9904b14c3 6b4c5e6b20194522ae8751eb8146da01 5499d54aec2e45edb63bc49eb8e062a4 - - default default] 10.0.0.10 "DELETE /v2.0/security-groups/1d933e99-0ab1-4823-994d-0ec0901940d6 HTTP/1.1" status: 204 len: 168 time: 0.1997678
2026-05-12 17:42:20.667 10 INFO neutron.services.segments.plugin [-] Segment ec24c3eb-378d-437e-af5b-04eff3ea6adf resource provider aggregate not found
2026-05-12 17:42:20.671 10 INFO neutron.services.segments.plugin [-] Segment ec24c3eb-378d-437e-af5b-04eff3ea6adf resource provider aggregate not found
2026-05-12 17:42:20.687 10 INFO neutron.services.segments.plugin [-] Segment ec24c3eb-378d-437e-af5b-04eff3ea6adf resource provider not found; error: Placement Client Error (4xx): {"errors": [{"status": 404, "title": "Not Found", "detail": "The resource could not be found.\n\n No resource provider with uuid ec24c3eb-378d-437e-af5b-04eff3ea6adf found for delete ", "request_id": "req-6045d35c-3a83-4de5-a8cc-8ba0e696d605"}]}
2026-05-12 17:42:20.688 10 INFO neutron.services.segments.plugin [-] Segment ec24c3eb-378d-437e-af5b-04eff3ea6adf resource provider not found; error: Placement Client Error (4xx): {"errors": [{"status": 404, "title": "Not Found", "detail": "The resource could not be found.\n\n No resource provider with uuid ec24c3eb-378d-437e-af5b-04eff3ea6adf found for delete ", "request_id": "req-14cd054a-875f-42bd-8011-a53fab17543f"}]}
2026-05-12 17:42:20.705 10 INFO neutron.wsgi [None req-d0dae23a-3b28-40ce-a1bb-fe6535076cd0 53c893a683bb4b868d27ebda621d0798 6d2e4ac61b68429395b305053f9bd74e - - default default] 10.0.0.10 "DELETE /v2.0/networks/6e847a59-6e13-4c0d-a49e-438bcb10380c HTTP/1.1" status: 204 len: 168 time: 0.4333196
2026-05-12 17:42:20.716 9 WARNING neutron_lib.context [None req-609544f7-9192-4a43-b5cf-7e12f729198e 53c893a683bb4b868d27ebda621d0798 6d2e4ac61b68429395b305053f9bd74e - - default default] Method 'is_advsvc' is deprecated since 2023.2 release (neutron-lib 3.8.0) and will be removed once support for the old RBAC API policies will be removed from Neutron. Please use method 'is_service_role' instead.
2026-05-12 17:42:20.754 9 INFO neutron.wsgi [None req-d18e5333-faed-4837-a550-4e95c29ea94a 6b4c5e6b20194522ae8751eb8146da01 5499d54aec2e45edb63bc49eb8e062a4 - - default default] 10.0.0.10 "GET /v2.0/security-groups?tenant_id=1cf85da9039a432f82f3ac989877404d&name=default HTTP/1.1" status: 200 len: 3120 time: 0.1608379
2026-05-12 17:42:21.131 9 INFO neutron.wsgi [None req-9b7013cc-a46b-40de-bc8c-01f8f3e1b19e 6b4c5e6b20194522ae8751eb8146da01 5499d54aec2e45edb63bc49eb8e062a4 - - default default] 10.0.0.10 "DELETE /v2.0/security-groups/3e446c7e-2849-4a95-9921-e4f6d6f58c32 HTTP/1.1" status: 204 len: 168 time: 0.3730960
2026-05-12 17:42:21.281 9 WARNING neutron.scheduler.dhcp_agent_scheduler [None req-609544f7-9192-4a43-b5cf-7e12f729198e 53c893a683bb4b868d27ebda621d0798 6d2e4ac61b68429395b305053f9bd74e - - default default] No more DHCP agents
2026-05-12 17:42:21.282 9 WARNING neutron.api.rpc.agentnotifiers.dhcp_rpc_agent_api [None req-609544f7-9192-4a43-b5cf-7e12f729198e 53c893a683bb4b868d27ebda621d0798 6d2e4ac61b68429395b305053f9bd74e - - default default] Unable to schedule network 59ab5d54-7f78-4e46-af26-62d646e192f9: no agents available; will retry on subsequent port and subnet creation events.
2026-05-12 17:42:21.369 10 INFO neutron.wsgi [req-94446e39-0226-4ac0-81c0-f5f14642c40e req-c2521f77-7278-4369-8468-e7d6e310e0a9 b6b7dadde55140a1abc7919a1345e866 e4568f655de54b83947a30fc8e02f8ee - - default default] 10.0.0.81 "GET /v2.0/ports?device_id=eed2b19b-57c4-40c5-afdd-0b7516a4fb6c HTTP/1.1" status: 200 len: 1168 time: 0.0472453
2026-05-12 17:42:21.424 10 INFO neutron.wsgi [req-94446e39-0226-4ac0-81c0-f5f14642c40e req-ca221a25-e6c5-4310-90fe-e501d04ae455 b6b7dadde55140a1abc7919a1345e866 e4568f655de54b83947a30fc8e02f8ee - - default default] 10.0.0.81 "GET /v2.0/security-groups?id=b66972f9-e356-429d-9f68-40b619dcb1b9&fields=id&fields=name HTTP/1.1" status: 200 len: 312 time: 0.0463669
2026-05-12 17:42:21.453 9 INFO neutron.db.ovn_revision_numbers_db [None req-609544f7-9192-4a43-b5cf-7e12f729198e 53c893a683bb4b868d27ebda621d0798 6d2e4ac61b68429395b305053f9bd74e - - default default] Successfully bumped revision number for resource 71e894b9-1556-4263-a84d-ea38dbb6b502 (type: ports) to 1
2026-05-12 17:42:22.196 9 INFO neutron.plugins.ml2.drivers.ovn.mech_driver.ovsdb.commands [None req-dfe34a36-2c12-4f70-8e62-8dfca3f7aac7 - - - - - -] Schedule LRP lrp-71e894b9-1556-4263-a84d-ea38dbb6b502 on gateway 21476915-6c2b-4155-a04d-480e22b4ea5e with priority 1
2026-05-12 17:42:22.237 9 INFO neutron.db.ovn_revision_numbers_db [None req-609544f7-9192-4a43-b5cf-7e12f729198e 53c893a683bb4b868d27ebda621d0798 6d2e4ac61b68429395b305053f9bd74e - - default default] Successfully bumped revision number for resource 71e894b9-1556-4263-a84d-ea38dbb6b502 (type: router_ports) to 1
2026-05-12 17:42:22.330 9 INFO neutron.db.ovn_revision_numbers_db [None req-609544f7-9192-4a43-b5cf-7e12f729198e 53c893a683bb4b868d27ebda621d0798 6d2e4ac61b68429395b305053f9bd74e - - default default] Successfully bumped revision number for resource 50e0df11-baea-4821-bbed-a3f1e5760e97 (type: routers) to 2
2026-05-12 17:42:22.351 9 INFO neutron.wsgi [None req-609544f7-9192-4a43-b5cf-7e12f729198e 53c893a683bb4b868d27ebda621d0798 6d2e4ac61b68429395b305053f9bd74e - - default default] 10.0.0.10 "POST /v2.0/routers HTTP/1.1" status: 201 len: 1147 time: 1.6382699
2026-05-12 17:42:22.445 9 INFO neutron.wsgi [None req-6939eff0-77ab-422a-8215-ed267a248fd4 53c893a683bb4b868d27ebda621d0798 6d2e4ac61b68429395b305053f9bd74e - - default default] 10.0.0.10 "GET /v2.0/routers/50e0df11-baea-4821-bbed-a3f1e5760e97 HTTP/1.1" status: 200 len: 1148 time: 0.0881057
2026-05-12 17:42:22.534 10 INFO neutron.wsgi [req-7d111ff7-8753-4489-8aac-0c5b90bc775a req-66531058-bf8f-4026-872c-7162681a21d0 b6b7dadde55140a1abc7919a1345e866 e4568f655de54b83947a30fc8e02f8ee - - default default] 10.0.0.81 "GET /v2.0/ports?device_id=eed2b19b-57c4-40c5-afdd-0b7516a4fb6c HTTP/1.1" status: 200 len: 1168 time: 0.0448701
2026-05-12 17:42:22.581 10 INFO neutron.wsgi [req-7d111ff7-8753-4489-8aac-0c5b90bc775a req-ce60425c-b6de-423f-9bf3-2b09923bef4d b6b7dadde55140a1abc7919a1345e866 e4568f655de54b83947a30fc8e02f8ee - - default default] 10.0.0.81 "GET /v2.0/security-groups?id=b66972f9-e356-429d-9f68-40b619dcb1b9&fields=id&fields=name HTTP/1.1" status: 200 len: 312 time: 0.0421793
2026-05-12 17:42:22.802 9 INFO neutron.wsgi [None req-c26b100e-a0a3-4634-a128-c8c8e50f0870 53c893a683bb4b868d27ebda621d0798 6d2e4ac61b68429395b305053f9bd74e - - default default] 10.0.0.10 "GET /v2.0/routers HTTP/1.1" status: 200 len: 1151 time: 0.3498280
2026-05-12 17:42:22.869 10 INFO neutron.wsgi [-] 10.0.0.10 "GET / HTTP/1.1" status: 200 len: 279 time: 0.0026548
2026-05-12 17:42:22.998 10 INFO neutron.wsgi [None req-5cf7618f-f200-4b22-8f13-57a9e9bb4a8f 3031727befc642d88faa44d022684e4f d877f957bdc143efa9b3dc953a951ff4 - - default default] 10.0.0.10 "GET /v2.0/ HTTP/1.1" status: 200 len: 826 time: 0.1206429
2026-05-12 17:42:23.280 9 INFO neutron.db.ovn_revision_numbers_db [None req-f80f4c49-43ed-459b-915d-938acdf927a5 53c893a683bb4b868d27ebda621d0798 6d2e4ac61b68429395b305053f9bd74e - - default default] Successfully bumped revision number for resource 50e0df11-baea-4821-bbed-a3f1e5760e97 (type: routers) to 3
2026-05-12 17:42:23.285 9 INFO neutron.wsgi [None req-f80f4c49-43ed-459b-915d-938acdf927a5 53c893a683bb4b868d27ebda621d0798 6d2e4ac61b68429395b305053f9bd74e - - default default] 10.0.0.10 "PUT /v2.0/routers/50e0df11-baea-4821-bbed-a3f1e5760e97 HTTP/1.1" status: 200 len: 1155 time: 0.4717848
2026-05-12 17:42:23.355 9 INFO neutron.wsgi [None req-c0c1cbca-274b-4aee-84bc-52dbbe508641 53c893a683bb4b868d27ebda621d0798 6d2e4ac61b68429395b305053f9bd74e - - default default] 10.0.0.10 "GET /v2.0/routers/50e0df11-baea-4821-bbed-a3f1e5760e97 HTTP/1.1" status: 200 len: 1155 time: 0.0641317
2026-05-12 17:42:23.378 9 INFO neutron.wsgi [None req-70393393-dff3-4503-be88-05d5e756500e 53c893a683bb4b868d27ebda621d0798 6d2e4ac61b68429395b305053f9bd74e - - default default] 10.0.0.10 "GET /v2.0/ports?device_id=50e0df11-baea-4821-bbed-a3f1e5760e97 HTTP/1.1" status: 200 len: 205 time: 0.0178962
2026-05-12 17:42:23.688 10 INFO neutron.wsgi [req-41d94987-f732-4fcb-812a-e8f766ed9265 req-84df9a83-48f6-4a74-810c-0c541a9ca117 b6b7dadde55140a1abc7919a1345e866 e4568f655de54b83947a30fc8e02f8ee - - default default] 10.0.0.81 "GET /v2.0/ports?device_id=eed2b19b-57c4-40c5-afdd-0b7516a4fb6c HTTP/1.1" status: 200 len: 1168 time: 0.0439799
2026-05-12 17:42:23.721 9 INFO neutron.wsgi [-] 10.0.0.184 "GET / HTTP/1.1" status: 200 len: 247 time: 0.0012870
2026-05-12 17:42:23.722 10 INFO neutron.wsgi [-] 10.0.0.184 "GET / HTTP/1.1" status: 200 len: 247 time: 0.0017176
2026-05-12 17:42:23.743 10 INFO neutron.wsgi [req-41d94987-f732-4fcb-812a-e8f766ed9265 req-bfd5a1f5-72e1-48a4-a7fd-01a121b73666 b6b7dadde55140a1abc7919a1345e866 e4568f655de54b83947a30fc8e02f8ee - - default default] 10.0.0.81 "GET /v2.0/security-groups?id=b66972f9-e356-429d-9f68-40b619dcb1b9&fields=id&fields=name HTTP/1.1" status: 200 len: 312 time: 0.0476165
2026-05-12 17:42:23.792 9 INFO neutron.db.ovn_revision_numbers_db [None req-e4edf931-9880-4c18-886c-82723afcc56b 6b4c5e6b20194522ae8751eb8146da01 5499d54aec2e45edb63bc49eb8e062a4 - - default default] Successfully bumped revision number for resource 47e808a9-5047-4df5-90dc-0a1727c7fdc5 (type: security_groups) to 1
2026-05-12 17:42:23.812 9 INFO neutron.db.ovn_revision_numbers_db [None req-e4edf931-9880-4c18-886c-82723afcc56b 6b4c5e6b20194522ae8751eb8146da01 5499d54aec2e45edb63bc49eb8e062a4 - - default default] Successfully bumped revision number for resource 35f7eec1-38c5-4ac3-bb0f-7bd7d1acfc54 (type: security_group_rules) to 0
2026-05-12 17:42:23.835 9 INFO neutron.db.ovn_revision_numbers_db [None req-e4edf931-9880-4c18-886c-82723afcc56b 6b4c5e6b20194522ae8751eb8146da01 5499d54aec2e45edb63bc49eb8e062a4 - - default default] Successfully bumped revision number for resource 5b4b7df3-d305-4786-8c3d-7bbca7758564 (type: security_group_rules) to 0
2026-05-12 17:42:23.847 9 INFO neutron.db.ovn_revision_numbers_db [None req-e4edf931-9880-4c18-886c-82723afcc56b 6b4c5e6b20194522ae8751eb8146da01 5499d54aec2e45edb63bc49eb8e062a4 - - default default] Successfully bumped revision number for resource 93dc8661-1177-4033-a3c3-8ce34e37424c (type: security_group_rules) to 0
2026-05-12 17:42:23.873 9 INFO neutron.db.ovn_revision_numbers_db [None req-e4edf931-9880-4c18-886c-82723afcc56b 6b4c5e6b20194522ae8751eb8146da01 5499d54aec2e45edb63bc49eb8e062a4 - - default default] Successfully bumped revision number for resource f0cad4f5-dc2f-4436-84cf-c54547410d82 (type: security_group_rules) to 0
2026-05-12 17:42:23.900 9 INFO neutron.wsgi [None req-e4edf931-9880-4c18-886c-82723afcc56b 6b4c5e6b20194522ae8751eb8146da01 5499d54aec2e45edb63bc49eb8e062a4 - - default default] 10.0.0.10 "GET /v2.0/security-groups?tenant_id=d877f957bdc143efa9b3dc953a951ff4&name=default HTTP/1.1" status: 200 len: 3120 time: 0.3764112
2026-05-12 17:42:24.133 10 INFO neutron.wsgi [None req-5f93cb77-17b3-43bc-80e7-4b129ede367a 6b4c5e6b20194522ae8751eb8146da01 5499d54aec2e45edb63bc49eb8e062a4 - - default default] 10.0.0.10 "DELETE /v2.0/security-groups/47e808a9-5047-4df5-90dc-0a1727c7fdc5 HTTP/1.1" status: 204 len: 168 time: 0.2274292
2026-05-12 17:42:24.284 9 INFO neutron.wsgi [None req-91626854-94d0-4ef9-9f6b-213cb43c2094 53c893a683bb4b868d27ebda621d0798 6d2e4ac61b68429395b305053f9bd74e - - default default] 10.0.0.10 "DELETE /v2.0/routers/50e0df11-baea-4821-bbed-a3f1e5760e97 HTTP/1.1" status: 204 len: 168 time: 0.8986719
2026-05-12 17:42:24.312 10 INFO neutron.wsgi [None req-bd779118-569b-4f9b-b92b-b82c06c65bb1 53c893a683bb4b868d27ebda621d0798 6d2e4ac61b68429395b305053f9bd74e - - default default] 10.0.0.10 "GET /v2.0/ports?device_id=50e0df11-baea-4821-bbed-a3f1e5760e97 HTTP/1.1" status: 200 len: 205 time: 0.0207655
2026-05-12 17:42:24.341 10 INFO neutron.api.v2.resource [None req-707a088b-b833-4b78-b56e-14d38bca3604 53c893a683bb4b868d27ebda621d0798 6d2e4ac61b68429395b305053f9bd74e - - default default] delete failed (client error): The resource could not be found.
2026-05-12 17:42:24.342 10 INFO neutron.wsgi [None req-707a088b-b833-4b78-b56e-14d38bca3604 53c893a683bb4b868d27ebda621d0798 6d2e4ac61b68429395b305053f9bd74e - - default default] 10.0.0.10 "DELETE /v2.0/routers/50e0df11-baea-4821-bbed-a3f1e5760e97 HTTP/1.1" status: 404 len: 336 time: 0.0249686
2026-05-12 17:42:24.369 10 INFO neutron.wsgi [None req-dd5d43c5-4fe5-4185-9fb7-0ad4b3365a09 53c893a683bb4b868d27ebda621d0798 6d2e4ac61b68429395b305053f9bd74e - - default default] 10.0.0.10 "GET /v2.0/ports?device_id=e4d60ae2-7adf-43c9-bd13-cbf8764323f6 HTTP/1.1" status: 200 len: 205 time: 0.0216041
2026-05-12 17:42:24.403 10 INFO neutron.api.v2.resource [None req-f8ed8d77-99fa-4afb-97b4-02b768ba9101 53c893a683bb4b868d27ebda621d0798 6d2e4ac61b68429395b305053f9bd74e - - default default] delete failed (client error): The resource could not be found.
2026-05-12 17:42:24.404 10 INFO neutron.wsgi [None req-f8ed8d77-99fa-4afb-97b4-02b768ba9101 53c893a683bb4b868d27ebda621d0798 6d2e4ac61b68429395b305053f9bd74e - - default default] 10.0.0.10 "DELETE /v2.0/routers/e4d60ae2-7adf-43c9-bd13-cbf8764323f6 HTTP/1.1" status: 404 len: 336 time: 0.0296316
2026-05-12 17:42:24.431 10 INFO neutron.pecan_wsgi.hooks.translation [None req-de8ac568-d8e8-4a59-8885-9c8b92b323b1 53c893a683bb4b868d27ebda621d0798 6d2e4ac61b68429395b305053f9bd74e - - default default] DELETE failed (client error): The resource could not be found.
2026-05-12 17:42:24.435 10 INFO neutron.wsgi [None req-de8ac568-d8e8-4a59-8885-9c8b92b323b1 53c893a683bb4b868d27ebda621d0798 6d2e4ac61b68429395b305053f9bd74e - - default default] 10.0.0.10 "DELETE /v2.0/subnets/7ac0f433-a71f-47a6-9948-a519d2a202cc HTTP/1.1" status: 404 len: 337 time: 0.0234714
2026-05-12 17:42:24.477 10 INFO neutron.wsgi [None req-a6d93004-c50c-4245-b049-cc46761b9714 53c893a683bb4b868d27ebda621d0798 6d2e4ac61b68429395b305053f9bd74e - - default default] 10.0.0.10 "GET /v2.0/ports?device_id=a3db6922-d645-47d7-a71c-d4c2bdf8d30b HTTP/1.1" status: 200 len: 205 time: 0.0367928
2026-05-12 17:42:24.510 10 INFO neutron.api.v2.resource [None req-df61b536-06df-45d3-9981-d0ceed38c927 53c893a683bb4b868d27ebda621d0798 6d2e4ac61b68429395b305053f9bd74e - - default default] delete failed (client error): The resource could not be found.
2026-05-12 17:42:24.512 10 INFO neutron.wsgi [None req-df61b536-06df-45d3-9981-d0ceed38c927 53c893a683bb4b868d27ebda621d0798 6d2e4ac61b68429395b305053f9bd74e - - default default] 10.0.0.10 "DELETE /v2.0/routers/a3db6922-d645-47d7-a71c-d4c2bdf8d30b HTTP/1.1" status: 404 len: 336 time: 0.0284050
2026-05-12 17:42:24.523 10 WARNING neutron.plugins.ml2.drivers.ovn.mech_driver.ovsdb.ovn_client [None req-0cea73f1-d282-4d2c-8653-bd03774ee440 - - - - - -] No port found with ID dbf45fe5-6bf6-4edc-9f40-5e4e5fa87185: RuntimeError: No port found with ID dbf45fe5-6bf6-4edc-9f40-5e4e5fa87185
2026-05-12 17:42:24.524 10 INFO neutron.plugins.ml2.drivers.ovn.mech_driver.mech_driver [None req-0cea73f1-d282-4d2c-8653-bd03774ee440 - - - - - -] OVN reports status up for port: 79e618ec-5be5-45bb-8d04-6046fb046214
2026-05-12 17:42:24.534 10 INFO neutron.plugins.ml2.plugin [None req-0cea73f1-d282-4d2c-8653-bd03774ee440 - - - - - -] Attempt 1 to provision port 79e618ec-5be5-45bb-8d04-6046fb046214
2026-05-12 17:42:24.537 9 INFO neutron.pecan_wsgi.hooks.translation [None req-c2d9f7ea-a7eb-4142-9d6c-87c00976b000 53c893a683bb4b868d27ebda621d0798 6d2e4ac61b68429395b305053f9bd74e - - default default] DELETE failed (client error): The resource could not be found.
2026-05-12 17:42:24.539 9 INFO neutron.wsgi [None req-c2d9f7ea-a7eb-4142-9d6c-87c00976b000 53c893a683bb4b868d27ebda621d0798 6d2e4ac61b68429395b305053f9bd74e - - default default] 10.0.0.10 "DELETE /v2.0/subnets/89288e01-4905-4363-978a-9369fdb44289 HTTP/1.1" status: 404 len: 337 time: 0.0192735
2026-05-12 17:42:24.566 9 INFO neutron.wsgi [None req-68743f11-8766-4d9d-8587-d7abf46d1caa 53c893a683bb4b868d27ebda621d0798 6d2e4ac61b68429395b305053f9bd74e - - default default] 10.0.0.10 "GET /v2.0/ports?device_id=d8454c9d-e97f-4a15-87bf-6b2319e6bee7 HTTP/1.1" status: 200 len: 205 time: 0.0231264
2026-05-12 17:42:24.592 9 INFO neutron.api.v2.resource [None req-f34d4a29-ce98-4415-af7d-4e85d0b3a135 53c893a683bb4b868d27ebda621d0798 6d2e4ac61b68429395b305053f9bd74e - - default default] delete failed (client error): The resource could not be found.
2026-05-12 17:42:24.593 9 INFO neutron.wsgi [None req-f34d4a29-ce98-4415-af7d-4e85d0b3a135 53c893a683bb4b868d27ebda621d0798 6d2e4ac61b68429395b305053f9bd74e - - default default] 10.0.0.10 "DELETE /v2.0/routers/d8454c9d-e97f-4a15-87bf-6b2319e6bee7 HTTP/1.1" status: 404 len: 336 time: 0.0225186
2026-05-12 17:42:24.612 9 INFO neutron.pecan_wsgi.hooks.translation [None req-15e95343-6dba-4d3a-81b3-285c0f196291 53c893a683bb4b868d27ebda621d0798 6d2e4ac61b68429395b305053f9bd74e - - default default] DELETE failed (client error): The resource could not be found.
2026-05-12 17:42:24.614 9 INFO neutron.wsgi [None req-15e95343-6dba-4d3a-81b3-285c0f196291 53c893a683bb4b868d27ebda621d0798 6d2e4ac61b68429395b305053f9bd74e - - default default] 10.0.0.10 "DELETE /v2.0/subnets/fbf321c3-995f-42c0-b70e-460357310a78 HTTP/1.1" status: 404 len: 337 time: 0.0171897
2026-05-12 17:42:24.636 9 INFO neutron.pecan_wsgi.hooks.translation [None req-8e85aa24-a85e-48e3-9c90-9318f28a23ef 53c893a683bb4b868d27ebda621d0798 6d2e4ac61b68429395b305053f9bd74e - - default default] DELETE failed (client error): The resource could not be found.
2026-05-12 17:42:24.640 9 INFO neutron.wsgi [None req-8e85aa24-a85e-48e3-9c90-9318f28a23ef 53c893a683bb4b868d27ebda621d0798 6d2e4ac61b68429395b305053f9bd74e - - default default] 10.0.0.10 "DELETE /v2.0/subnets/a094d6e4-2098-4445-bce0-a9d0ebf6e9ea HTTP/1.1" status: 404 len: 337 time: 0.0208962
2026-05-12 17:42:24.668 10 INFO neutron.notifiers.nova [-] Nova event matching ['req-ab77f7c8-0a1a-4619-a1fa-c7aacb293147'] response: {'server_uuid': 'eed2b19b-57c4-40c5-afdd-0b7516a4fb6c', 'name': 'network-vif-plugged', 'status': 'completed', 'tag': '79e618ec-5be5-45bb-8d04-6046fb046214', 'code': 200}
2026-05-12 17:42:25.109 10 INFO neutron.db.ovn_revision_numbers_db [None req-0cea73f1-d282-4d2c-8653-bd03774ee440 - - - - - -] Successfully bumped revision number for resource 79e618ec-5be5-45bb-8d04-6046fb046214 (type: ports) to 4
2026-05-12 17:42:25.115 10 INFO neutron.wsgi [req-895418ee-61bf-4e9d-a71d-8637e51b430e req-3dd600b2-4623-407c-a930-440411710fe1 b6b7dadde55140a1abc7919a1345e866 e4568f655de54b83947a30fc8e02f8ee - - default default] 10.0.0.81 "GET /v2.0/ports?device_id=eed2b19b-57c4-40c5-afdd-0b7516a4fb6c HTTP/1.1" status: 200 len: 1170 time: 0.0382395
2026-05-12 17:42:25.188 10 INFO neutron.plugins.ml2.drivers.ovn.mech_driver.mech_driver [None req-0cea73f1-d282-4d2c-8653-bd03774ee440 - - - - - -] OVN reports status up for port: 71e894b9-1556-4263-a84d-ea38dbb6b502
2026-05-12 17:42:25.211 10 INFO neutron.wsgi [req-895418ee-61bf-4e9d-a71d-8637e51b430e req-cbd962e2-dd97-471a-bf59-705704445a09 b6b7dadde55140a1abc7919a1345e866 e4568f655de54b83947a30fc8e02f8ee - - default default] 10.0.0.81 "GET /v2.0/security-groups?id=b66972f9-e356-429d-9f68-40b619dcb1b9&fields=id&fields=name HTTP/1.1" status: 200 len: 312 time: 0.0881822
2026-05-12 17:42:25.366 9 INFO neutron.wsgi [None req-cb0448ad-73fe-458c-92a3-4e7a156385f3 6b4c5e6b20194522ae8751eb8146da01 5499d54aec2e45edb63bc49eb8e062a4 - - default default] 10.0.0.10 "GET /v2.0/security-groups?tenant_id=6d2e4ac61b68429395b305053f9bd74e&name=default HTTP/1.1" status: 200 len: 3120 time: 0.2814307
2026-05-12 17:42:25.622 9 INFO neutron.wsgi [None req-0a32b2ad-af4e-4606-9e3c-3ba97b17a42d 6b4c5e6b20194522ae8751eb8146da01 5499d54aec2e45edb63bc49eb8e062a4 - - default default] 10.0.0.10 "DELETE /v2.0/security-groups/9cf79905-cbd4-48e9-b579-7e718bc11393 HTTP/1.1" status: 204 len: 168 time: 0.2505734 /var/lib/openstack/lib/python3.10/site-packages/pycadf/identifier.py:71: UserWarning: Invalid uuid: neutron. To ensure interoperability, identifiers should be a valid uuid. warnings.warn(('Invalid uuid: %s. To ensure interoperability, '
2026-05-12 17:42:26.364 10 INFO neutron.wsgi [req-ad139f3a-dc9f-4bba-ae69-dfbf46e36816 req-e70d4362-62af-49f1-a832-ac791e77787c b6b7dadde55140a1abc7919a1345e866 e4568f655de54b83947a30fc8e02f8ee - - default default] 10.0.0.81 "GET /v2.0/ports?device_id=eed2b19b-57c4-40c5-afdd-0b7516a4fb6c HTTP/1.1" status: 200 len: 1170 time: 0.0926054
2026-05-12 17:42:26.407 10 INFO neutron.wsgi [req-ad139f3a-dc9f-4bba-ae69-dfbf46e36816 req-fcae0b21-669c-4177-8b48-40a304a0645d b6b7dadde55140a1abc7919a1345e866 e4568f655de54b83947a30fc8e02f8ee - - default default] 10.0.0.81 "GET /v2.0/security-groups?id=b66972f9-e356-429d-9f68-40b619dcb1b9&fields=id&fields=name HTTP/1.1" status: 200 len: 312 time: 0.0349438
2026-05-12 17:42:26.663 10 INFO neutron.wsgi [req-2ff45f68-8b11-4887-8e42-b8c847a55837 req-76f296f5-8526-4091-ac51-363190574470 b6b7dadde55140a1abc7919a1345e866 e4568f655de54b83947a30fc8e02f8ee - - default default] 10.0.0.81 "GET /v2.0/ports?device_id=eed2b19b-57c4-40c5-afdd-0b7516a4fb6c HTTP/1.1" status: 200 len: 1170 time: 0.0434792
2026-05-12 17:42:26.708 10 INFO neutron.notifiers.nova [-] Nova event matching ['req-8745b509-b9f3-40c2-9f59-145e8a34d5aa'] response: {'server_uuid': 'eed2b19b-57c4-40c5-afdd-0b7516a4fb6c', 'name': 'network-vif-plugged', 'status': 'completed', 'tag': '79e618ec-5be5-45bb-8d04-6046fb046214', 'code': 200}
2026-05-12 17:42:26.715 10 INFO neutron.wsgi [req-2ff45f68-8b11-4887-8e42-b8c847a55837 req-5e91639d-3f06-4f49-b419-2de9e2cfe45c b6b7dadde55140a1abc7919a1345e866 e4568f655de54b83947a30fc8e02f8ee - - default default] 10.0.0.81 "GET /v2.0/security-groups?id=b66972f9-e356-429d-9f68-40b619dcb1b9&fields=id&fields=name HTTP/1.1" status: 200 len: 312 time: 0.0472131
2026-05-12 17:42:26.783 10 INFO neutron.wsgi [None req-c3cb6853-1a8f-4ed9-b16b-6dbad6d0d7e5 0983082005494fe3820ffe080fefe900 15afcb6186f549ef97df74f5f9036c2d - - default default] 10.0.0.10 "GET /v2.0/ports?device_id=eed2b19b-57c4-40c5-afdd-0b7516a4fb6c HTTP/1.1" status: 200 len: 1404 time: 0.0402572
2026-05-12 17:42:27.426 10 INFO neutron.db.ovn_revision_numbers_db [None req-74b29a27-dc2a-43a5-b8fc-dce47d28fd6a b6b7dadde55140a1abc7919a1345e866 e4568f655de54b83947a30fc8e02f8ee - - default default] Successfully bumped revision number for resource 32374876-c620-4521-b863-b603ce8275e5 (type: floatingips) to 4
2026-05-12 17:42:27.578 10 INFO neutron.db.ovn_revision_numbers_db [None req-74b29a27-dc2a-43a5-b8fc-dce47d28fd6a b6b7dadde55140a1abc7919a1345e866 e4568f655de54b83947a30fc8e02f8ee - - default default] Successfully bumped revision number for resource 32374876-c620-4521-b863-b603ce8275e5 (type: floatingips) to 5
2026-05-12 17:42:27.578 10 INFO neutron.db.l3_db [None req-74b29a27-dc2a-43a5-b8fc-dce47d28fd6a b6b7dadde55140a1abc7919a1345e866 e4568f655de54b83947a30fc8e02f8ee - - default default] Floating IP 32374876-c620-4521-b863-b603ce8275e5 associated. External IP: 10.96.250.202, port: 79e618ec-5be5-45bb-8d04-6046fb046214.
2026-05-12 17:42:27.628 10 INFO neutron.wsgi [None req-74b29a27-dc2a-43a5-b8fc-dce47d28fd6a b6b7dadde55140a1abc7919a1345e866 e4568f655de54b83947a30fc8e02f8ee - - default default] 10.0.0.10 "PUT /v2.0/floatingips/32374876-c620-4521-b863-b603ce8275e5 HTTP/1.1" status: 200 len: 1049 time: 0.8408759 /var/lib/openstack/lib/python3.10/site-packages/pycadf/identifier.py:71: UserWarning: Invalid uuid: neutron. To ensure interoperability, identifiers should be a valid uuid. warnings.warn(('Invalid uuid: %s. To ensure interoperability, '
2026-05-12 17:42:27.710 9 INFO neutron.wsgi [None req-7eeb84e8-4c5c-4b4f-9966-1da84eddf131 b6b7dadde55140a1abc7919a1345e866 e4568f655de54b83947a30fc8e02f8ee - - default default] 10.0.0.10 "GET /v2.0/floatingips/32374876-c620-4521-b863-b603ce8275e5 HTTP/1.1" status: 200 len: 1051 time: 0.0772467
2026-05-12 17:42:28.756 10 INFO neutron.notifiers.nova [-] Nova event matching ['req-435bd60c-19f2-40a5-9fef-2bbb0d0ab013'] response: {'name': 'network-changed', 'server_uuid': 'eed2b19b-57c4-40c5-afdd-0b7516a4fb6c', 'tag': '79e618ec-5be5-45bb-8d04-6046fb046214', 'status': 'completed', 'code': 200}
2026-05-12 17:42:28.834 9 INFO neutron.wsgi [req-39eaa09e-5a65-4ba3-84a0-c7cc4aefd559 req-20f9573c-4d0f-4bd9-8396-205308ff0433 d29ffc22dbc548029f6f538cdace1a2f 32d37bd481b44e8f81bf2236fdaee27f - - b1dd350c040745ada743c8d896724cf9 b1dd350c040745ada743c8d896724cf9] 199.19.213.15 "GET /v2.0/ports?tenant_id=e4568f655de54b83947a30fc8e02f8ee&device_id=eed2b19b-57c4-40c5-afdd-0b7516a4fb6c HTTP/1.1" status: 200 len: 1409 time: 0.0467753
2026-05-12 17:42:28.945 9 INFO neutron.wsgi [req-39eaa09e-5a65-4ba3-84a0-c7cc4aefd559 req-87549761-5b0d-44c6-a78f-f31b489f8b10 d29ffc22dbc548029f6f538cdace1a2f 32d37bd481b44e8f81bf2236fdaee27f - - b1dd350c040745ada743c8d896724cf9 b1dd350c040745ada743c8d896724cf9] 199.19.213.15 "GET /v2.0/networks?id=79d6e926-7285-4e8c-8a83-bb4423c01e91 HTTP/1.1" status: 200 len: 959 time: 0.1044586
2026-05-12 17:42:28.999 9 INFO neutron.wsgi [req-39eaa09e-5a65-4ba3-84a0-c7cc4aefd559 req-a5c87fa9-1380-463d-a518-bb42a89f92f8 d29ffc22dbc548029f6f538cdace1a2f 32d37bd481b44e8f81bf2236fdaee27f - - b1dd350c040745ada743c8d896724cf9 b1dd350c040745ada743c8d896724cf9] 199.19.213.15 "GET /v2.0/floatingips?fixed_ip_address=10.100.0.9&port_id=79e618ec-5be5-45bb-8d04-6046fb046214 HTTP/1.1" status: 200 len: 1059 time: 0.0479536
2026-05-12 17:42:29.024 10 INFO neutron.wsgi [None req-0a82d43e-b270-4cd0-8e78-dd7d8d1f6d89 6b4c5e6b20194522ae8751eb8146da01 5499d54aec2e45edb63bc49eb8e062a4 - - default default] 10.0.0.179 "GET /v2.0/agents HTTP/1.1" status: 200 len: 1390 time: 0.1819718
2026-05-12 17:42:29.050 10 INFO neutron.wsgi [None req-a7bb976d-6eb1-440c-a1fe-472d3b46c224 6b4c5e6b20194522ae8751eb8146da01 5499d54aec2e45edb63bc49eb8e062a4 - - default default] 10.0.0.179 "GET /v2.0/network-ip-availabilities HTTP/1.1" status: 200 len: 1726 time: 0.0193534
2026-05-12 17:42:29.058 9 INFO neutron.wsgi [req-39eaa09e-5a65-4ba3-84a0-c7cc4aefd559 req-cd65635f-e299-41e4-aadd-b2c8b7856504 d29ffc22dbc548029f6f538cdace1a2f 32d37bd481b44e8f81bf2236fdaee27f - - b1dd350c040745ada743c8d896724cf9 b1dd350c040745ada743c8d896724cf9] 199.19.213.15 "GET /v2.0/subnets?id=57f48409-c8aa-4f9a-8407-1a6a938a7576 HTTP/1.1" status: 200 len: 852 time: 0.0527608
2026-05-12 17:42:29.091 9 INFO neutron.wsgi [req-39eaa09e-5a65-4ba3-84a0-c7cc4aefd559 req-678fe2b9-e4bd-4390-b2c7-fd83dae91f4e d29ffc22dbc548029f6f538cdace1a2f 32d37bd481b44e8f81bf2236fdaee27f - - b1dd350c040745ada743c8d896724cf9 b1dd350c040745ada743c8d896724cf9] 199.19.213.15 "GET /v2.0/ports?network_id=79d6e926-7285-4e8c-8a83-bb4423c01e91&device_owner=network%3Adhcp HTTP/1.1" status: 200 len: 210 time: 0.0265136
2026-05-12 17:42:29.191 9 INFO neutron.wsgi [req-39eaa09e-5a65-4ba3-84a0-c7cc4aefd559 req-16014f1f-d937-4069-8f76-6721f3c2bc82 d29ffc22dbc548029f6f538cdace1a2f 32d37bd481b44e8f81bf2236fdaee27f - - b1dd350c040745ada743c8d896724cf9 b1dd350c040745ada743c8d896724cf9] 199.19.213.15 "GET /v2.0/networks/79d6e926-7285-4e8c-8a83-bb4423c01e91?fields=segments HTTP/1.1" status: 200 len: 212 time: 0.0923951
2026-05-12 17:42:29.233 10 INFO neutron.wsgi [None req-4990e907-f12d-4421-8310-1a5e23f8dd13 6b4c5e6b20194522ae8751eb8146da01 5499d54aec2e45edb63bc49eb8e062a4 - - default default] 10.0.0.179 "GET /v2.0/ports HTTP/1.1" status: 200 len: 11971 time: 0.1826515
