2026-05-12 17:43:29.156 9 INFO neutron.wsgi [None req-c357e9e1-9168-4545-af97-82cb8a8155d9 e521e878f6a64f7395a4a78e0a83e31d 898b2741a4064656ac81237562e7c582 - - default default] 10.0.0.10 "PUT /v2.0/routers/98c9f93d-6512-4cc6-ba90-22f683e143cf HTTP/1.1" status: 200 len: 792 time: 0.4746885
2026-05-12 17:43:29.175 9 INFO neutron.wsgi [None req-bdd4a872-54b1-4ae3-bc91-2b0df36a11d5 e521e878f6a64f7395a4a78e0a83e31d 898b2741a4064656ac81237562e7c582 - - default default] 10.0.0.10 "GET /v2.0/ports?device_id=98c9f93d-6512-4cc6-ba90-22f683e143cf HTTP/1.1" status: 200 len: 205 time: 0.0155778
2026-05-12 17:43:29.201 10 INFO neutron.db.ovn_revision_numbers_db [None req-5a762efc-fcd8-4ed9-9c7f-fa4b9ba31fc5 453862f83e414b968e5cbd69fc18b076 433c39991ef545639b9e9ad763d2e35a - - default default] Successfully bumped revision number for resource e31768b7-a35b-4043-b86a-bb66492560ab (type: security_groups) to 1
2026-05-12 17:43:29.232 10 INFO neutron.wsgi [None req-f5a0397f-57ce-4e64-960a-b8b5da4c4d4e 6b4c5e6b20194522ae8751eb8146da01 5499d54aec2e45edb63bc49eb8e062a4 - - default default] 10.0.0.179 "GET /v2.0/networks HTTP/1.1" status: 200 len: 3863 time: 0.1134613
2026-05-12 17:43:29.243 10 INFO neutron.db.ovn_revision_numbers_db [None req-5a762efc-fcd8-4ed9-9c7f-fa4b9ba31fc5 453862f83e414b968e5cbd69fc18b076 433c39991ef545639b9e9ad763d2e35a - - default default] Successfully bumped revision number for resource 2ad0fe31-a190-464e-ba45-76970d4428af (type: security_group_rules) to 0
2026-05-12 17:43:29.256 10 INFO neutron.wsgi [None req-0a44a721-bf18-429c-9732-5cd11054eba7 6b4c5e6b20194522ae8751eb8146da01 5499d54aec2e45edb63bc49eb8e062a4 - - default default] 10.0.0.179 "GET /v2.0/agents HTTP/1.1" status: 200 len: 1390 time: 0.0210135
2026-05-12 17:43:29.277 10 INFO neutron.db.ovn_revision_numbers_db [None req-5a762efc-fcd8-4ed9-9c7f-fa4b9ba31fc5 453862f83e414b968e5cbd69fc18b076 433c39991ef545639b9e9ad763d2e35a - - default default] Successfully bumped revision number for resource 6060ddcb-10e9-4da0-9298-36b1b2c7ec7e (type: security_group_rules) to 0
2026-05-12 17:43:29.298 10 INFO neutron.wsgi [None req-14e1f67c-557d-42b9-b9d6-cb718d13d7b2 6b4c5e6b20194522ae8751eb8146da01 5499d54aec2e45edb63bc49eb8e062a4 - - default default] 10.0.0.179 "GET /v2.0/subnets HTTP/1.1" status: 200 len: 2743 time: 0.0384202
2026-05-12 17:43:29.304 10 INFO neutron.db.ovn_revision_numbers_db [None req-5a762efc-fcd8-4ed9-9c7f-fa4b9ba31fc5 453862f83e414b968e5cbd69fc18b076 433c39991ef545639b9e9ad763d2e35a - - default default] Successfully bumped revision number for resource ad309d16-a4e7-40e5-8c58-d3a1a28c60a5 (type: security_group_rules) to 0
2026-05-12 17:43:29.338 10 INFO neutron.db.ovn_revision_numbers_db [None req-5a762efc-fcd8-4ed9-9c7f-fa4b9ba31fc5 453862f83e414b968e5cbd69fc18b076 433c39991ef545639b9e9ad763d2e35a - - default default] Successfully bumped revision number for resource b83911a0-c8a1-4b7b-af0b-9f1145f57501 (type: security_group_rules) to 0
2026-05-12 17:43:29.396 10 INFO neutron.wsgi [None req-a4ac9524-cebf-43bd-830f-2af79fd8ef3c 6b4c5e6b20194522ae8751eb8146da01 5499d54aec2e45edb63bc49eb8e062a4 - - default default] 10.0.0.179 "GET /v2.0/ports HTTP/1.1" status: 200 len: 14033 time: 0.0963287
2026-05-12 17:43:29.423 9 INFO neutron.wsgi [None req-3678a735-5d17-4086-a892-c3dbd312ab39 e521e878f6a64f7395a4a78e0a83e31d 898b2741a4064656ac81237562e7c582 - - default default] 10.0.0.10 "DELETE /v2.0/routers/98c9f93d-6512-4cc6-ba90-22f683e143cf HTTP/1.1" status: 204 len: 168 time: 0.2412658
2026-05-12 17:43:29.470 9 INFO neutron.wsgi [None req-cdc409ea-4da6-4596-8cfc-af21a333970f e521e878f6a64f7395a4a78e0a83e31d 898b2741a4064656ac81237562e7c582 - - default default] 10.0.0.10 "GET /v2.0/routers/7d043129-e53a-4719-9725-0d9ed0904640 HTTP/1.1" status: 200 len: 777 time: 0.0422249
2026-05-12 17:43:29.557 10 INFO neutron.wsgi [None req-6dd3a7d4-9bcd-4883-a426-99eeb08e15b2 6b4c5e6b20194522ae8751eb8146da01 5499d54aec2e45edb63bc49eb8e062a4 - - default default] 10.0.0.179 "GET /v2.0/routers HTTP/1.1" status: 200 len: 3274 time: 0.1454227
2026-05-12 17:43:29.569 10 INFO neutron.wsgi [None req-19c56344-4983-4642-a403-6bc41d2c6cb3 6b4c5e6b20194522ae8751eb8146da01 5499d54aec2e45edb63bc49eb8e062a4 - - default default] 10.0.0.179 "GET /v2.0/agents?binary=ovn-controller HTTP/1.1" status: 200 len: 591 time: 0.0110097
2026-05-12 17:43:29.571 10 INFO neutron.db.ovn_revision_numbers_db [None req-5a762efc-fcd8-4ed9-9c7f-fa4b9ba31fc5 453862f83e414b968e5cbd69fc18b076 433c39991ef545639b9e9ad763d2e35a - - default default] Successfully bumped revision number for resource eaf40d27-9677-4cd9-8fa0-952e969737c9 (type: security_groups) to 1
2026-05-12 17:43:29.587 10 INFO neutron.wsgi [None req-37316ca6-d5a2-411a-a886-7d9ee4d08563 6b4c5e6b20194522ae8751eb8146da01 5499d54aec2e45edb63bc49eb8e062a4 - - default default] 10.0.0.179 "GET /v2.0/network-ip-availabilities HTTP/1.1" status: 200 len: 2220 time: 0.0166841
2026-05-12 17:43:29.593 10 INFO neutron.db.ovn_revision_numbers_db [None req-5a762efc-fcd8-4ed9-9c7f-fa4b9ba31fc5 453862f83e414b968e5cbd69fc18b076 433c39991ef545639b9e9ad763d2e35a - - default default] Successfully bumped revision number for resource 52ea1ccf-4290-41b1-8079-347cbb706142 (type: security_group_rules) to 0
2026-05-12 17:43:29.605 10 INFO neutron.db.ovn_revision_numbers_db [None req-5a762efc-fcd8-4ed9-9c7f-fa4b9ba31fc5 453862f83e414b968e5cbd69fc18b076 433c39991ef545639b9e9ad763d2e35a - - default default] Successfully bumped revision number for resource 830f8358-afe4-49d5-a138-a60b12b5d188 (type: security_group_rules) to 0
2026-05-12 17:43:29.626 10 INFO neutron.wsgi [None req-5a762efc-fcd8-4ed9-9c7f-fa4b9ba31fc5 453862f83e414b968e5cbd69fc18b076 433c39991ef545639b9e9ad763d2e35a - - default default] 10.0.0.10 "POST /v2.0/security-groups HTTP/1.1" status: 201 len: 1801 time: 0.8536794
2026-05-12 17:43:29.671 10 INFO neutron.wsgi [None req-1b7ff253-5954-477d-ab77-31f05b15eb56 453862f83e414b968e5cbd69fc18b076 433c39991ef545639b9e9ad763d2e35a - - default default] 10.0.0.10 "PUT /v2.0/security-groups/eaf40d27-9677-4cd9-8fa0-952e969737c9/tags HTTP/1.1" status: 200 len: 218 time: 0.0373738
2026-05-12 17:43:29.696 10 INFO neutron.wsgi [None req-ef93e48d-2b8d-4550-998a-e2088c01058b 453862f83e414b968e5cbd69fc18b076 433c39991ef545639b9e9ad763d2e35a - - default default] 10.0.0.10 "GET /v2.0/security-groups/eaf40d27-9677-4cd9-8fa0-952e969737c9/tags HTTP/1.1" status: 200 len: 218 time: 0.0206344
2026-05-12 17:43:29.737 10 INFO neutron.wsgi [None req-55def6d7-3376-4c3c-a6c3-976740789d2f 453862f83e414b968e5cbd69fc18b076 433c39991ef545639b9e9ad763d2e35a - - default default] 10.0.0.10 "PUT /v2.0/security-groups/eaf40d27-9677-4cd9-8fa0-952e969737c9/tags/green HTTP/1.1" status: 201 len: 201 time: 0.0363233
2026-05-12 17:43:29.765 10 INFO neutron.wsgi [None req-7c8bfeed-e532-44ac-96e1-279000584072 453862f83e414b968e5cbd69fc18b076 433c39991ef545639b9e9ad763d2e35a - - default default] 10.0.0.10 "GET /v2.0/security-groups/eaf40d27-9677-4cd9-8fa0-952e969737c9/tags HTTP/1.1" status: 200 len: 227 time: 0.0228574
2026-05-12 17:43:29.796 10 INFO neutron.wsgi [None req-acaee145-e6e1-47dc-b8dc-e64c40199ca9 453862f83e414b968e5cbd69fc18b076 433c39991ef545639b9e9ad763d2e35a - - default default] 10.0.0.10 "PUT /v2.0/security-groups/eaf40d27-9677-4cd9-8fa0-952e969737c9/tags/red HTTP/1.1" status: 201 len: 201 time: 0.0265064
2026-05-12 17:43:29.823 10 INFO neutron.wsgi [None req-5f22b8c0-5f3f-4b38-ab1d-3dc71375873e 453862f83e414b968e5cbd69fc18b076 433c39991ef545639b9e9ad763d2e35a - - default default] 10.0.0.10 "GET /v2.0/security-groups/eaf40d27-9677-4cd9-8fa0-952e969737c9/tags HTTP/1.1" status: 200 len: 227 time: 0.0225019
2026-05-12 17:43:29.831 9 INFO neutron.db.ovn_revision_numbers_db [None req-ab06256f-8487-4112-ae4d-9bdf44e6e3f0 e521e878f6a64f7395a4a78e0a83e31d 898b2741a4064656ac81237562e7c582 - - default default] Successfully bumped revision number for resource 7d043129-e53a-4719-9725-0d9ed0904640 (type: routers) to 2
2026-05-12 17:43:29.837 9 INFO neutron.wsgi [None req-ab06256f-8487-4112-ae4d-9bdf44e6e3f0 e521e878f6a64f7395a4a78e0a83e31d 898b2741a4064656ac81237562e7c582 - - default default] 10.0.0.10 "PUT /v2.0/routers/7d043129-e53a-4719-9725-0d9ed0904640 HTTP/1.1" status: 200 len: 777 time: 0.3621373
2026-05-12 17:43:29.862 10 INFO neutron.wsgi [None req-f884326a-becf-4e97-931b-34656ec3fb9f e521e878f6a64f7395a4a78e0a83e31d 898b2741a4064656ac81237562e7c582 - - default default] 10.0.0.10 "GET /v2.0/ports?device_id=7d043129-e53a-4719-9725-0d9ed0904640 HTTP/1.1" status: 200 len: 205 time: 0.0209992
2026-05-12 17:43:29.876 10 INFO neutron.wsgi [None req-84001cde-5f57-4b68-9d20-b4d9f540a90d 453862f83e414b968e5cbd69fc18b076 433c39991ef545639b9e9ad763d2e35a - - default default] 10.0.0.10 "PUT /v2.0/security-groups/eaf40d27-9677-4cd9-8fa0-952e969737c9/tags/black.or.white HTTP/1.1" status: 201 len: 201 time: 0.0480900
2026-05-12 17:43:29.912 9 INFO neutron.wsgi [None req-ea652058-3dc6-4707-bc66-e8f01ed4a680 453862f83e414b968e5cbd69fc18b076 433c39991ef545639b9e9ad763d2e35a - - default default] 10.0.0.10 "GET /v2.0/security-groups/eaf40d27-9677-4cd9-8fa0-952e969737c9/tags HTTP/1.1" status: 200 len: 245 time: 0.0308049
2026-05-12 17:43:29.954 9 INFO neutron.wsgi [None req-370dfdbf-a120-49e0-a2e6-dfb81996f177 453862f83e414b968e5cbd69fc18b076 433c39991ef545639b9e9ad763d2e35a - - default default] 10.0.0.10 "PUT /v2.0/security-groups/eaf40d27-9677-4cd9-8fa0-952e969737c9/tags HTTP/1.1" status: 200 len: 230 time: 0.0366430
2026-05-12 17:43:29.979 9 INFO neutron.wsgi [None req-06f27ce3-880e-4832-91e1-9032db89b7e7 453862f83e414b968e5cbd69fc18b076 433c39991ef545639b9e9ad763d2e35a - - default default] 10.0.0.10 "GET /v2.0/security-groups/eaf40d27-9677-4cd9-8fa0-952e969737c9/tags HTTP/1.1" status: 200 len: 230 time: 0.0201094
2026-05-12 17:43:30.006 9 INFO neutron.wsgi [None req-e6324e55-992b-4e1c-aa60-dd5b6299e5ca 453862f83e414b968e5cbd69fc18b076 433c39991ef545639b9e9ad763d2e35a - - default default] 10.0.0.10 "GET /v2.0/security-groups/eaf40d27-9677-4cd9-8fa0-952e969737c9/tags/red HTTP/1.1" status: 204 len: 168 time: 0.0224705
2026-05-12 17:43:30.033 9 INFO neutron.api.v2.resource [None req-bf740ef1-12c4-4817-a068-bfbf985a6b16 453862f83e414b968e5cbd69fc18b076 433c39991ef545639b9e9ad763d2e35a - - default default] show failed (client error): The resource could not be found.
2026-05-12 17:43:30.035 9 INFO neutron.wsgi [None req-bf740ef1-12c4-4817-a068-bfbf985a6b16 453862f83e414b968e5cbd69fc18b076 433c39991ef545639b9e9ad763d2e35a - - default default] 10.0.0.10 "GET /v2.0/security-groups/eaf40d27-9677-4cd9-8fa0-952e969737c9/tags/green HTTP/1.1" status: 404 len: 299 time: 0.0237122
2026-05-12 17:43:30.080 9 INFO neutron.wsgi [None req-9afc137a-14db-4109-828e-e3bb14316933 453862f83e414b968e5cbd69fc18b076 433c39991ef545639b9e9ad763d2e35a - - default default] 10.0.0.10 "DELETE /v2.0/security-groups/eaf40d27-9677-4cd9-8fa0-952e969737c9/tags/red HTTP/1.1" status: 204 len: 168 time: 0.0412958
2026-05-12 17:43:30.122 9 INFO neutron.wsgi [None req-d9d7f823-f096-405c-b35f-86e5d4c8812f 453862f83e414b968e5cbd69fc18b076 433c39991ef545639b9e9ad763d2e35a - - default default] 10.0.0.10 "GET /v2.0/security-groups/eaf40d27-9677-4cd9-8fa0-952e969737c9/tags HTTP/1.1" status: 200 len: 223 time: 0.0355487
2026-05-12 17:43:30.154 9 INFO neutron.api.v2.resource [None req-45b4e67c-093b-42f5-a566-4f60fdc7cce4 453862f83e414b968e5cbd69fc18b076 433c39991ef545639b9e9ad763d2e35a - - default default] delete failed (client error): The resource could not be found.
2026-05-12 17:43:30.156 9 INFO neutron.wsgi [None req-45b4e67c-093b-42f5-a566-4f60fdc7cce4 453862f83e414b968e5cbd69fc18b076 433c39991ef545639b9e9ad763d2e35a - - default default] 10.0.0.10 "DELETE /v2.0/security-groups/eaf40d27-9677-4cd9-8fa0-952e969737c9/tags/green HTTP/1.1" status: 404 len: 299 time: 0.0271091
2026-05-12 17:43:30.201 9 INFO neutron.wsgi [None req-bdd2d17e-89b0-4c3d-b895-37d68e36dee4 453862f83e414b968e5cbd69fc18b076 433c39991ef545639b9e9ad763d2e35a - - default default] 10.0.0.10 "DELETE /v2.0/security-groups/eaf40d27-9677-4cd9-8fa0-952e969737c9/tags HTTP/1.1" status: 204 len: 168 time: 0.0404730
2026-05-12 17:43:30.231 9 INFO neutron.wsgi [None req-e733f740-0847-48b0-bbef-176c2b446c86 453862f83e414b968e5cbd69fc18b076 433c39991ef545639b9e9ad763d2e35a - - default default] 10.0.0.10 "GET /v2.0/security-groups/eaf40d27-9677-4cd9-8fa0-952e969737c9/tags HTTP/1.1" status: 200 len: 205 time: 0.0240362
2026-05-12 17:43:30.355 9 INFO neutron.wsgi [None req-3040e13d-9e00-4160-bb1f-4d613cf78b51 453862f83e414b968e5cbd69fc18b076 433c39991ef545639b9e9ad763d2e35a - - default default] 10.0.0.10 "DELETE /v2.0/security-groups/eaf40d27-9677-4cd9-8fa0-952e969737c9 HTTP/1.1" status: 204 len: 168 time: 0.1156747
2026-05-12 17:43:30.503 10 INFO neutron.wsgi [None req-2a06509a-b69d-4dfb-821e-7e807dae359a e521e878f6a64f7395a4a78e0a83e31d 898b2741a4064656ac81237562e7c582 - - default default] 10.0.0.10 "DELETE /v2.0/routers/7d043129-e53a-4719-9725-0d9ed0904640 HTTP/1.1" status: 204 len: 168 time: 0.6345072
2026-05-12 17:43:30.558 10 INFO neutron.wsgi [None req-40d696e4-a692-484e-beb6-de5c4b347142 e521e878f6a64f7395a4a78e0a83e31d 898b2741a4064656ac81237562e7c582 - - default default] 10.0.0.10 "GET /v2.0/routers/84dc5bd8-75e4-49fd-a807-0ea208b320c5 HTTP/1.1" status: 200 len: 770 time: 0.0498867
2026-05-12 17:43:30.903 10 INFO neutron.wsgi [None req-229fc8ad-dbea-43ab-9f64-69a1f5d42eae e521e878f6a64f7395a4a78e0a83e31d 898b2741a4064656ac81237562e7c582 - - default default] 10.0.0.10 "PUT /v2.0/routers/84dc5bd8-75e4-49fd-a807-0ea208b320c5 HTTP/1.1" status: 200 len: 770 time: 0.3402250
2026-05-12 17:43:30.929 10 INFO neutron.wsgi [None req-c5bdef69-8758-4c2c-a9a6-785ac9639274 e521e878f6a64f7395a4a78e0a83e31d 898b2741a4064656ac81237562e7c582 - - default default] 10.0.0.10 "GET /v2.0/ports?device_id=84dc5bd8-75e4-49fd-a807-0ea208b320c5 HTTP/1.1" status: 200 len: 205 time: 0.0208120
2026-05-12 17:43:31.029 9 WARNING neutron_lib.context [None req-a1eea387-ba73-4edc-be9a-2895247c3bad f744141c6b1d4106959ae81244cca6b3 a4cb48564f89478ebba59c6fad504182 - - default default] Method 'is_advsvc' is deprecated since 2023.2 release (neutron-lib 3.8.0) and will be removed once support for the old RBAC API policies will be removed from Neutron. Please use method 'is_service_role' instead.
2026-05-12 17:43:31.189 10 INFO neutron.wsgi [None req-3ba8e9a4-e074-40b9-8c92-88bc484873ce e521e878f6a64f7395a4a78e0a83e31d 898b2741a4064656ac81237562e7c582 - - default default] 10.0.0.10 "DELETE /v2.0/routers/84dc5bd8-75e4-49fd-a807-0ea208b320c5 HTTP/1.1" status: 204 len: 168 time: 0.2543952
2026-05-12 17:43:31.206 9 INFO neutron.db.ovn_revision_numbers_db [None req-919b3350-5265-452e-9781-a07ed50e876a 6b4c5e6b20194522ae8751eb8146da01 5499d54aec2e45edb63bc49eb8e062a4 - - default default] Successfully bumped revision number for resource ad5f0437-9ae8-459d-9cc3-00fef8a19880 (type: security_groups) to 1
2026-05-12 17:43:31.216 9 INFO neutron.db.ovn_revision_numbers_db [None req-a1eea387-ba73-4edc-be9a-2895247c3bad f744141c6b1d4106959ae81244cca6b3 a4cb48564f89478ebba59c6fad504182 - - default default] Successfully bumped revision number for resource 54dbb312-c270-45ab-a6a8-eba1892e6677 (type: security_groups) to 1
2026-05-12 17:43:31.222 9 INFO neutron.db.ovn_revision_numbers_db [None req-919b3350-5265-452e-9781-a07ed50e876a 6b4c5e6b20194522ae8751eb8146da01 5499d54aec2e45edb63bc49eb8e062a4 - - default default] Successfully bumped revision number for resource 139338a4-e7f3-4506-8054-71d2936dbea7 (type: security_group_rules) to 0
2026-05-12 17:43:31.231 9 INFO neutron.db.ovn_revision_numbers_db [None req-a1eea387-ba73-4edc-be9a-2895247c3bad f744141c6b1d4106959ae81244cca6b3 a4cb48564f89478ebba59c6fad504182 - - default default] Successfully bumped revision number for resource 140d408b-0b8e-4a81-875f-e85893e3abb6 (type: security_group_rules) to 0
2026-05-12 17:43:31.239 9 INFO neutron.db.ovn_revision_numbers_db [None req-919b3350-5265-452e-9781-a07ed50e876a 6b4c5e6b20194522ae8751eb8146da01 5499d54aec2e45edb63bc49eb8e062a4 - - default default] Successfully bumped revision number for resource 324e41c3-ff26-483c-8374-0d0551761a8f (type: security_group_rules) to 0
2026-05-12 17:43:31.244 9 INFO neutron.db.ovn_revision_numbers_db [None req-a1eea387-ba73-4edc-be9a-2895247c3bad f744141c6b1d4106959ae81244cca6b3 a4cb48564f89478ebba59c6fad504182 - - default default] Successfully bumped revision number for resource 55ca9bbd-52d8-4b67-aab4-87e9c4d42e44 (type: security_group_rules) to 0
2026-05-12 17:43:31.255 9 INFO neutron.db.ovn_revision_numbers_db [None req-919b3350-5265-452e-9781-a07ed50e876a 6b4c5e6b20194522ae8751eb8146da01 5499d54aec2e45edb63bc49eb8e062a4 - - default default] Successfully bumped revision number for resource 95c8f343-c4f6-4c73-9dfe-614c982365ad (type: security_group_rules) to 0
2026-05-12 17:43:31.259 9 INFO neutron.db.ovn_revision_numbers_db [None req-a1eea387-ba73-4edc-be9a-2895247c3bad f744141c6b1d4106959ae81244cca6b3 a4cb48564f89478ebba59c6fad504182 - - default default] Successfully bumped revision number for resource 63e3ebb7-a4ac-4c7f-8639-8a9a15658867 (type: security_group_rules) to 0
2026-05-12 17:43:31.272 9 INFO neutron.db.ovn_revision_numbers_db [None req-919b3350-5265-452e-9781-a07ed50e876a 6b4c5e6b20194522ae8751eb8146da01 5499d54aec2e45edb63bc49eb8e062a4 - - default default] Successfully bumped revision number for resource de9a47f5-21fc-43f1-ac62-6ba58e61e67a (type: security_group_rules) to 0
2026-05-12 17:43:31.281 9 INFO neutron.db.ovn_revision_numbers_db [None req-a1eea387-ba73-4edc-be9a-2895247c3bad f744141c6b1d4106959ae81244cca6b3 a4cb48564f89478ebba59c6fad504182 - - default default] Successfully bumped revision number for resource aec64b38-422f-4e2c-abf9-1a371427a104 (type: security_group_rules) to 0
2026-05-12 17:43:31.296 9 INFO neutron.wsgi [None req-919b3350-5265-452e-9781-a07ed50e876a 6b4c5e6b20194522ae8751eb8146da01 5499d54aec2e45edb63bc49eb8e062a4 - - default default] 10.0.0.10 "GET /v2.0/security-groups?tenant_id=0289e29d1905457ea979b7a15a9b4fc5&name=default HTTP/1.1" status: 200 len: 3120 time: 0.2993894
2026-05-12 17:43:31.335 9 INFO neutron.db.segments_db [None req-a1eea387-ba73-4edc-be9a-2895247c3bad f744141c6b1d4106959ae81244cca6b3 a4cb48564f89478ebba59c6fad504182 - - default default] Added segment 1563999c-c2bd-49b6-a5d9-d04e79eb6b79 of type geneve for network 71267ad2-d814-4818-8ebe-8b4af21d63d2
2026-05-12 17:43:31.528 10 INFO neutron.wsgi [None req-bd7283e2-2781-4045-a22a-4ae78d5ddd9d 6b4c5e6b20194522ae8751eb8146da01 5499d54aec2e45edb63bc49eb8e062a4 - - default default] 10.0.0.10 "DELETE /v2.0/security-groups/ad5f0437-9ae8-459d-9cc3-00fef8a19880 HTTP/1.1" status: 204 len: 168 time: 0.2193449
2026-05-12 17:43:31.736 9 INFO neutron.db.ovn_revision_numbers_db [None req-a1eea387-ba73-4edc-be9a-2895247c3bad f744141c6b1d4106959ae81244cca6b3 a4cb48564f89478ebba59c6fad504182 - - default default] Successfully bumped revision number for resource 71267ad2-d814-4818-8ebe-8b4af21d63d2 (type: networks) to 1
2026-05-12 17:43:31.814 9 INFO neutron.wsgi [None req-5b9d36ec-2c7a-4427-94b9-407d37cb5144 6b4c5e6b20194522ae8751eb8146da01 5499d54aec2e45edb63bc49eb8e062a4 - - default default] 10.0.0.10 "GET /v2.0/security-groups?tenant_id=433c39991ef545639b9e9ad763d2e35a&name=default HTTP/1.1" status: 200 len: 3120 time: 0.0634589
2026-05-12 17:43:31.953 9 WARNING neutron.scheduler.dhcp_agent_scheduler [None req-a1eea387-ba73-4edc-be9a-2895247c3bad f744141c6b1d4106959ae81244cca6b3 a4cb48564f89478ebba59c6fad504182 - - default default] No more DHCP agents
2026-05-12 17:43:31.955 9 WARNING neutron.api.rpc.agentnotifiers.dhcp_rpc_agent_api [None req-a1eea387-ba73-4edc-be9a-2895247c3bad f744141c6b1d4106959ae81244cca6b3 a4cb48564f89478ebba59c6fad504182 - - default default] Unable to schedule network 71267ad2-d814-4818-8ebe-8b4af21d63d2: no agents available; will retry on subsequent port and subnet creation events.
2026-05-12 17:43:32.038 9 INFO neutron.db.ovn_revision_numbers_db [None req-a1eea387-ba73-4edc-be9a-2895247c3bad f744141c6b1d4106959ae81244cca6b3 a4cb48564f89478ebba59c6fad504182 - - default default] Successfully bumped revision number for resource 1ce67b89-3097-4a46-a32b-79a2be729821 (type: ports) to 1
2026-05-12 17:43:32.056 10 INFO neutron.wsgi [None req-800c6802-a3d8-49d7-8a4a-54f0de38d406 6b4c5e6b20194522ae8751eb8146da01 5499d54aec2e45edb63bc49eb8e062a4 - - default default] 10.0.0.10 "DELETE /v2.0/security-groups/e31768b7-a35b-4043-b86a-bb66492560ab HTTP/1.1" status: 204 len: 168 time: 0.2354372
2026-05-12 17:43:32.069 9 INFO neutron.wsgi [None req-a1eea387-ba73-4edc-be9a-2895247c3bad f744141c6b1d4106959ae81244cca6b3 a4cb48564f89478ebba59c6fad504182 - - default default] 10.0.0.10 "POST /v2.0/networks HTTP/1.1" status: 201 len: 830 time: 1.2056348
2026-05-12 17:43:32.081 9 WARNING neutron_lib.context [None req-b4765c58-9be9-46b1-8a11-1cbdec1d984d f744141c6b1d4106959ae81244cca6b3 a4cb48564f89478ebba59c6fad504182 - - default default] Method 'is_advsvc' is deprecated since 2023.2 release (neutron-lib 3.8.0) and will be removed once support for the old RBAC API policies will be removed from Neutron. Please use method 'is_service_role' instead.
2026-05-12 17:43:32.163 9 INFO neutron.db.segments_db [None req-b4765c58-9be9-46b1-8a11-1cbdec1d984d f744141c6b1d4106959ae81244cca6b3 a4cb48564f89478ebba59c6fad504182 - - default default] Added segment af8b5c44-b162-4734-9cb2-a9ca8c12bd16 of type geneve for network 3cd01964-99a3-419f-8053-ab533b6669fd
2026-05-12 17:43:32.255 10 INFO neutron.db.ovn_revision_numbers_db [None req-5720d0ca-72ef-4199-a7de-7b840c7372f6 6b4c5e6b20194522ae8751eb8146da01 5499d54aec2e45edb63bc49eb8e062a4 - - default default] Successfully bumped revision number for resource b90c8465-4240-47ef-bae6-4b3ccbde8b06 (type: security_groups) to 1
2026-05-12 17:43:32.272 10 INFO neutron.db.ovn_revision_numbers_db [None req-5720d0ca-72ef-4199-a7de-7b840c7372f6 6b4c5e6b20194522ae8751eb8146da01 5499d54aec2e45edb63bc49eb8e062a4 - - default default] Successfully bumped revision number for resource 49825ef5-ca06-4452-ac77-677404338502 (type: security_group_rules) to 0
2026-05-12 17:43:32.291 10 INFO neutron.db.ovn_revision_numbers_db [None req-5720d0ca-72ef-4199-a7de-7b840c7372f6 6b4c5e6b20194522ae8751eb8146da01 5499d54aec2e45edb63bc49eb8e062a4 - - default default] Successfully bumped revision number for resource 736051d1-ecaa-44c0-a59f-1767fd53574e (type: security_group_rules) to 0
2026-05-12 17:43:32.311 10 INFO neutron.db.ovn_revision_numbers_db [None req-5720d0ca-72ef-4199-a7de-7b840c7372f6 6b4c5e6b20194522ae8751eb8146da01 5499d54aec2e45edb63bc49eb8e062a4 - - default default] Successfully bumped revision number for resource a46f6d88-9c0b-43e2-aa58-4745a4901fda (type: security_group_rules) to 0
2026-05-12 17:43:32.319 9 INFO neutron.db.ovn_revision_numbers_db [None req-b4765c58-9be9-46b1-8a11-1cbdec1d984d f744141c6b1d4106959ae81244cca6b3 a4cb48564f89478ebba59c6fad504182 - - default default] Successfully bumped revision number for resource 3cd01964-99a3-419f-8053-ab533b6669fd (type: networks) to 1
2026-05-12 17:43:32.330 10 INFO neutron.db.ovn_revision_numbers_db [None req-5720d0ca-72ef-4199-a7de-7b840c7372f6 6b4c5e6b20194522ae8751eb8146da01 5499d54aec2e45edb63bc49eb8e062a4 - - default default] Successfully bumped revision number for resource d3d9e46f-1958-428c-890e-ae1e7a49168f (type: security_group_rules) to 0
2026-05-12 17:43:32.353 10 INFO neutron.wsgi [None req-5720d0ca-72ef-4199-a7de-7b840c7372f6 6b4c5e6b20194522ae8751eb8146da01 5499d54aec2e45edb63bc49eb8e062a4 - - default default] 10.0.0.10 "GET /v2.0/security-groups?tenant_id=898b2741a4064656ac81237562e7c582&name=default HTTP/1.1" status: 200 len: 3120 time: 0.3667667
2026-05-12 17:43:32.528 9 WARNING neutron.scheduler.dhcp_agent_scheduler [None req-b4765c58-9be9-46b1-8a11-1cbdec1d984d f744141c6b1d4106959ae81244cca6b3 a4cb48564f89478ebba59c6fad504182 - - default default] No more DHCP agents
2026-05-12 17:43:32.530 9 WARNING neutron.api.rpc.agentnotifiers.dhcp_rpc_agent_api [None req-b4765c58-9be9-46b1-8a11-1cbdec1d984d f744141c6b1d4106959ae81244cca6b3 a4cb48564f89478ebba59c6fad504182 - - default default] Unable to schedule network 3cd01964-99a3-419f-8053-ab533b6669fd: no agents available; will retry on subsequent port and subnet creation events.
2026-05-12 17:43:32.603 10 INFO neutron.wsgi [None req-eef0279a-782b-48d6-9dba-6384ff549acf 6b4c5e6b20194522ae8751eb8146da01 5499d54aec2e45edb63bc49eb8e062a4 - - default default] 10.0.0.10 "DELETE /v2.0/security-groups/b90c8465-4240-47ef-bae6-4b3ccbde8b06 HTTP/1.1" status: 204 len: 168 time: 0.2413218
2026-05-12 17:43:32.622 9 INFO neutron.db.ovn_revision_numbers_db [None req-b4765c58-9be9-46b1-8a11-1cbdec1d984d f744141c6b1d4106959ae81244cca6b3 a4cb48564f89478ebba59c6fad504182 - - default default] Successfully bumped revision number for resource a8d210f3-5ca1-4085-a029-8ff048d36db5 (type: ports) to 1
2026-05-12 17:43:32.645 9 INFO neutron.wsgi [None req-b4765c58-9be9-46b1-8a11-1cbdec1d984d f744141c6b1d4106959ae81244cca6b3 a4cb48564f89478ebba59c6fad504182 - - default default] 10.0.0.10 "POST /v2.0/networks HTTP/1.1" status: 201 len: 829 time: 0.5690634
2026-05-12 17:43:32.711 9 INFO neutron.wsgi [None req-a5d11d36-6c76-4f6e-b6ee-559361aa28c6 f744141c6b1d4106959ae81244cca6b3 a4cb48564f89478ebba59c6fad504182 - - default default] 10.0.0.10 "PUT /v2.0/networks/71267ad2-d814-4818-8ebe-8b4af21d63d2/tags HTTP/1.1" status: 200 len: 218 time: 0.0598149
2026-05-12 17:43:32.781 9 INFO neutron.wsgi [None req-4e19be57-40b7-463d-821c-55f71e796758 f744141c6b1d4106959ae81244cca6b3 a4cb48564f89478ebba59c6fad504182 - - default default] 10.0.0.10 "GET /v2.0/networks/71267ad2-d814-4818-8ebe-8b4af21d63d2/tags HTTP/1.1" status: 200 len: 218 time: 0.0657966
2026-05-12 17:43:32.851 10 INFO neutron.wsgi [None req-07a60fb3-dd0e-48db-9e1b-6a073725a8e9 f744141c6b1d4106959ae81244cca6b3 a4cb48564f89478ebba59c6fad504182 - - default default] 10.0.0.10 "PUT /v2.0/networks/3cd01964-99a3-419f-8053-ab533b6669fd/tags HTTP/1.1" status: 200 len: 210 time: 0.0652671
2026-05-12 17:43:32.864 9 INFO neutron.db.ovn_revision_numbers_db [None req-424428fe-fde2-4371-a12b-0bc6cad48931 6b4c5e6b20194522ae8751eb8146da01 5499d54aec2e45edb63bc49eb8e062a4 - - default default] Successfully bumped revision number for resource af4d08e2-53d6-47c1-9818-7b5bb63c172f (type: security_groups) to 1
2026-05-12 17:43:32.883 9 INFO neutron.db.ovn_revision_numbers_db [None req-424428fe-fde2-4371-a12b-0bc6cad48931 6b4c5e6b20194522ae8751eb8146da01 5499d54aec2e45edb63bc49eb8e062a4 - - default default] Successfully bumped revision number for resource 29b791a5-289c-4dc2-a6ec-78fa9bf1068f (type: security_group_rules) to 0
2026-05-12 17:43:32.902 9 INFO neutron.db.ovn_revision_numbers_db [None req-424428fe-fde2-4371-a12b-0bc6cad48931 6b4c5e6b20194522ae8751eb8146da01 5499d54aec2e45edb63bc49eb8e062a4 - - default default] Successfully bumped revision number for resource 3521fd7a-0fc0-4582-bee8-ec0a494ba09f (type: security_group_rules) to 0
2026-05-12 17:43:32.905 10 INFO neutron.wsgi [None req-2ddb703b-da86-4cdb-a213-d02a3f6fa2fb f744141c6b1d4106959ae81244cca6b3 a4cb48564f89478ebba59c6fad504182 - - default default] 10.0.0.10 "GET /v2.0/networks/3cd01964-99a3-419f-8053-ab533b6669fd/tags HTTP/1.1" status: 200 len: 210 time: 0.0493805
2026-05-12 17:43:32.924 9 INFO neutron.db.ovn_revision_numbers_db [None req-424428fe-fde2-4371-a12b-0bc6cad48931 6b4c5e6b20194522ae8751eb8146da01 5499d54aec2e45edb63bc49eb8e062a4 - - default default] Successfully bumped revision number for resource b1b5edbe-8146-4abe-9278-5bd4327ea6d1 (type: security_group_rules) to 0
2026-05-12 17:43:32.938 9 INFO neutron.db.ovn_revision_numbers_db [None req-424428fe-fde2-4371-a12b-0bc6cad48931 6b4c5e6b20194522ae8751eb8146da01 5499d54aec2e45edb63bc49eb8e062a4 - - default default] Successfully bumped revision number for resource ea1f0b61-53e3-4c10-8b80-52f6fcb715b2 (type: security_group_rules) to 0
2026-05-12 17:43:32.959 9 INFO neutron.wsgi [None req-424428fe-fde2-4371-a12b-0bc6cad48931 6b4c5e6b20194522ae8751eb8146da01 5499d54aec2e45edb63bc49eb8e062a4 - - default default] 10.0.0.10 "GET /v2.0/security-groups?tenant_id=f925f29a92f04c7b919aafc608926293&name=default HTTP/1.1" status: 200 len: 3120 time: 0.2572420
2026-05-12 17:43:32.977 10 INFO neutron.wsgi [None req-9191fef1-3d3c-434a-8a9b-819d28881670 f744141c6b1d4106959ae81244cca6b3 a4cb48564f89478ebba59c6fad504182 - - default default] 10.0.0.10 "PUT /v2.0/networks/3cd01964-99a3-419f-8053-ab533b6669fd/tags HTTP/1.1" status: 200 len: 205 time: 0.0679107
2026-05-12 17:43:33.029 9 INFO neutron.wsgi [None req-355c45a6-206a-4414-b9c2-b39732fba9b1 f744141c6b1d4106959ae81244cca6b3 a4cb48564f89478ebba59c6fad504182 - - default default] 10.0.0.10 "GET /v2.0/networks/3cd01964-99a3-419f-8053-ab533b6669fd/tags HTTP/1.1" status: 200 len: 205 time: 0.0427301
2026-05-12 17:43:33.090 9 INFO neutron.wsgi [None req-23398d57-994a-4550-aa1b-f53cbea8157b f744141c6b1d4106959ae81244cca6b3 a4cb48564f89478ebba59c6fad504182 - - default default] 10.0.0.10 "GET /v2.0/networks/71267ad2-d814-4818-8ebe-8b4af21d63d2/tags HTTP/1.1" status: 200 len: 218 time: 0.0561254
2026-05-12 17:43:33.204 10 INFO neutron.wsgi [None req-4dd11843-2f2f-45f1-821b-ab0496ad1d71 6b4c5e6b20194522ae8751eb8146da01 5499d54aec2e45edb63bc49eb8e062a4 - - default default] 10.0.0.10 "DELETE /v2.0/security-groups/af4d08e2-53d6-47c1-9818-7b5bb63c172f HTTP/1.1" status: 204 len: 168 time: 0.2372589
2026-05-12 17:43:33.441 10 INFO neutron.db.ovn_revision_numbers_db [None req-5da18d07-640b-43f8-90b4-4519ca25eee9 6b4c5e6b20194522ae8751eb8146da01 5499d54aec2e45edb63bc49eb8e062a4 - - default default] Successfully bumped revision number for resource adc42ea3-6868-482c-bc54-1bd072519935 (type: security_groups) to 1
2026-05-12 17:43:33.455 10 INFO neutron.db.ovn_revision_numbers_db [None req-5da18d07-640b-43f8-90b4-4519ca25eee9 6b4c5e6b20194522ae8751eb8146da01 5499d54aec2e45edb63bc49eb8e062a4 - - default default] Successfully bumped revision number for resource 2eeaf168-28b7-4263-9ad4-303e5516c17e (type: security_group_rules) to 0
2026-05-12 17:43:33.472 10 INFO neutron.db.ovn_revision_numbers_db [None req-5da18d07-640b-43f8-90b4-4519ca25eee9 6b4c5e6b20194522ae8751eb8146da01 5499d54aec2e45edb63bc49eb8e062a4 - - default default] Successfully bumped revision number for resource 8fe2cbb4-9fcb-40c7-a000-a7616205bf77 (type: security_group_rules) to 0
2026-05-12 17:43:33.487 10 INFO neutron.db.ovn_revision_numbers_db [None req-5da18d07-640b-43f8-90b4-4519ca25eee9 6b4c5e6b20194522ae8751eb8146da01 5499d54aec2e45edb63bc49eb8e062a4 - - default default] Successfully bumped revision number for resource 9008caa2-8972-44e0-a392-70857d8e14bb (type: security_group_rules) to 0
2026-05-12 17:43:33.505 10 INFO neutron.db.ovn_revision_numbers_db [None req-5da18d07-640b-43f8-90b4-4519ca25eee9 6b4c5e6b20194522ae8751eb8146da01 5499d54aec2e45edb63bc49eb8e062a4 - - default default] Successfully bumped revision number for resource fe27f04c-f631-45b5-9a08-368c6d7d4438 (type: security_group_rules) to 0
2026-05-12 17:43:33.510 9 INFO neutron.services.segments.plugin [-] Segment 1563999c-c2bd-49b6-a5d9-d04e79eb6b79 resource provider aggregate not found
2026-05-12 17:43:33.514 9 INFO neutron.services.segments.plugin [-] Segment 1563999c-c2bd-49b6-a5d9-d04e79eb6b79 resource provider aggregate not found
2026-05-12 17:43:33.525 10 INFO neutron.wsgi [None req-5da18d07-640b-43f8-90b4-4519ca25eee9 6b4c5e6b20194522ae8751eb8146da01 5499d54aec2e45edb63bc49eb8e062a4 - - default default] 10.0.0.10 "GET /v2.0/security-groups?tenant_id=7a937b9f170248dc965f5721201d5854&name=default HTTP/1.1" status: 200 len: 3120 time: 0.2149844
2026-05-12 17:43:33.530 9 INFO neutron.services.segments.plugin [-] Segment 1563999c-c2bd-49b6-a5d9-d04e79eb6b79 resource provider not found; error: Placement Client Error (4xx): {"errors": [{"status": 404, "title": "Not Found", "detail": "The resource could not be found.\n\n No resource provider with uuid 1563999c-c2bd-49b6-a5d9-d04e79eb6b79 found for delete ", "request_id": "req-e2c6d664-51a2-4bf5-97ea-d7bdb5862644"}]}
2026-05-12 17:43:33.533 9 INFO neutron.services.segments.plugin [-] Segment 1563999c-c2bd-49b6-a5d9-d04e79eb6b79 resource provider not found; error: Placement Client Error (4xx): {"errors": [{"status": 404, "title": "Not Found", "detail": "The resource could not be found.\n\n No resource provider with uuid 1563999c-c2bd-49b6-a5d9-d04e79eb6b79 found for delete ", "request_id": "req-d92e72b9-ce59-4eff-b877-745c6cc217a3"}]}
2026-05-12 17:43:33.560 9 INFO neutron.wsgi [None req-71c09f20-7dd7-41f5-a412-eb3f473a04ab f744141c6b1d4106959ae81244cca6b3 a4cb48564f89478ebba59c6fad504182 - - default default] 10.0.0.10 "DELETE /v2.0/networks/71267ad2-d814-4818-8ebe-8b4af21d63d2 HTTP/1.1" status: 204 len: 168 time: 0.4527142
2026-05-12 17:43:33.890 10 INFO neutron.wsgi [None req-1d3e770f-ccc2-4677-8bcb-2d1cc196b360 6b4c5e6b20194522ae8751eb8146da01 5499d54aec2e45edb63bc49eb8e062a4 - - default default] 10.0.0.10 "DELETE /v2.0/security-groups/adc42ea3-6868-482c-bc54-1bd072519935 HTTP/1.1" status: 204 len: 168 time: 0.3607149
2026-05-12 17:43:34.000 10 INFO neutron.services.segments.plugin [-] Segment af8b5c44-b162-4734-9cb2-a9ca8c12bd16 resource provider aggregate not found
2026-05-12 17:43:34.008 10 INFO neutron.services.segments.plugin [-] Segment af8b5c44-b162-4734-9cb2-a9ca8c12bd16 resource provider aggregate not found
2026-05-12 17:43:34.017 10 INFO neutron.services.segments.plugin [-] Segment af8b5c44-b162-4734-9cb2-a9ca8c12bd16 resource provider not found; error: Placement Client Error (4xx): {"errors": [{"status": 404, "title": "Not Found", "detail": "The resource could not be found.\n\n No resource provider with uuid af8b5c44-b162-4734-9cb2-a9ca8c12bd16 found for delete ", "request_id": "req-43c6342f-5547-48b8-a4df-3bc7d9115261"}]}
2026-05-12 17:43:34.020 10 INFO neutron.services.segments.plugin [-] Segment af8b5c44-b162-4734-9cb2-a9ca8c12bd16 resource provider not found; error: Placement Client Error (4xx): {"errors": [{"status": 404, "title": "Not Found", "detail": "The resource could not be found.\n\n No resource provider with uuid af8b5c44-b162-4734-9cb2-a9ca8c12bd16 found for delete ", "request_id": "req-c68498b0-8271-49cf-8022-219cbf46d8c5"}]}
2026-05-12 17:43:34.043 10 INFO neutron.wsgi [None req-ac7fd6a2-c165-42a8-9241-04686d4e2ac0 f744141c6b1d4106959ae81244cca6b3 a4cb48564f89478ebba59c6fad504182 - - default default] 10.0.0.10 "DELETE /v2.0/networks/3cd01964-99a3-419f-8053-ab533b6669fd HTTP/1.1" status: 204 len: 168 time: 0.4765010
2026-05-12 17:43:34.908 9 INFO neutron.wsgi [None req-480cf10b-7dbe-4bfe-8fc3-0e137c65a33a 6b4c5e6b20194522ae8751eb8146da01 5499d54aec2e45edb63bc49eb8e062a4 - - default default] 10.0.0.10 "GET /v2.0/security-groups?tenant_id=a4cb48564f89478ebba59c6fad504182&name=default HTTP/1.1" status: 200 len: 3120 time: 0.1973464
2026-05-12 17:43:35.148 9 INFO neutron.wsgi [None req-4458ed34-ba50-41d8-8ea0-16c3723cfead 6b4c5e6b20194522ae8751eb8146da01 5499d54aec2e45edb63bc49eb8e062a4 - - default default] 10.0.0.10 "DELETE /v2.0/security-groups/54dbb312-c270-45ab-a6a8-eba1892e6677 HTTP/1.1" status: 204 len: 168 time: 0.2285237
2026-05-12 17:43:35.481 10 INFO neutron.db.ovn_revision_numbers_db [None req-f8bc303e-c009-4a6f-ab7c-ed8e72ba2f21 6b4c5e6b20194522ae8751eb8146da01 5499d54aec2e45edb63bc49eb8e062a4 - - default default] Successfully bumped revision number for resource 888b7f80-bb3c-4d8f-9c21-132f4de9a71c (type: security_groups) to 1
2026-05-12 17:43:35.498 10 INFO neutron.db.ovn_revision_numbers_db [None req-f8bc303e-c009-4a6f-ab7c-ed8e72ba2f21 6b4c5e6b20194522ae8751eb8146da01 5499d54aec2e45edb63bc49eb8e062a4 - - default default] Successfully bumped revision number for resource 47d1af97-7b8e-4182-a373-89e8c5b9a661 (type: security_group_rules) to 0
2026-05-12 17:43:35.511 10 INFO neutron.db.ovn_revision_numbers_db [None req-f8bc303e-c009-4a6f-ab7c-ed8e72ba2f21 6b4c5e6b20194522ae8751eb8146da01 5499d54aec2e45edb63bc49eb8e062a4 - - default default] Successfully bumped revision number for resource 714d0eb0-50a3-4449-9419-bba7db7a540b (type: security_group_rules) to 0
2026-05-12 17:43:35.540 10 INFO neutron.db.ovn_revision_numbers_db [None req-f8bc303e-c009-4a6f-ab7c-ed8e72ba2f21 6b4c5e6b20194522ae8751eb8146da01 5499d54aec2e45edb63bc49eb8e062a4 - - default default] Successfully bumped revision number for resource 92b310c2-ab19-437a-948f-a17d4f5e719c (type: security_group_rules) to 0
2026-05-12 17:43:35.563 10 INFO neutron.db.ovn_revision_numbers_db [None req-f8bc303e-c009-4a6f-ab7c-ed8e72ba2f21 6b4c5e6b20194522ae8751eb8146da01 5499d54aec2e45edb63bc49eb8e062a4 - - default default] Successfully bumped revision number for resource b1194109-3918-4bb3-b928-8fd13179f6cf (type: security_group_rules) to 0
2026-05-12 17:43:35.606 10 INFO neutron.wsgi [None req-f8bc303e-c009-4a6f-ab7c-ed8e72ba2f21 6b4c5e6b20194522ae8751eb8146da01 5499d54aec2e45edb63bc49eb8e062a4 - - default default] 10.0.0.10 "GET /v2.0/security-groups?tenant_id=4298cbf01766427989b638074465aa0a&name=default HTTP/1.1" status: 200 len: 3120 time: 0.2739208
2026-05-12 17:43:35.640 10 INFO neutron.wsgi [req-d36edfb2-6019-459d-a597-cbd8275c1010 req-7e10003d-66d7-4da2-a757-cd0e41502e56 6d28dfd410434e60b5b4d154a53d2822 b27fe8a7590e4406b5e20b26c1038a29 - - default default] 10.0.0.81 "GET /v2.0/ports?device_id=03fd545c-6ffa-4aa6-ab95-33e6b2c6ae96 HTTP/1.1" status: 200 len: 1210 time: 0.1235921
2026-05-12 17:43:35.693 10 WARNING neutron_lib.context [None req-60e0fe9b-6b52-4e85-b079-d0f9798ac63f 9190829e8e364966abdbc0b9c949c4fb f0309361736743959df408d2c2dec22d - - default default] Method 'is_advsvc' is deprecated since 2023.2 release (neutron-lib 3.8.0) and will be removed once support for the old RBAC API policies will be removed from Neutron. Please use method 'is_service_role' instead.
2026-05-12 17:43:35.704 10 INFO neutron.wsgi [req-d36edfb2-6019-459d-a597-cbd8275c1010 req-e4eee0dc-f6fc-47bb-b903-ec9363e19fd2 6d28dfd410434e60b5b4d154a53d2822 b27fe8a7590e4406b5e20b26c1038a29 - - default default] 10.0.0.81 "GET /v2.0/security-groups?id=7d14a28e-9958-4e48-9002-bb0778d29535&id=030b5be7-0082-4611-b001-ac09edc3200f&fields=id&fields=name HTTP/1.1" status: 200 len: 405 time: 0.0565941
2026-05-12 17:43:35.831 9 INFO neutron.wsgi [None req-ff929b5a-2577-4aff-ac27-fb4e19f67590 6b4c5e6b20194522ae8751eb8146da01 5499d54aec2e45edb63bc49eb8e062a4 - - default default] 10.0.0.10 "DELETE /v2.0/security-groups/888b7f80-bb3c-4d8f-9c21-132f4de9a71c HTTP/1.1" status: 204 len: 168 time: 0.2176120
2026-05-12 17:43:35.860 10 INFO neutron.wsgi [None req-a5d59215-281d-42a4-94e0-d398526811fc 8fea0cc9794e4f7ba9cf73d2c064f07b 671e1883d84043d29a81bc8d4f1de794 - - default default] 10.0.0.10 "GET /v2.0/ports?device_id=03fd545c-6ffa-4aa6-ab95-33e6b2c6ae96 HTTP/1.1" status: 200 len: 1443 time: 0.1285245
2026-05-12 17:43:35.871 10 INFO neutron.db.ovn_revision_numbers_db [None req-60e0fe9b-6b52-4e85-b079-d0f9798ac63f 9190829e8e364966abdbc0b9c949c4fb f0309361736743959df408d2c2dec22d - - default default] Successfully bumped revision number for resource 4639d638-847f-4f75-9486-bcf3bd4452c7 (type: security_groups) to 1
2026-05-12 17:43:35.888 10 INFO neutron.db.ovn_revision_numbers_db [None req-60e0fe9b-6b52-4e85-b079-d0f9798ac63f 9190829e8e364966abdbc0b9c949c4fb f0309361736743959df408d2c2dec22d - - default default] Successfully bumped revision number for resource 32977d7c-8a26-4c2c-bc49-caf82e0685c2 (type: security_group_rules) to 0
2026-05-12 17:43:35.904 10 INFO neutron.db.ovn_revision_numbers_db [None req-60e0fe9b-6b52-4e85-b079-d0f9798ac63f 9190829e8e364966abdbc0b9c949c4fb f0309361736743959df408d2c2dec22d - - default default] Successfully bumped revision number for resource 6d2b5349-359e-4b6e-a6cc-10dc3dd06ba1 (type: security_group_rules) to 0
2026-05-12 17:43:35.920 10 INFO neutron.db.ovn_revision_numbers_db [None req-60e0fe9b-6b52-4e85-b079-d0f9798ac63f 9190829e8e364966abdbc0b9c949c4fb f0309361736743959df408d2c2dec22d - - default default] Successfully bumped revision number for resource cf2e0105-b45e-4f1a-ad43-2b108e16a763 (type: security_group_rules) to 0
2026-05-12 17:43:35.934 10 INFO neutron.db.ovn_revision_numbers_db [None req-60e0fe9b-6b52-4e85-b079-d0f9798ac63f 9190829e8e364966abdbc0b9c949c4fb f0309361736743959df408d2c2dec22d - - default default] Successfully bumped revision number for resource e38c38ba-88dd-4964-97ed-19cdebdaf233 (type: security_group_rules) to 0
2026-05-12 17:43:35.934 9 INFO neutron.wsgi [None req-f5bc8ab6-a565-4765-97cc-8494ec289ef4 6d28dfd410434e60b5b4d154a53d2822 b27fe8a7590e4406b5e20b26c1038a29 - - default default] 10.0.0.10 "GET /v2.0/floatingips?floating_network_id=59ab5d54-7f78-4e46-af26-62d646e192f9&port_id=3e61594b-2f03-4330-bd5a-8cf4dcaf48cc HTTP/1.1" status: 200 len: 1054 time: 0.0676870
2026-05-12 17:43:35.983 10 INFO neutron.db.segments_db [None req-60e0fe9b-6b52-4e85-b079-d0f9798ac63f 9190829e8e364966abdbc0b9c949c4fb f0309361736743959df408d2c2dec22d - - default default] Added segment 4f33d4fa-1c80-483b-a1cc-c12ddeb61a0d of type geneve for network a9f83989-3cdf-40b7-8cea-3f2cfd1eba33
2026-05-12 17:43:36.136 10 INFO neutron.db.ovn_revision_numbers_db [None req-60e0fe9b-6b52-4e85-b079-d0f9798ac63f 9190829e8e364966abdbc0b9c949c4fb f0309361736743959df408d2c2dec22d - - default default] Successfully bumped revision number for resource a9f83989-3cdf-40b7-8cea-3f2cfd1eba33 (type: networks) to 1
2026-05-12 17:43:36.243 10 INFO neutron.wsgi [req-081bb903-141c-45dc-a2e6-99459542083b req-ec6e3238-ad51-45d3-ac7b-5b1a80269970 d29ffc22dbc548029f6f538cdace1a2f 32d37bd481b44e8f81bf2236fdaee27f - - b1dd350c040745ada743c8d896724cf9 b1dd350c040745ada743c8d896724cf9] 10.0.0.98 "GET /v2.0/ports?device_id=03fd545c-6ffa-4aa6-ab95-33e6b2c6ae96 HTTP/1.1" status: 200 len: 1448 time: 0.0516055
2026-05-12 17:43:36.310 10 INFO neutron.wsgi [req-081bb903-141c-45dc-a2e6-99459542083b req-6c87d795-39f8-4523-9b5b-ac9b887cd0d4 d29ffc22dbc548029f6f538cdace1a2f 32d37bd481b44e8f81bf2236fdaee27f - - b1dd350c040745ada743c8d896724cf9 b1dd350c040745ada743c8d896724cf9] 10.0.0.98 "GET /v2.0/security-groups?id=030b5be7-0082-4611-b001-ac09edc3200f&id=7d14a28e-9958-4e48-9002-bb0778d29535&fields=id&fields=name HTTP/1.1" status: 200 len: 405 time: 0.0555725
2026-05-12 17:43:36.352 10 WARNING neutron.scheduler.dhcp_agent_scheduler [None req-60e0fe9b-6b52-4e85-b079-d0f9798ac63f 9190829e8e364966abdbc0b9c949c4fb f0309361736743959df408d2c2dec22d - - default default] No more DHCP agents
2026-05-12 17:43:36.355 10 WARNING neutron.api.rpc.agentnotifiers.dhcp_rpc_agent_api [None req-60e0fe9b-6b52-4e85-b079-d0f9798ac63f 9190829e8e364966abdbc0b9c949c4fb f0309361736743959df408d2c2dec22d - - default default] Unable to schedule network a9f83989-3cdf-40b7-8cea-3f2cfd1eba33: no agents available; will retry on subsequent port and subnet creation events.
2026-05-12 17:43:36.444 10 INFO neutron.db.ovn_revision_numbers_db [None req-60e0fe9b-6b52-4e85-b079-d0f9798ac63f 9190829e8e364966abdbc0b9c949c4fb f0309361736743959df408d2c2dec22d - - default default] Successfully bumped revision number for resource 45cd65c9-ccd6-431a-8274-39241b3ef022 (type: ports) to 1
2026-05-12 17:43:36.469 10 INFO neutron.wsgi [None req-60e0fe9b-6b52-4e85-b079-d0f9798ac63f 9190829e8e364966abdbc0b9c949c4fb f0309361736743959df408d2c2dec22d - - default default] 10.0.0.10 "POST /v2.0/networks HTTP/1.1" status: 201 len: 831 time: 0.9944792
2026-05-12 17:43:36.480 9 WARNING neutron_lib.context [None req-71cc149d-7b2e-49dd-973c-9687141e0dbc 9190829e8e364966abdbc0b9c949c4fb f0309361736743959df408d2c2dec22d - - default default] Method 'is_advsvc' is deprecated since 2023.2 release (neutron-lib 3.8.0) and will be removed once support for the old RBAC API policies will be removed from Neutron. Please use method 'is_service_role' instead.
2026-05-12 17:43:36.782 9 WARNING neutron.scheduler.dhcp_agent_scheduler [None req-71cc149d-7b2e-49dd-973c-9687141e0dbc 9190829e8e364966abdbc0b9c949c4fb f0309361736743959df408d2c2dec22d - - default default] No more DHCP agents
2026-05-12 17:43:36.785 9 WARNING neutron.api.rpc.agentnotifiers.dhcp_rpc_agent_api [None req-71cc149d-7b2e-49dd-973c-9687141e0dbc 9190829e8e364966abdbc0b9c949c4fb f0309361736743959df408d2c2dec22d - - default default] Unable to schedule network a9f83989-3cdf-40b7-8cea-3f2cfd1eba33: no agents available; will retry on subsequent port and subnet creation events.
2026-05-12 17:43:37.330 9 INFO neutron.db.ovn_revision_numbers_db [None req-71cc149d-7b2e-49dd-973c-9687141e0dbc 9190829e8e364966abdbc0b9c949c4fb f0309361736743959df408d2c2dec22d - - default default] Successfully bumped revision number for resource 45cd65c9-ccd6-431a-8274-39241b3ef022 (type: ports) to 2
2026-05-12 17:43:37.367 9 INFO neutron.db.ovn_revision_numbers_db [None req-71cc149d-7b2e-49dd-973c-9687141e0dbc 9190829e8e364966abdbc0b9c949c4fb f0309361736743959df408d2c2dec22d - - default default] Successfully bumped revision number for resource 47036f5b-9cfb-4c42-9669-d46323d7a013 (type: subnets) to 0
2026-05-12 17:43:37.383 9 INFO neutron.wsgi [None req-71cc149d-7b2e-49dd-973c-9687141e0dbc 9190829e8e364966abdbc0b9c949c4fb f0309361736743959df408d2c2dec22d - - default default] 10.0.0.10 "POST /v2.0/subnets HTTP/1.1" status: 201 len: 801 time: 0.9086289
2026-05-12 17:43:37.482 9 INFO neutron.wsgi [None req-17f4ec87-aeb5-4c0b-9087-25a50654b894 9190829e8e364966abdbc0b9c949c4fb f0309361736743959df408d2c2dec22d - - default default] 10.0.0.10 "PUT /v2.0/subnets/47036f5b-9cfb-4c42-9669-d46323d7a013/tags HTTP/1.1" status: 200 len: 218 time: 0.0822728
2026-05-12 17:43:37.535 9 INFO neutron.wsgi [None req-b8711ee4-1f8d-42b5-a8ae-ec2779d53a4e 9190829e8e364966abdbc0b9c949c4fb f0309361736743959df408d2c2dec22d - - default default] 10.0.0.10 "GET /v2.0/subnets/47036f5b-9cfb-4c42-9669-d46323d7a013/tags HTTP/1.1" status: 200 len: 218 time: 0.0487380
2026-05-12 17:43:37.613 9 INFO neutron.wsgi [None req-5619013d-ce83-44a8-8afe-168477ea5b45 9190829e8e364966abdbc0b9c949c4fb f0309361736743959df408d2c2dec22d - - default default] 10.0.0.10 "PUT /v2.0/subnets/47036f5b-9cfb-4c42-9669-d46323d7a013/tags/green HTTP/1.1" status: 201 len: 201 time: 0.0730844
2026-05-12 17:43:37.668 9 INFO neutron.wsgi [None req-9760b547-721a-4bda-9cd6-22b7e086f54c 9190829e8e364966abdbc0b9c949c4fb f0309361736743959df408d2c2dec22d - - default default] 10.0.0.10 "GET /v2.0/subnets/47036f5b-9cfb-4c42-9669-d46323d7a013/tags HTTP/1.1" status: 200 len: 227 time: 0.0473206
2026-05-12 17:43:37.725 9 INFO neutron.wsgi [None req-3232e20d-eaa8-41be-951d-94238f0bef8d 9190829e8e364966abdbc0b9c949c4fb f0309361736743959df408d2c2dec22d - - default default] 10.0.0.10 "PUT /v2.0/subnets/47036f5b-9cfb-4c42-9669-d46323d7a013/tags/red HTTP/1.1" status: 201 len: 201 time: 0.0534496
2026-05-12 17:43:37.788 9 INFO neutron.wsgi [None req-56d09fdc-a6ff-43b6-af79-dc44110d59c7 9190829e8e364966abdbc0b9c949c4fb f0309361736743959df408d2c2dec22d - - default default] 10.0.0.10 "GET /v2.0/subnets/47036f5b-9cfb-4c42-9669-d46323d7a013/tags HTTP/1.1" status: 200 len: 227 time: 0.0594494
2026-05-12 17:43:37.852 9 INFO neutron.wsgi [None req-3686ad9b-6950-4a1d-a9c4-797163a1d4fc 9190829e8e364966abdbc0b9c949c4fb f0309361736743959df408d2c2dec22d - - default default] 10.0.0.10 "PUT /v2.0/subnets/47036f5b-9cfb-4c42-9669-d46323d7a013/tags/black.or.white HTTP/1.1" status: 201 len: 201 time: 0.0577483
2026-05-12 17:43:37.898 9 INFO neutron.wsgi [None req-d0a5fe1c-9931-4eea-8b19-e48dd435f102 9190829e8e364966abdbc0b9c949c4fb f0309361736743959df408d2c2dec22d - - default default] 10.0.0.10 "GET /v2.0/subnets/47036f5b-9cfb-4c42-9669-d46323d7a013/tags HTTP/1.1" status: 200 len: 245 time: 0.0426757
2026-05-12 17:43:37.977 9 INFO neutron.wsgi [None req-bdaef6a3-19b0-49a3-ab7c-4945aaa83d53 9190829e8e364966abdbc0b9c949c4fb f0309361736743959df408d2c2dec22d - - default default] 10.0.0.10 "PUT /v2.0/subnets/47036f5b-9cfb-4c42-9669-d46323d7a013/tags HTTP/1.1" status: 200 len: 230 time: 0.0623260
2026-05-12 17:43:38.023 9 INFO neutron.wsgi [None req-f3c11175-196a-4eb8-8edc-9c1cd95c2caf 9190829e8e364966abdbc0b9c949c4fb f0309361736743959df408d2c2dec22d - - default default] 10.0.0.10 "GET /v2.0/subnets/47036f5b-9cfb-4c42-9669-d46323d7a013/tags HTTP/1.1" status: 200 len: 230 time: 0.0402045
2026-05-12 17:43:38.094 9 INFO neutron.wsgi [None req-76599634-afad-4b9d-8656-4593ca0e1986 9190829e8e364966abdbc0b9c949c4fb f0309361736743959df408d2c2dec22d - - default default] 10.0.0.10 "GET /v2.0/subnets/47036f5b-9cfb-4c42-9669-d46323d7a013/tags/red HTTP/1.1" status: 204 len: 168 time: 0.0649443
2026-05-12 17:43:38.147 9 INFO neutron.api.v2.resource [None req-c697075f-b93a-4922-afe3-51be00bfc5b1 9190829e8e364966abdbc0b9c949c4fb f0309361736743959df408d2c2dec22d - - default default] show failed (client error): The resource could not be found.
2026-05-12 17:43:38.149 9 INFO neutron.wsgi [None req-c697075f-b93a-4922-afe3-51be00bfc5b1 9190829e8e364966abdbc0b9c949c4fb f0309361736743959df408d2c2dec22d - - default default] 10.0.0.10 "GET /v2.0/subnets/47036f5b-9cfb-4c42-9669-d46323d7a013/tags/green HTTP/1.1" status: 404 len: 299 time: 0.0504360
2026-05-12 17:43:38.206 9 INFO neutron.wsgi [None req-09fa6027-3f4a-43b0-b727-04dbc5e09d3a 9190829e8e364966abdbc0b9c949c4fb f0309361736743959df408d2c2dec22d - - default default] 10.0.0.10 "DELETE /v2.0/subnets/47036f5b-9cfb-4c42-9669-d46323d7a013/tags/red HTTP/1.1" status: 204 len: 168 time: 0.0519114
2026-05-12 17:43:38.261 9 INFO neutron.wsgi [None req-5571bc79-f8b0-4011-8865-8cc1d64582b1 9190829e8e364966abdbc0b9c949c4fb f0309361736743959df408d2c2dec22d - - default default] 10.0.0.10 "GET /v2.0/subnets/47036f5b-9cfb-4c42-9669-d46323d7a013/tags HTTP/1.1" status: 200 len: 223 time: 0.0487401
