2026-05-12 17:40:06.424 10 INFO neutron.db.ovn_revision_numbers_db [None req-39e2e2b1-9017-4b75-9489-94c232300514 6b4c5e6b20194522ae8751eb8146da01 5499d54aec2e45edb63bc49eb8e062a4 - - default default] Successfully bumped revision number for resource e5b98277-9bab-4288-a523-037b2595fd62 (type: ports) to 1
2026-05-12 17:40:06.452 10 INFO neutron.notifiers.nova [-] Nova event matching ['req-d9fa51c6-0996-423a-86e0-b5c62c81f961'] response: {'name': 'network-changed', 'server_uuid': 'cdb7652c-50cc-49b3-9503-c3494bfedc73', 'tag': '0185f7c1-af92-4996-9036-a74a584d6676', 'status': 'completed', 'code': 200}
2026-05-12 17:40:06.456 10 INFO neutron.wsgi [None req-39e2e2b1-9017-4b75-9489-94c232300514 6b4c5e6b20194522ae8751eb8146da01 5499d54aec2e45edb63bc49eb8e062a4 - - default default] 10.0.0.10 "POST /v2.0/networks HTTP/1.1" status: 201 len: 946 time: 1.1456087
2026-05-12 17:40:06.548 10 INFO neutron.wsgi [req-4acf4b73-fc25-4a2b-b07d-7a0110ffb94c req-518d336f-7d0e-4957-aed2-e884e2c83ee4 d29ffc22dbc548029f6f538cdace1a2f 32d37bd481b44e8f81bf2236fdaee27f - - b1dd350c040745ada743c8d896724cf9 b1dd350c040745ada743c8d896724cf9] 199.19.213.15 "GET /v2.0/ports?tenant_id=b237a6657fb548eda9120838e6270423&device_id=cdb7652c-50cc-49b3-9503-c3494bfedc73 HTTP/1.1" status: 200 len: 1413 time: 0.0675702
2026-05-12 17:40:06.646 10 INFO neutron.wsgi [req-4351f60f-1d1f-4a04-afb7-6fb9ce288510 req-3089c967-bd9b-4ed3-b92b-0623085c500f 9860d5a0fdf24fe9ae6fda51309a6b8f b237a6657fb548eda9120838e6270423 - - default default] 10.0.0.81 "GET /v2.0/ports?device_id=cdb7652c-50cc-49b3-9503-c3494bfedc73 HTTP/1.1" status: 200 len: 1174 time: 0.1420152
2026-05-12 17:40:06.658 10 INFO neutron.wsgi [req-4acf4b73-fc25-4a2b-b07d-7a0110ffb94c req-07efe05f-ff38-4114-aaa9-4f6213616cd9 d29ffc22dbc548029f6f538cdace1a2f 32d37bd481b44e8f81bf2236fdaee27f - - b1dd350c040745ada743c8d896724cf9 b1dd350c040745ada743c8d896724cf9] 199.19.213.15 "GET /v2.0/networks?id=46eb05d5-56b1-4a7d-999d-43c21d074b0a HTTP/1.1" status: 200 len: 981 time: 0.0990453
2026-05-12 17:40:06.715 10 INFO neutron.wsgi [req-4acf4b73-fc25-4a2b-b07d-7a0110ffb94c req-9fdd24db-35f3-43fc-b943-556a51fdc8f1 d29ffc22dbc548029f6f538cdace1a2f 32d37bd481b44e8f81bf2236fdaee27f - - b1dd350c040745ada743c8d896724cf9 b1dd350c040745ada743c8d896724cf9] 199.19.213.15 "GET /v2.0/floatingips?fixed_ip_address=10.100.0.13&port_id=0185f7c1-af92-4996-9036-a74a584d6676 HTTP/1.1" status: 200 len: 217 time: 0.0453594
2026-05-12 17:40:06.718 10 INFO neutron.wsgi [req-4351f60f-1d1f-4a04-afb7-6fb9ce288510 req-2bcc4b72-a91d-4181-807a-36712b220b7b 9860d5a0fdf24fe9ae6fda51309a6b8f b237a6657fb548eda9120838e6270423 - - default default] 10.0.0.81 "GET /v2.0/security-groups?id=124c5ef9-63b5-42bd-80cb-d407c2f1deb4&fields=id&fields=name HTTP/1.1" status: 200 len: 313 time: 0.0644815
2026-05-12 17:40:06.722 10 WARNING neutron.scheduler.dhcp_agent_scheduler [None req-68604f5b-6f11-401b-8644-13ba1ecead20 6b4c5e6b20194522ae8751eb8146da01 5499d54aec2e45edb63bc49eb8e062a4 - - default default] No more DHCP agents
2026-05-12 17:40:06.724 10 WARNING neutron.api.rpc.agentnotifiers.dhcp_rpc_agent_api [None req-68604f5b-6f11-401b-8644-13ba1ecead20 6b4c5e6b20194522ae8751eb8146da01 5499d54aec2e45edb63bc49eb8e062a4 - - default default] Unable to schedule network 39cfd495-deb0-4a33-8ace-650b4babdfed: no agents available; will retry on subsequent port and subnet creation events.
2026-05-12 17:40:06.912 10 INFO neutron.wsgi [req-4acf4b73-fc25-4a2b-b07d-7a0110ffb94c req-705ccae0-f5cf-48d3-8471-a82d8ba33e40 d29ffc22dbc548029f6f538cdace1a2f 32d37bd481b44e8f81bf2236fdaee27f - - b1dd350c040745ada743c8d896724cf9 b1dd350c040745ada743c8d896724cf9] 199.19.213.15 "GET /v2.0/subnets?id=4f3b9930-623e-4cfb-ad18-509dc2ecf740 HTTP/1.1" status: 200 len: 876 time: 0.1905663
2026-05-12 17:40:06.958 10 INFO neutron.wsgi [req-4acf4b73-fc25-4a2b-b07d-7a0110ffb94c req-0f3fdaeb-816e-43f5-9caa-98447e5723aa d29ffc22dbc548029f6f538cdace1a2f 32d37bd481b44e8f81bf2236fdaee27f - - b1dd350c040745ada743c8d896724cf9 b1dd350c040745ada743c8d896724cf9] 199.19.213.15 "GET /v2.0/ports?network_id=46eb05d5-56b1-4a7d-999d-43c21d074b0a&device_owner=network%3Adhcp HTTP/1.1" status: 200 len: 210 time: 0.0372899
2026-05-12 17:40:06.968 10 INFO neutron.wsgi [req-f6a738a4-5085-4a70-8b5c-02e9aa105714 req-4866c9b2-6a4f-4ebb-8c9a-6c9e82b5776a 2a82da617838475b90a46530a7e45b15 097ccd3c7c9c43b09dd01161672a59ca - - default default] 10.0.0.81 "GET /v2.0/ports?device_id=bb36ce89-c80b-4e07-80f5-6101f05f5c45 HTTP/1.1" status: 200 len: 1174 time: 0.0695577
2026-05-12 17:40:07.045 10 INFO neutron.wsgi [req-f6a738a4-5085-4a70-8b5c-02e9aa105714 req-be4638ad-5a4b-4324-8922-bd34b9e20099 2a82da617838475b90a46530a7e45b15 097ccd3c7c9c43b09dd01161672a59ca - - default default] 10.0.0.81 "GET /v2.0/security-groups?id=11afb237-254e-4dfc-9f67-9509aad9776a&fields=id&fields=name HTTP/1.1" status: 200 len: 313 time: 0.0683658
2026-05-12 17:40:07.051 10 INFO neutron.wsgi [req-4acf4b73-fc25-4a2b-b07d-7a0110ffb94c req-2781e7d7-f3d6-4bff-85b4-371cafc8c7e7 d29ffc22dbc548029f6f538cdace1a2f 32d37bd481b44e8f81bf2236fdaee27f - - b1dd350c040745ada743c8d896724cf9 b1dd350c040745ada743c8d896724cf9] 199.19.213.15 "GET /v2.0/networks/46eb05d5-56b1-4a7d-999d-43c21d074b0a?fields=segments HTTP/1.1" status: 200 len: 212 time: 0.0817235
2026-05-12 17:40:07.156 10 INFO neutron.wsgi [req-4acf4b73-fc25-4a2b-b07d-7a0110ffb94c req-fd8cb708-40af-467c-aa3a-325bb7a560f7 d29ffc22dbc548029f6f538cdace1a2f 32d37bd481b44e8f81bf2236fdaee27f - - b1dd350c040745ada743c8d896724cf9 b1dd350c040745ada743c8d896724cf9] 199.19.213.15 "GET /v2.0/networks/46eb05d5-56b1-4a7d-999d-43c21d074b0a?fields=provider%3Aphysical_network&fields=provider%3Anetwork_type HTTP/1.1" status: 200 len: 277 time: 0.0989475
2026-05-12 17:40:07.188 10 INFO neutron.wsgi [req-d8a3e7fc-fd51-418c-81fb-29698d279e4a req-8d1ceb7d-daa9-4006-9ee4-61c8eb8bbc8a 2a82da617838475b90a46530a7e45b15 097ccd3c7c9c43b09dd01161672a59ca - - default default] 10.0.0.81 "GET /v2.0/ports?device_id=bb36ce89-c80b-4e07-80f5-6101f05f5c45 HTTP/1.1" status: 200 len: 1174 time: 0.0485156 /var/lib/openstack/lib/python3.10/site-packages/pycadf/identifier.py:71: UserWarning: Invalid uuid: neutron. To ensure interoperability, identifiers should be a valid uuid. warnings.warn(('Invalid uuid: %s. To ensure interoperability, '
2026-05-12 17:40:07.438 10 INFO neutron.wsgi [req-922a44bf-1e97-4e89-8c7c-e186fbb194d2 req-416b2da8-6023-4b0d-875c-aef7a4f3416d c58de55891a847cbab69473178ed74b2 d46ba9a6242047138407866eb765bf52 - - default default] 10.0.0.81 "GET /v2.0/ports?device_id=3b7ee29e-0344-4d1f-9613-67f6bbd0d0f6 HTTP/1.1" status: 200 len: 1172 time: 0.1132734
2026-05-12 17:40:07.522 10 INFO neutron.wsgi [req-9f0dfaaa-a84f-452f-a3a9-f3f263adaf0c req-a6613399-c17e-4e25-b11f-0a52b9476a68 d29ffc22dbc548029f6f538cdace1a2f 32d37bd481b44e8f81bf2236fdaee27f - - b1dd350c040745ada743c8d896724cf9 b1dd350c040745ada743c8d896724cf9] 199.19.213.15 "GET /v2.0/ports?device_id=bb36ce89-c80b-4e07-80f5-6101f05f5c45&fields=binding%3Ahost_id&fields=binding%3Avif_type HTTP/1.1" status: 200 len: 265 time: 0.0620022
2026-05-12 17:40:07.526 10 INFO neutron.wsgi [req-922a44bf-1e97-4e89-8c7c-e186fbb194d2 req-377c856c-e00a-48e6-8f46-7a632ae30488 c58de55891a847cbab69473178ed74b2 d46ba9a6242047138407866eb765bf52 - - default default] 10.0.0.81 "GET /v2.0/security-groups?id=a53f741c-6887-4c64-bd08-6e3646cda028&fields=id&fields=name HTTP/1.1" status: 200 len: 286 time: 0.0813129
2026-05-12 17:40:07.569 10 WARNING neutron.plugins.ml2.drivers.ovn.mech_driver.ovsdb.ovn_client [None req-0cea73f1-d282-4d2c-8653-bd03774ee440 - - - - - -] No hosting information found for port 2a316b53-5545-48e6-be2f-86ffc48ff597: RuntimeError: No hosting information found for port 2a316b53-5545-48e6-be2f-86ffc48ff597
2026-05-12 17:40:07.570 10 INFO neutron.plugins.ml2.drivers.ovn.mech_driver.mech_driver [None req-0cea73f1-d282-4d2c-8653-bd03774ee440 - - - - - -] OVN reports status up for port: 35464808-54de-41e3-9941-a84831a9a206
2026-05-12 17:40:07.577 10 INFO neutron.plugins.ml2.plugin [None req-0cea73f1-d282-4d2c-8653-bd03774ee440 - - - - - -] Attempt 1 to provision port 35464808-54de-41e3-9941-a84831a9a206
2026-05-12 17:40:07.608 10 INFO neutron.db.ovn_revision_numbers_db [None req-68604f5b-6f11-401b-8644-13ba1ecead20 6b4c5e6b20194522ae8751eb8146da01 5499d54aec2e45edb63bc49eb8e062a4 - - default default] Successfully bumped revision number for resource e5b98277-9bab-4288-a523-037b2595fd62 (type: ports) to 2
2026-05-12 17:40:07.638 10 INFO neutron.wsgi [req-9f0dfaaa-a84f-452f-a3a9-f3f263adaf0c req-a9e440b8-9081-4816-8a44-f60bd605b6b0 d29ffc22dbc548029f6f538cdace1a2f 32d37bd481b44e8f81bf2236fdaee27f - - b1dd350c040745ada743c8d896724cf9 b1dd350c040745ada743c8d896724cf9] 199.19.213.15 "GET /v2.0/ports?tenant_id=097ccd3c7c9c43b09dd01161672a59ca&device_id=bb36ce89-c80b-4e07-80f5-6101f05f5c45 HTTP/1.1" status: 200 len: 1413 time: 0.0505877
2026-05-12 17:40:07.673 9 INFO neutron.notifiers.nova [-] Nova event matching ['req-c445e0d0-40b5-4f3d-987f-86a95be772f5'] response: {'server_uuid': 'bb36ce89-c80b-4e07-80f5-6101f05f5c45', 'name': 'network-vif-plugged', 'status': 'completed', 'tag': '8a4f1c55-fc23-485e-b2ad-1e63bba36ccb', 'code': 200}
2026-05-12 17:40:07.673 9 INFO neutron.notifiers.nova [-] Nova event matching ['req-c445e0d0-40b5-4f3d-987f-86a95be772f5'] response: {'server_uuid': 'cdb7652c-50cc-49b3-9503-c3494bfedc73', 'name': 'network-vif-plugged', 'status': 'completed', 'tag': '0185f7c1-af92-4996-9036-a74a584d6676', 'code': 200}
2026-05-12 17:40:07.674 9 INFO neutron.notifiers.nova [-] Nova event matching ['req-c445e0d0-40b5-4f3d-987f-86a95be772f5'] response: {'server_uuid': 'cdb7652c-50cc-49b3-9503-c3494bfedc73', 'name': 'network-vif-plugged', 'status': 'completed', 'tag': '0185f7c1-af92-4996-9036-a74a584d6676', 'code': 200}
2026-05-12 17:40:07.694 10 INFO neutron.db.ovn_revision_numbers_db [None req-68604f5b-6f11-401b-8644-13ba1ecead20 6b4c5e6b20194522ae8751eb8146da01 5499d54aec2e45edb63bc49eb8e062a4 - - default default] Successfully bumped revision number for resource e6f90695-f309-4a46-8bd4-4792ca831679 (type: subnets) to 0
2026-05-12 17:40:07.715 10 INFO neutron.wsgi [None req-68604f5b-6f11-401b-8644-13ba1ecead20 6b4c5e6b20194522ae8751eb8146da01 5499d54aec2e45edb63bc49eb8e062a4 - - default default] 10.0.0.10 "POST /v2.0/subnets HTTP/1.1" status: 201 len: 866 time: 1.2547960
2026-05-12 17:40:07.748 10 INFO neutron.wsgi [req-9f0dfaaa-a84f-452f-a3a9-f3f263adaf0c req-f5e05765-57e1-4c8b-954d-efe57b991335 d29ffc22dbc548029f6f538cdace1a2f 32d37bd481b44e8f81bf2236fdaee27f - - b1dd350c040745ada743c8d896724cf9 b1dd350c040745ada743c8d896724cf9] 199.19.213.15 "GET /v2.0/networks?id=1578a232-49be-43ec-9377-65955eea8e0f HTTP/1.1" status: 200 len: 974 time: 0.0838826
2026-05-12 17:40:07.790 10 INFO neutron.wsgi [req-9f0dfaaa-a84f-452f-a3a9-f3f263adaf0c req-57fd6d92-cccc-419f-b4c5-239c5b4b6ba4 d29ffc22dbc548029f6f538cdace1a2f 32d37bd481b44e8f81bf2236fdaee27f - - b1dd350c040745ada743c8d896724cf9 b1dd350c040745ada743c8d896724cf9] 199.19.213.15 "GET /v2.0/floatingips?fixed_ip_address=10.100.0.10&port_id=8a4f1c55-fc23-485e-b2ad-1e63bba36ccb HTTP/1.1" status: 200 len: 217 time: 0.0363939
2026-05-12 17:40:07.855 10 INFO neutron.wsgi [req-9f0dfaaa-a84f-452f-a3a9-f3f263adaf0c req-66d6a607-436c-4c71-b400-9366d9a5fc5b d29ffc22dbc548029f6f538cdace1a2f 32d37bd481b44e8f81bf2236fdaee27f - - b1dd350c040745ada743c8d896724cf9 b1dd350c040745ada743c8d896724cf9] 199.19.213.15 "GET /v2.0/subnets?id=f157d55d-9654-4b52-8136-9de98e43a4b0 HTTP/1.1" status: 200 len: 869 time: 0.0604391
2026-05-12 17:40:07.859 10 INFO neutron.wsgi [req-da81a981-71e3-4e6b-954e-351d6cc956ed req-2b54c7dc-4956-49aa-8755-8f396f18401f 9860d5a0fdf24fe9ae6fda51309a6b8f b237a6657fb548eda9120838e6270423 - - default default] 10.0.0.81 "GET /v2.0/ports?device_id=cdb7652c-50cc-49b3-9503-c3494bfedc73 HTTP/1.1" status: 200 len: 1174 time: 0.0577452
2026-05-12 17:40:07.885 10 INFO neutron.wsgi [req-9f0dfaaa-a84f-452f-a3a9-f3f263adaf0c req-1e4d6243-58d2-4fc1-93da-6f5a5e475dd1 d29ffc22dbc548029f6f538cdace1a2f 32d37bd481b44e8f81bf2236fdaee27f - - b1dd350c040745ada743c8d896724cf9 b1dd350c040745ada743c8d896724cf9] 199.19.213.15 "GET /v2.0/ports?network_id=1578a232-49be-43ec-9377-65955eea8e0f&device_owner=network%3Adhcp HTTP/1.1" status: 200 len: 210 time: 0.0258725
2026-05-12 17:40:07.953 10 INFO neutron.wsgi [req-da81a981-71e3-4e6b-954e-351d6cc956ed req-d2c2261a-032c-473b-a2c4-a7b719bd251c 9860d5a0fdf24fe9ae6fda51309a6b8f b237a6657fb548eda9120838e6270423 - - default default] 10.0.0.81 "GET /v2.0/security-groups?id=124c5ef9-63b5-42bd-80cb-d407c2f1deb4&fields=id&fields=name HTTP/1.1" status: 200 len: 313 time: 0.0858364
2026-05-12 17:40:07.989 10 INFO neutron.wsgi [req-9f0dfaaa-a84f-452f-a3a9-f3f263adaf0c req-2c0796ae-350c-49ac-810b-abec68ad4f4e d29ffc22dbc548029f6f538cdace1a2f 32d37bd481b44e8f81bf2236fdaee27f - - b1dd350c040745ada743c8d896724cf9 b1dd350c040745ada743c8d896724cf9] 199.19.213.15 "GET /v2.0/networks/1578a232-49be-43ec-9377-65955eea8e0f?fields=segments HTTP/1.1" status: 200 len: 212 time: 0.0861583
2026-05-12 17:40:08.075 10 INFO neutron.wsgi [req-9f0dfaaa-a84f-452f-a3a9-f3f263adaf0c req-b7044d4f-b1b4-4b4c-bc78-a525fe332e43 d29ffc22dbc548029f6f538cdace1a2f 32d37bd481b44e8f81bf2236fdaee27f - - b1dd350c040745ada743c8d896724cf9 b1dd350c040745ada743c8d896724cf9] 199.19.213.15 "GET /v2.0/networks/1578a232-49be-43ec-9377-65955eea8e0f?fields=provider%3Aphysical_network&fields=provider%3Anetwork_type HTTP/1.1" status: 200 len: 277 time: 0.0781660
2026-05-12 17:40:08.197 10 INFO neutron.db.ovn_revision_numbers_db [None req-0cea73f1-d282-4d2c-8653-bd03774ee440 - - - - - -] Successfully bumped revision number for resource 35464808-54de-41e3-9941-a84831a9a206 (type: ports) to 2
2026-05-12 17:40:08.477 9 INFO neutron.db.ovn_revision_numbers_db [None req-4be178e2-d8fd-4f71-9239-69f35ff9d898 2a82da617838475b90a46530a7e45b15 097ccd3c7c9c43b09dd01161672a59ca - - default default] Successfully bumped revision number for resource d5edf7d5-2b6f-4739-9e2f-b854ba7ac8ee (type: floatingips) to 1
2026-05-12 17:40:08.506 10 INFO neutron.db.ovn_revision_numbers_db [None req-0cea73f1-d282-4d2c-8653-bd03774ee440 - - - - - -] Successfully bumped revision number for resource 35464808-54de-41e3-9941-a84831a9a206 (type: router_ports) to 2
2026-05-12 17:40:08.654 10 INFO neutron.wsgi [req-7e035bc2-1f3a-46aa-8c45-b92a8f999bdd req-37b9d4bb-b0a7-4359-96db-b244b08be01b c58de55891a847cbab69473178ed74b2 d46ba9a6242047138407866eb765bf52 - - default default] 10.0.0.81 "GET /v2.0/ports?device_id=3b7ee29e-0344-4d1f-9613-67f6bbd0d0f6 HTTP/1.1" status: 200 len: 1172 time: 0.0433619
2026-05-12 17:40:08.698 9 WARNING neutron.scheduler.dhcp_agent_scheduler [None req-1f60d216-89d4-4132-852b-8c18aff828c4 6b4c5e6b20194522ae8751eb8146da01 5499d54aec2e45edb63bc49eb8e062a4 - - default default] No more DHCP agents
2026-05-12 17:40:08.700 9 WARNING neutron.api.rpc.agentnotifiers.dhcp_rpc_agent_api [None req-1f60d216-89d4-4132-852b-8c18aff828c4 6b4c5e6b20194522ae8751eb8146da01 5499d54aec2e45edb63bc49eb8e062a4 - - default default] Unable to schedule network 59ab5d54-7f78-4e46-af26-62d646e192f9: no agents available; will retry on subsequent port and subnet creation events.
2026-05-12 17:40:08.702 10 INFO neutron.wsgi [req-7e035bc2-1f3a-46aa-8c45-b92a8f999bdd req-d9302ce2-b828-4644-baf4-9df6c9dc3610 c58de55891a847cbab69473178ed74b2 d46ba9a6242047138407866eb765bf52 - - default default] 10.0.0.81 "GET /v2.0/security-groups?id=a53f741c-6887-4c64-bd08-6e3646cda028&fields=id&fields=name HTTP/1.1" status: 200 len: 286 time: 0.0398026
2026-05-12 17:40:08.722 9 INFO neutron.wsgi [-] 10.0.0.184 "GET / HTTP/1.1" status: 200 len: 247 time: 0.0014682
2026-05-12 17:40:08.724 9 INFO neutron.wsgi [-] 10.0.0.184 "GET / HTTP/1.1" status: 200 len: 247 time: 0.0009496
2026-05-12 17:40:08.724 9 INFO neutron.db.ovn_revision_numbers_db [None req-4be178e2-d8fd-4f71-9239-69f35ff9d898 2a82da617838475b90a46530a7e45b15 097ccd3c7c9c43b09dd01161672a59ca - - default default] Successfully bumped revision number for resource d5edf7d5-2b6f-4739-9e2f-b854ba7ac8ee (type: floatingips) to 2
2026-05-12 17:40:08.724 9 INFO neutron.db.l3_db [None req-4be178e2-d8fd-4f71-9239-69f35ff9d898 2a82da617838475b90a46530a7e45b15 097ccd3c7c9c43b09dd01161672a59ca - - default default] Floating IP d5edf7d5-2b6f-4739-9e2f-b854ba7ac8ee associated. External IP: 10.96.250.203, port: 8a4f1c55-fc23-485e-b2ad-1e63bba36ccb.
2026-05-12 17:40:08.785 9 INFO neutron.wsgi [None req-4be178e2-d8fd-4f71-9239-69f35ff9d898 2a82da617838475b90a46530a7e45b15 097ccd3c7c9c43b09dd01161672a59ca - - default default] 10.0.0.10 "PUT /v2.0/floatingips/d5edf7d5-2b6f-4739-9e2f-b854ba7ac8ee HTTP/1.1" status: 200 len: 1050 time: 1.5820956
2026-05-12 17:40:08.915 9 INFO neutron.db.ovn_revision_numbers_db [None req-1f60d216-89d4-4132-852b-8c18aff828c4 6b4c5e6b20194522ae8751eb8146da01 5499d54aec2e45edb63bc49eb8e062a4 - - default default] Successfully bumped revision number for resource 664da1cc-7ac9-400b-87a9-f3594afae48f (type: ports) to 1
2026-05-12 17:40:08.976 10 INFO neutron.wsgi [req-eb3c669c-5e74-46e1-80a8-3522ed5dd221 req-092e6bb5-3fe0-4012-9eef-c08282d20dd5 2a82da617838475b90a46530a7e45b15 097ccd3c7c9c43b09dd01161672a59ca - - default default] 10.0.0.81 "GET /v2.0/ports?device_id=bb36ce89-c80b-4e07-80f5-6101f05f5c45 HTTP/1.1" status: 200 len: 1174 time: 0.1230276
2026-05-12 17:40:09.050 10 INFO neutron.wsgi [req-eb3c669c-5e74-46e1-80a8-3522ed5dd221 req-f246538f-aad4-4fe6-987d-8aa5fedd349f 2a82da617838475b90a46530a7e45b15 097ccd3c7c9c43b09dd01161672a59ca - - default default] 10.0.0.81 "GET /v2.0/security-groups?id=11afb237-254e-4dfc-9f67-9509aad9776a&fields=id&fields=name HTTP/1.1" status: 200 len: 313 time: 0.0652332
2026-05-12 17:40:09.059 10 INFO neutron.wsgi [req-344ac1ed-f60e-4062-8116-2e1512dacdc8 req-75ff8e69-dd2f-4a59-997c-3e0bc3947ce7 9860d5a0fdf24fe9ae6fda51309a6b8f b237a6657fb548eda9120838e6270423 - - default default] 10.0.0.81 "GET /v2.0/ports?device_id=cdb7652c-50cc-49b3-9503-c3494bfedc73 HTTP/1.1" status: 200 len: 1174 time: 0.0410364
2026-05-12 17:40:09.113 10 INFO neutron.wsgi [req-344ac1ed-f60e-4062-8116-2e1512dacdc8 req-5ffdcf4d-c16c-4ee1-8f04-422709fed101 9860d5a0fdf24fe9ae6fda51309a6b8f b237a6657fb548eda9120838e6270423 - - default default] 10.0.0.81 "GET /v2.0/security-groups?id=124c5ef9-63b5-42bd-80cb-d407c2f1deb4&fields=id&fields=name HTTP/1.1" status: 200 len: 313 time: 0.0446351
2026-05-12 17:40:09.229 10 INFO neutron.wsgi [req-3f7a3aef-9371-429c-a77b-ad7cc7be43d8 req-ceb9b4f3-6278-4edb-ba6d-40e7e91ca4cc 9860d5a0fdf24fe9ae6fda51309a6b8f b237a6657fb548eda9120838e6270423 - - default default] 10.0.0.81 "GET /v2.0/ports?device_id=cdb7652c-50cc-49b3-9503-c3494bfedc73 HTTP/1.1" status: 200 len: 1174 time: 0.0527091 /var/lib/openstack/lib/python3.10/site-packages/pycadf/identifier.py:71: UserWarning: Invalid uuid: neutron. To ensure interoperability, identifiers should be a valid uuid. warnings.warn(('Invalid uuid: %s. To ensure interoperability, '
2026-05-12 17:40:09.499 9 INFO neutron.plugins.ml2.drivers.ovn.mech_driver.mech_driver [None req-0598d071-2ca4-4675-b709-3cb2fa70dbe6 - - - - - -] OVN reports status down for port: 8a4f1c55-fc23-485e-b2ad-1e63bba36ccb
2026-05-12 17:40:09.517 10 INFO neutron.wsgi [req-f56e0e9e-7c81-464b-8e71-5a9d807d6aef req-2bee59fc-a116-4dfb-aadc-cb93c0c10431 2a82da617838475b90a46530a7e45b15 097ccd3c7c9c43b09dd01161672a59ca - - default default] 10.0.0.81 "GET /v2.0/ports?device_id=bb36ce89-c80b-4e07-80f5-6101f05f5c45 HTTP/1.1" status: 200 len: 1174 time: 0.0513167
2026-05-12 17:40:09.578 10 INFO neutron.wsgi [req-f56e0e9e-7c81-464b-8e71-5a9d807d6aef req-007bad0e-ddd9-4b21-a03c-b66229df66b8 2a82da617838475b90a46530a7e45b15 097ccd3c7c9c43b09dd01161672a59ca - - default default] 10.0.0.81 "GET /v2.0/security-groups?id=11afb237-254e-4dfc-9f67-9509aad9776a&fields=id&fields=name HTTP/1.1" status: 200 len: 313 time: 0.0544953
2026-05-12 17:40:09.751 9 INFO neutron.notifiers.nova [-] Nova event matching ['req-28a4d650-0ebc-4176-a175-5d9869c5526a'] response: {'name': 'network-changed', 'server_uuid': 'bb36ce89-c80b-4e07-80f5-6101f05f5c45', 'tag': '8a4f1c55-fc23-485e-b2ad-1e63bba36ccb', 'status': 'completed', 'code': 200}
2026-05-12 17:40:09.830 10 INFO neutron.wsgi [req-d1e39b93-a978-4def-9475-98a104a3bee8 req-15a8e267-03b3-4108-a315-78d7dfef67e5 d29ffc22dbc548029f6f538cdace1a2f 32d37bd481b44e8f81bf2236fdaee27f - - b1dd350c040745ada743c8d896724cf9 b1dd350c040745ada743c8d896724cf9] 199.19.213.15 "GET /v2.0/ports?tenant_id=097ccd3c7c9c43b09dd01161672a59ca&device_id=bb36ce89-c80b-4e07-80f5-6101f05f5c45 HTTP/1.1" status: 200 len: 1411 time: 0.0593646
2026-05-12 17:40:09.835 10 INFO neutron.wsgi [req-84253f02-2f0e-454c-a52f-11f4968f3a9c req-b1bc1b41-f09e-4253-84b4-4bf7ba2704cf c58de55891a847cbab69473178ed74b2 d46ba9a6242047138407866eb765bf52 - - default default] 10.0.0.81 "GET /v2.0/ports?device_id=3b7ee29e-0344-4d1f-9613-67f6bbd0d0f6 HTTP/1.1" status: 200 len: 1172 time: 0.0615840
2026-05-12 17:40:09.896 10 INFO neutron.wsgi [req-84253f02-2f0e-454c-a52f-11f4968f3a9c req-4a3cabae-4b00-4764-a9fd-7c67843bb7cf c58de55891a847cbab69473178ed74b2 d46ba9a6242047138407866eb765bf52 - - default default] 10.0.0.81 "GET /v2.0/security-groups?id=a53f741c-6887-4c64-bd08-6e3646cda028&fields=id&fields=name HTTP/1.1" status: 200 len: 286 time: 0.0538328
2026-05-12 17:40:09.905 10 INFO neutron.wsgi [req-d1e39b93-a978-4def-9475-98a104a3bee8 req-4079612b-326a-4f8f-afed-d466647050a4 d29ffc22dbc548029f6f538cdace1a2f 32d37bd481b44e8f81bf2236fdaee27f - - b1dd350c040745ada743c8d896724cf9 b1dd350c040745ada743c8d896724cf9] 199.19.213.15 "GET /v2.0/networks?id=1578a232-49be-43ec-9377-65955eea8e0f HTTP/1.1" status: 200 len: 974 time: 0.0682492
2026-05-12 17:40:09.974 10 INFO neutron.wsgi [req-d1e39b93-a978-4def-9475-98a104a3bee8 req-0d9047ce-1a55-45b3-8b0a-fe96e99ffc99 d29ffc22dbc548029f6f538cdace1a2f 32d37bd481b44e8f81bf2236fdaee27f - - b1dd350c040745ada743c8d896724cf9 b1dd350c040745ada743c8d896724cf9] 199.19.213.15 "GET /v2.0/floatingips?fixed_ip_address=10.100.0.10&port_id=8a4f1c55-fc23-485e-b2ad-1e63bba36ccb HTTP/1.1" status: 200 len: 1058 time: 0.0646777
2026-05-12 17:40:10.016 10 INFO neutron.wsgi [req-d1e39b93-a978-4def-9475-98a104a3bee8 req-fe7e4358-bea8-47d3-9d45-59f0a4f43421 d29ffc22dbc548029f6f538cdace1a2f 32d37bd481b44e8f81bf2236fdaee27f - - b1dd350c040745ada743c8d896724cf9 b1dd350c040745ada743c8d896724cf9] 199.19.213.15 "GET /v2.0/subnets?id=f157d55d-9654-4b52-8136-9de98e43a4b0 HTTP/1.1" status: 200 len: 869 time: 0.0365257
2026-05-12 17:40:10.045 10 INFO neutron.wsgi [req-d1e39b93-a978-4def-9475-98a104a3bee8 req-eb6a9d73-90ce-44f9-88a0-67ef74c4f534 d29ffc22dbc548029f6f538cdace1a2f 32d37bd481b44e8f81bf2236fdaee27f - - b1dd350c040745ada743c8d896724cf9 b1dd350c040745ada743c8d896724cf9] 199.19.213.15 "GET /v2.0/ports?network_id=1578a232-49be-43ec-9377-65955eea8e0f&device_owner=network%3Adhcp HTTP/1.1" status: 200 len: 210 time: 0.0235367
2026-05-12 17:40:10.104 10 INFO neutron.wsgi [req-d1e39b93-a978-4def-9475-98a104a3bee8 req-8a037bad-2b17-44bd-9c3e-6e95380ccb53 d29ffc22dbc548029f6f538cdace1a2f 32d37bd481b44e8f81bf2236fdaee27f - - b1dd350c040745ada743c8d896724cf9 b1dd350c040745ada743c8d896724cf9] 199.19.213.15 "GET /v2.0/networks/1578a232-49be-43ec-9377-65955eea8e0f?fields=segments HTTP/1.1" status: 200 len: 212 time: 0.0557306
2026-05-12 17:40:10.186 10 INFO neutron.wsgi [req-d1e39b93-a978-4def-9475-98a104a3bee8 req-e4e6dddf-8013-4020-9ad3-4b746504e6bb d29ffc22dbc548029f6f538cdace1a2f 32d37bd481b44e8f81bf2236fdaee27f - - b1dd350c040745ada743c8d896724cf9 b1dd350c040745ada743c8d896724cf9] 199.19.213.15 "GET /v2.0/networks/1578a232-49be-43ec-9377-65955eea8e0f?fields=provider%3Aphysical_network&fields=provider%3Anetwork_type HTTP/1.1" status: 200 len: 277 time: 0.0750489
2026-05-12 17:40:10.279 9 INFO neutron.wsgi [req-05931fc1-26ee-4df8-8cde-f64fc56044ac req-03f9b2a3-b908-4f0a-b698-326f7f8bb33c 2a82da617838475b90a46530a7e45b15 097ccd3c7c9c43b09dd01161672a59ca - - default default] 199.19.213.15 "GET /v2.0/ports?device_id=bb36ce89-c80b-4e07-80f5-6101f05f5c45 HTTP/1.1" status: 200 len: 1172 time: 0.4370830
2026-05-12 17:40:10.302 9 INFO neutron.plugins.ml2.drivers.ovn.mech_driver.ovsdb.commands [None req-dfe34a36-2c12-4f70-8e62-8dfca3f7aac7 - - - - - -] Schedule LRP lrp-664da1cc-7ac9-400b-87a9-f3594afae48f on gateway 21476915-6c2b-4155-a04d-480e22b4ea5e with priority 1
2026-05-12 17:40:10.339 10 INFO neutron.plugins.ml2.drivers.ovn.mech_driver.ovsdb.ovsdb_monitor [None req-a9d70b9a-9131-4b65-8042-9bb14e604c6a - - - - - -] Router 5d906112-cdf8-4558-8291-88d2ebe941b0 is bound to host instance
2026-05-12 17:40:10.426 9 INFO neutron.db.ovn_revision_numbers_db [None req-1f60d216-89d4-4132-852b-8c18aff828c4 6b4c5e6b20194522ae8751eb8146da01 5499d54aec2e45edb63bc49eb8e062a4 - - default default] Successfully bumped revision number for resource 664da1cc-7ac9-400b-87a9-f3594afae48f (type: router_ports) to 1
2026-05-12 17:40:10.517 9 INFO neutron.db.ovn_revision_numbers_db [None req-0598d071-2ca4-4675-b709-3cb2fa70dbe6 - - - - - -] Successfully bumped revision number for resource 8a4f1c55-fc23-485e-b2ad-1e63bba36ccb (type: ports) to 5
2026-05-12 17:40:10.564 9 INFO neutron.plugins.ml2.drivers.ovn.mech_driver.mech_driver [None req-0598d071-2ca4-4675-b709-3cb2fa70dbe6 - - - - - -] OVN reports status up for port: 664da1cc-7ac9-400b-87a9-f3594afae48f
2026-05-12 17:40:10.577 9 INFO neutron.db.ovn_revision_numbers_db [None req-c214b05d-016d-4730-9ab2-f2f45ca8b95f 9860d5a0fdf24fe9ae6fda51309a6b8f b237a6657fb548eda9120838e6270423 - - default default] Successfully bumped revision number for resource eba7cca8-6f5b-4bb7-a550-1d4933772a8c (type: floatingips) to 1
2026-05-12 17:40:10.600 9 INFO neutron.plugins.ml2.plugin [None req-0598d071-2ca4-4675-b709-3cb2fa70dbe6 - - - - - -] Attempt 1 to provision port 664da1cc-7ac9-400b-87a9-f3594afae48f
2026-05-12 17:40:10.601 9 INFO neutron.db.ovn_revision_numbers_db [None req-1f60d216-89d4-4132-852b-8c18aff828c4 6b4c5e6b20194522ae8751eb8146da01 5499d54aec2e45edb63bc49eb8e062a4 - - default default] Successfully bumped revision number for resource 5d906112-cdf8-4558-8291-88d2ebe941b0 (type: routers) to 2
2026-05-12 17:40:10.657 9 INFO neutron.wsgi [None req-1f60d216-89d4-4132-852b-8c18aff828c4 6b4c5e6b20194522ae8751eb8146da01 5499d54aec2e45edb63bc49eb8e062a4 - - default default] 10.0.0.10 "POST /v2.0/routers HTTP/1.1" status: 201 len: 1168 time: 2.9356112
2026-05-12 17:40:10.751 10 INFO neutron.wsgi [req-3e63ed4e-34cd-4104-9b7e-549543137b6a req-3c946a64-45bf-4cba-8f5b-1bf9d3ad091a 2a82da617838475b90a46530a7e45b15 097ccd3c7c9c43b09dd01161672a59ca - - default default] 10.0.0.81 "GET /v2.0/ports?device_id=bb36ce89-c80b-4e07-80f5-6101f05f5c45 HTTP/1.1" status: 200 len: 1172 time: 0.1006505
2026-05-12 17:40:10.835 10 INFO neutron.wsgi [req-3e63ed4e-34cd-4104-9b7e-549543137b6a req-ce7c77d5-cd86-4246-a15c-0cb3b787b349 2a82da617838475b90a46530a7e45b15 097ccd3c7c9c43b09dd01161672a59ca - - default default] 10.0.0.81 "GET /v2.0/security-groups?id=11afb237-254e-4dfc-9f67-9509aad9776a&fields=id&fields=name HTTP/1.1" status: 200 len: 313 time: 0.0730627
2026-05-12 17:40:10.866 9 INFO neutron.db.ovn_revision_numbers_db [None req-c214b05d-016d-4730-9ab2-f2f45ca8b95f 9860d5a0fdf24fe9ae6fda51309a6b8f b237a6657fb548eda9120838e6270423 - - default default] Successfully bumped revision number for resource eba7cca8-6f5b-4bb7-a550-1d4933772a8c (type: floatingips) to 2
2026-05-12 17:40:10.866 9 INFO neutron.db.l3_db [None req-c214b05d-016d-4730-9ab2-f2f45ca8b95f 9860d5a0fdf24fe9ae6fda51309a6b8f b237a6657fb548eda9120838e6270423 - - default default] Floating IP eba7cca8-6f5b-4bb7-a550-1d4933772a8c associated. External IP: 10.96.250.206, port: 0185f7c1-af92-4996-9036-a74a584d6676.
2026-05-12 17:40:10.915 9 INFO neutron.wsgi [None req-c214b05d-016d-4730-9ab2-f2f45ca8b95f 9860d5a0fdf24fe9ae6fda51309a6b8f b237a6657fb548eda9120838e6270423 - - default default] 10.0.0.10 "PUT /v2.0/floatingips/eba7cca8-6f5b-4bb7-a550-1d4933772a8c HTTP/1.1" status: 200 len: 1050 time: 1.6677377
2026-05-12 17:40:11.040 9 INFO neutron.db.l3_db [req-05931fc1-26ee-4df8-8cde-f64fc56044ac req-af2f371c-be63-434d-bba3-b4b55ab8f883 2a82da617838475b90a46530a7e45b15 097ccd3c7c9c43b09dd01161672a59ca - - default default] Floating IP d5edf7d5-2b6f-4739-9e2f-b854ba7ac8ee disassociated. External IP: 10.96.250.203, port: 8a4f1c55-fc23-485e-b2ad-1e63bba36ccb.
2026-05-12 17:40:11.049 10 INFO neutron.wsgi [req-67576b05-23fa-4eb6-85ca-d120f3186d59 req-25bfe660-7d8c-49c3-a001-1655cd0a2fd5 9860d5a0fdf24fe9ae6fda51309a6b8f b237a6657fb548eda9120838e6270423 - - default default] 10.0.0.81 "GET /v2.0/ports?device_id=cdb7652c-50cc-49b3-9503-c3494bfedc73 HTTP/1.1" status: 200 len: 1174 time: 0.0735774
2026-05-12 17:40:11.067 10 INFO neutron.wsgi [req-54d24a2f-cfa3-4811-8503-556b9be45916 req-471a3b92-2a88-4741-aa1c-adf570937f50 c58de55891a847cbab69473178ed74b2 d46ba9a6242047138407866eb765bf52 - - default default] 10.0.0.81 "GET /v2.0/ports?device_id=3b7ee29e-0344-4d1f-9613-67f6bbd0d0f6 HTTP/1.1" status: 200 len: 1172 time: 0.0910616
2026-05-12 17:40:11.172 10 INFO neutron.wsgi [req-67576b05-23fa-4eb6-85ca-d120f3186d59 req-4990ef72-7574-4739-ad4f-cd488bb268d1 9860d5a0fdf24fe9ae6fda51309a6b8f b237a6657fb548eda9120838e6270423 - - default default] 10.0.0.81 "GET /v2.0/security-groups?id=124c5ef9-63b5-42bd-80cb-d407c2f1deb4&fields=id&fields=name HTTP/1.1" status: 200 len: 313 time: 0.1142969
2026-05-12 17:40:11.182 10 INFO neutron.wsgi [req-54d24a2f-cfa3-4811-8503-556b9be45916 req-246c7af8-263f-42cb-bdc0-115ad8794fed c58de55891a847cbab69473178ed74b2 d46ba9a6242047138407866eb765bf52 - - default default] 10.0.0.81 "GET /v2.0/security-groups?id=a53f741c-6887-4c64-bd08-6e3646cda028&fields=id&fields=name HTTP/1.1" status: 200 len: 286 time: 0.1049089
2026-05-12 17:40:11.196 9 INFO neutron.wsgi [req-05931fc1-26ee-4df8-8cde-f64fc56044ac req-af2f371c-be63-434d-bba3-b4b55ab8f883 2a82da617838475b90a46530a7e45b15 097ccd3c7c9c43b09dd01161672a59ca - - default default] 199.19.213.15 "DELETE /v2.0/ports/8a4f1c55-fc23-485e-b2ad-1e63bba36ccb HTTP/1.1" status: 204 len: 173 time: 0.8905702
2026-05-12 17:40:11.328 10 INFO neutron.db.ovn_revision_numbers_db [None req-a9d70b9a-9131-4b65-8042-9bb14e604c6a - - - - - -] Successfully bumped revision number for resource 664da1cc-7ac9-400b-87a9-f3594afae48f (type: ports) to 1
2026-05-12 17:40:11.665 10 WARNING neutron.scheduler.dhcp_agent_scheduler [None req-c74f0355-b784-40f5-b301-fcaa99e07500 6b4c5e6b20194522ae8751eb8146da01 5499d54aec2e45edb63bc49eb8e062a4 - - default default] No more DHCP agents
2026-05-12 17:40:11.670 10 WARNING neutron.api.rpc.agentnotifiers.dhcp_rpc_agent_api [None req-c74f0355-b784-40f5-b301-fcaa99e07500 6b4c5e6b20194522ae8751eb8146da01 5499d54aec2e45edb63bc49eb8e062a4 - - default default] Unable to schedule network 39cfd495-deb0-4a33-8ace-650b4babdfed: no agents available; will retry on subsequent port and subnet creation events.
2026-05-12 17:40:11.799 9 INFO neutron.notifiers.nova [-] Nova event matching ['req-59b23490-4e99-4dba-88d6-a888d02c610c'] response: {'server_uuid': 'bb36ce89-c80b-4e07-80f5-6101f05f5c45', 'name': 'network-vif-unplugged', 'status': 'completed', 'tag': '8a4f1c55-fc23-485e-b2ad-1e63bba36ccb', 'code': 200}
2026-05-12 17:40:11.799 9 INFO neutron.notifiers.nova [-] Nova event matching ['req-59b23490-4e99-4dba-88d6-a888d02c610c'] response: {'server_uuid': 'bb36ce89-c80b-4e07-80f5-6101f05f5c45', 'name': 'network-vif-unplugged', 'status': 'completed', 'tag': '8a4f1c55-fc23-485e-b2ad-1e63bba36ccb', 'code': 200}
2026-05-12 17:40:11.800 9 INFO neutron.notifiers.nova [-] Nova event matching ['req-59b23490-4e99-4dba-88d6-a888d02c610c'] response: {'name': 'network-changed', 'server_uuid': 'cdb7652c-50cc-49b3-9503-c3494bfedc73', 'tag': '0185f7c1-af92-4996-9036-a74a584d6676', 'status': 'completed', 'code': 200}
2026-05-12 17:40:11.800 9 INFO neutron.notifiers.nova [-] Nova event matching ['req-59b23490-4e99-4dba-88d6-a888d02c610c'] response: {'server_uuid': 'bb36ce89-c80b-4e07-80f5-6101f05f5c45', 'name': 'network-vif-deleted', 'tag': '8a4f1c55-fc23-485e-b2ad-1e63bba36ccb', 'status': 'completed', 'code': 200} /var/lib/openstack/lib/python3.10/site-packages/pycadf/identifier.py:71: UserWarning: Invalid uuid: neutron. To ensure interoperability, identifiers should be a valid uuid. warnings.warn(('Invalid uuid: %s. To ensure interoperability, '
2026-05-12 17:40:11.869 9 INFO neutron.wsgi [req-07c6c77c-9ad1-47ad-b6c6-049f67d1e267 req-d2746855-c450-459f-99ef-89ed9f13602e d29ffc22dbc548029f6f538cdace1a2f 32d37bd481b44e8f81bf2236fdaee27f - - b1dd350c040745ada743c8d896724cf9 b1dd350c040745ada743c8d896724cf9] 199.19.213.15 "GET /v2.0/ports?tenant_id=b237a6657fb548eda9120838e6270423&device_id=cdb7652c-50cc-49b3-9503-c3494bfedc73 HTTP/1.1" status: 200 len: 1413 time: 0.0435588
2026-05-12 17:40:11.887 10 INFO neutron.db.ovn_revision_numbers_db [None req-c74f0355-b784-40f5-b301-fcaa99e07500 6b4c5e6b20194522ae8751eb8146da01 5499d54aec2e45edb63bc49eb8e062a4 - - default default] Successfully bumped revision number for resource 5d2a82c5-a068-4e48-8161-bf62a3d6016d (type: ports) to 1
2026-05-12 17:40:11.942 9 INFO neutron.wsgi [req-07c6c77c-9ad1-47ad-b6c6-049f67d1e267 req-59bd72b7-8a37-4f1b-a5d1-4e8cca9e668d d29ffc22dbc548029f6f538cdace1a2f 32d37bd481b44e8f81bf2236fdaee27f - - b1dd350c040745ada743c8d896724cf9 b1dd350c040745ada743c8d896724cf9] 199.19.213.15 "GET /v2.0/networks?id=46eb05d5-56b1-4a7d-999d-43c21d074b0a HTTP/1.1" status: 200 len: 981 time: 0.0667818
2026-05-12 17:40:12.024 9 INFO neutron.wsgi [req-07c6c77c-9ad1-47ad-b6c6-049f67d1e267 req-fdfaad83-5247-4f1f-b408-17284aa48ca3 d29ffc22dbc548029f6f538cdace1a2f 32d37bd481b44e8f81bf2236fdaee27f - - b1dd350c040745ada743c8d896724cf9 b1dd350c040745ada743c8d896724cf9] 199.19.213.15 "GET /v2.0/floatingips?fixed_ip_address=10.100.0.13&port_id=0185f7c1-af92-4996-9036-a74a584d6676 HTTP/1.1" status: 200 len: 1060 time: 0.0725853
2026-05-12 17:40:12.046 10 INFO neutron.db.ovn_revision_numbers_db [None req-a9d70b9a-9131-4b65-8042-9bb14e604c6a - - - - - -] Successfully bumped revision number for resource 664da1cc-7ac9-400b-87a9-f3594afae48f (type: router_ports) to 3
2026-05-12 17:40:12.063 9 INFO neutron.wsgi [req-07c6c77c-9ad1-47ad-b6c6-049f67d1e267 req-ec7cfa8a-76a7-4118-ac05-b4a0b76ad2f6 d29ffc22dbc548029f6f538cdace1a2f 32d37bd481b44e8f81bf2236fdaee27f - - b1dd350c040745ada743c8d896724cf9 b1dd350c040745ada743c8d896724cf9] 199.19.213.15 "GET /v2.0/subnets?id=4f3b9930-623e-4cfb-ad18-509dc2ecf740 HTTP/1.1" status: 200 len: 876 time: 0.0324397
2026-05-12 17:40:12.102 9 INFO neutron.wsgi [req-07c6c77c-9ad1-47ad-b6c6-049f67d1e267 req-16cbc2e1-8467-4f0d-ad95-7035f6246b20 d29ffc22dbc548029f6f538cdace1a2f 32d37bd481b44e8f81bf2236fdaee27f - - b1dd350c040745ada743c8d896724cf9 b1dd350c040745ada743c8d896724cf9] 199.19.213.15 "GET /v2.0/ports?network_id=46eb05d5-56b1-4a7d-999d-43c21d074b0a&device_owner=network%3Adhcp HTTP/1.1" status: 200 len: 210 time: 0.0306735
2026-05-12 17:40:12.159 10 INFO neutron.wsgi [None req-688da4b3-5bf4-48b9-aedd-fed000d4cf88 2a82da617838475b90a46530a7e45b15 097ccd3c7c9c43b09dd01161672a59ca - - default default] 10.0.0.10 "DELETE /v2.0/security-groups/11afb237-254e-4dfc-9f67-9509aad9776a HTTP/1.1" status: 204 len: 168 time: 0.2278209
2026-05-12 17:40:12.189 10 INFO neutron.api.v2.resource [None req-e123e870-ef15-4e39-8f58-dbd383292a3f 2a82da617838475b90a46530a7e45b15 097ccd3c7c9c43b09dd01161672a59ca - - default default] show failed (client error): The resource could not be found.
2026-05-12 17:40:12.190 10 INFO neutron.wsgi [None req-e123e870-ef15-4e39-8f58-dbd383292a3f 2a82da617838475b90a46530a7e45b15 097ccd3c7c9c43b09dd01161672a59ca - - default default] 10.0.0.10 "GET /v2.0/security-groups/11afb237-254e-4dfc-9f67-9509aad9776a HTTP/1.1" status: 404 len: 347 time: 0.0215728
2026-05-12 17:40:12.323 10 INFO neutron.wsgi [req-40dd89bd-2793-48bd-8994-0fbcabefefc6 req-d0a00f52-a9a0-47ed-afe3-34726f3d8b88 c58de55891a847cbab69473178ed74b2 d46ba9a6242047138407866eb765bf52 - - default default] 10.0.0.81 "GET /v2.0/ports?device_id=3b7ee29e-0344-4d1f-9613-67f6bbd0d0f6 HTTP/1.1" status: 200 len: 1172 time: 0.0747588
2026-05-12 17:40:12.361 9 INFO neutron.wsgi [req-07c6c77c-9ad1-47ad-b6c6-049f67d1e267 req-84918b19-4391-485d-a05a-c9995626f812 d29ffc22dbc548029f6f538cdace1a2f 32d37bd481b44e8f81bf2236fdaee27f - - b1dd350c040745ada743c8d896724cf9 b1dd350c040745ada743c8d896724cf9] 199.19.213.15 "GET /v2.0/networks/46eb05d5-56b1-4a7d-999d-43c21d074b0a?fields=segments HTTP/1.1" status: 200 len: 212 time: 0.2536213
2026-05-12 17:40:12.427 9 INFO neutron.wsgi [req-07c6c77c-9ad1-47ad-b6c6-049f67d1e267 req-c78b1cc6-5c68-40a1-a160-19ea9ca4fe20 d29ffc22dbc548029f6f538cdace1a2f 32d37bd481b44e8f81bf2236fdaee27f - - b1dd350c040745ada743c8d896724cf9 b1dd350c040745ada743c8d896724cf9] 199.19.213.15 "GET /v2.0/networks/46eb05d5-56b1-4a7d-999d-43c21d074b0a?fields=provider%3Aphysical_network&fields=provider%3Anetwork_type HTTP/1.1" status: 200 len: 277 time: 0.0603821
2026-05-12 17:40:12.432 10 INFO neutron.wsgi [req-40dd89bd-2793-48bd-8994-0fbcabefefc6 req-f5104a9c-5779-4cf2-b68d-257be42e0e90 c58de55891a847cbab69473178ed74b2 d46ba9a6242047138407866eb765bf52 - - default default] 10.0.0.81 "GET /v2.0/security-groups?id=a53f741c-6887-4c64-bd08-6e3646cda028&fields=id&fields=name HTTP/1.1" status: 200 len: 286 time: 0.1008556
2026-05-12 17:40:12.454 10 INFO neutron.db.ovn_revision_numbers_db [None req-a9d70b9a-9131-4b65-8042-9bb14e604c6a - - - - - -] Successfully bumped revision number for resource 664da1cc-7ac9-400b-87a9-f3594afae48f (type: ports) to 2
2026-05-12 17:40:12.999 10 ERROR ovsdbapp.backend.ovs_idl.command [None req-c74f0355-b784-40f5-b301-fcaa99e07500 6b4c5e6b20194522ae8751eb8146da01 5499d54aec2e45edb63bc49eb8e062a4 - - default default] Error executing command (DbGetCommand): ovsdbapp.backend.ovs_idl.idlutils.RowNotFound: Cannot find Logical_Router_Port with name=lrp-5d2a82c5-a068-4e48-8161-bf62a3d6016d
2026-05-12 17:40:12.999 10 ERROR ovsdbapp.backend.ovs_idl.command
Traceback (most recent call last):
2026-05-12 17:40:12.999 10 ERROR ovsdbapp.backend.ovs_idl.command
File "/var/lib/openstack/lib/python3.10/site-packages/ovsdbapp/backend/ovs_idl/command.py", line 47, in execute
2026-05-12 17:40:12.999 10 ERROR ovsdbapp.backend.ovs_idl.command self.run_idl(None)
2026-05-12 17:40:12.999 10 ERROR ovsdbapp.backend.ovs_idl.command
File "/var/lib/openstack/lib/python3.10/site-packages/ovsdbapp/backend/ovs_idl/command.py", line 235, in run_idl
2026-05-12 17:40:12.999 10 ERROR ovsdbapp.backend.ovs_idl.command record = self.api.lookup(self.table, self.record)
2026-05-12 17:40:12.999 10 ERROR ovsdbapp.backend.ovs_idl.command
File "/var/lib/openstack/lib/python3.10/site-packages/ovsdbapp/backend/ovs_idl/__init__.py", line 184, in lookup
2026-05-12 17:40:12.999 10 ERROR ovsdbapp.backend.ovs_idl.command return self._lookup(table, record)
2026-05-12 17:40:12.999 10 ERROR ovsdbapp.backend.ovs_idl.command
File "/var/lib/openstack/lib/python3.10/site-packages/ovsdbapp/backend/ovs_idl/__init__.py", line 235, in _lookup
2026-05-12 17:40:12.999 10 ERROR ovsdbapp.backend.ovs_idl.command row = idlutils.row_by_value(self, rl.table, rl.column, record)
2026-05-12 17:40:12.999 10 ERROR ovsdbapp.backend.ovs_idl.command
File "/var/lib/openstack/lib/python3.10/site-packages/ovsdbapp/backend/ovs_idl/idlutils.py", line 114, in row_by_value
2026-05-12 17:40:12.999 10 ERROR ovsdbapp.backend.ovs_idl.command raise RowNotFound(table=table, col=column, match=match)
2026-05-12 17:40:12.999 10 ERROR ovsdbapp.backend.ovs_idl.command ovsdbapp.backend.ovs_idl.idlutils.RowNotFound: Cannot find Logical_Router_Port with name=lrp-5d2a82c5-a068-4e48-8161-bf62a3d6016d
2026-05-12 17:40:12.999 10 ERROR ovsdbapp.backend.ovs_idl.command 
2026-05-12 17:40:12.999 10 ERROR neutron_lib.callbacks.manager [None req-c74f0355-b784-40f5-b301-fcaa99e07500 6b4c5e6b20194522ae8751eb8146da01 5499d54aec2e45edb63bc49eb8e062a4 - - default default] Error during notification for neutron.services.ovn_l3.plugin.OVNL3RouterPlugin._port_update-8779838101231 port, after_update: ovsdbapp.backend.ovs_idl.idlutils.RowNotFound: Cannot find Logical_Router_Port with name=lrp-5d2a82c5-a068-4e48-8161-bf62a3d6016d
2026-05-12 17:40:12.999 10 ERROR neutron_lib.callbacks.manager
Traceback (most recent call last):
2026-05-12 17:40:12.999 10 ERROR neutron_lib.callbacks.manager
File "/var/lib/openstack/lib/python3.10/site-packages/neutron_lib/callbacks/manager.py", line 189, in _notify_loop
2026-05-12 17:40:12.999 10 ERROR neutron_lib.callbacks.manager callback.method(resource, event, trigger, payload=payload)
2026-05-12 17:40:12.999 10 ERROR neutron_lib.callbacks.manager
File "/var/lib/openstack/lib/python3.10/site-packages/neutron/services/ovn_l3/plugin.py", line 391, in _port_update
2026-05-12 17:40:12.999 10 ERROR neutron_lib.callbacks.manager l3plugin._ovn_client.update_router_port(context,
2026-05-12 17:40:12.999 10 ERROR neutron_lib.callbacks.manager
File "/var/lib/openstack/lib/python3.10/site-packages/neutron/plugins/ml2/drivers/ovn/mech_driver/ovsdb/ovn_client.py", line 1878, in update_router_port
2026-05-12 17:40:12.999 10 ERROR neutron_lib.callbacks.manager self._update_lrouter_port(context, port, if_exists=if_exists,
2026-05-12 17:40:12.999 10 ERROR neutron_lib.callbacks.manager
File "/var/lib/openstack/lib/python3.10/site-packages/neutron/plugins/ml2/drivers/ovn/mech_driver/ovsdb/ovn_client.py", line 1855, in _update_lrouter_port
2026-05-12 17:40:12.999 10 ERROR neutron_lib.callbacks.manager external_ids = self._nb_idl.db_get(
2026-05-12 17:40:12.999 10 ERROR neutron_lib.callbacks.manager
File "/var/lib/openstack/lib/python3.10/site-packages/ovsdbapp/backend/ovs_idl/command.py", line 47, in execute
2026-05-12 17:40:12.999 10 ERROR neutron_lib.callbacks.manager self.run_idl(None)
2026-05-12 17:40:12.999 10 ERROR neutron_lib.callbacks.manager
File "/var/lib/openstack/lib/python3.10/site-packages/ovsdbapp/backend/ovs_idl/command.py", line 235, in run_idl
2026-05-12 17:40:12.999 10 ERROR neutron_lib.callbacks.manager record = self.api.lookup(self.table, self.record)
2026-05-12 17:40:12.999 10 ERROR neutron_lib.callbacks.manager
File "/var/lib/openstack/lib/python3.10/site-packages/ovsdbapp/backend/ovs_idl/__init__.py", line 184, in lookup
2026-05-12 17:40:12.999 10 ERROR neutron_lib.callbacks.manager return self._lookup(table, record)
2026-05-12 17:40:12.999 10 ERROR neutron_lib.callbacks.manager
File "/var/lib/openstack/lib/python3.10/site-packages/ovsdbapp/backend/ovs_idl/__init__.py", line 235, in _lookup
2026-05-12 17:40:12.999 10 ERROR neutron_lib.callbacks.manager row = idlutils.row_by_value(self, rl.table, rl.column, record)
2026-05-12 17:40:12.999 10 ERROR neutron_lib.callbacks.manager
File "/var/lib/openstack/lib/python3.10/site-packages/ovsdbapp/backend/ovs_idl/idlutils.py", line 114, in row_by_value
2026-05-12 17:40:12.999 10 ERROR neutron_lib.callbacks.manager raise RowNotFound(table=table, col=column, match=match)
2026-05-12 17:40:12.999 10 ERROR neutron_lib.callbacks.manager ovsdbapp.backend.ovs_idl.idlutils.RowNotFound: Cannot find Logical_Router_Port with name=lrp-5d2a82c5-a068-4e48-8161-bf62a3d6016d
2026-05-12 17:40:12.999 10 ERROR neutron_lib.callbacks.manager 
2026-05-12 17:40:13.066 10 INFO neutron.wsgi [None req-4f3a096d-9eca-4557-98ea-e289505e4735 2a82da617838475b90a46530a7e45b15 097ccd3c7c9c43b09dd01161672a59ca - - default default] 10.0.0.10 "DELETE /v2.0/floatingips/d5edf7d5-2b6f-4739-9e2f-b854ba7ac8ee HTTP/1.1" status: 204 len: 168 time: 0.8689353
2026-05-12 17:40:13.234 10 INFO neutron.db.ovn_revision_numbers_db [None req-a9d70b9a-9131-4b65-8042-9bb14e604c6a - - - - - -] Successfully bumped revision number for resource 664da1cc-7ac9-400b-87a9-f3594afae48f (type: ports) to 4
2026-05-12 17:40:13.271 10 INFO neutron.db.ovn_revision_numbers_db [None req-c74f0355-b784-40f5-b301-fcaa99e07500 6b4c5e6b20194522ae8751eb8146da01 5499d54aec2e45edb63bc49eb8e062a4 - - default default] Successfully bumped revision number for resource 5d2a82c5-a068-4e48-8161-bf62a3d6016d (type: ports) to 1
2026-05-12 17:40:13.372 10 WARNING neutron.scheduler.dhcp_agent_scheduler [None req-c74f0355-b784-40f5-b301-fcaa99e07500 6b4c5e6b20194522ae8751eb8146da01 5499d54aec2e45edb63bc49eb8e062a4 - - default default] No more DHCP agents
2026-05-12 17:40:13.373 10 WARNING neutron.api.rpc.agentnotifiers.dhcp_rpc_agent_api [None req-c74f0355-b784-40f5-b301-fcaa99e07500 6b4c5e6b20194522ae8751eb8146da01 5499d54aec2e45edb63bc49eb8e062a4 - - default default] Unable to schedule network 39cfd495-deb0-4a33-8ace-650b4babdfed: no agents available; will retry on subsequent port and subnet creation events.
2026-05-12 17:40:13.594 10 INFO neutron.db.ovn_revision_numbers_db [None req-a9d70b9a-9131-4b65-8042-9bb14e604c6a - - - - - -] Successfully bumped revision number for resource 664da1cc-7ac9-400b-87a9-f3594afae48f (type: router_ports) to 4
2026-05-12 17:40:13.792 10 INFO neutron.wsgi [req-c3fc3331-a812-425d-8119-e5649f24e435 req-ca61093a-1fde-4ccf-b43c-883068e687d7 c58de55891a847cbab69473178ed74b2 d46ba9a6242047138407866eb765bf52 - - default default] 10.0.0.81 "GET /v2.0/ports?device_id=3b7ee29e-0344-4d1f-9613-67f6bbd0d0f6 HTTP/1.1" status: 200 len: 1172 time: 0.2996528
2026-05-12 17:40:13.864 10 INFO neutron.wsgi [req-c3fc3331-a812-425d-8119-e5649f24e435 req-0ab54214-afd9-46da-a06c-73bcc6ea5df1 c58de55891a847cbab69473178ed74b2 d46ba9a6242047138407866eb765bf52 - - default default] 10.0.0.81 "GET /v2.0/security-groups?id=a53f741c-6887-4c64-bd08-6e3646cda028&fields=id&fields=name HTTP/1.1" status: 200 len: 286 time: 0.0621581
2026-05-12 17:40:14.086 10 WARNING neutron.plugins.ml2.drivers.ovn.mech_driver.ovsdb.ovn_client [None req-0cea73f1-d282-4d2c-8653-bd03774ee440 - - - - - -] No hosting information found for port 35464808-54de-41e3-9941-a84831a9a206: RuntimeError: No hosting information found for port 35464808-54de-41e3-9941-a84831a9a206
2026-05-12 17:40:14.086 10 INFO neutron.plugins.ml2.drivers.ovn.mech_driver.mech_driver [None req-0cea73f1-d282-4d2c-8653-bd03774ee440 - - - - - -] OVN reports status up for port: 7c8714a1-978a-4039-b0b9-710970d8a972
2026-05-12 17:40:14.098 10 INFO neutron.plugins.ml2.plugin [None req-0cea73f1-d282-4d2c-8653-bd03774ee440 - - - - - -] Attempt 1 to provision port 7c8714a1-978a-4039-b0b9-710970d8a972
2026-05-12 17:40:14.262 10 INFO neutron.notifiers.nova [-] Nova event matching ['req-c29340bc-02c9-4b4d-913a-d3ecaad4e088'] response: {'server_uuid': '3b7ee29e-0344-4d1f-9613-67f6bbd0d0f6', 'name': 'network-vif-plugged', 'status': 'completed', 'tag': '7c8714a1-978a-4039-b0b9-710970d8a972', 'code': 200}
2026-05-12 17:40:14.505 9 INFO neutron.wsgi [None req-6cba84b8-a63d-4f42-8d1d-84c42b48148b 6b4c5e6b20194522ae8751eb8146da01 5499d54aec2e45edb63bc49eb8e062a4 - - default default] 10.0.0.10 "PUT /v2.0/routers/42dc8920-23b2-4aa9-baa0-8ad4fcd1345f/remove_router_interface HTTP/1.1" status: 200 len: 503 time: 1.4336076 /var/lib/openstack/lib/python3.10/site-packages/pycadf/identifier.py:71: UserWarning: Invalid uuid: neutron. To ensure interoperability, identifiers should be a valid uuid. warnings.warn(('Invalid uuid: %s. To ensure interoperability, '
2026-05-12 17:40:14.552 10 INFO neutron.db.ovn_revision_numbers_db [None req-0cea73f1-d282-4d2c-8653-bd03774ee440 - - - - - -] Successfully bumped revision number for resource 7c8714a1-978a-4039-b0b9-710970d8a972 (type: ports) to 4
2026-05-12 17:40:14.587 10 INFO neutron.db.ovn_revision_numbers_db [None req-c74f0355-b784-40f5-b301-fcaa99e07500 6b4c5e6b20194522ae8751eb8146da01 5499d54aec2e45edb63bc49eb8e062a4 - - default default] Successfully bumped revision number for resource 5d2a82c5-a068-4e48-8161-bf62a3d6016d (type: router_ports) to 1
2026-05-12 17:40:14.595 10 INFO neutron.wsgi [None req-c74f0355-b784-40f5-b301-fcaa99e07500 6b4c5e6b20194522ae8751eb8146da01 5499d54aec2e45edb63bc49eb8e062a4 - - default default] 10.0.0.10 "PUT /v2.0/routers/5d906112-cdf8-4558-8291-88d2ebe941b0/add_router_interface HTTP/1.1" status: 200 len: 503 time: 3.9291010
2026-05-12 17:40:14.639 10 INFO neutron.plugins.ml2.drivers.ovn.mech_driver.mech_driver [None req-0cea73f1-d282-4d2c-8653-bd03774ee440 - - - - - -] OVN reports status up for port: 5d2a82c5-a068-4e48-8161-bf62a3d6016d
2026-05-12 17:40:14.652 10 INFO neutron.plugins.ml2.plugin [None req-0cea73f1-d282-4d2c-8653-bd03774ee440 - - - - - -] Attempt 1 to provision port 5d2a82c5-a068-4e48-8161-bf62a3d6016d /var/lib/openstack/lib/python3.10/site-packages/pycadf/identifier.py:71: UserWarning: Invalid uuid: neutron. To ensure interoperability, identifiers should be a valid uuid. warnings.warn(('Invalid uuid: %s. To ensure interoperability, '
2026-05-12 17:40:14.984 10 INFO neutron.wsgi [req-80557919-46ad-4e8b-b26a-4936fedd2a60 req-98be5f5e-680b-4607-8d14-5027d9241174 c58de55891a847cbab69473178ed74b2 d46ba9a6242047138407866eb765bf52 - - default default] 10.0.0.81 "GET /v2.0/ports?device_id=3b7ee29e-0344-4d1f-9613-67f6bbd0d0f6 HTTP/1.1" status: 200 len: 1174 time: 0.0488486
2026-05-12 17:40:15.059 10 WARNING neutron_lib.context [req-c198f691-5d4c-4a16-bbce-051086b60b56 req-ce1681c7-b4ff-45d9-a32b-bbd04fdb1780 6cd02066cde549b9bc129cd7f5202d42 1063ade3b0734e68a26d547ebaeed01d - - default default] Method 'is_advsvc' is deprecated since 2023.2 release (neutron-lib 3.8.0) and will be removed once support for the old RBAC API policies will be removed from Neutron. Please use method 'is_service_role' instead.
2026-05-12 17:40:15.086 10 INFO neutron.wsgi [req-80557919-46ad-4e8b-b26a-4936fedd2a60 req-4f7aa26e-61c7-4aa4-9428-f827f997f68f c58de55891a847cbab69473178ed74b2 d46ba9a6242047138407866eb765bf52 - - default default] 10.0.0.81 "GET /v2.0/security-groups?id=a53f741c-6887-4c64-bd08-6e3646cda028&fields=id&fields=name HTTP/1.1" status: 200 len: 286 time: 0.0935919
