2026-05-12 17:42:42.828 9 WARNING neutron.api.rpc.agentnotifiers.dhcp_rpc_agent_api [None req-205196cf-1507-438c-9c64-42e82d15d139 6b4c5e6b20194522ae8751eb8146da01 5499d54aec2e45edb63bc49eb8e062a4 - - default default] Unable to schedule network 59ab5d54-7f78-4e46-af26-62d646e192f9: no agents available; will retry on subsequent port and subnet creation events.
2026-05-12 17:42:42.892 9 INFO neutron.notifiers.nova [-] Nova event matching ['req-0270ad5b-0cb8-4021-95e6-9b8804c8625e'] response: {'server_uuid': '4de42c1b-3a1a-4736-9ffd-c87b05435e17', 'name': 'network-vif-deleted', 'tag': '67f574bf-b718-4abe-892b-42fa6f39e37c', 'status': 'completed', 'code': 200}
2026-05-12 17:42:42.955 10 INFO neutron.notifiers.nova [-] Nova event matching ['req-8860a56c-0267-4fc6-8a34-00f64d0ac65e'] response: {'server_uuid': '4de42c1b-3a1a-4736-9ffd-c87b05435e17', 'name': 'network-vif-unplugged', 'status': 'completed', 'tag': '67f574bf-b718-4abe-892b-42fa6f39e37c', 'code': 200}
2026-05-12 17:42:42.955 10 INFO neutron.notifiers.nova [-] Nova event matching ['req-8860a56c-0267-4fc6-8a34-00f64d0ac65e'] response: {'server_uuid': '4de42c1b-3a1a-4736-9ffd-c87b05435e17', 'name': 'network-vif-unplugged', 'status': 'completed', 'tag': '67f574bf-b718-4abe-892b-42fa6f39e37c', 'code': 200} /var/lib/openstack/lib/python3.10/site-packages/pycadf/identifier.py:71: UserWarning: Invalid uuid: neutron. To ensure interoperability, identifiers should be a valid uuid. warnings.warn(('Invalid uuid: %s. To ensure interoperability, '
2026-05-12 17:42:42.985 10 INFO neutron.wsgi [req-2a190d68-2c0d-4021-af2c-27759ddb2a8b req-8e6cb5ac-3ec9-4311-9ecc-059285da89ce b6b7dadde55140a1abc7919a1345e866 e4568f655de54b83947a30fc8e02f8ee - - default default] 10.0.0.81 "GET /v2.0/ports?device_id=4de42c1b-3a1a-4736-9ffd-c87b05435e17 HTTP/1.1" status: 200 len: 210 time: 0.0294631
2026-05-12 17:42:43.086 9 INFO neutron.db.ovn_revision_numbers_db [None req-205196cf-1507-438c-9c64-42e82d15d139 6b4c5e6b20194522ae8751eb8146da01 5499d54aec2e45edb63bc49eb8e062a4 - - default default] Successfully bumped revision number for resource 251d1104-693d-4b39-a855-0124864f3741 (type: ports) to 1
2026-05-12 17:42:43.175 9 INFO neutron.db.ovn_revision_numbers_db [None req-7b50cbfb-1840-4a42-9de9-b34d6fadbaaf cc05aad37121482c9f33e2cd49ebd47d 97bf735643c04418af0fcd78c3c8c373 - - default default] Successfully bumped revision number for resource 9edbc8f7-a2f1-4333-a926-db79f5abf512 (type: ports) to 2
2026-05-12 17:42:43.221 9 INFO neutron.db.ovn_revision_numbers_db [None req-7b50cbfb-1840-4a42-9de9-b34d6fadbaaf cc05aad37121482c9f33e2cd49ebd47d 97bf735643c04418af0fcd78c3c8c373 - - default default] Successfully bumped revision number for resource 4363c05f-a086-4f27-acc2-eb12777f17d6 (type: subnets) to 0
2026-05-12 17:42:43.250 9 INFO neutron.wsgi [None req-7b50cbfb-1840-4a42-9de9-b34d6fadbaaf cc05aad37121482c9f33e2cd49ebd47d 97bf735643c04418af0fcd78c3c8c373 - - default default] 10.0.0.10 "POST /v2.0/subnets HTTP/1.1" status: 201 len: 822 time: 1.3364377
2026-05-12 17:42:43.320 10 INFO neutron.wsgi [None req-b7bac1b8-a3e8-4f1a-b221-ec8723038f96 8739e324047048df9a137b1a279abd48 5d15d7e143cb45108d49d5cead275514 - - default default] 10.0.0.231 "GET /v2.0/extensions HTTP/1.1" status: 200 len: 18683 time: 0.0048296
2026-05-12 17:42:43.511 10 INFO neutron.wsgi [None req-1a733f67-6caa-4cce-9ba2-45422f20f14b 8739e324047048df9a137b1a279abd48 5d15d7e143cb45108d49d5cead275514 - - default default] 10.0.0.231 "GET /v2.0/quotas/5d15d7e143cb45108d49d5cead275514/details HTTP/1.1" status: 200 len: 1046 time: 0.1715851
2026-05-12 17:42:43.819 10 INFO neutron.wsgi [None req-497bd354-5a31-4977-9109-7cb7fab938a4 cc05aad37121482c9f33e2cd49ebd47d 97bf735643c04418af0fcd78c3c8c373 - - default default] 10.0.0.10 "POST /v2.0/rbac-policies HTTP/1.1" status: 201 len: 523 time: 0.5624580
2026-05-12 17:42:44.006 9 INFO neutron.plugins.ml2.drivers.ovn.mech_driver.ovsdb.commands [None req-dfe34a36-2c12-4f70-8e62-8dfca3f7aac7 - - - - - -] Schedule LRP lrp-251d1104-693d-4b39-a855-0124864f3741 on gateway 21476915-6c2b-4155-a04d-480e22b4ea5e with priority 1
2026-05-12 17:42:44.017 10 INFO neutron.plugins.ml2.drivers.ovn.mech_driver.mech_driver [None req-0cea73f1-d282-4d2c-8653-bd03774ee440 - - - - - -] OVN reports status up for port: 251d1104-693d-4b39-a855-0124864f3741
2026-05-12 17:42:44.031 10 INFO neutron.plugins.ml2.plugin [None req-0cea73f1-d282-4d2c-8653-bd03774ee440 - - - - - -] Attempt 1 to provision port 251d1104-693d-4b39-a855-0124864f3741
2026-05-12 17:42:44.037 10 INFO neutron.plugins.ml2.drivers.ovn.mech_driver.ovsdb.ovsdb_monitor [None req-a9d70b9a-9131-4b65-8042-9bb14e604c6a - - - - - -] Router a90380d8-76d3-4f49-a92f-57ae0b8dfbd2 is bound to host instance
2026-05-12 17:42:44.079 9 INFO neutron.db.ovn_revision_numbers_db [None req-205196cf-1507-438c-9c64-42e82d15d139 6b4c5e6b20194522ae8751eb8146da01 5499d54aec2e45edb63bc49eb8e062a4 - - default default] Successfully bumped revision number for resource 251d1104-693d-4b39-a855-0124864f3741 (type: router_ports) to 1
2026-05-12 17:42:44.161 9 INFO neutron.db.ovn_revision_numbers_db [None req-205196cf-1507-438c-9c64-42e82d15d139 6b4c5e6b20194522ae8751eb8146da01 5499d54aec2e45edb63bc49eb8e062a4 - - default default] Successfully bumped revision number for resource a90380d8-76d3-4f49-a92f-57ae0b8dfbd2 (type: routers) to 2
2026-05-12 17:42:44.180 9 INFO neutron.wsgi [None req-205196cf-1507-438c-9c64-42e82d15d139 6b4c5e6b20194522ae8751eb8146da01 5499d54aec2e45edb63bc49eb8e062a4 - - default default] 10.0.0.10 "POST /v2.0/routers HTTP/1.1" status: 201 len: 1165 time: 2.2108328
2026-05-12 17:42:44.277 9 INFO neutron.wsgi [None req-835f759b-a25a-4efb-9f5f-4efe81c7a400 b6b7dadde55140a1abc7919a1345e866 e4568f655de54b83947a30fc8e02f8ee - - default default] 10.0.0.10 "DELETE /v2.0/security-groups/9335220a-154b-4663-9178-ee41b3471264 HTTP/1.1" status: 204 len: 168 time: 0.2246749
2026-05-12 17:42:44.370 9 INFO neutron.wsgi [None req-136bf928-1467-486a-b89a-c3539d753e22 fa8c4e4f6fcb44bba89a45ec2c6b0fca adb9d2c16d4147069ceeb24a1968d243 - - default default] 10.0.0.10 "GET /v2.0/networks/9fb4bef5-1f4f-42fd-a5a6-ab925b84e562 HTTP/1.1" status: 200 len: 849 time: 0.1441555
2026-05-12 17:42:44.741 9 WARNING neutron.scheduler.dhcp_agent_scheduler [None req-029c17fc-910c-41a9-a8f7-e69949d2a156 6b4c5e6b20194522ae8751eb8146da01 5499d54aec2e45edb63bc49eb8e062a4 - - default default] No more DHCP agents
2026-05-12 17:42:44.743 9 WARNING neutron.api.rpc.agentnotifiers.dhcp_rpc_agent_api [None req-029c17fc-910c-41a9-a8f7-e69949d2a156 6b4c5e6b20194522ae8751eb8146da01 5499d54aec2e45edb63bc49eb8e062a4 - - default default] Unable to schedule network c17d0f78-3a6d-45c6-96a1-0ea325a92094: no agents available; will retry on subsequent port and subnet creation events.
2026-05-12 17:42:44.788 9 INFO neutron.pecan_wsgi.hooks.translation [None req-c51f0565-f12c-47aa-aeba-37f88b1e9d3c 85ff907226a44f41a0d6456b5a30bc9b b130e7f03b2b486cb8fadbe7944eff43 - - default default] GET failed (client error): The resource could not be found.
2026-05-12 17:42:44.790 9 INFO neutron.wsgi [None req-c51f0565-f12c-47aa-aeba-37f88b1e9d3c 85ff907226a44f41a0d6456b5a30bc9b b130e7f03b2b486cb8fadbe7944eff43 - - default default] 10.0.0.10 "GET /v2.0/networks/9fb4bef5-1f4f-42fd-a5a6-ab925b84e562 HTTP/1.1" status: 404 len: 339 time: 0.0473523
2026-05-12 17:42:44.950 9 INFO neutron.db.ovn_revision_numbers_db [None req-029c17fc-910c-41a9-a8f7-e69949d2a156 6b4c5e6b20194522ae8751eb8146da01 5499d54aec2e45edb63bc49eb8e062a4 - - default default] Successfully bumped revision number for resource 3296e45f-7399-4841-9e47-d53c3d5980b1 (type: ports) to 1
2026-05-12 17:42:45.507 10 INFO neutron.db.ovn_revision_numbers_db [None req-a9d70b9a-9131-4b65-8042-9bb14e604c6a - - - - - -] Successfully bumped revision number for resource 251d1104-693d-4b39-a855-0124864f3741 (type: ports) to 1
2026-05-12 17:42:45.620 9 INFO neutron.services.segments.plugin [-] Segment e3bcee79-17e4-4f70-8961-d14ae79711a6 resource provider aggregate not found
2026-05-12 17:42:45.633 9 INFO neutron.services.segments.plugin [-] Segment e3bcee79-17e4-4f70-8961-d14ae79711a6 resource provider aggregate not found
2026-05-12 17:42:45.640 9 INFO neutron.services.segments.plugin [-] Segment e3bcee79-17e4-4f70-8961-d14ae79711a6 resource provider not found; error: Placement Client Error (4xx): {"errors": [{"status": 404, "title": "Not Found", "detail": "The resource could not be found.\n\n No resource provider with uuid e3bcee79-17e4-4f70-8961-d14ae79711a6 found for delete ", "request_id": "req-425325b9-259c-49b4-b814-fcb136134526"}]}
2026-05-12 17:42:45.649 9 INFO neutron.wsgi [None req-a90ea9f6-84d9-404a-91e0-f7b175bad4c5 cc05aad37121482c9f33e2cd49ebd47d 97bf735643c04418af0fcd78c3c8c373 - - default default] 10.0.0.10 "DELETE /v2.0/networks/9fb4bef5-1f4f-42fd-a5a6-ab925b84e562 HTTP/1.1" status: 204 len: 168 time: 0.8550119
2026-05-12 17:42:45.650 9 INFO neutron.services.segments.plugin [-] Segment e3bcee79-17e4-4f70-8961-d14ae79711a6 resource provider not found; error: Placement Client Error (4xx): {"errors": [{"status": 404, "title": "Not Found", "detail": "The resource could not be found.\n\n No resource provider with uuid e3bcee79-17e4-4f70-8961-d14ae79711a6 found for delete ", "request_id": "req-c9655725-1de7-4a80-9135-baf5a3d988d2"}]}
2026-05-12 17:42:45.679 9 INFO neutron.pecan_wsgi.hooks.translation [None req-5bbd6647-b573-4ab4-95a5-08b86b1819a4 cc05aad37121482c9f33e2cd49ebd47d 97bf735643c04418af0fcd78c3c8c373 - - default default] DELETE failed (client error): The resource could not be found.
2026-05-12 17:42:45.681 9 INFO neutron.wsgi [None req-5bbd6647-b573-4ab4-95a5-08b86b1819a4 cc05aad37121482c9f33e2cd49ebd47d 97bf735643c04418af0fcd78c3c8c373 - - default default] 10.0.0.10 "DELETE /v2.0/subnets/00c2db4f-2acf-4dcf-b9cb-d58b609872f3 HTTP/1.1" status: 404 len: 337 time: 0.0221252
2026-05-12 17:42:45.695 9 ERROR ovsdbapp.backend.ovs_idl.command [None req-029c17fc-910c-41a9-a8f7-e69949d2a156 6b4c5e6b20194522ae8751eb8146da01 5499d54aec2e45edb63bc49eb8e062a4 - - default default] Error executing command (DbGetCommand): ovsdbapp.backend.ovs_idl.idlutils.RowNotFound: Cannot find Logical_Router_Port with name=lrp-3296e45f-7399-4841-9e47-d53c3d5980b1
2026-05-12 17:42:45.695 9 ERROR ovsdbapp.backend.ovs_idl.command
Traceback (most recent call last):
2026-05-12 17:42:45.695 9 ERROR ovsdbapp.backend.ovs_idl.command
File "/var/lib/openstack/lib/python3.10/site-packages/ovsdbapp/backend/ovs_idl/command.py", line 47, in execute
2026-05-12 17:42:45.695 9 ERROR ovsdbapp.backend.ovs_idl.command self.run_idl(None)
2026-05-12 17:42:45.695 9 ERROR ovsdbapp.backend.ovs_idl.command
File "/var/lib/openstack/lib/python3.10/site-packages/ovsdbapp/backend/ovs_idl/command.py", line 235, in run_idl
2026-05-12 17:42:45.695 9 ERROR ovsdbapp.backend.ovs_idl.command record = self.api.lookup(self.table, self.record)
2026-05-12 17:42:45.695 9 ERROR ovsdbapp.backend.ovs_idl.command
File "/var/lib/openstack/lib/python3.10/site-packages/ovsdbapp/backend/ovs_idl/__init__.py", line 184, in lookup
2026-05-12 17:42:45.695 9 ERROR ovsdbapp.backend.ovs_idl.command return self._lookup(table, record)
2026-05-12 17:42:45.695 9 ERROR ovsdbapp.backend.ovs_idl.command
File "/var/lib/openstack/lib/python3.10/site-packages/ovsdbapp/backend/ovs_idl/__init__.py", line 235, in _lookup
2026-05-12 17:42:45.695 9 ERROR ovsdbapp.backend.ovs_idl.command row = idlutils.row_by_value(self, rl.table, rl.column, record)
2026-05-12 17:42:45.695 9 ERROR ovsdbapp.backend.ovs_idl.command
File "/var/lib/openstack/lib/python3.10/site-packages/ovsdbapp/backend/ovs_idl/idlutils.py", line 114, in row_by_value
2026-05-12 17:42:45.695 9 ERROR ovsdbapp.backend.ovs_idl.command raise RowNotFound(table=table, col=column, match=match)
2026-05-12 17:42:45.695 9 ERROR ovsdbapp.backend.ovs_idl.command ovsdbapp.backend.ovs_idl.idlutils.RowNotFound: Cannot find Logical_Router_Port with name=lrp-3296e45f-7399-4841-9e47-d53c3d5980b1
2026-05-12 17:42:45.695 9 ERROR ovsdbapp.backend.ovs_idl.command 
2026-05-12 17:42:45.696 9 ERROR neutron_lib.callbacks.manager [None req-029c17fc-910c-41a9-a8f7-e69949d2a156 6b4c5e6b20194522ae8751eb8146da01 5499d54aec2e45edb63bc49eb8e062a4 - - default default] Error during notification for neutron.services.ovn_l3.plugin.OVNL3RouterPlugin._port_update-8779838101231 port, after_update: ovsdbapp.backend.ovs_idl.idlutils.RowNotFound: Cannot find Logical_Router_Port with name=lrp-3296e45f-7399-4841-9e47-d53c3d5980b1
2026-05-12 17:42:45.696 9 ERROR neutron_lib.callbacks.manager
Traceback (most recent call last):
2026-05-12 17:42:45.696 9 ERROR neutron_lib.callbacks.manager
File "/var/lib/openstack/lib/python3.10/site-packages/neutron_lib/callbacks/manager.py", line 189, in _notify_loop
2026-05-12 17:42:45.696 9 ERROR neutron_lib.callbacks.manager callback.method(resource, event, trigger, payload=payload)
2026-05-12 17:42:45.696 9 ERROR neutron_lib.callbacks.manager
File "/var/lib/openstack/lib/python3.10/site-packages/neutron/services/ovn_l3/plugin.py", line 391, in _port_update
2026-05-12 17:42:45.696 9 ERROR neutron_lib.callbacks.manager l3plugin._ovn_client.update_router_port(context,
2026-05-12 17:42:45.696 9 ERROR neutron_lib.callbacks.manager
File "/var/lib/openstack/lib/python3.10/site-packages/neutron/plugins/ml2/drivers/ovn/mech_driver/ovsdb/ovn_client.py", line 1878, in update_router_port
2026-05-12 17:42:45.696 9 ERROR neutron_lib.callbacks.manager self._update_lrouter_port(context, port, if_exists=if_exists,
2026-05-12 17:42:45.696 9 ERROR neutron_lib.callbacks.manager
File "/var/lib/openstack/lib/python3.10/site-packages/neutron/plugins/ml2/drivers/ovn/mech_driver/ovsdb/ovn_client.py", line 1855, in _update_lrouter_port
2026-05-12 17:42:45.696 9 ERROR neutron_lib.callbacks.manager external_ids = self._nb_idl.db_get(
2026-05-12 17:42:45.696 9 ERROR neutron_lib.callbacks.manager
File "/var/lib/openstack/lib/python3.10/site-packages/ovsdbapp/backend/ovs_idl/command.py", line 47, in execute
2026-05-12 17:42:45.696 9 ERROR neutron_lib.callbacks.manager self.run_idl(None)
2026-05-12 17:42:45.696 9 ERROR neutron_lib.callbacks.manager
File "/var/lib/openstack/lib/python3.10/site-packages/ovsdbapp/backend/ovs_idl/command.py", line 235, in run_idl
2026-05-12 17:42:45.696 9 ERROR neutron_lib.callbacks.manager record = self.api.lookup(self.table, self.record)
2026-05-12 17:42:45.696 9 ERROR neutron_lib.callbacks.manager
File "/var/lib/openstack/lib/python3.10/site-packages/ovsdbapp/backend/ovs_idl/__init__.py", line 184, in lookup
2026-05-12 17:42:45.696 9 ERROR neutron_lib.callbacks.manager return self._lookup(table, record)
2026-05-12 17:42:45.696 9 ERROR neutron_lib.callbacks.manager
File "/var/lib/openstack/lib/python3.10/site-packages/ovsdbapp/backend/ovs_idl/__init__.py", line 235, in _lookup
2026-05-12 17:42:45.696 9 ERROR neutron_lib.callbacks.manager row = idlutils.row_by_value(self, rl.table, rl.column, record)
2026-05-12 17:42:45.696 9 ERROR neutron_lib.callbacks.manager
File "/var/lib/openstack/lib/python3.10/site-packages/ovsdbapp/backend/ovs_idl/idlutils.py", line 114, in row_by_value
2026-05-12 17:42:45.696 9 ERROR neutron_lib.callbacks.manager raise RowNotFound(table=table, col=column, match=match)
2026-05-12 17:42:45.696 9 ERROR neutron_lib.callbacks.manager ovsdbapp.backend.ovs_idl.idlutils.RowNotFound: Cannot find Logical_Router_Port with name=lrp-3296e45f-7399-4841-9e47-d53c3d5980b1
2026-05-12 17:42:45.696 9 ERROR neutron_lib.callbacks.manager 
2026-05-12 17:42:45.706 10 INFO neutron.pecan_wsgi.hooks.translation [None req-e1fd69ba-cbf5-48e2-81af-993c7f0bb087 cc05aad37121482c9f33e2cd49ebd47d 97bf735643c04418af0fcd78c3c8c373 - - default default] DELETE failed (client error): The resource could not be found.
2026-05-12 17:42:45.708 10 INFO neutron.wsgi [None req-e1fd69ba-cbf5-48e2-81af-993c7f0bb087 cc05aad37121482c9f33e2cd49ebd47d 97bf735643c04418af0fcd78c3c8c373 - - default default] 10.0.0.10 "DELETE /v2.0/subnets/9edc29e4-ab1f-432c-a145-03c59944b46e HTTP/1.1" status: 404 len: 337 time: 0.0207994
2026-05-12 17:42:45.730 9 INFO neutron.pecan_wsgi.hooks.translation [None req-710eef35-beac-4d71-84b1-92ea89ac7ed9 cc05aad37121482c9f33e2cd49ebd47d 97bf735643c04418af0fcd78c3c8c373 - - default default] DELETE failed (client error): The resource could not be found.
2026-05-12 17:42:45.732 9 INFO neutron.wsgi [None req-710eef35-beac-4d71-84b1-92ea89ac7ed9 cc05aad37121482c9f33e2cd49ebd47d 97bf735643c04418af0fcd78c3c8c373 - - default default] 10.0.0.10 "DELETE /v2.0/subnets/4363c05f-a086-4f27-acc2-eb12777f17d6 HTTP/1.1" status: 404 len: 337 time: 0.0200727
2026-05-12 17:42:45.928 9 INFO neutron.db.ovn_revision_numbers_db [None req-029c17fc-910c-41a9-a8f7-e69949d2a156 6b4c5e6b20194522ae8751eb8146da01 5499d54aec2e45edb63bc49eb8e062a4 - - default default] Successfully bumped revision number for resource 3296e45f-7399-4841-9e47-d53c3d5980b1 (type: ports) to 1
2026-05-12 17:42:46.005 9 WARNING neutron.scheduler.dhcp_agent_scheduler [None req-029c17fc-910c-41a9-a8f7-e69949d2a156 6b4c5e6b20194522ae8751eb8146da01 5499d54aec2e45edb63bc49eb8e062a4 - - default default] No more DHCP agents
2026-05-12 17:42:46.006 9 WARNING neutron.api.rpc.agentnotifiers.dhcp_rpc_agent_api [None req-029c17fc-910c-41a9-a8f7-e69949d2a156 6b4c5e6b20194522ae8751eb8146da01 5499d54aec2e45edb63bc49eb8e062a4 - - default default] Unable to schedule network c17d0f78-3a6d-45c6-96a1-0ea325a92094: no agents available; will retry on subsequent port and subnet creation events.
2026-05-12 17:42:46.107 10 INFO neutron.db.ovn_revision_numbers_db [None req-a9d70b9a-9131-4b65-8042-9bb14e604c6a - - - - - -] Successfully bumped revision number for resource 251d1104-693d-4b39-a855-0124864f3741 (type: router_ports) to 3
2026-05-12 17:42:46.309 10 INFO neutron.wsgi [None req-aa56efbf-c776-4cba-a8a6-dd23a5dc276b b6b7dadde55140a1abc7919a1345e866 e4568f655de54b83947a30fc8e02f8ee - - default default] 10.0.0.10 "PUT /v2.0/routers/24b0ee2e-c4ba-4472-b542-580b59fce473/remove_router_interface HTTP/1.1" status: 200 len: 503 time: 2.0013933
2026-05-12 17:42:46.453 10 INFO neutron.db.ovn_revision_numbers_db [None req-a9d70b9a-9131-4b65-8042-9bb14e604c6a - - - - - -] Successfully bumped revision number for resource 251d1104-693d-4b39-a855-0124864f3741 (type: ports) to 2
2026-05-12 17:42:46.456 10 INFO neutron.db.ovn_revision_numbers_db [None req-0898842b-8285-4ac3-99c1-5d11f1fe175f 6b4c5e6b20194522ae8751eb8146da01 5499d54aec2e45edb63bc49eb8e062a4 - - default default] Successfully bumped revision number for resource 825127f0-b567-4ab9-8246-f46615eb37e8 (type: security_groups) to 1
2026-05-12 17:42:46.471 10 INFO neutron.db.ovn_revision_numbers_db [None req-0898842b-8285-4ac3-99c1-5d11f1fe175f 6b4c5e6b20194522ae8751eb8146da01 5499d54aec2e45edb63bc49eb8e062a4 - - default default] Successfully bumped revision number for resource 6c772b0d-ac6f-40ec-9dc0-eebc9614ed1a (type: security_group_rules) to 0
2026-05-12 17:42:46.495 10 INFO neutron.db.ovn_revision_numbers_db [None req-0898842b-8285-4ac3-99c1-5d11f1fe175f 6b4c5e6b20194522ae8751eb8146da01 5499d54aec2e45edb63bc49eb8e062a4 - - default default] Successfully bumped revision number for resource 7b53ad00-6754-4a91-813c-79d6ade133f8 (type: security_group_rules) to 0
2026-05-12 17:42:46.510 10 INFO neutron.db.ovn_revision_numbers_db [None req-0898842b-8285-4ac3-99c1-5d11f1fe175f 6b4c5e6b20194522ae8751eb8146da01 5499d54aec2e45edb63bc49eb8e062a4 - - default default] Successfully bumped revision number for resource a45ad2a0-c811-4fec-8626-2f150a262970 (type: security_group_rules) to 0
2026-05-12 17:42:46.532 10 INFO neutron.db.ovn_revision_numbers_db [None req-0898842b-8285-4ac3-99c1-5d11f1fe175f 6b4c5e6b20194522ae8751eb8146da01 5499d54aec2e45edb63bc49eb8e062a4 - - default default] Successfully bumped revision number for resource f9f858bc-57f4-499d-b0e9-30395e1994aa (type: security_group_rules) to 0
2026-05-12 17:42:46.572 10 INFO neutron.wsgi [None req-0898842b-8285-4ac3-99c1-5d11f1fe175f 6b4c5e6b20194522ae8751eb8146da01 5499d54aec2e45edb63bc49eb8e062a4 - - default default] 10.0.0.10 "GET /v2.0/security-groups?tenant_id=5d15d7e143cb45108d49d5cead275514&name=default HTTP/1.1" status: 200 len: 3120 time: 0.5502734 /var/lib/openstack/lib/python3.10/site-packages/pycadf/identifier.py:71: UserWarning: Invalid uuid: neutron. To ensure interoperability, identifiers should be a valid uuid. warnings.warn(('Invalid uuid: %s. To ensure interoperability, '
2026-05-12 17:42:46.850 9 INFO neutron.wsgi [None req-e6c4abaa-014c-4bcd-93d1-aa94d272a45a b6b7dadde55140a1abc7919a1345e866 e4568f655de54b83947a30fc8e02f8ee - - default default] 10.0.0.10 "DELETE /v2.0/subnets/57f48409-c8aa-4f9a-8407-1a6a938a7576 HTTP/1.1" status: 204 len: 168 time: 0.5350113
2026-05-12 17:42:46.877 10 INFO neutron.plugins.ml2.drivers.ovn.mech_driver.mech_driver [None req-0cea73f1-d282-4d2c-8653-bd03774ee440 - - - - - -] OVN reports status up for port: 3296e45f-7399-4841-9e47-d53c3d5980b1
2026-05-12 17:42:46.897 10 INFO neutron.plugins.ml2.plugin [None req-0cea73f1-d282-4d2c-8653-bd03774ee440 - - - - - -] Attempt 1 to provision port 3296e45f-7399-4841-9e47-d53c3d5980b1
2026-05-12 17:42:46.941 9 INFO neutron.db.ovn_revision_numbers_db [None req-029c17fc-910c-41a9-a8f7-e69949d2a156 6b4c5e6b20194522ae8751eb8146da01 5499d54aec2e45edb63bc49eb8e062a4 - - default default] Successfully bumped revision number for resource 3296e45f-7399-4841-9e47-d53c3d5980b1 (type: router_ports) to 1
2026-05-12 17:42:46.950 9 INFO neutron.wsgi [None req-029c17fc-910c-41a9-a8f7-e69949d2a156 6b4c5e6b20194522ae8751eb8146da01 5499d54aec2e45edb63bc49eb8e062a4 - - default default] 10.0.0.10 "PUT /v2.0/routers/a90380d8-76d3-4f49-a92f-57ae0b8dfbd2/add_router_interface HTTP/1.1" status: 200 len: 503 time: 2.7640877
2026-05-12 17:42:47.053 9 INFO neutron.db.ovn_revision_numbers_db [None req-3d44999f-c93e-4f97-bab3-7edab0e3189a 6b4c5e6b20194522ae8751eb8146da01 5499d54aec2e45edb63bc49eb8e062a4 - - default default] Successfully bumped revision number for resource b06936f4-1101-418e-93a8-9136dee8af5c (type: security_groups) to 1
2026-05-12 17:42:47.072 9 INFO neutron.db.ovn_revision_numbers_db [None req-3d44999f-c93e-4f97-bab3-7edab0e3189a 6b4c5e6b20194522ae8751eb8146da01 5499d54aec2e45edb63bc49eb8e062a4 - - default default] Successfully bumped revision number for resource 7f2149da-cc71-4ed9-b989-c7ae76cb29df (type: security_group_rules) to 0
2026-05-12 17:42:47.103 9 INFO neutron.db.ovn_revision_numbers_db [None req-3d44999f-c93e-4f97-bab3-7edab0e3189a 6b4c5e6b20194522ae8751eb8146da01 5499d54aec2e45edb63bc49eb8e062a4 - - default default] Successfully bumped revision number for resource d91454dd-6ab7-4b1d-a26a-8bcfccec0739 (type: security_group_rules) to 0
2026-05-12 17:42:47.142 9 INFO neutron.db.ovn_revision_numbers_db [None req-3d44999f-c93e-4f97-bab3-7edab0e3189a 6b4c5e6b20194522ae8751eb8146da01 5499d54aec2e45edb63bc49eb8e062a4 - - default default] Successfully bumped revision number for resource ddd32ef2-59c6-48cf-92b0-56394c4185ba (type: security_group_rules) to 0
2026-05-12 17:42:47.162 9 INFO neutron.db.ovn_revision_numbers_db [None req-3d44999f-c93e-4f97-bab3-7edab0e3189a 6b4c5e6b20194522ae8751eb8146da01 5499d54aec2e45edb63bc49eb8e062a4 - - default default] Successfully bumped revision number for resource fb20178c-7d04-4d1e-ae11-33c651686d58 (type: security_group_rules) to 0
2026-05-12 17:42:47.188 9 INFO neutron.wsgi [None req-3d44999f-c93e-4f97-bab3-7edab0e3189a 6b4c5e6b20194522ae8751eb8146da01 5499d54aec2e45edb63bc49eb8e062a4 - - default default] 10.0.0.10 "GET /v2.0/security-groups?tenant_id=b130e7f03b2b486cb8fadbe7944eff43&name=default HTTP/1.1" status: 200 len: 3120 time: 0.4997151
2026-05-12 17:42:47.317 10 INFO neutron.wsgi [None req-4b4793dc-bcca-4fd8-b7b7-feceb39b6048 6b4c5e6b20194522ae8751eb8146da01 5499d54aec2e45edb63bc49eb8e062a4 - - default default] 10.0.0.10 "DELETE /v2.0/security-groups/825127f0-b567-4ab9-8246-f46615eb37e8 HTTP/1.1" status: 204 len: 168 time: 0.7381775
2026-05-12 17:42:47.407 10 INFO neutron.db.ovn_revision_numbers_db [None req-a9d70b9a-9131-4b65-8042-9bb14e604c6a - - - - - -] Successfully bumped revision number for resource 251d1104-693d-4b39-a855-0124864f3741 (type: ports) to 4
2026-05-12 17:42:47.523 9 INFO neutron.wsgi [None req-e412667c-82ea-4d9f-b09b-85ee67d0a3cf 6b4c5e6b20194522ae8751eb8146da01 5499d54aec2e45edb63bc49eb8e062a4 - - default default] 10.0.0.10 "DELETE /v2.0/security-groups/b06936f4-1101-418e-93a8-9136dee8af5c HTTP/1.1" status: 204 len: 168 time: 0.3284993
2026-05-12 17:42:47.617 10 INFO neutron.db.ovn_revision_numbers_db [None req-0cea73f1-d282-4d2c-8653-bd03774ee440 - - - - - -] Successfully bumped revision number for resource 3296e45f-7399-4841-9e47-d53c3d5980b1 (type: ports) to 2
2026-05-12 17:42:47.883 10 INFO neutron.db.ovn_revision_numbers_db [None req-0cea73f1-d282-4d2c-8653-bd03774ee440 - - - - - -] Successfully bumped revision number for resource 3296e45f-7399-4841-9e47-d53c3d5980b1 (type: router_ports) to 2
2026-05-12 17:42:47.887 10 INFO neutron.db.ovn_revision_numbers_db [None req-a9d70b9a-9131-4b65-8042-9bb14e604c6a - - - - - -] Successfully bumped revision number for resource 251d1104-693d-4b39-a855-0124864f3741 (type: router_ports) to 4
2026-05-12 17:42:47.944 9 INFO neutron.wsgi [None req-8328cdc7-3ccd-41d3-ba71-aca07d248f11 b6b7dadde55140a1abc7919a1345e866 e4568f655de54b83947a30fc8e02f8ee - - default default] 10.0.0.10 "DELETE /v2.0/routers/24b0ee2e-c4ba-4472-b542-580b59fce473 HTTP/1.1" status: 204 len: 168 time: 1.0874066
2026-05-12 17:42:48.025 9 INFO neutron.db.ovn_revision_numbers_db [None req-ec5b4886-51d7-4d1c-af2d-a6d9b873e8c0 6b4c5e6b20194522ae8751eb8146da01 5499d54aec2e45edb63bc49eb8e062a4 - - default default] Successfully bumped revision number for resource 708e381f-1bfe-45b4-89dc-ae5c3d767888 (type: security_groups) to 1
2026-05-12 17:42:48.061 9 INFO neutron.db.ovn_revision_numbers_db [None req-ec5b4886-51d7-4d1c-af2d-a6d9b873e8c0 6b4c5e6b20194522ae8751eb8146da01 5499d54aec2e45edb63bc49eb8e062a4 - - default default] Successfully bumped revision number for resource 074644ae-907b-4be1-ab80-2748adb9e73f (type: security_group_rules) to 0
2026-05-12 17:42:48.094 9 INFO neutron.db.ovn_revision_numbers_db [None req-ec5b4886-51d7-4d1c-af2d-a6d9b873e8c0 6b4c5e6b20194522ae8751eb8146da01 5499d54aec2e45edb63bc49eb8e062a4 - - default default] Successfully bumped revision number for resource 33d03883-fcbc-4e48-8e57-899806fabb0a (type: security_group_rules) to 0
2026-05-12 17:42:48.121 9 INFO neutron.db.ovn_revision_numbers_db [None req-ec5b4886-51d7-4d1c-af2d-a6d9b873e8c0 6b4c5e6b20194522ae8751eb8146da01 5499d54aec2e45edb63bc49eb8e062a4 - - default default] Successfully bumped revision number for resource 41374c75-5c6c-4f61-8d02-9bfc7dfff3c6 (type: security_group_rules) to 0
2026-05-12 17:42:48.139 9 INFO neutron.db.ovn_revision_numbers_db [None req-ec5b4886-51d7-4d1c-af2d-a6d9b873e8c0 6b4c5e6b20194522ae8751eb8146da01 5499d54aec2e45edb63bc49eb8e062a4 - - default default] Successfully bumped revision number for resource 86cab2e7-b540-408d-a6e6-0496fcfadcac (type: security_group_rules) to 0
2026-05-12 17:42:48.171 9 INFO neutron.wsgi [None req-ec5b4886-51d7-4d1c-af2d-a6d9b873e8c0 6b4c5e6b20194522ae8751eb8146da01 5499d54aec2e45edb63bc49eb8e062a4 - - default default] 10.0.0.10 "GET /v2.0/security-groups?tenant_id=adb9d2c16d4147069ceeb24a1968d243&name=default HTTP/1.1" status: 200 len: 3120 time: 0.3857248
2026-05-12 17:42:48.348 9 INFO neutron.services.segments.plugin [-] Segment c9cc82c7-879a-47c4-999e-641ae990aa32 resource provider aggregate not found
2026-05-12 17:42:48.357 9 INFO neutron.services.segments.plugin [-] Segment c9cc82c7-879a-47c4-999e-641ae990aa32 resource provider aggregate not found
2026-05-12 17:42:48.376 9 INFO neutron.services.segments.plugin [-] Segment c9cc82c7-879a-47c4-999e-641ae990aa32 resource provider not found; error: Placement Client Error (4xx): {"errors": [{"status": 404, "title": "Not Found", "detail": "The resource could not be found.\n\n No resource provider with uuid c9cc82c7-879a-47c4-999e-641ae990aa32 found for delete ", "request_id": "req-cb77229e-d208-4220-b08f-1e846d1bfd30"}]}
2026-05-12 17:42:48.378 9 INFO neutron.services.segments.plugin [-] Segment c9cc82c7-879a-47c4-999e-641ae990aa32 resource provider not found; error: Placement Client Error (4xx): {"errors": [{"status": 404, "title": "Not Found", "detail": "The resource could not be found.\n\n No resource provider with uuid c9cc82c7-879a-47c4-999e-641ae990aa32 found for delete ", "request_id": "req-163ce907-d5b2-4873-99a6-5047208fc8f9"}]}
2026-05-12 17:42:48.401 9 INFO neutron.wsgi [None req-7624c6f4-693a-4104-8bd0-676f54880303 b6b7dadde55140a1abc7919a1345e866 e4568f655de54b83947a30fc8e02f8ee - - default default] 10.0.0.10 "DELETE /v2.0/networks/79d6e926-7285-4e8c-8a83-bb4423c01e91 HTTP/1.1" status: 204 len: 168 time: 0.4522352
2026-05-12 17:42:48.413 10 INFO neutron.wsgi [None req-5eeb07d8-d291-49be-b351-98091d9ce746 6b4c5e6b20194522ae8751eb8146da01 5499d54aec2e45edb63bc49eb8e062a4 - - default default] 10.0.0.10 "DELETE /v2.0/security-groups/708e381f-1bfe-45b4-89dc-ae5c3d767888 HTTP/1.1" status: 204 len: 168 time: 0.2336273
2026-05-12 17:42:48.596 9 INFO neutron.wsgi [None req-c4d0e261-9c14-40f7-82f9-e682e5340296 6b4c5e6b20194522ae8751eb8146da01 5499d54aec2e45edb63bc49eb8e062a4 - - default default] 10.0.0.10 "GET /v2.0/security-groups?tenant_id=97bf735643c04418af0fcd78c3c8c373&name=default HTTP/1.1" status: 200 len: 3120 time: 0.0379953
2026-05-12 17:42:48.809 9 INFO neutron.wsgi [None req-6e2fab49-1b93-4fee-98e5-a11864283085 6b4c5e6b20194522ae8751eb8146da01 5499d54aec2e45edb63bc49eb8e062a4 - - default default] 10.0.0.10 "DELETE /v2.0/security-groups/3fb62158-44f0-4183-b5a0-8bfdeb6f9963 HTTP/1.1" status: 204 len: 168 time: 0.2086737
2026-05-12 17:42:49.287 10 INFO neutron.db.ovn_revision_numbers_db [None req-6b458364-d2dd-465c-9570-871d5c5ab3df 6b4c5e6b20194522ae8751eb8146da01 5499d54aec2e45edb63bc49eb8e062a4 - - default default] Successfully bumped revision number for resource 85bacc23-05a4-4ea8-9ef5-20a12edd2a5a (type: security_groups) to 1
2026-05-12 17:42:49.306 10 INFO neutron.db.ovn_revision_numbers_db [None req-6b458364-d2dd-465c-9570-871d5c5ab3df 6b4c5e6b20194522ae8751eb8146da01 5499d54aec2e45edb63bc49eb8e062a4 - - default default] Successfully bumped revision number for resource 09286532-b4db-4fa5-9862-44c212b7f5b7 (type: security_group_rules) to 0
2026-05-12 17:42:49.323 10 INFO neutron.db.ovn_revision_numbers_db [None req-6b458364-d2dd-465c-9570-871d5c5ab3df 6b4c5e6b20194522ae8751eb8146da01 5499d54aec2e45edb63bc49eb8e062a4 - - default default] Successfully bumped revision number for resource 0d9322cb-e398-4fb8-b61e-0f032f9b3028 (type: security_group_rules) to 0
2026-05-12 17:42:49.344 10 INFO neutron.db.ovn_revision_numbers_db [None req-6b458364-d2dd-465c-9570-871d5c5ab3df 6b4c5e6b20194522ae8751eb8146da01 5499d54aec2e45edb63bc49eb8e062a4 - - default default] Successfully bumped revision number for resource 1c0debdd-e387-4202-b45c-2cfd9687eccc (type: security_group_rules) to 0
2026-05-12 17:42:49.362 10 INFO neutron.db.ovn_revision_numbers_db [None req-6b458364-d2dd-465c-9570-871d5c5ab3df 6b4c5e6b20194522ae8751eb8146da01 5499d54aec2e45edb63bc49eb8e062a4 - - default default] Successfully bumped revision number for resource dd0581c5-7473-4050-846c-915667a4a3ff (type: security_group_rules) to 0
2026-05-12 17:42:49.414 10 INFO neutron.wsgi [None req-6b458364-d2dd-465c-9570-871d5c5ab3df 6b4c5e6b20194522ae8751eb8146da01 5499d54aec2e45edb63bc49eb8e062a4 - - default default] 10.0.0.10 "GET /v2.0/security-groups?tenant_id=15afcb6186f549ef97df74f5f9036c2d&name=default HTTP/1.1" status: 200 len: 3120 time: 0.3612039
2026-05-12 17:42:49.495 10 INFO neutron.wsgi [req-3dd44087-1fd0-4484-8015-ea8ce6333624 req-74cfd1f7-e08b-42c3-8e77-943ec6dc08a4 8366118550af4c38b9fef806ad29c743 41ee72b07a284794991ebf95f1231cb7 - - default default] 10.0.0.81 "GET /v2.0/networks?id=c17d0f78-3a6d-45c6-96a1-0ea325a92094 HTTP/1.1" status: 200 len: 872 time: 0.1105218
2026-05-12 17:42:49.508 10 INFO neutron.wsgi [req-3dd44087-1fd0-4484-8015-ea8ce6333624 req-8cdc2501-0906-4757-930d-3a8f3c842c77 8366118550af4c38b9fef806ad29c743 41ee72b07a284794991ebf95f1231cb7 - - default default] 10.0.0.81 "GET /v2.0/quotas/41ee72b07a284794991ebf95f1231cb7 HTTP/1.1" status: 200 len: 491 time: 0.0093307
2026-05-12 17:42:49.622 10 INFO neutron.wsgi [req-3dd44087-1fd0-4484-8015-ea8ce6333624 req-9faaa2bc-babe-4007-9f3e-e528aacd7f66 8366118550af4c38b9fef806ad29c743 41ee72b07a284794991ebf95f1231cb7 - - default default] 10.0.0.81 "GET /v2.0/ports?tenant_id=41ee72b07a284794991ebf95f1231cb7&fields=id HTTP/1.1" status: 200 len: 302 time: 0.1094871
2026-05-12 17:42:49.646 9 INFO neutron.wsgi [None req-ad45d964-b77b-4dc4-b786-7b398a3b965e 6b4c5e6b20194522ae8751eb8146da01 5499d54aec2e45edb63bc49eb8e062a4 - - default default] 10.0.0.10 "DELETE /v2.0/security-groups/85bacc23-05a4-4ea8-9ef5-20a12edd2a5a HTTP/1.1" status: 204 len: 168 time: 0.2284806
2026-05-12 17:42:49.689 10 INFO neutron.wsgi [req-3dd44087-1fd0-4484-8015-ea8ce6333624 req-bb0885af-45f6-4e4d-965f-1128a3a2732c d29ffc22dbc548029f6f538cdace1a2f 32d37bd481b44e8f81bf2236fdaee27f - - b1dd350c040745ada743c8d896724cf9 b1dd350c040745ada743c8d896724cf9] 10.0.0.81 "GET /v2.0/networks/c17d0f78-3a6d-45c6-96a1-0ea325a92094?fields=segments HTTP/1.1" status: 200 len: 212 time: 0.0563247
2026-05-12 17:42:49.781 9 INFO neutron.wsgi [None req-5cefcbcf-afd3-4ef6-a433-b55d998eed7e 6b4c5e6b20194522ae8751eb8146da01 5499d54aec2e45edb63bc49eb8e062a4 - - default default] 10.0.0.10 "GET /v2.0/security-groups?tenant_id=e4568f655de54b83947a30fc8e02f8ee&name=default HTTP/1.1" status: 200 len: 3120 time: 0.0422854
2026-05-12 17:42:49.997 10 INFO neutron.wsgi [req-3dd44087-1fd0-4484-8015-ea8ce6333624 req-dd1c37de-a932-42ae-86a6-f7f3f27620d1 d29ffc22dbc548029f6f538cdace1a2f 32d37bd481b44e8f81bf2236fdaee27f - - b1dd350c040745ada743c8d896724cf9 b1dd350c040745ada743c8d896724cf9] 10.0.0.81 "GET /v2.0/networks/c17d0f78-3a6d-45c6-96a1-0ea325a92094?fields=provider%3Aphysical_network&fields=provider%3Anetwork_type HTTP/1.1" status: 200 len: 277 time: 0.3017385
2026-05-12 17:42:50.040 9 INFO neutron.wsgi [None req-43f7350b-01f7-4cfb-9004-a85de55eda97 6b4c5e6b20194522ae8751eb8146da01 5499d54aec2e45edb63bc49eb8e062a4 - - default default] 10.0.0.10 "DELETE /v2.0/security-groups/771066ce-3c97-42d8-84e0-c52caf230132 HTTP/1.1" status: 204 len: 168 time: 0.2541530
2026-05-12 17:42:50.131 10 INFO neutron.wsgi [req-36de3437-5fa6-4e86-b193-a4917cb9b3fe req-e94c40e9-a5b5-4e6c-bb3d-68222d9d1ae4 8366118550af4c38b9fef806ad29c743 41ee72b07a284794991ebf95f1231cb7 - - default default] 10.0.0.81 "GET /v2.0/ports?device_id=4d8cde3f-a8ab-4bf3-9816-89fae2f7f919 HTTP/1.1" status: 200 len: 210 time: 0.0215147
2026-05-12 17:42:50.926 9 INFO neutron.wsgi [req-3dd44087-1fd0-4484-8015-ea8ce6333624 req-0f0130dc-1721-41c0-8f48-261d222e73bd 8366118550af4c38b9fef806ad29c743 41ee72b07a284794991ebf95f1231cb7 - - default default] 199.19.213.15 "GET /v2.0/networks?id=c17d0f78-3a6d-45c6-96a1-0ea325a92094 HTTP/1.1" status: 200 len: 872 time: 0.0753517
2026-05-12 17:42:50.938 9 WARNING neutron_lib.context [req-3dd44087-1fd0-4484-8015-ea8ce6333624 req-4098978a-6176-4b5d-80df-12b22471bf51 8366118550af4c38b9fef806ad29c743 41ee72b07a284794991ebf95f1231cb7 - - default default] Method 'is_advsvc' is deprecated since 2023.2 release (neutron-lib 3.8.0) and will be removed once support for the old RBAC API policies will be removed from Neutron. Please use method 'is_service_role' instead.
2026-05-12 17:42:51.227 10 INFO neutron.wsgi [req-05789cb0-f661-4ed8-88bc-32dc5f8fbe0c req-5b8d9786-a80b-4866-b73c-63e7ced1caad 8366118550af4c38b9fef806ad29c743 41ee72b07a284794991ebf95f1231cb7 - - default default] 10.0.0.81 "GET /v2.0/ports?device_id=4d8cde3f-a8ab-4bf3-9816-89fae2f7f919 HTTP/1.1" status: 200 len: 210 time: 0.0275147
2026-05-12 17:42:51.363 9 WARNING neutron.scheduler.dhcp_agent_scheduler [req-3dd44087-1fd0-4484-8015-ea8ce6333624 req-4098978a-6176-4b5d-80df-12b22471bf51 8366118550af4c38b9fef806ad29c743 41ee72b07a284794991ebf95f1231cb7 - - default default] No more DHCP agents
2026-05-12 17:42:51.365 9 WARNING neutron.api.rpc.agentnotifiers.dhcp_rpc_agent_api [req-3dd44087-1fd0-4484-8015-ea8ce6333624 req-4098978a-6176-4b5d-80df-12b22471bf51 8366118550af4c38b9fef806ad29c743 41ee72b07a284794991ebf95f1231cb7 - - default default] Unable to schedule network c17d0f78-3a6d-45c6-96a1-0ea325a92094: no agents available; will retry on subsequent port and subnet creation events.
2026-05-12 17:42:51.538 9 INFO neutron.db.ovn_revision_numbers_db [req-3dd44087-1fd0-4484-8015-ea8ce6333624 req-4098978a-6176-4b5d-80df-12b22471bf51 8366118550af4c38b9fef806ad29c743 41ee72b07a284794991ebf95f1231cb7 - - default default] Successfully bumped revision number for resource de29519a-e9ca-47ac-a540-f250587d1e41 (type: ports) to 1
2026-05-12 17:42:51.562 9 INFO neutron.wsgi [req-3dd44087-1fd0-4484-8015-ea8ce6333624 req-4098978a-6176-4b5d-80df-12b22471bf51 8366118550af4c38b9fef806ad29c743 41ee72b07a284794991ebf95f1231cb7 - - default default] 199.19.213.15 "POST /v2.0/ports HTTP/1.1" status: 201 len: 1158 time: 0.6298623 /var/lib/openstack/lib/python3.10/site-packages/pycadf/identifier.py:71: UserWarning: Invalid uuid: neutron. To ensure interoperability, identifiers should be a valid uuid. warnings.warn(('Invalid uuid: %s. To ensure interoperability, ' /var/lib/openstack/lib/python3.10/site-packages/pycadf/identifier.py:71: UserWarning: Invalid uuid: neutron. To ensure interoperability, identifiers should be a valid uuid. warnings.warn(('Invalid uuid: %s. To ensure interoperability, '
2026-05-12 17:42:51.978 9 WARNING neutron_lib.context [None req-b446cf59-74ca-40f3-974d-abf58286b9f5 a2872247cf6342c28e851d5490409dab 4f5dc06c7fa84a3fb156897c31516f7b - - default default] Method 'is_advsvc' is deprecated since 2023.2 release (neutron-lib 3.8.0) and will be removed once support for the old RBAC API policies will be removed from Neutron. Please use method 'is_service_role' instead.
2026-05-12 17:42:52.020 9 INFO neutron.db.ovn_revision_numbers_db [req-3dd44087-1fd0-4484-8015-ea8ce6333624 req-a3a5ca93-866a-45a2-a779-778639715252 d29ffc22dbc548029f6f538cdace1a2f 32d37bd481b44e8f81bf2236fdaee27f - - b1dd350c040745ada743c8d896724cf9 b1dd350c040745ada743c8d896724cf9] Successfully bumped revision number for resource de29519a-e9ca-47ac-a540-f250587d1e41 (type: ports) to 2
2026-05-12 17:42:52.150 10 INFO neutron.db.ovn_revision_numbers_db [None req-4362382e-073e-4d06-ae71-917fb56bdf06 6b4c5e6b20194522ae8751eb8146da01 5499d54aec2e45edb63bc49eb8e062a4 - - default default] Successfully bumped revision number for resource 92a37257-989b-48e4-87d6-50849cffafc3 (type: security_groups) to 1
2026-05-12 17:42:52.167 10 INFO neutron.db.ovn_revision_numbers_db [None req-4362382e-073e-4d06-ae71-917fb56bdf06 6b4c5e6b20194522ae8751eb8146da01 5499d54aec2e45edb63bc49eb8e062a4 - - default default] Successfully bumped revision number for resource 19bfae2a-1ad6-4f22-84e5-928ff2d40e4b (type: security_group_rules) to 0
2026-05-12 17:42:52.172 9 INFO neutron.db.ovn_revision_numbers_db [None req-b446cf59-74ca-40f3-974d-abf58286b9f5 a2872247cf6342c28e851d5490409dab 4f5dc06c7fa84a3fb156897c31516f7b - - default default] Successfully bumped revision number for resource 4f05964b-f7e7-46f0-a6c2-1fa98f111187 (type: security_groups) to 1
2026-05-12 17:42:52.189 10 INFO neutron.db.ovn_revision_numbers_db [None req-4362382e-073e-4d06-ae71-917fb56bdf06 6b4c5e6b20194522ae8751eb8146da01 5499d54aec2e45edb63bc49eb8e062a4 - - default default] Successfully bumped revision number for resource 5c52c4fc-7a84-46bf-9fed-9ae043f65c32 (type: security_group_rules) to 0
2026-05-12 17:42:52.203 10 INFO neutron.db.ovn_revision_numbers_db [None req-4362382e-073e-4d06-ae71-917fb56bdf06 6b4c5e6b20194522ae8751eb8146da01 5499d54aec2e45edb63bc49eb8e062a4 - - default default] Successfully bumped revision number for resource 945e8d5f-4fdc-4d4a-9358-da86043884b8 (type: security_group_rules) to 0
2026-05-12 17:42:52.209 9 INFO neutron.db.ovn_revision_numbers_db [None req-b446cf59-74ca-40f3-974d-abf58286b9f5 a2872247cf6342c28e851d5490409dab 4f5dc06c7fa84a3fb156897c31516f7b - - default default] Successfully bumped revision number for resource 0eab7231-bfca-4621-a226-7a604fb2e31e (type: security_group_rules) to 0
2026-05-12 17:42:52.226 10 INFO neutron.db.ovn_revision_numbers_db [None req-4362382e-073e-4d06-ae71-917fb56bdf06 6b4c5e6b20194522ae8751eb8146da01 5499d54aec2e45edb63bc49eb8e062a4 - - default default] Successfully bumped revision number for resource cbff4287-f630-43dc-a79f-2e8806df16b1 (type: security_group_rules) to 0
2026-05-12 17:42:52.228 9 INFO neutron.db.ovn_revision_numbers_db [None req-b446cf59-74ca-40f3-974d-abf58286b9f5 a2872247cf6342c28e851d5490409dab 4f5dc06c7fa84a3fb156897c31516f7b - - default default] Successfully bumped revision number for resource 36604e30-7d7c-42ef-9d1c-686dd5226b39 (type: security_group_rules) to 0
2026-05-12 17:42:52.246 9 INFO neutron.db.ovn_revision_numbers_db [None req-b446cf59-74ca-40f3-974d-abf58286b9f5 a2872247cf6342c28e851d5490409dab 4f5dc06c7fa84a3fb156897c31516f7b - - default default] Successfully bumped revision number for resource 732d5e22-33a1-409c-96b8-e53056eeaded (type: security_group_rules) to 0
2026-05-12 17:42:52.273 9 INFO neutron.db.ovn_revision_numbers_db [None req-b446cf59-74ca-40f3-974d-abf58286b9f5 a2872247cf6342c28e851d5490409dab 4f5dc06c7fa84a3fb156897c31516f7b - - default default] Successfully bumped revision number for resource 92aafe31-0870-4bc9-8d6e-9ba2662503d7 (type: security_group_rules) to 0
2026-05-12 17:42:52.277 10 INFO neutron.db.segments_db [None req-4362382e-073e-4d06-ae71-917fb56bdf06 6b4c5e6b20194522ae8751eb8146da01 5499d54aec2e45edb63bc49eb8e062a4 - - default default] Added segment e353c0b7-83f3-46f1-8b3e-600aad53973b of type geneve for network 89d9c23c-89b3-4b33-a77d-650b0dda891f
2026-05-12 17:42:52.290 9 INFO neutron.db.ovn_revision_numbers_db [req-3dd44087-1fd0-4484-8015-ea8ce6333624 req-a3a5ca93-866a-45a2-a779-778639715252 d29ffc22dbc548029f6f538cdace1a2f 32d37bd481b44e8f81bf2236fdaee27f - - b1dd350c040745ada743c8d896724cf9 b1dd350c040745ada743c8d896724cf9] Successfully bumped revision number for resource de29519a-e9ca-47ac-a540-f250587d1e41 (type: ports) to 2
2026-05-12 17:42:52.316 9 INFO neutron.wsgi [req-3dd44087-1fd0-4484-8015-ea8ce6333624 req-a3a5ca93-866a-45a2-a779-778639715252 d29ffc22dbc548029f6f538cdace1a2f 32d37bd481b44e8f81bf2236fdaee27f - - b1dd350c040745ada743c8d896724cf9 b1dd350c040745ada743c8d896724cf9] 199.19.213.15 "PUT /v2.0/ports/de29519a-e9ca-47ac-a540-f250587d1e41 HTTP/1.1" status: 200 len: 1376 time: 0.7451169
2026-05-12 17:42:52.336 9 INFO neutron.db.segments_db [None req-b446cf59-74ca-40f3-974d-abf58286b9f5 a2872247cf6342c28e851d5490409dab 4f5dc06c7fa84a3fb156897c31516f7b - - default default] Added segment c3622c15-4b13-4b66-b036-c144b2826b62 of type geneve for network dd38643c-9b1b-42ac-9ddc-e47cc91286ac
2026-05-12 17:42:52.356 9 INFO neutron.notifiers.nova [-] Nova event matching ['req-3eca73ec-8b57-4daf-955c-6ce6c26016dc'] response: {'name': 'network-changed', 'server_uuid': '4d8cde3f-a8ab-4bf3-9816-89fae2f7f919', 'tag': 'de29519a-e9ca-47ac-a540-f250587d1e41', 'status': 'completed', 'code': 200} /var/lib/openstack/lib/python3.10/site-packages/pycadf/identifier.py:71: UserWarning: Invalid uuid: neutron. To ensure interoperability, identifiers should be a valid uuid. warnings.warn(('Invalid uuid: %s. To ensure interoperability, '
2026-05-12 17:42:52.365 10 INFO neutron.wsgi [req-b7d6f14c-7b01-44f8-a232-a4ca17983a96 req-0026a686-6fda-49a0-bc63-11736b3b946c 8366118550af4c38b9fef806ad29c743 41ee72b07a284794991ebf95f1231cb7 - - default default] 10.0.0.81 "GET /v2.0/ports?device_id=4d8cde3f-a8ab-4bf3-9816-89fae2f7f919 HTTP/1.1" status: 200 len: 1168 time: 0.0601368
2026-05-12 17:42:52.416 9 INFO neutron.wsgi [req-3dd44087-1fd0-4484-8015-ea8ce6333624 req-44716375-241d-44a9-9e72-36ac4e8c664d d29ffc22dbc548029f6f538cdace1a2f 32d37bd481b44e8f81bf2236fdaee27f - - b1dd350c040745ada743c8d896724cf9 b1dd350c040745ada743c8d896724cf9] 199.19.213.15 "GET /v2.0/ports?tenant_id=41ee72b07a284794991ebf95f1231cb7&device_id=4d8cde3f-a8ab-4bf3-9816-89fae2f7f919 HTTP/1.1" status: 200 len: 1407 time: 0.0558136
2026-05-12 17:42:52.448 9 INFO neutron.wsgi [req-3dd44087-1fd0-4484-8015-ea8ce6333624 req-1caceaac-7371-40ec-9267-f4e65ad28d01 d29ffc22dbc548029f6f538cdace1a2f 32d37bd481b44e8f81bf2236fdaee27f - - b1dd350c040745ada743c8d896724cf9 b1dd350c040745ada743c8d896724cf9] 199.19.213.15 "GET /v2.0/floatingips?fixed_ip_address=10.100.0.9&port_id=de29519a-e9ca-47ac-a540-f250587d1e41 HTTP/1.1" status: 200 len: 217 time: 0.0241528
2026-05-12 17:42:52.461 10 INFO neutron.wsgi [req-b7d6f14c-7b01-44f8-a232-a4ca17983a96 req-4f2cb736-2c21-4da5-9597-42bc54413344 8366118550af4c38b9fef806ad29c743 41ee72b07a284794991ebf95f1231cb7 - - default default] 10.0.0.81 "GET /v2.0/security-groups?id=1fc503f3-313e-49ee-ad9c-1e796c18acb8&fields=id&fields=name HTTP/1.1" status: 200 len: 286 time: 0.0881674
2026-05-12 17:42:52.470 10 INFO neutron.db.ovn_revision_numbers_db [None req-4362382e-073e-4d06-ae71-917fb56bdf06 6b4c5e6b20194522ae8751eb8146da01 5499d54aec2e45edb63bc49eb8e062a4 - - default default] Successfully bumped revision number for resource 89d9c23c-89b3-4b33-a77d-650b0dda891f (type: networks) to 1
2026-05-12 17:42:52.657 10 WARNING neutron.scheduler.dhcp_agent_scheduler [None req-4362382e-073e-4d06-ae71-917fb56bdf06 6b4c5e6b20194522ae8751eb8146da01 5499d54aec2e45edb63bc49eb8e062a4 - - default default] No more DHCP agents
2026-05-12 17:42:52.659 10 WARNING neutron.api.rpc.agentnotifiers.dhcp_rpc_agent_api [None req-4362382e-073e-4d06-ae71-917fb56bdf06 6b4c5e6b20194522ae8751eb8146da01 5499d54aec2e45edb63bc49eb8e062a4 - - default default] Unable to schedule network 89d9c23c-89b3-4b33-a77d-650b0dda891f: no agents available; will retry on subsequent port and subnet creation events.
2026-05-12 17:42:52.756 10 INFO neutron.db.ovn_revision_numbers_db [None req-4362382e-073e-4d06-ae71-917fb56bdf06 6b4c5e6b20194522ae8751eb8146da01 5499d54aec2e45edb63bc49eb8e062a4 - - default default] Successfully bumped revision number for resource b2d2b293-c2b7-443b-932c-80ccb281c890 (type: ports) to 1
2026-05-12 17:42:52.761 10 WARNING neutron.plugins.ml2.drivers.ovn.mech_driver.ovsdb.ovn_client [None req-0cea73f1-d282-4d2c-8653-bd03774ee440 - - - - - -] No hosting information found for port 3296e45f-7399-4841-9e47-d53c3d5980b1: RuntimeError: No hosting information found for port 3296e45f-7399-4841-9e47-d53c3d5980b1
2026-05-12 17:42:52.780 10 INFO neutron.wsgi [None req-4362382e-073e-4d06-ae71-917fb56bdf06 6b4c5e6b20194522ae8751eb8146da01 5499d54aec2e45edb63bc49eb8e062a4 - - default default] 10.0.0.10 "POST /v2.0/networks HTTP/1.1" status: 201 len: 942 time: 0.9296541
2026-05-12 17:42:52.800 9 INFO neutron.wsgi [req-3dd44087-1fd0-4484-8015-ea8ce6333624 req-2c775bfe-497c-4b04-8759-875ad7bea9d0 d29ffc22dbc548029f6f538cdace1a2f 32d37bd481b44e8f81bf2236fdaee27f - - b1dd350c040745ada743c8d896724cf9 b1dd350c040745ada743c8d896724cf9] 199.19.213.15 "GET /v2.0/subnets?id=58729683-36d2-4abd-8347-116430160616 HTTP/1.1" status: 200 len: 866 time: 0.3382788
2026-05-12 17:42:52.830 9 INFO neutron.db.ovn_revision_numbers_db [None req-b446cf59-74ca-40f3-974d-abf58286b9f5 a2872247cf6342c28e851d5490409dab 4f5dc06c7fa84a3fb156897c31516f7b - - default default] Successfully bumped revision number for resource dd38643c-9b1b-42ac-9ddc-e47cc91286ac (type: networks) to 1
2026-05-12 17:42:52.836 9 INFO neutron.wsgi [req-3dd44087-1fd0-4484-8015-ea8ce6333624 req-211141a2-00bb-45a9-b7ab-84a02f4e0853 d29ffc22dbc548029f6f538cdace1a2f 32d37bd481b44e8f81bf2236fdaee27f - - b1dd350c040745ada743c8d896724cf9 b1dd350c040745ada743c8d896724cf9] 199.19.213.15 "GET /v2.0/ports?network_id=c17d0f78-3a6d-45c6-96a1-0ea325a92094&device_owner=network%3Adhcp HTTP/1.1" status: 200 len: 210 time: 0.0259404
2026-05-12 17:42:52.920 9 INFO neutron.wsgi [req-3dd44087-1fd0-4484-8015-ea8ce6333624 req-ca3e5a1b-48d7-47ac-8b1b-4e805a42f974 d29ffc22dbc548029f6f538cdace1a2f 32d37bd481b44e8f81bf2236fdaee27f - - b1dd350c040745ada743c8d896724cf9 b1dd350c040745ada743c8d896724cf9] 199.19.213.15 "GET /v2.0/networks/c17d0f78-3a6d-45c6-96a1-0ea325a92094?fields=segments HTTP/1.1" status: 200 len: 212 time: 0.0757036
2026-05-12 17:42:52.955 10 WARNING neutron.scheduler.dhcp_agent_scheduler [None req-c764b37d-c96c-4b2a-a581-064afaf6fac0 6b4c5e6b20194522ae8751eb8146da01 5499d54aec2e45edb63bc49eb8e062a4 - - default default] No more DHCP agents
2026-05-12 17:42:52.958 10 WARNING neutron.api.rpc.agentnotifiers.dhcp_rpc_agent_api [None req-c764b37d-c96c-4b2a-a581-064afaf6fac0 6b4c5e6b20194522ae8751eb8146da01 5499d54aec2e45edb63bc49eb8e062a4 - - default default] Unable to schedule network 89d9c23c-89b3-4b33-a77d-650b0dda891f: no agents available; will retry on subsequent port and subnet creation events.
2026-05-12 17:42:53.019 9 INFO neutron.wsgi [req-3dd44087-1fd0-4484-8015-ea8ce6333624 req-55022e23-1822-4007-9981-b0ffea75919c d29ffc22dbc548029f6f538cdace1a2f 32d37bd481b44e8f81bf2236fdaee27f - - b1dd350c040745ada743c8d896724cf9 b1dd350c040745ada743c8d896724cf9] 199.19.213.15 "GET /v2.0/networks/c17d0f78-3a6d-45c6-96a1-0ea325a92094?fields=provider%3Aphysical_network&fields=provider%3Anetwork_type HTTP/1.1" status: 200 len: 277 time: 0.0919921
2026-05-12 17:42:53.094 9 WARNING neutron.scheduler.dhcp_agent_scheduler [None req-b446cf59-74ca-40f3-974d-abf58286b9f5 a2872247cf6342c28e851d5490409dab 4f5dc06c7fa84a3fb156897c31516f7b - - default default] No more DHCP agents
