2026-05-12 17:43:19.330 10 INFO neutron.db.ovn_revision_numbers_db [None req-0a81c23a-b73c-400d-a897-d8d6fccdaf64 6b4c5e6b20194522ae8751eb8146da01 5499d54aec2e45edb63bc49eb8e062a4 - - default default] Successfully bumped revision number for resource 281d2039-b6f9-478b-ac40-b6ff45171d6e (type: security_group_rules) to 0
2026-05-12 17:43:19.368 10 INFO neutron.db.ovn_revision_numbers_db [None req-0a81c23a-b73c-400d-a897-d8d6fccdaf64 6b4c5e6b20194522ae8751eb8146da01 5499d54aec2e45edb63bc49eb8e062a4 - - default default] Successfully bumped revision number for resource 4359b89d-4f4d-40d3-861d-a4f49c1c3dac (type: security_group_rules) to 0
2026-05-12 17:43:19.404 10 INFO neutron.db.ovn_revision_numbers_db [None req-0a81c23a-b73c-400d-a897-d8d6fccdaf64 6b4c5e6b20194522ae8751eb8146da01 5499d54aec2e45edb63bc49eb8e062a4 - - default default] Successfully bumped revision number for resource 4552a4f6-53bf-4269-b376-1792057a7e3e (type: security_group_rules) to 0
2026-05-12 17:43:19.434 10 INFO neutron.db.ovn_revision_numbers_db [None req-0a81c23a-b73c-400d-a897-d8d6fccdaf64 6b4c5e6b20194522ae8751eb8146da01 5499d54aec2e45edb63bc49eb8e062a4 - - default default] Successfully bumped revision number for resource c653c082-df2a-45ad-89f2-328ca6eaffbc (type: security_group_rules) to 0
2026-05-12 17:43:19.463 10 INFO neutron.wsgi [None req-0a81c23a-b73c-400d-a897-d8d6fccdaf64 6b4c5e6b20194522ae8751eb8146da01 5499d54aec2e45edb63bc49eb8e062a4 - - default default] 10.0.0.10 "GET /v2.0/security-groups?tenant_id=902c8100be6c4ff1868a9a575c6bc906&name=default HTTP/1.1" status: 200 len: 3120 time: 0.4502773
2026-05-12 17:43:19.561 9 INFO neutron.wsgi [None req-ef725b93-feb2-4b0b-8d66-1f890409ff42 d4df67fa1ca348cbb4973f6ca3dd09b6 d18fb9151a494cc79fc9049f3d56c245 - - default default] 10.0.0.10 "DELETE /v2.0/ports/34f86e53-faf6-4b25-afac-b570ed8283ba HTTP/1.1" status: 204 len: 168 time: 0.2900851
2026-05-12 17:43:19.736 10 INFO neutron.notifiers.nova [-] Nova event matching ['req-ab96cc8a-7568-46a2-9d10-b1c8e6e9c271'] response: {'server_uuid': '03fd545c-6ffa-4aa6-ab95-33e6b2c6ae96', 'name': 'network-vif-plugged', 'status': 'completed', 'tag': '3e61594b-2f03-4330-bd5a-8cf4dcaf48cc', 'code': 200}
2026-05-12 17:43:19.801 10 INFO neutron.db.ovn_revision_numbers_db [None req-41929563-a762-414f-af8b-078f3aa68bcf 6d28dfd410434e60b5b4d154a53d2822 b27fe8a7590e4406b5e20b26c1038a29 - - default default] Successfully bumped revision number for resource 083a5192-0cee-4426-b83e-74027e5e2c8f (type: floatingips) to 1
2026-05-12 17:43:19.814 9 INFO neutron.wsgi [None req-3c97b13f-80b8-485e-a492-f782d7fbc607 6b4c5e6b20194522ae8751eb8146da01 5499d54aec2e45edb63bc49eb8e062a4 - - default default] 10.0.0.10 "DELETE /v2.0/security-groups/a87672ec-f36f-4869-afce-622478f1fd52 HTTP/1.1" status: 204 len: 168 time: 0.3468387
2026-05-12 17:43:19.849 9 INFO neutron.wsgi [None req-739f1845-9077-49f5-a829-44940d10ef62 d4df67fa1ca348cbb4973f6ca3dd09b6 d18fb9151a494cc79fc9049f3d56c245 - - default default] 10.0.0.10 "DELETE /v2.0/ports/427eda2b-de49-44df-87c9-7910b270c32a HTTP/1.1" status: 204 len: 168 time: 0.2819316
2026-05-12 17:43:19.931 10 INFO neutron.db.ovn_revision_numbers_db [None req-41929563-a762-414f-af8b-078f3aa68bcf 6d28dfd410434e60b5b4d154a53d2822 b27fe8a7590e4406b5e20b26c1038a29 - - default default] Successfully bumped revision number for resource 083a5192-0cee-4426-b83e-74027e5e2c8f (type: floatingips) to 2
2026-05-12 17:43:19.932 10 INFO neutron.db.l3_db [None req-41929563-a762-414f-af8b-078f3aa68bcf 6d28dfd410434e60b5b4d154a53d2822 b27fe8a7590e4406b5e20b26c1038a29 - - default default] Floating IP 083a5192-0cee-4426-b83e-74027e5e2c8f associated. External IP: 10.96.250.209, port: 3e61594b-2f03-4330-bd5a-8cf4dcaf48cc.
2026-05-12 17:43:19.963 10 INFO neutron.wsgi [None req-41929563-a762-414f-af8b-078f3aa68bcf 6d28dfd410434e60b5b4d154a53d2822 b27fe8a7590e4406b5e20b26c1038a29 - - default default] 10.0.0.10 "PUT /v2.0/floatingips/083a5192-0cee-4426-b83e-74027e5e2c8f HTTP/1.1" status: 200 len: 1049 time: 0.9109802
2026-05-12 17:43:20.121 9 INFO neutron.wsgi [None req-d29a8373-6765-46a3-9677-403a35016b84 d4df67fa1ca348cbb4973f6ca3dd09b6 d18fb9151a494cc79fc9049f3d56c245 - - default default] 10.0.0.10 "DELETE /v2.0/ports/63acb80b-638a-4e5d-b461-c17a64d2ca51 HTTP/1.1" status: 204 len: 168 time: 0.2649572
2026-05-12 17:43:20.371 9 INFO neutron.wsgi [None req-9e2e5255-876b-4c9b-bc8e-7b3c352f2973 d4df67fa1ca348cbb4973f6ca3dd09b6 d18fb9151a494cc79fc9049f3d56c245 - - default default] 10.0.0.10 "DELETE /v2.0/ports/bf109d34-d377-46f4-811f-4758d8301357 HTTP/1.1" status: 204 len: 168 time: 0.2453787
2026-05-12 17:43:20.609 9 INFO neutron.wsgi [None req-08eb7f21-7f78-4f1f-ae20-5e15b55c2bad d4df67fa1ca348cbb4973f6ca3dd09b6 d18fb9151a494cc79fc9049f3d56c245 - - default default] 10.0.0.10 "DELETE /v2.0/ports/674e3299-07d8-4779-9e2d-dca4eca8cec0 HTTP/1.1" status: 204 len: 168 time: 0.2326348
2026-05-12 17:43:20.994 9 INFO neutron.services.segments.plugin [-] Segment 6a6c66e4-e46e-4a80-85da-9c8508c02c84 resource provider aggregate not found
2026-05-12 17:43:21.011 9 INFO neutron.wsgi [None req-40ac70c7-7969-499a-9d7e-a85e892f2c82 d4df67fa1ca348cbb4973f6ca3dd09b6 d18fb9151a494cc79fc9049f3d56c245 - - default default] 10.0.0.10 "DELETE /v2.0/networks/66e61dbd-b8c9-4442-aeaf-ee6e7b61c7c0 HTTP/1.1" status: 204 len: 168 time: 0.3962822
2026-05-12 17:43:21.014 9 INFO neutron.services.segments.plugin [-] Segment 6a6c66e4-e46e-4a80-85da-9c8508c02c84 resource provider aggregate not found
2026-05-12 17:43:21.018 9 INFO neutron.services.segments.plugin [-] Segment 6a6c66e4-e46e-4a80-85da-9c8508c02c84 resource provider not found; error: Placement Client Error (4xx): {"errors": [{"status": 404, "title": "Not Found", "detail": "The resource could not be found.\n\n No resource provider with uuid 6a6c66e4-e46e-4a80-85da-9c8508c02c84 found for delete ", "request_id": "req-3609ed49-b27f-4d57-93c4-589b5159eebd"}]} /var/lib/openstack/lib/python3.10/site-packages/pycadf/identifier.py:71: UserWarning: Invalid uuid: neutron. To ensure interoperability, identifiers should be a valid uuid. warnings.warn(('Invalid uuid: %s. To ensure interoperability, '
2026-05-12 17:43:21.034 9 INFO neutron.services.segments.plugin [-] Segment 6a6c66e4-e46e-4a80-85da-9c8508c02c84 resource provider not found; error: Placement Client Error (4xx): {"errors": [{"status": 404, "title": "Not Found", "detail": "The resource could not be found.\n\n No resource provider with uuid 6a6c66e4-e46e-4a80-85da-9c8508c02c84 found for delete ", "request_id": "req-78f7bcf9-c023-41b1-b5a2-c5e0388dc1ae"}]}
2026-05-12 17:43:21.401 10 INFO neutron.services.segments.plugin [-] Segment e1611674-0cdc-4cb7-b15f-b89910100fd1 resource provider aggregate not found
2026-05-12 17:43:21.411 10 INFO neutron.services.segments.plugin [-] Segment e1611674-0cdc-4cb7-b15f-b89910100fd1 resource provider aggregate not found
2026-05-12 17:43:21.416 10 INFO neutron.services.segments.plugin [-] Segment e1611674-0cdc-4cb7-b15f-b89910100fd1 resource provider not found; error: Placement Client Error (4xx): {"errors": [{"status": 404, "title": "Not Found", "detail": "The resource could not be found.\n\n No resource provider with uuid e1611674-0cdc-4cb7-b15f-b89910100fd1 found for delete ", "request_id": "req-2dd40110-1e83-4e01-98da-f3ac150d13cd"}]}
2026-05-12 17:43:21.426 10 INFO neutron.services.segments.plugin [-] Segment e1611674-0cdc-4cb7-b15f-b89910100fd1 resource provider not found; error: Placement Client Error (4xx): {"errors": [{"status": 404, "title": "Not Found", "detail": "The resource could not be found.\n\n No resource provider with uuid e1611674-0cdc-4cb7-b15f-b89910100fd1 found for delete ", "request_id": "req-e9b24be6-2848-4331-b31d-fb91ebad66b1"}]}
2026-05-12 17:43:21.441 10 INFO neutron.wsgi [None req-eae95b5c-cb24-493c-a4a7-64e02f33dc0d d4df67fa1ca348cbb4973f6ca3dd09b6 d18fb9151a494cc79fc9049f3d56c245 - - default default] 10.0.0.10 "DELETE /v2.0/networks/3a458594-5e99-4ebd-9957-b020b50f42f6 HTTP/1.1" status: 204 len: 168 time: 0.4250100
2026-05-12 17:43:21.787 10 INFO neutron.notifiers.nova [-] Nova event matching ['req-660e7f27-d879-4359-935d-519d7cf20da4'] response: {'name': 'network-changed', 'server_uuid': '03fd545c-6ffa-4aa6-ab95-33e6b2c6ae96', 'tag': '3e61594b-2f03-4330-bd5a-8cf4dcaf48cc', 'status': 'completed', 'code': 200}
2026-05-12 17:43:21.824 9 INFO neutron.wsgi [None req-6ee98624-218d-4269-899b-124dea440450 d4df67fa1ca348cbb4973f6ca3dd09b6 d18fb9151a494cc79fc9049f3d56c245 - - default default] 10.0.0.10 "DELETE /v2.0/networks/91a2cadd-9a43-4969-a91e-39f7b00fe713 HTTP/1.1" status: 204 len: 168 time: 0.3782327
2026-05-12 17:43:21.862 9 INFO neutron.wsgi [req-3d499524-ef3f-4904-b3e8-e8c82cbb8be3 req-0d2b2b70-05d8-4aeb-a3ea-5555d2b1857a d29ffc22dbc548029f6f538cdace1a2f 32d37bd481b44e8f81bf2236fdaee27f - - b1dd350c040745ada743c8d896724cf9 b1dd350c040745ada743c8d896724cf9] 199.19.213.15 "GET /v2.0/ports?tenant_id=b27fe8a7590e4406b5e20b26c1038a29&device_id=03fd545c-6ffa-4aa6-ab95-33e6b2c6ae96 HTTP/1.1" status: 200 len: 1448 time: 0.0538254
2026-05-12 17:43:21.924 9 INFO neutron.wsgi [req-3d499524-ef3f-4904-b3e8-e8c82cbb8be3 req-5cd7d66b-3cef-48ae-857d-901863c2e1b2 d29ffc22dbc548029f6f538cdace1a2f 32d37bd481b44e8f81bf2236fdaee27f - - b1dd350c040745ada743c8d896724cf9 b1dd350c040745ada743c8d896724cf9] 199.19.213.15 "GET /v2.0/networks?id=89d9c23c-89b3-4b33-a77d-650b0dda891f HTTP/1.1" status: 200 len: 970 time: 0.0562487
2026-05-12 17:43:22.018 9 INFO neutron.wsgi [req-3d499524-ef3f-4904-b3e8-e8c82cbb8be3 req-da7424cf-c9ee-4044-b00d-cdf8c0863931 d29ffc22dbc548029f6f538cdace1a2f 32d37bd481b44e8f81bf2236fdaee27f - - b1dd350c040745ada743c8d896724cf9 b1dd350c040745ada743c8d896724cf9] 199.19.213.15 "GET /v2.0/floatingips?fixed_ip_address=10.100.0.4&port_id=3e61594b-2f03-4330-bd5a-8cf4dcaf48cc HTTP/1.1" status: 200 len: 1059 time: 0.0865600
2026-05-12 17:43:22.051 9 INFO neutron.wsgi [req-3d499524-ef3f-4904-b3e8-e8c82cbb8be3 req-0cdcb455-8207-4d97-b97b-8cce99fafa74 d29ffc22dbc548029f6f538cdace1a2f 32d37bd481b44e8f81bf2236fdaee27f - - b1dd350c040745ada743c8d896724cf9 b1dd350c040745ada743c8d896724cf9] 199.19.213.15 "GET /v2.0/subnets?id=2aad944a-78b3-4cbe-ba0a-a99d87d6b1b3 HTTP/1.1" status: 200 len: 865 time: 0.0284991
2026-05-12 17:43:22.083 9 INFO neutron.wsgi [req-3d499524-ef3f-4904-b3e8-e8c82cbb8be3 req-79bb3a24-7c9f-4bce-bcdb-ae529c6b0593 d29ffc22dbc548029f6f538cdace1a2f 32d37bd481b44e8f81bf2236fdaee27f - - b1dd350c040745ada743c8d896724cf9 b1dd350c040745ada743c8d896724cf9] 199.19.213.15 "GET /v2.0/ports?network_id=89d9c23c-89b3-4b33-a77d-650b0dda891f&device_owner=network%3Adhcp HTTP/1.1" status: 200 len: 210 time: 0.0239754
2026-05-12 17:43:22.104 10 WARNING neutron_lib.context [None req-2ba64ae9-5f4f-4de6-9e88-70e6acff8281 851534cf7f644e648d1500805564b7fa 9d20b01de0a748959d5d1b0171540cfb - - default default] Method 'is_advsvc' is deprecated since 2023.2 release (neutron-lib 3.8.0) and will be removed once support for the old RBAC API policies will be removed from Neutron. Please use method 'is_service_role' instead.
2026-05-12 17:43:22.165 9 INFO neutron.wsgi [req-3d499524-ef3f-4904-b3e8-e8c82cbb8be3 req-c4dcefba-6b9f-4fa6-ada5-ca35f40a4773 d29ffc22dbc548029f6f538cdace1a2f 32d37bd481b44e8f81bf2236fdaee27f - - b1dd350c040745ada743c8d896724cf9 b1dd350c040745ada743c8d896724cf9] 199.19.213.15 "GET /v2.0/networks/89d9c23c-89b3-4b33-a77d-650b0dda891f?fields=segments HTTP/1.1" status: 200 len: 212 time: 0.0746260
2026-05-12 17:43:22.231 9 INFO neutron.wsgi [req-3d499524-ef3f-4904-b3e8-e8c82cbb8be3 req-c984b2bf-b402-47f0-93db-56053456b6eb d29ffc22dbc548029f6f538cdace1a2f 32d37bd481b44e8f81bf2236fdaee27f - - b1dd350c040745ada743c8d896724cf9 b1dd350c040745ada743c8d896724cf9] 199.19.213.15 "GET /v2.0/networks/89d9c23c-89b3-4b33-a77d-650b0dda891f?fields=provider%3Aphysical_network&fields=provider%3Anetwork_type HTTP/1.1" status: 200 len: 277 time: 0.0610247
2026-05-12 17:43:22.321 10 INFO neutron.wsgi [None req-9571cd28-6a06-402b-9cd0-95238bf35fe3 d4df67fa1ca348cbb4973f6ca3dd09b6 d18fb9151a494cc79fc9049f3d56c245 - - default default] 10.0.0.10 "DELETE /v2.0/networks/61e6f934-2f03-4c9f-ac0c-f2447cd3f023 HTTP/1.1" status: 204 len: 168 time: 0.4909132
2026-05-12 17:43:22.322 10 INFO neutron.db.ovn_revision_numbers_db [None req-2ba64ae9-5f4f-4de6-9e88-70e6acff8281 851534cf7f644e648d1500805564b7fa 9d20b01de0a748959d5d1b0171540cfb - - default default] Successfully bumped revision number for resource f8d1f3a5-1042-4b1d-9c38-1f20ec49234d (type: security_groups) to 1
2026-05-12 17:43:22.339 10 INFO neutron.db.ovn_revision_numbers_db [None req-2ba64ae9-5f4f-4de6-9e88-70e6acff8281 851534cf7f644e648d1500805564b7fa 9d20b01de0a748959d5d1b0171540cfb - - default default] Successfully bumped revision number for resource 1095abb2-e0c7-4a18-8734-4a94efcbaa9d (type: security_group_rules) to 0
2026-05-12 17:43:22.354 10 INFO neutron.db.ovn_revision_numbers_db [None req-2ba64ae9-5f4f-4de6-9e88-70e6acff8281 851534cf7f644e648d1500805564b7fa 9d20b01de0a748959d5d1b0171540cfb - - default default] Successfully bumped revision number for resource 2633ee6a-4b3b-45bc-b551-d24eb7f901c1 (type: security_group_rules) to 0
2026-05-12 17:43:22.370 10 INFO neutron.db.ovn_revision_numbers_db [None req-2ba64ae9-5f4f-4de6-9e88-70e6acff8281 851534cf7f644e648d1500805564b7fa 9d20b01de0a748959d5d1b0171540cfb - - default default] Successfully bumped revision number for resource 879f2abc-f6f1-4083-8c1a-9fa9339f18d6 (type: security_group_rules) to 0
2026-05-12 17:43:22.389 10 INFO neutron.db.ovn_revision_numbers_db [None req-2ba64ae9-5f4f-4de6-9e88-70e6acff8281 851534cf7f644e648d1500805564b7fa 9d20b01de0a748959d5d1b0171540cfb - - default default] Successfully bumped revision number for resource ae3b180d-c9cf-41c1-a355-05dc219e7373 (type: security_group_rules) to 0
2026-05-12 17:43:22.435 10 INFO neutron.db.segments_db [None req-2ba64ae9-5f4f-4de6-9e88-70e6acff8281 851534cf7f644e648d1500805564b7fa 9d20b01de0a748959d5d1b0171540cfb - - default default] Added segment f5f517d8-25ac-48d0-944d-4820495e3f9b of type geneve for network 14952c40-4688-4ed9-9883-9c99f2cd76bc
2026-05-12 17:43:22.722 9 INFO neutron.wsgi [None req-71785cf2-06a0-4fe6-8a84-86db3843d095 d4df67fa1ca348cbb4973f6ca3dd09b6 d18fb9151a494cc79fc9049f3d56c245 - - default default] 10.0.0.10 "DELETE /v2.0/networks/d06e9648-d752-49a5-bf9a-38a4984f1d93 HTTP/1.1" status: 204 len: 168 time: 0.3948202
2026-05-12 17:43:22.835 10 INFO neutron.db.ovn_revision_numbers_db [None req-2ba64ae9-5f4f-4de6-9e88-70e6acff8281 851534cf7f644e648d1500805564b7fa 9d20b01de0a748959d5d1b0171540cfb - - default default] Successfully bumped revision number for resource 14952c40-4688-4ed9-9883-9c99f2cd76bc (type: networks) to 1
2026-05-12 17:43:23.043 9 INFO neutron.services.segments.plugin [-] Segment d9c60839-6376-4615-b6ae-8faa9def018b resource provider aggregate not found
2026-05-12 17:43:23.059 9 INFO neutron.services.segments.plugin [-] Segment d9c60839-6376-4615-b6ae-8faa9def018b resource provider aggregate not found
2026-05-12 17:43:23.064 9 INFO neutron.services.segments.plugin [-] Segment d9c60839-6376-4615-b6ae-8faa9def018b resource provider not found; error: Placement Client Error (4xx): {"errors": [{"status": 404, "title": "Not Found", "detail": "The resource could not be found.\n\n No resource provider with uuid d9c60839-6376-4615-b6ae-8faa9def018b found for delete ", "request_id": "req-b1caa6ed-35b5-408a-8a8c-b5c782403459"}]}
2026-05-12 17:43:23.072 10 WARNING neutron.scheduler.dhcp_agent_scheduler [None req-2ba64ae9-5f4f-4de6-9e88-70e6acff8281 851534cf7f644e648d1500805564b7fa 9d20b01de0a748959d5d1b0171540cfb - - default default] No more DHCP agents
2026-05-12 17:43:23.074 10 WARNING neutron.api.rpc.agentnotifiers.dhcp_rpc_agent_api [None req-2ba64ae9-5f4f-4de6-9e88-70e6acff8281 851534cf7f644e648d1500805564b7fa 9d20b01de0a748959d5d1b0171540cfb - - default default] Unable to schedule network 14952c40-4688-4ed9-9883-9c99f2cd76bc: no agents available; will retry on subsequent port and subnet creation events.
2026-05-12 17:43:23.083 9 INFO neutron.services.segments.plugin [-] Segment 3c8880f9-5368-48fc-882d-3caf13025bf0 resource provider aggregate not found
2026-05-12 17:43:23.088 9 INFO neutron.services.segments.plugin [-] Segment d9c60839-6376-4615-b6ae-8faa9def018b resource provider not found; error: Placement Client Error (4xx): {"errors": [{"status": 404, "title": "Not Found", "detail": "The resource could not be found.\n\n No resource provider with uuid d9c60839-6376-4615-b6ae-8faa9def018b found for delete ", "request_id": "req-bfe4e055-8917-4c8c-a769-fb0d014228ba"}]}
2026-05-12 17:43:23.100 9 INFO neutron.services.segments.plugin [-] Segment 3c8880f9-5368-48fc-882d-3caf13025bf0 resource provider not found; error: Placement Client Error (4xx): {"errors": [{"status": 404, "title": "Not Found", "detail": "The resource could not be found.\n\n No resource provider with uuid 3c8880f9-5368-48fc-882d-3caf13025bf0 found for delete ", "request_id": "req-604f4080-302f-462b-95dd-1d91143885a0"}]}
2026-05-12 17:43:23.103 9 INFO neutron.services.segments.plugin [-] Segment 3c8880f9-5368-48fc-882d-3caf13025bf0 resource provider aggregate not found
2026-05-12 17:43:23.118 9 INFO neutron.services.segments.plugin [-] Segment 3c8880f9-5368-48fc-882d-3caf13025bf0 resource provider not found; error: Placement Client Error (4xx): {"errors": [{"status": 404, "title": "Not Found", "detail": "The resource could not be found.\n\n No resource provider with uuid 3c8880f9-5368-48fc-882d-3caf13025bf0 found for delete ", "request_id": "req-7631c883-2230-47e9-b5d3-9fc2a931ef5f"}]}
2026-05-12 17:43:23.165 10 INFO neutron.db.ovn_revision_numbers_db [None req-2ba64ae9-5f4f-4de6-9e88-70e6acff8281 851534cf7f644e648d1500805564b7fa 9d20b01de0a748959d5d1b0171540cfb - - default default] Successfully bumped revision number for resource e0eeab27-6b96-425e-a22f-aeda3617cf77 (type: ports) to 1
2026-05-12 17:43:23.187 10 INFO neutron.wsgi [None req-2ba64ae9-5f4f-4de6-9e88-70e6acff8281 851534cf7f644e648d1500805564b7fa 9d20b01de0a748959d5d1b0171540cfb - - default default] 10.0.0.10 "POST /v2.0/networks HTTP/1.1" status: 201 len: 830 time: 1.2915599
2026-05-12 17:43:23.197 10 WARNING neutron_lib.context [None req-0718556e-cdd9-4b37-be16-794b34f75488 851534cf7f644e648d1500805564b7fa 9d20b01de0a748959d5d1b0171540cfb - - default default] Method 'is_advsvc' is deprecated since 2023.2 release (neutron-lib 3.8.0) and will be removed once support for the old RBAC API policies will be removed from Neutron. Please use method 'is_service_role' instead.
2026-05-12 17:43:23.439 10 INFO neutron.services.segments.plugin [-] Segment b6f11bfb-c027-4ca2-9f4f-b640b904b06a resource provider aggregate not found
2026-05-12 17:43:23.445 10 INFO neutron.services.segments.plugin [-] Segment b6f11bfb-c027-4ca2-9f4f-b640b904b06a resource provider aggregate not found
2026-05-12 17:43:23.455 10 INFO neutron.services.segments.plugin [-] Segment b6f11bfb-c027-4ca2-9f4f-b640b904b06a resource provider not found; error: Placement Client Error (4xx): {"errors": [{"status": 404, "title": "Not Found", "detail": "The resource could not be found.\n\n No resource provider with uuid b6f11bfb-c027-4ca2-9f4f-b640b904b06a found for delete ", "request_id": "req-1f223e24-f13a-4825-af19-b1ef69578014"}]}
2026-05-12 17:43:23.460 10 INFO neutron.services.segments.plugin [-] Segment b6f11bfb-c027-4ca2-9f4f-b640b904b06a resource provider not found; error: Placement Client Error (4xx): {"errors": [{"status": 404, "title": "Not Found", "detail": "The resource could not be found.\n\n No resource provider with uuid b6f11bfb-c027-4ca2-9f4f-b640b904b06a found for delete ", "request_id": "req-887295c0-22ca-4ff5-80b8-bd859e28f51e"}]}
2026-05-12 17:43:23.486 10 WARNING neutron.scheduler.dhcp_agent_scheduler [None req-0718556e-cdd9-4b37-be16-794b34f75488 851534cf7f644e648d1500805564b7fa 9d20b01de0a748959d5d1b0171540cfb - - default default] No more DHCP agents
2026-05-12 17:43:23.488 10 WARNING neutron.api.rpc.agentnotifiers.dhcp_rpc_agent_api [None req-0718556e-cdd9-4b37-be16-794b34f75488 851534cf7f644e648d1500805564b7fa 9d20b01de0a748959d5d1b0171540cfb - - default default] Unable to schedule network 14952c40-4688-4ed9-9883-9c99f2cd76bc: no agents available; will retry on subsequent port and subnet creation events.
2026-05-12 17:43:23.583 10 INFO neutron.db.ovn_revision_numbers_db [None req-0718556e-cdd9-4b37-be16-794b34f75488 851534cf7f644e648d1500805564b7fa 9d20b01de0a748959d5d1b0171540cfb - - default default] Successfully bumped revision number for resource 1704c56e-a83e-4aa6-aa74-52afd472e242 (type: ports) to 1
2026-05-12 17:43:23.627 10 INFO neutron.wsgi [None req-0718556e-cdd9-4b37-be16-794b34f75488 851534cf7f644e648d1500805564b7fa 9d20b01de0a748959d5d1b0171540cfb - - default default] 10.0.0.10 "POST /v2.0/ports HTTP/1.1" status: 201 len: 942 time: 0.4343357 /var/lib/openstack/lib/python3.10/site-packages/pycadf/identifier.py:71: UserWarning: Invalid uuid: neutron. To ensure interoperability, identifiers should be a valid uuid. warnings.warn(('Invalid uuid: %s. To ensure interoperability, '
2026-05-12 17:43:23.694 10 INFO neutron.wsgi [None req-e3490f6e-6327-4603-8b74-c723403797b6 851534cf7f644e648d1500805564b7fa 9d20b01de0a748959d5d1b0171540cfb - - default default] 10.0.0.10 "PUT /v2.0/ports/1704c56e-a83e-4aa6-aa74-52afd472e242/tags HTTP/1.1" status: 200 len: 218 time: 0.0627367
2026-05-12 17:43:23.722 9 INFO neutron.wsgi [-] 10.0.0.184 "GET / HTTP/1.1" status: 200 len: 247 time: 0.0023856
2026-05-12 17:43:23.727 9 INFO neutron.wsgi [-] 10.0.0.184 "GET / HTTP/1.1" status: 200 len: 247 time: 0.0034735
2026-05-12 17:43:23.741 10 INFO neutron.wsgi [None req-b0b0709a-6f8d-43c7-a393-849ea41f064b 851534cf7f644e648d1500805564b7fa 9d20b01de0a748959d5d1b0171540cfb - - default default] 10.0.0.10 "GET /v2.0/ports/1704c56e-a83e-4aa6-aa74-52afd472e242/tags HTTP/1.1" status: 200 len: 218 time: 0.0419760
2026-05-12 17:43:23.795 10 INFO neutron.wsgi [None req-b7f42de2-ffa4-49a5-aed6-d869edc6d5b4 851534cf7f644e648d1500805564b7fa 9d20b01de0a748959d5d1b0171540cfb - - default default] 10.0.0.10 "PUT /v2.0/ports/1704c56e-a83e-4aa6-aa74-52afd472e242/tags/green HTTP/1.1" status: 201 len: 201 time: 0.0492651
2026-05-12 17:43:23.845 10 INFO neutron.wsgi [None req-709ca839-f950-4fda-8895-2b09d74f7e0c 851534cf7f644e648d1500805564b7fa 9d20b01de0a748959d5d1b0171540cfb - - default default] 10.0.0.10 "GET /v2.0/ports/1704c56e-a83e-4aa6-aa74-52afd472e242/tags HTTP/1.1" status: 200 len: 227 time: 0.0433006
2026-05-12 17:43:23.890 10 INFO neutron.wsgi [None req-629430b3-d6a0-4206-99f5-dff1648bf66a 851534cf7f644e648d1500805564b7fa 9d20b01de0a748959d5d1b0171540cfb - - default default] 10.0.0.10 "PUT /v2.0/ports/1704c56e-a83e-4aa6-aa74-52afd472e242/tags/red HTTP/1.1" status: 201 len: 201 time: 0.0415292
2026-05-12 17:43:23.934 9 INFO neutron.wsgi [None req-1e8db0a0-983c-4b80-b23b-71829280efa2 851534cf7f644e648d1500805564b7fa 9d20b01de0a748959d5d1b0171540cfb - - default default] 10.0.0.10 "GET /v2.0/ports/1704c56e-a83e-4aa6-aa74-52afd472e242/tags HTTP/1.1" status: 200 len: 227 time: 0.0382848
2026-05-12 17:43:23.986 9 INFO neutron.wsgi [None req-ec3f6aa9-0ac9-4756-af97-4722cf216adf 851534cf7f644e648d1500805564b7fa 9d20b01de0a748959d5d1b0171540cfb - - default default] 10.0.0.10 "PUT /v2.0/ports/1704c56e-a83e-4aa6-aa74-52afd472e242/tags/black.or.white HTTP/1.1" status: 201 len: 201 time: 0.0481722
2026-05-12 17:43:23.986 10 INFO neutron.db.ovn_revision_numbers_db [None req-6f2cf225-b0d4-4560-bb10-b33d1b38d9cc 6b4c5e6b20194522ae8751eb8146da01 5499d54aec2e45edb63bc49eb8e062a4 - - default default] Successfully bumped revision number for resource c0143a46-93af-450c-8527-7d1bbe8643d8 (type: security_groups) to 1
2026-05-12 17:43:24.009 10 INFO neutron.db.ovn_revision_numbers_db [None req-6f2cf225-b0d4-4560-bb10-b33d1b38d9cc 6b4c5e6b20194522ae8751eb8146da01 5499d54aec2e45edb63bc49eb8e062a4 - - default default] Successfully bumped revision number for resource 149dfe88-57a8-4f89-b2f2-ab4754cf7b2b (type: security_group_rules) to 0
2026-05-12 17:43:24.021 9 INFO neutron.wsgi [None req-8610bdfd-3336-4acc-98d6-85dcf170b5a0 851534cf7f644e648d1500805564b7fa 9d20b01de0a748959d5d1b0171540cfb - - default default] 10.0.0.10 "GET /v2.0/ports/1704c56e-a83e-4aa6-aa74-52afd472e242/tags HTTP/1.1" status: 200 len: 245 time: 0.0305028
2026-05-12 17:43:24.023 10 INFO neutron.db.ovn_revision_numbers_db [None req-6f2cf225-b0d4-4560-bb10-b33d1b38d9cc 6b4c5e6b20194522ae8751eb8146da01 5499d54aec2e45edb63bc49eb8e062a4 - - default default] Successfully bumped revision number for resource 25b42935-7987-40aa-b85f-ab5986bd5b6e (type: security_group_rules) to 0
2026-05-12 17:43:24.040 10 INFO neutron.db.ovn_revision_numbers_db [None req-6f2cf225-b0d4-4560-bb10-b33d1b38d9cc 6b4c5e6b20194522ae8751eb8146da01 5499d54aec2e45edb63bc49eb8e062a4 - - default default] Successfully bumped revision number for resource 749582bd-9bc7-4f4c-8506-23e81c259603 (type: security_group_rules) to 0
2026-05-12 17:43:24.054 10 INFO neutron.db.ovn_revision_numbers_db [None req-6f2cf225-b0d4-4560-bb10-b33d1b38d9cc 6b4c5e6b20194522ae8751eb8146da01 5499d54aec2e45edb63bc49eb8e062a4 - - default default] Successfully bumped revision number for resource e35b0b1d-176e-473d-8fef-a27e1b8b3aac (type: security_group_rules) to 0
2026-05-12 17:43:24.073 10 INFO neutron.wsgi [None req-6f2cf225-b0d4-4560-bb10-b33d1b38d9cc 6b4c5e6b20194522ae8751eb8146da01 5499d54aec2e45edb63bc49eb8e062a4 - - default default] 10.0.0.10 "GET /v2.0/security-groups?tenant_id=15d440d76173422d83b725e4b517a739&name=default HTTP/1.1" status: 200 len: 3120 time: 0.3935499
2026-05-12 17:43:24.077 9 INFO neutron.wsgi [None req-9446a518-f921-4c9d-9df5-61c9923169e5 851534cf7f644e648d1500805564b7fa 9d20b01de0a748959d5d1b0171540cfb - - default default] 10.0.0.10 "PUT /v2.0/ports/1704c56e-a83e-4aa6-aa74-52afd472e242/tags HTTP/1.1" status: 200 len: 230 time: 0.0496376
2026-05-12 17:43:24.122 10 INFO neutron.wsgi [None req-8743335b-90ce-4f30-b48a-c16c355e58a0 851534cf7f644e648d1500805564b7fa 9d20b01de0a748959d5d1b0171540cfb - - default default] 10.0.0.10 "GET /v2.0/ports/1704c56e-a83e-4aa6-aa74-52afd472e242/tags HTTP/1.1" status: 200 len: 230 time: 0.0388105
2026-05-12 17:43:24.163 10 INFO neutron.wsgi [None req-b0470b83-64bf-41b1-92b0-c427aac41980 851534cf7f644e648d1500805564b7fa 9d20b01de0a748959d5d1b0171540cfb - - default default] 10.0.0.10 "GET /v2.0/ports/1704c56e-a83e-4aa6-aa74-52afd472e242/tags/red HTTP/1.1" status: 204 len: 168 time: 0.0363843
2026-05-12 17:43:24.202 10 INFO neutron.api.v2.resource [None req-d986efc1-4521-4cd0-8dbe-a9fcffc793a2 851534cf7f644e648d1500805564b7fa 9d20b01de0a748959d5d1b0171540cfb - - default default] show failed (client error): The resource could not be found.
2026-05-12 17:43:24.204 10 INFO neutron.wsgi [None req-d986efc1-4521-4cd0-8dbe-a9fcffc793a2 851534cf7f644e648d1500805564b7fa 9d20b01de0a748959d5d1b0171540cfb - - default default] 10.0.0.10 "GET /v2.0/ports/1704c56e-a83e-4aa6-aa74-52afd472e242/tags/green HTTP/1.1" status: 404 len: 299 time: 0.0369070
2026-05-12 17:43:24.264 10 INFO neutron.wsgi [None req-2386e914-eaa4-48ba-922c-13562e709629 851534cf7f644e648d1500805564b7fa 9d20b01de0a748959d5d1b0171540cfb - - default default] 10.0.0.10 "DELETE /v2.0/ports/1704c56e-a83e-4aa6-aa74-52afd472e242/tags/red HTTP/1.1" status: 204 len: 168 time: 0.0542407
2026-05-12 17:43:24.275 9 INFO neutron.wsgi [None req-10d16ec0-1566-47d0-ab93-4d83f0568215 6b4c5e6b20194522ae8751eb8146da01 5499d54aec2e45edb63bc49eb8e062a4 - - default default] 10.0.0.10 "DELETE /v2.0/security-groups/c0143a46-93af-450c-8527-7d1bbe8643d8 HTTP/1.1" status: 204 len: 168 time: 0.1960886
2026-05-12 17:43:24.304 10 INFO neutron.wsgi [None req-de24685e-2f72-40b7-a34a-cb3a0affc406 851534cf7f644e648d1500805564b7fa 9d20b01de0a748959d5d1b0171540cfb - - default default] 10.0.0.10 "GET /v2.0/ports/1704c56e-a83e-4aa6-aa74-52afd472e242/tags HTTP/1.1" status: 200 len: 223 time: 0.0353451
2026-05-12 17:43:24.348 10 INFO neutron.api.v2.resource [None req-59f5e528-c7fb-4970-8166-5f92c1ac364f 851534cf7f644e648d1500805564b7fa 9d20b01de0a748959d5d1b0171540cfb - - default default] delete failed (client error): The resource could not be found.
2026-05-12 17:43:24.350 10 INFO neutron.wsgi [None req-59f5e528-c7fb-4970-8166-5f92c1ac364f 851534cf7f644e648d1500805564b7fa 9d20b01de0a748959d5d1b0171540cfb - - default default] 10.0.0.10 "DELETE /v2.0/ports/1704c56e-a83e-4aa6-aa74-52afd472e242/tags/green HTTP/1.1" status: 404 len: 299 time: 0.0409973
2026-05-12 17:43:24.407 10 INFO neutron.wsgi [None req-00eab540-120e-4928-aafa-8b9d2c08931f 851534cf7f644e648d1500805564b7fa 9d20b01de0a748959d5d1b0171540cfb - - default default] 10.0.0.10 "DELETE /v2.0/ports/1704c56e-a83e-4aa6-aa74-52afd472e242/tags HTTP/1.1" status: 204 len: 168 time: 0.0513780
2026-05-12 17:43:24.451 10 INFO neutron.wsgi [None req-9caa2b2e-761e-434d-a6ce-c809173d9964 851534cf7f644e648d1500805564b7fa 9d20b01de0a748959d5d1b0171540cfb - - default default] 10.0.0.10 "GET /v2.0/ports/1704c56e-a83e-4aa6-aa74-52afd472e242/tags HTTP/1.1" status: 200 len: 205 time: 0.0388227
2026-05-12 17:43:24.512 9 INFO neutron.db.ovn_revision_numbers_db [None req-ae30ff0a-7542-4c13-96ff-5ec565e8b381 6b4c5e6b20194522ae8751eb8146da01 5499d54aec2e45edb63bc49eb8e062a4 - - default default] Successfully bumped revision number for resource 6f598c9f-9d39-4f82-ad52-ee77897ad75e (type: security_groups) to 1
2026-05-12 17:43:24.522 9 WARNING neutron_lib.context [None req-7c29f479-afd4-408b-a467-ce4aa8e7c320 e521e878f6a64f7395a4a78e0a83e31d 898b2741a4064656ac81237562e7c582 - - default default] Method 'is_advsvc' is deprecated since 2023.2 release (neutron-lib 3.8.0) and will be removed once support for the old RBAC API policies will be removed from Neutron. Please use method 'is_service_role' instead.
2026-05-12 17:43:24.543 9 INFO neutron.db.ovn_revision_numbers_db [None req-ae30ff0a-7542-4c13-96ff-5ec565e8b381 6b4c5e6b20194522ae8751eb8146da01 5499d54aec2e45edb63bc49eb8e062a4 - - default default] Successfully bumped revision number for resource 10b72ec1-1518-44a8-94ec-28deb5fe01ab (type: security_group_rules) to 0
2026-05-12 17:43:24.567 9 INFO neutron.db.ovn_revision_numbers_db [None req-ae30ff0a-7542-4c13-96ff-5ec565e8b381 6b4c5e6b20194522ae8751eb8146da01 5499d54aec2e45edb63bc49eb8e062a4 - - default default] Successfully bumped revision number for resource c3592d47-0fb0-4a65-874e-785891e6df10 (type: security_group_rules) to 0
2026-05-12 17:43:24.594 9 INFO neutron.db.ovn_revision_numbers_db [None req-ae30ff0a-7542-4c13-96ff-5ec565e8b381 6b4c5e6b20194522ae8751eb8146da01 5499d54aec2e45edb63bc49eb8e062a4 - - default default] Successfully bumped revision number for resource c6b7719e-8e4b-418e-956a-ee8cee6a26d5 (type: security_group_rules) to 0
2026-05-12 17:43:24.627 9 INFO neutron.db.ovn_revision_numbers_db [None req-ae30ff0a-7542-4c13-96ff-5ec565e8b381 6b4c5e6b20194522ae8751eb8146da01 5499d54aec2e45edb63bc49eb8e062a4 - - default default] Successfully bumped revision number for resource ec09921e-e2e1-4343-b1e8-a5d76e4a0922 (type: security_group_rules) to 0
2026-05-12 17:43:24.667 9 INFO neutron.wsgi [None req-ae30ff0a-7542-4c13-96ff-5ec565e8b381 6b4c5e6b20194522ae8751eb8146da01 5499d54aec2e45edb63bc49eb8e062a4 - - default default] 10.0.0.10 "GET /v2.0/security-groups?tenant_id=5930ff61a0124857aa5f94c78c360680&name=default HTTP/1.1" status: 200 len: 3120 time: 0.2871923
2026-05-12 17:43:24.938 10 INFO neutron.wsgi [None req-babbdd81-5b23-4be4-b72c-b4017aba4ce0 6b4c5e6b20194522ae8751eb8146da01 5499d54aec2e45edb63bc49eb8e062a4 - - default default] 10.0.0.10 "DELETE /v2.0/security-groups/6f598c9f-9d39-4f82-ad52-ee77897ad75e HTTP/1.1" status: 204 len: 168 time: 0.2648549
2026-05-12 17:43:24.956 9 INFO neutron.db.ovn_revision_numbers_db [None req-7c29f479-afd4-408b-a467-ce4aa8e7c320 e521e878f6a64f7395a4a78e0a83e31d 898b2741a4064656ac81237562e7c582 - - default default] Successfully bumped revision number for resource e7542df1-9cb6-49b5-a796-4a73c1b8c3f7 (type: routers) to 1
2026-05-12 17:43:24.986 9 INFO neutron.wsgi [None req-7c29f479-afd4-408b-a467-ce4aa8e7c320 e521e878f6a64f7395a4a78e0a83e31d 898b2741a4064656ac81237562e7c582 - - default default] 10.0.0.10 "POST /v2.0/routers HTTP/1.1" status: 201 len: 769 time: 0.6300006
2026-05-12 17:43:24.998 9 WARNING neutron_lib.context [None req-19a44466-69da-4ce4-8158-63195e96ebee e521e878f6a64f7395a4a78e0a83e31d 898b2741a4064656ac81237562e7c582 - - default default] Method 'is_advsvc' is deprecated since 2023.2 release (neutron-lib 3.8.0) and will be removed once support for the old RBAC API policies will be removed from Neutron. Please use method 'is_service_role' instead.
2026-05-12 17:43:25.152 9 INFO neutron.db.ovn_revision_numbers_db [None req-19a44466-69da-4ce4-8158-63195e96ebee e521e878f6a64f7395a4a78e0a83e31d 898b2741a4064656ac81237562e7c582 - - default default] Successfully bumped revision number for resource 4f62dbe7-5bcb-4eee-acc1-8a45a9eb7c29 (type: routers) to 1
2026-05-12 17:43:25.161 10 INFO neutron.wsgi [None req-0a395d90-9f8d-49d8-9795-c115486699c7 6b4c5e6b20194522ae8751eb8146da01 5499d54aec2e45edb63bc49eb8e062a4 - - default default] 10.0.0.10 "GET /v2.0/security-groups?tenant_id=d18fb9151a494cc79fc9049f3d56c245&name=default HTTP/1.1" status: 200 len: 3120 time: 0.0426147
2026-05-12 17:43:25.164 9 INFO neutron.wsgi [None req-4e62a719-fdd8-4a99-8c6b-05c07249d915 851534cf7f644e648d1500805564b7fa 9d20b01de0a748959d5d1b0171540cfb - - default default] 10.0.0.10 "DELETE /v2.0/ports/1704c56e-a83e-4aa6-aa74-52afd472e242 HTTP/1.1" status: 204 len: 168 time: 0.7046194
2026-05-12 17:43:25.175 9 INFO neutron.wsgi [None req-19a44466-69da-4ce4-8158-63195e96ebee e521e878f6a64f7395a4a78e0a83e31d 898b2741a4064656ac81237562e7c582 - - default default] 10.0.0.10 "POST /v2.0/routers HTTP/1.1" status: 201 len: 769 time: 0.1828020
2026-05-12 17:43:25.185 10 WARNING neutron_lib.context [None req-7072c0a4-7e70-4446-aa73-bc6ac306b423 e521e878f6a64f7395a4a78e0a83e31d 898b2741a4064656ac81237562e7c582 - - default default] Method 'is_advsvc' is deprecated since 2023.2 release (neutron-lib 3.8.0) and will be removed once support for the old RBAC API policies will be removed from Neutron. Please use method 'is_service_role' instead.
2026-05-12 17:43:25.308 10 INFO neutron.db.ovn_revision_numbers_db [None req-7072c0a4-7e70-4446-aa73-bc6ac306b423 e521e878f6a64f7395a4a78e0a83e31d 898b2741a4064656ac81237562e7c582 - - default default] Successfully bumped revision number for resource 98c9f93d-6512-4cc6-ba90-22f683e143cf (type: routers) to 1
2026-05-12 17:43:25.323 10 INFO neutron.wsgi [None req-7072c0a4-7e70-4446-aa73-bc6ac306b423 e521e878f6a64f7395a4a78e0a83e31d 898b2741a4064656ac81237562e7c582 - - default default] 10.0.0.10 "POST /v2.0/routers HTTP/1.1" status: 201 len: 769 time: 0.1433144
2026-05-12 17:43:25.332 9 WARNING neutron_lib.context [None req-66d036bd-bdcf-4d6b-9bce-e5401a34f241 e521e878f6a64f7395a4a78e0a83e31d 898b2741a4064656ac81237562e7c582 - - default default] Method 'is_advsvc' is deprecated since 2023.2 release (neutron-lib 3.8.0) and will be removed once support for the old RBAC API policies will be removed from Neutron. Please use method 'is_service_role' instead.
2026-05-12 17:43:25.419 10 INFO neutron.wsgi [None req-32e37cca-2cf3-4dfc-a19f-19014f7f98b9 6b4c5e6b20194522ae8751eb8146da01 5499d54aec2e45edb63bc49eb8e062a4 - - default default] 10.0.0.10 "DELETE /v2.0/security-groups/6569777b-55e2-47a6-9d4f-ce86e49775ed HTTP/1.1" status: 204 len: 168 time: 0.2541008
2026-05-12 17:43:25.478 9 INFO neutron.db.ovn_revision_numbers_db [None req-66d036bd-bdcf-4d6b-9bce-e5401a34f241 e521e878f6a64f7395a4a78e0a83e31d 898b2741a4064656ac81237562e7c582 - - default default] Successfully bumped revision number for resource 7d043129-e53a-4719-9725-0d9ed0904640 (type: routers) to 1
2026-05-12 17:43:25.514 9 INFO neutron.wsgi [None req-66d036bd-bdcf-4d6b-9bce-e5401a34f241 e521e878f6a64f7395a4a78e0a83e31d 898b2741a4064656ac81237562e7c582 - - default default] 10.0.0.10 "POST /v2.0/routers HTTP/1.1" status: 201 len: 769 time: 0.1861429
2026-05-12 17:43:25.525 9 WARNING neutron_lib.context [None req-d351abe4-b9ed-4ae9-9e3c-d54e3311e0ae e521e878f6a64f7395a4a78e0a83e31d 898b2741a4064656ac81237562e7c582 - - default default] Method 'is_advsvc' is deprecated since 2023.2 release (neutron-lib 3.8.0) and will be removed once support for the old RBAC API policies will be removed from Neutron. Please use method 'is_service_role' instead.
2026-05-12 17:43:25.604 9 INFO neutron.services.segments.plugin [-] Segment f5f517d8-25ac-48d0-944d-4820495e3f9b resource provider aggregate not found
2026-05-12 17:43:25.608 9 INFO neutron.services.segments.plugin [-] Segment f5f517d8-25ac-48d0-944d-4820495e3f9b resource provider aggregate not found
2026-05-12 17:43:25.623 9 INFO neutron.services.segments.plugin [-] Segment f5f517d8-25ac-48d0-944d-4820495e3f9b resource provider not found; error: Placement Client Error (4xx): {"errors": [{"status": 404, "title": "Not Found", "detail": "The resource could not be found.\n\n No resource provider with uuid f5f517d8-25ac-48d0-944d-4820495e3f9b found for delete ", "request_id": "req-57f9fa59-9d4b-4c0b-a926-67827af64262"}]}
2026-05-12 17:43:25.642 9 INFO neutron.services.segments.plugin [-] Segment f5f517d8-25ac-48d0-944d-4820495e3f9b resource provider not found; error: Placement Client Error (4xx): {"errors": [{"status": 404, "title": "Not Found", "detail": "The resource could not be found.\n\n No resource provider with uuid f5f517d8-25ac-48d0-944d-4820495e3f9b found for delete ", "request_id": "req-203d6832-4353-445a-8eac-196d1d8a6ebf"}]}
2026-05-12 17:43:25.678 9 INFO neutron.wsgi [None req-84600efc-659b-448e-88f0-c23b98413780 851534cf7f644e648d1500805564b7fa 9d20b01de0a748959d5d1b0171540cfb - - default default] 10.0.0.10 "DELETE /v2.0/networks/14952c40-4688-4ed9-9883-9c99f2cd76bc HTTP/1.1" status: 204 len: 168 time: 0.5077899
2026-05-12 17:43:25.679 9 INFO neutron.db.ovn_revision_numbers_db [None req-d351abe4-b9ed-4ae9-9e3c-d54e3311e0ae e521e878f6a64f7395a4a78e0a83e31d 898b2741a4064656ac81237562e7c582 - - default default] Successfully bumped revision number for resource 84dc5bd8-75e4-49fd-a807-0ea208b320c5 (type: routers) to 1
2026-05-12 17:43:25.698 9 INFO neutron.wsgi [None req-d351abe4-b9ed-4ae9-9e3c-d54e3311e0ae e521e878f6a64f7395a4a78e0a83e31d 898b2741a4064656ac81237562e7c582 - - default default] 10.0.0.10 "POST /v2.0/routers HTTP/1.1" status: 201 len: 769 time: 0.1799381
2026-05-12 17:43:25.782 10 INFO neutron.wsgi [None req-2546667f-7708-42a5-9ab8-ab4218ea728b e521e878f6a64f7395a4a78e0a83e31d 898b2741a4064656ac81237562e7c582 - - default default] 10.0.0.10 "PUT /v2.0/routers/e7542df1-9cb6-49b5-a796-4a73c1b8c3f7/tags HTTP/1.1" status: 200 len: 210 time: 0.0788295
2026-05-12 17:43:25.856 10 INFO neutron.wsgi [None req-3c6b6af2-7120-4f02-957d-02b55c52380e e521e878f6a64f7395a4a78e0a83e31d 898b2741a4064656ac81237562e7c582 - - default default] 10.0.0.10 "PUT /v2.0/routers/4f62dbe7-5bcb-4eee-acc1-8a45a9eb7c29/tags HTTP/1.1" status: 200 len: 218 time: 0.0702293
2026-05-12 17:43:25.920 10 INFO neutron.wsgi [None req-289af456-ed29-4875-b826-0dcb9837174e e521e878f6a64f7395a4a78e0a83e31d 898b2741a4064656ac81237562e7c582 - - default default] 10.0.0.10 "PUT /v2.0/routers/98c9f93d-6512-4cc6-ba90-22f683e143cf/tags HTTP/1.1" status: 200 len: 227 time: 0.0598259
2026-05-12 17:43:25.993 10 INFO neutron.wsgi [None req-f07e7628-a73b-4555-8d83-908cf62176ae e521e878f6a64f7395a4a78e0a83e31d 898b2741a4064656ac81237562e7c582 - - default default] 10.0.0.10 "PUT /v2.0/routers/7d043129-e53a-4719-9725-0d9ed0904640/tags HTTP/1.1" status: 200 len: 212 time: 0.0687006
2026-05-12 17:43:26.068 10 INFO neutron.wsgi [None req-d7425fee-0989-431d-8e8f-61a8a75488fb e521e878f6a64f7395a4a78e0a83e31d 898b2741a4064656ac81237562e7c582 - - default default] 10.0.0.10 "GET /v2.0/routers?tags=red HTTP/1.1" status: 200 len: 1946 time: 0.0702074
2026-05-12 17:43:26.151 10 INFO neutron.wsgi [None req-eae34cbb-3076-41cc-a3c4-3b68588b140e e521e878f6a64f7395a4a78e0a83e31d 898b2741a4064656ac81237562e7c582 - - default default] 10.0.0.10 "GET /v2.0/routers?tags=red%2Cblue HTTP/1.1" status: 200 len: 1375 time: 0.0769091
2026-05-12 17:43:26.231 10 INFO neutron.wsgi [None req-d84c2d88-41de-4084-8a0e-6f8c055eaa3b e521e878f6a64f7395a4a78e0a83e31d 898b2741a4064656ac81237562e7c582 - - default default] 10.0.0.10 "GET /v2.0/routers?tags-any=blue HTTP/1.1" status: 200 len: 1375 time: 0.0756650
2026-05-12 17:43:26.287 10 INFO neutron.wsgi [None req-42b44ad8-d645-4051-9e4a-8b3d2474136e e521e878f6a64f7395a4a78e0a83e31d 898b2741a4064656ac81237562e7c582 - - default default] 10.0.0.10 "GET /v2.0/routers?tags-any=red%2Cblue HTTP/1.1" status: 200 len: 1946 time: 0.0508745
2026-05-12 17:43:26.549 9 INFO neutron.wsgi [None req-b4081630-d359-4d73-8a7b-1b1b68027b02 6b4c5e6b20194522ae8751eb8146da01 5499d54aec2e45edb63bc49eb8e062a4 - - default default] 10.0.0.10 "GET /v2.0/security-groups?tenant_id=9d20b01de0a748959d5d1b0171540cfb&name=default HTTP/1.1" status: 200 len: 3120 time: 0.2002180
2026-05-12 17:43:26.601 10 INFO neutron.wsgi [None req-ec748416-2e21-4f42-9d01-6f0f6554ffa4 e521e878f6a64f7395a4a78e0a83e31d 898b2741a4064656ac81237562e7c582 - - default default] 10.0.0.10 "GET /v2.0/routers?not-tags=red HTTP/1.1" status: 200 len: 1347 time: 0.3072855
2026-05-12 17:43:26.693 9 INFO neutron.wsgi [None req-ab6eed09-9345-4a65-a7df-b5a938dcd728 e521e878f6a64f7395a4a78e0a83e31d 898b2741a4064656ac81237562e7c582 - - default default] 10.0.0.10 "GET /v2.0/routers?not-tags=red%2Cblue HTTP/1.1" status: 200 len: 1918 time: 0.0860395
2026-05-12 17:43:26.781 9 INFO neutron.wsgi [None req-e511cc4d-2f8b-4e77-b767-0f73533d151e e521e878f6a64f7395a4a78e0a83e31d 898b2741a4064656ac81237562e7c582 - - default default] 10.0.0.10 "GET /v2.0/routers?not-tags-any=blue HTTP/1.1" status: 200 len: 1918 time: 0.0821667
2026-05-12 17:43:26.887 10 INFO neutron.wsgi [None req-59f1a7bf-608d-406b-8832-43141d9b84f8 e521e878f6a64f7395a4a78e0a83e31d 898b2741a4064656ac81237562e7c582 - - default default] 10.0.0.10 "GET /v2.0/routers?not-tags-any=red%2Cblue HTTP/1.1" status: 200 len: 1347 time: 0.0950267
2026-05-12 17:43:26.892 9 INFO neutron.wsgi [None req-ea72a6bd-6dd5-4689-be2b-e18f1f70a720 6b4c5e6b20194522ae8751eb8146da01 5499d54aec2e45edb63bc49eb8e062a4 - - default default] 10.0.0.10 "DELETE /v2.0/security-groups/f8d1f3a5-1042-4b1d-9c38-1f20ec49234d HTTP/1.1" status: 204 len: 168 time: 0.3380334
2026-05-12 17:43:26.953 10 INFO neutron.wsgi [None req-c76d3df6-6079-459e-a299-6bf2ffd39bbd e521e878f6a64f7395a4a78e0a83e31d 898b2741a4064656ac81237562e7c582 - - default default] 10.0.0.10 "GET /v2.0/routers/e7542df1-9cb6-49b5-a796-4a73c1b8c3f7 HTTP/1.1" status: 200 len: 775 time: 0.0611551
2026-05-12 17:43:27.355 10 INFO neutron.db.ovn_revision_numbers_db [None req-28f13d90-4f80-4433-913c-8f711d8a1f71 6b4c5e6b20194522ae8751eb8146da01 5499d54aec2e45edb63bc49eb8e062a4 - - default default] Successfully bumped revision number for resource 9d717dca-8394-473d-b49c-1c81c086effb (type: security_groups) to 1
2026-05-12 17:43:27.394 10 INFO neutron.db.ovn_revision_numbers_db [None req-28f13d90-4f80-4433-913c-8f711d8a1f71 6b4c5e6b20194522ae8751eb8146da01 5499d54aec2e45edb63bc49eb8e062a4 - - default default] Successfully bumped revision number for resource 1a35faa1-67b4-4386-8589-9190619e0417 (type: security_group_rules) to 0
2026-05-12 17:43:27.396 10 INFO neutron.db.ovn_revision_numbers_db [None req-f7d94514-ea8c-4e13-83fc-8283d89c6cea e521e878f6a64f7395a4a78e0a83e31d 898b2741a4064656ac81237562e7c582 - - default default] Successfully bumped revision number for resource e7542df1-9cb6-49b5-a796-4a73c1b8c3f7 (type: routers) to 2
2026-05-12 17:43:27.401 10 INFO neutron.wsgi [None req-f7d94514-ea8c-4e13-83fc-8283d89c6cea e521e878f6a64f7395a4a78e0a83e31d 898b2741a4064656ac81237562e7c582 - - default default] 10.0.0.10 "PUT /v2.0/routers/e7542df1-9cb6-49b5-a796-4a73c1b8c3f7 HTTP/1.1" status: 200 len: 775 time: 0.4418857
2026-05-12 17:43:27.411 10 INFO neutron.db.ovn_revision_numbers_db [None req-28f13d90-4f80-4433-913c-8f711d8a1f71 6b4c5e6b20194522ae8751eb8146da01 5499d54aec2e45edb63bc49eb8e062a4 - - default default] Successfully bumped revision number for resource 39f022f2-4c95-4ded-a510-d37a3405aab8 (type: security_group_rules) to 0
2026-05-12 17:43:27.426 10 INFO neutron.db.ovn_revision_numbers_db [None req-28f13d90-4f80-4433-913c-8f711d8a1f71 6b4c5e6b20194522ae8751eb8146da01 5499d54aec2e45edb63bc49eb8e062a4 - - default default] Successfully bumped revision number for resource 819f171e-f9fd-41f9-b4b0-438933cde8af (type: security_group_rules) to 0
2026-05-12 17:43:27.426 9 INFO neutron.wsgi [None req-e74f0709-bf75-4d46-8e9a-0aed3e944803 e521e878f6a64f7395a4a78e0a83e31d 898b2741a4064656ac81237562e7c582 - - default default] 10.0.0.10 "GET /v2.0/ports?device_id=e7542df1-9cb6-49b5-a796-4a73c1b8c3f7 HTTP/1.1" status: 200 len: 205 time: 0.0199063
2026-05-12 17:43:27.439 10 INFO neutron.db.ovn_revision_numbers_db [None req-28f13d90-4f80-4433-913c-8f711d8a1f71 6b4c5e6b20194522ae8751eb8146da01 5499d54aec2e45edb63bc49eb8e062a4 - - default default] Successfully bumped revision number for resource dc7e9a33-cbd0-4126-83fd-2c245e737dd7 (type: security_group_rules) to 0
2026-05-12 17:43:27.463 10 INFO neutron.wsgi [None req-28f13d90-4f80-4433-913c-8f711d8a1f71 6b4c5e6b20194522ae8751eb8146da01 5499d54aec2e45edb63bc49eb8e062a4 - - default default] 10.0.0.10 "GET /v2.0/security-groups?tenant_id=faf6d6525b004733a9dbcc60a247fc3f&name=default HTTP/1.1" status: 200 len: 3120 time: 0.3913529
2026-05-12 17:43:27.691 9 INFO neutron.wsgi [None req-001cabd4-e044-4333-bd4d-b0601fde532c e521e878f6a64f7395a4a78e0a83e31d 898b2741a4064656ac81237562e7c582 - - default default] 10.0.0.10 "DELETE /v2.0/routers/e7542df1-9cb6-49b5-a796-4a73c1b8c3f7 HTTP/1.1" status: 204 len: 168 time: 0.2602587
2026-05-12 17:43:27.698 10 INFO neutron.wsgi [None req-7edfe75a-2ad3-45da-a0f0-ef469f56785f 6b4c5e6b20194522ae8751eb8146da01 5499d54aec2e45edb63bc49eb8e062a4 - - default default] 10.0.0.10 "DELETE /v2.0/security-groups/9d717dca-8394-473d-b49c-1c81c086effb HTTP/1.1" status: 204 len: 168 time: 0.2304721
2026-05-12 17:43:27.743 9 INFO neutron.wsgi [None req-4013025c-daec-4afa-8de2-3352e8b55f61 e521e878f6a64f7395a4a78e0a83e31d 898b2741a4064656ac81237562e7c582 - - default default] 10.0.0.10 "GET /v2.0/routers/4f62dbe7-5bcb-4eee-acc1-8a45a9eb7c29 HTTP/1.1" status: 200 len: 783 time: 0.0466180
2026-05-12 17:43:28.118 9 INFO neutron.db.ovn_revision_numbers_db [None req-5618a3a9-7be5-4aac-a494-ec19df66bd37 e521e878f6a64f7395a4a78e0a83e31d 898b2741a4064656ac81237562e7c582 - - default default] Successfully bumped revision number for resource 4f62dbe7-5bcb-4eee-acc1-8a45a9eb7c29 (type: routers) to 2
2026-05-12 17:43:28.124 9 INFO neutron.wsgi [None req-5618a3a9-7be5-4aac-a494-ec19df66bd37 e521e878f6a64f7395a4a78e0a83e31d 898b2741a4064656ac81237562e7c582 - - default default] 10.0.0.10 "PUT /v2.0/routers/4f62dbe7-5bcb-4eee-acc1-8a45a9eb7c29 HTTP/1.1" status: 200 len: 783 time: 0.3774774
2026-05-12 17:43:28.149 9 INFO neutron.wsgi [None req-6b245cae-3bae-4b2a-9f55-4459430af24e e521e878f6a64f7395a4a78e0a83e31d 898b2741a4064656ac81237562e7c582 - - default default] 10.0.0.10 "GET /v2.0/ports?device_id=4f62dbe7-5bcb-4eee-acc1-8a45a9eb7c29 HTTP/1.1" status: 200 len: 205 time: 0.0182097
2026-05-12 17:43:28.628 9 INFO neutron.wsgi [None req-f0bb9ae1-c613-4b7f-8b45-59f1aab284d9 e521e878f6a64f7395a4a78e0a83e31d 898b2741a4064656ac81237562e7c582 - - default default] 10.0.0.10 "DELETE /v2.0/routers/4f62dbe7-5bcb-4eee-acc1-8a45a9eb7c29 HTTP/1.1" status: 204 len: 168 time: 0.4746733
2026-05-12 17:43:28.678 9 INFO neutron.wsgi [None req-d463c93e-dd66-42e8-b277-fcebd4ee8106 e521e878f6a64f7395a4a78e0a83e31d 898b2741a4064656ac81237562e7c582 - - default default] 10.0.0.10 "GET /v2.0/routers/98c9f93d-6512-4cc6-ba90-22f683e143cf HTTP/1.1" status: 200 len: 792 time: 0.0454178
2026-05-12 17:43:28.879 10 WARNING neutron_lib.context [None req-5a762efc-fcd8-4ed9-9c7f-fa4b9ba31fc5 453862f83e414b968e5cbd69fc18b076 433c39991ef545639b9e9ad763d2e35a - - default default] Method 'is_advsvc' is deprecated since 2023.2 release (neutron-lib 3.8.0) and will be removed once support for the old RBAC API policies will be removed from Neutron. Please use method 'is_service_role' instead.
2026-05-12 17:43:28.923 10 INFO neutron.wsgi [None req-29197adb-f208-4d27-8e3b-7f2e3c6ebc53 6b4c5e6b20194522ae8751eb8146da01 5499d54aec2e45edb63bc49eb8e062a4 - - default default] 10.0.0.179 "GET /v2.0/subnets HTTP/1.1" status: 200 len: 2743 time: 0.1810963
2026-05-12 17:43:28.945 10 INFO neutron.wsgi [None req-526a31b4-5d7a-4e97-a5df-8689b7fc2729 6b4c5e6b20194522ae8751eb8146da01 5499d54aec2e45edb63bc49eb8e062a4 - - default default] 10.0.0.179 "GET /v2.0/subnetpools HTTP/1.1" status: 200 len: 193 time: 0.0209243
2026-05-12 17:43:29.043 10 INFO neutron.wsgi [None req-aa4e693e-469a-46e5-b6a1-d5496a4e17a0 6b4c5e6b20194522ae8751eb8146da01 5499d54aec2e45edb63bc49eb8e062a4 - - default default] 10.0.0.179 "GET /v2.0/floatingips HTTP/1.1" status: 200 len: 1035 time: 0.0967193
2026-05-12 17:43:29.108 10 INFO neutron.wsgi [None req-816fef87-07e1-4f96-a0f5-711f964c12ac 6b4c5e6b20194522ae8751eb8146da01 5499d54aec2e45edb63bc49eb8e062a4 - - default default] 10.0.0.179 "GET /v2.0/security-groups HTTP/1.1" status: 200 len: 31592 time: 0.0635543
2026-05-12 17:43:29.151 9 INFO neutron.db.ovn_revision_numbers_db [None req-c357e9e1-9168-4545-af97-82cb8a8155d9 e521e878f6a64f7395a4a78e0a83e31d 898b2741a4064656ac81237562e7c582 - - default default] Successfully bumped revision number for resource 98c9f93d-6512-4cc6-ba90-22f683e143cf (type: routers) to 2
