2026-05-12 17:41:40.892 9 INFO neutron.wsgi [None req-37eb4af4-9e6f-40b3-8cf5-96c4800381b8 f1e3c601f4a64e59b909d25b32c50a4d c0f48b83c6504fd5969fe75ff44e9e55 - - default default] 10.0.0.10 "GET /v2.0/extensions/subnet-service-types HTTP/1.1" status: 200 len: 400 time: 0.0035167
2026-05-12 17:41:40.900 9 INFO neutron.wsgi [None req-626e9441-5e6c-45ff-ac55-54ee40ad467d f1e3c601f4a64e59b909d25b32c50a4d c0f48b83c6504fd5969fe75ff44e9e55 - - default default] 10.0.0.10 "GET /v2.0/extensions/subnet_allocation HTTP/1.1" status: 200 len: 388 time: 0.0033023
2026-05-12 17:41:40.907 9 INFO neutron.wsgi [None req-d5d3eb79-098b-4060-beec-b86df057d0bb f1e3c601f4a64e59b909d25b32c50a4d c0f48b83c6504fd5969fe75ff44e9e55 - - default default] 10.0.0.10 "GET /v2.0/extensions/subnetpool-prefix-ops HTTP/1.1" status: 200 len: 418 time: 0.0030446
2026-05-12 17:41:40.908 10 INFO neutron.wsgi [None req-107cd4f2-6116-43af-8467-4531a4a25e43 9f58df81842f4bc98c3f6df310d7e254 f3d4e95eb2ce49f288f6fa353f11bac9 - - default default] 10.0.0.10 "DELETE /v2.0/floatingips/56099be3-43a9-4ce4-b04c-afc06ca2d4d8 HTTP/1.1" status: 204 len: 168 time: 0.4955904
2026-05-12 17:41:40.914 9 INFO neutron.wsgi [None req-f8220d79-6c9d-4032-912f-62ae69f778aa f1e3c601f4a64e59b909d25b32c50a4d c0f48b83c6504fd5969fe75ff44e9e55 - - default default] 10.0.0.10 "GET /v2.0/extensions/standard-attr-tag HTTP/1.1" status: 200 len: 537 time: 0.0034990
2026-05-12 17:41:40.922 9 INFO neutron.wsgi [None req-2e62c126-7d1f-4f30-b726-092dd3267847 f1e3c601f4a64e59b909d25b32c50a4d c0f48b83c6504fd5969fe75ff44e9e55 - - default default] 10.0.0.10 "GET /v2.0/extensions/standard-attr-timestamp HTTP/1.1" status: 200 len: 449 time: 0.0034516
2026-05-12 17:41:40.931 10 INFO neutron.wsgi [None req-05a7f7d3-1faf-4aca-9352-2170873c7f2d f1e3c601f4a64e59b909d25b32c50a4d c0f48b83c6504fd5969fe75ff44e9e55 - - default default] 10.0.0.10 "GET /v2.0/extensions/trunk HTTP/1.1" status: 200 len: 358 time: 0.0049899
2026-05-12 17:41:40.941 10 INFO neutron.wsgi [None req-f6256fcf-99ef-4487-bdfb-82a5cf8157b4 f1e3c601f4a64e59b909d25b32c50a4d c0f48b83c6504fd5969fe75ff44e9e55 - - default default] 10.0.0.10 "GET /v2.0/extensions/trunk-details HTTP/1.1" status: 200 len: 362 time: 0.0059009
2026-05-12 17:41:40.959 10 INFO neutron.wsgi [None req-ba29c8e1-75e6-4b40-a705-d4f6083ce86d f1e3c601f4a64e59b909d25b32c50a4d c0f48b83c6504fd5969fe75ff44e9e55 - - default default] 10.0.0.10 "GET /v2.0/extensions/vpn-agent-scheduler HTTP/1.1" status: 200 len: 393 time: 0.0143349
2026-05-12 17:41:40.967 10 INFO neutron.wsgi [None req-942648b5-eae3-4690-800f-ef7d5e15f21f f1e3c601f4a64e59b909d25b32c50a4d c0f48b83c6504fd5969fe75ff44e9e55 - - default default] 10.0.0.10 "GET /v2.0/extensions/vpn-endpoint-groups HTTP/1.1" status: 200 len: 371 time: 0.0032616
2026-05-12 17:41:40.976 9 INFO neutron.wsgi [None req-decf2159-bbe8-4f06-b21e-072654f38c1e f1e3c601f4a64e59b909d25b32c50a4d c0f48b83c6504fd5969fe75ff44e9e55 - - default default] 10.0.0.10 "GET /v2.0/extensions/vpn-flavors HTTP/1.1" status: 200 len: 376 time: 0.0048130
2026-05-12 17:41:40.988 9 INFO neutron.wsgi [None req-ddbe340f-ca0a-4358-9533-2d460653ab48 f1e3c601f4a64e59b909d25b32c50a4d c0f48b83c6504fd5969fe75ff44e9e55 - - default default] 10.0.0.10 "GET /v2.0/extensions/vpnaas HTTP/1.1" status: 200 len: 348 time: 0.0064652
2026-05-12 17:41:41.042 10 INFO neutron.plugins.ml2.drivers.ovn.mech_driver.ovsdb.commands [None req-6647ba9b-5edc-40e0-9526-2fa6bb783dc6 - - - - - -] Schedule LRP lrp-ced4e0f0-bd5e-46f4-8362-141e865b12d6 on gateway 21476915-6c2b-4155-a04d-480e22b4ea5e with priority 1
2026-05-12 17:41:41.052 10 INFO neutron.plugins.ml2.drivers.ovn.mech_driver.mech_driver [None req-0cea73f1-d282-4d2c-8653-bd03774ee440 - - - - - -] OVN reports status up for port: ced4e0f0-bd5e-46f4-8362-141e865b12d6
2026-05-12 17:41:41.066 10 INFO neutron.plugins.ml2.plugin [None req-0cea73f1-d282-4d2c-8653-bd03774ee440 - - - - - -] Attempt 1 to provision port ced4e0f0-bd5e-46f4-8362-141e865b12d6
2026-05-12 17:41:41.085 10 INFO neutron.db.ovn_revision_numbers_db [None req-95912c52-fdf3-4b5e-b4b7-ea77d4410e55 59d12b03459948709e7a61277904c69c ecbac18c95c14632af199da64e19252b - - default default] Successfully bumped revision number for resource ced4e0f0-bd5e-46f4-8362-141e865b12d6 (type: router_ports) to 1
2026-05-12 17:41:41.170 10 INFO neutron.db.ovn_revision_numbers_db [None req-95912c52-fdf3-4b5e-b4b7-ea77d4410e55 59d12b03459948709e7a61277904c69c ecbac18c95c14632af199da64e19252b - - default default] Successfully bumped revision number for resource a324c096-c7aa-44a5-818a-182258931480 (type: routers) to 2
2026-05-12 17:41:41.185 10 INFO neutron.wsgi [None req-95912c52-fdf3-4b5e-b4b7-ea77d4410e55 59d12b03459948709e7a61277904c69c ecbac18c95c14632af199da64e19252b - - default default] 10.0.0.10 "POST /v2.0/routers HTTP/1.1" status: 201 len: 1150 time: 1.9703619
2026-05-12 17:41:41.284 9 INFO neutron.wsgi [None req-05143638-aec7-49aa-960a-80cb31c2210e 59d12b03459948709e7a61277904c69c ecbac18c95c14632af199da64e19252b - - default default] 10.0.0.10 "GET /v2.0/routers/a324c096-c7aa-44a5-818a-182258931480 HTTP/1.1" status: 200 len: 1151 time: 0.0938087
2026-05-12 17:41:41.417 10 INFO neutron.wsgi [None req-f1aaaaaa-c1e4-48f0-8c8e-5535dde4a6fc 59d12b03459948709e7a61277904c69c ecbac18c95c14632af199da64e19252b - - default default] 10.0.0.10 "GET /v2.0/routers HTTP/1.1" status: 200 len: 1154 time: 0.1274042
2026-05-12 17:41:41.802 10 INFO neutron.db.ovn_revision_numbers_db [None req-698e0af0-94f2-448a-a077-676cb6bfd37c 6b4c5e6b20194522ae8751eb8146da01 5499d54aec2e45edb63bc49eb8e062a4 - - default default] Successfully bumped revision number for resource 5e3f3da4-0e5f-4556-9881-30d6be31d9f7 (type: security_groups) to 1
2026-05-12 17:41:41.819 10 INFO neutron.db.ovn_revision_numbers_db [None req-698e0af0-94f2-448a-a077-676cb6bfd37c 6b4c5e6b20194522ae8751eb8146da01 5499d54aec2e45edb63bc49eb8e062a4 - - default default] Successfully bumped revision number for resource 1c4aa721-5e15-4f53-8ff0-e02b98e487d3 (type: security_group_rules) to 0
2026-05-12 17:41:41.837 10 INFO neutron.db.ovn_revision_numbers_db [None req-698e0af0-94f2-448a-a077-676cb6bfd37c 6b4c5e6b20194522ae8751eb8146da01 5499d54aec2e45edb63bc49eb8e062a4 - - default default] Successfully bumped revision number for resource 59c7ad40-eea2-4b30-ad15-649ca585ac29 (type: security_group_rules) to 0
2026-05-12 17:41:41.863 10 INFO neutron.db.ovn_revision_numbers_db [None req-698e0af0-94f2-448a-a077-676cb6bfd37c 6b4c5e6b20194522ae8751eb8146da01 5499d54aec2e45edb63bc49eb8e062a4 - - default default] Successfully bumped revision number for resource 792dda35-e133-49e6-8121-7de1990d1b8a (type: security_group_rules) to 0
2026-05-12 17:41:41.885 10 INFO neutron.db.ovn_revision_numbers_db [None req-698e0af0-94f2-448a-a077-676cb6bfd37c 6b4c5e6b20194522ae8751eb8146da01 5499d54aec2e45edb63bc49eb8e062a4 - - default default] Successfully bumped revision number for resource fefbe502-c47c-42b4-814b-0f7acfbf0e93 (type: security_group_rules) to 0
2026-05-12 17:41:41.909 10 INFO neutron.wsgi [None req-698e0af0-94f2-448a-a077-676cb6bfd37c 6b4c5e6b20194522ae8751eb8146da01 5499d54aec2e45edb63bc49eb8e062a4 - - default default] 10.0.0.10 "GET /v2.0/security-groups?tenant_id=c0f48b83c6504fd5969fe75ff44e9e55&name=default HTTP/1.1" status: 200 len: 3120 time: 0.3894486
2026-05-12 17:41:41.922 10 INFO neutron.db.ovn_revision_numbers_db [None req-650a2f6a-c508-4a6c-992e-fe71b9803615 59d12b03459948709e7a61277904c69c ecbac18c95c14632af199da64e19252b - - default default] Successfully bumped revision number for resource a324c096-c7aa-44a5-818a-182258931480 (type: routers) to 3
2026-05-12 17:41:41.928 10 INFO neutron.wsgi [None req-650a2f6a-c508-4a6c-992e-fe71b9803615 59d12b03459948709e7a61277904c69c ecbac18c95c14632af199da64e19252b - - default default] 10.0.0.10 "PUT /v2.0/routers/a324c096-c7aa-44a5-818a-182258931480 HTTP/1.1" status: 200 len: 1158 time: 0.5051203
2026-05-12 17:41:42.003 10 INFO neutron.wsgi [None req-6d090893-6774-4c08-b9a7-b9580d9619aa 59d12b03459948709e7a61277904c69c ecbac18c95c14632af199da64e19252b - - default default] 10.0.0.10 "GET /v2.0/routers/a324c096-c7aa-44a5-818a-182258931480 HTTP/1.1" status: 200 len: 1158 time: 0.0696940
2026-05-12 17:41:42.031 10 INFO neutron.wsgi [None req-efe9fe99-6fcf-4871-8245-8902b6364023 59d12b03459948709e7a61277904c69c ecbac18c95c14632af199da64e19252b - - default default] 10.0.0.10 "GET /v2.0/ports?device_id=a324c096-c7aa-44a5-818a-182258931480 HTTP/1.1" status: 200 len: 205 time: 0.0234563
2026-05-12 17:41:42.089 9 INFO neutron.wsgi [None req-fd191ffb-95c4-4ae1-998e-d1e480bde688 6b4c5e6b20194522ae8751eb8146da01 5499d54aec2e45edb63bc49eb8e062a4 - - default default] 10.0.0.10 "PUT /v2.0/routers/0663ce62-6e78-4642-9b60-74be100dfddd/remove_router_interface HTTP/1.1" status: 200 len: 503 time: 1.1744208 /var/lib/openstack/lib/python3.10/site-packages/pycadf/identifier.py:71: UserWarning: Invalid uuid: neutron. To ensure interoperability, identifiers should be a valid uuid. warnings.warn(('Invalid uuid: %s. To ensure interoperability, '
2026-05-12 17:41:42.520 10 WARNING neutron_lib.context [None req-f7adccf8-04cd-41e6-8ef2-700a685d99cf b6b7dadde55140a1abc7919a1345e866 e4568f655de54b83947a30fc8e02f8ee - - default default] Method 'is_advsvc' is deprecated since 2023.2 release (neutron-lib 3.8.0) and will be removed once support for the old RBAC API policies will be removed from Neutron. Please use method 'is_service_role' instead.
2026-05-12 17:41:42.533 9 INFO neutron.wsgi [None req-22dac74d-ebbf-4510-a455-edc14e6660f7 6b4c5e6b20194522ae8751eb8146da01 5499d54aec2e45edb63bc49eb8e062a4 - - default default] 10.0.0.10 "DELETE /v2.0/security-groups/5e3f3da4-0e5f-4556-9881-30d6be31d9f7 HTTP/1.1" status: 204 len: 168 time: 0.6180995
2026-05-12 17:41:42.698 10 INFO neutron.db.ovn_revision_numbers_db [None req-f7adccf8-04cd-41e6-8ef2-700a685d99cf b6b7dadde55140a1abc7919a1345e866 e4568f655de54b83947a30fc8e02f8ee - - default default] Successfully bumped revision number for resource 771066ce-3c97-42d8-84e0-c52caf230132 (type: security_groups) to 1
2026-05-12 17:41:42.717 10 INFO neutron.db.ovn_revision_numbers_db [None req-f7adccf8-04cd-41e6-8ef2-700a685d99cf b6b7dadde55140a1abc7919a1345e866 e4568f655de54b83947a30fc8e02f8ee - - default default] Successfully bumped revision number for resource 42820546-2e9d-48da-a42e-a2d60cd51d82 (type: security_group_rules) to 0
2026-05-12 17:41:42.743 10 INFO neutron.db.ovn_revision_numbers_db [None req-f7adccf8-04cd-41e6-8ef2-700a685d99cf b6b7dadde55140a1abc7919a1345e866 e4568f655de54b83947a30fc8e02f8ee - - default default] Successfully bumped revision number for resource 88ebd4a7-928e-494b-83f2-166f31fb959a (type: security_group_rules) to 0
2026-05-12 17:41:42.758 10 INFO neutron.db.ovn_revision_numbers_db [None req-f7adccf8-04cd-41e6-8ef2-700a685d99cf b6b7dadde55140a1abc7919a1345e866 e4568f655de54b83947a30fc8e02f8ee - - default default] Successfully bumped revision number for resource 9fffde11-f95b-4f89-a380-4916c4797132 (type: security_group_rules) to 0
2026-05-12 17:41:42.783 10 INFO neutron.db.ovn_revision_numbers_db [None req-f7adccf8-04cd-41e6-8ef2-700a685d99cf b6b7dadde55140a1abc7919a1345e866 e4568f655de54b83947a30fc8e02f8ee - - default default] Successfully bumped revision number for resource b84576cc-078e-4c41-b086-734b253f67ba (type: security_group_rules) to 0
2026-05-12 17:41:42.843 10 INFO neutron.db.segments_db [None req-f7adccf8-04cd-41e6-8ef2-700a685d99cf b6b7dadde55140a1abc7919a1345e866 e4568f655de54b83947a30fc8e02f8ee - - default default] Added segment c9cc82c7-879a-47c4-999e-641ae990aa32 of type geneve for network 79d6e926-7285-4e8c-8a83-bb4423c01e91
2026-05-12 17:41:42.871 9 WARNING neutron.plugins.ml2.drivers.ovn.mech_driver.ovsdb.ovn_client [None req-0598d071-2ca4-4675-b709-3cb2fa70dbe6 - - - - - -] No port found with ID c87def8b-8942-49ac-b5cd-ac6cbe0c318b: RuntimeError: No port found with ID c87def8b-8942-49ac-b5cd-ac6cbe0c318b
2026-05-12 17:41:42.901 9 INFO neutron.plugins.ml2.drivers.ovn.mech_driver.mech_driver [None req-0598d071-2ca4-4675-b709-3cb2fa70dbe6 - - - - - -] OVN reports status down for port: 29052c0e-e37a-48a8-ad78-35d1e950f3d5
2026-05-12 17:41:43.052 10 INFO neutron.db.ovn_revision_numbers_db [None req-f7adccf8-04cd-41e6-8ef2-700a685d99cf b6b7dadde55140a1abc7919a1345e866 e4568f655de54b83947a30fc8e02f8ee - - default default] Successfully bumped revision number for resource 79d6e926-7285-4e8c-8a83-bb4423c01e91 (type: networks) to 1
2026-05-12 17:41:43.272 10 INFO neutron.wsgi [None req-c5fca51b-8689-48a3-b891-e79ed4fc7360 59d12b03459948709e7a61277904c69c ecbac18c95c14632af199da64e19252b - - default default] 10.0.0.10 "DELETE /v2.0/routers/a324c096-c7aa-44a5-818a-182258931480 HTTP/1.1" status: 204 len: 168 time: 1.2369046
2026-05-12 17:41:43.310 10 INFO neutron.wsgi [None req-a4a06d65-4b70-4708-9a9e-4c2a88fd5845 59d12b03459948709e7a61277904c69c ecbac18c95c14632af199da64e19252b - - default default] 10.0.0.10 "GET /v2.0/ports?device_id=a324c096-c7aa-44a5-818a-182258931480 HTTP/1.1" status: 200 len: 205 time: 0.0302970 /var/lib/openstack/lib/python3.10/site-packages/pycadf/identifier.py:71: UserWarning: Invalid uuid: neutron. To ensure interoperability, identifiers should be a valid uuid. warnings.warn(('Invalid uuid: %s. To ensure interoperability, '
2026-05-12 17:41:43.329 10 WARNING neutron.scheduler.dhcp_agent_scheduler [None req-f7adccf8-04cd-41e6-8ef2-700a685d99cf b6b7dadde55140a1abc7919a1345e866 e4568f655de54b83947a30fc8e02f8ee - - default default] No more DHCP agents
2026-05-12 17:41:43.332 10 WARNING neutron.api.rpc.agentnotifiers.dhcp_rpc_agent_api [None req-f7adccf8-04cd-41e6-8ef2-700a685d99cf b6b7dadde55140a1abc7919a1345e866 e4568f655de54b83947a30fc8e02f8ee - - default default] Unable to schedule network 79d6e926-7285-4e8c-8a83-bb4423c01e91: no agents available; will retry on subsequent port and subnet creation events.
2026-05-12 17:41:43.333 9 INFO neutron.wsgi [None req-7356c292-aaf1-40f6-8ced-5388024c12e3 6b4c5e6b20194522ae8751eb8146da01 5499d54aec2e45edb63bc49eb8e062a4 - - default default] 10.0.0.10 "DELETE /v2.0/routers/0663ce62-6e78-4642-9b60-74be100dfddd HTTP/1.1" status: 204 len: 168 time: 1.2398174
2026-05-12 17:41:43.348 9 INFO neutron.api.v2.resource [None req-45aa311d-b306-4c98-9796-b02d0fd3eb3d 59d12b03459948709e7a61277904c69c ecbac18c95c14632af199da64e19252b - - default default] delete failed (client error): The resource could not be found.
2026-05-12 17:41:43.349 9 INFO neutron.wsgi [None req-45aa311d-b306-4c98-9796-b02d0fd3eb3d 59d12b03459948709e7a61277904c69c ecbac18c95c14632af199da64e19252b - - default default] 10.0.0.10 "DELETE /v2.0/routers/a324c096-c7aa-44a5-818a-182258931480 HTTP/1.1" status: 404 len: 336 time: 0.0334005
2026-05-12 17:41:43.379 9 INFO neutron.wsgi [None req-8b5d6ec9-5718-4c74-a03d-049a33179d7e 59d12b03459948709e7a61277904c69c ecbac18c95c14632af199da64e19252b - - default default] 10.0.0.10 "GET /v2.0/ports?device_id=4860a264-ff51-49f4-b298-a009e5d0a480 HTTP/1.1" status: 200 len: 205 time: 0.0244801
2026-05-12 17:41:43.412 9 INFO neutron.api.v2.resource [None req-394ffbc1-bddf-459c-8c10-9094a236b1b1 59d12b03459948709e7a61277904c69c ecbac18c95c14632af199da64e19252b - - default default] delete failed (client error): The resource could not be found.
2026-05-12 17:41:43.413 9 INFO neutron.wsgi [None req-394ffbc1-bddf-459c-8c10-9094a236b1b1 59d12b03459948709e7a61277904c69c ecbac18c95c14632af199da64e19252b - - default default] 10.0.0.10 "DELETE /v2.0/routers/4860a264-ff51-49f4-b298-a009e5d0a480 HTTP/1.1" status: 404 len: 336 time: 0.0296180
2026-05-12 17:41:43.435 9 INFO neutron.pecan_wsgi.hooks.translation [None req-73565b12-7663-466d-a902-16545ad0f21b 59d12b03459948709e7a61277904c69c ecbac18c95c14632af199da64e19252b - - default default] DELETE failed (client error): The resource could not be found.
2026-05-12 17:41:43.438 9 INFO neutron.wsgi [None req-73565b12-7663-466d-a902-16545ad0f21b 59d12b03459948709e7a61277904c69c ecbac18c95c14632af199da64e19252b - - default default] 10.0.0.10 "DELETE /v2.0/subnets/c344d554-44bc-4ce7-b2d8-10db3207ed9c HTTP/1.1" status: 404 len: 337 time: 0.0186036
2026-05-12 17:41:43.467 9 INFO neutron.wsgi [None req-9a1f02ca-a43f-4815-8814-d69822152477 59d12b03459948709e7a61277904c69c ecbac18c95c14632af199da64e19252b - - default default] 10.0.0.10 "GET /v2.0/ports?device_id=daa7af10-c9f8-42bf-8de3-7b32de0582a4 HTTP/1.1" status: 200 len: 205 time: 0.0209749
2026-05-12 17:41:43.470 10 INFO neutron.db.ovn_revision_numbers_db [None req-f7adccf8-04cd-41e6-8ef2-700a685d99cf b6b7dadde55140a1abc7919a1345e866 e4568f655de54b83947a30fc8e02f8ee - - default default] Successfully bumped revision number for resource 2bad7e74-e108-4a29-bbad-2e289f668733 (type: ports) to 1
2026-05-12 17:41:43.498 9 INFO neutron.api.v2.resource [None req-c1211c63-43aa-4c35-ac5d-6219c427d569 59d12b03459948709e7a61277904c69c ecbac18c95c14632af199da64e19252b - - default default] delete failed (client error): The resource could not be found.
2026-05-12 17:41:43.499 9 INFO neutron.wsgi [None req-c1211c63-43aa-4c35-ac5d-6219c427d569 59d12b03459948709e7a61277904c69c ecbac18c95c14632af199da64e19252b - - default default] 10.0.0.10 "DELETE /v2.0/routers/daa7af10-c9f8-42bf-8de3-7b32de0582a4 HTTP/1.1" status: 404 len: 336 time: 0.0243192
2026-05-12 17:41:43.520 10 INFO neutron.wsgi [None req-f7adccf8-04cd-41e6-8ef2-700a685d99cf b6b7dadde55140a1abc7919a1345e866 e4568f655de54b83947a30fc8e02f8ee - - default default] 10.0.0.10 "POST /v2.0/networks HTTP/1.1" status: 201 len: 832 time: 1.3473117
2026-05-12 17:41:43.529 9 INFO neutron.pecan_wsgi.hooks.translation [None req-b5ed3064-7257-43ca-8d9b-6ac7606f4c18 59d12b03459948709e7a61277904c69c ecbac18c95c14632af199da64e19252b - - default default] DELETE failed (client error): The resource could not be found.
2026-05-12 17:41:43.530 10 WARNING neutron_lib.context [None req-cca26955-c4ed-4ff3-9797-72a8d0480956 b6b7dadde55140a1abc7919a1345e866 e4568f655de54b83947a30fc8e02f8ee - - default default] Method 'is_advsvc' is deprecated since 2023.2 release (neutron-lib 3.8.0) and will be removed once support for the old RBAC API policies will be removed from Neutron. Please use method 'is_service_role' instead.
2026-05-12 17:41:43.532 9 INFO neutron.wsgi [None req-b5ed3064-7257-43ca-8d9b-6ac7606f4c18 59d12b03459948709e7a61277904c69c ecbac18c95c14632af199da64e19252b - - default default] 10.0.0.10 "DELETE /v2.0/subnets/0e853812-70c0-4a4f-b020-62ef31908a4c HTTP/1.1" status: 404 len: 337 time: 0.0246425
2026-05-12 17:41:43.557 9 INFO neutron.wsgi [None req-3834a644-8173-415e-a567-f2d43a76ffa5 59d12b03459948709e7a61277904c69c ecbac18c95c14632af199da64e19252b - - default default] 10.0.0.10 "GET /v2.0/ports?device_id=a2bfd129-d7a8-422b-b3d2-e1bc68b896a1 HTTP/1.1" status: 200 len: 205 time: 0.0194623
2026-05-12 17:41:43.595 9 INFO neutron.api.v2.resource [None req-a90460aa-95d8-468d-bc5d-89289456119b 59d12b03459948709e7a61277904c69c ecbac18c95c14632af199da64e19252b - - default default] delete failed (client error): The resource could not be found.
2026-05-12 17:41:43.596 9 INFO neutron.wsgi [None req-a90460aa-95d8-468d-bc5d-89289456119b 59d12b03459948709e7a61277904c69c ecbac18c95c14632af199da64e19252b - - default default] 10.0.0.10 "DELETE /v2.0/routers/a2bfd129-d7a8-422b-b3d2-e1bc68b896a1 HTTP/1.1" status: 404 len: 336 time: 0.0349815
2026-05-12 17:41:43.618 10 INFO neutron.pecan_wsgi.hooks.translation [None req-f46b1d16-5b1a-403a-98f0-a44fdda7d06c 59d12b03459948709e7a61277904c69c ecbac18c95c14632af199da64e19252b - - default default] DELETE failed (client error): The resource could not be found.
2026-05-12 17:41:43.620 10 INFO neutron.wsgi [None req-f46b1d16-5b1a-403a-98f0-a44fdda7d06c 59d12b03459948709e7a61277904c69c ecbac18c95c14632af199da64e19252b - - default default] 10.0.0.10 "DELETE /v2.0/subnets/feea2dd0-e1d9-4b08-9059-253fd758394b HTTP/1.1" status: 404 len: 337 time: 0.0181863
2026-05-12 17:41:43.638 10 INFO neutron.wsgi [None req-a700cc91-f82c-410e-a8b6-6e1e69b845f5 6b4c5e6b20194522ae8751eb8146da01 5499d54aec2e45edb63bc49eb8e062a4 - - default default] 10.0.0.10 "DELETE /v2.0/subnets/4d7ca150-acf9-402d-b81e-5cca2e8c7ebc HTTP/1.1" status: 204 len: 168 time: 0.2974725
2026-05-12 17:41:43.648 9 INFO neutron.pecan_wsgi.hooks.translation [None req-15b1e980-3636-445c-a1ce-98638730acee 59d12b03459948709e7a61277904c69c ecbac18c95c14632af199da64e19252b - - default default] DELETE failed (client error): The resource could not be found.
2026-05-12 17:41:43.650 9 INFO neutron.wsgi [None req-15b1e980-3636-445c-a1ce-98638730acee 59d12b03459948709e7a61277904c69c ecbac18c95c14632af199da64e19252b - - default default] 10.0.0.10 "DELETE /v2.0/subnets/06cf432c-511c-4c8d-86f1-c9f6bbe2eb45 HTTP/1.1" status: 404 len: 337 time: 0.0253210
2026-05-12 17:41:44.157 10 WARNING neutron.scheduler.dhcp_agent_scheduler [None req-cca26955-c4ed-4ff3-9797-72a8d0480956 b6b7dadde55140a1abc7919a1345e866 e4568f655de54b83947a30fc8e02f8ee - - default default] No more DHCP agents
2026-05-12 17:41:44.163 10 WARNING neutron.api.rpc.agentnotifiers.dhcp_rpc_agent_api [None req-cca26955-c4ed-4ff3-9797-72a8d0480956 b6b7dadde55140a1abc7919a1345e866 e4568f655de54b83947a30fc8e02f8ee - - default default] Unable to schedule network 59ab5d54-7f78-4e46-af26-62d646e192f9: no agents available; will retry on subsequent port and subnet creation events.
2026-05-12 17:41:44.179 10 INFO neutron.services.segments.plugin [-] Segment d4f3ff36-8dc8-4b1e-a491-fc1b00e5b84c resource provider aggregate not found
2026-05-12 17:41:44.183 10 INFO neutron.services.segments.plugin [-] Segment d4f3ff36-8dc8-4b1e-a491-fc1b00e5b84c resource provider aggregate not found
2026-05-12 17:41:44.205 10 INFO neutron.services.segments.plugin [-] Segment d4f3ff36-8dc8-4b1e-a491-fc1b00e5b84c resource provider not found; error: Placement Client Error (4xx): {"errors": [{"status": 404, "title": "Not Found", "detail": "The resource could not be found.\n\n No resource provider with uuid d4f3ff36-8dc8-4b1e-a491-fc1b00e5b84c found for delete ", "request_id": "req-3f232980-ebfa-488f-85cd-d30b7b9960d6"}]}
2026-05-12 17:41:44.205 10 INFO neutron.services.segments.plugin [-] Segment d4f3ff36-8dc8-4b1e-a491-fc1b00e5b84c resource provider not found; error: Placement Client Error (4xx): {"errors": [{"status": 404, "title": "Not Found", "detail": "The resource could not be found.\n\n No resource provider with uuid d4f3ff36-8dc8-4b1e-a491-fc1b00e5b84c found for delete ", "request_id": "req-c99e067c-07b7-43b9-b892-ad820f1e79d1"}]}
2026-05-12 17:41:44.212 10 INFO neutron.wsgi [None req-e61e1770-4121-45f3-bff2-47739fabf951 6b4c5e6b20194522ae8751eb8146da01 5499d54aec2e45edb63bc49eb8e062a4 - - default default] 10.0.0.10 "DELETE /v2.0/networks/fc928b32-8f94-406c-9ba7-29ffe40b5134 HTTP/1.1" status: 204 len: 168 time: 0.5687039
2026-05-12 17:41:44.342 9 INFO neutron.wsgi [None req-64a0bbaf-0c4c-484b-8888-41a9f062b8aa 6b4c5e6b20194522ae8751eb8146da01 5499d54aec2e45edb63bc49eb8e062a4 - - default default] 10.0.0.10 "GET /v2.0/security-groups?tenant_id=ecbac18c95c14632af199da64e19252b&name=default HTTP/1.1" status: 200 len: 3120 time: 0.2266855
2026-05-12 17:41:44.380 10 INFO neutron.db.ovn_revision_numbers_db [None req-cca26955-c4ed-4ff3-9797-72a8d0480956 b6b7dadde55140a1abc7919a1345e866 e4568f655de54b83947a30fc8e02f8ee - - default default] Successfully bumped revision number for resource c947ad2d-5298-4763-b711-351d849ce3ba (type: ports) to 1
2026-05-12 17:41:44.381 9 INFO neutron.wsgi [None req-d8118fe0-5eb1-437a-9f33-44e75e459e07 6b4c5e6b20194522ae8751eb8146da01 5499d54aec2e45edb63bc49eb8e062a4 - - default default] 10.0.0.10 "GET /v2.0/security-groups?tenant_id=f3d4e95eb2ce49f288f6fa353f11bac9&name=default HTTP/1.1" status: 200 len: 3120 time: 0.0612621
2026-05-12 17:41:44.533 9 WARNING neutron_lib.context [None req-3880e843-1ba0-484b-86e0-5e27fe11b091 f069c57358ff4a8f88b0d811773fd207 263a0f28269c4d61a3bccd45af6cd9da - - default default] Method 'is_advsvc' is deprecated since 2023.2 release (neutron-lib 3.8.0) and will be removed once support for the old RBAC API policies will be removed from Neutron. Please use method 'is_service_role' instead.
2026-05-12 17:41:44.649 9 INFO neutron.wsgi [None req-b5a3c6f2-d7be-4af6-8ec7-6bb12744b2d4 6b4c5e6b20194522ae8751eb8146da01 5499d54aec2e45edb63bc49eb8e062a4 - - default default] 10.0.0.10 "DELETE /v2.0/security-groups/7addf3b2-a016-4c55-ace5-4d595453d4e3 HTTP/1.1" status: 204 len: 168 time: 0.3020103
2026-05-12 17:41:44.678 9 INFO neutron.wsgi [None req-73e13f3f-4b19-4620-8336-49fb7a7c14c4 6b4c5e6b20194522ae8751eb8146da01 5499d54aec2e45edb63bc49eb8e062a4 - - default default] 10.0.0.10 "DELETE /v2.0/security-groups/0d6c6229-b8db-4f94-b14b-083d47beea3a HTTP/1.1" status: 204 len: 168 time: 0.2909279
2026-05-12 17:41:44.700 9 INFO neutron.db.ovn_revision_numbers_db [None req-3880e843-1ba0-484b-86e0-5e27fe11b091 f069c57358ff4a8f88b0d811773fd207 263a0f28269c4d61a3bccd45af6cd9da - - default default] Successfully bumped revision number for resource 8c218bea-1ea1-449f-874c-f1822980439d (type: security_groups) to 1
2026-05-12 17:41:44.716 9 INFO neutron.db.ovn_revision_numbers_db [None req-3880e843-1ba0-484b-86e0-5e27fe11b091 f069c57358ff4a8f88b0d811773fd207 263a0f28269c4d61a3bccd45af6cd9da - - default default] Successfully bumped revision number for resource 1a9c8b8c-5cc8-4cc4-ba48-bc3d1552e42b (type: security_group_rules) to 0
2026-05-12 17:41:44.729 9 INFO neutron.db.ovn_revision_numbers_db [None req-3880e843-1ba0-484b-86e0-5e27fe11b091 f069c57358ff4a8f88b0d811773fd207 263a0f28269c4d61a3bccd45af6cd9da - - default default] Successfully bumped revision number for resource 69025a1c-d0b9-482a-80f8-84a46485b828 (type: security_group_rules) to 0
2026-05-12 17:41:44.742 9 INFO neutron.db.ovn_revision_numbers_db [None req-3880e843-1ba0-484b-86e0-5e27fe11b091 f069c57358ff4a8f88b0d811773fd207 263a0f28269c4d61a3bccd45af6cd9da - - default default] Successfully bumped revision number for resource 74b8cf31-4d59-4344-baf0-9cb82a9f0760 (type: security_group_rules) to 0
2026-05-12 17:41:44.754 9 INFO neutron.db.ovn_revision_numbers_db [None req-3880e843-1ba0-484b-86e0-5e27fe11b091 f069c57358ff4a8f88b0d811773fd207 263a0f28269c4d61a3bccd45af6cd9da - - default default] Successfully bumped revision number for resource e7ea448e-5ad1-4acc-bfb6-00b0f86f6679 (type: security_group_rules) to 0
2026-05-12 17:41:44.807 9 INFO neutron.db.segments_db [None req-3880e843-1ba0-484b-86e0-5e27fe11b091 f069c57358ff4a8f88b0d811773fd207 263a0f28269c4d61a3bccd45af6cd9da - - default default] Added segment 984c1a80-7a1c-4603-b251-15b5dec7016f of type geneve for network 5c8fff12-2241-40fd-aa6e-4650a3345d49
2026-05-12 17:41:44.953 9 INFO neutron.db.ovn_revision_numbers_db [None req-3880e843-1ba0-484b-86e0-5e27fe11b091 f069c57358ff4a8f88b0d811773fd207 263a0f28269c4d61a3bccd45af6cd9da - - default default] Successfully bumped revision number for resource 5c8fff12-2241-40fd-aa6e-4650a3345d49 (type: networks) to 1
2026-05-12 17:41:45.150 9 WARNING neutron.scheduler.dhcp_agent_scheduler [None req-3880e843-1ba0-484b-86e0-5e27fe11b091 f069c57358ff4a8f88b0d811773fd207 263a0f28269c4d61a3bccd45af6cd9da - - default default] No more DHCP agents
2026-05-12 17:41:45.153 9 WARNING neutron.api.rpc.agentnotifiers.dhcp_rpc_agent_api [None req-3880e843-1ba0-484b-86e0-5e27fe11b091 f069c57358ff4a8f88b0d811773fd207 263a0f28269c4d61a3bccd45af6cd9da - - default default] Unable to schedule network 5c8fff12-2241-40fd-aa6e-4650a3345d49: no agents available; will retry on subsequent port and subnet creation events.
2026-05-12 17:41:45.239 9 INFO neutron.db.ovn_revision_numbers_db [None req-3880e843-1ba0-484b-86e0-5e27fe11b091 f069c57358ff4a8f88b0d811773fd207 263a0f28269c4d61a3bccd45af6cd9da - - default default] Successfully bumped revision number for resource 80c0c519-755d-4070-b111-a1af7c949083 (type: ports) to 1
2026-05-12 17:41:45.274 9 INFO neutron.wsgi [None req-3880e843-1ba0-484b-86e0-5e27fe11b091 f069c57358ff4a8f88b0d811773fd207 263a0f28269c4d61a3bccd45af6cd9da - - default default] 10.0.0.10 "POST /v2.0/networks HTTP/1.1" status: 201 len: 843 time: 0.8907797
2026-05-12 17:41:45.315 9 WARNING neutron_lib.context [None req-5f46b0e5-cd27-4864-ae98-14294210a13f f069c57358ff4a8f88b0d811773fd207 263a0f28269c4d61a3bccd45af6cd9da - - default default] Method 'is_advsvc' is deprecated since 2023.2 release (neutron-lib 3.8.0) and will be removed once support for the old RBAC API policies will be removed from Neutron. Please use method 'is_service_role' instead.
2026-05-12 17:41:45.327 10 INFO neutron.plugins.ml2.drivers.ovn.mech_driver.ovsdb.commands [None req-6647ba9b-5edc-40e0-9526-2fa6bb783dc6 - - - - - -] Schedule LRP lrp-c947ad2d-5298-4763-b711-351d849ce3ba on gateway 21476915-6c2b-4155-a04d-480e22b4ea5e with priority 1
2026-05-12 17:41:45.362 9 INFO neutron.plugins.ml2.drivers.ovn.mech_driver.ovsdb.ovsdb_monitor [None req-b5684a96-3ed8-494f-9c13-a93747b26bdc - - - - - -] Router 24b0ee2e-c4ba-4472-b542-580b59fce473 is bound to host instance
2026-05-12 17:41:45.366 9 INFO neutron.plugins.ml2.drivers.ovn.mech_driver.mech_driver [None req-0598d071-2ca4-4675-b709-3cb2fa70dbe6 - - - - - -] OVN reports status up for port: c947ad2d-5298-4763-b711-351d849ce3ba
2026-05-12 17:41:45.379 10 INFO neutron.db.ovn_revision_numbers_db [None req-cca26955-c4ed-4ff3-9797-72a8d0480956 b6b7dadde55140a1abc7919a1345e866 e4568f655de54b83947a30fc8e02f8ee - - default default] Successfully bumped revision number for resource c947ad2d-5298-4763-b711-351d849ce3ba (type: router_ports) to 1
2026-05-12 17:41:45.402 9 INFO neutron.plugins.ml2.plugin [None req-0598d071-2ca4-4675-b709-3cb2fa70dbe6 - - - - - -] Attempt 1 to provision port c947ad2d-5298-4763-b711-351d849ce3ba
2026-05-12 17:41:45.448 10 INFO neutron.db.ovn_revision_numbers_db [None req-cca26955-c4ed-4ff3-9797-72a8d0480956 b6b7dadde55140a1abc7919a1345e866 e4568f655de54b83947a30fc8e02f8ee - - default default] Successfully bumped revision number for resource 24b0ee2e-c4ba-4472-b542-580b59fce473 (type: routers) to 2
2026-05-12 17:41:45.473 10 INFO neutron.wsgi [None req-cca26955-c4ed-4ff3-9797-72a8d0480956 b6b7dadde55140a1abc7919a1345e866 e4568f655de54b83947a30fc8e02f8ee - - default default] 10.0.0.10 "POST /v2.0/routers HTTP/1.1" status: 201 len: 1154 time: 1.9474173
2026-05-12 17:41:45.672 10 INFO neutron.wsgi [None req-aee033eb-a434-44a4-93c7-bdabfa4b7ca9 0983082005494fe3820ffe080fefe900 15afcb6186f549ef97df74f5f9036c2d - - default default] 10.0.0.10 "GET /v2.0/subnets?project_id=e4568f655de54b83947a30fc8e02f8ee&cidr=10.100.0.0%2F28 HTTP/1.1" status: 200 len: 207 time: 0.1935492
2026-05-12 17:41:45.720 9 WARNING neutron.scheduler.dhcp_agent_scheduler [None req-5f46b0e5-cd27-4864-ae98-14294210a13f f069c57358ff4a8f88b0d811773fd207 263a0f28269c4d61a3bccd45af6cd9da - - default default] No more DHCP agents
2026-05-12 17:41:45.722 9 WARNING neutron.api.rpc.agentnotifiers.dhcp_rpc_agent_api [None req-5f46b0e5-cd27-4864-ae98-14294210a13f f069c57358ff4a8f88b0d811773fd207 263a0f28269c4d61a3bccd45af6cd9da - - default default] Unable to schedule network 5c8fff12-2241-40fd-aa6e-4650a3345d49: no agents available; will retry on subsequent port and subnet creation events.
2026-05-12 17:41:45.760 10 INFO neutron.wsgi [None req-01caa2b9-4fa5-45d0-b89b-22c124d55b21 0983082005494fe3820ffe080fefe900 15afcb6186f549ef97df74f5f9036c2d - - default default] 10.0.0.10 "GET /v2.0/networks?router%3Aexternal=True HTTP/1.1" status: 200 len: 947 time: 0.0817430
2026-05-12 17:41:45.797 10 INFO neutron.wsgi [None req-6b4169c2-2902-473f-9806-97574ff04062 0983082005494fe3820ffe080fefe900 15afcb6186f549ef97df74f5f9036c2d - - default default] 10.0.0.10 "GET /v2.0/subnets?network_id=59ab5d54-7f78-4e46-af26-62d646e192f9&cidr=10.100.0.0%2F28 HTTP/1.1" status: 200 len: 207 time: 0.0226402
2026-05-12 17:41:45.805 10 WARNING neutron_lib.context [None req-17d73d4d-db48-41c4-96fc-4922d47f5649 b6b7dadde55140a1abc7919a1345e866 e4568f655de54b83947a30fc8e02f8ee - - default default] Method 'is_advsvc' is deprecated since 2023.2 release (neutron-lib 3.8.0) and will be removed once support for the old RBAC API policies will be removed from Neutron. Please use method 'is_service_role' instead.
2026-05-12 17:41:46.042 10 WARNING neutron.scheduler.dhcp_agent_scheduler [None req-17d73d4d-db48-41c4-96fc-4922d47f5649 b6b7dadde55140a1abc7919a1345e866 e4568f655de54b83947a30fc8e02f8ee - - default default] No more DHCP agents
2026-05-12 17:41:46.045 10 WARNING neutron.api.rpc.agentnotifiers.dhcp_rpc_agent_api [None req-17d73d4d-db48-41c4-96fc-4922d47f5649 b6b7dadde55140a1abc7919a1345e866 e4568f655de54b83947a30fc8e02f8ee - - default default] Unable to schedule network 79d6e926-7285-4e8c-8a83-bb4423c01e91: no agents available; will retry on subsequent port and subnet creation events.
2026-05-12 17:41:46.068 10 WARNING neutron.plugins.ml2.drivers.ovn.mech_driver.ovsdb.ovn_client [None req-0cea73f1-d282-4d2c-8653-bd03774ee440 - - - - - -] No port found with ID ced4e0f0-bd5e-46f4-8362-141e865b12d6: RuntimeError: No port found with ID ced4e0f0-bd5e-46f4-8362-141e865b12d6
2026-05-12 17:41:46.641 10 INFO neutron.db.ovn_revision_numbers_db [None req-17d73d4d-db48-41c4-96fc-4922d47f5649 b6b7dadde55140a1abc7919a1345e866 e4568f655de54b83947a30fc8e02f8ee - - default default] Successfully bumped revision number for resource 2bad7e74-e108-4a29-bbad-2e289f668733 (type: ports) to 2
2026-05-12 17:41:46.665 10 WARNING neutron_lib.context [None req-fea0e94a-d434-4b15-b005-a1711906b0c0 53c893a683bb4b868d27ebda621d0798 6d2e4ac61b68429395b305053f9bd74e - - default default] Method 'is_advsvc' is deprecated since 2023.2 release (neutron-lib 3.8.0) and will be removed once support for the old RBAC API policies will be removed from Neutron. Please use method 'is_service_role' instead.
2026-05-12 17:41:46.702 10 INFO neutron.db.ovn_revision_numbers_db [None req-17d73d4d-db48-41c4-96fc-4922d47f5649 b6b7dadde55140a1abc7919a1345e866 e4568f655de54b83947a30fc8e02f8ee - - default default] Successfully bumped revision number for resource 57f48409-c8aa-4f9a-8407-1a6a938a7576 (type: subnets) to 0
2026-05-12 17:41:46.721 10 INFO neutron.wsgi [None req-17d73d4d-db48-41c4-96fc-4922d47f5649 b6b7dadde55140a1abc7919a1345e866 e4568f655de54b83947a30fc8e02f8ee - - default default] 10.0.0.10 "POST /v2.0/subnets HTTP/1.1" status: 201 len: 831 time: 0.9196529
2026-05-12 17:41:46.728 9 INFO neutron.db.ovn_revision_numbers_db [None req-b5684a96-3ed8-494f-9c13-a93747b26bdc - - - - - -] Successfully bumped revision number for resource c947ad2d-5298-4763-b711-351d849ce3ba (type: ports) to 1
2026-05-12 17:41:46.796 9 INFO neutron.db.ovn_revision_numbers_db [None req-5f46b0e5-cd27-4864-ae98-14294210a13f f069c57358ff4a8f88b0d811773fd207 263a0f28269c4d61a3bccd45af6cd9da - - default default] Successfully bumped revision number for resource 80c0c519-755d-4070-b111-a1af7c949083 (type: ports) to 2
2026-05-12 17:41:46.847 9 INFO neutron.db.ovn_revision_numbers_db [None req-5f46b0e5-cd27-4864-ae98-14294210a13f f069c57358ff4a8f88b0d811773fd207 263a0f28269c4d61a3bccd45af6cd9da - - default default] Successfully bumped revision number for resource 3dd6e66a-dacb-4d0e-81f4-e019edce0cc4 (type: subnets) to 0
2026-05-12 17:41:46.881 9 INFO neutron.wsgi [None req-5f46b0e5-cd27-4864-ae98-14294210a13f f069c57358ff4a8f88b0d811773fd207 263a0f28269c4d61a3bccd45af6cd9da - - default default] 10.0.0.10 "POST /v2.0/subnets HTTP/1.1" status: 201 len: 816 time: 1.5744565
2026-05-12 17:41:46.891 9 WARNING neutron_lib.context [None req-3b597a13-0d3b-417d-9603-14fc9baebc98 f069c57358ff4a8f88b0d811773fd207 263a0f28269c4d61a3bccd45af6cd9da - - default default] Method 'is_advsvc' is deprecated since 2023.2 release (neutron-lib 3.8.0) and will be removed once support for the old RBAC API policies will be removed from Neutron. Please use method 'is_service_role' instead.
2026-05-12 17:41:46.899 10 INFO neutron.db.ovn_revision_numbers_db [None req-fea0e94a-d434-4b15-b005-a1711906b0c0 53c893a683bb4b868d27ebda621d0798 6d2e4ac61b68429395b305053f9bd74e - - default default] Successfully bumped revision number for resource 9cf79905-cbd4-48e9-b579-7e718bc11393 (type: security_groups) to 1
2026-05-12 17:41:46.918 10 INFO neutron.db.ovn_revision_numbers_db [None req-fea0e94a-d434-4b15-b005-a1711906b0c0 53c893a683bb4b868d27ebda621d0798 6d2e4ac61b68429395b305053f9bd74e - - default default] Successfully bumped revision number for resource 5abd631b-fe25-42e5-8986-1264f13be3b9 (type: security_group_rules) to 0
2026-05-12 17:41:46.942 10 INFO neutron.db.ovn_revision_numbers_db [None req-fea0e94a-d434-4b15-b005-a1711906b0c0 53c893a683bb4b868d27ebda621d0798 6d2e4ac61b68429395b305053f9bd74e - - default default] Successfully bumped revision number for resource 84a2ba34-21ce-4b6f-8bab-ba643d0c1c18 (type: security_group_rules) to 0
2026-05-12 17:41:46.962 10 INFO neutron.db.ovn_revision_numbers_db [None req-fea0e94a-d434-4b15-b005-a1711906b0c0 53c893a683bb4b868d27ebda621d0798 6d2e4ac61b68429395b305053f9bd74e - - default default] Successfully bumped revision number for resource 9f07797a-f905-4b5e-ad9e-07a2caf6106f (type: security_group_rules) to 0
2026-05-12 17:41:46.979 10 INFO neutron.db.ovn_revision_numbers_db [None req-fea0e94a-d434-4b15-b005-a1711906b0c0 53c893a683bb4b868d27ebda621d0798 6d2e4ac61b68429395b305053f9bd74e - - default default] Successfully bumped revision number for resource be86ac03-bd72-4ad5-99b8-bdf3ee3089e5 (type: security_group_rules) to 0
2026-05-12 17:41:47.032 9 INFO neutron.db.segments_db [None req-3b597a13-0d3b-417d-9603-14fc9baebc98 f069c57358ff4a8f88b0d811773fd207 263a0f28269c4d61a3bccd45af6cd9da - - default default] Added segment de4aa9c5-3eb7-46d5-9678-6b5a6bbf90e8 of type geneve for network 41aa092e-0005-4460-b6ee-f86be00c8d3b
2026-05-12 17:41:47.045 10 INFO neutron.db.segments_db [None req-fea0e94a-d434-4b15-b005-a1711906b0c0 53c893a683bb4b868d27ebda621d0798 6d2e4ac61b68429395b305053f9bd74e - - default default] Added segment 828856f4-a1d5-49c8-b20e-87c1e1043f3f of type geneve for network 556d5202-d9df-46e5-88b7-330bcc37f4c6
2026-05-12 17:41:47.169 9 INFO neutron.db.ovn_revision_numbers_db [None req-b5684a96-3ed8-494f-9c13-a93747b26bdc - - - - - -] Successfully bumped revision number for resource c947ad2d-5298-4763-b711-351d849ce3ba (type: router_ports) to 3
2026-05-12 17:41:47.227 9 INFO neutron.db.ovn_revision_numbers_db [None req-3b597a13-0d3b-417d-9603-14fc9baebc98 f069c57358ff4a8f88b0d811773fd207 263a0f28269c4d61a3bccd45af6cd9da - - default default] Successfully bumped revision number for resource 41aa092e-0005-4460-b6ee-f86be00c8d3b (type: networks) to 1
2026-05-12 17:41:47.286 10 INFO neutron.db.ovn_revision_numbers_db [None req-fea0e94a-d434-4b15-b005-a1711906b0c0 53c893a683bb4b868d27ebda621d0798 6d2e4ac61b68429395b305053f9bd74e - - default default] Successfully bumped revision number for resource 556d5202-d9df-46e5-88b7-330bcc37f4c6 (type: networks) to 1
2026-05-12 17:41:47.473 9 WARNING neutron.scheduler.dhcp_agent_scheduler [None req-3b597a13-0d3b-417d-9603-14fc9baebc98 f069c57358ff4a8f88b0d811773fd207 263a0f28269c4d61a3bccd45af6cd9da - - default default] No more DHCP agents
2026-05-12 17:41:47.476 9 WARNING neutron.api.rpc.agentnotifiers.dhcp_rpc_agent_api [None req-3b597a13-0d3b-417d-9603-14fc9baebc98 f069c57358ff4a8f88b0d811773fd207 263a0f28269c4d61a3bccd45af6cd9da - - default default] Unable to schedule network 41aa092e-0005-4460-b6ee-f86be00c8d3b: no agents available; will retry on subsequent port and subnet creation events.
2026-05-12 17:41:47.539 9 INFO neutron.db.ovn_revision_numbers_db [None req-b5684a96-3ed8-494f-9c13-a93747b26bdc - - - - - -] Successfully bumped revision number for resource c947ad2d-5298-4763-b711-351d849ce3ba (type: ports) to 2
2026-05-12 17:41:47.559 10 WARNING neutron.scheduler.dhcp_agent_scheduler [None req-fea0e94a-d434-4b15-b005-a1711906b0c0 53c893a683bb4b868d27ebda621d0798 6d2e4ac61b68429395b305053f9bd74e - - default default] No more DHCP agents
2026-05-12 17:41:47.559 10 WARNING neutron.scheduler.dhcp_agent_scheduler [None req-d2bb6027-b141-4248-a223-34e34a10608f b6b7dadde55140a1abc7919a1345e866 e4568f655de54b83947a30fc8e02f8ee - - default default] No more DHCP agents
2026-05-12 17:41:47.561 10 WARNING neutron.api.rpc.agentnotifiers.dhcp_rpc_agent_api [None req-fea0e94a-d434-4b15-b005-a1711906b0c0 53c893a683bb4b868d27ebda621d0798 6d2e4ac61b68429395b305053f9bd74e - - default default] Unable to schedule network 556d5202-d9df-46e5-88b7-330bcc37f4c6: no agents available; will retry on subsequent port and subnet creation events.
2026-05-12 17:41:47.564 10 WARNING neutron.api.rpc.agentnotifiers.dhcp_rpc_agent_api [None req-d2bb6027-b141-4248-a223-34e34a10608f b6b7dadde55140a1abc7919a1345e866 e4568f655de54b83947a30fc8e02f8ee - - default default] Unable to schedule network 79d6e926-7285-4e8c-8a83-bb4423c01e91: no agents available; will retry on subsequent port and subnet creation events.
2026-05-12 17:41:47.589 9 INFO neutron.db.ovn_revision_numbers_db [None req-3b597a13-0d3b-417d-9603-14fc9baebc98 f069c57358ff4a8f88b0d811773fd207 263a0f28269c4d61a3bccd45af6cd9da - - default default] Successfully bumped revision number for resource c5364f86-9a2d-4fd7-ba78-782d0072c7ec (type: ports) to 1
2026-05-12 17:41:47.621 9 INFO neutron.wsgi [None req-3b597a13-0d3b-417d-9603-14fc9baebc98 f069c57358ff4a8f88b0d811773fd207 263a0f28269c4d61a3bccd45af6cd9da - - default default] 10.0.0.10 "POST /v2.0/networks HTTP/1.1" status: 201 len: 843 time: 0.7352173
2026-05-12 17:41:47.685 10 INFO neutron.db.ovn_revision_numbers_db [None req-fea0e94a-d434-4b15-b005-a1711906b0c0 53c893a683bb4b868d27ebda621d0798 6d2e4ac61b68429395b305053f9bd74e - - default default] Successfully bumped revision number for resource 4f0f29af-80f3-4a09-9230-7544180544d7 (type: ports) to 1
2026-05-12 17:41:47.899 9 INFO neutron.db.ovn_revision_numbers_db [None req-0088ff01-889a-4978-8ea4-4fe27e6b4dcf f069c57358ff4a8f88b0d811773fd207 263a0f28269c4d61a3bccd45af6cd9da - - default default] Successfully bumped revision number for resource 41aa092e-0005-4460-b6ee-f86be00c8d3b (type: networks) to 2
2026-05-12 17:41:47.903 9 INFO neutron.wsgi [None req-0088ff01-889a-4978-8ea4-4fe27e6b4dcf f069c57358ff4a8f88b0d811773fd207 263a0f28269c4d61a3bccd45af6cd9da - - default default] 10.0.0.10 "PUT /v2.0/networks/41aa092e-0005-4460-b6ee-f86be00c8d3b HTTP/1.1" status: 200 len: 792 time: 0.2771463
2026-05-12 17:41:47.917 9 WARNING neutron_lib.context [None req-2cfe8a01-c957-43b4-ad2f-7eada120f009 f069c57358ff4a8f88b0d811773fd207 263a0f28269c4d61a3bccd45af6cd9da - - default default] Method 'is_advsvc' is deprecated since 2023.2 release (neutron-lib 3.8.0) and will be removed once support for the old RBAC API policies will be removed from Neutron. Please use method 'is_service_role' instead.
2026-05-12 17:41:47.975 10 INFO neutron.wsgi [None req-fea0e94a-d434-4b15-b005-a1711906b0c0 53c893a683bb4b868d27ebda621d0798 6d2e4ac61b68429395b305053f9bd74e - - default default] 10.0.0.10 "POST /v2.0/networks HTTP/1.1" status: 201 len: 829 time: 1.5807292
2026-05-12 17:41:47.985 10 WARNING neutron_lib.context [None req-252f70a4-a431-4f6f-8a2c-7e4e30d09c88 53c893a683bb4b868d27ebda621d0798 6d2e4ac61b68429395b305053f9bd74e - - default default] Method 'is_advsvc' is deprecated since 2023.2 release (neutron-lib 3.8.0) and will be removed once support for the old RBAC API policies will be removed from Neutron. Please use method 'is_service_role' instead.
2026-05-12 17:41:48.043 10 INFO neutron.db.ovn_revision_numbers_db [None req-d2bb6027-b141-4248-a223-34e34a10608f b6b7dadde55140a1abc7919a1345e866 e4568f655de54b83947a30fc8e02f8ee - - default default] Successfully bumped revision number for resource f14bae01-6c1a-4ca0-9183-243b3c7d08d7 (type: ports) to 1
2026-05-12 17:41:48.079 10 INFO neutron.db.segments_db [None req-252f70a4-a431-4f6f-8a2c-7e4e30d09c88 53c893a683bb4b868d27ebda621d0798 6d2e4ac61b68429395b305053f9bd74e - - default default] Added segment db1f9b8e-df1a-44a1-8ecd-8dc6a91b9397 of type geneve for network fcc53f99-2a18-4df3-9fe9-17f8b2099777
2026-05-12 17:41:48.098 9 INFO neutron.db.ovn_revision_numbers_db [None req-b5684a96-3ed8-494f-9c13-a93747b26bdc - - - - - -] Successfully bumped revision number for resource c947ad2d-5298-4763-b711-351d849ce3ba (type: ports) to 4
2026-05-12 17:41:48.265 10 INFO neutron.db.ovn_revision_numbers_db [None req-252f70a4-a431-4f6f-8a2c-7e4e30d09c88 53c893a683bb4b868d27ebda621d0798 6d2e4ac61b68429395b305053f9bd74e - - default default] Successfully bumped revision number for resource fcc53f99-2a18-4df3-9fe9-17f8b2099777 (type: networks) to 1
2026-05-12 17:41:48.486 10 WARNING neutron.scheduler.dhcp_agent_scheduler [None req-252f70a4-a431-4f6f-8a2c-7e4e30d09c88 53c893a683bb4b868d27ebda621d0798 6d2e4ac61b68429395b305053f9bd74e - - default default] No more DHCP agents
2026-05-12 17:41:48.492 10 WARNING neutron.api.rpc.agentnotifiers.dhcp_rpc_agent_api [None req-252f70a4-a431-4f6f-8a2c-7e4e30d09c88 53c893a683bb4b868d27ebda621d0798 6d2e4ac61b68429395b305053f9bd74e - - default default] Unable to schedule network fcc53f99-2a18-4df3-9fe9-17f8b2099777: no agents available; will retry on subsequent port and subnet creation events.
2026-05-12 17:41:48.513 9 WARNING neutron.scheduler.dhcp_agent_scheduler [None req-2cfe8a01-c957-43b4-ad2f-7eada120f009 f069c57358ff4a8f88b0d811773fd207 263a0f28269c4d61a3bccd45af6cd9da - - default default] No more DHCP agents
2026-05-12 17:41:48.516 9 WARNING neutron.api.rpc.agentnotifiers.dhcp_rpc_agent_api [None req-2cfe8a01-c957-43b4-ad2f-7eada120f009 f069c57358ff4a8f88b0d811773fd207 263a0f28269c4d61a3bccd45af6cd9da - - default default] Unable to schedule network 41aa092e-0005-4460-b6ee-f86be00c8d3b: no agents available; will retry on subsequent port and subnet creation events.
2026-05-12 17:41:48.601 10 INFO neutron.db.ovn_revision_numbers_db [None req-252f70a4-a431-4f6f-8a2c-7e4e30d09c88 53c893a683bb4b868d27ebda621d0798 6d2e4ac61b68429395b305053f9bd74e - - default default] Successfully bumped revision number for resource f86064a0-c6f5-4634-928d-8a150f1cdd2c (type: ports) to 1
2026-05-12 17:41:48.658 10 INFO neutron.wsgi [None req-252f70a4-a431-4f6f-8a2c-7e4e30d09c88 53c893a683bb4b868d27ebda621d0798 6d2e4ac61b68429395b305053f9bd74e - - default default] 10.0.0.10 "POST /v2.0/networks HTTP/1.1" status: 201 len: 828 time: 0.6784136
2026-05-12 17:41:48.666 10 WARNING neutron_lib.context [None req-01c0319f-2ac1-4ab6-af88-adc83ed42457 53c893a683bb4b868d27ebda621d0798 6d2e4ac61b68429395b305053f9bd74e - - default default] Method 'is_advsvc' is deprecated since 2023.2 release (neutron-lib 3.8.0) and will be removed once support for the old RBAC API policies will be removed from Neutron. Please use method 'is_service_role' instead.
2026-05-12 17:41:48.725 9 INFO neutron.db.ovn_revision_numbers_db [None req-b5684a96-3ed8-494f-9c13-a93747b26bdc - - - - - -] Successfully bumped revision number for resource c947ad2d-5298-4763-b711-351d849ce3ba (type: router_ports) to 4
2026-05-12 17:41:48.847 10 ERROR ovsdbapp.backend.ovs_idl.command [None req-d2bb6027-b141-4248-a223-34e34a10608f b6b7dadde55140a1abc7919a1345e866 e4568f655de54b83947a30fc8e02f8ee - - default default] Error executing command (DbGetCommand): ovsdbapp.backend.ovs_idl.idlutils.RowNotFound: Cannot find Logical_Router_Port with name=lrp-f14bae01-6c1a-4ca0-9183-243b3c7d08d7
2026-05-12 17:41:48.847 10 ERROR ovsdbapp.backend.ovs_idl.command
Traceback (most recent call last):
2026-05-12 17:41:48.847 10 ERROR ovsdbapp.backend.ovs_idl.command
File "/var/lib/openstack/lib/python3.10/site-packages/ovsdbapp/backend/ovs_idl/command.py", line 47, in execute
2026-05-12 17:41:48.847 10 ERROR ovsdbapp.backend.ovs_idl.command self.run_idl(None)
2026-05-12 17:41:48.847 10 ERROR ovsdbapp.backend.ovs_idl.command
File "/var/lib/openstack/lib/python3.10/site-packages/ovsdbapp/backend/ovs_idl/command.py", line 235, in run_idl
2026-05-12 17:41:48.847 10 ERROR ovsdbapp.backend.ovs_idl.command record = self.api.lookup(self.table, self.record)
2026-05-12 17:41:48.847 10 ERROR ovsdbapp.backend.ovs_idl.command
File "/var/lib/openstack/lib/python3.10/site-packages/ovsdbapp/backend/ovs_idl/__init__.py", line 184, in lookup
2026-05-12 17:41:48.847 10 ERROR ovsdbapp.backend.ovs_idl.command return self._lookup(table, record)
2026-05-12 17:41:48.847 10 ERROR ovsdbapp.backend.ovs_idl.command
File "/var/lib/openstack/lib/python3.10/site-packages/ovsdbapp/backend/ovs_idl/__init__.py", line 235, in _lookup
2026-05-12 17:41:48.847 10 ERROR ovsdbapp.backend.ovs_idl.command row = idlutils.row_by_value(self, rl.table, rl.column, record)
2026-05-12 17:41:48.847 10 ERROR ovsdbapp.backend.ovs_idl.command
File "/var/lib/openstack/lib/python3.10/site-packages/ovsdbapp/backend/ovs_idl/idlutils.py", line 114, in row_by_value
2026-05-12 17:41:48.847 10 ERROR ovsdbapp.backend.ovs_idl.command raise RowNotFound(table=table, col=column, match=match)
2026-05-12 17:41:48.847 10 ERROR ovsdbapp.backend.ovs_idl.command ovsdbapp.backend.ovs_idl.idlutils.RowNotFound: Cannot find Logical_Router_Port with name=lrp-f14bae01-6c1a-4ca0-9183-243b3c7d08d7
2026-05-12 17:41:48.847 10 ERROR ovsdbapp.backend.ovs_idl.command 
2026-05-12 17:41:48.848 10 ERROR neutron_lib.callbacks.manager [None req-d2bb6027-b141-4248-a223-34e34a10608f b6b7dadde55140a1abc7919a1345e866 e4568f655de54b83947a30fc8e02f8ee - - default default] Error during notification for neutron.services.ovn_l3.plugin.OVNL3RouterPlugin._port_update-8779838101231 port, after_update: ovsdbapp.backend.ovs_idl.idlutils.RowNotFound: Cannot find Logical_Router_Port with name=lrp-f14bae01-6c1a-4ca0-9183-243b3c7d08d7
2026-05-12 17:41:48.848 10 ERROR neutron_lib.callbacks.manager
Traceback (most recent call last):
2026-05-12 17:41:48.848 10 ERROR neutron_lib.callbacks.manager
File "/var/lib/openstack/lib/python3.10/site-packages/neutron_lib/callbacks/manager.py", line 189, in _notify_loop
