2026-05-12 17:40:45.708 9 INFO neutron.db.ovn_revision_numbers_db [None req-529588b1-8a52-4cab-9a77-dbc8bdef3135 3497cf56477d427a848e9a836658e09d 114bec232f4147968fdbcd16ddfe742f - - default default] Successfully bumped revision number for resource a9fd5fb3-7213-453d-8f96-2ad413f46954 (type: security_group_rules) to 0
2026-05-12 17:40:45.734 9 INFO neutron.wsgi [None req-529588b1-8a52-4cab-9a77-dbc8bdef3135 3497cf56477d427a848e9a836658e09d 114bec232f4147968fdbcd16ddfe742f - - default default] 10.0.0.10 "POST /v2.0/security-group-rules HTTP/1.1" status: 201 len: 801 time: 0.1584492
2026-05-12 17:40:45.736 10 INFO neutron.wsgi [req-ca50b5ca-5827-4899-baae-ca53b1ccb5f6 req-0145b029-8001-40e4-bae3-a22ac25e3cc3 d29ffc22dbc548029f6f538cdace1a2f 32d37bd481b44e8f81bf2236fdaee27f - - b1dd350c040745ada743c8d896724cf9 b1dd350c040745ada743c8d896724cf9] 10.0.0.98 "GET /v2.0/security-groups?id=ea1450f3-97ec-41f4-91be-37cd38232919&fields=id&fields=name HTTP/1.1" status: 200 len: 312 time: 0.3217971
2026-05-12 17:40:45.743 10 WARNING neutron_lib.context [None req-bb5a4c02-3603-4f27-ab26-e70ca3685487 3497cf56477d427a848e9a836658e09d 114bec232f4147968fdbcd16ddfe742f - - default default] Method 'is_advsvc' is deprecated since 2023.2 release (neutron-lib 3.8.0) and will be removed once support for the old RBAC API policies will be removed from Neutron. Please use method 'is_service_role' instead.
2026-05-12 17:40:45.750 10 INFO neutron.db.ovn_revision_numbers_db [None req-1c54b277-215e-4e66-813e-94ad898f075a 61d9510bd2794e48a8420b961c875929 f360d2f420d945ddac236f589c31ffce - - default default] Successfully bumped revision number for resource 1c1a5579-624d-4d6e-82e3-b8fb2d164ceb (type: networks) to 1
2026-05-12 17:40:46.004 10 WARNING neutron.scheduler.dhcp_agent_scheduler [None req-1c54b277-215e-4e66-813e-94ad898f075a 61d9510bd2794e48a8420b961c875929 f360d2f420d945ddac236f589c31ffce - - default default] No more DHCP agents
2026-05-12 17:40:46.009 10 WARNING neutron.api.rpc.agentnotifiers.dhcp_rpc_agent_api [None req-1c54b277-215e-4e66-813e-94ad898f075a 61d9510bd2794e48a8420b961c875929 f360d2f420d945ddac236f589c31ffce - - default default] Unable to schedule network 1c1a5579-624d-4d6e-82e3-b8fb2d164ceb: no agents available; will retry on subsequent port and subnet creation events.
2026-05-12 17:40:46.128 10 WARNING neutron.scheduler.dhcp_agent_scheduler [None req-bb5a4c02-3603-4f27-ab26-e70ca3685487 3497cf56477d427a848e9a836658e09d 114bec232f4147968fdbcd16ddfe742f - - default default] No more DHCP agents
2026-05-12 17:40:46.135 10 WARNING neutron.api.rpc.agentnotifiers.dhcp_rpc_agent_api [None req-bb5a4c02-3603-4f27-ab26-e70ca3685487 3497cf56477d427a848e9a836658e09d 114bec232f4147968fdbcd16ddfe742f - - default default] Unable to schedule network 59ab5d54-7f78-4e46-af26-62d646e192f9: no agents available; will retry on subsequent port and subnet creation events.
2026-05-12 17:40:46.154 10 INFO neutron.db.ovn_revision_numbers_db [None req-1c54b277-215e-4e66-813e-94ad898f075a 61d9510bd2794e48a8420b961c875929 f360d2f420d945ddac236f589c31ffce - - default default] Successfully bumped revision number for resource fe7bbb8c-4100-432a-a6c6-065713709b22 (type: ports) to 1
2026-05-12 17:40:46.253 10 INFO neutron.db.ovn_revision_numbers_db [None req-1c54b277-215e-4e66-813e-94ad898f075a 61d9510bd2794e48a8420b961c875929 f360d2f420d945ddac236f589c31ffce - - default default] Successfully bumped revision number for resource 762c6d46-e754-4feb-adc5-ce03656a0066 (type: networks) to 1
2026-05-12 17:40:46.484 10 WARNING neutron.scheduler.dhcp_agent_scheduler [None req-1c54b277-215e-4e66-813e-94ad898f075a 61d9510bd2794e48a8420b961c875929 f360d2f420d945ddac236f589c31ffce - - default default] No more DHCP agents
2026-05-12 17:40:46.488 10 WARNING neutron.api.rpc.agentnotifiers.dhcp_rpc_agent_api [None req-1c54b277-215e-4e66-813e-94ad898f075a 61d9510bd2794e48a8420b961c875929 f360d2f420d945ddac236f589c31ffce - - default default] Unable to schedule network 762c6d46-e754-4feb-adc5-ce03656a0066: no agents available; will retry on subsequent port and subnet creation events.
2026-05-12 17:40:46.611 10 INFO neutron.db.ovn_revision_numbers_db [None req-1c54b277-215e-4e66-813e-94ad898f075a 61d9510bd2794e48a8420b961c875929 f360d2f420d945ddac236f589c31ffce - - default default] Successfully bumped revision number for resource 0fed0eab-8aa4-4ba2-a61e-6b8fa1a2e4a6 (type: ports) to 1
2026-05-12 17:40:46.619 10 INFO neutron.wsgi [None req-bb5a4c02-3603-4f27-ab26-e70ca3685487 3497cf56477d427a848e9a836658e09d 114bec232f4147968fdbcd16ddfe742f - - default default] 10.0.0.10 "POST /v2.0/floatingips HTTP/1.1" status: 201 len: 751 time: 0.8797052
2026-05-12 17:40:46.647 10 INFO neutron.wsgi [None req-1c54b277-215e-4e66-813e-94ad898f075a 61d9510bd2794e48a8420b961c875929 f360d2f420d945ddac236f589c31ffce - - default default] 10.0.0.10 "POST /v2.0/networks HTTP/1.1" status: 201 len: 1445 time: 1.9067917
2026-05-12 17:40:46.765 10 INFO neutron.wsgi [None req-6897a6f2-f7c1-46ff-bb5c-2cc525092684 61d9510bd2794e48a8420b961c875929 f360d2f420d945ddac236f589c31ffce - - default default] 10.0.0.10 "GET /v2.0/networks HTTP/1.1" status: 200 len: 2051 time: 0.1117041
2026-05-12 17:40:47.185 10 INFO neutron.services.segments.plugin [-] Segment 4469efcf-f186-42a5-909f-02fd557f5e6a resource provider aggregate not found
2026-05-12 17:40:47.192 10 INFO neutron.services.segments.plugin [-] Segment 4469efcf-f186-42a5-909f-02fd557f5e6a resource provider aggregate not found
2026-05-12 17:40:47.206 9 INFO neutron.db.ovn_revision_numbers_db [None req-76a60922-3d67-4b0b-aa59-1968691f5459 6b4c5e6b20194522ae8751eb8146da01 5499d54aec2e45edb63bc49eb8e062a4 - - default default] Successfully bumped revision number for resource 522ef026-f800-4fdd-b1cc-59f2fd91eb51 (type: security_groups) to 1
2026-05-12 17:40:47.215 10 INFO neutron.services.segments.plugin [-] Segment 4469efcf-f186-42a5-909f-02fd557f5e6a resource provider not found; error: Placement Client Error (4xx): {"errors": [{"status": 404, "title": "Not Found", "detail": "The resource could not be found.\n\n No resource provider with uuid 4469efcf-f186-42a5-909f-02fd557f5e6a found for delete ", "request_id": "req-851b6e3b-0d1c-48e5-a472-d448935db547"}]}
2026-05-12 17:40:47.215 10 INFO neutron.services.segments.plugin [-] Segment 4469efcf-f186-42a5-909f-02fd557f5e6a resource provider not found; error: Placement Client Error (4xx): {"errors": [{"status": 404, "title": "Not Found", "detail": "The resource could not be found.\n\n No resource provider with uuid 4469efcf-f186-42a5-909f-02fd557f5e6a found for delete ", "request_id": "req-89b33eb8-5e2f-4dd9-ae42-7a81c20ca41d"}]}
2026-05-12 17:40:47.229 10 INFO neutron.wsgi [None req-cd29ac1a-6edc-4732-a68a-d910152def68 61d9510bd2794e48a8420b961c875929 f360d2f420d945ddac236f589c31ffce - - default default] 10.0.0.10 "DELETE /v2.0/networks/1c1a5579-624d-4d6e-82e3-b8fb2d164ceb HTTP/1.1" status: 204 len: 168 time: 0.4584100
2026-05-12 17:40:47.250 9 INFO neutron.db.ovn_revision_numbers_db [None req-76a60922-3d67-4b0b-aa59-1968691f5459 6b4c5e6b20194522ae8751eb8146da01 5499d54aec2e45edb63bc49eb8e062a4 - - default default] Successfully bumped revision number for resource 4405cefe-da38-4d80-ba4a-b4a6615831c1 (type: security_group_rules) to 0
2026-05-12 17:40:47.290 9 INFO neutron.db.ovn_revision_numbers_db [None req-76a60922-3d67-4b0b-aa59-1968691f5459 6b4c5e6b20194522ae8751eb8146da01 5499d54aec2e45edb63bc49eb8e062a4 - - default default] Successfully bumped revision number for resource 50e3813d-0723-40ea-8177-cc4ae413ca37 (type: security_group_rules) to 0
2026-05-12 17:40:47.313 9 INFO neutron.db.ovn_revision_numbers_db [None req-76a60922-3d67-4b0b-aa59-1968691f5459 6b4c5e6b20194522ae8751eb8146da01 5499d54aec2e45edb63bc49eb8e062a4 - - default default] Successfully bumped revision number for resource 660665bf-5c3c-4cb4-a6da-041d9c4b6933 (type: security_group_rules) to 0
2026-05-12 17:40:47.340 9 INFO neutron.db.ovn_revision_numbers_db [None req-76a60922-3d67-4b0b-aa59-1968691f5459 6b4c5e6b20194522ae8751eb8146da01 5499d54aec2e45edb63bc49eb8e062a4 - - default default] Successfully bumped revision number for resource ff65fbbd-77a9-42ec-95f4-d6230089c384 (type: security_group_rules) to 0
2026-05-12 17:40:47.367 9 INFO neutron.wsgi [None req-76a60922-3d67-4b0b-aa59-1968691f5459 6b4c5e6b20194522ae8751eb8146da01 5499d54aec2e45edb63bc49eb8e062a4 - - default default] 10.0.0.10 "GET /v2.0/security-groups?tenant_id=6186e9992e0648c6826236f422b775cd&name=default HTTP/1.1" status: 200 len: 3120 time: 0.5206082
2026-05-12 17:40:47.697 9 INFO neutron.wsgi [None req-bebf945f-11d4-40e7-8a2e-af7fbf52bc43 6b4c5e6b20194522ae8751eb8146da01 5499d54aec2e45edb63bc49eb8e062a4 - - default default] 10.0.0.10 "DELETE /v2.0/security-groups/522ef026-f800-4fdd-b1cc-59f2fd91eb51 HTTP/1.1" status: 204 len: 168 time: 0.3253880
2026-05-12 17:40:47.725 9 INFO neutron.services.segments.plugin [-] Segment e1ea5aa0-6d2b-4321-a0a9-d4b769f10c41 resource provider aggregate not found
2026-05-12 17:40:47.731 9 INFO neutron.services.segments.plugin [-] Segment e1ea5aa0-6d2b-4321-a0a9-d4b769f10c41 resource provider aggregate not found
2026-05-12 17:40:47.748 9 INFO neutron.services.segments.plugin [-] Segment e1ea5aa0-6d2b-4321-a0a9-d4b769f10c41 resource provider not found; error: Placement Client Error (4xx): {"errors": [{"status": 404, "title": "Not Found", "detail": "The resource could not be found.\n\n No resource provider with uuid e1ea5aa0-6d2b-4321-a0a9-d4b769f10c41 found for delete ", "request_id": "req-ec542177-6908-4b99-9709-bcbdb23b3797"}]}
2026-05-12 17:40:47.751 9 INFO neutron.services.segments.plugin [-] Segment e1ea5aa0-6d2b-4321-a0a9-d4b769f10c41 resource provider not found; error: Placement Client Error (4xx): {"errors": [{"status": 404, "title": "Not Found", "detail": "The resource could not be found.\n\n No resource provider with uuid e1ea5aa0-6d2b-4321-a0a9-d4b769f10c41 found for delete ", "request_id": "req-d353cae9-1d70-4c56-96ea-c0bb15e78722"}]}
2026-05-12 17:40:47.759 9 INFO neutron.wsgi [None req-a378ebaf-32ed-453e-b5ff-46bf7fb77829 61d9510bd2794e48a8420b961c875929 f360d2f420d945ddac236f589c31ffce - - default default] 10.0.0.10 "DELETE /v2.0/networks/762c6d46-e754-4feb-adc5-ce03656a0066 HTTP/1.1" status: 204 len: 168 time: 0.5240114
2026-05-12 17:40:47.843 10 INFO neutron.wsgi [None req-c36d2525-b51e-4f67-9381-8f6e1ad34c37 61d9510bd2794e48a8420b961c875929 f360d2f420d945ddac236f589c31ffce - - default default] 10.0.0.10 "GET /v2.0/networks HTTP/1.1" status: 200 len: 845 time: 0.0756068
2026-05-12 17:40:47.854 10 WARNING neutron_lib.context [None req-e0ccce3a-1292-4480-acbd-52092fb9e661 61d9510bd2794e48a8420b961c875929 f360d2f420d945ddac236f589c31ffce - - default default] Method 'is_advsvc' is deprecated since 2023.2 release (neutron-lib 3.8.0) and will be removed once support for the old RBAC API policies will be removed from Neutron. Please use method 'is_service_role' instead.
2026-05-12 17:40:47.916 9 INFO neutron.db.ovn_revision_numbers_db [None req-bae88c71-e4ad-4ae1-a55f-735a0a86fb8f 6b4c5e6b20194522ae8751eb8146da01 5499d54aec2e45edb63bc49eb8e062a4 - - default default] Successfully bumped revision number for resource 80512410-8f77-45a4-aa81-9b3bd74a0191 (type: security_groups) to 1
2026-05-12 17:40:47.930 9 INFO neutron.db.ovn_revision_numbers_db [None req-bae88c71-e4ad-4ae1-a55f-735a0a86fb8f 6b4c5e6b20194522ae8751eb8146da01 5499d54aec2e45edb63bc49eb8e062a4 - - default default] Successfully bumped revision number for resource a66e2c38-d7bb-4794-a124-a4806d44c769 (type: security_group_rules) to 0
2026-05-12 17:40:47.943 10 INFO neutron.db.segments_db [None req-e0ccce3a-1292-4480-acbd-52092fb9e661 61d9510bd2794e48a8420b961c875929 f360d2f420d945ddac236f589c31ffce - - default default] Added segment d8466403-82c7-46fc-be10-31b8f527d08b of type geneve for network 9cbd5c9c-f34a-4bbc-aaf3-aca598b5d946
2026-05-12 17:40:47.944 9 INFO neutron.db.ovn_revision_numbers_db [None req-bae88c71-e4ad-4ae1-a55f-735a0a86fb8f 6b4c5e6b20194522ae8751eb8146da01 5499d54aec2e45edb63bc49eb8e062a4 - - default default] Successfully bumped revision number for resource afd5da02-8e36-4480-a1c5-6fd6ac563530 (type: security_group_rules) to 0
2026-05-12 17:40:47.958 9 INFO neutron.db.ovn_revision_numbers_db [None req-bae88c71-e4ad-4ae1-a55f-735a0a86fb8f 6b4c5e6b20194522ae8751eb8146da01 5499d54aec2e45edb63bc49eb8e062a4 - - default default] Successfully bumped revision number for resource b6c2cb94-5494-41c0-85ee-1441eca19f0c (type: security_group_rules) to 0
2026-05-12 17:40:47.972 9 INFO neutron.db.ovn_revision_numbers_db [None req-bae88c71-e4ad-4ae1-a55f-735a0a86fb8f 6b4c5e6b20194522ae8751eb8146da01 5499d54aec2e45edb63bc49eb8e062a4 - - default default] Successfully bumped revision number for resource ed3eab8c-6cc7-49ec-8fb6-c7e6489534e1 (type: security_group_rules) to 0
2026-05-12 17:40:47.996 9 INFO neutron.wsgi [None req-bae88c71-e4ad-4ae1-a55f-735a0a86fb8f 6b4c5e6b20194522ae8751eb8146da01 5499d54aec2e45edb63bc49eb8e062a4 - - default default] 10.0.0.10 "GET /v2.0/security-groups?tenant_id=8acb52af11b64cfa86fdc1280cbbc90c&name=default HTTP/1.1" status: 200 len: 3120 time: 0.2047753
2026-05-12 17:40:48.108 10 INFO neutron.db.ovn_revision_numbers_db [None req-e0ccce3a-1292-4480-acbd-52092fb9e661 61d9510bd2794e48a8420b961c875929 f360d2f420d945ddac236f589c31ffce - - default default] Successfully bumped revision number for resource 9cbd5c9c-f34a-4bbc-aaf3-aca598b5d946 (type: networks) to 1
2026-05-12 17:40:48.306 10 WARNING neutron.scheduler.dhcp_agent_scheduler [None req-e0ccce3a-1292-4480-acbd-52092fb9e661 61d9510bd2794e48a8420b961c875929 f360d2f420d945ddac236f589c31ffce - - default default] No more DHCP agents
2026-05-12 17:40:48.308 10 WARNING neutron.api.rpc.agentnotifiers.dhcp_rpc_agent_api [None req-e0ccce3a-1292-4480-acbd-52092fb9e661 61d9510bd2794e48a8420b961c875929 f360d2f420d945ddac236f589c31ffce - - default default] Unable to schedule network 9cbd5c9c-f34a-4bbc-aaf3-aca598b5d946: no agents available; will retry on subsequent port and subnet creation events.
2026-05-12 17:40:48.342 10 INFO neutron.wsgi [None req-4c36367a-1a50-43bf-980f-12f352535ff2 6b4c5e6b20194522ae8751eb8146da01 5499d54aec2e45edb63bc49eb8e062a4 - - default default] 10.0.0.10 "DELETE /v2.0/security-groups/80512410-8f77-45a4-aa81-9b3bd74a0191 HTTP/1.1" status: 204 len: 168 time: 0.3397727
2026-05-12 17:40:48.389 10 INFO neutron.db.ovn_revision_numbers_db [None req-e0ccce3a-1292-4480-acbd-52092fb9e661 61d9510bd2794e48a8420b961c875929 f360d2f420d945ddac236f589c31ffce - - default default] Successfully bumped revision number for resource 2ed12ad4-9680-4c2b-b607-a0a1542f301a (type: ports) to 1
2026-05-12 17:40:48.408 10 INFO neutron.wsgi [None req-e0ccce3a-1292-4480-acbd-52092fb9e661 61d9510bd2794e48a8420b961c875929 f360d2f420d945ddac236f589c31ffce - - default default] 10.0.0.10 "POST /v2.0/networks HTTP/1.1" status: 201 len: 853 time: 0.5592651
2026-05-12 17:40:48.417 10 WARNING neutron_lib.context [None req-9a19ca5c-43b5-427a-abbc-ab8ed70adc9f 61d9510bd2794e48a8420b961c875929 f360d2f420d945ddac236f589c31ffce - - default default] Method 'is_advsvc' is deprecated since 2023.2 release (neutron-lib 3.8.0) and will be removed once support for the old RBAC API policies will be removed from Neutron. Please use method 'is_service_role' instead.
2026-05-12 17:40:48.496 10 INFO neutron.db.segments_db [None req-9a19ca5c-43b5-427a-abbc-ab8ed70adc9f 61d9510bd2794e48a8420b961c875929 f360d2f420d945ddac236f589c31ffce - - default default] Added segment 50af2e90-7919-44f1-98a1-7039615de923 of type geneve for network 079ce409-577f-4a83-b389-e09d972c19b0
2026-05-12 17:40:48.637 10 INFO neutron.db.ovn_revision_numbers_db [None req-9a19ca5c-43b5-427a-abbc-ab8ed70adc9f 61d9510bd2794e48a8420b961c875929 f360d2f420d945ddac236f589c31ffce - - default default] Successfully bumped revision number for resource 079ce409-577f-4a83-b389-e09d972c19b0 (type: networks) to 1
2026-05-12 17:40:48.814 10 WARNING neutron.scheduler.dhcp_agent_scheduler [None req-9a19ca5c-43b5-427a-abbc-ab8ed70adc9f 61d9510bd2794e48a8420b961c875929 f360d2f420d945ddac236f589c31ffce - - default default] No more DHCP agents
2026-05-12 17:40:48.817 10 WARNING neutron.api.rpc.agentnotifiers.dhcp_rpc_agent_api [None req-9a19ca5c-43b5-427a-abbc-ab8ed70adc9f 61d9510bd2794e48a8420b961c875929 f360d2f420d945ddac236f589c31ffce - - default default] Unable to schedule network 079ce409-577f-4a83-b389-e09d972c19b0: no agents available; will retry on subsequent port and subnet creation events.
2026-05-12 17:40:48.910 10 INFO neutron.db.ovn_revision_numbers_db [None req-9a19ca5c-43b5-427a-abbc-ab8ed70adc9f 61d9510bd2794e48a8420b961c875929 f360d2f420d945ddac236f589c31ffce - - default default] Successfully bumped revision number for resource ed73f9ca-dac9-4823-af06-468400503794 (type: ports) to 1
2026-05-12 17:40:48.932 10 INFO neutron.wsgi [None req-9a19ca5c-43b5-427a-abbc-ab8ed70adc9f 61d9510bd2794e48a8420b961c875929 f360d2f420d945ddac236f589c31ffce - - default default] 10.0.0.10 "POST /v2.0/networks HTTP/1.1" status: 201 len: 851 time: 0.5194380
2026-05-12 17:40:48.942 10 WARNING neutron_lib.context [None req-84f94d9b-2f8c-4765-a870-a6547e101cfe 61d9510bd2794e48a8420b961c875929 f360d2f420d945ddac236f589c31ffce - - default default] Method 'is_advsvc' is deprecated since 2023.2 release (neutron-lib 3.8.0) and will be removed once support for the old RBAC API policies will be removed from Neutron. Please use method 'is_service_role' instead.
2026-05-12 17:40:48.986 10 WARNING neutron_lib.context [None req-84f94d9b-2f8c-4765-a870-a6547e101cfe 61d9510bd2794e48a8420b961c875929 f360d2f420d945ddac236f589c31ffce - - default default] Method 'is_advsvc' is deprecated since 2023.2 release (neutron-lib 3.8.0) and will be removed once support for the old RBAC API policies will be removed from Neutron. Please use method 'is_service_role' instead.
2026-05-12 17:40:49.480 10 WARNING neutron.scheduler.dhcp_agent_scheduler [None req-84f94d9b-2f8c-4765-a870-a6547e101cfe 61d9510bd2794e48a8420b961c875929 f360d2f420d945ddac236f589c31ffce - - default default] No more DHCP agents
2026-05-12 17:40:49.483 10 WARNING neutron.api.rpc.agentnotifiers.dhcp_rpc_agent_api [None req-84f94d9b-2f8c-4765-a870-a6547e101cfe 61d9510bd2794e48a8420b961c875929 f360d2f420d945ddac236f589c31ffce - - default default] Unable to schedule network 9cbd5c9c-f34a-4bbc-aaf3-aca598b5d946: no agents available; will retry on subsequent port and subnet creation events.
2026-05-12 17:40:49.582 10 INFO neutron.db.ovn_revision_numbers_db [None req-84f94d9b-2f8c-4765-a870-a6547e101cfe 61d9510bd2794e48a8420b961c875929 f360d2f420d945ddac236f589c31ffce - - default default] Successfully bumped revision number for resource 058f7cf5-ab57-470a-8a45-d23b0f380abc (type: ports) to 1
2026-05-12 17:40:49.616 10 WARNING neutron.scheduler.dhcp_agent_scheduler [None req-84f94d9b-2f8c-4765-a870-a6547e101cfe 61d9510bd2794e48a8420b961c875929 f360d2f420d945ddac236f589c31ffce - - default default] No more DHCP agents
2026-05-12 17:40:49.618 10 WARNING neutron.api.rpc.agentnotifiers.dhcp_rpc_agent_api [None req-84f94d9b-2f8c-4765-a870-a6547e101cfe 61d9510bd2794e48a8420b961c875929 f360d2f420d945ddac236f589c31ffce - - default default] Unable to schedule network 079ce409-577f-4a83-b389-e09d972c19b0: no agents available; will retry on subsequent port and subnet creation events.
2026-05-12 17:40:49.712 9 WARNING neutron.plugins.ml2.drivers.ovn.mech_driver.ovsdb.ovn_client [None req-0598d071-2ca4-4675-b709-3cb2fa70dbe6 - - - - - -] No hosting information found for port 444e23b6-d941-406c-92d4-95ccaaa19d89: RuntimeError: No hosting information found for port 444e23b6-d941-406c-92d4-95ccaaa19d89
2026-05-12 17:40:49.713 10 INFO neutron.db.ovn_revision_numbers_db [None req-84f94d9b-2f8c-4765-a870-a6547e101cfe 61d9510bd2794e48a8420b961c875929 f360d2f420d945ddac236f589c31ffce - - default default] Successfully bumped revision number for resource 4a9fb6d8-ca57-4ad7-9c61-98eed40254e1 (type: ports) to 1
2026-05-12 17:40:49.742 10 INFO neutron.wsgi [None req-84f94d9b-2f8c-4765-a870-a6547e101cfe 61d9510bd2794e48a8420b961c875929 f360d2f420d945ddac236f589c31ffce - - default default] 10.0.0.10 "POST /v2.0/ports HTTP/1.1" status: 201 len: 1705 time: 0.8039939 /var/lib/openstack/lib/python3.10/site-packages/pycadf/identifier.py:71: UserWarning: Invalid uuid: neutron. To ensure interoperability, identifiers should be a valid uuid. warnings.warn(('Invalid uuid: %s. To ensure interoperability, '
2026-05-12 17:40:50.079 10 INFO neutron.wsgi [None req-33687d5c-3ac4-49ca-9f32-0439f0df8a44 61d9510bd2794e48a8420b961c875929 f360d2f420d945ddac236f589c31ffce - - default default] 10.0.0.10 "GET /v2.0/ports HTTP/1.1" status: 200 len: 3212 time: 0.3330774
2026-05-12 17:40:50.176 9 WARNING neutron_lib.context [None req-0cc5e825-2dc2-4875-9d9b-f4ab322d7dcf 8050f9bbad2f4fd9ba0fed9660f61362 e5d3a24f3acc4b9fbaf6b1731ff3257f - - default default] Method 'is_advsvc' is deprecated since 2023.2 release (neutron-lib 3.8.0) and will be removed once support for the old RBAC API policies will be removed from Neutron. Please use method 'is_service_role' instead.
2026-05-12 17:40:50.296 10 INFO neutron.wsgi [req-5322f6a4-1e50-4f21-8046-410420654db9 req-8a7c4408-80d6-480e-b240-c708c3324648 622f2ee51a9340c688897db18741b6d9 263949d2ee444c4383bd6a3b57ec9455 - - default default] 10.0.0.81 "GET /v2.0/ports?device_id=77e774a1-042a-43f9-ae33-ddda76b2d2e1 HTTP/1.1" status: 200 len: 1170 time: 0.1153874
2026-05-12 17:40:50.340 9 INFO neutron.db.ovn_revision_numbers_db [None req-0cc5e825-2dc2-4875-9d9b-f4ab322d7dcf 8050f9bbad2f4fd9ba0fed9660f61362 e5d3a24f3acc4b9fbaf6b1731ff3257f - - default default] Successfully bumped revision number for resource 6e3ebb58-9a4e-4a3a-aaf7-7c6a54f0f85c (type: security_groups) to 1
2026-05-12 17:40:50.356 9 INFO neutron.db.ovn_revision_numbers_db [None req-0cc5e825-2dc2-4875-9d9b-f4ab322d7dcf 8050f9bbad2f4fd9ba0fed9660f61362 e5d3a24f3acc4b9fbaf6b1731ff3257f - - default default] Successfully bumped revision number for resource 0c23b8a4-e2df-4038-a0cd-c6ae8e125fe4 (type: security_group_rules) to 0
2026-05-12 17:40:50.365 10 INFO neutron.wsgi [req-5322f6a4-1e50-4f21-8046-410420654db9 req-b7386aee-df37-482e-8a63-8db7bac94d27 622f2ee51a9340c688897db18741b6d9 263949d2ee444c4383bd6a3b57ec9455 - - default default] 10.0.0.81 "GET /v2.0/security-groups?id=ea1450f3-97ec-41f4-91be-37cd38232919&fields=id&fields=name HTTP/1.1" status: 200 len: 312 time: 0.0597010
2026-05-12 17:40:50.375 9 INFO neutron.db.ovn_revision_numbers_db [None req-0cc5e825-2dc2-4875-9d9b-f4ab322d7dcf 8050f9bbad2f4fd9ba0fed9660f61362 e5d3a24f3acc4b9fbaf6b1731ff3257f - - default default] Successfully bumped revision number for resource da457260-1710-4fda-aada-6b3799c1eded (type: security_group_rules) to 0
2026-05-12 17:40:50.386 10 INFO neutron.wsgi [None req-c33ea277-1142-41e7-8bae-0f316ec80d5d 61d9510bd2794e48a8420b961c875929 f360d2f420d945ddac236f589c31ffce - - default default] 10.0.0.10 "DELETE /v2.0/ports/058f7cf5-ab57-470a-8a45-d23b0f380abc HTTP/1.1" status: 204 len: 168 time: 0.3015227
2026-05-12 17:40:50.391 9 INFO neutron.db.ovn_revision_numbers_db [None req-0cc5e825-2dc2-4875-9d9b-f4ab322d7dcf 8050f9bbad2f4fd9ba0fed9660f61362 e5d3a24f3acc4b9fbaf6b1731ff3257f - - default default] Successfully bumped revision number for resource db5e5a9c-a9af-4dd3-87e5-ea2b63fafb20 (type: security_group_rules) to 0
2026-05-12 17:40:50.406 9 INFO neutron.db.ovn_revision_numbers_db [None req-0cc5e825-2dc2-4875-9d9b-f4ab322d7dcf 8050f9bbad2f4fd9ba0fed9660f61362 e5d3a24f3acc4b9fbaf6b1731ff3257f - - default default] Successfully bumped revision number for resource f5179c7c-f5a4-4369-aea5-8992821d8bc2 (type: security_group_rules) to 0
2026-05-12 17:40:50.453 9 INFO neutron.db.segments_db [None req-0cc5e825-2dc2-4875-9d9b-f4ab322d7dcf 8050f9bbad2f4fd9ba0fed9660f61362 e5d3a24f3acc4b9fbaf6b1731ff3257f - - default default] Added segment 1242a976-bb1f-455d-a7ed-b7adc4416358 of type geneve for network c7275ed6-5bef-4549-b3ac-6b8e6405ee28
2026-05-12 17:40:50.483 10 INFO neutron.wsgi [req-0d3c7de6-9f2e-4ba3-bd9a-bd3ae80d87fb req-bda50c6c-38b4-44ad-bca7-6d2852a8f79a 622f2ee51a9340c688897db18741b6d9 263949d2ee444c4383bd6a3b57ec9455 - - default default] 10.0.0.81 "GET /v2.0/ports?device_id=77e774a1-042a-43f9-ae33-ddda76b2d2e1 HTTP/1.1" status: 200 len: 1170 time: 0.0461144
2026-05-12 17:40:50.546 10 INFO neutron.wsgi [req-0d3c7de6-9f2e-4ba3-bd9a-bd3ae80d87fb req-5258187a-7e85-4243-9fec-4a869594f519 622f2ee51a9340c688897db18741b6d9 263949d2ee444c4383bd6a3b57ec9455 - - default default] 10.0.0.81 "GET /v2.0/security-groups?id=ea1450f3-97ec-41f4-91be-37cd38232919&fields=id&fields=name HTTP/1.1" status: 200 len: 312 time: 0.0504036
2026-05-12 17:40:50.628 9 INFO neutron.db.ovn_revision_numbers_db [None req-0cc5e825-2dc2-4875-9d9b-f4ab322d7dcf 8050f9bbad2f4fd9ba0fed9660f61362 e5d3a24f3acc4b9fbaf6b1731ff3257f - - default default] Successfully bumped revision number for resource c7275ed6-5bef-4549-b3ac-6b8e6405ee28 (type: networks) to 1
2026-05-12 17:40:50.657 10 INFO neutron.wsgi [None req-beaf4453-4fa4-4b5c-a64e-0981e94a2335 61d9510bd2794e48a8420b961c875929 f360d2f420d945ddac236f589c31ffce - - default default] 10.0.0.10 "DELETE /v2.0/ports/4a9fb6d8-ca57-4ad7-9c61-98eed40254e1 HTTP/1.1" status: 204 len: 168 time: 0.2680957
2026-05-12 17:40:50.867 9 INFO neutron.wsgi [None req-bf8ed953-ab89-4f3f-8f53-29539801cae8 61d9510bd2794e48a8420b961c875929 f360d2f420d945ddac236f589c31ffce - - default default] 10.0.0.10 "GET /v2.0/ports HTTP/1.1" status: 200 len: 1718 time: 0.1978290
2026-05-12 17:40:50.883 9 WARNING neutron_lib.context [None req-44a60d64-b73c-410e-8308-72cf5ca7b93f 61d9510bd2794e48a8420b961c875929 f360d2f420d945ddac236f589c31ffce - - default default] Method 'is_advsvc' is deprecated since 2023.2 release (neutron-lib 3.8.0) and will be removed once support for the old RBAC API policies will be removed from Neutron. Please use method 'is_service_role' instead.
2026-05-12 17:40:50.913 10 INFO neutron.wsgi [req-0ae2b878-3769-4280-b0d4-7f1f9eba6266 req-22144e56-31a7-48d7-9c86-858958a406c1 622f2ee51a9340c688897db18741b6d9 263949d2ee444c4383bd6a3b57ec9455 - - default default] 10.0.0.81 "GET /v2.0/ports?device_id=77e774a1-042a-43f9-ae33-ddda76b2d2e1 HTTP/1.1" status: 200 len: 1170 time: 0.0431020
2026-05-12 17:40:50.927 9 WARNING neutron.scheduler.dhcp_agent_scheduler [None req-0cc5e825-2dc2-4875-9d9b-f4ab322d7dcf 8050f9bbad2f4fd9ba0fed9660f61362 e5d3a24f3acc4b9fbaf6b1731ff3257f - - default default] No more DHCP agents
2026-05-12 17:40:50.931 9 WARNING neutron.api.rpc.agentnotifiers.dhcp_rpc_agent_api [None req-0cc5e825-2dc2-4875-9d9b-f4ab322d7dcf 8050f9bbad2f4fd9ba0fed9660f61362 e5d3a24f3acc4b9fbaf6b1731ff3257f - - default default] Unable to schedule network c7275ed6-5bef-4549-b3ac-6b8e6405ee28: no agents available; will retry on subsequent port and subnet creation events.
2026-05-12 17:40:50.960 10 INFO neutron.wsgi [req-0ae2b878-3769-4280-b0d4-7f1f9eba6266 req-c40be37e-3846-4d7f-93eb-ed91a2a0239c 622f2ee51a9340c688897db18741b6d9 263949d2ee444c4383bd6a3b57ec9455 - - default default] 10.0.0.81 "GET /v2.0/security-groups?id=ea1450f3-97ec-41f4-91be-37cd38232919&fields=id&fields=name HTTP/1.1" status: 200 len: 312 time: 0.0395985
2026-05-12 17:40:51.001 9 INFO neutron.wsgi [req-2be7b497-8107-4b22-a7a0-ebb603ab2da3 req-b38d864f-6fcf-4019-9120-36f61668a595 d29ffc22dbc548029f6f538cdace1a2f 32d37bd481b44e8f81bf2236fdaee27f - - b1dd350c040745ada743c8d896724cf9 b1dd350c040745ada743c8d896724cf9] 199.19.213.15 "GET /v2.0/ports?tenant_id=263949d2ee444c4383bd6a3b57ec9455&device_id=77e774a1-042a-43f9-ae33-ddda76b2d2e1 HTTP/1.1" status: 200 len: 1409 time: 0.0492661
2026-05-12 17:40:51.004 9 INFO neutron.db.segments_db [None req-44a60d64-b73c-410e-8308-72cf5ca7b93f 61d9510bd2794e48a8420b961c875929 f360d2f420d945ddac236f589c31ffce - - default default] Added segment a4434ef2-ee7f-47ef-9350-a3aa2fed0596 of type geneve for network 515dda2a-962b-4fc6-9ed2-93719a3cc470
2026-05-12 17:40:51.084 9 INFO neutron.db.ovn_revision_numbers_db [None req-0cc5e825-2dc2-4875-9d9b-f4ab322d7dcf 8050f9bbad2f4fd9ba0fed9660f61362 e5d3a24f3acc4b9fbaf6b1731ff3257f - - default default] Successfully bumped revision number for resource 2bf02fde-5c1f-447a-b183-73d5a0a8eacf (type: ports) to 1
2026-05-12 17:40:51.112 9 INFO neutron.wsgi [req-2be7b497-8107-4b22-a7a0-ebb603ab2da3 req-9347db24-fe13-41ed-82fb-96106b68dc86 d29ffc22dbc548029f6f538cdace1a2f 32d37bd481b44e8f81bf2236fdaee27f - - b1dd350c040745ada743c8d896724cf9 b1dd350c040745ada743c8d896724cf9] 199.19.213.15 "GET /v2.0/networks?id=6ba9bf9b-56c9-4885-9d61-9bdc4544c371 HTTP/1.1" status: 200 len: 974 time: 0.1025021
2026-05-12 17:40:51.127 9 INFO neutron.wsgi [None req-0cc5e825-2dc2-4875-9d9b-f4ab322d7dcf 8050f9bbad2f4fd9ba0fed9660f61362 e5d3a24f3acc4b9fbaf6b1731ff3257f - - default default] 10.0.0.10 "POST /v2.0/networks HTTP/1.1" status: 201 len: 847 time: 1.1299815
2026-05-12 17:40:51.140 10 WARNING neutron_lib.context [None req-e5f96ee1-4beb-483b-94b9-e3b402b95acb 8050f9bbad2f4fd9ba0fed9660f61362 e5d3a24f3acc4b9fbaf6b1731ff3257f - - default default] Method 'is_advsvc' is deprecated since 2023.2 release (neutron-lib 3.8.0) and will be removed once support for the old RBAC API policies will be removed from Neutron. Please use method 'is_service_role' instead.
2026-05-12 17:40:51.189 9 INFO neutron.wsgi [req-2be7b497-8107-4b22-a7a0-ebb603ab2da3 req-7bcbdf4a-1c01-4785-87ef-d04e13ad5afb d29ffc22dbc548029f6f538cdace1a2f 32d37bd481b44e8f81bf2236fdaee27f - - b1dd350c040745ada743c8d896724cf9 b1dd350c040745ada743c8d896724cf9] 199.19.213.15 "GET /v2.0/floatingips?fixed_ip_address=10.100.0.5&port_id=5cb260b4-ddc3-4b89-b235-d752ef62be0f HTTP/1.1" status: 200 len: 1059 time: 0.0692174
2026-05-12 17:40:51.229 9 INFO neutron.db.ovn_revision_numbers_db [None req-44a60d64-b73c-410e-8308-72cf5ca7b93f 61d9510bd2794e48a8420b961c875929 f360d2f420d945ddac236f589c31ffce - - default default] Successfully bumped revision number for resource 515dda2a-962b-4fc6-9ed2-93719a3cc470 (type: networks) to 1
2026-05-12 17:40:51.238 9 INFO neutron.wsgi [req-2be7b497-8107-4b22-a7a0-ebb603ab2da3 req-36b6a783-53c4-4c2d-b5d0-ac2efd3f9c35 d29ffc22dbc548029f6f538cdace1a2f 32d37bd481b44e8f81bf2236fdaee27f - - b1dd350c040745ada743c8d896724cf9 b1dd350c040745ada743c8d896724cf9] 199.19.213.15 "GET /v2.0/subnets?id=4031a40d-88ed-4c4d-9659-9adb307e06d2 HTTP/1.1" status: 200 len: 869 time: 0.0367105
2026-05-12 17:40:51.265 9 INFO neutron.wsgi [req-2be7b497-8107-4b22-a7a0-ebb603ab2da3 req-1bfc4b9f-5d05-415c-a6fc-66bd769b2aa9 d29ffc22dbc548029f6f538cdace1a2f 32d37bd481b44e8f81bf2236fdaee27f - - b1dd350c040745ada743c8d896724cf9 b1dd350c040745ada743c8d896724cf9] 199.19.213.15 "GET /v2.0/ports?network_id=6ba9bf9b-56c9-4885-9d61-9bdc4544c371&device_owner=network%3Adhcp HTTP/1.1" status: 200 len: 210 time: 0.0204959
2026-05-12 17:40:51.352 9 INFO neutron.wsgi [req-2be7b497-8107-4b22-a7a0-ebb603ab2da3 req-d07db9e8-ae4d-46c0-acab-2e84765b6355 d29ffc22dbc548029f6f538cdace1a2f 32d37bd481b44e8f81bf2236fdaee27f - - b1dd350c040745ada743c8d896724cf9 b1dd350c040745ada743c8d896724cf9] 199.19.213.15 "GET /v2.0/networks/6ba9bf9b-56c9-4885-9d61-9bdc4544c371?fields=segments HTTP/1.1" status: 200 len: 212 time: 0.0807540
2026-05-12 17:40:51.391 10 WARNING neutron.scheduler.dhcp_agent_scheduler [None req-e5f96ee1-4beb-483b-94b9-e3b402b95acb 8050f9bbad2f4fd9ba0fed9660f61362 e5d3a24f3acc4b9fbaf6b1731ff3257f - - default default] No more DHCP agents
2026-05-12 17:40:51.396 10 WARNING neutron.api.rpc.agentnotifiers.dhcp_rpc_agent_api [None req-e5f96ee1-4beb-483b-94b9-e3b402b95acb 8050f9bbad2f4fd9ba0fed9660f61362 e5d3a24f3acc4b9fbaf6b1731ff3257f - - default default] Unable to schedule network c7275ed6-5bef-4549-b3ac-6b8e6405ee28: no agents available; will retry on subsequent port and subnet creation events.
2026-05-12 17:40:51.441 10 INFO neutron.wsgi [req-2f6a3c61-9a8d-499e-9d96-8c390907568d req-a1f4659b-4826-403f-bcaf-88582f182635 3497cf56477d427a848e9a836658e09d 114bec232f4147968fdbcd16ddfe742f - - default default] 10.0.0.81 "GET /v2.0/security-groups?name=tempest-securitygroup--155188096&fields=id&tenant_id=114bec232f4147968fdbcd16ddfe742f HTTP/1.1" status: 200 len: 267 time: 0.0591044
2026-05-12 17:40:51.442 10 INFO neutron.db.ovn_revision_numbers_db [None req-e5f96ee1-4beb-483b-94b9-e3b402b95acb 8050f9bbad2f4fd9ba0fed9660f61362 e5d3a24f3acc4b9fbaf6b1731ff3257f - - default default] Successfully bumped revision number for resource 2e74c43f-b4bc-45c0-8345-0558488638ac (type: subnets) to 0
2026-05-12 17:40:51.459 10 INFO neutron.wsgi [None req-e5f96ee1-4beb-483b-94b9-e3b402b95acb 8050f9bbad2f4fd9ba0fed9660f61362 e5d3a24f3acc4b9fbaf6b1731ff3257f - - default default] 10.0.0.10 "POST /v2.0/subnets HTTP/1.1" status: 201 len: 802 time: 0.3262038
2026-05-12 17:40:51.480 10 WARNING neutron_lib.context [None req-1b7f47d5-2900-47bb-8fc8-5b7d38887a57 8050f9bbad2f4fd9ba0fed9660f61362 e5d3a24f3acc4b9fbaf6b1731ff3257f - - default default] Method 'is_advsvc' is deprecated since 2023.2 release (neutron-lib 3.8.0) and will be removed once support for the old RBAC API policies will be removed from Neutron. Please use method 'is_service_role' instead.
2026-05-12 17:40:51.523 10 INFO neutron.wsgi [req-2f6a3c61-9a8d-499e-9d96-8c390907568d req-81e463f5-2c9f-48b0-9465-3e2c08cdf12b 3497cf56477d427a848e9a836658e09d 114bec232f4147968fdbcd16ddfe742f - - default default] 10.0.0.81 "GET /v2.0/networks?id=cdc0c4cc-38f4-4941-be6e-d7e47fb49851 HTTP/1.1" status: 200 len: 878 time: 0.0751429
2026-05-12 17:40:51.546 10 INFO neutron.wsgi [req-2f6a3c61-9a8d-499e-9d96-8c390907568d req-013d3b21-e9f8-46f8-a2ef-03daa17ec466 3497cf56477d427a848e9a836658e09d 114bec232f4147968fdbcd16ddfe742f - - default default] 10.0.0.81 "GET /v2.0/quotas/114bec232f4147968fdbcd16ddfe742f HTTP/1.1" status: 200 len: 491 time: 0.0141532
2026-05-12 17:40:51.600 9 INFO neutron.wsgi [req-2be7b497-8107-4b22-a7a0-ebb603ab2da3 req-019de5c2-bea1-44ce-bdee-093db49919ad d29ffc22dbc548029f6f538cdace1a2f 32d37bd481b44e8f81bf2236fdaee27f - - b1dd350c040745ada743c8d896724cf9 b1dd350c040745ada743c8d896724cf9] 199.19.213.15 "GET /v2.0/networks/6ba9bf9b-56c9-4885-9d61-9bdc4544c371?fields=provider%3Aphysical_network&fields=provider%3Anetwork_type HTTP/1.1" status: 200 len: 277 time: 0.2409492
2026-05-12 17:40:51.635 9 WARNING neutron.scheduler.dhcp_agent_scheduler [None req-44a60d64-b73c-410e-8308-72cf5ca7b93f 61d9510bd2794e48a8420b961c875929 f360d2f420d945ddac236f589c31ffce - - default default] No more DHCP agents
2026-05-12 17:40:51.637 9 WARNING neutron.api.rpc.agentnotifiers.dhcp_rpc_agent_api [None req-44a60d64-b73c-410e-8308-72cf5ca7b93f 61d9510bd2794e48a8420b961c875929 f360d2f420d945ddac236f589c31ffce - - default default] Unable to schedule network 515dda2a-962b-4fc6-9ed2-93719a3cc470: no agents available; will retry on subsequent port and subnet creation events.
2026-05-12 17:40:51.736 10 INFO neutron.wsgi [req-2f6a3c61-9a8d-499e-9d96-8c390907568d req-a36c94db-a3dc-4620-9674-fb1ab5805444 3497cf56477d427a848e9a836658e09d 114bec232f4147968fdbcd16ddfe742f - - default default] 10.0.0.81 "GET /v2.0/ports?tenant_id=114bec232f4147968fdbcd16ddfe742f&fields=id HTTP/1.1" status: 200 len: 302 time: 0.1815619
2026-05-12 17:40:51.739 9 INFO neutron.db.ovn_revision_numbers_db [None req-44a60d64-b73c-410e-8308-72cf5ca7b93f 61d9510bd2794e48a8420b961c875929 f360d2f420d945ddac236f589c31ffce - - default default] Successfully bumped revision number for resource 96f03056-40ac-428e-a033-ccd6095bc68b (type: ports) to 1
2026-05-12 17:40:51.762 9 INFO neutron.wsgi [None req-44a60d64-b73c-410e-8308-72cf5ca7b93f 61d9510bd2794e48a8420b961c875929 f360d2f420d945ddac236f589c31ffce - - default default] 10.0.0.10 "POST /v2.0/networks HTTP/1.1" status: 201 len: 851 time: 0.8853843
2026-05-12 17:40:51.772 9 WARNING neutron_lib.context [None req-f43d3082-f3a9-4cd6-a30c-304b06bd5254 61d9510bd2794e48a8420b961c875929 f360d2f420d945ddac236f589c31ffce - - default default] Method 'is_advsvc' is deprecated since 2023.2 release (neutron-lib 3.8.0) and will be removed once support for the old RBAC API policies will be removed from Neutron. Please use method 'is_service_role' instead.
2026-05-12 17:40:51.826 10 INFO neutron.plugins.ml2.drivers.ovn.mech_driver.mech_driver [None req-0cea73f1-d282-4d2c-8653-bd03774ee440 - - - - - -] OVN reports status down for port: 5cb260b4-ddc3-4b89-b235-d752ef62be0f
2026-05-12 17:40:51.859 10 INFO neutron.wsgi [req-2f6a3c61-9a8d-499e-9d96-8c390907568d req-006f71a6-3fde-4c78-b61b-064e40ba9b8e d29ffc22dbc548029f6f538cdace1a2f 32d37bd481b44e8f81bf2236fdaee27f - - b1dd350c040745ada743c8d896724cf9 b1dd350c040745ada743c8d896724cf9] 10.0.0.81 "GET /v2.0/networks/cdc0c4cc-38f4-4941-be6e-d7e47fb49851?fields=segments HTTP/1.1" status: 200 len: 212 time: 0.1097212
2026-05-12 17:40:51.868 9 INFO neutron.db.segments_db [None req-f43d3082-f3a9-4cd6-a30c-304b06bd5254 61d9510bd2794e48a8420b961c875929 f360d2f420d945ddac236f589c31ffce - - default default] Added segment 5d44d8b4-aa31-42ed-ab24-49128b669071 of type geneve for network 438d1643-8f47-4053-85d7-c0770688c616
2026-05-12 17:40:51.956 10 INFO neutron.wsgi [req-2f6a3c61-9a8d-499e-9d96-8c390907568d req-8b685039-7901-4243-ad4c-4e78646161ff d29ffc22dbc548029f6f538cdace1a2f 32d37bd481b44e8f81bf2236fdaee27f - - b1dd350c040745ada743c8d896724cf9 b1dd350c040745ada743c8d896724cf9] 10.0.0.81 "GET /v2.0/networks/cdc0c4cc-38f4-4941-be6e-d7e47fb49851?fields=provider%3Aphysical_network&fields=provider%3Anetwork_type HTTP/1.1" status: 200 len: 277 time: 0.0885735
2026-05-12 17:40:52.063 9 INFO neutron.db.ovn_revision_numbers_db [None req-f43d3082-f3a9-4cd6-a30c-304b06bd5254 61d9510bd2794e48a8420b961c875929 f360d2f420d945ddac236f589c31ffce - - default default] Successfully bumped revision number for resource 438d1643-8f47-4053-85d7-c0770688c616 (type: networks) to 1
2026-05-12 17:40:52.106 10 INFO neutron.wsgi [req-ec8e5f79-995d-40b9-bf22-12e827a489f0 req-330f118e-055f-41d7-8649-8489f139a309 622f2ee51a9340c688897db18741b6d9 263949d2ee444c4383bd6a3b57ec9455 - - default default] 10.0.0.81 "GET /v2.0/ports?device_id=77e774a1-042a-43f9-ae33-ddda76b2d2e1 HTTP/1.1" status: 200 len: 1168 time: 0.0726242
2026-05-12 17:40:52.199 10 INFO neutron.wsgi [req-ec8e5f79-995d-40b9-bf22-12e827a489f0 req-337f1c5b-5005-492a-a221-fd810597a684 622f2ee51a9340c688897db18741b6d9 263949d2ee444c4383bd6a3b57ec9455 - - default default] 10.0.0.81 "GET /v2.0/security-groups?id=ea1450f3-97ec-41f4-91be-37cd38232919&fields=id&fields=name HTTP/1.1" status: 200 len: 312 time: 0.0867262
2026-05-12 17:40:52.226 10 WARNING neutron.scheduler.dhcp_agent_scheduler [None req-1b7f47d5-2900-47bb-8fc8-5b7d38887a57 8050f9bbad2f4fd9ba0fed9660f61362 e5d3a24f3acc4b9fbaf6b1731ff3257f - - default default] No more DHCP agents
2026-05-12 17:40:52.229 10 WARNING neutron.api.rpc.agentnotifiers.dhcp_rpc_agent_api [None req-1b7f47d5-2900-47bb-8fc8-5b7d38887a57 8050f9bbad2f4fd9ba0fed9660f61362 e5d3a24f3acc4b9fbaf6b1731ff3257f - - default default] Unable to schedule network 59ab5d54-7f78-4e46-af26-62d646e192f9: no agents available; will retry on subsequent port and subnet creation events.
2026-05-12 17:40:52.241 10 INFO neutron.notifiers.nova [-] Nova event matching ['req-a35dfbb8-3165-4844-a17e-6f358cf330af'] response: {'server_uuid': '77e774a1-042a-43f9-ae33-ddda76b2d2e1', 'name': 'network-vif-unplugged', 'status': 'completed', 'tag': '5cb260b4-ddc3-4b89-b235-d752ef62be0f', 'code': 200}
2026-05-12 17:40:52.281 9 WARNING neutron.scheduler.dhcp_agent_scheduler [None req-f43d3082-f3a9-4cd6-a30c-304b06bd5254 61d9510bd2794e48a8420b961c875929 f360d2f420d945ddac236f589c31ffce - - default default] No more DHCP agents
2026-05-12 17:40:52.282 9 WARNING neutron.api.rpc.agentnotifiers.dhcp_rpc_agent_api [None req-f43d3082-f3a9-4cd6-a30c-304b06bd5254 61d9510bd2794e48a8420b961c875929 f360d2f420d945ddac236f589c31ffce - - default default] Unable to schedule network 438d1643-8f47-4053-85d7-c0770688c616: no agents available; will retry on subsequent port and subnet creation events.
2026-05-12 17:40:52.377 9 INFO neutron.db.ovn_revision_numbers_db [None req-f43d3082-f3a9-4cd6-a30c-304b06bd5254 61d9510bd2794e48a8420b961c875929 f360d2f420d945ddac236f589c31ffce - - default default] Successfully bumped revision number for resource 92f158a6-4afc-4fcd-8e11-c15af3d171f8 (type: ports) to 1
2026-05-12 17:40:52.406 9 INFO neutron.wsgi [None req-f43d3082-f3a9-4cd6-a30c-304b06bd5254 61d9510bd2794e48a8420b961c875929 f360d2f420d945ddac236f589c31ffce - - default default] 10.0.0.10 "POST /v2.0/networks HTTP/1.1" status: 201 len: 852 time: 0.6381323
2026-05-12 17:40:52.553 10 INFO neutron.wsgi [req-627f24d1-b975-4058-bd28-0a251ce7289d req-05a2b9e6-ffdb-4686-a0f2-21d43a53b2f6 3497cf56477d427a848e9a836658e09d 114bec232f4147968fdbcd16ddfe742f - - default default] 10.0.0.81 "GET /v2.0/ports?device_id=4671a48e-dda2-4c9f-aa6b-4ae8f901775f HTTP/1.1" status: 200 len: 210 time: 0.2612672
2026-05-12 17:40:52.555 10 INFO neutron.db.ovn_revision_numbers_db [None req-0cea73f1-d282-4d2c-8653-bd03774ee440 - - - - - -] Successfully bumped revision number for resource 5cb260b4-ddc3-4b89-b235-d752ef62be0f (type: ports) to 5
2026-05-12 17:40:52.587 10 WARNING neutron.plugins.ml2.drivers.ovn.mech_driver.ovsdb.ovn_client [None req-0cea73f1-d282-4d2c-8653-bd03774ee440 - - - - - -] Logical_Switch_Port %s host information not removed, the port state is up
2026-05-12 17:40:52.587 10 INFO neutron.plugins.ml2.drivers.ovn.mech_driver.mech_driver [None req-0cea73f1-d282-4d2c-8653-bd03774ee440 - - - - - -] OVN reports status up for port: 5cb260b4-ddc3-4b89-b235-d752ef62be0f
2026-05-12 17:40:52.609 10 INFO neutron.plugins.ml2.plugin [None req-0cea73f1-d282-4d2c-8653-bd03774ee440 - - - - - -] Attempt 1 to provision port 5cb260b4-ddc3-4b89-b235-d752ef62be0f
2026-05-12 17:40:52.706 10 INFO neutron.db.ovn_revision_numbers_db [None req-1b7f47d5-2900-47bb-8fc8-5b7d38887a57 8050f9bbad2f4fd9ba0fed9660f61362 e5d3a24f3acc4b9fbaf6b1731ff3257f - - default default] Successfully bumped revision number for resource a51b3787-2b03-4871-9b87-0085d1896f2b (type: ports) to 1
2026-05-12 17:40:52.920 9 WARNING neutron_lib.context [None req-f539af56-4b63-4f22-89ab-d84736ba83ce 61d9510bd2794e48a8420b961c875929 f360d2f420d945ddac236f589c31ffce - - default default] Method 'is_advsvc' is deprecated since 2023.2 release (neutron-lib 3.8.0) and will be removed once support for the old RBAC API policies will be removed from Neutron. Please use method 'is_service_role' instead.
2026-05-12 17:40:52.962 9 WARNING neutron_lib.context [None req-f539af56-4b63-4f22-89ab-d84736ba83ce 61d9510bd2794e48a8420b961c875929 f360d2f420d945ddac236f589c31ffce - - default default] Method 'is_advsvc' is deprecated since 2023.2 release (neutron-lib 3.8.0) and will be removed once support for the old RBAC API policies will be removed from Neutron. Please use method 'is_service_role' instead.
2026-05-12 17:40:53.091 10 INFO neutron.db.ovn_revision_numbers_db [None req-0cea73f1-d282-4d2c-8653-bd03774ee440 - - - - - -] Successfully bumped revision number for resource 5cb260b4-ddc3-4b89-b235-d752ef62be0f (type: ports) to 6
2026-05-12 17:40:53.216 9 INFO neutron.wsgi [req-2f6a3c61-9a8d-499e-9d96-8c390907568d req-a1b5b15a-af33-43b3-a293-2cb1e0db1640 3497cf56477d427a848e9a836658e09d 114bec232f4147968fdbcd16ddfe742f - - default default] 199.19.213.15 "GET /v2.0/networks?id=cdc0c4cc-38f4-4941-be6e-d7e47fb49851 HTTP/1.1" status: 200 len: 878 time: 0.1192720 /var/lib/openstack/lib/python3.10/site-packages/pycadf/identifier.py:71: UserWarning: Invalid uuid: neutron. To ensure interoperability, identifiers should be a valid uuid. warnings.warn(('Invalid uuid: %s. To ensure interoperability, '
2026-05-12 17:40:53.283 9 INFO neutron.wsgi [req-2f6a3c61-9a8d-499e-9d96-8c390907568d req-feb14722-e143-4788-89ba-8ae5ed32a4c4 3497cf56477d427a848e9a836658e09d 114bec232f4147968fdbcd16ddfe742f - - default default] 199.19.213.15 "GET /v2.0/security-groups?fields=id&fields=name&tenant_id=114bec232f4147968fdbcd16ddfe742f HTTP/1.1" status: 200 len: 379 time: 0.0600827
2026-05-12 17:40:53.301 9 WARNING neutron_lib.context [req-2f6a3c61-9a8d-499e-9d96-8c390907568d req-ab24eaef-ee81-4761-a7d0-a07ca6b6483e 3497cf56477d427a848e9a836658e09d 114bec232f4147968fdbcd16ddfe742f - - default default] Method 'is_advsvc' is deprecated since 2023.2 release (neutron-lib 3.8.0) and will be removed once support for the old RBAC API policies will be removed from Neutron. Please use method 'is_service_role' instead.
2026-05-12 17:40:53.329 10 INFO neutron.wsgi [req-280cfae8-7fef-41a7-858e-85aea24a45c8 req-60730a7b-22a2-4798-ba4d-07db0a07d068 622f2ee51a9340c688897db18741b6d9 263949d2ee444c4383bd6a3b57ec9455 - - default default] 10.0.0.81 "GET /v2.0/ports?device_id=77e774a1-042a-43f9-ae33-ddda76b2d2e1 HTTP/1.1" status: 200 len: 1170 time: 0.0569232
2026-05-12 17:40:53.397 10 INFO neutron.wsgi [req-280cfae8-7fef-41a7-858e-85aea24a45c8 req-9a60b283-7f91-4e24-8cef-e9bbd74adce9 622f2ee51a9340c688897db18741b6d9 263949d2ee444c4383bd6a3b57ec9455 - - default default] 10.0.0.81 "GET /v2.0/security-groups?id=ea1450f3-97ec-41f4-91be-37cd38232919&fields=id&fields=name HTTP/1.1" status: 200 len: 312 time: 0.0596409
2026-05-12 17:40:53.513 9 WARNING neutron.scheduler.dhcp_agent_scheduler [None req-f539af56-4b63-4f22-89ab-d84736ba83ce 61d9510bd2794e48a8420b961c875929 f360d2f420d945ddac236f589c31ffce - - default default] No more DHCP agents
2026-05-12 17:40:53.517 9 WARNING neutron.api.rpc.agentnotifiers.dhcp_rpc_agent_api [None req-f539af56-4b63-4f22-89ab-d84736ba83ce 61d9510bd2794e48a8420b961c875929 f360d2f420d945ddac236f589c31ffce - - default default] Unable to schedule network 515dda2a-962b-4fc6-9ed2-93719a3cc470: no agents available; will retry on subsequent port and subnet creation events.
2026-05-12 17:40:53.552 10 INFO neutron.plugins.ml2.drivers.ovn.mech_driver.ovsdb.commands [None req-6647ba9b-5edc-40e0-9526-2fa6bb783dc6 - - - - - -] Schedule LRP lrp-a51b3787-2b03-4871-9b87-0085d1896f2b on gateway 21476915-6c2b-4155-a04d-480e22b4ea5e with priority 1
2026-05-12 17:40:53.563 10 INFO neutron.plugins.ml2.drivers.ovn.mech_driver.mech_driver [None req-0cea73f1-d282-4d2c-8653-bd03774ee440 - - - - - -] OVN reports status up for port: a51b3787-2b03-4871-9b87-0085d1896f2b
2026-05-12 17:40:53.569 9 INFO neutron.db.ovn_revision_numbers_db [None req-f539af56-4b63-4f22-89ab-d84736ba83ce 61d9510bd2794e48a8420b961c875929 f360d2f420d945ddac236f589c31ffce - - default default] Successfully bumped revision number for resource a59cb10e-4a8f-463a-b332-b3e5eb0ccf7c (type: subnets) to 0
2026-05-12 17:40:53.582 10 INFO neutron.plugins.ml2.plugin [None req-0cea73f1-d282-4d2c-8653-bd03774ee440 - - - - - -] Attempt 1 to provision port a51b3787-2b03-4871-9b87-0085d1896f2b
2026-05-12 17:40:53.606 10 INFO neutron.db.ovn_revision_numbers_db [None req-1b7f47d5-2900-47bb-8fc8-5b7d38887a57 8050f9bbad2f4fd9ba0fed9660f61362 e5d3a24f3acc4b9fbaf6b1731ff3257f - - default default] Successfully bumped revision number for resource a51b3787-2b03-4871-9b87-0085d1896f2b (type: router_ports) to 1
2026-05-12 17:40:53.616 9 WARNING neutron.scheduler.dhcp_agent_scheduler [None req-f539af56-4b63-4f22-89ab-d84736ba83ce 61d9510bd2794e48a8420b961c875929 f360d2f420d945ddac236f589c31ffce - - default default] No more DHCP agents
2026-05-12 17:40:53.619 9 WARNING neutron.api.rpc.agentnotifiers.dhcp_rpc_agent_api [None req-f539af56-4b63-4f22-89ab-d84736ba83ce 61d9510bd2794e48a8420b961c875929 f360d2f420d945ddac236f589c31ffce - - default default] Unable to schedule network 438d1643-8f47-4053-85d7-c0770688c616: no agents available; will retry on subsequent port and subnet creation events.
2026-05-12 17:40:53.651 10 INFO neutron.wsgi [req-b20fb99d-d60c-46be-b280-0e447fc41003 req-e53c14aa-1d32-46fa-aeee-b8c7dba1cfcc 3497cf56477d427a848e9a836658e09d 114bec232f4147968fdbcd16ddfe742f - - default default] 10.0.0.81 "GET /v2.0/ports?device_id=4671a48e-dda2-4c9f-aa6b-4ae8f901775f HTTP/1.1" status: 200 len: 210 time: 0.0221798
2026-05-12 17:40:53.682 9 INFO neutron.db.ovn_revision_numbers_db [None req-f539af56-4b63-4f22-89ab-d84736ba83ce 61d9510bd2794e48a8420b961c875929 f360d2f420d945ddac236f589c31ffce - - default default] Successfully bumped revision number for resource 0813de8f-06a9-4900-a3a6-0e923497f3ef (type: subnets) to 0
2026-05-12 17:40:53.699 9 INFO neutron.wsgi [None req-f539af56-4b63-4f22-89ab-d84736ba83ce 61d9510bd2794e48a8420b961c875929 f360d2f420d945ddac236f589c31ffce - - default default] 10.0.0.10 "POST /v2.0/subnets HTTP/1.1" status: 201 len: 1475 time: 0.7851696 /var/lib/openstack/lib/python3.10/site-packages/pycadf/identifier.py:71: UserWarning: Invalid uuid: neutron. To ensure interoperability, identifiers should be a valid uuid. warnings.warn(('Invalid uuid: %s. To ensure interoperability, '
2026-05-12 17:40:53.716 10 INFO neutron.db.ovn_revision_numbers_db [None req-1b7f47d5-2900-47bb-8fc8-5b7d38887a57 8050f9bbad2f4fd9ba0fed9660f61362 e5d3a24f3acc4b9fbaf6b1731ff3257f - - default default] Successfully bumped revision number for resource 3a651be0-99eb-4b89-9ca8-4ecec8baecaf (type: routers) to 2
2026-05-12 17:40:53.722 10 INFO neutron.wsgi [-] 10.0.0.184 "GET / HTTP/1.1" status: 200 len: 247 time: 0.0015423
2026-05-12 17:40:53.723 10 INFO neutron.wsgi [-] 10.0.0.184 "GET / HTTP/1.1" status: 200 len: 247 time: 0.0012114
2026-05-12 17:40:53.736 10 INFO neutron.wsgi [None req-1b7f47d5-2900-47bb-8fc8-5b7d38887a57 8050f9bbad2f4fd9ba0fed9660f61362 e5d3a24f3acc4b9fbaf6b1731ff3257f - - default default] 10.0.0.10 "POST /v2.0/routers HTTP/1.1" status: 201 len: 1154 time: 2.2679555
2026-05-12 17:40:53.761 9 WARNING neutron.scheduler.dhcp_agent_scheduler [req-2f6a3c61-9a8d-499e-9d96-8c390907568d req-ab24eaef-ee81-4761-a7d0-a07ca6b6483e 3497cf56477d427a848e9a836658e09d 114bec232f4147968fdbcd16ddfe742f - - default default] No more DHCP agents
