2026-05-17 02:23:09.605 8 INFO neutron.db.segments_db [None req-76912603-7f15-4ec1-b253-831e92282ff6 0b209b56c77f41c0a56c3c904e1a02ac b194bfbd841842d082e791d0161857e0 - - default default] Added segment 5ffc9b9d-3c62-4d28-b706-03d033083629 of type geneve for network 6a9be898-8add-4935-bee0-290629918416
2026-05-17 02:23:09.737 8 INFO neutron.db.ovn_revision_numbers_db [None req-76912603-7f15-4ec1-b253-831e92282ff6 0b209b56c77f41c0a56c3c904e1a02ac b194bfbd841842d082e791d0161857e0 - - default default] Successfully bumped revision number for resource 6a9be898-8add-4935-bee0-290629918416 (type: networks) to 1
2026-05-17 02:23:09.939 8 WARNING neutron.scheduler.dhcp_agent_scheduler [None req-76912603-7f15-4ec1-b253-831e92282ff6 0b209b56c77f41c0a56c3c904e1a02ac b194bfbd841842d082e791d0161857e0 - - default default] No more DHCP agents
2026-05-17 02:23:09.942 8 WARNING neutron.api.rpc.agentnotifiers.dhcp_rpc_agent_api [None req-76912603-7f15-4ec1-b253-831e92282ff6 0b209b56c77f41c0a56c3c904e1a02ac b194bfbd841842d082e791d0161857e0 - - default default] Unable to schedule network 6a9be898-8add-4935-bee0-290629918416: no agents available; will retry on subsequent port and subnet creation events.
2026-05-17 02:23:10.006 8 INFO neutron.plugins.ml2.drivers.ovn.mech_driver.mech_driver [None req-58062d1f-bf21-4ecc-a185-7f44ff5944f5 - - - - - -] OVN reports status down for port: 0d689f94-26f2-4c4d-b979-c11eb010a2bc
2026-05-17 02:23:10.072 8 INFO neutron.db.ovn_revision_numbers_db [None req-76912603-7f15-4ec1-b253-831e92282ff6 0b209b56c77f41c0a56c3c904e1a02ac b194bfbd841842d082e791d0161857e0 - - default default] Successfully bumped revision number for resource 0d689f94-26f2-4c4d-b979-c11eb010a2bc (type: ports) to 1
2026-05-17 02:23:10.074 7 WARNING neutron.plugins.ml2.drivers.ovn.mech_driver.ovsdb.ovn_client [None req-467ed3b4-e7bb-42a2-8de4-e871ec968a72 - - - - - -] No hosting information found for port 5282e44d-5ac9-480c-8790-ad4e77856d1e: RuntimeError: No hosting information found for port 5282e44d-5ac9-480c-8790-ad4e77856d1e
2026-05-17 02:23:10.076 7 INFO neutron.plugins.ml2.drivers.ovn.mech_driver.mech_driver [None req-467ed3b4-e7bb-42a2-8de4-e871ec968a72 - - - - - -] OVN reports status down for port: bb3a762d-d8e6-4211-8336-f9200b7056d2
2026-05-17 02:23:10.100 7 INFO neutron.db.ovn_revision_numbers_db [None req-eb8f4192-0089-429b-915e-e7a5071c4f62 9853acabf4444830a2b29723d8e55f34 2d0b1c145b024489a8bd092a795868d6 - - default default] Successfully bumped revision number for resource ee703fb7-c581-480a-8d1a-5334ccdde527 (type: floatingips) to 1
2026-05-17 02:23:10.101 7 INFO neutron.db.l3_db [None req-eb8f4192-0089-429b-915e-e7a5071c4f62 9853acabf4444830a2b29723d8e55f34 2d0b1c145b024489a8bd092a795868d6 - - default default] Floating IP ee703fb7-c581-480a-8d1a-5334ccdde527 associated. External IP: 10.96.250.202, port: 286ceca3-5b07-4391-a7aa-c2c23c9d8487. [pid: 8|app: 0|req: 741/1356] 10.0.0.197 () {34 vars in 669 bytes} [Sun May 17 02:23:09 2026] POST /v2.0/networks => generated 685 bytes in 607 msecs (HTTP/1.1 201) 4 headers in 162 bytes (1 switches on core 0) [pid: 8|app: 0|req: 742/1357] 10.0.0.151 () {34 vars in 989 bytes} [Sun May 17 02:23:10 2026] GET /v2.0/ports?device_id=6cc2551b-7b27-43be-9f5b-0b9621d38de2 => generated 973 bytes in 44 msecs (HTTP/1.1 200) 4 headers in 157 bytes (1 switches on core 0) [pid: 7|app: 0|req: 616/1358] 10.0.0.197 () {34 vars in 676 bytes} [Sun May 17 02:23:08 2026] POST /v2.0/floatingips => generated 842 bytes in 2111 msecs (HTTP/1.1 201) 4 headers in 162 bytes (1 switches on core 0)
2026-05-17 02:23:10.197 7 INFO neutron.plugins.ml2.drivers.ovn.mech_driver.mech_driver [None req-467ed3b4-e7bb-42a2-8de4-e871ec968a72 - - - - - -] OVN reports status down for port: 02322b02-4fcb-4a8d-87e5-2b96df8ac6be
2026-05-17 02:23:10.232 7 INFO neutron.notifiers.nova [-] Nova event matching ['req-ab2cb691-8125-45e0-8d1d-dd6f06601545'] response: {'server_uuid': '6cc2551b-7b27-43be-9f5b-0b9621d38de2', 'name': 'network-vif-unplugged', 'status': 'completed', 'tag': 'bb3a762d-d8e6-4211-8336-f9200b7056d2', 'code': 200} [pid: 7|app: 0|req: 617/1359] 10.0.0.151 () {34 vars in 1039 bytes} [Sun May 17 02:23:10 2026] GET /v2.0/security-groups?id=d8c5c08d-bd06-440d-923b-54c66eb1a7c0&fields=id&fields=name => generated 113 bytes in 66 msecs (HTTP/1.1 200) 4 headers in 157 bytes (1 switches on core 0)
2026-05-17 02:23:10.326 8 INFO neutron.db.ovn_revision_numbers_db [None req-d4035f74-9808-4d66-a5e1-e6ca22dae99b 0b209b56c77f41c0a56c3c904e1a02ac b194bfbd841842d082e791d0161857e0 - - default default] Successfully bumped revision number for resource 6a9be898-8add-4935-bee0-290629918416 (type: networks) to 2 [pid: 8|app: 0|req: 743/1360] 10.0.0.197 () {34 vars in 742 bytes} [Sun May 17 02:23:10 2026] PUT /v2.0/networks/6a9be898-8add-4935-bee0-290629918416 => generated 636 bytes in 166 msecs (HTTP/1.1 200) 4 headers in 157 bytes (1 switches on core 0)
2026-05-17 02:23:10.338 7 WARNING neutron.plugins.ml2.drivers.ovn.mech_driver.ovsdb.ovn_client [None req-467ed3b4-e7bb-42a2-8de4-e871ec968a72 - - - - - -] Logical_Switch_Port 02322b02-4fcb-4a8d-87e5-2b96df8ac6be host information not removed, the port state is up
2026-05-17 02:23:10.340 7 INFO neutron.plugins.ml2.drivers.ovn.mech_driver.mech_driver [None req-467ed3b4-e7bb-42a2-8de4-e871ec968a72 - - - - - -] OVN reports status up for port: 02322b02-4fcb-4a8d-87e5-2b96df8ac6be
2026-05-17 02:23:10.368 7 INFO neutron.plugins.ml2.plugin [None req-467ed3b4-e7bb-42a2-8de4-e871ec968a72 - - - - - -] Attempt 1 to provision port 02322b02-4fcb-4a8d-87e5-2b96df8ac6be
2026-05-17 02:23:10.515 7 INFO neutron.db.ovn_revision_numbers_db [None req-13152fb5-e119-4c52-a4b2-99193c9d7169 9853acabf4444830a2b29723d8e55f34 2d0b1c145b024489a8bd092a795868d6 - - default default] Successfully bumped revision number for resource ee703fb7-c581-480a-8d1a-5334ccdde527 (type: floatingips) to 2
2026-05-17 02:23:10.539 8 WARNING neutron.scheduler.dhcp_agent_scheduler [None req-1c8a133f-cd4f-480b-8259-28bda4410a11 0b209b56c77f41c0a56c3c904e1a02ac b194bfbd841842d082e791d0161857e0 - - default default] No more DHCP agents
2026-05-17 02:23:10.541 8 WARNING neutron.api.rpc.agentnotifiers.dhcp_rpc_agent_api [None req-1c8a133f-cd4f-480b-8259-28bda4410a11 0b209b56c77f41c0a56c3c904e1a02ac b194bfbd841842d082e791d0161857e0 - - default default] Unable to schedule network 6a9be898-8add-4935-bee0-290629918416: no agents available; will retry on subsequent port and subnet creation events.
2026-05-17 02:23:10.577 8 INFO neutron.db.ovn_revision_numbers_db [None req-1c8a133f-cd4f-480b-8259-28bda4410a11 0b209b56c77f41c0a56c3c904e1a02ac b194bfbd841842d082e791d0161857e0 - - default default] Successfully bumped revision number for resource 7f013ff2-dc69-4e03-9a40-b3dce12ea28f (type: subnets) to 0 [pid: 8|app: 0|req: 744/1361] 10.0.0.197 () {34 vars in 668 bytes} [Sun May 17 02:23:10 2026] POST /v2.0/subnets => generated 646 bytes in 257 msecs (HTTP/1.1 201) 4 headers in 162 bytes (1 switches on core 0)
2026-05-17 02:23:10.603 7 INFO neutron.db.l3_db [None req-13152fb5-e119-4c52-a4b2-99193c9d7169 9853acabf4444830a2b29723d8e55f34 2d0b1c145b024489a8bd092a795868d6 - - default default] Floating IP ee703fb7-c581-480a-8d1a-5334ccdde527 disassociated. External IP: 10.96.250.202, port: 286ceca3-5b07-4391-a7aa-c2c23c9d8487. [pid: 7|app: 0|req: 618/1362] 10.0.0.197 () {34 vars in 748 bytes} [Sun May 17 02:23:10 2026] PUT /v2.0/floatingips/ee703fb7-c581-480a-8d1a-5334ccdde527 => generated 554 bytes in 411 msecs (HTTP/1.1 200) 4 headers in 157 bytes (1 switches on core 0)
2026-05-17 02:23:10.932 7 INFO neutron_taas.services.taas.taas_plugin [None req-4a629ea4-c987-4a58-a8d3-b3a2fdca16b0 9853acabf4444830a2b29723d8e55f34 2d0b1c145b024489a8bd092a795868d6 - - default default] TaaS: Handle Delete Port: 054ce557-00f6-49e4-b957-d65a2619735f
2026-05-17 02:23:10.938 7 INFO neutron_taas.services.taas.tap_mirror_plugin [None req-4a629ea4-c987-4a58-a8d3-b3a2fdca16b0 9853acabf4444830a2b29723d8e55f34 2d0b1c145b024489a8bd092a795868d6 - - default default] Tap Mirror: Handle Delete Port: 054ce557-00f6-49e4-b957-d65a2619735f
2026-05-17 02:23:11.178 7 INFO neutron.db.ovn_revision_numbers_db [None req-467ed3b4-e7bb-42a2-8de4-e871ec968a72 - - - - - -] Successfully bumped revision number for resource 02322b02-4fcb-4a8d-87e5-2b96df8ac6be (type: ports) to 2
2026-05-17 02:23:11.221 8 INFO neutron.db.ovn_revision_numbers_db [None req-88bffde2-c855-44da-a07c-21b8f5ee65f3 0b209b56c77f41c0a56c3c904e1a02ac b194bfbd841842d082e791d0161857e0 - - default default] Successfully bumped revision number for resource 0d689f94-26f2-4c4d-b979-c11eb010a2bc (type: ports) to 2 [pid: 7|app: 0|req: 619/1363] 10.0.0.197 () {32 vars in 731 bytes} [Sun May 17 02:23:10 2026] DELETE /v2.0/floatingips/ee703fb7-c581-480a-8d1a-5334ccdde527 => generated 0 bytes in 624 msecs (HTTP/1.1 204) 2 headers in 112 bytes (1 switches on core 0)
2026-05-17 02:23:11.289 8 INFO neutron.db.ovn_revision_numbers_db [None req-88bffde2-c855-44da-a07c-21b8f5ee65f3 0b209b56c77f41c0a56c3c904e1a02ac b194bfbd841842d082e791d0161857e0 - - default default] Successfully bumped revision number for resource 7f013ff2-dc69-4e03-9a40-b3dce12ea28f (type: subnets) to 1 [pid: 8|app: 0|req: 745/1364] 10.0.0.197 () {34 vars in 740 bytes} [Sun May 17 02:23:10 2026] PUT /v2.0/subnets/7f013ff2-dc69-4e03-9a40-b3dce12ea28f => generated 656 bytes in 695 msecs (HTTP/1.1 200) 4 headers in 157 bytes (1 switches on core 0)
2026-05-17 02:23:11.473 8 INFO neutron_taas.services.taas.taas_plugin [None req-e94a4c3e-fba5-406a-892c-585bdefb72af 0b209b56c77f41c0a56c3c904e1a02ac b194bfbd841842d082e791d0161857e0 - - default default] TaaS: Handle Delete Port: 0d689f94-26f2-4c4d-b979-c11eb010a2bc
2026-05-17 02:23:11.476 8 INFO neutron_taas.services.taas.tap_mirror_plugin [None req-e94a4c3e-fba5-406a-892c-585bdefb72af 0b209b56c77f41c0a56c3c904e1a02ac b194bfbd841842d082e791d0161857e0 - - default default] Tap Mirror: Handle Delete Port: 0d689f94-26f2-4c4d-b979-c11eb010a2bc
2026-05-17 02:23:11.580 7 WARNING neutron.scheduler.dhcp_agent_scheduler [None req-81d16032-5959-46c0-9d56-2be7890064f0 9853acabf4444830a2b29723d8e55f34 2d0b1c145b024489a8bd092a795868d6 - - default default] No more DHCP agents
2026-05-17 02:23:11.581 7 WARNING neutron.api.rpc.agentnotifiers.dhcp_rpc_agent_api [None req-81d16032-5959-46c0-9d56-2be7890064f0 9853acabf4444830a2b29723d8e55f34 2d0b1c145b024489a8bd092a795868d6 - - default default] Unable to schedule network 57816ba8-429f-41af-83ce-8063b8bc0e36: no agents available; will retry on subsequent port and subnet creation events.
2026-05-17 02:23:11.805 8 INFO neutron.services.segments.plugin [-] Segment 5ffc9b9d-3c62-4d28-b706-03d033083629 resource provider aggregate not found
2026-05-17 02:23:11.810 8 INFO neutron.services.segments.plugin [-] Segment 5ffc9b9d-3c62-4d28-b706-03d033083629 resource provider aggregate not found
2026-05-17 02:23:11.846 8 INFO neutron.services.segments.plugin [-] Segment 5ffc9b9d-3c62-4d28-b706-03d033083629 resource provider not found; error: Placement Client Error (4xx): {"errors": [{"status": 404, "title": "Not Found", "detail": "The resource could not be found.\n\n No resource provider with uuid 5ffc9b9d-3c62-4d28-b706-03d033083629 found for delete ", "request_id": "req-f142e897-2e4f-48e6-a082-3f4102eb8d61"}]}
2026-05-17 02:23:11.850 8 INFO neutron.services.segments.plugin [-] Segment 5ffc9b9d-3c62-4d28-b706-03d033083629 resource provider not found; error: Placement Client Error (4xx): {"errors": [{"status": 404, "title": "Not Found", "detail": "The resource could not be found.\n\n No resource provider with uuid 5ffc9b9d-3c62-4d28-b706-03d033083629 found for delete ", "request_id": "req-3caf2806-1be8-4214-906b-ab26ec447e1a"}]} [pid: 8|app: 0|req: 746/1365] 10.0.0.197 () {32 vars in 725 bytes} [Sun May 17 02:23:11 2026] DELETE /v2.0/networks/6a9be898-8add-4935-bee0-290629918416 => generated 0 bytes in 581 msecs (HTTP/1.1 204) 3 headers in 131 bytes (1 switches on core 0) [pid: 8|app: 0|req: 747/1366] 10.0.0.151 () {34 vars in 989 bytes} [Sun May 17 02:23:11 2026] GET /v2.0/ports?device_id=6cc2551b-7b27-43be-9f5b-0b9621d38de2 => generated 973 bytes in 62 msecs (HTTP/1.1 200) 4 headers in 157 bytes (1 switches on core 0)
2026-05-17 02:23:12.173 8 WARNING neutron.db.securitygroups_db [None req-05f29c58-d4b7-4f23-963f-71759cbd9c98 63588055390b4c14b6304251d13527e2 8ea12d20a947412880db696f1f35c4f6 - - default default] project_id key not found in filters, using tenant_id instead. This support has been deprecated and will be removed in a future release.
2026-05-17 02:23:12.329 8 INFO neutron.db.ovn_revision_numbers_db [None req-05f29c58-d4b7-4f23-963f-71759cbd9c98 63588055390b4c14b6304251d13527e2 8ea12d20a947412880db696f1f35c4f6 - - default default] Successfully bumped revision number for resource d5b2b328-73ee-45ef-a33e-127da11815e5 (type: security_groups) to 1
2026-05-17 02:23:12.350 8 INFO neutron.db.ovn_revision_numbers_db [None req-05f29c58-d4b7-4f23-963f-71759cbd9c98 63588055390b4c14b6304251d13527e2 8ea12d20a947412880db696f1f35c4f6 - - default default] Successfully bumped revision number for resource 0f98f6d4-5701-4a80-8ec3-259bd6b087fc (type: security_group_rules) to 0
2026-05-17 02:23:12.381 8 INFO neutron.db.ovn_revision_numbers_db [None req-05f29c58-d4b7-4f23-963f-71759cbd9c98 63588055390b4c14b6304251d13527e2 8ea12d20a947412880db696f1f35c4f6 - - default default] Successfully bumped revision number for resource 7b9b2e0c-0a65-40a4-a555-2afd8c290403 (type: security_group_rules) to 0
2026-05-17 02:23:12.428 8 INFO neutron.db.ovn_revision_numbers_db [None req-05f29c58-d4b7-4f23-963f-71759cbd9c98 63588055390b4c14b6304251d13527e2 8ea12d20a947412880db696f1f35c4f6 - - default default] Successfully bumped revision number for resource 831538b3-b182-46e4-ac48-d240334d084c (type: security_group_rules) to 0
2026-05-17 02:23:12.448 8 INFO neutron.db.ovn_revision_numbers_db [None req-05f29c58-d4b7-4f23-963f-71759cbd9c98 63588055390b4c14b6304251d13527e2 8ea12d20a947412880db696f1f35c4f6 - - default default] Successfully bumped revision number for resource b0215f84-97fc-46af-a5c5-9dfed4812a30 (type: security_group_rules) to 0 [pid: 8|app: 0|req: 748/1367] 10.0.0.197 () {32 vars in 773 bytes} [Sun May 17 02:23:11 2026] GET /v2.0/security-groups?tenant_id=0595e6e0db5443beb15d0d3c9406c625&name=default => generated 2925 bytes in 544 msecs (HTTP/1.1 200) 4 headers in 158 bytes (1 switches on core 0)
2026-05-17 02:23:12.501 8 INFO neutron.pecan_wsgi.hooks.translation [None req-73918f5c-7035-432e-b0f7-e628b562a14b 0b209b56c77f41c0a56c3c904e1a02ac b194bfbd841842d082e791d0161857e0 - - default default] DELETE failed (client error): The resource could not be found. [pid: 8|app: 0|req: 749/1368] 10.0.0.197 () {32 vars in 725 bytes} [Sun May 17 02:23:12 2026] DELETE /v2.0/networks/6a9be898-8add-4935-bee0-290629918416 => generated 138 bytes in 14 msecs (HTTP/1.1 404) 4 headers in 164 bytes (1 switches on core 0) [pid: 8|app: 0|req: 750/1369] 10.0.0.151 () {34 vars in 1039 bytes} [Sun May 17 02:23:12 2026] GET /v2.0/security-groups?id=d8c5c08d-bd06-440d-923b-54c66eb1a7c0&fields=id&fields=name => generated 113 bytes in 28 msecs (HTTP/1.1 200) 4 headers in 157 bytes (1 switches on core 0)
2026-05-17 02:23:12.614 7 INFO neutron.db.ovn_revision_numbers_db [None req-81d16032-5959-46c0-9d56-2be7890064f0 9853acabf4444830a2b29723d8e55f34 2d0b1c145b024489a8bd092a795868d6 - - default default] Successfully bumped revision number for resource 2f878c4a-409e-4789-ae3e-99fb9513694b (type: floatingips) to 1
2026-05-17 02:23:12.614 7 INFO neutron.db.l3_db [None req-81d16032-5959-46c0-9d56-2be7890064f0 9853acabf4444830a2b29723d8e55f34 2d0b1c145b024489a8bd092a795868d6 - - default default] Floating IP 2f878c4a-409e-4789-ae3e-99fb9513694b associated. External IP: 10.96.250.220, port: f3f2c35e-ed8e-4896-98e3-5bb78a1047b8. [pid: 7|app: 0|req: 620/1370] 10.0.0.197 () {34 vars in 676 bytes} [Sun May 17 02:23:11 2026] POST /v2.0/floatingips => generated 843 bytes in 1365 msecs (HTTP/1.1 201) 4 headers in 162 bytes (1 switches on core 0) [pid: 8|app: 0|req: 751/1371] 10.0.0.197 () {32 vars in 739 bytes} [Sun May 17 02:23:12 2026] DELETE /v2.0/security-groups/d5b2b328-73ee-45ef-a33e-127da11815e5 => generated 0 bytes in 186 msecs (HTTP/1.1 204) 2 headers in 112 bytes (1 switches on core 0) [pid: 7|app: 0|req: 621/1372] 10.0.0.197 () {32 vars in 693 bytes} [Sun May 17 02:23:12 2026] GET /v2.0/networks?router%3Aexternal=True => generated 689 bytes in 67 msecs (HTTP/1.1 200) 4 headers in 157 bytes (1 switches on core 0) [pid: 8|app: 0|req: 752/1373] 10.0.0.197 () {32 vars in 728 bytes} [Sun May 17 02:23:12 2026] GET /v2.0/floatingips/2f878c4a-409e-4789-ae3e-99fb9513694b => generated 845 bytes in 34 msecs (HTTP/1.1 200) 4 headers in 157 bytes (1 switches on core 0) [pid: 7|app: 0|req: 622/1374] 10.0.0.197 () {32 vars in 741 bytes} [Sun May 17 02:23:12 2026] GET /v2.0/subnets?network_id=57816ba8-429f-41af-83ce-8063b8bc0e36 => generated 649 bytes in 55 msecs (HTTP/1.1 200) 4 headers in 157 bytes (1 switches on core 0) [pid: 7|app: 0|req: 623/1375] 10.0.0.197 () {32 vars in 652 bytes} [Sun May 17 02:23:12 2026] GET /v2.0/extensions => generated 21706 bytes in 9 msecs (HTTP/1.1 200) 4 headers in 159 bytes (1 switches on core 0) [pid: 8|app: 0|req: 753/1376] 10.0.0.197 () {32 vars in 654 bytes} [Sun May 17 02:23:12 2026] GET /v2.0/floatingips => generated 848 bytes in 66 msecs (HTTP/1.1 200) 4 headers in 157 bytes (1 switches on core 0)
2026-05-17 02:23:12.831 8 WARNING neutron.db.securitygroups_db [None req-d4d19166-b173-4392-9443-1ceef39872c6 63588055390b4c14b6304251d13527e2 8ea12d20a947412880db696f1f35c4f6 - - default default] project_id key not found in filters, using tenant_id instead. This support has been deprecated and will be removed in a future release. [pid: 7|app: 0|req: 624/1377] 10.0.0.197 () {32 vars in 648 bytes} [Sun May 17 02:23:12 2026] GET /v2.0/networks => generated 1388 bytes in 56 msecs (HTTP/1.1 200) 4 headers in 158 bytes (1 switches on core 0)
2026-05-17 02:23:12.954 8 INFO neutron.db.ovn_revision_numbers_db [None req-d4d19166-b173-4392-9443-1ceef39872c6 63588055390b4c14b6304251d13527e2 8ea12d20a947412880db696f1f35c4f6 - - default default] Successfully bumped revision number for resource cefa769e-de38-4a13-8d4c-2f34329ebf9d (type: security_groups) to 1
2026-05-17 02:23:12.968 8 INFO neutron.db.ovn_revision_numbers_db [None req-d4d19166-b173-4392-9443-1ceef39872c6 63588055390b4c14b6304251d13527e2 8ea12d20a947412880db696f1f35c4f6 - - default default] Successfully bumped revision number for resource 1ea41550-4bf4-4caf-a8d0-b2f7b4b98b8c (type: security_group_rules) to 0
2026-05-17 02:23:12.979 8 INFO neutron.db.ovn_revision_numbers_db [None req-d4d19166-b173-4392-9443-1ceef39872c6 63588055390b4c14b6304251d13527e2 8ea12d20a947412880db696f1f35c4f6 - - default default] Successfully bumped revision number for resource 21ead3d4-c248-4428-ae43-ad3a60b05f26 (type: security_group_rules) to 0
2026-05-17 02:23:12.991 8 INFO neutron.db.ovn_revision_numbers_db [None req-d4d19166-b173-4392-9443-1ceef39872c6 63588055390b4c14b6304251d13527e2 8ea12d20a947412880db696f1f35c4f6 - - default default] Successfully bumped revision number for resource 5d3d9671-b885-4689-9225-2a0bce5f6a21 (type: security_group_rules) to 0
2026-05-17 02:23:13.003 8 INFO neutron.db.ovn_revision_numbers_db [None req-d4d19166-b173-4392-9443-1ceef39872c6 63588055390b4c14b6304251d13527e2 8ea12d20a947412880db696f1f35c4f6 - - default default] Successfully bumped revision number for resource fb1d0c6e-890a-415c-93e1-5b3f3e9413f1 (type: security_group_rules) to 0 [pid: 8|app: 0|req: 754/1378] 10.0.0.197 () {32 vars in 773 bytes} [Sun May 17 02:23:12 2026] GET /v2.0/security-groups?tenant_id=f1036b8c16a549069514e2517d1445c5&name=default => generated 2925 bytes in 225 msecs (HTTP/1.1 200) 4 headers in 158 bytes (1 switches on core 0) [pid: 8|app: 0|req: 755/1379] 10.0.0.197 () {32 vars in 646 bytes} [Sun May 17 02:23:13 2026] GET /v2.0/subnets => generated 1312 bytes in 30 msecs (HTTP/1.1 200) 4 headers in 158 bytes (1 switches on core 0) [pid: 8|app: 0|req: 756/1380] 10.0.0.197 () {32 vars in 739 bytes} [Sun May 17 02:23:13 2026] DELETE /v2.0/security-groups/cefa769e-de38-4a13-8d4c-2f34329ebf9d => generated 0 bytes in 175 msecs (HTTP/1.1 204) 2 headers in 112 bytes (1 switches on core 0) [pid: 8|app: 0|req: 757/1381] 10.0.0.197 () {32 vars in 722 bytes} [Sun May 17 02:23:13 2026] GET /v2.0/networks/7e4f800c-e50b-48ac-870e-ad070a85d77b => generated 710 bytes in 44 msecs (HTTP/1.1 200) 4 headers in 157 bytes (1 switches on core 0) [pid: 8|app: 0|req: 758/1382] 10.0.0.197 () {32 vars in 720 bytes} [Sun May 17 02:23:13 2026] GET /v2.0/subnets/bab78ad4-a07b-4454-be68-9bfecfec7fb6 => generated 673 bytes in 23 msecs (HTTP/1.1 200) 4 headers in 157 bytes (1 switches on core 0)
2026-05-17 02:23:13.355 8 INFO neutron.pecan_wsgi.hooks.translation [None req-ad8d5ba0-2e34-460e-abd9-c8ea35ced4a3 0b209b56c77f41c0a56c3c904e1a02ac b194bfbd841842d082e791d0161857e0 - - default default] DELETE failed (client error): The resource could not be found. [pid: 8|app: 0|req: 759/1383] 10.0.0.197 () {32 vars in 723 bytes} [Sun May 17 02:23:13 2026] DELETE /v2.0/subnets/7f013ff2-dc69-4e03-9a40-b3dce12ea28f => generated 136 bytes in 14 msecs (HTTP/1.1 404) 4 headers in 164 bytes (1 switches on core 0)
2026-05-17 02:23:13.418 8 INFO neutron.pecan_wsgi.hooks.translation [None req-b60051ae-7a5c-402b-91bb-163895e4679b 0b209b56c77f41c0a56c3c904e1a02ac b194bfbd841842d082e791d0161857e0 - - default default] DELETE failed (client error): The resource could not be found. [pid: 8|app: 0|req: 760/1384] 10.0.0.197 () {32 vars in 725 bytes} [Sun May 17 02:23:13 2026] DELETE /v2.0/networks/6a9be898-8add-4935-bee0-290629918416 => generated 138 bytes in 61 msecs (HTTP/1.1 404) 4 headers in 164 bytes (1 switches on core 0)
2026-05-17 02:23:13.439 7 INFO neutron.db.ovn_revision_numbers_db [None req-25b3d0aa-ae4c-4f34-acf2-00cfb00c336d 9853acabf4444830a2b29723d8e55f34 2d0b1c145b024489a8bd092a795868d6 - - default default] Successfully bumped revision number for resource 2f878c4a-409e-4789-ae3e-99fb9513694b (type: floatingips) to 2
2026-05-17 02:23:13.564 7 INFO neutron.db.l3_db [None req-25b3d0aa-ae4c-4f34-acf2-00cfb00c336d 9853acabf4444830a2b29723d8e55f34 2d0b1c145b024489a8bd092a795868d6 - - default default] Floating IP 2f878c4a-409e-4789-ae3e-99fb9513694b associated. External IP: 10.96.250.220, port: f3f2c35e-ed8e-4896-98e3-5bb78a1047b8. [pid: 8|app: 0|req: 761/1385] 10.0.0.197 () {32 vars in 723 bytes} [Sun May 17 02:23:13 2026] DELETE /v2.0/subnets/bab78ad4-a07b-4454-be68-9bfecfec7fb6 => generated 0 bytes in 181 msecs (HTTP/1.1 204) 3 headers in 131 bytes (1 switches on core 0) [pid: 7|app: 0|req: 625/1386] 10.0.0.197 () {34 vars in 748 bytes} [Sun May 17 02:23:12 2026] PUT /v2.0/floatingips/2f878c4a-409e-4789-ae3e-99fb9513694b => generated 844 bytes in 765 msecs (HTTP/1.1 200) 4 headers in 157 bytes (1 switches on core 0) [pid: 7|app: 0|req: 626/1387] 10.0.0.151 () {34 vars in 989 bytes} [Sun May 17 02:23:13 2026] GET /v2.0/ports?device_id=6cc2551b-7b27-43be-9f5b-0b9621d38de2 => generated 973 bytes in 71 msecs (HTTP/1.1 200) 4 headers in 157 bytes (1 switches on core 0)
2026-05-17 02:23:13.755 8 INFO neutron_taas.services.taas.taas_plugin [None req-a1bfe8e8-c45a-43a8-9c9c-b5d44bad3bf1 0b209b56c77f41c0a56c3c904e1a02ac b194bfbd841842d082e791d0161857e0 - - default default] TaaS: Handle Delete Port: 9cbbf5cc-cee0-46c4-be8a-8dfc78699dd7
2026-05-17 02:23:13.758 8 INFO neutron_taas.services.taas.tap_mirror_plugin [None req-a1bfe8e8-c45a-43a8-9c9c-b5d44bad3bf1 0b209b56c77f41c0a56c3c904e1a02ac b194bfbd841842d082e791d0161857e0 - - default default] Tap Mirror: Handle Delete Port: 9cbbf5cc-cee0-46c4-be8a-8dfc78699dd7
2026-05-17 02:23:13.889 7 INFO neutron.db.ovn_revision_numbers_db [None req-f6544a31-868e-478f-9939-455a8a9251c6 9853acabf4444830a2b29723d8e55f34 2d0b1c145b024489a8bd092a795868d6 - - default default] Successfully bumped revision number for resource 2f878c4a-409e-4789-ae3e-99fb9513694b (type: floatingips) to 3
2026-05-17 02:23:13.952 7 INFO neutron.db.l3_db [None req-f6544a31-868e-478f-9939-455a8a9251c6 9853acabf4444830a2b29723d8e55f34 2d0b1c145b024489a8bd092a795868d6 - - default default] Floating IP 2f878c4a-409e-4789-ae3e-99fb9513694b disassociated. External IP: 10.96.250.220, port: 286ceca3-5b07-4391-a7aa-c2c23c9d8487.
2026-05-17 02:23:13.958 8 INFO neutron.services.segments.plugin [-] Segment c905f92c-923d-49fa-baf6-bd7ab2859d98 resource provider aggregate not found
2026-05-17 02:23:13.965 8 INFO neutron.services.segments.plugin [-] Segment c905f92c-923d-49fa-baf6-bd7ab2859d98 resource provider aggregate not found
2026-05-17 02:23:13.974 8 INFO neutron.services.segments.plugin [-] Segment c905f92c-923d-49fa-baf6-bd7ab2859d98 resource provider not found; error: Placement Client Error (4xx): {"errors": [{"status": 404, "title": "Not Found", "detail": "The resource could not be found.\n\n No resource provider with uuid c905f92c-923d-49fa-baf6-bd7ab2859d98 found for delete ", "request_id": "req-f4f4dbb3-92ea-4edb-b6f5-4bc512d597b1"}]}
2026-05-17 02:23:13.986 8 INFO neutron.services.segments.plugin [-] Segment c905f92c-923d-49fa-baf6-bd7ab2859d98 resource provider not found; error: Placement Client Error (4xx): {"errors": [{"status": 404, "title": "Not Found", "detail": "The resource could not be found.\n\n No resource provider with uuid c905f92c-923d-49fa-baf6-bd7ab2859d98 found for delete ", "request_id": "req-997c28d5-00e3-48ad-a6c4-8af44662be92"}]} [pid: 7|app: 0|req: 627/1388] 10.0.0.197 () {34 vars in 748 bytes} [Sun May 17 02:23:13 2026] PUT /v2.0/floatingips/2f878c4a-409e-4789-ae3e-99fb9513694b => generated 554 bytes in 299 msecs (HTTP/1.1 200) 4 headers in 157 bytes (1 switches on core 0) [pid: 8|app: 0|req: 762/1389] 10.0.0.197 () {32 vars in 725 bytes} [Sun May 17 02:23:13 2026] DELETE /v2.0/networks/7e4f800c-e50b-48ac-870e-ad070a85d77b => generated 0 bytes in 391 msecs (HTTP/1.1 204) 3 headers in 131 bytes (1 switches on core 0) [pid: 7|app: 0|req: 628/1390] 10.0.0.151 () {34 vars in 1039 bytes} [Sun May 17 02:23:13 2026] GET /v2.0/security-groups?id=d8c5c08d-bd06-440d-923b-54c66eb1a7c0&fields=id&fields=name => generated 113 bytes in 33 msecs (HTTP/1.1 200) 4 headers in 157 bytes (1 switches on core 0)
2026-05-17 02:23:14.139 8 INFO neutron_taas.services.taas.taas_plugin [None req-611a8cd1-fb98-4fd0-8b5b-eb1e01c9e964 9853acabf4444830a2b29723d8e55f34 2d0b1c145b024489a8bd092a795868d6 - - default default] TaaS: Handle Delete Port: f4cc36da-a1b5-4cbc-871b-cb23e6af2d9c
2026-05-17 02:23:14.142 8 INFO neutron_taas.services.taas.tap_mirror_plugin [None req-611a8cd1-fb98-4fd0-8b5b-eb1e01c9e964 9853acabf4444830a2b29723d8e55f34 2d0b1c145b024489a8bd092a795868d6 - - default default] Tap Mirror: Handle Delete Port: f4cc36da-a1b5-4cbc-871b-cb23e6af2d9c [pid: 8|app: 0|req: 763/1391] 10.0.0.197 () {32 vars in 731 bytes} [Sun May 17 02:23:14 2026] DELETE /v2.0/floatingips/2f878c4a-409e-4789-ae3e-99fb9513694b => generated 0 bytes in 296 msecs (HTTP/1.1 204) 2 headers in 112 bytes (1 switches on core 0)
2026-05-17 02:23:14.330 7 INFO neutron.api.v2.resource [None req-4b90e945-163a-4cf6-a658-b7262cb5c8a0 9853acabf4444830a2b29723d8e55f34 2d0b1c145b024489a8bd092a795868d6 - - default default] delete failed (client error): The resource could not be found. [pid: 7|app: 0|req: 629/1392] 10.0.0.197 () {32 vars in 731 bytes} [Sun May 17 02:23:14 2026] DELETE /v2.0/floatingips/2f878c4a-409e-4789-ae3e-99fb9513694b => generated 144 bytes in 21 msecs (HTTP/1.1 404) 4 headers in 164 bytes (1 switches on core 0)
2026-05-17 02:23:14.600 7 WARNING neutron.db.securitygroups_db [None req-d6fdc97b-0cd5-4784-85a6-c024db05a8e0 63588055390b4c14b6304251d13527e2 8ea12d20a947412880db696f1f35c4f6 - - default default] project_id key not found in filters, using tenant_id instead. This support has been deprecated and will be removed in a future release. [pid: 7|app: 0|req: 630/1393] 10.0.0.197 () {32 vars in 773 bytes} [Sun May 17 02:23:14 2026] GET /v2.0/security-groups?tenant_id=b194bfbd841842d082e791d0161857e0&name=default => generated 2925 bytes in 181 msecs (HTTP/1.1 200) 4 headers in 158 bytes (1 switches on core 0) [pid: 7|app: 0|req: 631/1394] 10.0.0.197 () {32 vars in 739 bytes} [Sun May 17 02:23:14 2026] DELETE /v2.0/security-groups/0b5f1b31-a194-4e58-91e4-2088d4956e7c => generated 0 bytes in 239 msecs (HTTP/1.1 204) 2 headers in 112 bytes (1 switches on core 0) [pid: 7|app: 0|req: 632/1395] 10.0.0.151 () {34 vars in 989 bytes} [Sun May 17 02:23:15 2026] GET /v2.0/ports?device_id=6cc2551b-7b27-43be-9f5b-0b9621d38de2 => generated 973 bytes in 54 msecs (HTTP/1.1 200) 4 headers in 157 bytes (1 switches on core 0) [pid: 7|app: 0|req: 633/1396] 10.0.0.151 () {34 vars in 1039 bytes} [Sun May 17 02:23:15 2026] GET /v2.0/security-groups?id=d8c5c08d-bd06-440d-923b-54c66eb1a7c0&fields=id&fields=name => generated 113 bytes in 36 msecs (HTTP/1.1 200) 4 headers in 157 bytes (1 switches on core 0)
2026-05-17 02:23:15.324 8 INFO neutron_taas.services.taas.taas_plugin [None req-b2b00e28-6347-4bec-a4cc-6946a35b4c50 9853acabf4444830a2b29723d8e55f34 2d0b1c145b024489a8bd092a795868d6 - - default default] TaaS: Handle Delete Port: 286ceca3-5b07-4391-a7aa-c2c23c9d8487
2026-05-17 02:23:15.327 8 INFO neutron_taas.services.taas.tap_mirror_plugin [None req-b2b00e28-6347-4bec-a4cc-6946a35b4c50 9853acabf4444830a2b29723d8e55f34 2d0b1c145b024489a8bd092a795868d6 - - default default] Tap Mirror: Handle Delete Port: 286ceca3-5b07-4391-a7aa-c2c23c9d8487 [pid: 8|app: 0|req: 764/1397] 10.0.0.197 () {32 vars in 719 bytes} [Sun May 17 02:23:14 2026] DELETE /v2.0/ports/286ceca3-5b07-4391-a7aa-c2c23c9d8487 => generated 0 bytes in 1200 msecs (HTTP/1.1 204) 3 headers in 131 bytes (1 switches on core 0)
2026-05-17 02:23:15.727 7 INFO neutron_taas.services.taas.taas_plugin [None req-e6d0f448-61f0-4d33-8db6-ae409314181b 9853acabf4444830a2b29723d8e55f34 2d0b1c145b024489a8bd092a795868d6 - - default default] TaaS: Handle Delete Port: f3f2c35e-ed8e-4896-98e3-5bb78a1047b8
2026-05-17 02:23:15.731 7 INFO neutron_taas.services.taas.tap_mirror_plugin [None req-e6d0f448-61f0-4d33-8db6-ae409314181b 9853acabf4444830a2b29723d8e55f34 2d0b1c145b024489a8bd092a795868d6 - - default default] Tap Mirror: Handle Delete Port: f3f2c35e-ed8e-4896-98e3-5bb78a1047b8 [pid: 7|app: 0|req: 634/1398] 10.0.0.197 () {32 vars in 719 bytes} [Sun May 17 02:23:15 2026] DELETE /v2.0/ports/f3f2c35e-ed8e-4896-98e3-5bb78a1047b8 => generated 0 bytes in 360 msecs (HTTP/1.1 204) 3 headers in 131 bytes (1 switches on core 0) [pid: 8|app: 0|req: 765/1399] 10.0.0.197 () {32 vars in 735 bytes} [Sun May 17 02:23:15 2026] GET /v2.0/ports?device_id=8fadb427-19a7-4e27-95fa-3712951609c8 => generated 946 bytes in 45 msecs (HTTP/1.1 200) 4 headers in 157 bytes (1 switches on core 0)
2026-05-17 02:23:16.061 7 WARNING neutron.plugins.ml2.drivers.ovn.mech_driver.ovsdb.ovn_client [None req-995a5b44-ab27-4ff6-a2ae-8b4942d4d41f - - - - - -] No hosting information found for port 02322b02-4fcb-4a8d-87e5-2b96df8ac6be: RuntimeError: No hosting information found for port 02322b02-4fcb-4a8d-87e5-2b96df8ac6be
2026-05-17 02:23:16.125 7 INFO neutron.common.ovn.utils [None req-995a5b44-ab27-4ff6-a2ae-8b4942d4d41f - - - - - -] HA Chassis Group neutron-b0f98cba-77a9-40f1-85c0-82df82e24f08 synchronized; highest priority chassis 555f4a17-ec77-4dc7-b08a-ecb5ba31a602
2026-05-17 02:23:16.311 7 INFO neutron.db.ovn_revision_numbers_db [None req-995a5b44-ab27-4ff6-a2ae-8b4942d4d41f - - - - - -] Successfully bumped revision number for resource 02322b02-4fcb-4a8d-87e5-2b96df8ac6be (type: router_ports) to 2
2026-05-17 02:23:16.312 7 INFO neutron.plugins.ml2.drivers.ovn.mech_driver.mech_driver [None req-995a5b44-ab27-4ff6-a2ae-8b4942d4d41f - - - - - -] OVN reports status down for port: f3f2c35e-ed8e-4896-98e3-5bb78a1047b8
2026-05-17 02:23:16.332 7 INFO neutron.plugins.ml2.drivers.ovn.mech_driver.mech_driver [None req-995a5b44-ab27-4ff6-a2ae-8b4942d4d41f - - - - - -] OVN reports status down for port: 9cbbf5cc-cee0-46c4-be8a-8dfc78699dd7 [pid: 8|app: 0|req: 766/1400] 10.0.0.151 () {34 vars in 989 bytes} [Sun May 17 02:23:16 2026] GET /v2.0/ports?device_id=6cc2551b-7b27-43be-9f5b-0b9621d38de2 => generated 973 bytes in 75 msecs (HTTP/1.1 200) 4 headers in 157 bytes (1 switches on core 0) [pid: 8|app: 0|req: 767/1401] 10.0.0.151 () {34 vars in 1039 bytes} [Sun May 17 02:23:16 2026] GET /v2.0/security-groups?id=d8c5c08d-bd06-440d-923b-54c66eb1a7c0&fields=id&fields=name => generated 113 bytes in 29 msecs (HTTP/1.1 200) 4 headers in 157 bytes (1 switches on core 0)
2026-05-17 02:23:16.514 7 INFO neutron.plugins.ml2.drivers.ovn.mech_driver.mech_driver [None req-995a5b44-ab27-4ff6-a2ae-8b4942d4d41f - - - - - -] OVN reports status up for port: bb3a762d-d8e6-4211-8336-f9200b7056d2
2026-05-17 02:23:16.545 7 INFO neutron.plugins.ml2.plugin [None req-995a5b44-ab27-4ff6-a2ae-8b4942d4d41f - - - - - -] Attempt 1 to provision port bb3a762d-d8e6-4211-8336-f9200b7056d2
2026-05-17 02:23:16.551 7 INFO neutron_taas.services.taas.taas_plugin [None req-b652c65f-c09e-456f-8258-bce47cd2f9ab 9853acabf4444830a2b29723d8e55f34 2d0b1c145b024489a8bd092a795868d6 - - default default] TaaS: Handle Delete Port: 02322b02-4fcb-4a8d-87e5-2b96df8ac6be
2026-05-17 02:23:16.564 7 INFO neutron_taas.services.taas.tap_mirror_plugin [None req-b652c65f-c09e-456f-8258-bce47cd2f9ab 9853acabf4444830a2b29723d8e55f34 2d0b1c145b024489a8bd092a795868d6 - - default default] Tap Mirror: Handle Delete Port: 02322b02-4fcb-4a8d-87e5-2b96df8ac6be
2026-05-17 02:23:16.773 7 INFO neutron.notifiers.nova [-] Nova event matching ['req-9ac38b90-f04a-47f1-b3e6-577b9e06a0f0'] response: {'server_uuid': '6cc2551b-7b27-43be-9f5b-0b9621d38de2', 'name': 'network-vif-plugged', 'status': 'completed', 'tag': 'bb3a762d-d8e6-4211-8336-f9200b7056d2', 'code': 200}
2026-05-17 02:23:17.072 7 INFO neutron.db.ovn_revision_numbers_db [None req-995a5b44-ab27-4ff6-a2ae-8b4942d4d41f - - - - - -] Successfully bumped revision number for resource bb3a762d-d8e6-4211-8336-f9200b7056d2 (type: ports) to 5
2026-05-17 02:23:17.125 8 INFO neutron.db.ovn_revision_numbers_db [None req-32342836-f904-4330-8f7d-ff498ca7e986 83b56fc82aab4de7adce4d0bfd4595bb a63915e311004ddda738a6e2f7a78df9 - - default default] Successfully bumped revision number for resource 451ab84b-59e8-47f4-8bbe-de277db43c9d (type: security_groups) to 1
2026-05-17 02:23:17.137 8 INFO neutron.db.ovn_revision_numbers_db [None req-32342836-f904-4330-8f7d-ff498ca7e986 83b56fc82aab4de7adce4d0bfd4595bb a63915e311004ddda738a6e2f7a78df9 - - default default] Successfully bumped revision number for resource 5042dc70-d5da-4328-91b5-ec38c94d6449 (type: security_group_rules) to 0
2026-05-17 02:23:17.151 8 INFO neutron.db.ovn_revision_numbers_db [None req-32342836-f904-4330-8f7d-ff498ca7e986 83b56fc82aab4de7adce4d0bfd4595bb a63915e311004ddda738a6e2f7a78df9 - - default default] Successfully bumped revision number for resource 85aa524f-953b-4aa7-a7f3-df4c19735f5b (type: security_group_rules) to 0
2026-05-17 02:23:17.165 8 INFO neutron.db.ovn_revision_numbers_db [None req-32342836-f904-4330-8f7d-ff498ca7e986 83b56fc82aab4de7adce4d0bfd4595bb a63915e311004ddda738a6e2f7a78df9 - - default default] Successfully bumped revision number for resource a6715fff-73c6-43e0-a19a-4437eb50e927 (type: security_group_rules) to 0
2026-05-17 02:23:17.182 8 INFO neutron.db.ovn_revision_numbers_db [None req-32342836-f904-4330-8f7d-ff498ca7e986 83b56fc82aab4de7adce4d0bfd4595bb a63915e311004ddda738a6e2f7a78df9 - - default default] Successfully bumped revision number for resource c0a7bd8c-4fc2-401c-9caf-c601aba47293 (type: security_group_rules) to 0
2026-05-17 02:23:17.270 8 INFO neutron.db.segments_db [None req-32342836-f904-4330-8f7d-ff498ca7e986 83b56fc82aab4de7adce4d0bfd4595bb a63915e311004ddda738a6e2f7a78df9 - - default default] Added segment c979c86e-5fb3-4cce-aa3c-2d93022ebeb0 of type geneve for network d3251ad5-943a-4cfb-80ed-26409ff0b434
2026-05-17 02:23:17.401 8 INFO neutron.db.ovn_revision_numbers_db [None req-32342836-f904-4330-8f7d-ff498ca7e986 83b56fc82aab4de7adce4d0bfd4595bb a63915e311004ddda738a6e2f7a78df9 - - default default] Successfully bumped revision number for resource d3251ad5-943a-4cfb-80ed-26409ff0b434 (type: networks) to 1
2026-05-17 02:23:17.588 8 WARNING neutron.scheduler.dhcp_agent_scheduler [None req-32342836-f904-4330-8f7d-ff498ca7e986 83b56fc82aab4de7adce4d0bfd4595bb a63915e311004ddda738a6e2f7a78df9 - - default default] No more DHCP agents
2026-05-17 02:23:17.590 8 WARNING neutron.api.rpc.agentnotifiers.dhcp_rpc_agent_api [None req-32342836-f904-4330-8f7d-ff498ca7e986 83b56fc82aab4de7adce4d0bfd4595bb a63915e311004ddda738a6e2f7a78df9 - - default default] Unable to schedule network d3251ad5-943a-4cfb-80ed-26409ff0b434: no agents available; will retry on subsequent port and subnet creation events.
2026-05-17 02:23:17.673 7 INFO neutron.plugins.ml2.drivers.ovn.mech_driver.mech_driver [None req-a0ffbca6-1099-4931-9863-14bcb4e22fda - - - - - -] OVN reports status down for port: 27d37adb-b849-4b04-b340-dc0b184af44c
2026-05-17 02:23:17.685 8 INFO neutron.db.ovn_revision_numbers_db [None req-32342836-f904-4330-8f7d-ff498ca7e986 83b56fc82aab4de7adce4d0bfd4595bb a63915e311004ddda738a6e2f7a78df9 - - default default] Successfully bumped revision number for resource 27d37adb-b849-4b04-b340-dc0b184af44c (type: ports) to 1 [pid: 7|app: 0|req: 635/1402] 10.0.0.197 () {34 vars in 788 bytes} [Sun May 17 02:23:15 2026] PUT /v2.0/routers/8fadb427-19a7-4e27-95fa-3712951609c8/remove_router_interface => generated 310 bytes in 1759 msecs (HTTP/1.1 200) 4 headers in 157 bytes (1 switches on core 0) [pid: 8|app: 0|req: 768/1403] 10.0.0.197 () {34 vars in 669 bytes} [Sun May 17 02:23:16 2026] POST /v2.0/networks => generated 682 bytes in 996 msecs (HTTP/1.1 201) 4 headers in 162 bytes (1 switches on core 0) [pid: 8|app: 0|req: 769/1404] 10.0.0.151 () {34 vars in 989 bytes} [Sun May 17 02:23:17 2026] GET /v2.0/ports?device_id=6cc2551b-7b27-43be-9f5b-0b9621d38de2 => generated 975 bytes in 39 msecs (HTTP/1.1 200) 4 headers in 157 bytes (1 switches on core 0) /var/lib/openstack/lib/python3.12/site-packages/pycadf/identifier.py:70: UserWarning: Invalid uuid: neutron. To ensure interoperability, identifiers should be a valid uuid. warnings.warn(('Invalid uuid: %s. To ensure interoperability, '
2026-05-17 02:23:17.823 7 WARNING neutron.db.securitygroups_db [None req-01f30ff9-c565-4495-b8b2-c63978e266a8 63588055390b4c14b6304251d13527e2 8ea12d20a947412880db696f1f35c4f6 - - default default] project_id key not found in filters, using tenant_id instead. This support has been deprecated and will be removed in a future release.
2026-05-17 02:23:17.965 7 INFO neutron.db.ovn_revision_numbers_db [None req-01f30ff9-c565-4495-b8b2-c63978e266a8 63588055390b4c14b6304251d13527e2 8ea12d20a947412880db696f1f35c4f6 - - default default] Successfully bumped revision number for resource 3230db66-889a-454a-a2ca-3cebf76f72ba (type: security_groups) to 1
2026-05-17 02:23:17.980 7 INFO neutron.db.ovn_revision_numbers_db [None req-01f30ff9-c565-4495-b8b2-c63978e266a8 63588055390b4c14b6304251d13527e2 8ea12d20a947412880db696f1f35c4f6 - - default default] Successfully bumped revision number for resource 111dc2cb-bac4-40a6-8967-05046bf101c3 (type: security_group_rules) to 0
2026-05-17 02:23:17.991 7 INFO neutron.db.ovn_revision_numbers_db [None req-01f30ff9-c565-4495-b8b2-c63978e266a8 63588055390b4c14b6304251d13527e2 8ea12d20a947412880db696f1f35c4f6 - - default default] Successfully bumped revision number for resource 2f389af0-fa42-4cb8-8b2e-b48a4199e442 (type: security_group_rules) to 0
2026-05-17 02:23:18.008 7 INFO neutron.db.ovn_revision_numbers_db [None req-01f30ff9-c565-4495-b8b2-c63978e266a8 63588055390b4c14b6304251d13527e2 8ea12d20a947412880db696f1f35c4f6 - - default default] Successfully bumped revision number for resource faca83d0-c306-4d2e-941c-13af71d726a2 (type: security_group_rules) to 0
2026-05-17 02:23:18.022 7 INFO neutron.db.ovn_revision_numbers_db [None req-01f30ff9-c565-4495-b8b2-c63978e266a8 63588055390b4c14b6304251d13527e2 8ea12d20a947412880db696f1f35c4f6 - - default default] Successfully bumped revision number for resource fdff0965-e1b0-4a5e-9e21-6a4876093ef0 (type: security_group_rules) to 0 [pid: 7|app: 0|req: 636/1405] 10.0.0.197 () {32 vars in 773 bytes} [Sun May 17 02:23:17 2026] GET /v2.0/security-groups?tenant_id=319142c536154024821db60fd980e554&name=default => generated 2925 bytes in 349 msecs (HTTP/1.1 200) 4 headers in 158 bytes (1 switches on core 0)
2026-05-17 02:23:18.090 8 INFO neutron_taas.services.taas.taas_plugin [None req-b22439f4-3f44-46f8-9c55-72a22dc51645 9853acabf4444830a2b29723d8e55f34 2d0b1c145b024489a8bd092a795868d6 - - default default] TaaS: Handle Delete Port: 5282e44d-5ac9-480c-8790-ad4e77856d1e
2026-05-17 02:23:18.093 8 INFO neutron_taas.services.taas.tap_mirror_plugin [None req-b22439f4-3f44-46f8-9c55-72a22dc51645 9853acabf4444830a2b29723d8e55f34 2d0b1c145b024489a8bd092a795868d6 - - default default] Tap Mirror: Handle Delete Port: 5282e44d-5ac9-480c-8790-ad4e77856d1e
2026-05-17 02:23:18.240 7 WARNING neutron.scheduler.dhcp_agent_scheduler [None req-b2c02dda-a08a-41a7-9c99-de9d8b0f457d 83b56fc82aab4de7adce4d0bfd4595bb a63915e311004ddda738a6e2f7a78df9 - - default default] No more DHCP agents
2026-05-17 02:23:18.242 7 WARNING neutron.api.rpc.agentnotifiers.dhcp_rpc_agent_api [None req-b2c02dda-a08a-41a7-9c99-de9d8b0f457d 83b56fc82aab4de7adce4d0bfd4595bb a63915e311004ddda738a6e2f7a78df9 - - default default] Unable to schedule network d3251ad5-943a-4cfb-80ed-26409ff0b434: no agents available; will retry on subsequent port and subnet creation events. [pid: 8|app: 0|req: 770/1406] 10.0.0.197 () {32 vars in 723 bytes} [Sun May 17 02:23:17 2026] DELETE /v2.0/routers/8fadb427-19a7-4e27-95fa-3712951609c8 => generated 0 bytes in 771 msecs (HTTP/1.1 204) 2 headers in 112 bytes (1 switches on core 0) [pid: 8|app: 0|req: 771/1407] 10.0.0.151 () {34 vars in 1039 bytes} [Sun May 17 02:23:18 2026] GET /v2.0/security-groups?id=d8c5c08d-bd06-440d-923b-54c66eb1a7c0&fields=id&fields=name => generated 113 bytes in 33 msecs (HTTP/1.1 200) 4 headers in 157 bytes (1 switches on core 0)
2026-05-17 02:23:18.740 7 INFO neutron.db.ovn_revision_numbers_db [None req-b2c02dda-a08a-41a7-9c99-de9d8b0f457d 83b56fc82aab4de7adce4d0bfd4595bb a63915e311004ddda738a6e2f7a78df9 - - default default] Successfully bumped revision number for resource 27d37adb-b849-4b04-b340-dc0b184af44c (type: ports) to 2
2026-05-17 02:23:18.779 7 INFO neutron.db.ovn_revision_numbers_db [None req-b2c02dda-a08a-41a7-9c99-de9d8b0f457d 83b56fc82aab4de7adce4d0bfd4595bb a63915e311004ddda738a6e2f7a78df9 - - default default] Successfully bumped revision number for resource 75744414-2dae-41bb-afe3-3444f2b1ad58 (type: subnets) to 0 [pid: 8|app: 0|req: 772/1408] 10.0.0.197 () {32 vars in 739 bytes} [Sun May 17 02:23:18 2026] DELETE /v2.0/security-groups/3230db66-889a-454a-a2ca-3cebf76f72ba => generated 0 bytes in 213 msecs (HTTP/1.1 204) 2 headers in 112 bytes (1 switches on core 0) [pid: 7|app: 0|req: 637/1409] 10.0.0.197 () {34 vars in 668 bytes} [Sun May 17 02:23:18 2026] POST /v2.0/subnets => generated 641 bytes in 760 msecs (HTTP/1.1 201) 4 headers in 162 bytes (1 switches on core 0)
2026-05-17 02:23:18.826 7 INFO neutron.notifiers.nova [-] Nova event matching ['req-21261a35-f654-4ea7-a465-04b6dd1db867'] response: {'server_uuid': '6cc2551b-7b27-43be-9f5b-0b9621d38de2', 'name': 'network-vif-plugged', 'status': 'completed', 'tag': 'bb3a762d-d8e6-4211-8336-f9200b7056d2', 'code': 200} [pid: 8|app: 0|req: 773/1410] 10.0.0.197 () {32 vars in 723 bytes} [Sun May 17 02:23:18 2026] DELETE /v2.0/subnets/fc9f0a5c-5112-473b-950d-02827e198932 => generated 0 bytes in 140 msecs (HTTP/1.1 204) 3 headers in 131 bytes (1 switches on core 0)
2026-05-17 02:23:18.934 8 WARNING neutron.db.securitygroups_db [None req-c8249914-e669-47fe-9852-fafaafc1fb16 63588055390b4c14b6304251d13527e2 8ea12d20a947412880db696f1f35c4f6 - - default default] project_id key not found in filters, using tenant_id instead. This support has been deprecated and will be removed in a future release.
2026-05-17 02:23:18.936 7 INFO neutron.db.segments_db [None req-c26786b1-e715-48da-b3ec-651648f3af64 83b56fc82aab4de7adce4d0bfd4595bb a63915e311004ddda738a6e2f7a78df9 - - default default] Added segment 746052ff-d2c2-4aa5-b6e0-f5d77b63a32f of type geneve for network 406428dd-65c1-478e-98c1-b995e5860233
2026-05-17 02:23:19.072 8 INFO neutron.db.ovn_revision_numbers_db [None req-c8249914-e669-47fe-9852-fafaafc1fb16 63588055390b4c14b6304251d13527e2 8ea12d20a947412880db696f1f35c4f6 - - default default] Successfully bumped revision number for resource f83c725e-9a7e-4ad6-9069-d12473b5f95f (type: security_groups) to 1
2026-05-17 02:23:19.086 8 INFO neutron.db.ovn_revision_numbers_db [None req-c8249914-e669-47fe-9852-fafaafc1fb16 63588055390b4c14b6304251d13527e2 8ea12d20a947412880db696f1f35c4f6 - - default default] Successfully bumped revision number for resource 043eb575-6d42-4607-aae8-6f78d4c4d40a (type: security_group_rules) to 0
2026-05-17 02:23:19.096 8 INFO neutron.db.ovn_revision_numbers_db [None req-c8249914-e669-47fe-9852-fafaafc1fb16 63588055390b4c14b6304251d13527e2 8ea12d20a947412880db696f1f35c4f6 - - default default] Successfully bumped revision number for resource 4b67eaad-6e77-491d-b8ef-86891a20f7ff (type: security_group_rules) to 0
2026-05-17 02:23:19.100 7 INFO neutron.db.ovn_revision_numbers_db [None req-c26786b1-e715-48da-b3ec-651648f3af64 83b56fc82aab4de7adce4d0bfd4595bb a63915e311004ddda738a6e2f7a78df9 - - default default] Successfully bumped revision number for resource 406428dd-65c1-478e-98c1-b995e5860233 (type: networks) to 1
2026-05-17 02:23:19.119 8 INFO neutron.db.ovn_revision_numbers_db [None req-c8249914-e669-47fe-9852-fafaafc1fb16 63588055390b4c14b6304251d13527e2 8ea12d20a947412880db696f1f35c4f6 - - default default] Successfully bumped revision number for resource bb6c798e-a604-4e89-be1f-4f6a82b22424 (type: security_group_rules) to 0
2026-05-17 02:23:19.134 8 INFO neutron.db.ovn_revision_numbers_db [None req-c8249914-e669-47fe-9852-fafaafc1fb16 63588055390b4c14b6304251d13527e2 8ea12d20a947412880db696f1f35c4f6 - - default default] Successfully bumped revision number for resource c7cdf2e2-0216-418a-bd10-b0b9775b28f2 (type: security_group_rules) to 0 [pid: 8|app: 0|req: 774/1411] 10.0.0.197 () {32 vars in 773 bytes} [Sun May 17 02:23:18 2026] GET /v2.0/security-groups?tenant_id=a763ebea494e43a0834b8e897937be6d&name=default => generated 2925 bytes in 244 msecs (HTTP/1.1 200) 4 headers in 158 bytes (1 switches on core 0)
2026-05-17 02:23:19.267 7 WARNING neutron.scheduler.dhcp_agent_scheduler [None req-c26786b1-e715-48da-b3ec-651648f3af64 83b56fc82aab4de7adce4d0bfd4595bb a63915e311004ddda738a6e2f7a78df9 - - default default] No more DHCP agents
2026-05-17 02:23:19.268 7 WARNING neutron.api.rpc.agentnotifiers.dhcp_rpc_agent_api [None req-c26786b1-e715-48da-b3ec-651648f3af64 83b56fc82aab4de7adce4d0bfd4595bb a63915e311004ddda738a6e2f7a78df9 - - default default] Unable to schedule network 406428dd-65c1-478e-98c1-b995e5860233: no agents available; will retry on subsequent port and subnet creation events.
2026-05-17 02:23:19.298 8 INFO neutron_taas.services.taas.taas_plugin [None req-43caa77c-e752-40c5-8315-b2f765043055 9853acabf4444830a2b29723d8e55f34 2d0b1c145b024489a8bd092a795868d6 - - default default] TaaS: Handle Delete Port: c7e2edfb-3c14-473b-b6a2-aede7ad35a86
2026-05-17 02:23:19.308 8 INFO neutron_taas.services.taas.tap_mirror_plugin [None req-43caa77c-e752-40c5-8315-b2f765043055 9853acabf4444830a2b29723d8e55f34 2d0b1c145b024489a8bd092a795868d6 - - default default] Tap Mirror: Handle Delete Port: c7e2edfb-3c14-473b-b6a2-aede7ad35a86
2026-05-17 02:23:19.327 7 INFO neutron.plugins.ml2.drivers.ovn.mech_driver.mech_driver [None req-a0ffbca6-1099-4931-9863-14bcb4e22fda - - - - - -] OVN reports status down for port: 4f0dd84e-73a7-493d-a72a-2073f15961e6
2026-05-17 02:23:19.390 7 INFO neutron.db.ovn_revision_numbers_db [None req-c26786b1-e715-48da-b3ec-651648f3af64 83b56fc82aab4de7adce4d0bfd4595bb a63915e311004ddda738a6e2f7a78df9 - - default default] Successfully bumped revision number for resource 4f0dd84e-73a7-493d-a72a-2073f15961e6 (type: ports) to 1 [pid: 7|app: 0|req: 638/1412] 10.0.0.197 () {34 vars in 669 bytes} [Sun May 17 02:23:18 2026] POST /v2.0/networks => generated 681 bytes in 630 msecs (HTTP/1.1 201) 4 headers in 162 bytes (1 switches on core 0)
2026-05-17 02:23:19.501 8 INFO neutron.services.segments.plugin [-] Segment c518bd13-a694-4b2c-bd74-c57e28366867 resource provider aggregate not found
2026-05-17 02:23:19.505 8 INFO neutron.services.segments.plugin [-] Segment c518bd13-a694-4b2c-bd74-c57e28366867 resource provider aggregate not found
2026-05-17 02:23:19.523 8 INFO neutron.services.segments.plugin [-] Segment c518bd13-a694-4b2c-bd74-c57e28366867 resource provider not found; error: Placement Client Error (4xx): {"errors": [{"status": 404, "title": "Not Found", "detail": "The resource could not be found.\n\n No resource provider with uuid c518bd13-a694-4b2c-bd74-c57e28366867 found for delete ", "request_id": "req-88e26fb9-8f37-4bc4-8c20-4af6e668f1bb"}]}
