2026-05-17 02:24:29.974 7 INFO neutron.db.ovn_revision_numbers_db [None req-f9713d67-12f4-4b8f-93bc-325c4e383808 63588055390b4c14b6304251d13527e2 8ea12d20a947412880db696f1f35c4f6 - - default default] Successfully bumped revision number for resource 47ad25bc-cbfa-4f91-866a-6eb16ff491ed (type: security_groups) to 1
2026-05-17 02:24:29.990 7 INFO neutron.db.ovn_revision_numbers_db [None req-f9713d67-12f4-4b8f-93bc-325c4e383808 63588055390b4c14b6304251d13527e2 8ea12d20a947412880db696f1f35c4f6 - - default default] Successfully bumped revision number for resource 1cfbc545-2569-42b6-8e7b-01cce9fb10ac (type: security_group_rules) to 0
2026-05-17 02:24:29.995 8 INFO neutron.notifiers.nova [-] Nova event matching ['req-a3ce667c-4ba0-45b1-9edf-1892837e5032'] response: {'name': 'network-changed', 'server_uuid': '32aa04b1-7673-41a6-b424-74d00bada2ee', 'tag': '9909f6a1-e833-44a7-807e-61cd787958b8', 'status': 'completed', 'code': 200}
2026-05-17 02:24:30.004 7 INFO neutron.db.ovn_revision_numbers_db [None req-f9713d67-12f4-4b8f-93bc-325c4e383808 63588055390b4c14b6304251d13527e2 8ea12d20a947412880db696f1f35c4f6 - - default default] Successfully bumped revision number for resource 8d62dcda-da15-4e22-8421-2d9c50ecb8c5 (type: security_group_rules) to 0
2026-05-17 02:24:30.016 7 INFO neutron.db.ovn_revision_numbers_db [None req-f9713d67-12f4-4b8f-93bc-325c4e383808 63588055390b4c14b6304251d13527e2 8ea12d20a947412880db696f1f35c4f6 - - default default] Successfully bumped revision number for resource 90eb52e2-c40c-4831-98d8-08901ce7d3f4 (type: security_group_rules) to 0 [pid: 8|app: 0|req: 982/1888] 10.0.0.197 () {32 vars in 673 bytes} [Sun May 17 02:24:29 2026] GET /v2.0/subnets?tags-any=blue => generated 1283 bytes in 56 msecs (HTTP/1.1 200) 4 headers in 158 bytes (1 switches on core 0)
2026-05-17 02:24:30.030 7 INFO neutron.db.ovn_revision_numbers_db [None req-f9713d67-12f4-4b8f-93bc-325c4e383808 63588055390b4c14b6304251d13527e2 8ea12d20a947412880db696f1f35c4f6 - - default default] Successfully bumped revision number for resource acb32cc3-7c93-412b-b2e7-74fb79b78061 (type: security_group_rules) to 0 [pid: 8|app: 0|req: 983/1889] 10.0.0.197 () {32 vars in 662 bytes} [Sun May 17 02:24:30 2026] GET /v2.0/security-groups => generated 2925 bytes in 30 msecs (HTTP/1.1 200) 4 headers in 158 bytes (1 switches on core 0) [pid: 8|app: 0|req: 984/1890] 10.0.0.197 () {32 vars in 685 bytes} [Sun May 17 02:24:30 2026] GET /v2.0/subnets?tags-any=red%2Cblue => generated 1904 bytes in 31 msecs (HTTP/1.1 200) 4 headers in 158 bytes (1 switches on core 0) [pid: 7|app: 0|req: 907/1891] 10.0.0.197 () {32 vars in 773 bytes} [Sun May 17 02:24:29 2026] GET /v2.0/security-groups?tenant_id=bcec1103690f4bf69f035d4f39547641&name=default => generated 2925 bytes in 247 msecs (HTTP/1.1 200) 4 headers in 158 bytes (1 switches on core 0) [pid: 8|app: 0|req: 985/1892] 10.0.0.197 () {32 vars in 671 bytes} [Sun May 17 02:24:30 2026] GET /v2.0/subnets?not-tags=red => generated 1894 bytes in 47 msecs (HTTP/1.1 200) 4 headers in 158 bytes (1 switches on core 0) [pid: 8|app: 0|req: 986/1893] 10.0.0.197 () {32 vars in 685 bytes} [Sun May 17 02:24:30 2026] GET /v2.0/subnets?not-tags=red%2Cblue => generated 2515 bytes in 48 msecs (HTTP/1.1 200) 4 headers in 158 bytes (1 switches on core 0) [pid: 8|app: 0|req: 987/1894] 10.0.0.197 () {32 vars in 681 bytes} [Sun May 17 02:24:30 2026] GET /v2.0/subnets?not-tags-any=blue => generated 2515 bytes in 49 msecs (HTTP/1.1 200) 4 headers in 158 bytes (1 switches on core 0) [pid: 7|app: 0|req: 908/1895] 10.0.0.197 () {32 vars in 739 bytes} [Sun May 17 02:24:30 2026] DELETE /v2.0/security-groups/47ad25bc-cbfa-4f91-866a-6eb16ff491ed => generated 0 bytes in 182 msecs (HTTP/1.1 204) 2 headers in 112 bytes (1 switches on core 0) [pid: 8|app: 0|req: 988/1896] 10.0.0.197 () {32 vars in 693 bytes} [Sun May 17 02:24:30 2026] GET /v2.0/subnets?not-tags-any=red%2Cblue => generated 1894 bytes in 39 msecs (HTTP/1.1 200) 4 headers in 158 bytes (1 switches on core 0) [pid: 7|app: 0|req: 909/1897] 10.0.0.197 () {32 vars in 723 bytes} [Sun May 17 02:24:30 2026] DELETE /v2.0/subnets/27f40045-a879-4320-a23a-02e7ff0bd600 => generated 0 bytes in 177 msecs (HTTP/1.1 204) 3 headers in 131 bytes (1 switches on core 0) [pid: 7|app: 0|req: 910/1898] 199.204.45.38 () {34 vars in 1078 bytes} [Sun May 17 02:24:30 2026] GET /v2.0/ports?tenant_id=1a53199bcbe34b4d8e4138fc92ac4248&device_id=32aa04b1-7673-41a6-b424-74d00bada2ee => generated 1232 bytes in 36 msecs (HTTP/1.1 200) 4 headers in 158 bytes (1 switches on core 0) [pid: 7|app: 0|req: 911/1899] 199.204.45.38 () {34 vars in 984 bytes} [Sun May 17 02:24:30 2026] GET /v2.0/networks?id=4bbfde6a-73fb-4fa5-85b8-04da66d19075 => generated 797 bytes in 51 msecs (HTTP/1.1 200) 4 headers in 157 bytes (1 switches on core 0) [pid: 8|app: 0|req: 989/1900] 10.0.0.197 () {32 vars in 723 bytes} [Sun May 17 02:24:30 2026] DELETE /v2.0/subnets/2430aa90-f979-41f1-91a0-325f6a69f764 => generated 0 bytes in 173 msecs (HTTP/1.1 204) 3 headers in 131 bytes (1 switches on core 0) [pid: 8|app: 0|req: 990/1901] 199.204.45.38 () {34 vars in 1056 bytes} [Sun May 17 02:24:30 2026] GET /v2.0/floatingips?fixed_ip_address=10.100.0.4&port_id=9909f6a1-e833-44a7-807e-61cd787958b8 => generated 860 bytes in 43 msecs (HTTP/1.1 200) 4 headers in 157 bytes (1 switches on core 0)
2026-05-17 02:24:30.790 7 WARNING neutron.db.securitygroups_db [None req-13c68855-2c08-41b0-a377-191213a39661 63588055390b4c14b6304251d13527e2 8ea12d20a947412880db696f1f35c4f6 - - default default] project_id key not found in filters, using tenant_id instead. This support has been deprecated and will be removed in a future release. [pid: 7|app: 0|req: 912/1902] 10.0.0.197 () {32 vars in 773 bytes} [Sun May 17 02:24:30 2026] GET /v2.0/security-groups?tenant_id=beab167973fe4a05bbf927e88ad92495&name=default => generated 2925 bytes in 224 msecs (HTTP/1.1 200) 4 headers in 158 bytes (1 switches on core 0) [pid: 7|app: 0|req: 913/1903] 199.204.45.38 () {34 vars in 982 bytes} [Sun May 17 02:24:30 2026] GET /v2.0/subnets?id=f517380d-98be-4915-9732-f4e35aa4b44c => generated 677 bytes in 37 msecs (HTTP/1.1 200) 4 headers in 157 bytes (1 switches on core 0) [pid: 8|app: 0|req: 991/1904] 10.0.0.197 () {32 vars in 723 bytes} [Sun May 17 02:24:30 2026] DELETE /v2.0/subnets/85087f68-83a2-4811-bf91-ef0497b9b363 => generated 0 bytes in 166 msecs (HTTP/1.1 204) 3 headers in 131 bytes (1 switches on core 0) [pid: 8|app: 0|req: 992/1905] 10.0.0.197 () {32 vars in 723 bytes} [Sun May 17 02:24:30 2026] DELETE /v2.0/subnets/c4f52964-1ae6-41ac-b70b-5b67fa065f0f => generated 0 bytes in 143 msecs (HTTP/1.1 204) 3 headers in 131 bytes (1 switches on core 0) [pid: 8|app: 0|req: 993/1906] 199.204.45.38 () {34 vars in 1050 bytes} [Sun May 17 02:24:31 2026] GET /v2.0/ports?network_id=4bbfde6a-73fb-4fa5-85b8-04da66d19075&device_owner=network%3Adhcp => generated 12 bytes in 28 msecs (HTTP/1.1 200) 4 headers in 156 bytes (1 switches on core 0) [pid: 7|app: 0|req: 914/1907] 10.0.0.197 () {32 vars in 739 bytes} [Sun May 17 02:24:30 2026] DELETE /v2.0/security-groups/a3250f0e-6df7-4b1b-b26a-4c967b4dea05 => generated 0 bytes in 199 msecs (HTTP/1.1 204) 2 headers in 112 bytes (1 switches on core 0) [pid: 7|app: 0|req: 915/1908] 199.204.45.38 () {34 vars in 1010 bytes} [Sun May 17 02:24:31 2026] GET /v2.0/networks/4bbfde6a-73fb-4fa5-85b8-04da66d19075?fields=segments => generated 14 bytes in 54 msecs (HTTP/1.1 200) 4 headers in 156 bytes (1 switches on core 0) [pid: 7|app: 0|req: 916/1909] 199.204.45.38 () {34 vars in 1110 bytes} [Sun May 17 02:24:31 2026] GET /v2.0/networks/4bbfde6a-73fb-4fa5-85b8-04da66d19075?fields=provider%3Aphysical_network&fields=provider%3Anetwork_type => generated 79 bytes in 48 msecs (HTTP/1.1 200) 4 headers in 156 bytes (1 switches on core 0) [pid: 8|app: 0|req: 994/1910] 10.0.0.197 () {32 vars in 723 bytes} [Sun May 17 02:24:31 2026] DELETE /v2.0/subnets/c3b1da53-5f60-498c-81db-9f88b39b2316 => generated 0 bytes in 185 msecs (HTTP/1.1 204) 3 headers in 131 bytes (1 switches on core 0)
2026-05-17 02:24:31.351 7 INFO neutron_taas.services.taas.taas_plugin [None req-6c972efd-411c-4280-b880-659fde7d6858 4992e540ba454b49bad1c6dfd17a0db2 2c2a20ba941d4e6b983d00643f253cec - - default default] TaaS: Handle Delete Port: 0a4dfcdd-bf79-4cbb-9f5a-058ea08ce9a4
2026-05-17 02:24:31.357 7 INFO neutron_taas.services.taas.tap_mirror_plugin [None req-6c972efd-411c-4280-b880-659fde7d6858 4992e540ba454b49bad1c6dfd17a0db2 2c2a20ba941d4e6b983d00643f253cec - - default default] Tap Mirror: Handle Delete Port: 0a4dfcdd-bf79-4cbb-9f5a-058ea08ce9a4
2026-05-17 02:24:31.541 7 INFO neutron.services.segments.plugin [-] Segment d28c407d-2008-47b7-b29c-0d31538fc374 resource provider aggregate not found
2026-05-17 02:24:31.541 7 INFO neutron.services.segments.plugin [-] Segment d28c407d-2008-47b7-b29c-0d31538fc374 resource provider aggregate not found
2026-05-17 02:24:31.559 7 INFO neutron.services.segments.plugin [-] Segment d28c407d-2008-47b7-b29c-0d31538fc374 resource provider not found; error: Placement Client Error (4xx): {"errors": [{"status": 404, "title": "Not Found", "detail": "The resource could not be found.\n\n No resource provider with uuid d28c407d-2008-47b7-b29c-0d31538fc374 found for delete ", "request_id": "req-49659c3a-9c7f-478d-9991-91f3342c69e8"}]}
2026-05-17 02:24:31.560 7 INFO neutron.services.segments.plugin [-] Segment d28c407d-2008-47b7-b29c-0d31538fc374 resource provider not found; error: Placement Client Error (4xx): {"errors": [{"status": 404, "title": "Not Found", "detail": "The resource could not be found.\n\n No resource provider with uuid d28c407d-2008-47b7-b29c-0d31538fc374 found for delete ", "request_id": "req-dc0c4c26-d91e-45ea-8e8e-df9c4c78b12d"}]} [pid: 7|app: 0|req: 917/1911] 10.0.0.197 () {32 vars in 725 bytes} [Sun May 17 02:24:31 2026] DELETE /v2.0/networks/80636d96-b73e-4204-a66c-44e41d4aa81c => generated 0 bytes in 379 msecs (HTTP/1.1 204) 3 headers in 131 bytes (1 switches on core 0)
2026-05-17 02:24:31.739 8 INFO neutron_taas.services.taas.taas_plugin [None req-3d7008d3-8263-40ca-ae07-a4c77f52f976 4992e540ba454b49bad1c6dfd17a0db2 2c2a20ba941d4e6b983d00643f253cec - - default default] TaaS: Handle Delete Port: cdb05829-a699-40d7-8278-126901d5a87e
2026-05-17 02:24:31.743 8 INFO neutron_taas.services.taas.tap_mirror_plugin [None req-3d7008d3-8263-40ca-ae07-a4c77f52f976 4992e540ba454b49bad1c6dfd17a0db2 2c2a20ba941d4e6b983d00643f253cec - - default default] Tap Mirror: Handle Delete Port: cdb05829-a699-40d7-8278-126901d5a87e
2026-05-17 02:24:31.937 8 INFO neutron.services.segments.plugin [-] Segment 75e30792-b600-4ce3-90fb-23ec2d3104cb resource provider aggregate not found
2026-05-17 02:24:31.952 8 INFO neutron.services.segments.plugin [-] Segment 75e30792-b600-4ce3-90fb-23ec2d3104cb resource provider aggregate not found
2026-05-17 02:24:31.956 8 INFO neutron.services.segments.plugin [-] Segment 75e30792-b600-4ce3-90fb-23ec2d3104cb resource provider not found; error: Placement Client Error (4xx): {"errors": [{"status": 404, "title": "Not Found", "detail": "The resource could not be found.\n\n No resource provider with uuid 75e30792-b600-4ce3-90fb-23ec2d3104cb found for delete ", "request_id": "req-d241fb4f-bb1a-476b-984c-2f711f010268"}]}
2026-05-17 02:24:31.975 8 INFO neutron.services.segments.plugin [-] Segment 75e30792-b600-4ce3-90fb-23ec2d3104cb resource provider not found; error: Placement Client Error (4xx): {"errors": [{"status": 404, "title": "Not Found", "detail": "The resource could not be found.\n\n No resource provider with uuid 75e30792-b600-4ce3-90fb-23ec2d3104cb found for delete ", "request_id": "req-388fe316-d0d7-4446-a1d7-b9c6e0e1cd95"}]} [pid: 8|app: 0|req: 995/1912] 10.0.0.197 () {32 vars in 725 bytes} [Sun May 17 02:24:31 2026] DELETE /v2.0/networks/453a8318-a8ab-48c8-8f3a-c8db9561d01e => generated 0 bytes in 379 msecs (HTTP/1.1 204) 3 headers in 131 bytes (1 switches on core 0)
2026-05-17 02:24:32.134 7 INFO neutron_taas.services.taas.taas_plugin [None req-ef53d119-7cae-4f7f-87e7-4db44a6014a4 4992e540ba454b49bad1c6dfd17a0db2 2c2a20ba941d4e6b983d00643f253cec - - default default] TaaS: Handle Delete Port: 48fb2fb4-3b38-4507-907e-39efed4979b4
2026-05-17 02:24:32.137 7 INFO neutron_taas.services.taas.tap_mirror_plugin [None req-ef53d119-7cae-4f7f-87e7-4db44a6014a4 4992e540ba454b49bad1c6dfd17a0db2 2c2a20ba941d4e6b983d00643f253cec - - default default] Tap Mirror: Handle Delete Port: 48fb2fb4-3b38-4507-907e-39efed4979b4 [pid: 7|app: 0|req: 918/1913] 10.0.0.197 () {32 vars in 725 bytes} [Sun May 17 02:24:31 2026] DELETE /v2.0/networks/947df0b3-d19b-4ef1-9926-75ba73882afd => generated 0 bytes in 349 msecs (HTTP/1.1 204) 3 headers in 131 bytes (1 switches on core 0)
2026-05-17 02:24:32.503 8 INFO neutron_taas.services.taas.taas_plugin [None req-706298f9-9877-46dd-86c6-a18be214b1d4 4992e540ba454b49bad1c6dfd17a0db2 2c2a20ba941d4e6b983d00643f253cec - - default default] TaaS: Handle Delete Port: d4929727-f5c5-4deb-8fcd-35873c3c36fb
2026-05-17 02:24:32.505 8 INFO neutron_taas.services.taas.tap_mirror_plugin [None req-706298f9-9877-46dd-86c6-a18be214b1d4 4992e540ba454b49bad1c6dfd17a0db2 2c2a20ba941d4e6b983d00643f253cec - - default default] Tap Mirror: Handle Delete Port: d4929727-f5c5-4deb-8fcd-35873c3c36fb [pid: 8|app: 0|req: 996/1914] 10.0.0.197 () {32 vars in 725 bytes} [Sun May 17 02:24:32 2026] DELETE /v2.0/networks/b4b1ab00-6b07-4187-88ef-4910e729e03a => generated 0 bytes in 386 msecs (HTTP/1.1 204) 3 headers in 131 bytes (1 switches on core 0)
2026-05-17 02:24:32.865 7 INFO neutron_taas.services.taas.taas_plugin [None req-54671145-ca61-42ba-a1d1-8eb313411005 4992e540ba454b49bad1c6dfd17a0db2 2c2a20ba941d4e6b983d00643f253cec - - default default] TaaS: Handle Delete Port: 57ada48e-4d4b-44bd-bb0e-2dfab4479208
2026-05-17 02:24:32.868 7 INFO neutron_taas.services.taas.tap_mirror_plugin [None req-54671145-ca61-42ba-a1d1-8eb313411005 4992e540ba454b49bad1c6dfd17a0db2 2c2a20ba941d4e6b983d00643f253cec - - default default] Tap Mirror: Handle Delete Port: 57ada48e-4d4b-44bd-bb0e-2dfab4479208 [pid: 7|app: 0|req: 919/1915] 10.0.0.197 () {32 vars in 725 bytes} [Sun May 17 02:24:32 2026] DELETE /v2.0/networks/ae7e6bee-9be1-4e6c-8767-c1e3e0d54108 => generated 0 bytes in 338 msecs (HTTP/1.1 204) 3 headers in 131 bytes (1 switches on core 0)
2026-05-17 02:24:33.589 7 INFO neutron.services.segments.plugin [-] Segment a8a03ceb-d1da-45b2-a834-f05e02f4973b resource provider aggregate not found
2026-05-17 02:24:33.596 7 INFO neutron.services.segments.plugin [-] Segment a8a03ceb-d1da-45b2-a834-f05e02f4973b resource provider aggregate not found
2026-05-17 02:24:33.611 7 INFO neutron.services.segments.plugin [-] Segment a8a03ceb-d1da-45b2-a834-f05e02f4973b resource provider not found; error: Placement Client Error (4xx): {"errors": [{"status": 404, "title": "Not Found", "detail": "The resource could not be found.\n\n No resource provider with uuid a8a03ceb-d1da-45b2-a834-f05e02f4973b found for delete ", "request_id": "req-bbbf6a94-05bf-4c58-a6ff-b5467ae53256"}]}
2026-05-17 02:24:33.621 7 INFO neutron.services.segments.plugin [-] Segment a8a03ceb-d1da-45b2-a834-f05e02f4973b resource provider not found; error: Placement Client Error (4xx): {"errors": [{"status": 404, "title": "Not Found", "detail": "The resource could not be found.\n\n No resource provider with uuid a8a03ceb-d1da-45b2-a834-f05e02f4973b found for delete ", "request_id": "req-569174fa-d6d1-495a-944f-caa57fcc9113"}]}
2026-05-17 02:24:33.629 7 INFO neutron.services.segments.plugin [-] Segment 268b7b52-5543-400a-840c-bf525f681380 resource provider aggregate not found
2026-05-17 02:24:33.644 7 INFO neutron.services.segments.plugin [-] Segment 268b7b52-5543-400a-840c-bf525f681380 resource provider aggregate not found
2026-05-17 02:24:33.650 7 INFO neutron.services.segments.plugin [-] Segment 268b7b52-5543-400a-840c-bf525f681380 resource provider not found; error: Placement Client Error (4xx): {"errors": [{"status": 404, "title": "Not Found", "detail": "The resource could not be found.\n\n No resource provider with uuid 268b7b52-5543-400a-840c-bf525f681380 found for delete ", "request_id": "req-85304012-9255-4432-8e2d-9437553b5f9d"}]}
2026-05-17 02:24:33.659 7 INFO neutron.services.segments.plugin [-] Segment 268b7b52-5543-400a-840c-bf525f681380 resource provider not found; error: Placement Client Error (4xx): {"errors": [{"status": 404, "title": "Not Found", "detail": "The resource could not be found.\n\n No resource provider with uuid 268b7b52-5543-400a-840c-bf525f681380 found for delete ", "request_id": "req-37d79a21-a948-461e-bb03-1b859328f826"}]}
2026-05-17 02:24:33.990 8 INFO neutron.services.segments.plugin [-] Segment 6e26818f-74cc-4d2e-bc54-46d3f8d1d77f resource provider aggregate not found
2026-05-17 02:24:33.999 8 INFO neutron.services.segments.plugin [-] Segment 6e26818f-74cc-4d2e-bc54-46d3f8d1d77f resource provider aggregate not found
2026-05-17 02:24:34.009 8 INFO neutron.services.segments.plugin [-] Segment 6e26818f-74cc-4d2e-bc54-46d3f8d1d77f resource provider not found; error: Placement Client Error (4xx): {"errors": [{"status": 404, "title": "Not Found", "detail": "The resource could not be found.\n\n No resource provider with uuid 6e26818f-74cc-4d2e-bc54-46d3f8d1d77f found for delete ", "request_id": "req-e7ede203-4e96-4107-b255-b4e52553bacb"}]}
2026-05-17 02:24:34.020 8 INFO neutron.services.segments.plugin [-] Segment 6e26818f-74cc-4d2e-bc54-46d3f8d1d77f resource provider not found; error: Placement Client Error (4xx): {"errors": [{"status": 404, "title": "Not Found", "detail": "The resource could not be found.\n\n No resource provider with uuid 6e26818f-74cc-4d2e-bc54-46d3f8d1d77f found for delete ", "request_id": "req-52710c65-7a89-459a-801b-5be7093f8aaf"}]}
2026-05-17 02:24:34.123 8 WARNING neutron.db.securitygroups_db [None req-25dfba52-3ab0-4f9e-981c-c7abc175f75f 63588055390b4c14b6304251d13527e2 8ea12d20a947412880db696f1f35c4f6 - - default default] project_id key not found in filters, using tenant_id instead. This support has been deprecated and will be removed in a future release. [pid: 8|app: 0|req: 997/1916] 10.0.0.197 () {32 vars in 773 bytes} [Sun May 17 02:24:33 2026] GET /v2.0/security-groups?tenant_id=2c2a20ba941d4e6b983d00643f253cec&name=default => generated 2925 bytes in 239 msecs (HTTP/1.1 200) 4 headers in 158 bytes (1 switches on core 0) [pid: 7|app: 0|req: 920/1917] 10.0.0.197 () {32 vars in 739 bytes} [Sun May 17 02:24:34 2026] DELETE /v2.0/security-groups/c94a450d-ab05-4cf1-9be9-f4e005987af1 => generated 0 bytes in 208 msecs (HTTP/1.1 204) 2 headers in 112 bytes (1 switches on core 0)
2026-05-17 02:24:34.513 8 WARNING neutron.db.securitygroups_db [None req-0a02e97c-498f-4f93-9799-99085673bcdc 63588055390b4c14b6304251d13527e2 8ea12d20a947412880db696f1f35c4f6 - - default default] project_id key not found in filters, using tenant_id instead. This support has been deprecated and will be removed in a future release.
2026-05-17 02:24:34.646 8 INFO neutron.db.ovn_revision_numbers_db [None req-0a02e97c-498f-4f93-9799-99085673bcdc 63588055390b4c14b6304251d13527e2 8ea12d20a947412880db696f1f35c4f6 - - default default] Successfully bumped revision number for resource de81745e-df92-41a1-b000-85b10cc47d73 (type: security_groups) to 1
2026-05-17 02:24:34.658 8 INFO neutron.db.ovn_revision_numbers_db [None req-0a02e97c-498f-4f93-9799-99085673bcdc 63588055390b4c14b6304251d13527e2 8ea12d20a947412880db696f1f35c4f6 - - default default] Successfully bumped revision number for resource 1fe08d0e-e970-4a5e-8d9c-0959a1f81fba (type: security_group_rules) to 0
2026-05-17 02:24:34.669 8 INFO neutron.db.ovn_revision_numbers_db [None req-0a02e97c-498f-4f93-9799-99085673bcdc 63588055390b4c14b6304251d13527e2 8ea12d20a947412880db696f1f35c4f6 - - default default] Successfully bumped revision number for resource a8e95940-3e76-4507-a739-65e73ceb5aa3 (type: security_group_rules) to 0
2026-05-17 02:24:34.688 8 INFO neutron.db.ovn_revision_numbers_db [None req-0a02e97c-498f-4f93-9799-99085673bcdc 63588055390b4c14b6304251d13527e2 8ea12d20a947412880db696f1f35c4f6 - - default default] Successfully bumped revision number for resource e79aa35f-642e-4c48-a463-a5d683711534 (type: security_group_rules) to 0
2026-05-17 02:24:34.701 8 INFO neutron.db.ovn_revision_numbers_db [None req-0a02e97c-498f-4f93-9799-99085673bcdc 63588055390b4c14b6304251d13527e2 8ea12d20a947412880db696f1f35c4f6 - - default default] Successfully bumped revision number for resource f3d07c59-8fe0-45a0-a56b-eaf8f84d1dc7 (type: security_group_rules) to 0 [pid: 8|app: 0|req: 998/1918] 10.0.0.197 () {32 vars in 773 bytes} [Sun May 17 02:24:34 2026] GET /v2.0/security-groups?tenant_id=65819647c1db4e339a45e5b6092db485&name=default => generated 2925 bytes in 260 msecs (HTTP/1.1 200) 4 headers in 158 bytes (1 switches on core 0)
2026-05-17 02:24:34.851 7 WARNING neutron.db.securitygroups_db [None req-59732996-92b2-465b-9cd1-8f4ead9a9b83 63588055390b4c14b6304251d13527e2 8ea12d20a947412880db696f1f35c4f6 - - default default] project_id key not found in filters, using tenant_id instead. This support has been deprecated and will be removed in a future release. [pid: 8|app: 0|req: 999/1919] 10.0.0.197 () {32 vars in 739 bytes} [Sun May 17 02:24:34 2026] DELETE /v2.0/security-groups/de81745e-df92-41a1-b000-85b10cc47d73 => generated 0 bytes in 233 msecs (HTTP/1.1 204) 2 headers in 112 bytes (1 switches on core 0)
2026-05-17 02:24:35.012 7 INFO neutron.db.ovn_revision_numbers_db [None req-59732996-92b2-465b-9cd1-8f4ead9a9b83 63588055390b4c14b6304251d13527e2 8ea12d20a947412880db696f1f35c4f6 - - default default] Successfully bumped revision number for resource acebb4ef-826e-4c26-958f-eeabc073d026 (type: security_groups) to 1
2026-05-17 02:24:35.024 7 INFO neutron.db.ovn_revision_numbers_db [None req-59732996-92b2-465b-9cd1-8f4ead9a9b83 63588055390b4c14b6304251d13527e2 8ea12d20a947412880db696f1f35c4f6 - - default default] Successfully bumped revision number for resource 1ac9b495-e31c-4103-97ba-b20484a639fc (type: security_group_rules) to 0
2026-05-17 02:24:35.042 7 INFO neutron.db.ovn_revision_numbers_db [None req-59732996-92b2-465b-9cd1-8f4ead9a9b83 63588055390b4c14b6304251d13527e2 8ea12d20a947412880db696f1f35c4f6 - - default default] Successfully bumped revision number for resource 6fd284d1-5cb1-4933-b994-87debdc751cb (type: security_group_rules) to 0
2026-05-17 02:24:35.055 7 INFO neutron.db.ovn_revision_numbers_db [None req-59732996-92b2-465b-9cd1-8f4ead9a9b83 63588055390b4c14b6304251d13527e2 8ea12d20a947412880db696f1f35c4f6 - - default default] Successfully bumped revision number for resource 80cc8139-ea83-452f-ae61-c3339f4e5d4f (type: security_group_rules) to 0
2026-05-17 02:24:35.070 7 INFO neutron.db.ovn_revision_numbers_db [None req-59732996-92b2-465b-9cd1-8f4ead9a9b83 63588055390b4c14b6304251d13527e2 8ea12d20a947412880db696f1f35c4f6 - - default default] Successfully bumped revision number for resource 869426b0-52d7-4543-8ba5-94dd00701a6d (type: security_group_rules) to 0
2026-05-17 02:24:35.105 8 WARNING neutron.db.securitygroups_db [None req-063fc120-d3a1-4c6f-adae-b5c618337f28 63588055390b4c14b6304251d13527e2 8ea12d20a947412880db696f1f35c4f6 - - default default] project_id key not found in filters, using tenant_id instead. This support has been deprecated and will be removed in a future release. [pid: 7|app: 0|req: 921/1920] 10.0.0.197 () {32 vars in 773 bytes} [Sun May 17 02:24:34 2026] GET /v2.0/security-groups?tenant_id=ca2cb426142146efbf21ceed4dfada45&name=default => generated 2925 bytes in 366 msecs (HTTP/1.1 200) 4 headers in 158 bytes (1 switches on core 0)
2026-05-17 02:24:35.234 8 INFO neutron.db.ovn_revision_numbers_db [None req-063fc120-d3a1-4c6f-adae-b5c618337f28 63588055390b4c14b6304251d13527e2 8ea12d20a947412880db696f1f35c4f6 - - default default] Successfully bumped revision number for resource b7d45f8e-de5c-4ae7-9161-40fc4301c3c4 (type: security_groups) to 1
2026-05-17 02:24:35.246 8 INFO neutron.db.ovn_revision_numbers_db [None req-063fc120-d3a1-4c6f-adae-b5c618337f28 63588055390b4c14b6304251d13527e2 8ea12d20a947412880db696f1f35c4f6 - - default default] Successfully bumped revision number for resource 1df389ce-1ace-412a-98b0-2ba0f88c24f2 (type: security_group_rules) to 0
2026-05-17 02:24:35.263 8 INFO neutron.db.ovn_revision_numbers_db [None req-063fc120-d3a1-4c6f-adae-b5c618337f28 63588055390b4c14b6304251d13527e2 8ea12d20a947412880db696f1f35c4f6 - - default default] Successfully bumped revision number for resource 3517be56-9e57-4973-8161-60d8fe99fa3c (type: security_group_rules) to 0
2026-05-17 02:24:35.274 8 INFO neutron.db.ovn_revision_numbers_db [None req-063fc120-d3a1-4c6f-adae-b5c618337f28 63588055390b4c14b6304251d13527e2 8ea12d20a947412880db696f1f35c4f6 - - default default] Successfully bumped revision number for resource 7a220b0f-9c8c-4ec8-8991-d4fc6f23eb1e (type: security_group_rules) to 0
2026-05-17 02:24:35.293 8 INFO neutron.db.ovn_revision_numbers_db [None req-063fc120-d3a1-4c6f-adae-b5c618337f28 63588055390b4c14b6304251d13527e2 8ea12d20a947412880db696f1f35c4f6 - - default default] Successfully bumped revision number for resource 9a72ef0e-8bb0-4162-8361-da394698c32a (type: security_group_rules) to 0 [pid: 8|app: 0|req: 1000/1921] 10.0.0.197 () {32 vars in 773 bytes} [Sun May 17 02:24:35 2026] GET /v2.0/security-groups?tenant_id=d770e637dcca49e5965a05071128c7a3&name=default => generated 2925 bytes in 244 msecs (HTTP/1.1 200) 4 headers in 158 bytes (1 switches on core 0) [pid: 7|app: 0|req: 922/1924] 10.0.0.197 () {32 vars in 739 bytes} [Sun May 17 02:24:35 2026] DELETE /v2.0/security-groups/acebb4ef-826e-4c26-958f-eeabc073d026 => generated 0 bytes in 230 msecs (HTTP/1.1 204) 2 headers in 112 bytes (1 switches on core 0) [pid: 8|app: 0|req: 1003/1925] 10.0.0.197 () {32 vars in 739 bytes} [Sun May 17 02:24:35 2026] DELETE /v2.0/security-groups/b7d45f8e-de5c-4ae7-9161-40fc4301c3c4 => generated 0 bytes in 198 msecs (HTTP/1.1 204) 2 headers in 112 bytes (1 switches on core 0)
2026-05-17 02:24:35.948 7 WARNING neutron.db.securitygroups_db [None req-72f4819d-5127-4f7a-9b40-8b88cfaafb75 63588055390b4c14b6304251d13527e2 8ea12d20a947412880db696f1f35c4f6 - - default default] project_id key not found in filters, using tenant_id instead. This support has been deprecated and will be removed in a future release. [pid: 8|app: 0|req: 1004/1926] 10.0.0.240 () {34 vars in 989 bytes} [Sun May 17 02:24:35 2026] GET /v2.0/ports?device_id=32aa04b1-7673-41a6-b424-74d00bada2ee => generated 1232 bytes in 49 msecs (HTTP/1.1 200) 4 headers in 158 bytes (1 switches on core 0) [pid: 8|app: 0|req: 1005/1927] 10.0.0.240 () {34 vars in 1039 bytes} [Sun May 17 02:24:35 2026] GET /v2.0/security-groups?id=feed912e-a4ff-41d4-9b22-5b59d70170b8&fields=id&fields=name => generated 114 bytes in 27 msecs (HTTP/1.1 200) 4 headers in 157 bytes (1 switches on core 0)
2026-05-17 02:24:36.076 7 INFO neutron.db.ovn_revision_numbers_db [None req-72f4819d-5127-4f7a-9b40-8b88cfaafb75 63588055390b4c14b6304251d13527e2 8ea12d20a947412880db696f1f35c4f6 - - default default] Successfully bumped revision number for resource c786b8d0-0a93-4483-853e-79909cfb4169 (type: security_groups) to 1
2026-05-17 02:24:36.088 7 INFO neutron.db.ovn_revision_numbers_db [None req-72f4819d-5127-4f7a-9b40-8b88cfaafb75 63588055390b4c14b6304251d13527e2 8ea12d20a947412880db696f1f35c4f6 - - default default] Successfully bumped revision number for resource 0f64c67c-9536-4092-b73e-c5da2567cb49 (type: security_group_rules) to 0
2026-05-17 02:24:36.099 7 INFO neutron.db.ovn_revision_numbers_db [None req-72f4819d-5127-4f7a-9b40-8b88cfaafb75 63588055390b4c14b6304251d13527e2 8ea12d20a947412880db696f1f35c4f6 - - default default] Successfully bumped revision number for resource 2140354c-79bf-4eff-a29b-072bae12e36e (type: security_group_rules) to 0
2026-05-17 02:24:36.110 7 INFO neutron.db.ovn_revision_numbers_db [None req-72f4819d-5127-4f7a-9b40-8b88cfaafb75 63588055390b4c14b6304251d13527e2 8ea12d20a947412880db696f1f35c4f6 - - default default] Successfully bumped revision number for resource 324b3a7f-2b6d-49a4-8a36-43a4c083544b (type: security_group_rules) to 0
2026-05-17 02:24:36.119 7 INFO neutron.db.ovn_revision_numbers_db [None req-72f4819d-5127-4f7a-9b40-8b88cfaafb75 63588055390b4c14b6304251d13527e2 8ea12d20a947412880db696f1f35c4f6 - - default default] Successfully bumped revision number for resource 90e49989-6c88-41fc-9498-5e9724cc45a8 (type: security_group_rules) to 0 [pid: 7|app: 0|req: 923/1928] 10.0.0.197 () {32 vars in 773 bytes} [Sun May 17 02:24:35 2026] GET /v2.0/security-groups?tenant_id=0c4a8c42973b4bac9ad6bea021384223&name=default => generated 2925 bytes in 461 msecs (HTTP/1.1 200) 4 headers in 158 bytes (1 switches on core 0) [pid: 8|app: 0|req: 1006/1929] 10.0.0.197 () {32 vars in 739 bytes} [Sun May 17 02:24:36 2026] DELETE /v2.0/security-groups/c786b8d0-0a93-4483-853e-79909cfb4169 => generated 0 bytes in 210 msecs (HTTP/1.1 204) 2 headers in 112 bytes (1 switches on core 0)
2026-05-17 02:24:37.586 7 INFO neutron.db.ovn_revision_numbers_db [None req-2042ccbf-eeeb-4038-bfe9-16cdc3008a2e 63588055390b4c14b6304251d13527e2 8ea12d20a947412880db696f1f35c4f6 - - default default] Successfully bumped revision number for resource 7e6697ba-8a2b-48e0-b82e-6269b2e83bf5 (type: security_groups) to 1
2026-05-17 02:24:37.596 7 INFO neutron.db.ovn_revision_numbers_db [None req-2042ccbf-eeeb-4038-bfe9-16cdc3008a2e 63588055390b4c14b6304251d13527e2 8ea12d20a947412880db696f1f35c4f6 - - default default] Successfully bumped revision number for resource 349f1ac1-914c-469f-b91e-d428b968e475 (type: security_group_rules) to 0
2026-05-17 02:24:37.606 7 INFO neutron.db.ovn_revision_numbers_db [None req-2042ccbf-eeeb-4038-bfe9-16cdc3008a2e 63588055390b4c14b6304251d13527e2 8ea12d20a947412880db696f1f35c4f6 - - default default] Successfully bumped revision number for resource 92bdca76-fad8-4329-beb8-853e38669402 (type: security_group_rules) to 0
2026-05-17 02:24:37.618 7 INFO neutron.db.ovn_revision_numbers_db [None req-2042ccbf-eeeb-4038-bfe9-16cdc3008a2e 63588055390b4c14b6304251d13527e2 8ea12d20a947412880db696f1f35c4f6 - - default default] Successfully bumped revision number for resource a00a561c-fc42-4804-baf3-3fbad42edb7c (type: security_group_rules) to 0
2026-05-17 02:24:37.635 7 INFO neutron.db.ovn_revision_numbers_db [None req-2042ccbf-eeeb-4038-bfe9-16cdc3008a2e 63588055390b4c14b6304251d13527e2 8ea12d20a947412880db696f1f35c4f6 - - default default] Successfully bumped revision number for resource ea086ffd-4d68-4ef8-9368-dec4eabe3a27 (type: security_group_rules) to 0
2026-05-17 02:24:37.712 7 INFO neutron.db.segments_db [None req-2042ccbf-eeeb-4038-bfe9-16cdc3008a2e 63588055390b4c14b6304251d13527e2 8ea12d20a947412880db696f1f35c4f6 - - default default] Added segment efcea56d-a3e6-48ac-a4df-add0a50d592a of type geneve for network 71767a4a-22e2-4675-a691-83871e0ada87
2026-05-17 02:24:37.828 7 INFO neutron.db.ovn_revision_numbers_db [None req-2042ccbf-eeeb-4038-bfe9-16cdc3008a2e 63588055390b4c14b6304251d13527e2 8ea12d20a947412880db696f1f35c4f6 - - default default] Successfully bumped revision number for resource 71767a4a-22e2-4675-a691-83871e0ada87 (type: networks) to 1
2026-05-17 02:24:37.984 7 WARNING neutron.scheduler.dhcp_agent_scheduler [None req-2042ccbf-eeeb-4038-bfe9-16cdc3008a2e 63588055390b4c14b6304251d13527e2 8ea12d20a947412880db696f1f35c4f6 - - default default] No more DHCP agents
2026-05-17 02:24:37.985 7 WARNING neutron.api.rpc.agentnotifiers.dhcp_rpc_agent_api [None req-2042ccbf-eeeb-4038-bfe9-16cdc3008a2e 63588055390b4c14b6304251d13527e2 8ea12d20a947412880db696f1f35c4f6 - - default default] Unable to schedule network 71767a4a-22e2-4675-a691-83871e0ada87: no agents available; will retry on subsequent port and subnet creation events.
2026-05-17 02:24:38.046 8 INFO neutron.plugins.ml2.drivers.ovn.mech_driver.mech_driver [None req-62e8cff4-82d8-4851-b1f6-216c92d27dd2 - - - - - -] OVN reports status down for port: 43deb93d-a834-478b-ad8c-900da5005e5c
2026-05-17 02:24:38.072 7 INFO neutron.db.ovn_revision_numbers_db [None req-2042ccbf-eeeb-4038-bfe9-16cdc3008a2e 63588055390b4c14b6304251d13527e2 8ea12d20a947412880db696f1f35c4f6 - - default default] Successfully bumped revision number for resource 43deb93d-a834-478b-ad8c-900da5005e5c (type: ports) to 1 [pid: 7|app: 0|req: 924/1930] 10.0.0.197 () {34 vars in 670 bytes} [Sun May 17 02:24:37 2026] POST /v2.0/networks => generated 780 bytes in 903 msecs (HTTP/1.1 201) 4 headers in 162 bytes (1 switches on core 0)
2026-05-17 02:24:38.277 8 WARNING neutron.scheduler.dhcp_agent_scheduler [None req-773256b2-1cae-4362-93f5-df3c3ab844c9 63588055390b4c14b6304251d13527e2 8ea12d20a947412880db696f1f35c4f6 - - default default] No more DHCP agents
2026-05-17 02:24:38.278 8 WARNING neutron.api.rpc.agentnotifiers.dhcp_rpc_agent_api [None req-773256b2-1cae-4362-93f5-df3c3ab844c9 63588055390b4c14b6304251d13527e2 8ea12d20a947412880db696f1f35c4f6 - - default default] Unable to schedule network 71767a4a-22e2-4675-a691-83871e0ada87: no agents available; will retry on subsequent port and subnet creation events.
2026-05-17 02:24:38.490 7 INFO neutron.db.ovn_revision_numbers_db [None req-e5c52dae-631b-4772-8a37-c2052cd230de f9bfb3df904c40e6af557cc9d57cc6b5 0dcca263243b4234a75986dde0e0a46d - - default default] Successfully bumped revision number for resource 63e868e9-b97b-4af1-a5cf-9a9ee49ddcbe (type: security_groups) to 1
2026-05-17 02:24:38.531 7 INFO neutron.db.ovn_revision_numbers_db [None req-e5c52dae-631b-4772-8a37-c2052cd230de f9bfb3df904c40e6af557cc9d57cc6b5 0dcca263243b4234a75986dde0e0a46d - - default default] Successfully bumped revision number for resource 845e817f-eede-4e49-8ddd-d1d423d79ac7 (type: security_group_rules) to 0
2026-05-17 02:24:38.546 7 INFO neutron.db.ovn_revision_numbers_db [None req-e5c52dae-631b-4772-8a37-c2052cd230de f9bfb3df904c40e6af557cc9d57cc6b5 0dcca263243b4234a75986dde0e0a46d - - default default] Successfully bumped revision number for resource a14a992f-5e4f-4d73-9162-b35a88d1bcb3 (type: security_group_rules) to 0
2026-05-17 02:24:38.558 7 INFO neutron.db.ovn_revision_numbers_db [None req-e5c52dae-631b-4772-8a37-c2052cd230de f9bfb3df904c40e6af557cc9d57cc6b5 0dcca263243b4234a75986dde0e0a46d - - default default] Successfully bumped revision number for resource d8bde02d-3454-49fc-ad1f-39f9e435ae38 (type: security_group_rules) to 0
2026-05-17 02:24:38.569 7 INFO neutron.db.ovn_revision_numbers_db [None req-e5c52dae-631b-4772-8a37-c2052cd230de f9bfb3df904c40e6af557cc9d57cc6b5 0dcca263243b4234a75986dde0e0a46d - - default default] Successfully bumped revision number for resource dcf7a399-13f8-4228-aeb5-5610aad85a8e (type: security_group_rules) to 0
2026-05-17 02:24:38.659 7 INFO neutron.db.segments_db [None req-e5c52dae-631b-4772-8a37-c2052cd230de f9bfb3df904c40e6af557cc9d57cc6b5 0dcca263243b4234a75986dde0e0a46d - - default default] Added segment 0fa4e6f8-0088-4bfa-9349-053eb84ca95e of type geneve for network 4a08b0fe-c7fd-4ac7-b5c8-64482fac815d
2026-05-17 02:24:38.789 7 INFO neutron.db.segments_db [None req-e5c52dae-631b-4772-8a37-c2052cd230de f9bfb3df904c40e6af557cc9d57cc6b5 0dcca263243b4234a75986dde0e0a46d - - default default] Added segment a661f22b-fcf1-41af-bc59-4c44a6852634 of type geneve for network 0f1a4904-c532-4fac-9e7e-4e7b1179faf3
2026-05-17 02:24:38.820 8 INFO neutron.db.ovn_revision_numbers_db [None req-773256b2-1cae-4362-93f5-df3c3ab844c9 63588055390b4c14b6304251d13527e2 8ea12d20a947412880db696f1f35c4f6 - - default default] Successfully bumped revision number for resource 43deb93d-a834-478b-ad8c-900da5005e5c (type: ports) to 2
2026-05-17 02:24:38.855 8 INFO neutron.db.ovn_revision_numbers_db [None req-773256b2-1cae-4362-93f5-df3c3ab844c9 63588055390b4c14b6304251d13527e2 8ea12d20a947412880db696f1f35c4f6 - - default default] Successfully bumped revision number for resource 5f283330-f8f0-442d-a898-d57279e5f17e (type: subnets) to 0 [pid: 8|app: 0|req: 1007/1931] 10.0.0.197 () {34 vars in 668 bytes} [Sun May 17 02:24:38 2026] POST /v2.0/subnets => generated 688 bytes in 776 msecs (HTTP/1.1 201) 4 headers in 162 bytes (1 switches on core 0)
2026-05-17 02:24:38.933 7 INFO neutron.db.ovn_revision_numbers_db [None req-e5c52dae-631b-4772-8a37-c2052cd230de f9bfb3df904c40e6af557cc9d57cc6b5 0dcca263243b4234a75986dde0e0a46d - - default default] Successfully bumped revision number for resource 4a08b0fe-c7fd-4ac7-b5c8-64482fac815d (type: networks) to 1 [pid: 8|app: 0|req: 1008/1932] 10.0.0.197 () {32 vars in 825 bytes} [Sun May 17 02:24:38 2026] GET /v2.0/ports?project_id=1a53199bcbe34b4d8e4138fc92ac4248&network_id=4bbfde6a-73fb-4fa5-85b8-04da66d19075 => generated 3338 bytes in 92 msecs (HTTP/1.1 200) 4 headers in 158 bytes (1 switches on core 0)
2026-05-17 02:24:39.103 7 WARNING neutron.scheduler.dhcp_agent_scheduler [None req-e5c52dae-631b-4772-8a37-c2052cd230de f9bfb3df904c40e6af557cc9d57cc6b5 0dcca263243b4234a75986dde0e0a46d - - default default] No more DHCP agents
2026-05-17 02:24:39.104 7 WARNING neutron.api.rpc.agentnotifiers.dhcp_rpc_agent_api [None req-e5c52dae-631b-4772-8a37-c2052cd230de f9bfb3df904c40e6af557cc9d57cc6b5 0dcca263243b4234a75986dde0e0a46d - - default default] Unable to schedule network 4a08b0fe-c7fd-4ac7-b5c8-64482fac815d: no agents available; will retry on subsequent port and subnet creation events.
2026-05-17 02:24:39.185 8 INFO neutron.plugins.ml2.drivers.ovn.mech_driver.mech_driver [None req-62e8cff4-82d8-4851-b1f6-216c92d27dd2 - - - - - -] OVN reports status down for port: 30034fd5-6aba-4326-af27-edb8fde51b3b
2026-05-17 02:24:39.187 8 INFO neutron.db.ovn_revision_numbers_db [None req-96d74008-9f33-4627-9b38-97826405d2f4 8097dc6f29d04c81ab83f0affbd3c21d 4bc1c4be258f4acc9ba03f30ab823e53 - - default default] Successfully bumped revision number for resource ab36128f-5f96-4cac-8b7e-c65557ea57e7 (type: security_groups) to 1
2026-05-17 02:24:39.209 8 INFO neutron.db.ovn_revision_numbers_db [None req-96d74008-9f33-4627-9b38-97826405d2f4 8097dc6f29d04c81ab83f0affbd3c21d 4bc1c4be258f4acc9ba03f30ab823e53 - - default default] Successfully bumped revision number for resource 0aeaef5f-b2cd-4401-87e8-b77cb6eb0da5 (type: security_group_rules) to 0
2026-05-17 02:24:39.217 7 INFO neutron.db.ovn_revision_numbers_db [None req-e5c52dae-631b-4772-8a37-c2052cd230de f9bfb3df904c40e6af557cc9d57cc6b5 0dcca263243b4234a75986dde0e0a46d - - default default] Successfully bumped revision number for resource 30034fd5-6aba-4326-af27-edb8fde51b3b (type: ports) to 1
2026-05-17 02:24:39.236 8 INFO neutron.db.ovn_revision_numbers_db [None req-96d74008-9f33-4627-9b38-97826405d2f4 8097dc6f29d04c81ab83f0affbd3c21d 4bc1c4be258f4acc9ba03f30ab823e53 - - default default] Successfully bumped revision number for resource 18448e31-828d-438d-b884-e6b58c9b93e8 (type: security_group_rules) to 0
2026-05-17 02:24:39.258 8 INFO neutron.db.ovn_revision_numbers_db [None req-96d74008-9f33-4627-9b38-97826405d2f4 8097dc6f29d04c81ab83f0affbd3c21d 4bc1c4be258f4acc9ba03f30ab823e53 - - default default] Successfully bumped revision number for resource 7aba05ac-58b9-4084-84c0-1a7a897e8a6f (type: security_group_rules) to 0
2026-05-17 02:24:39.273 8 INFO neutron.db.ovn_revision_numbers_db [None req-96d74008-9f33-4627-9b38-97826405d2f4 8097dc6f29d04c81ab83f0affbd3c21d 4bc1c4be258f4acc9ba03f30ab823e53 - - default default] Successfully bumped revision number for resource c812cba8-f294-4393-a909-cbc949feb7ea (type: security_group_rules) to 0
2026-05-17 02:24:39.326 7 INFO neutron.db.ovn_revision_numbers_db [None req-e5c52dae-631b-4772-8a37-c2052cd230de f9bfb3df904c40e6af557cc9d57cc6b5 0dcca263243b4234a75986dde0e0a46d - - default default] Successfully bumped revision number for resource 0f1a4904-c532-4fac-9e7e-4e7b1179faf3 (type: networks) to 1
2026-05-17 02:24:39.522 7 WARNING neutron.scheduler.dhcp_agent_scheduler [None req-e5c52dae-631b-4772-8a37-c2052cd230de f9bfb3df904c40e6af557cc9d57cc6b5 0dcca263243b4234a75986dde0e0a46d - - default default] No more DHCP agents
2026-05-17 02:24:39.524 7 WARNING neutron.api.rpc.agentnotifiers.dhcp_rpc_agent_api [None req-e5c52dae-631b-4772-8a37-c2052cd230de f9bfb3df904c40e6af557cc9d57cc6b5 0dcca263243b4234a75986dde0e0a46d - - default default] Unable to schedule network 0f1a4904-c532-4fac-9e7e-4e7b1179faf3: no agents available; will retry on subsequent port and subnet creation events.
2026-05-17 02:24:39.587 7 INFO neutron.plugins.ml2.drivers.ovn.mech_driver.mech_driver [None req-aba5ec45-89a1-40d9-8ec3-c50269942656 - - - - - -] OVN reports status down for port: bb9e0f5b-0894-4ab5-b19a-76645abf7c9b
2026-05-17 02:24:39.652 7 INFO neutron.db.ovn_revision_numbers_db [None req-e5c52dae-631b-4772-8a37-c2052cd230de f9bfb3df904c40e6af557cc9d57cc6b5 0dcca263243b4234a75986dde0e0a46d - - default default] Successfully bumped revision number for resource bb9e0f5b-0894-4ab5-b19a-76645abf7c9b (type: ports) to 1 [pid: 7|app: 0|req: 925/1933] 10.0.0.197 () {34 vars in 669 bytes} [Sun May 17 02:24:38 2026] POST /v2.0/networks => generated 1322 bytes in 1533 msecs (HTTP/1.1 201) 4 headers in 163 bytes (1 switches on core 0)
2026-05-17 02:24:39.967 8 INFO neutron.db.segments_db [None req-96d74008-9f33-4627-9b38-97826405d2f4 8097dc6f29d04c81ab83f0affbd3c21d 4bc1c4be258f4acc9ba03f30ab823e53 - - default default] Added segment b2ba50fd-8722-493b-bc20-3401c13476f6 of type geneve for network 6ba18908-42aa-40a1-a03f-45ecfaa482ce
2026-05-17 02:24:40.104 8 INFO neutron.db.ovn_revision_numbers_db [None req-96d74008-9f33-4627-9b38-97826405d2f4 8097dc6f29d04c81ab83f0affbd3c21d 4bc1c4be258f4acc9ba03f30ab823e53 - - default default] Successfully bumped revision number for resource 6ba18908-42aa-40a1-a03f-45ecfaa482ce (type: networks) to 1
2026-05-17 02:24:40.130 7 WARNING neutron.scheduler.dhcp_agent_scheduler [None req-6b75d513-aa31-4bbd-90b4-3a8344f129f7 63588055390b4c14b6304251d13527e2 8ea12d20a947412880db696f1f35c4f6 - - default default] No more DHCP agents
2026-05-17 02:24:40.132 7 WARNING neutron.api.rpc.agentnotifiers.dhcp_rpc_agent_api [None req-6b75d513-aa31-4bbd-90b4-3a8344f129f7 63588055390b4c14b6304251d13527e2 8ea12d20a947412880db696f1f35c4f6 - - default default] Unable to schedule network 57816ba8-429f-41af-83ce-8063b8bc0e36: no agents available; will retry on subsequent port and subnet creation events.
2026-05-17 02:24:40.268 8 WARNING neutron.scheduler.dhcp_agent_scheduler [None req-96d74008-9f33-4627-9b38-97826405d2f4 8097dc6f29d04c81ab83f0affbd3c21d 4bc1c4be258f4acc9ba03f30ab823e53 - - default default] No more DHCP agents
2026-05-17 02:24:40.269 8 WARNING neutron.api.rpc.agentnotifiers.dhcp_rpc_agent_api [None req-96d74008-9f33-4627-9b38-97826405d2f4 8097dc6f29d04c81ab83f0affbd3c21d 4bc1c4be258f4acc9ba03f30ab823e53 - - default default] Unable to schedule network 6ba18908-42aa-40a1-a03f-45ecfaa482ce: no agents available; will retry on subsequent port and subnet creation events.
2026-05-17 02:24:40.356 8 INFO neutron.db.ovn_revision_numbers_db [None req-96d74008-9f33-4627-9b38-97826405d2f4 8097dc6f29d04c81ab83f0affbd3c21d 4bc1c4be258f4acc9ba03f30ab823e53 - - default default] Successfully bumped revision number for resource 5df35bbe-f201-4806-8482-8dab339b20de (type: ports) to 1 [pid: 8|app: 0|req: 1009/1934] 10.0.0.197 () {34 vars in 669 bytes} [Sun May 17 02:24:38 2026] POST /v2.0/networks => generated 669 bytes in 1411 msecs (HTTP/1.1 201) 4 headers in 162 bytes (1 switches on core 0) [pid: 8|app: 0|req: 1010/1935] 10.0.0.124 () {28 vars in 618 bytes} [Sun May 17 02:24:40 2026] GET /v2.0/network-ip-availabilities => generated 4628 bytes in 53 msecs (HTTP/1.1 200) 4 headers in 158 bytes (1 switches on core 0) [pid: 8|app: 0|req: 1011/1936] 10.0.0.197 () {32 vars in 741 bytes} [Sun May 17 02:24:40 2026] GET /v2.0/subnets?network_id=57816ba8-429f-41af-83ce-8063b8bc0e36 => generated 667 bytes in 33 msecs (HTTP/1.1 200) 4 headers in 157 bytes (1 switches on core 0) [pid: 8|app: 0|req: 1012/1937] 10.0.0.197 () {32 vars in 648 bytes} [Sun May 17 02:24:40 2026] GET /v2.0/networks => generated 1971 bytes in 57 msecs (HTTP/1.1 200) 4 headers in 158 bytes (1 switches on core 0) [pid: 8|app: 0|req: 1013/1938] 10.0.0.197 () {34 vars in 752 bytes} [Sun May 17 02:24:40 2026] PUT /v2.0/networks/6ba18908-42aa-40a1-a03f-45ecfaa482ce/tags => generated 25 bytes in 54 msecs (HTTP/1.1 200) 4 headers in 156 bytes (1 switches on core 0) [pid: 8|app: 0|req: 1014/1939] 10.0.0.124 () {28 vars in 598 bytes} [Sun May 17 02:24:40 2026] GET /v2.0/security-groups => generated 34355 bytes in 54 msecs (HTTP/1.1 200) 4 headers in 159 bytes (1 switches on core 0)
2026-05-17 02:24:40.762 8 INFO neutron_taas.services.taas.taas_plugin [None req-5cb12ab2-9ca2-4daa-99ec-436805912f34 f9bfb3df904c40e6af557cc9d57cc6b5 0dcca263243b4234a75986dde0e0a46d - - default default] TaaS: Handle Delete Port: 30034fd5-6aba-4326-af27-edb8fde51b3b
2026-05-17 02:24:40.765 8 INFO neutron_taas.services.taas.tap_mirror_plugin [None req-5cb12ab2-9ca2-4daa-99ec-436805912f34 f9bfb3df904c40e6af557cc9d57cc6b5 0dcca263243b4234a75986dde0e0a46d - - default default] Tap Mirror: Handle Delete Port: 30034fd5-6aba-4326-af27-edb8fde51b3b
2026-05-17 02:24:40.948 8 INFO neutron.services.segments.plugin [-] Segment 0fa4e6f8-0088-4bfa-9349-053eb84ca95e resource provider aggregate not found
2026-05-17 02:24:40.953 8 INFO neutron.services.segments.plugin [-] Segment 0fa4e6f8-0088-4bfa-9349-053eb84ca95e resource provider aggregate not found
2026-05-17 02:24:40.963 7 INFO neutron.plugins.ml2.drivers.ovn.mech_driver.mech_driver [None req-aba5ec45-89a1-40d9-8ec3-c50269942656 - - - - - -] OVN reports status down for port: 5df35bbe-f201-4806-8482-8dab339b20de
2026-05-17 02:24:40.972 8 INFO neutron.services.segments.plugin [-] Segment 0fa4e6f8-0088-4bfa-9349-053eb84ca95e resource provider not found; error: Placement Client Error (4xx): {"errors": [{"status": 404, "title": "Not Found", "detail": "The resource could not be found.\n\n No resource provider with uuid 0fa4e6f8-0088-4bfa-9349-053eb84ca95e found for delete ", "request_id": "req-e37ab602-bd31-49c3-b8bb-796f4d8971e2"}]}
2026-05-17 02:24:40.976 8 INFO neutron.services.segments.plugin [-] Segment 0fa4e6f8-0088-4bfa-9349-053eb84ca95e resource provider not found; error: Placement Client Error (4xx): {"errors": [{"status": 404, "title": "Not Found", "detail": "The resource could not be found.\n\n No resource provider with uuid 0fa4e6f8-0088-4bfa-9349-053eb84ca95e found for delete ", "request_id": "req-835978c0-0618-485e-9e5a-12e0986995f6"}]} [pid: 8|app: 0|req: 1015/1940] 10.0.0.197 () {32 vars in 725 bytes} [Sun May 17 02:24:40 2026] DELETE /v2.0/networks/4a08b0fe-c7fd-4ac7-b5c8-64482fac815d => generated 0 bytes in 359 msecs (HTTP/1.1 204) 3 headers in 131 bytes (1 switches on core 0) [pid: 8|app: 0|req: 1016/1941] 10.0.0.197 () {32 vars in 732 bytes} [Sun May 17 02:24:40 2026] GET /v2.0/networks/6ba18908-42aa-40a1-a03f-45ecfaa482ce/tags => generated 25 bytes in 42 msecs (HTTP/1.1 200) 4 headers in 156 bytes (1 switches on core 0)
2026-05-17 02:24:41.113 8 INFO neutron.plugins.ml2.drivers.ovn.mech_driver.mech_driver [None req-62e8cff4-82d8-4851-b1f6-216c92d27dd2 - - - - - -] OVN reports status down for port: 03bbef77-738b-4739-9d51-e3c2f6bcc5b7
2026-05-17 02:24:41.129 7 INFO neutron.db.ovn_revision_numbers_db [None req-6b75d513-aa31-4bbd-90b4-3a8344f129f7 63588055390b4c14b6304251d13527e2 8ea12d20a947412880db696f1f35c4f6 - - default default] Successfully bumped revision number for resource 03bbef77-738b-4739-9d51-e3c2f6bcc5b7 (type: ports) to 1 [pid: 8|app: 0|req: 1017/1942] 10.0.0.124 () {28 vars in 578 bytes} [Sun May 17 02:24:41 2026] GET /v2.0/ports => generated 14482 bytes in 137 msecs (HTTP/1.1 200) 4 headers in 159 bytes (1 switches on core 0)
2026-05-17 02:24:41.363 8 INFO neutron.db.ovn_revision_numbers_db [None req-ed0c0bcd-3677-4564-986f-38fc1775c08f cf778961253848fbbab39722746166b2 1a53199bcbe34b4d8e4138fc92ac4248 - - default default] Successfully bumped revision number for resource dca42bce-5ded-49c8-a3bb-9f8b19e3411f (type: floatingips) to 2
2026-05-17 02:24:41.411 8 INFO neutron.db.l3_db [None req-ed0c0bcd-3677-4564-986f-38fc1775c08f cf778961253848fbbab39722746166b2 1a53199bcbe34b4d8e4138fc92ac4248 - - default default] Floating IP dca42bce-5ded-49c8-a3bb-9f8b19e3411f disassociated. External IP: 10.96.250.201, port: 9909f6a1-e833-44a7-807e-61cd787958b8. [pid: 8|app: 0|req: 1018/1943] 10.0.0.197 () {34 vars in 748 bytes} [Sun May 17 02:24:41 2026] PUT /v2.0/floatingips/dca42bce-5ded-49c8-a3bb-9f8b19e3411f => generated 554 bytes in 268 msecs (HTTP/1.1 200) 4 headers in 157 bytes (1 switches on core 0)
2026-05-17 02:24:41.486 8 INFO neutron.notifiers.nova [-] Nova event matching ['req-e7553d93-8e08-4ec9-8cfb-174076a6b900'] response: {'name': 'network-changed', 'server_uuid': '32aa04b1-7673-41a6-b424-74d00bada2ee', 'tag': '9909f6a1-e833-44a7-807e-61cd787958b8', 'status': 'completed', 'code': 200}
2026-05-17 02:24:41.557 8 INFO neutron_taas.services.taas.taas_plugin [None req-4f7598d8-45b9-4cf3-bf7f-a7ae9c1636fd f9bfb3df904c40e6af557cc9d57cc6b5 0dcca263243b4234a75986dde0e0a46d - - default default] TaaS: Handle Delete Port: bb9e0f5b-0894-4ab5-b19a-76645abf7c9b
2026-05-17 02:24:41.560 8 INFO neutron_taas.services.taas.tap_mirror_plugin [None req-4f7598d8-45b9-4cf3-bf7f-a7ae9c1636fd f9bfb3df904c40e6af557cc9d57cc6b5 0dcca263243b4234a75986dde0e0a46d - - default default] Tap Mirror: Handle Delete Port: bb9e0f5b-0894-4ab5-b19a-76645abf7c9b [pid: 8|app: 0|req: 1019/1944] 10.0.0.197 () {32 vars in 725 bytes} [Sun May 17 02:24:41 2026] DELETE /v2.0/networks/0f1a4904-c532-4fac-9e7e-4e7b1179faf3 => generated 0 bytes in 341 msecs (HTTP/1.1 204) 3 headers in 131 bytes (1 switches on core 0)
2026-05-17 02:24:41.810 8 INFO neutron.plugins.ml2.drivers.ovn.mech_driver.ovsdb.ovsdb_monitor [None req-686e5a61-d07f-4590-8fbc-aba5078e14a5 - - - - - -] Router 8a283669-a28a-45cb-88c8-6eeedf433a4f is bound to host instance
