2026-05-17 02:24:01.400 8 INFO neutron.db.ovn_revision_numbers_db [None req-04fd4235-6b59-428b-87b2-84be53424301 cf778961253848fbbab39722746166b2 1a53199bcbe34b4d8e4138fc92ac4248 - - default default] Successfully bumped revision number for resource 664c7522-b3fb-45f4-b1c9-ee0262e7cc0b (type: security_group_rules) to 0
2026-05-17 02:24:01.413 8 INFO neutron.db.ovn_revision_numbers_db [None req-04fd4235-6b59-428b-87b2-84be53424301 cf778961253848fbbab39722746166b2 1a53199bcbe34b4d8e4138fc92ac4248 - - default default] Successfully bumped revision number for resource b6fa889c-a86d-466c-8ad8-d46f6555d57c (type: security_group_rules) to 0
2026-05-17 02:24:01.425 8 INFO neutron.db.ovn_revision_numbers_db [None req-04fd4235-6b59-428b-87b2-84be53424301 cf778961253848fbbab39722746166b2 1a53199bcbe34b4d8e4138fc92ac4248 - - default default] Successfully bumped revision number for resource dd38f2ac-0235-4be3-8d26-2beb291d6b98 (type: security_group_rules) to 0
2026-05-17 02:24:01.510 8 INFO neutron.db.segments_db [None req-04fd4235-6b59-428b-87b2-84be53424301 cf778961253848fbbab39722746166b2 1a53199bcbe34b4d8e4138fc92ac4248 - - default default] Added segment 38e7a07a-cb76-4358-aa34-848e7ad96b6d of type geneve for network 4bbfde6a-73fb-4fa5-85b8-04da66d19075
2026-05-17 02:24:01.639 8 INFO neutron.db.ovn_revision_numbers_db [None req-04fd4235-6b59-428b-87b2-84be53424301 cf778961253848fbbab39722746166b2 1a53199bcbe34b4d8e4138fc92ac4248 - - default default] Successfully bumped revision number for resource 4bbfde6a-73fb-4fa5-85b8-04da66d19075 (type: networks) to 1
2026-05-17 02:24:01.813 8 WARNING neutron.scheduler.dhcp_agent_scheduler [None req-04fd4235-6b59-428b-87b2-84be53424301 cf778961253848fbbab39722746166b2 1a53199bcbe34b4d8e4138fc92ac4248 - - default default] No more DHCP agents
2026-05-17 02:24:01.815 8 WARNING neutron.api.rpc.agentnotifiers.dhcp_rpc_agent_api [None req-04fd4235-6b59-428b-87b2-84be53424301 cf778961253848fbbab39722746166b2 1a53199bcbe34b4d8e4138fc92ac4248 - - default default] Unable to schedule network 4bbfde6a-73fb-4fa5-85b8-04da66d19075: no agents available; will retry on subsequent port and subnet creation events.
2026-05-17 02:24:01.915 8 INFO neutron.db.ovn_revision_numbers_db [None req-04fd4235-6b59-428b-87b2-84be53424301 cf778961253848fbbab39722746166b2 1a53199bcbe34b4d8e4138fc92ac4248 - - default default] Successfully bumped revision number for resource f94067a2-6b69-484c-8d14-1378dff43d9d (type: ports) to 1 [pid: 8|app: 0|req: 884/1678] 10.0.0.197 () {34 vars in 670 bytes} [Sun May 17 02:24:00 2026] POST /v2.0/networks => generated 670 bytes in 988 msecs (HTTP/1.1 201) 4 headers in 162 bytes (1 switches on core 0) /var/lib/openstack/lib/python3.12/site-packages/pycadf/identifier.py:70: UserWarning: Invalid uuid: neutron. To ensure interoperability, identifiers should be a valid uuid. warnings.warn(('Invalid uuid: %s. To ensure interoperability, '
2026-05-17 02:24:02.024 8 INFO neutron.db.segments_db [None req-d0ed14ab-82f4-46a6-afac-bc6c36e976dd ea8c2e0307314938b46a6760fa26af6a f08eddb268eb4f29954b5d937b30a9ab - - default default] Added segment 660024e1-37c5-42fa-8fab-f7a609597c43 of type geneve for network 36cd8a9e-f2ec-406e-b969-4cd0ba34fd44
2026-05-17 02:24:02.049 7 WARNING neutron.scheduler.dhcp_agent_scheduler [None req-7ea42854-e8e8-4d29-a30f-5c96ea49508f ad02d6db041a42149e1bc2e3ee4debe1 708f8e054b3342db9b92b4657bc86aa4 - - default default] No more DHCP agents
2026-05-17 02:24:02.050 7 WARNING neutron.api.rpc.agentnotifiers.dhcp_rpc_agent_api [None req-7ea42854-e8e8-4d29-a30f-5c96ea49508f ad02d6db041a42149e1bc2e3ee4debe1 708f8e054b3342db9b92b4657bc86aa4 - - default default] Unable to schedule network 1636c8d9-145b-44a4-883f-2430d3ec5bc4: no agents available; will retry on subsequent port and subnet creation events.
2026-05-17 02:24:02.129 8 INFO neutron.db.ovn_revision_numbers_db [None req-d0ed14ab-82f4-46a6-afac-bc6c36e976dd ea8c2e0307314938b46a6760fa26af6a f08eddb268eb4f29954b5d937b30a9ab - - default default] Successfully bumped revision number for resource 36cd8a9e-f2ec-406e-b969-4cd0ba34fd44 (type: networks) to 1
2026-05-17 02:24:02.224 7 INFO neutron.db.ovn_revision_numbers_db [None req-7ea42854-e8e8-4d29-a30f-5c96ea49508f ad02d6db041a42149e1bc2e3ee4debe1 708f8e054b3342db9b92b4657bc86aa4 - - default default] Successfully bumped revision number for resource a517b968-3cd1-4813-b6e5-236d43132b54 (type: router_ports) to 3 [pid: 7|app: 0|req: 795/1679] 10.0.0.197 () {34 vars in 782 bytes} [Sun May 17 02:24:00 2026] PUT /v2.0/routers/7df14a91-4ff4-4b23-9b0d-e839e0e837b4/add_router_interface => generated 310 bytes in 2174 msecs (HTTP/1.1 200) 4 headers in 157 bytes (1 switches on core 0) /var/lib/openstack/lib/python3.12/site-packages/pycadf/identifier.py:70: UserWarning: Invalid uuid: neutron. To ensure interoperability, identifiers should be a valid uuid. warnings.warn(('Invalid uuid: %s. To ensure interoperability, '
2026-05-17 02:24:02.390 8 WARNING neutron.scheduler.dhcp_agent_scheduler [None req-d0ed14ab-82f4-46a6-afac-bc6c36e976dd ea8c2e0307314938b46a6760fa26af6a f08eddb268eb4f29954b5d937b30a9ab - - default default] No more DHCP agents
2026-05-17 02:24:02.391 8 WARNING neutron.api.rpc.agentnotifiers.dhcp_rpc_agent_api [None req-d0ed14ab-82f4-46a6-afac-bc6c36e976dd ea8c2e0307314938b46a6760fa26af6a f08eddb268eb4f29954b5d937b30a9ab - - default default] Unable to schedule network 36cd8a9e-f2ec-406e-b969-4cd0ba34fd44: no agents available; will retry on subsequent port and subnet creation events.
2026-05-17 02:24:02.496 8 INFO neutron.db.ovn_revision_numbers_db [None req-d0ed14ab-82f4-46a6-afac-bc6c36e976dd ea8c2e0307314938b46a6760fa26af6a f08eddb268eb4f29954b5d937b30a9ab - - default default] Successfully bumped revision number for resource 1afcd362-c719-4454-9915-bb2c475d7ddd (type: ports) to 1 [pid: 8|app: 0|req: 885/1680] 10.0.0.197 () {34 vars in 669 bytes} [Sun May 17 02:24:01 2026] POST /v2.0/networks => generated 670 bytes in 591 msecs (HTTP/1.1 201) 4 headers in 162 bytes (1 switches on core 0) [pid: 8|app: 0|req: 886/1681] 10.0.0.197 () {32 vars in 716 bytes} [Sun May 17 02:24:02 2026] GET /v2.0/ports/a517b968-3cd1-4813-b6e5-236d43132b54 => generated 1009 bytes in 34 msecs (HTTP/1.1 200) 4 headers in 158 bytes (1 switches on core 0)
2026-05-17 02:24:02.652 7 WARNING neutron.scheduler.dhcp_agent_scheduler [None req-fea4c3ba-f886-41c5-ba8e-2c66a885388e cf778961253848fbbab39722746166b2 1a53199bcbe34b4d8e4138fc92ac4248 - - default default] No more DHCP agents
2026-05-17 02:24:02.654 7 WARNING neutron.api.rpc.agentnotifiers.dhcp_rpc_agent_api [None req-fea4c3ba-f886-41c5-ba8e-2c66a885388e cf778961253848fbbab39722746166b2 1a53199bcbe34b4d8e4138fc92ac4248 - - default default] Unable to schedule network 57816ba8-429f-41af-83ce-8063b8bc0e36: no agents available; will retry on subsequent port and subnet creation events.
2026-05-17 02:24:02.782 7 INFO neutron.plugins.ml2.drivers.ovn.mech_driver.mech_driver [None req-df0059dd-49d7-4100-a76e-7798bdf90779 - - - - - -] OVN reports status down for port: 1537f788-3837-4799-a5e2-d94f8ca183c7
2026-05-17 02:24:02.805 8 WARNING neutron.scheduler.dhcp_agent_scheduler [None req-0ba78ee2-9096-49c1-9ea2-6a9f8033b291 ea8c2e0307314938b46a6760fa26af6a f08eddb268eb4f29954b5d937b30a9ab - - default default] No more DHCP agents
2026-05-17 02:24:02.806 8 WARNING neutron.api.rpc.agentnotifiers.dhcp_rpc_agent_api [None req-0ba78ee2-9096-49c1-9ea2-6a9f8033b291 ea8c2e0307314938b46a6760fa26af6a f08eddb268eb4f29954b5d937b30a9ab - - default default] Unable to schedule network 36cd8a9e-f2ec-406e-b969-4cd0ba34fd44: no agents available; will retry on subsequent port and subnet creation events.
2026-05-17 02:24:02.840 7 INFO neutron.db.ovn_revision_numbers_db [None req-fea4c3ba-f886-41c5-ba8e-2c66a885388e cf778961253848fbbab39722746166b2 1a53199bcbe34b4d8e4138fc92ac4248 - - default default] Successfully bumped revision number for resource 1537f788-3837-4799-a5e2-d94f8ca183c7 (type: ports) to 1
2026-05-17 02:24:02.906 8 INFO neutron.db.ovn_revision_numbers_db [None req-0ba78ee2-9096-49c1-9ea2-6a9f8033b291 ea8c2e0307314938b46a6760fa26af6a f08eddb268eb4f29954b5d937b30a9ab - - default default] Successfully bumped revision number for resource aa7b99b4-06ed-47c8-8887-5428b48a4d27 (type: ports) to 1
2026-05-17 02:24:02.945 7 INFO neutron.plugins.ml2.drivers.ovn.mech_driver.mech_driver [None req-df0059dd-49d7-4100-a76e-7798bdf90779 - - - - - -] OVN reports status down for port: aa7b99b4-06ed-47c8-8887-5428b48a4d27 [pid: 8|app: 0|req: 887/1682] 10.0.0.197 () {34 vars in 663 bytes} [Sun May 17 02:24:02 2026] POST /v2.0/ports => generated 743 bytes in 398 msecs (HTTP/1.1 201) 4 headers in 162 bytes (1 switches on core 0) /var/lib/openstack/lib/python3.12/site-packages/pycadf/identifier.py:70: UserWarning: Invalid uuid: neutron. To ensure interoperability, identifiers should be a valid uuid. warnings.warn(('Invalid uuid: %s. To ensure interoperability, '
2026-05-17 02:24:03.307 8 INFO neutron_taas.services.taas.taas_plugin [None req-61605e99-9e4a-4fee-8739-8cc729846a08 ad02d6db041a42149e1bc2e3ee4debe1 708f8e054b3342db9b92b4657bc86aa4 - - default default] TaaS: Handle Delete Port: a517b968-3cd1-4813-b6e5-236d43132b54
2026-05-17 02:24:03.312 8 INFO neutron_taas.services.taas.tap_mirror_plugin [None req-61605e99-9e4a-4fee-8739-8cc729846a08 ad02d6db041a42149e1bc2e3ee4debe1 708f8e054b3342db9b92b4657bc86aa4 - - default default] Tap Mirror: Handle Delete Port: a517b968-3cd1-4813-b6e5-236d43132b54
2026-05-17 02:24:03.661 7 INFO neutron.plugins.ml2.drivers.ovn.mech_driver.ovsdb.ovsdb_monitor [None req-59c91753-b2c5-4488-8ae2-4d536b58028c - - - - - -] Router ba79ef20-77be-41be-b35a-9fc1a7231ea6 is bound to host instance [pid: 8|app: 0|req: 888/1683] 10.0.0.197 () {34 vars in 788 bytes} [Sun May 17 02:24:02 2026] PUT /v2.0/routers/7df14a91-4ff4-4b23-9b0d-e839e0e837b4/remove_router_interface => generated 310 bytes in 715 msecs (HTTP/1.1 200) 4 headers in 157 bytes (1 switches on core 0) /var/lib/openstack/lib/python3.12/site-packages/pycadf/identifier.py:70: UserWarning: Invalid uuid: neutron. To ensure interoperability, identifiers should be a valid uuid. warnings.warn(('Invalid uuid: %s. To ensure interoperability, '
2026-05-17 02:24:03.729 7 INFO neutron.plugins.ml2.drivers.ovn.mech_driver.mech_driver [None req-df0059dd-49d7-4100-a76e-7798bdf90779 - - - - - -] OVN reports status up for port: 1537f788-3837-4799-a5e2-d94f8ca183c7
2026-05-17 02:24:03.767 8 INFO neutron.db.segments_db [None req-de2a2cc4-026d-4132-a9ed-873c56b39f12 ea8c2e0307314938b46a6760fa26af6a f08eddb268eb4f29954b5d937b30a9ab - - default default] Added segment 30eed273-8867-4868-94ae-397b66838eb8 of type geneve for network 2af19419-ba55-4e6f-bb54-b5277635735b
2026-05-17 02:24:03.782 7 INFO neutron.plugins.ml2.plugin [None req-df0059dd-49d7-4100-a76e-7798bdf90779 - - - - - -] Attempt 1 to provision port 1537f788-3837-4799-a5e2-d94f8ca183c7
2026-05-17 02:24:03.833 7 INFO neutron.db.ovn_revision_numbers_db [None req-fea4c3ba-f886-41c5-ba8e-2c66a885388e cf778961253848fbbab39722746166b2 1a53199bcbe34b4d8e4138fc92ac4248 - - default default] Successfully bumped revision number for resource 1537f788-3837-4799-a5e2-d94f8ca183c7 (type: router_ports) to 1
2026-05-17 02:24:03.879 8 INFO neutron.db.ovn_revision_numbers_db [None req-de2a2cc4-026d-4132-a9ed-873c56b39f12 ea8c2e0307314938b46a6760fa26af6a f08eddb268eb4f29954b5d937b30a9ab - - default default] Successfully bumped revision number for resource 2af19419-ba55-4e6f-bb54-b5277635735b (type: networks) to 1
2026-05-17 02:24:04.090 8 WARNING neutron.scheduler.dhcp_agent_scheduler [None req-de2a2cc4-026d-4132-a9ed-873c56b39f12 ea8c2e0307314938b46a6760fa26af6a f08eddb268eb4f29954b5d937b30a9ab - - default default] No more DHCP agents
2026-05-17 02:24:04.092 8 WARNING neutron.api.rpc.agentnotifiers.dhcp_rpc_agent_api [None req-de2a2cc4-026d-4132-a9ed-873c56b39f12 ea8c2e0307314938b46a6760fa26af6a f08eddb268eb4f29954b5d937b30a9ab - - default default] Unable to schedule network 2af19419-ba55-4e6f-bb54-b5277635735b: no agents available; will retry on subsequent port and subnet creation events.
2026-05-17 02:24:04.103 7 INFO neutron.db.ovn_revision_numbers_db [None req-fea4c3ba-f886-41c5-ba8e-2c66a885388e cf778961253848fbbab39722746166b2 1a53199bcbe34b4d8e4138fc92ac4248 - - default default] Successfully bumped revision number for resource ba79ef20-77be-41be-b35a-9fc1a7231ea6 (type: routers) to 2 [pid: 7|app: 0|req: 796/1684] 10.0.0.197 () {34 vars in 668 bytes} [Sun May 17 02:24:02 2026] POST /v2.0/routers => generated 975 bytes in 1934 msecs (HTTP/1.1 201) 4 headers in 162 bytes (1 switches on core 0)
2026-05-17 02:24:04.187 8 INFO neutron.db.ovn_revision_numbers_db [None req-de2a2cc4-026d-4132-a9ed-873c56b39f12 ea8c2e0307314938b46a6760fa26af6a f08eddb268eb4f29954b5d937b30a9ab - - default default] Successfully bumped revision number for resource 5cb8bae9-384a-447b-a0fd-f5d3ff94b355 (type: ports) to 1 [pid: 8|app: 0|req: 889/1685] 10.0.0.197 () {34 vars in 669 bytes} [Sun May 17 02:24:03 2026] POST /v2.0/networks => generated 669 bytes in 533 msecs (HTTP/1.1 201) 4 headers in 162 bytes (1 switches on core 0) [pid: 8|app: 0|req: 890/1686] 10.0.0.197 () {32 vars in 775 bytes} [Sun May 17 02:24:04 2026] GET /v2.0/subnets?project_id=1a53199bcbe34b4d8e4138fc92ac4248&cidr=10.100.0.0%2F28 => generated 14 bytes in 55 msecs (HTTP/1.1 200) 4 headers in 156 bytes (1 switches on core 0)
2026-05-17 02:24:04.290 7 INFO neutron.api.v2.resource [None req-f93bf1b2-2eca-4b1b-9e8c-241aed339e2d ad02d6db041a42149e1bc2e3ee4debe1 708f8e054b3342db9b92b4657bc86aa4 - - default default] remove_router_interface failed (client error): The resource could not be found. [pid: 7|app: 0|req: 797/1687] 10.0.0.197 () {34 vars in 788 bytes} [Sun May 17 02:24:04 2026] PUT /v2.0/routers/7df14a91-4ff4-4b23-9b0d-e839e0e837b4/remove_router_interface => generated 197 bytes in 128 msecs (HTTP/1.1 404) 4 headers in 164 bytes (1 switches on core 0) [pid: 7|app: 0|req: 798/1688] 10.0.0.197 () {32 vars in 693 bytes} [Sun May 17 02:24:04 2026] GET /v2.0/networks?router%3Aexternal=True => generated 791 bytes in 107 msecs (HTTP/1.1 200) 4 headers in 157 bytes (1 switches on core 0) [pid: 7|app: 0|req: 799/1689] 10.0.0.197 () {32 vars in 735 bytes} [Sun May 17 02:24:04 2026] GET /v2.0/ports?device_id=7df14a91-4ff4-4b23-9b0d-e839e0e837b4 => generated 12 bytes in 40 msecs (HTTP/1.1 200) 4 headers in 156 bytes (1 switches on core 0) [pid: 7|app: 0|req: 800/1690] 10.0.0.197 () {32 vars in 783 bytes} [Sun May 17 02:24:04 2026] GET /v2.0/subnets?network_id=57816ba8-429f-41af-83ce-8063b8bc0e36&cidr=10.100.0.0%2F28 => generated 14 bytes in 38 msecs (HTTP/1.1 200) 4 headers in 156 bytes (1 switches on core 0)
2026-05-17 02:24:04.490 8 WARNING neutron.scheduler.dhcp_agent_scheduler [None req-b438b660-bbf9-4238-ac94-5c8accef6351 ea8c2e0307314938b46a6760fa26af6a f08eddb268eb4f29954b5d937b30a9ab - - default default] No more DHCP agents
2026-05-17 02:24:04.491 8 WARNING neutron.api.rpc.agentnotifiers.dhcp_rpc_agent_api [None req-b438b660-bbf9-4238-ac94-5c8accef6351 ea8c2e0307314938b46a6760fa26af6a f08eddb268eb4f29954b5d937b30a9ab - - default default] Unable to schedule network 2af19419-ba55-4e6f-bb54-b5277635735b: no agents available; will retry on subsequent port and subnet creation events.
2026-05-17 02:24:04.587 8 INFO neutron.db.ovn_revision_numbers_db [None req-b438b660-bbf9-4238-ac94-5c8accef6351 ea8c2e0307314938b46a6760fa26af6a f08eddb268eb4f29954b5d937b30a9ab - - default default] Successfully bumped revision number for resource 49eaf4ab-70d8-4860-bd84-bdefc52ae6ef (type: ports) to 1 [pid: 8|app: 0|req: 891/1691] 10.0.0.197 () {34 vars in 663 bytes} [Sun May 17 02:24:04 2026] POST /v2.0/ports => generated 743 bytes in 360 msecs (HTTP/1.1 201) 4 headers in 162 bytes (1 switches on core 0) /var/lib/openstack/lib/python3.12/site-packages/pycadf/identifier.py:70: UserWarning: Invalid uuid: neutron. To ensure interoperability, identifiers should be a valid uuid. warnings.warn(('Invalid uuid: %s. To ensure interoperability, '
2026-05-17 02:24:04.825 8 WARNING neutron.scheduler.dhcp_agent_scheduler [None req-8a943630-f4de-4e65-918e-38a58a409ea3 cf778961253848fbbab39722746166b2 1a53199bcbe34b4d8e4138fc92ac4248 - - default default] No more DHCP agents
2026-05-17 02:24:04.826 8 WARNING neutron.api.rpc.agentnotifiers.dhcp_rpc_agent_api [None req-8a943630-f4de-4e65-918e-38a58a409ea3 cf778961253848fbbab39722746166b2 1a53199bcbe34b4d8e4138fc92ac4248 - - default default] Unable to schedule network 4bbfde6a-73fb-4fa5-85b8-04da66d19075: no agents available; will retry on subsequent port and subnet creation events.
2026-05-17 02:24:05.267 8 INFO neutron.db.ovn_revision_numbers_db [None req-8a943630-f4de-4e65-918e-38a58a409ea3 cf778961253848fbbab39722746166b2 1a53199bcbe34b4d8e4138fc92ac4248 - - default default] Successfully bumped revision number for resource f94067a2-6b69-484c-8d14-1378dff43d9d (type: ports) to 2
2026-05-17 02:24:05.307 8 INFO neutron.db.ovn_revision_numbers_db [None req-8a943630-f4de-4e65-918e-38a58a409ea3 cf778961253848fbbab39722746166b2 1a53199bcbe34b4d8e4138fc92ac4248 - - default default] Successfully bumped revision number for resource f517380d-98be-4915-9732-f4e35aa4b44c (type: subnets) to 0 [pid: 8|app: 0|req: 892/1692] 10.0.0.197 () {34 vars in 668 bytes} [Sun May 17 02:24:04 2026] POST /v2.0/subnets => generated 656 bytes in 711 msecs (HTTP/1.1 201) 4 headers in 162 bytes (1 switches on core 0) [pid: 8|app: 0|req: 893/1693] 10.0.0.151 () {34 vars in 989 bytes} [Sun May 17 02:24:05 2026] GET /v2.0/ports?device_id=6cc2551b-7b27-43be-9f5b-0b9621d38de2 => generated 975 bytes in 92 msecs (HTTP/1.1 200) 4 headers in 157 bytes (1 switches on core 0)
2026-05-17 02:24:05.529 8 INFO neutron.db.segments_db [None req-7ae606da-d99e-4fb2-8253-90ff6e886ce6 ea8c2e0307314938b46a6760fa26af6a f08eddb268eb4f29954b5d937b30a9ab - - default default] Added segment 227d0ed7-9872-4446-989c-dea30eddc579 of type geneve for network a9db9910-1043-436f-b20f-563490e593c4
2026-05-17 02:24:05.687 8 INFO neutron.db.ovn_revision_numbers_db [None req-7ae606da-d99e-4fb2-8253-90ff6e886ce6 ea8c2e0307314938b46a6760fa26af6a f08eddb268eb4f29954b5d937b30a9ab - - default default] Successfully bumped revision number for resource a9db9910-1043-436f-b20f-563490e593c4 (type: networks) to 1 [pid: 7|app: 0|req: 801/1694] 10.0.0.197 () {32 vars in 723 bytes} [Sun May 17 02:24:04 2026] DELETE /v2.0/routers/7df14a91-4ff4-4b23-9b0d-e839e0e837b4 => generated 0 bytes in 1266 msecs (HTTP/1.1 204) 2 headers in 112 bytes (1 switches on core 0)
2026-05-17 02:24:05.865 8 WARNING neutron.scheduler.dhcp_agent_scheduler [None req-7ae606da-d99e-4fb2-8253-90ff6e886ce6 ea8c2e0307314938b46a6760fa26af6a f08eddb268eb4f29954b5d937b30a9ab - - default default] No more DHCP agents
2026-05-17 02:24:05.866 8 WARNING neutron.api.rpc.agentnotifiers.dhcp_rpc_agent_api [None req-7ae606da-d99e-4fb2-8253-90ff6e886ce6 ea8c2e0307314938b46a6760fa26af6a f08eddb268eb4f29954b5d937b30a9ab - - default default] Unable to schedule network a9db9910-1043-436f-b20f-563490e593c4: no agents available; will retry on subsequent port and subnet creation events.
2026-05-17 02:24:05.952 8 INFO neutron.db.ovn_revision_numbers_db [None req-7ae606da-d99e-4fb2-8253-90ff6e886ce6 ea8c2e0307314938b46a6760fa26af6a f08eddb268eb4f29954b5d937b30a9ab - - default default] Successfully bumped revision number for resource 89dc9b2a-9bb0-4585-b224-6dff4e8168a9 (type: ports) to 1 [pid: 8|app: 0|req: 894/1697] 10.0.0.197 () {34 vars in 669 bytes} [Sun May 17 02:24:05 2026] POST /v2.0/networks => generated 669 bytes in 540 msecs (HTTP/1.1 201) 4 headers in 162 bytes (1 switches on core 0) [pid: 8|app: 0|req: 895/1698] 10.0.0.151 () {34 vars in 1039 bytes} [Sun May 17 02:24:05 2026] GET /v2.0/security-groups?id=d8c5c08d-bd06-440d-923b-54c66eb1a7c0&fields=id&fields=name => generated 113 bytes in 40 msecs (HTTP/1.1 200) 4 headers in 157 bytes (1 switches on core 0) [pid: 8|app: 0|req: 896/1699] 10.0.0.197 () {32 vars in 723 bytes} [Sun May 17 02:24:06 2026] DELETE /v2.0/subnets/69e6bb91-bd9a-41d5-91b3-8e101d66a5b1 => generated 0 bytes in 173 msecs (HTTP/1.1 204) 3 headers in 131 bytes (1 switches on core 0)
2026-05-17 02:24:06.395 8 WARNING neutron.scheduler.dhcp_agent_scheduler [None req-6797bbb4-a07b-471a-95a3-378283a08207 ea8c2e0307314938b46a6760fa26af6a f08eddb268eb4f29954b5d937b30a9ab - - default default] No more DHCP agents
2026-05-17 02:24:06.397 8 WARNING neutron.api.rpc.agentnotifiers.dhcp_rpc_agent_api [None req-6797bbb4-a07b-471a-95a3-378283a08207 ea8c2e0307314938b46a6760fa26af6a f08eddb268eb4f29954b5d937b30a9ab - - default default] Unable to schedule network a9db9910-1043-436f-b20f-563490e593c4: no agents available; will retry on subsequent port and subnet creation events.
2026-05-17 02:24:06.523 8 INFO neutron.db.ovn_revision_numbers_db [None req-6797bbb4-a07b-471a-95a3-378283a08207 ea8c2e0307314938b46a6760fa26af6a f08eddb268eb4f29954b5d937b30a9ab - - default default] Successfully bumped revision number for resource 78836df4-7a26-43c9-ab11-5257a01d7915 (type: ports) to 1 [pid: 8|app: 0|req: 897/1700] 10.0.0.197 () {34 vars in 663 bytes} [Sun May 17 02:24:06 2026] POST /v2.0/ports => generated 743 bytes in 406 msecs (HTTP/1.1 201) 4 headers in 162 bytes (1 switches on core 0) /var/lib/openstack/lib/python3.12/site-packages/pycadf/identifier.py:70: UserWarning: Invalid uuid: neutron. To ensure interoperability, identifiers should be a valid uuid. warnings.warn(('Invalid uuid: %s. To ensure interoperability, '
2026-05-17 02:24:06.644 7 INFO neutron.plugins.ml2.drivers.ovn.mech_driver.mech_driver [None req-df0059dd-49d7-4100-a76e-7798bdf90779 - - - - - -] OVN reports status down for port: 49eaf4ab-70d8-4860-bd84-bdefc52ae6ef
2026-05-17 02:24:06.706 8 WARNING neutron.plugins.ml2.drivers.ovn.mech_driver.ovsdb.ovn_client [None req-d757217f-7fc7-4139-93d5-861d303ebb0e - - - - - -] No port found with ID a517b968-3cd1-4813-b6e5-236d43132b54: RuntimeError: No port found with ID a517b968-3cd1-4813-b6e5-236d43132b54
2026-05-17 02:24:06.706 8 INFO neutron.plugins.ml2.drivers.ovn.mech_driver.mech_driver [None req-d757217f-7fc7-4139-93d5-861d303ebb0e - - - - - -] OVN reports status down for port: f94067a2-6b69-484c-8d14-1378dff43d9d
2026-05-17 02:24:06.768 8 INFO neutron_taas.services.taas.taas_plugin [None req-f6e2c010-17e2-4815-bb77-22c768cad7d5 ad02d6db041a42149e1bc2e3ee4debe1 708f8e054b3342db9b92b4657bc86aa4 - - default default] TaaS: Handle Delete Port: 49a7452b-a04f-4da9-a593-502200ac65df
2026-05-17 02:24:06.772 8 INFO neutron_taas.services.taas.tap_mirror_plugin [None req-f6e2c010-17e2-4815-bb77-22c768cad7d5 ad02d6db041a42149e1bc2e3ee4debe1 708f8e054b3342db9b92b4657bc86aa4 - - default default] Tap Mirror: Handle Delete Port: 49a7452b-a04f-4da9-a593-502200ac65df
2026-05-17 02:24:06.854 8 INFO neutron.plugins.ml2.drivers.ovn.mech_driver.mech_driver [None req-d757217f-7fc7-4139-93d5-861d303ebb0e - - - - - -] OVN reports status down for port: 1afcd362-c719-4454-9915-bb2c475d7ddd
2026-05-17 02:24:06.862 7 INFO neutron.db.ovn_revision_numbers_db [None req-393c2e9e-6cb3-404c-9cbe-e168b4fe6081 - - - - - -] Successfully bumped revision number for resource 1537f788-3837-4799-a5e2-d94f8ca183c7 (type: ports) to 4
2026-05-17 02:24:06.918 7 INFO neutron.plugins.ml2.drivers.ovn.mech_driver.mech_driver [None req-df0059dd-49d7-4100-a76e-7798bdf90779 - - - - - -] OVN reports status down for port: 89dc9b2a-9bb0-4585-b224-6dff4e8168a9
2026-05-17 02:24:06.978 8 INFO neutron.plugins.ml2.drivers.ovn.mech_driver.mech_driver [None req-d757217f-7fc7-4139-93d5-861d303ebb0e - - - - - -] OVN reports status down for port: 5cb8bae9-384a-447b-a0fd-f5d3ff94b355
2026-05-17 02:24:07.102 8 INFO neutron.services.segments.plugin [-] Segment 52ab4daf-276b-481e-b616-18c722cf44a9 resource provider aggregate not found
2026-05-17 02:24:07.112 8 INFO neutron.services.segments.plugin [-] Segment 52ab4daf-276b-481e-b616-18c722cf44a9 resource provider aggregate not found
2026-05-17 02:24:07.144 8 INFO neutron.services.segments.plugin [-] Segment 52ab4daf-276b-481e-b616-18c722cf44a9 resource provider not found; error: Placement Client Error (4xx): {"errors": [{"status": 404, "title": "Not Found", "detail": "The resource could not be found.\n\n No resource provider with uuid 52ab4daf-276b-481e-b616-18c722cf44a9 found for delete ", "request_id": "req-23b37770-e1aa-4dc0-8618-a1af8ebbafcd"}]}
2026-05-17 02:24:07.151 8 INFO neutron.services.segments.plugin [-] Segment 52ab4daf-276b-481e-b616-18c722cf44a9 resource provider not found; error: Placement Client Error (4xx): {"errors": [{"status": 404, "title": "Not Found", "detail": "The resource could not be found.\n\n No resource provider with uuid 52ab4daf-276b-481e-b616-18c722cf44a9 found for delete ", "request_id": "req-fc8fb203-8b70-452a-a37a-f0980d6a2a0c"}]}
2026-05-17 02:24:07.153 7 INFO neutron.plugins.ml2.drivers.ovn.mech_driver.mech_driver [None req-df0059dd-49d7-4100-a76e-7798bdf90779 - - - - - -] OVN reports status down for port: 78836df4-7a26-43c9-ab11-5257a01d7915 [pid: 8|app: 0|req: 898/1701] 10.0.0.197 () {32 vars in 725 bytes} [Sun May 17 02:24:06 2026] DELETE /v2.0/networks/1636c8d9-145b-44a4-883f-2430d3ec5bc4 => generated 0 bytes in 603 msecs (HTTP/1.1 204) 3 headers in 131 bytes (1 switches on core 0) [pid: 8|app: 0|req: 899/1702] 10.0.0.151 () {34 vars in 989 bytes} [Sun May 17 02:24:07 2026] GET /v2.0/ports?device_id=6cc2551b-7b27-43be-9f5b-0b9621d38de2 => generated 975 bytes in 40 msecs (HTTP/1.1 200) 4 headers in 157 bytes (1 switches on core 0) [pid: 8|app: 0|req: 900/1703] 10.0.0.197 () {34 vars in 746 bytes} [Sun May 17 02:24:07 2026] PUT /v2.0/ports/ed07747b-e990-42ef-b703-7ea5ecfc4a42/tags => generated 17 bytes in 94 msecs (HTTP/1.1 200) 4 headers in 156 bytes (1 switches on core 0) /var/lib/openstack/lib/python3.12/site-packages/pycadf/identifier.py:70: UserWarning: Invalid uuid: neutron. To ensure interoperability, identifiers should be a valid uuid. warnings.warn(('Invalid uuid: %s. To ensure interoperability, '
2026-05-17 02:24:07.342 7 WARNING neutron.scheduler.dhcp_agent_scheduler [None req-9472c202-e015-4bc8-8927-1bc7d92c16f9 cf778961253848fbbab39722746166b2 1a53199bcbe34b4d8e4138fc92ac4248 - - default default] No more DHCP agents
2026-05-17 02:24:07.351 7 WARNING neutron.api.rpc.agentnotifiers.dhcp_rpc_agent_api [None req-9472c202-e015-4bc8-8927-1bc7d92c16f9 cf778961253848fbbab39722746166b2 1a53199bcbe34b4d8e4138fc92ac4248 - - default default] Unable to schedule network 4bbfde6a-73fb-4fa5-85b8-04da66d19075: no agents available; will retry on subsequent port and subnet creation events.
2026-05-17 02:24:07.453 8 INFO neutron.db.segments_db [None req-afe63edc-6100-45f3-9006-f1721a05ae6b ad02d6db041a42149e1bc2e3ee4debe1 708f8e054b3342db9b92b4657bc86aa4 - - default default] Added segment ca92c509-319b-43bd-bdf5-e17c09535ce8 of type geneve for network b5a2e21d-b7d8-40b3-95ad-5e583550411d
2026-05-17 02:24:07.458 7 INFO neutron.plugins.ml2.drivers.ovn.mech_driver.mech_driver [None req-df0059dd-49d7-4100-a76e-7798bdf90779 - - - - - -] OVN reports status down for port: bb3a762d-d8e6-4211-8336-f9200b7056d2
2026-05-17 02:24:07.570 8 INFO neutron.db.ovn_revision_numbers_db [None req-afe63edc-6100-45f3-9006-f1721a05ae6b ad02d6db041a42149e1bc2e3ee4debe1 708f8e054b3342db9b92b4657bc86aa4 - - default default] Successfully bumped revision number for resource b5a2e21d-b7d8-40b3-95ad-5e583550411d (type: networks) to 1
2026-05-17 02:24:07.742 8 WARNING neutron.scheduler.dhcp_agent_scheduler [None req-afe63edc-6100-45f3-9006-f1721a05ae6b ad02d6db041a42149e1bc2e3ee4debe1 708f8e054b3342db9b92b4657bc86aa4 - - default default] No more DHCP agents
2026-05-17 02:24:07.744 8 WARNING neutron.api.rpc.agentnotifiers.dhcp_rpc_agent_api [None req-afe63edc-6100-45f3-9006-f1721a05ae6b ad02d6db041a42149e1bc2e3ee4debe1 708f8e054b3342db9b92b4657bc86aa4 - - default default] Unable to schedule network b5a2e21d-b7d8-40b3-95ad-5e583550411d: no agents available; will retry on subsequent port and subnet creation events.
2026-05-17 02:24:07.805 7 INFO neutron.notifiers.nova [-] Nova event matching ['req-8ac42450-59dd-46c1-920d-fbaf2f655893'] response: {'server_uuid': '6cc2551b-7b27-43be-9f5b-0b9621d38de2', 'name': 'network-vif-unplugged', 'status': 'completed', 'tag': 'bb3a762d-d8e6-4211-8336-f9200b7056d2', 'code': 200}
2026-05-17 02:24:07.826 8 INFO neutron.db.ovn_revision_numbers_db [None req-afe63edc-6100-45f3-9006-f1721a05ae6b ad02d6db041a42149e1bc2e3ee4debe1 708f8e054b3342db9b92b4657bc86aa4 - - default default] Successfully bumped revision number for resource 918797de-3768-43a9-85c1-f91d94910178 (type: ports) to 1 [pid: 8|app: 0|req: 901/1704] 10.0.0.197 () {34 vars in 669 bytes} [Sun May 17 02:24:07 2026] POST /v2.0/networks => generated 668 bytes in 520 msecs (HTTP/1.1 201) 4 headers in 162 bytes (1 switches on core 0) [pid: 8|app: 0|req: 902/1705] 10.0.0.151 () {34 vars in 1039 bytes} [Sun May 17 02:24:07 2026] GET /v2.0/security-groups?id=d8c5c08d-bd06-440d-923b-54c66eb1a7c0&fields=id&fields=name => generated 113 bytes in 29 msecs (HTTP/1.1 200) 4 headers in 157 bytes (1 switches on core 0)
2026-05-17 02:24:07.935 7 INFO neutron.db.ovn_revision_numbers_db [None req-9472c202-e015-4bc8-8927-1bc7d92c16f9 cf778961253848fbbab39722746166b2 1a53199bcbe34b4d8e4138fc92ac4248 - - default default] Successfully bumped revision number for resource 258fa16a-1718-4f46-bf8b-5c47ae4583c1 (type: ports) to 1 [pid: 8|app: 0|req: 903/1706] 10.0.0.197 () {34 vars in 746 bytes} [Sun May 17 02:24:07 2026] PUT /v2.0/ports/07124b65-f04f-491d-9604-9a93279547a0/tags => generated 25 bytes in 66 msecs (HTTP/1.1 200) 4 headers in 156 bytes (1 switches on core 0) /var/lib/openstack/lib/python3.12/site-packages/pycadf/identifier.py:70: UserWarning: Invalid uuid: neutron. To ensure interoperability, identifiers should be a valid uuid. warnings.warn(('Invalid uuid: %s. To ensure interoperability, '
2026-05-17 02:24:08.148 8 WARNING neutron.scheduler.dhcp_agent_scheduler [None req-10f3b42a-5b1c-4dd1-a408-ee8953b41d29 ad02d6db041a42149e1bc2e3ee4debe1 708f8e054b3342db9b92b4657bc86aa4 - - default default] No more DHCP agents
2026-05-17 02:24:08.150 8 WARNING neutron.api.rpc.agentnotifiers.dhcp_rpc_agent_api [None req-10f3b42a-5b1c-4dd1-a408-ee8953b41d29 ad02d6db041a42149e1bc2e3ee4debe1 708f8e054b3342db9b92b4657bc86aa4 - - default default] Unable to schedule network b5a2e21d-b7d8-40b3-95ad-5e583550411d: no agents available; will retry on subsequent port and subnet creation events.
2026-05-17 02:24:08.151 7 INFO neutron.db.ovn_revision_numbers_db [None req-393c2e9e-6cb3-404c-9cbe-e168b4fe6081 - - - - - -] Successfully bumped revision number for resource 1537f788-3837-4799-a5e2-d94f8ca183c7 (type: ports) to 5
2026-05-17 02:24:08.284 7 INFO neutron.db.ovn_revision_numbers_db [None req-df0059dd-49d7-4100-a76e-7798bdf90779 - - - - - -] Successfully bumped revision number for resource bb3a762d-d8e6-4211-8336-f9200b7056d2 (type: ports) to 8
2026-05-17 02:24:08.440 7 INFO neutron.plugins.ml2.drivers.ovn.mech_driver.mech_driver [None req-98db67fe-4b72-4eac-b62b-e7de99e81e92 - - - - - -] OVN reports status down for port: 258fa16a-1718-4f46-bf8b-5c47ae4583c1
2026-05-17 02:24:08.582 7 INFO neutron.plugins.ml2.drivers.ovn.mech_driver.mech_driver [None req-98db67fe-4b72-4eac-b62b-e7de99e81e92 - - - - - -] OVN reports status down for port: 918797de-3768-43a9-85c1-f91d94910178
2026-05-17 02:24:08.659 8 INFO neutron.db.ovn_revision_numbers_db [None req-10f3b42a-5b1c-4dd1-a408-ee8953b41d29 ad02d6db041a42149e1bc2e3ee4debe1 708f8e054b3342db9b92b4657bc86aa4 - - default default] Successfully bumped revision number for resource 918797de-3768-43a9-85c1-f91d94910178 (type: ports) to 2
2026-05-17 02:24:08.692 8 INFO neutron.db.ovn_revision_numbers_db [None req-10f3b42a-5b1c-4dd1-a408-ee8953b41d29 ad02d6db041a42149e1bc2e3ee4debe1 708f8e054b3342db9b92b4657bc86aa4 - - default default] Successfully bumped revision number for resource 591fc6f3-5c3d-495e-8bfe-5b6d1c65b219 (type: subnets) to 0 [pid: 8|app: 0|req: 904/1707] 10.0.0.197 () {34 vars in 668 bytes} [Sun May 17 02:24:07 2026] POST /v2.0/subnets => generated 626 bytes in 763 msecs (HTTP/1.1 201) 4 headers in 162 bytes (1 switches on core 0) [pid: 8|app: 0|req: 905/1708] 10.0.0.197 () {34 vars in 746 bytes} [Sun May 17 02:24:08 2026] PUT /v2.0/ports/aa7b99b4-06ed-47c8-8887-5428b48a4d27/tags => generated 34 bytes in 72 msecs (HTTP/1.1 200) 4 headers in 156 bytes (1 switches on core 0) /var/lib/openstack/lib/python3.12/site-packages/pycadf/identifier.py:70: UserWarning: Invalid uuid: neutron. To ensure interoperability, identifiers should be a valid uuid. warnings.warn(('Invalid uuid: %s. To ensure interoperability, ' [pid: 8|app: 0|req: 906/1709] 199.204.45.38 () {34 vars in 992 bytes} [Sun May 17 02:24:08 2026] GET /v2.0/ports?device_id=6cc2551b-7b27-43be-9f5b-0b9621d38de2 => generated 973 bytes in 42 msecs (HTTP/1.1 200) 4 headers in 157 bytes (1 switches on core 0)
2026-05-17 02:24:08.928 8 INFO neutron.db.ovn_revision_numbers_db [None req-03107671-ef43-47f5-91b8-1d635f13d88b ad02d6db041a42149e1bc2e3ee4debe1 708f8e054b3342db9b92b4657bc86aa4 - - default default] Successfully bumped revision number for resource c1625920-9bf9-42c1-aa01-43a81720d52f (type: routers) to 1 [pid: 8|app: 0|req: 907/1710] 10.0.0.197 () {34 vars in 668 bytes} [Sun May 17 02:24:08 2026] POST /v2.0/routers => generated 624 bytes in 118 msecs (HTTP/1.1 201) 4 headers in 162 bytes (1 switches on core 0) [pid: 8|app: 0|req: 908/1711] 10.0.0.197 () {34 vars in 746 bytes} [Sun May 17 02:24:08 2026] PUT /v2.0/ports/49eaf4ab-70d8-4860-bd84-bdefc52ae6ef/tags => generated 19 bytes in 66 msecs (HTTP/1.1 200) 4 headers in 156 bytes (1 switches on core 0) /var/lib/openstack/lib/python3.12/site-packages/pycadf/identifier.py:70: UserWarning: Invalid uuid: neutron. To ensure interoperability, identifiers should be a valid uuid. warnings.warn(('Invalid uuid: %s. To ensure interoperability, '
2026-05-17 02:24:09.065 7 INFO neutron.plugins.ml2.drivers.ovn.mech_driver.mech_driver [None req-98db67fe-4b72-4eac-b62b-e7de99e81e92 - - - - - -] OVN reports status up for port: 258fa16a-1718-4f46-bf8b-5c47ae4583c1
2026-05-17 02:24:09.101 7 INFO neutron.plugins.ml2.plugin [None req-98db67fe-4b72-4eac-b62b-e7de99e81e92 - - - - - -] Attempt 1 to provision port 258fa16a-1718-4f46-bf8b-5c47ae4583c1
2026-05-17 02:24:09.154 8 INFO neutron_taas.services.taas.taas_plugin [req-4b6a8caf-8c57-48b4-a565-ac84471ed835 req-393a0d3f-52b5-4238-88bb-ea02dc048f41 14bbf07ceb0447abb4ea0d00853a53bc 804f808121854207be22b057f52a67b7 - - default default] TaaS: Handle Delete Port: bb3a762d-d8e6-4211-8336-f9200b7056d2
2026-05-17 02:24:09.157 8 INFO neutron_taas.services.taas.tap_mirror_plugin [req-4b6a8caf-8c57-48b4-a565-ac84471ed835 req-393a0d3f-52b5-4238-88bb-ea02dc048f41 14bbf07ceb0447abb4ea0d00853a53bc 804f808121854207be22b057f52a67b7 - - default default] Tap Mirror: Handle Delete Port: bb3a762d-d8e6-4211-8336-f9200b7056d2
2026-05-17 02:24:09.220 7 WARNING neutron.scheduler.dhcp_agent_scheduler [None req-9472c202-e015-4bc8-8927-1bc7d92c16f9 cf778961253848fbbab39722746166b2 1a53199bcbe34b4d8e4138fc92ac4248 - - default default] No more DHCP agents
2026-05-17 02:24:09.222 7 WARNING neutron.api.rpc.agentnotifiers.dhcp_rpc_agent_api [None req-9472c202-e015-4bc8-8927-1bc7d92c16f9 cf778961253848fbbab39722746166b2 1a53199bcbe34b4d8e4138fc92ac4248 - - default default] Unable to schedule network 4bbfde6a-73fb-4fa5-85b8-04da66d19075: no agents available; will retry on subsequent port and subnet creation events.
2026-05-17 02:24:09.379 8 INFO neutron.db.l3_db [req-4b6a8caf-8c57-48b4-a565-ac84471ed835 req-393a0d3f-52b5-4238-88bb-ea02dc048f41 14bbf07ceb0447abb4ea0d00853a53bc 804f808121854207be22b057f52a67b7 - - default default] Floating IP 3632a4aa-7ccf-46c6-9f3f-551dd2f8ae6f disassociated. External IP: 10.96.250.210, port: bb3a762d-d8e6-4211-8336-f9200b7056d2. [pid: 8|app: 0|req: 909/1712] 199.204.45.38 () {36 vars in 995 bytes} [Sun May 17 02:24:09 2026] DELETE /v2.0/ports/bb3a762d-d8e6-4211-8336-f9200b7056d2 => generated 0 bytes in 509 msecs (HTTP/1.1 204) 3 headers in 131 bytes (1 switches on core 0) /var/lib/openstack/lib/python3.12/site-packages/pycadf/identifier.py:70: UserWarning: Invalid uuid: neutron. To ensure interoperability, identifiers should be a valid uuid. warnings.warn(('Invalid uuid: %s. To ensure interoperability, '
2026-05-17 02:24:09.551 8 INFO neutron.notifiers.nova [-] Nova event matching ['req-fac50a6d-2ece-4053-ac12-e5bb7fdebbf2'] response: {'server_uuid': '6cc2551b-7b27-43be-9f5b-0b9621d38de2', 'name': 'network-vif-deleted', 'tag': 'bb3a762d-d8e6-4211-8336-f9200b7056d2', 'status': 'completed', 'code': 200}
2026-05-17 02:24:09.875 7 INFO neutron.db.ovn_revision_numbers_db [None req-98db67fe-4b72-4eac-b62b-e7de99e81e92 - - - - - -] Successfully bumped revision number for resource 258fa16a-1718-4f46-bf8b-5c47ae4583c1 (type: ports) to 2
2026-05-17 02:24:09.886 7 INFO neutron.notifiers.nova [-] Nova event matching ['req-27b31c98-9dfc-4fd5-9c93-59d98f21e6e4'] response: {'server_uuid': '6cc2551b-7b27-43be-9f5b-0b9621d38de2', 'name': 'network-vif-unplugged', 'status': 'completed', 'tag': 'bb3a762d-d8e6-4211-8336-f9200b7056d2', 'code': 200}
2026-05-17 02:24:09.928 8 WARNING neutron.scheduler.dhcp_agent_scheduler [None req-17141db6-b11a-4c67-8454-4771f7ed04b7 ad02d6db041a42149e1bc2e3ee4debe1 708f8e054b3342db9b92b4657bc86aa4 - - default default] No more DHCP agents
2026-05-17 02:24:09.929 8 WARNING neutron.api.rpc.agentnotifiers.dhcp_rpc_agent_api [None req-17141db6-b11a-4c67-8454-4771f7ed04b7 ad02d6db041a42149e1bc2e3ee4debe1 708f8e054b3342db9b92b4657bc86aa4 - - default default] Unable to schedule network b5a2e21d-b7d8-40b3-95ad-5e583550411d: no agents available; will retry on subsequent port and subnet creation events.
2026-05-17 02:24:10.086 8 INFO neutron.db.ovn_revision_numbers_db [None req-17141db6-b11a-4c67-8454-4771f7ed04b7 ad02d6db041a42149e1bc2e3ee4debe1 708f8e054b3342db9b92b4657bc86aa4 - - default default] Successfully bumped revision number for resource 18aa122b-ed9e-4d82-aad1-17fcaedbb09e (type: ports) to 1
2026-05-17 02:24:10.143 7 INFO neutron.db.ovn_revision_numbers_db [None req-9472c202-e015-4bc8-8927-1bc7d92c16f9 cf778961253848fbbab39722746166b2 1a53199bcbe34b4d8e4138fc92ac4248 - - default default] Successfully bumped revision number for resource 258fa16a-1718-4f46-bf8b-5c47ae4583c1 (type: router_ports) to 1 [pid: 7|app: 0|req: 804/1713] 10.0.0.197 () {34 vars in 782 bytes} [Sun May 17 02:24:05 2026] PUT /v2.0/routers/ba79ef20-77be-41be-b35a-9fc1a7231ea6/add_router_interface => generated 310 bytes in 4390 msecs (HTTP/1.1 200) 4 headers in 157 bytes (1 switches on core 0) /var/lib/openstack/lib/python3.12/site-packages/pycadf/identifier.py:70: UserWarning: Invalid uuid: neutron. To ensure interoperability, identifiers should be a valid uuid. warnings.warn(('Invalid uuid: %s. To ensure interoperability, ' [pid: 7|app: 0|req: 805/1714] 10.0.0.151 () {34 vars in 989 bytes} [Sun May 17 02:24:10 2026] GET /v2.0/ports?device_id=6cc2551b-7b27-43be-9f5b-0b9621d38de2 => generated 12 bytes in 21 msecs (HTTP/1.1 200) 4 headers in 156 bytes (1 switches on core 0) [pid: 7|app: 0|req: 806/1715] 10.0.0.197 () {32 vars in 659 bytes} [Sun May 17 02:24:10 2026] GET /v2.0/ports?tags=red => generated 2253 bytes in 143 msecs (HTTP/1.1 200) 4 headers in 158 bytes (1 switches on core 0) [pid: 7|app: 0|req: 807/1716] 10.0.0.197 () {32 vars in 648 bytes} [Sun May 17 02:24:10 2026] GET /v2.0/networks => generated 8374 bytes in 75 msecs (HTTP/1.1 200) 4 headers in 158 bytes (1 switches on core 0) [pid: 7|app: 0|req: 808/1717] 10.0.0.197 () {32 vars in 673 bytes} [Sun May 17 02:24:10 2026] GET /v2.0/ports?tags=red%2Cblue => generated 1513 bytes in 59 msecs (HTTP/1.1 200) 4 headers in 158 bytes (1 switches on core 0) [pid: 7|app: 0|req: 809/1718] 10.0.0.197 () {32 vars in 646 bytes} [Sun May 17 02:24:10 2026] GET /v2.0/subnets => generated 3287 bytes in 34 msecs (HTTP/1.1 200) 4 headers in 158 bytes (1 switches on core 0) [pid: 7|app: 0|req: 810/1719] 10.0.0.197 () {32 vars in 669 bytes} [Sun May 17 02:24:10 2026] GET /v2.0/ports?tags-any=blue => generated 1513 bytes in 63 msecs (HTTP/1.1 200) 4 headers in 158 bytes (1 switches on core 0) [pid: 7|app: 0|req: 811/1720] 10.0.0.197 () {32 vars in 646 bytes} [Sun May 17 02:24:10 2026] GET /v2.0/routers => generated 2614 bytes in 97 msecs (HTTP/1.1 200) 4 headers in 158 bytes (1 switches on core 0)
2026-05-17 02:24:10.680 8 WARNING neutron.scheduler.dhcp_agent_scheduler [None req-17141db6-b11a-4c67-8454-4771f7ed04b7 ad02d6db041a42149e1bc2e3ee4debe1 708f8e054b3342db9b92b4657bc86aa4 - - default default] No more DHCP agents
2026-05-17 02:24:10.683 8 WARNING neutron.api.rpc.agentnotifiers.dhcp_rpc_agent_api [None req-17141db6-b11a-4c67-8454-4771f7ed04b7 ad02d6db041a42149e1bc2e3ee4debe1 708f8e054b3342db9b92b4657bc86aa4 - - default default] Unable to schedule network b5a2e21d-b7d8-40b3-95ad-5e583550411d: no agents available; will retry on subsequent port and subnet creation events. [pid: 7|app: 0|req: 812/1721] 10.0.0.197 () {32 vars in 681 bytes} [Sun May 17 02:24:10 2026] GET /v2.0/ports?tags-any=red%2Cblue => generated 2253 bytes in 46 msecs (HTTP/1.1 200) 4 headers in 158 bytes (1 switches on core 0) [pid: 7|app: 0|req: 813/1722] 10.0.0.197 () {32 vars in 667 bytes} [Sun May 17 02:24:10 2026] GET /v2.0/ports?not-tags=red => generated 5268 bytes in 145 msecs (HTTP/1.1 200) 4 headers in 158 bytes (1 switches on core 0)
2026-05-17 02:24:10.880 8 INFO neutron.db.ovn_revision_numbers_db [None req-17141db6-b11a-4c67-8454-4771f7ed04b7 ad02d6db041a42149e1bc2e3ee4debe1 708f8e054b3342db9b92b4657bc86aa4 - - default default] Successfully bumped revision number for resource 18aa122b-ed9e-4d82-aad1-17fcaedbb09e (type: router_ports) to 1 [pid: 8|app: 0|req: 910/1723] 10.0.0.197 () {34 vars in 782 bytes} [Sun May 17 02:24:09 2026] PUT /v2.0/routers/c1625920-9bf9-42c1-aa01-43a81720d52f/add_router_interface => generated 310 bytes in 1363 msecs (HTTP/1.1 200) 4 headers in 157 bytes (1 switches on core 0)
2026-05-17 02:24:11.014 7 INFO neutron.db.ovn_revision_numbers_db [None req-db4ae66c-10f9-4227-8afc-0b782b3847b2 cf778961253848fbbab39722746166b2 1a53199bcbe34b4d8e4138fc92ac4248 - - default default] Successfully bumped revision number for resource feed912e-a4ff-41d4-9b22-5b59d70170b8 (type: security_groups) to 1
2026-05-17 02:24:11.025 7 INFO neutron.db.ovn_revision_numbers_db [None req-db4ae66c-10f9-4227-8afc-0b782b3847b2 cf778961253848fbbab39722746166b2 1a53199bcbe34b4d8e4138fc92ac4248 - - default default] Successfully bumped revision number for resource 4f33b530-b88b-4901-9f7b-ad1887892307 (type: security_group_rules) to 0
2026-05-17 02:24:11.036 7 INFO neutron.db.ovn_revision_numbers_db [None req-db4ae66c-10f9-4227-8afc-0b782b3847b2 cf778961253848fbbab39722746166b2 1a53199bcbe34b4d8e4138fc92ac4248 - - default default] Successfully bumped revision number for resource 71df4e22-8e60-45bb-94bd-ca180796b8be (type: security_group_rules) to 0 [pid: 7|app: 0|req: 814/1724] 10.0.0.197 () {34 vars in 684 bytes} [Sun May 17 02:24:10 2026] POST /v2.0/security-groups => generated 1675 bytes in 236 msecs (HTTP/1.1 201) 4 headers in 163 bytes (1 switches on core 0) [pid: 8|app: 0|req: 911/1725] 10.0.0.197 () {32 vars in 681 bytes} [Sun May 17 02:24:10 2026] GET /v2.0/ports?not-tags=red%2Cblue => generated 6008 bytes in 232 msecs (HTTP/1.1 200) 4 headers in 158 bytes (1 switches on core 0) [pid: 7|app: 0|req: 815/1726] 10.0.0.197 () {32 vars in 716 bytes} [Sun May 17 02:24:11 2026] GET /v2.0/ports/18aa122b-ed9e-4d82-aad1-17fcaedbb09e => generated 941 bytes in 83 msecs (HTTP/1.1 200) 4 headers in 157 bytes (1 switches on core 0)
2026-05-17 02:24:11.251 8 INFO neutron.db.ovn_revision_numbers_db [None req-6eaa1dcf-129a-441d-874d-212761bd45b1 cf778961253848fbbab39722746166b2 1a53199bcbe34b4d8e4138fc92ac4248 - - default default] Successfully bumped revision number for resource ea0ac7bf-a500-4dd5-87f5-2e6f0aa668ca (type: security_group_rules) to 0 [pid: 7|app: 0|req: 816/1727] 10.0.0.197 () {32 vars in 677 bytes} [Sun May 17 02:24:11 2026] GET /v2.0/ports?not-tags-any=blue => generated 6008 bytes in 112 msecs (HTTP/1.1 200) 4 headers in 158 bytes (1 switches on core 0) [pid: 8|app: 0|req: 912/1728] 10.0.0.197 () {34 vars in 694 bytes} [Sun May 17 02:24:11 2026] POST /v2.0/security-group-rules => generated 597 bytes in 163 msecs (HTTP/1.1 201) 4 headers in 162 bytes (1 switches on core 0) [pid: 8|app: 0|req: 913/1729] 10.0.0.151 () {34 vars in 989 bytes} [Sun May 17 02:24:11 2026] GET /v2.0/ports?device_id=6cc2551b-7b27-43be-9f5b-0b9621d38de2 => generated 12 bytes in 18 msecs (HTTP/1.1 200) 4 headers in 156 bytes (1 switches on core 0) [pid: 7|app: 0|req: 817/1730] 10.0.0.197 () {32 vars in 716 bytes} [Sun May 17 02:24:11 2026] GET /v2.0/ports/18aa122b-ed9e-4d82-aad1-17fcaedbb09e => generated 941 bytes in 41 msecs (HTTP/1.1 200) 4 headers in 157 bytes (1 switches on core 0) [pid: 7|app: 0|req: 818/1731] 10.0.0.197 () {32 vars in 689 bytes} [Sun May 17 02:24:11 2026] GET /v2.0/ports?not-tags-any=red%2Cblue => generated 5268 bytes in 68 msecs (HTTP/1.1 200) 4 headers in 158 bytes (1 switches on core 0)
2026-05-17 02:24:11.403 8 INFO neutron.db.ovn_revision_numbers_db [None req-4ef20ac6-3733-4dab-b5dd-82cf7a1d6476 cf778961253848fbbab39722746166b2 1a53199bcbe34b4d8e4138fc92ac4248 - - default default] Successfully bumped revision number for resource 347429d8-26c4-431d-9e41-b5272a6da835 (type: security_group_rules) to 0 [pid: 8|app: 0|req: 914/1732] 10.0.0.197 () {34 vars in 694 bytes} [Sun May 17 02:24:11 2026] POST /v2.0/security-group-rules => generated 596 bytes in 138 msecs (HTTP/1.1 201) 4 headers in 162 bytes (1 switches on core 0)
2026-05-17 02:24:11.514 7 INFO neutron_taas.services.taas.taas_plugin [None req-ecc30cf1-4978-4b26-b333-56f1bd8286f7 ea8c2e0307314938b46a6760fa26af6a f08eddb268eb4f29954b5d937b30a9ab - - default default] TaaS: Handle Delete Port: ed07747b-e990-42ef-b703-7ea5ecfc4a42
2026-05-17 02:24:11.519 7 INFO neutron_taas.services.taas.tap_mirror_plugin [None req-ecc30cf1-4978-4b26-b333-56f1bd8286f7 ea8c2e0307314938b46a6760fa26af6a f08eddb268eb4f29954b5d937b30a9ab - - default default] Tap Mirror: Handle Delete Port: ed07747b-e990-42ef-b703-7ea5ecfc4a42
2026-05-17 02:24:11.565 8 INFO neutron.db.ovn_revision_numbers_db [None req-019d7048-c6d1-4374-a455-b162f3417225 cf778961253848fbbab39722746166b2 1a53199bcbe34b4d8e4138fc92ac4248 - - default default] Successfully bumped revision number for resource 2917439d-53ab-45d9-b4ca-4a24088c86b5 (type: security_group_rules) to 0 [pid: 8|app: 0|req: 915/1733] 10.0.0.197 () {34 vars in 694 bytes} [Sun May 17 02:24:11 2026] POST /v2.0/security-group-rules => generated 602 bytes in 151 msecs (HTTP/1.1 201) 4 headers in 162 bytes (1 switches on core 0) [pid: 7|app: 0|req: 819/1734] 10.0.0.197 () {32 vars in 719 bytes} [Sun May 17 02:24:11 2026] DELETE /v2.0/ports/ed07747b-e990-42ef-b703-7ea5ecfc4a42 => generated 0 bytes in 227 msecs (HTTP/1.1 204) 3 headers in 131 bytes (1 switches on core 0)
2026-05-17 02:24:11.729 7 INFO neutron_taas.services.taas.taas_plugin [None req-c49f7fcc-49b9-4016-8e7b-b40ed5b2cbcf ea8c2e0307314938b46a6760fa26af6a f08eddb268eb4f29954b5d937b30a9ab - - default default] TaaS: Handle Delete Port: 07124b65-f04f-491d-9604-9a93279547a0
2026-05-17 02:24:11.737 7 INFO neutron_taas.services.taas.tap_mirror_plugin [None req-c49f7fcc-49b9-4016-8e7b-b40ed5b2cbcf ea8c2e0307314938b46a6760fa26af6a f08eddb268eb4f29954b5d937b30a9ab - - default default] Tap Mirror: Handle Delete Port: 07124b65-f04f-491d-9604-9a93279547a0
2026-05-17 02:24:11.742 8 INFO neutron.db.ovn_revision_numbers_db [None req-1f6f4786-d409-4924-9ec0-2638f818addb cf778961253848fbbab39722746166b2 1a53199bcbe34b4d8e4138fc92ac4248 - - default default] Successfully bumped revision number for resource 8692f40f-3d52-4fa2-a0bd-0eeca92f606d (type: security_group_rules) to 0 [pid: 8|app: 0|req: 916/1735] 10.0.0.197 () {34 vars in 694 bytes} [Sun May 17 02:24:11 2026] POST /v2.0/security-group-rules => generated 601 bytes in 175 msecs (HTTP/1.1 201) 4 headers in 162 bytes (1 switches on core 0)
2026-05-17 02:24:11.814 8 INFO neutron.db.securitygroups_db [None req-21b10567-249d-484c-a1e3-7bbc7d5e72fb cf778961253848fbbab39722746166b2 1a53199bcbe34b4d8e4138fc92ac4248 - - default default] Project 1a53199bcbe34b4d8e4138fc92ac4248 added a security group rule with legacy IPv6 ICMP protocol name icmp, ipv6-icmp should be used instead. It was automatically converted. [pid: 7|app: 0|req: 820/1736] 10.0.0.197 () {32 vars in 719 bytes} [Sun May 17 02:24:11 2026] DELETE /v2.0/ports/07124b65-f04f-491d-9604-9a93279547a0 => generated 0 bytes in 227 msecs (HTTP/1.1 204) 3 headers in 131 bytes (1 switches on core 0)
2026-05-17 02:24:11.914 8 INFO neutron.db.ovn_revision_numbers_db [None req-21b10567-249d-484c-a1e3-7bbc7d5e72fb cf778961253848fbbab39722746166b2 1a53199bcbe34b4d8e4138fc92ac4248 - - default default] Successfully bumped revision number for resource c08269d7-5255-4fd6-aecb-9997a8eb5db0 (type: security_group_rules) to 0 [pid: 8|app: 0|req: 917/1737] 10.0.0.197 () {34 vars in 694 bytes} [Sun May 17 02:24:11 2026] POST /v2.0/security-group-rules => generated 607 bytes in 161 msecs (HTTP/1.1 201) 4 headers in 162 bytes (1 switches on core 0)
2026-05-17 02:24:11.962 7 INFO neutron_taas.services.taas.taas_plugin [None req-1ede5e8c-abc9-4041-8e17-772c9828153a ea8c2e0307314938b46a6760fa26af6a f08eddb268eb4f29954b5d937b30a9ab - - default default] TaaS: Handle Delete Port: aa7b99b4-06ed-47c8-8887-5428b48a4d27
2026-05-17 02:24:11.964 7 INFO neutron_taas.services.taas.tap_mirror_plugin [None req-1ede5e8c-abc9-4041-8e17-772c9828153a ea8c2e0307314938b46a6760fa26af6a f08eddb268eb4f29954b5d937b30a9ab - - default default] Tap Mirror: Handle Delete Port: aa7b99b4-06ed-47c8-8887-5428b48a4d27
