2026-05-17 02:23:28.755 8 INFO neutron.db.ovn_revision_numbers_db [None req-78688b58-2206-425d-a66c-4147ad143e52 6a2ab2ce0ca44812b8b74b883dc749cd 3e11d7484af74d14a7168429ee7f9e61 - - default default] Successfully bumped revision number for resource 4b0a1fcf-9684-4a74-8827-4ec71d617732 (type: router_ports) to 1 [pid: 8|app: 0|req: 796/1487] 10.0.0.197 () {34 vars in 782 bytes} [Sun May 17 02:23:27 2026] PUT /v2.0/routers/8abcf255-b5e8-46fd-9c94-71deba069e52/add_router_interface => generated 310 bytes in 1713 msecs (HTTP/1.1 200) 4 headers in 157 bytes (1 switches on core 0) [pid: 7|app: 0|req: 692/1488] 10.0.0.197 () {32 vars in 716 bytes} [Sun May 17 02:23:28 2026] GET /v2.0/ports/4b0a1fcf-9684-4a74-8827-4ec71d617732 => generated 955 bytes in 154 msecs (HTTP/1.1 200) 4 headers in 157 bytes (1 switches on core 0) [pid: 8|app: 0|req: 797/1489] 10.0.0.197 () {32 vars in 716 bytes} [Sun May 17 02:23:28 2026] GET /v2.0/ports/4b0a1fcf-9684-4a74-8827-4ec71d617732 => generated 955 bytes in 41 msecs (HTTP/1.1 200) 4 headers in 157 bytes (1 switches on core 0) [pid: 8|app: 0|req: 798/1490] 10.0.0.240 () {34 vars in 989 bytes} [Sun May 17 02:23:29 2026] GET /v2.0/ports?device_id=6cc2551b-7b27-43be-9f5b-0b9621d38de2 => generated 1236 bytes in 48 msecs (HTTP/1.1 200) 4 headers in 158 bytes (1 switches on core 0)
2026-05-17 02:23:29.189 7 INFO neutron.db.ovn_revision_numbers_db [None req-a0ffbca6-1099-4931-9863-14bcb4e22fda - - - - - -] Successfully bumped revision number for resource 4b0a1fcf-9684-4a74-8827-4ec71d617732 (type: ports) to 2
2026-05-17 02:23:29.247 8 WARNING neutron.db.securitygroups_db [None req-91ea78c3-81e3-4949-aa6b-0db5b71828fb 63588055390b4c14b6304251d13527e2 8ea12d20a947412880db696f1f35c4f6 - - default default] project_id key not found in filters, using tenant_id instead. This support has been deprecated and will be removed in a future release. [pid: 8|app: 0|req: 799/1491] 10.0.0.197 () {32 vars in 773 bytes} [Sun May 17 02:23:29 2026] GET /v2.0/security-groups?tenant_id=6cee517e76eb4daf84fc3022f04e3e21&name=default => generated 2925 bytes in 200 msecs (HTTP/1.1 200) 4 headers in 158 bytes (1 switches on core 0) [pid: 8|app: 0|req: 800/1492] 10.0.0.240 () {34 vars in 1039 bytes} [Sun May 17 02:23:29 2026] GET /v2.0/security-groups?id=d8c5c08d-bd06-440d-923b-54c66eb1a7c0&fields=id&fields=name => generated 113 bytes in 37 msecs (HTTP/1.1 200) 4 headers in 157 bytes (1 switches on core 0)
2026-05-17 02:23:29.520 7 INFO neutron_taas.services.taas.taas_plugin [None req-5a7a1ad1-642a-495c-9c86-b0855318975a 6a2ab2ce0ca44812b8b74b883dc749cd 3e11d7484af74d14a7168429ee7f9e61 - - default default] TaaS: Handle Delete Port: 4b0a1fcf-9684-4a74-8827-4ec71d617732
2026-05-17 02:23:29.527 7 INFO neutron_taas.services.taas.tap_mirror_plugin [None req-5a7a1ad1-642a-495c-9c86-b0855318975a 6a2ab2ce0ca44812b8b74b883dc749cd 3e11d7484af74d14a7168429ee7f9e61 - - default default] Tap Mirror: Handle Delete Port: 4b0a1fcf-9684-4a74-8827-4ec71d617732 [pid: 8|app: 0|req: 801/1493] 10.0.0.197 () {32 vars in 739 bytes} [Sun May 17 02:23:29 2026] DELETE /v2.0/security-groups/9521f79f-8731-470b-9885-177d1ce2f4d4 => generated 0 bytes in 212 msecs (HTTP/1.1 204) 2 headers in 112 bytes (1 switches on core 0) [pid: 7|app: 0|req: 693/1494] 10.0.0.197 () {34 vars in 788 bytes} [Sun May 17 02:23:28 2026] PUT /v2.0/routers/8abcf255-b5e8-46fd-9c94-71deba069e52/remove_router_interface => generated 310 bytes in 947 msecs (HTTP/1.1 200) 4 headers in 157 bytes (1 switches on core 0) /var/lib/openstack/lib/python3.12/site-packages/pycadf/identifier.py:70: UserWarning: Invalid uuid: neutron. To ensure interoperability, identifiers should be a valid uuid. warnings.warn(('Invalid uuid: %s. To ensure interoperability, ' [pid: 7|app: 0|req: 694/1495] 10.0.0.197 () {32 vars in 716 bytes} [Sun May 17 02:23:29 2026] GET /v2.0/ports/29e5bde8-a638-4fd9-bc28-6aa5a1852835 => generated 947 bytes in 85 msecs (HTTP/1.1 200) 4 headers in 157 bytes (1 switches on core 0)
2026-05-17 02:23:30.139 8 INFO neutron.db.ovn_revision_numbers_db [None req-f783b9ed-ddcc-4831-8c66-71543dd3aa4a ebc17134f8e8452f9e98bdaa35a73824 86bb197274c34af8b9a69589bad8e874 - - default default] Successfully bumped revision number for resource 414885ca-9ff2-4d3a-b770-7800d5b47830 (type: security_groups) to 1
2026-05-17 02:23:30.159 8 INFO neutron.db.ovn_revision_numbers_db [None req-f783b9ed-ddcc-4831-8c66-71543dd3aa4a ebc17134f8e8452f9e98bdaa35a73824 86bb197274c34af8b9a69589bad8e874 - - default default] Successfully bumped revision number for resource 248839aa-0b34-4165-8865-c278f12428c9 (type: security_group_rules) to 0
2026-05-17 02:23:30.173 8 INFO neutron.db.ovn_revision_numbers_db [None req-f783b9ed-ddcc-4831-8c66-71543dd3aa4a ebc17134f8e8452f9e98bdaa35a73824 86bb197274c34af8b9a69589bad8e874 - - default default] Successfully bumped revision number for resource 51c2efbf-7214-4955-a55d-e3998cede718 (type: security_group_rules) to 0
2026-05-17 02:23:30.186 8 INFO neutron.db.ovn_revision_numbers_db [None req-f783b9ed-ddcc-4831-8c66-71543dd3aa4a ebc17134f8e8452f9e98bdaa35a73824 86bb197274c34af8b9a69589bad8e874 - - default default] Successfully bumped revision number for resource 9893e971-ed24-4214-abe2-270f8e09fbe7 (type: security_group_rules) to 0
2026-05-17 02:23:30.203 8 INFO neutron.db.ovn_revision_numbers_db [None req-f783b9ed-ddcc-4831-8c66-71543dd3aa4a ebc17134f8e8452f9e98bdaa35a73824 86bb197274c34af8b9a69589bad8e874 - - default default] Successfully bumped revision number for resource 9a453161-2d09-4613-97fa-d0b37e12c818 (type: security_group_rules) to 0
2026-05-17 02:23:30.281 8 INFO neutron.db.segments_db [None req-f783b9ed-ddcc-4831-8c66-71543dd3aa4a ebc17134f8e8452f9e98bdaa35a73824 86bb197274c34af8b9a69589bad8e874 - - default default] Added segment d6af72d9-060e-4013-a3b6-90cd1876c319 of type geneve for network c4f5153a-5105-48a8-a9f7-9b06e5e5473b
2026-05-17 02:23:30.306 7 INFO neutron_taas.services.taas.taas_plugin [None req-6bab6b82-bdc1-4523-9f57-5b390354d187 6a2ab2ce0ca44812b8b74b883dc749cd 3e11d7484af74d14a7168429ee7f9e61 - - default default] TaaS: Handle Delete Port: 29e5bde8-a638-4fd9-bc28-6aa5a1852835
2026-05-17 02:23:30.309 7 INFO neutron_taas.services.taas.tap_mirror_plugin [None req-6bab6b82-bdc1-4523-9f57-5b390354d187 6a2ab2ce0ca44812b8b74b883dc749cd 3e11d7484af74d14a7168429ee7f9e61 - - default default] Tap Mirror: Handle Delete Port: 29e5bde8-a638-4fd9-bc28-6aa5a1852835
2026-05-17 02:23:30.414 8 INFO neutron.db.ovn_revision_numbers_db [None req-f783b9ed-ddcc-4831-8c66-71543dd3aa4a ebc17134f8e8452f9e98bdaa35a73824 86bb197274c34af8b9a69589bad8e874 - - default default] Successfully bumped revision number for resource c4f5153a-5105-48a8-a9f7-9b06e5e5473b (type: networks) to 1
2026-05-17 02:23:30.602 8 WARNING neutron.scheduler.dhcp_agent_scheduler [None req-f783b9ed-ddcc-4831-8c66-71543dd3aa4a ebc17134f8e8452f9e98bdaa35a73824 86bb197274c34af8b9a69589bad8e874 - - default default] No more DHCP agents
2026-05-17 02:23:30.603 8 WARNING neutron.api.rpc.agentnotifiers.dhcp_rpc_agent_api [None req-f783b9ed-ddcc-4831-8c66-71543dd3aa4a ebc17134f8e8452f9e98bdaa35a73824 86bb197274c34af8b9a69589bad8e874 - - default default] Unable to schedule network c4f5153a-5105-48a8-a9f7-9b06e5e5473b: no agents available; will retry on subsequent port and subnet creation events. [pid: 7|app: 0|req: 695/1496] 10.0.0.197 () {34 vars in 788 bytes} [Sun May 17 02:23:30 2026] PUT /v2.0/routers/8abcf255-b5e8-46fd-9c94-71deba069e52/remove_router_interface => generated 310 bytes in 610 msecs (HTTP/1.1 200) 4 headers in 157 bytes (1 switches on core 0) /var/lib/openstack/lib/python3.12/site-packages/pycadf/identifier.py:70: UserWarning: Invalid uuid: neutron. To ensure interoperability, identifiers should be a valid uuid. warnings.warn(('Invalid uuid: %s. To ensure interoperability, ' [pid: 7|app: 0|req: 696/1497] 10.0.0.197 () {32 vars in 735 bytes} [Sun May 17 02:23:30 2026] GET /v2.0/ports?device_id=8abcf255-b5e8-46fd-9c94-71deba069e52 => generated 12 bytes in 38 msecs (HTTP/1.1 200) 4 headers in 156 bytes (1 switches on core 0)
2026-05-17 02:23:30.694 8 INFO neutron.db.ovn_revision_numbers_db [None req-f783b9ed-ddcc-4831-8c66-71543dd3aa4a ebc17134f8e8452f9e98bdaa35a73824 86bb197274c34af8b9a69589bad8e874 - - default default] Successfully bumped revision number for resource 9b30cb99-86d8-4cd1-b39c-407ebb211b65 (type: ports) to 1 [pid: 8|app: 0|req: 802/1498] 10.0.0.197 () {34 vars in 669 bytes} [Sun May 17 02:23:29 2026] POST /v2.0/networks => generated 682 bytes in 853 msecs (HTTP/1.1 201) 4 headers in 162 bytes (1 switches on core 0) [pid: 7|app: 0|req: 697/1499] 10.0.0.197 () {32 vars in 723 bytes} [Sun May 17 02:23:30 2026] DELETE /v2.0/routers/8abcf255-b5e8-46fd-9c94-71deba069e52 => generated 0 bytes in 225 msecs (HTTP/1.1 204) 2 headers in 112 bytes (1 switches on core 0)
2026-05-17 02:23:30.928 8 WARNING neutron.scheduler.dhcp_agent_scheduler [None req-9e06c2a1-5254-4da0-9967-18bc1f7ceb5d ebc17134f8e8452f9e98bdaa35a73824 86bb197274c34af8b9a69589bad8e874 - - default default] No more DHCP agents
2026-05-17 02:23:30.929 8 WARNING neutron.api.rpc.agentnotifiers.dhcp_rpc_agent_api [None req-9e06c2a1-5254-4da0-9967-18bc1f7ceb5d ebc17134f8e8452f9e98bdaa35a73824 86bb197274c34af8b9a69589bad8e874 - - default default] Unable to schedule network c4f5153a-5105-48a8-a9f7-9b06e5e5473b: no agents available; will retry on subsequent port and subnet creation events.
2026-05-17 02:23:31.025 8 INFO neutron.db.ovn_revision_numbers_db [None req-9e06c2a1-5254-4da0-9967-18bc1f7ceb5d ebc17134f8e8452f9e98bdaa35a73824 86bb197274c34af8b9a69589bad8e874 - - default default] Successfully bumped revision number for resource 6157ca1c-524e-45d9-b8ba-eba5b2afcc1d (type: ports) to 1 [pid: 7|app: 0|req: 698/1500] 10.0.0.197 () {32 vars in 723 bytes} [Sun May 17 02:23:30 2026] DELETE /v2.0/subnets/05c9483b-0a94-4e61-be0e-f13de5a1dba3 => generated 0 bytes in 169 msecs (HTTP/1.1 204) 3 headers in 131 bytes (1 switches on core 0) [pid: 8|app: 0|req: 803/1501] 10.0.0.197 () {34 vars in 664 bytes} [Sun May 17 02:23:30 2026] POST /v2.0/ports => generated 775 bytes in 362 msecs (HTTP/1.1 201) 4 headers in 162 bytes (1 switches on core 0) /var/lib/openstack/lib/python3.12/site-packages/pycadf/identifier.py:70: UserWarning: Invalid uuid: neutron. To ensure interoperability, identifiers should be a valid uuid. warnings.warn(('Invalid uuid: %s. To ensure interoperability, '
2026-05-17 02:23:31.193 8 INFO neutron.db.segments_db [None req-13d27e83-d3be-4376-90e7-c1e5c4610673 ebc17134f8e8452f9e98bdaa35a73824 86bb197274c34af8b9a69589bad8e874 - - default default] Added segment d43be8f8-3385-4fb1-a19b-0493b3867df7 of type geneve for network 70abcbfd-a11a-435a-882e-f862bd364456 [pid: 7|app: 0|req: 699/1502] 10.0.0.197 () {32 vars in 723 bytes} [Sun May 17 02:23:31 2026] DELETE /v2.0/subnets/67af2f13-70dd-4b81-bb4b-87e8ee8fe7fe => generated 0 bytes in 161 msecs (HTTP/1.1 204) 3 headers in 131 bytes (1 switches on core 0)
2026-05-17 02:23:31.305 8 INFO neutron.db.ovn_revision_numbers_db [None req-13d27e83-d3be-4376-90e7-c1e5c4610673 ebc17134f8e8452f9e98bdaa35a73824 86bb197274c34af8b9a69589bad8e874 - - default default] Successfully bumped revision number for resource 70abcbfd-a11a-435a-882e-f862bd364456 (type: networks) to 1
2026-05-17 02:23:31.390 7 INFO neutron_taas.services.taas.taas_plugin [None req-c6394e32-fd54-4cf2-8473-77c1524d0feb 6a2ab2ce0ca44812b8b74b883dc749cd 3e11d7484af74d14a7168429ee7f9e61 - - default default] TaaS: Handle Delete Port: 985c13f1-db10-4cc4-9e56-888913037c15
2026-05-17 02:23:31.394 7 INFO neutron_taas.services.taas.tap_mirror_plugin [None req-c6394e32-fd54-4cf2-8473-77c1524d0feb 6a2ab2ce0ca44812b8b74b883dc749cd 3e11d7484af74d14a7168429ee7f9e61 - - default default] Tap Mirror: Handle Delete Port: 985c13f1-db10-4cc4-9e56-888913037c15
2026-05-17 02:23:31.456 8 WARNING neutron.scheduler.dhcp_agent_scheduler [None req-13d27e83-d3be-4376-90e7-c1e5c4610673 ebc17134f8e8452f9e98bdaa35a73824 86bb197274c34af8b9a69589bad8e874 - - default default] No more DHCP agents
2026-05-17 02:23:31.458 8 WARNING neutron.api.rpc.agentnotifiers.dhcp_rpc_agent_api [None req-13d27e83-d3be-4376-90e7-c1e5c4610673 ebc17134f8e8452f9e98bdaa35a73824 86bb197274c34af8b9a69589bad8e874 - - default default] Unable to schedule network 70abcbfd-a11a-435a-882e-f862bd364456: no agents available; will retry on subsequent port and subnet creation events.
2026-05-17 02:23:31.574 8 INFO neutron.db.ovn_revision_numbers_db [None req-13d27e83-d3be-4376-90e7-c1e5c4610673 ebc17134f8e8452f9e98bdaa35a73824 86bb197274c34af8b9a69589bad8e874 - - default default] Successfully bumped revision number for resource 7b755bec-1b2d-410e-8ebc-9ffe6a6fde3d (type: ports) to 1 [pid: 8|app: 0|req: 804/1503] 10.0.0.197 () {34 vars in 669 bytes} [Sun May 17 02:23:31 2026] POST /v2.0/networks => generated 670 bytes in 502 msecs (HTTP/1.1 201) 4 headers in 162 bytes (1 switches on core 0)
2026-05-17 02:23:31.610 7 INFO neutron.services.segments.plugin [-] Segment 8748c943-49e7-4520-bc3f-dc43cb2ee405 resource provider aggregate not found
2026-05-17 02:23:31.615 7 INFO neutron.services.segments.plugin [-] Segment 8748c943-49e7-4520-bc3f-dc43cb2ee405 resource provider aggregate not found
2026-05-17 02:23:31.632 7 INFO neutron.services.segments.plugin [-] Segment 8748c943-49e7-4520-bc3f-dc43cb2ee405 resource provider not found; error: Placement Client Error (4xx): {"errors": [{"status": 404, "title": "Not Found", "detail": "The resource could not be found.\n\n No resource provider with uuid 8748c943-49e7-4520-bc3f-dc43cb2ee405 found for delete ", "request_id": "req-05488df2-d5e1-45f1-b98e-93406bb77224"}]}
2026-05-17 02:23:31.636 7 INFO neutron.services.segments.plugin [-] Segment 8748c943-49e7-4520-bc3f-dc43cb2ee405 resource provider not found; error: Placement Client Error (4xx): {"errors": [{"status": 404, "title": "Not Found", "detail": "The resource could not be found.\n\n No resource provider with uuid 8748c943-49e7-4520-bc3f-dc43cb2ee405 found for delete ", "request_id": "req-0547b61d-8751-473f-b703-6cc1b61dd73f"}]} [pid: 7|app: 0|req: 700/1504] 10.0.0.197 () {32 vars in 725 bytes} [Sun May 17 02:23:31 2026] DELETE /v2.0/networks/f0b01a1a-f7b3-46d6-8996-fa26b0594cc2 => generated 0 bytes in 412 msecs (HTTP/1.1 204) 3 headers in 131 bytes (1 switches on core 0) [pid: 8|app: 0|req: 805/1505] 10.0.0.197 () {34 vars in 676 bytes} [Sun May 17 02:23:31 2026] POST /v2.0/subnetpools => generated 549 bytes in 208 msecs (HTTP/1.1 201) 4 headers in 162 bytes (1 switches on core 0)
2026-05-17 02:23:31.848 7 WARNING neutron.scheduler.dhcp_agent_scheduler [None req-ec57b6bf-f25e-4706-ac69-45e5961cfa64 ebc17134f8e8452f9e98bdaa35a73824 86bb197274c34af8b9a69589bad8e874 - - default default] No more DHCP agents
2026-05-17 02:23:31.849 7 WARNING neutron.api.rpc.agentnotifiers.dhcp_rpc_agent_api [None req-ec57b6bf-f25e-4706-ac69-45e5961cfa64 ebc17134f8e8452f9e98bdaa35a73824 86bb197274c34af8b9a69589bad8e874 - - default default] Unable to schedule network 70abcbfd-a11a-435a-882e-f862bd364456: no agents available; will retry on subsequent port and subnet creation events.
2026-05-17 02:23:31.896 8 WARNING neutron.plugins.ml2.drivers.ovn.mech_driver.ovsdb.ovn_client [None req-81899a08-b9a6-4c3a-9189-2a96bdb2ec50 - - - - - -] No port found with ID 29e5bde8-a638-4fd9-bc28-6aa5a1852835: RuntimeError: No port found with ID 29e5bde8-a638-4fd9-bc28-6aa5a1852835
2026-05-17 02:23:31.918 8 INFO neutron.plugins.ml2.drivers.ovn.mech_driver.mech_driver [None req-81899a08-b9a6-4c3a-9189-2a96bdb2ec50 - - - - - -] OVN reports status down for port: 6157ca1c-524e-45d9-b8ba-eba5b2afcc1d
2026-05-17 02:23:31.941 8 INFO neutron_taas.services.taas.taas_plugin [None req-ea53fbd9-9654-4e4f-98cd-d6d1097dc999 6a2ab2ce0ca44812b8b74b883dc749cd 3e11d7484af74d14a7168429ee7f9e61 - - default default] TaaS: Handle Delete Port: d8d3d0b6-537b-4296-8f87-9629bfe6456b
2026-05-17 02:23:31.946 8 INFO neutron_taas.services.taas.tap_mirror_plugin [None req-ea53fbd9-9654-4e4f-98cd-d6d1097dc999 6a2ab2ce0ca44812b8b74b883dc749cd 3e11d7484af74d14a7168429ee7f9e61 - - default default] Tap Mirror: Handle Delete Port: d8d3d0b6-537b-4296-8f87-9629bfe6456b
2026-05-17 02:23:32.015 8 INFO neutron.plugins.ml2.drivers.ovn.mech_driver.mech_driver [None req-81899a08-b9a6-4c3a-9189-2a96bdb2ec50 - - - - - -] OVN reports status down for port: 7b755bec-1b2d-410e-8ebc-9ffe6a6fde3d
2026-05-17 02:23:32.199 8 INFO neutron.services.segments.plugin [-] Segment 84f582a2-f0d2-4efb-bc40-425dc03898cd resource provider aggregate not found
2026-05-17 02:23:32.206 8 INFO neutron.services.segments.plugin [-] Segment 84f582a2-f0d2-4efb-bc40-425dc03898cd resource provider aggregate not found
2026-05-17 02:23:32.218 8 INFO neutron.services.segments.plugin [-] Segment 84f582a2-f0d2-4efb-bc40-425dc03898cd resource provider not found; error: Placement Client Error (4xx): {"errors": [{"status": 404, "title": "Not Found", "detail": "The resource could not be found.\n\n No resource provider with uuid 84f582a2-f0d2-4efb-bc40-425dc03898cd found for delete ", "request_id": "req-e080f1fe-a05c-4a92-a364-b94c423a5fdb"}]}
2026-05-17 02:23:32.226 8 INFO neutron.services.segments.plugin [-] Segment 84f582a2-f0d2-4efb-bc40-425dc03898cd resource provider not found; error: Placement Client Error (4xx): {"errors": [{"status": 404, "title": "Not Found", "detail": "The resource could not be found.\n\n No resource provider with uuid 84f582a2-f0d2-4efb-bc40-425dc03898cd found for delete ", "request_id": "req-4e433e57-52c7-4f84-9613-257f342cbe13"}]} [pid: 8|app: 0|req: 806/1506] 10.0.0.197 () {32 vars in 725 bytes} [Sun May 17 02:23:31 2026] DELETE /v2.0/networks/960a02e1-181a-42a3-a9fa-8ae1166a0a55 => generated 0 bytes in 445 msecs (HTTP/1.1 204) 3 headers in 131 bytes (1 switches on core 0) [pid: 8|app: 0|req: 807/1507] 10.0.0.197 () {32 vars in 728 bytes} [Sun May 17 02:23:32 2026] GET /v2.0/subnetpools/8782adec-68c5-4782-a0cb-eb5f6a5346f6 => generated 549 bytes in 23 msecs (HTTP/1.1 200) 4 headers in 157 bytes (1 switches on core 0)
2026-05-17 02:23:32.357 7 INFO neutron.db.ovn_revision_numbers_db [None req-ec57b6bf-f25e-4706-ac69-45e5961cfa64 ebc17134f8e8452f9e98bdaa35a73824 86bb197274c34af8b9a69589bad8e874 - - default default] Successfully bumped revision number for resource 7b755bec-1b2d-410e-8ebc-9ffe6a6fde3d (type: ports) to 2
2026-05-17 02:23:32.401 7 INFO neutron.db.ovn_revision_numbers_db [None req-ec57b6bf-f25e-4706-ac69-45e5961cfa64 ebc17134f8e8452f9e98bdaa35a73824 86bb197274c34af8b9a69589bad8e874 - - default default] Successfully bumped revision number for resource 521fdcff-1091-4aef-86b0-7a0a66ab8fc7 (type: subnets) to 0
2026-05-17 02:23:32.408 8 INFO neutron.db.segments_db [None req-bdb634f5-c3a1-473f-ac5b-b8a71ae5d97f 6a2ab2ce0ca44812b8b74b883dc749cd 3e11d7484af74d14a7168429ee7f9e61 - - default default] Added segment a6049375-f336-429c-9606-e45b470da3d1 of type geneve for network ad1c0043-ce82-4edc-b774-e47312a33efb [pid: 7|app: 0|req: 701/1508] 10.0.0.197 () {34 vars in 668 bytes} [Sun May 17 02:23:31 2026] POST /v2.0/subnets => generated 626 bytes in 764 msecs (HTTP/1.1 201) 4 headers in 162 bytes (1 switches on core 0) [pid: 7|app: 0|req: 702/1509] 10.0.0.197 () {34 vars in 748 bytes} [Sun May 17 02:23:32 2026] PUT /v2.0/subnetpools/8782adec-68c5-4782-a0cb-eb5f6a5346f6 => generated 499 bytes in 95 msecs (HTTP/1.1 200) 4 headers in 157 bytes (1 switches on core 0)
2026-05-17 02:23:32.562 8 INFO neutron.db.ovn_revision_numbers_db [None req-bdb634f5-c3a1-473f-ac5b-b8a71ae5d97f 6a2ab2ce0ca44812b8b74b883dc749cd 3e11d7484af74d14a7168429ee7f9e61 - - default default] Successfully bumped revision number for resource ad1c0043-ce82-4edc-b774-e47312a33efb (type: networks) to 1
2026-05-17 02:23:32.759 8 WARNING neutron.scheduler.dhcp_agent_scheduler [None req-bdb634f5-c3a1-473f-ac5b-b8a71ae5d97f 6a2ab2ce0ca44812b8b74b883dc749cd 3e11d7484af74d14a7168429ee7f9e61 - - default default] No more DHCP agents
2026-05-17 02:23:32.761 8 WARNING neutron.api.rpc.agentnotifiers.dhcp_rpc_agent_api [None req-bdb634f5-c3a1-473f-ac5b-b8a71ae5d97f 6a2ab2ce0ca44812b8b74b883dc749cd 3e11d7484af74d14a7168429ee7f9e61 - - default default] Unable to schedule network ad1c0043-ce82-4edc-b774-e47312a33efb: no agents available; will retry on subsequent port and subnet creation events.
2026-05-17 02:23:32.850 7 WARNING neutron.scheduler.dhcp_agent_scheduler [None req-83a35efb-fa12-43b4-b339-c606588159f6 ebc17134f8e8452f9e98bdaa35a73824 86bb197274c34af8b9a69589bad8e874 - - default default] No more DHCP agents
2026-05-17 02:23:32.851 7 WARNING neutron.api.rpc.agentnotifiers.dhcp_rpc_agent_api [None req-83a35efb-fa12-43b4-b339-c606588159f6 ebc17134f8e8452f9e98bdaa35a73824 86bb197274c34af8b9a69589bad8e874 - - default default] Unable to schedule network 70abcbfd-a11a-435a-882e-f862bd364456: no agents available; will retry on subsequent port and subnet creation events.
2026-05-17 02:23:32.855 8 INFO neutron.db.ovn_revision_numbers_db [None req-bdb634f5-c3a1-473f-ac5b-b8a71ae5d97f 6a2ab2ce0ca44812b8b74b883dc749cd 3e11d7484af74d14a7168429ee7f9e61 - - default default] Successfully bumped revision number for resource 93fc1d40-1817-40e0-834c-ff3773c892d3 (type: ports) to 1 [pid: 8|app: 0|req: 808/1510] 10.0.0.197 () {34 vars in 669 bytes} [Sun May 17 02:23:32 2026] POST /v2.0/networks => generated 672 bytes in 604 msecs (HTTP/1.1 201) 4 headers in 162 bytes (1 switches on core 0) [pid: 8|app: 0|req: 809/1511] 10.0.0.197 () {32 vars in 731 bytes} [Sun May 17 02:23:32 2026] DELETE /v2.0/subnetpools/8782adec-68c5-4782-a0cb-eb5f6a5346f6 => generated 0 bytes in 50 msecs (HTTP/1.1 204) 2 headers in 112 bytes (1 switches on core 0)
2026-05-17 02:23:32.989 8 INFO neutron.plugins.ml2.drivers.ovn.mech_driver.mech_driver [None req-81899a08-b9a6-4c3a-9189-2a96bdb2ec50 - - - - - -] OVN reports status down for port: 5cab737f-19ef-47d2-b718-cd2b01937048
2026-05-17 02:23:33.017 7 INFO neutron.db.ovn_revision_numbers_db [None req-83a35efb-fa12-43b4-b339-c606588159f6 ebc17134f8e8452f9e98bdaa35a73824 86bb197274c34af8b9a69589bad8e874 - - default default] Successfully bumped revision number for resource 5cab737f-19ef-47d2-b718-cd2b01937048 (type: ports) to 1 [pid: 7|app: 0|req: 703/1512] 10.0.0.197 () {34 vars in 664 bytes} [Sun May 17 02:23:32 2026] POST /v2.0/ports => generated 949 bytes in 525 msecs (HTTP/1.1 201) 4 headers in 162 bytes (1 switches on core 0) /var/lib/openstack/lib/python3.12/site-packages/pycadf/identifier.py:70: UserWarning: Invalid uuid: neutron. To ensure interoperability, identifiers should be a valid uuid. warnings.warn(('Invalid uuid: %s. To ensure interoperability, '
2026-05-17 02:23:33.055 7 INFO neutron.api.v2.resource [None req-4b8a7e17-93c9-4616-9f41-f480e96844dd 69e90f7925fb482c954162bbc09e2e6f 423fd9bc062e4428a09db94034684b84 - - default default] show failed (client error): The resource could not be found. [pid: 7|app: 0|req: 704/1513] 10.0.0.197 () {32 vars in 728 bytes} [Sun May 17 02:23:33 2026] GET /v2.0/subnetpools/8782adec-68c5-4782-a0cb-eb5f6a5346f6 => generated 145 bytes in 11 msecs (HTTP/1.1 404) 4 headers in 164 bytes (1 switches on core 0)
2026-05-17 02:23:33.184 7 INFO neutron_taas.services.taas.taas_plugin [None req-0cc26e39-cfb7-4126-ab98-25c42f7482d1 ebc17134f8e8452f9e98bdaa35a73824 86bb197274c34af8b9a69589bad8e874 - - default default] TaaS: Handle Delete Port: 5cab737f-19ef-47d2-b718-cd2b01937048
2026-05-17 02:23:33.188 7 INFO neutron_taas.services.taas.tap_mirror_plugin [None req-0cc26e39-cfb7-4126-ab98-25c42f7482d1 ebc17134f8e8452f9e98bdaa35a73824 86bb197274c34af8b9a69589bad8e874 - - default default] Tap Mirror: Handle Delete Port: 5cab737f-19ef-47d2-b718-cd2b01937048
2026-05-17 02:23:33.209 8 WARNING neutron.scheduler.dhcp_agent_scheduler [None req-c867f573-2f3e-4450-b307-f439f2ce28cb 6a2ab2ce0ca44812b8b74b883dc749cd 3e11d7484af74d14a7168429ee7f9e61 - - default default] No more DHCP agents
2026-05-17 02:23:33.211 8 WARNING neutron.api.rpc.agentnotifiers.dhcp_rpc_agent_api [None req-c867f573-2f3e-4450-b307-f439f2ce28cb 6a2ab2ce0ca44812b8b74b883dc749cd 3e11d7484af74d14a7168429ee7f9e61 - - default default] Unable to schedule network ad1c0043-ce82-4edc-b774-e47312a33efb: no agents available; will retry on subsequent port and subnet creation events.
2026-05-17 02:23:33.241 8 INFO neutron.db.ovn_revision_numbers_db [None req-c867f573-2f3e-4450-b307-f439f2ce28cb 6a2ab2ce0ca44812b8b74b883dc749cd 3e11d7484af74d14a7168429ee7f9e61 - - default default] Successfully bumped revision number for resource 2b1933fe-5052-4df9-85fd-18bf24a48098 (type: subnets) to 0 [pid: 8|app: 0|req: 810/1514] 10.0.0.197 () {34 vars in 668 bytes} [Sun May 17 02:23:32 2026] POST /v2.0/subnets => generated 646 bytes in 326 msecs (HTTP/1.1 201) 4 headers in 162 bytes (1 switches on core 0)
2026-05-17 02:23:33.272 8 INFO neutron.api.v2.resource [None req-9c1d9a7d-164e-422c-af5f-ce144ec8c338 69e90f7925fb482c954162bbc09e2e6f 423fd9bc062e4428a09db94034684b84 - - default default] delete failed (client error): The resource could not be found. [pid: 8|app: 0|req: 811/1515] 10.0.0.197 () {32 vars in 731 bytes} [Sun May 17 02:23:33 2026] DELETE /v2.0/subnetpools/8782adec-68c5-4782-a0cb-eb5f6a5346f6 => generated 145 bytes in 15 msecs (HTTP/1.1 404) 4 headers in 164 bytes (1 switches on core 0) [pid: 7|app: 0|req: 705/1516] 10.0.0.197 () {32 vars in 719 bytes} [Sun May 17 02:23:33 2026] DELETE /v2.0/ports/5cab737f-19ef-47d2-b718-cd2b01937048 => generated 0 bytes in 322 msecs (HTTP/1.1 204) 3 headers in 131 bytes (1 switches on core 0)
2026-05-17 02:23:33.406 7 INFO neutron.pecan_wsgi.hooks.translation [None req-4101ef2c-75e1-4d7f-a5ef-5132f4d08d9d ebc17134f8e8452f9e98bdaa35a73824 86bb197274c34af8b9a69589bad8e874 - - default default] DELETE failed (client error): The resource could not be found. [pid: 7|app: 0|req: 706/1517] 10.0.0.197 () {32 vars in 719 bytes} [Sun May 17 02:23:33 2026] DELETE /v2.0/ports/5cab737f-19ef-47d2-b718-cd2b01937048 => generated 132 bytes in 32 msecs (HTTP/1.1 404) 4 headers in 164 bytes (1 switches on core 0)
2026-05-17 02:23:33.433 8 INFO neutron.db.ovn_revision_numbers_db [None req-647bd993-1d55-47f0-8419-3565aa0bd8ad 6a2ab2ce0ca44812b8b74b883dc749cd 3e11d7484af74d14a7168429ee7f9e61 - - default default] Successfully bumped revision number for resource 4e50ebce-1769-49b0-8767-ad08ee7a9d97 (type: routers) to 1
2026-05-17 02:23:33.452 7 INFO neutron.pecan_wsgi.hooks.translation [None req-fc8c181b-815b-4085-b25c-c7b1c1529b32 ebc17134f8e8452f9e98bdaa35a73824 86bb197274c34af8b9a69589bad8e874 - - default default] GET failed (client error): The resource could not be found. [pid: 7|app: 0|req: 707/1518] 10.0.0.197 () {32 vars in 716 bytes} [Sun May 17 02:23:33 2026] GET /v2.0/ports/5cab737f-19ef-47d2-b718-cd2b01937048 => generated 132 bytes in 35 msecs (HTTP/1.1 404) 4 headers in 164 bytes (1 switches on core 0) [pid: 8|app: 0|req: 812/1519] 10.0.0.197 () {34 vars in 668 bytes} [Sun May 17 02:23:33 2026] POST /v2.0/routers => generated 627 bytes in 183 msecs (HTTP/1.1 201) 4 headers in 162 bytes (1 switches on core 0) [pid: 7|app: 0|req: 708/1520] 10.0.0.197 () {32 vars in 723 bytes} [Sun May 17 02:23:33 2026] DELETE /v2.0/subnets/521fdcff-1091-4aef-86b0-7a0a66ab8fc7 => generated 0 bytes in 204 msecs (HTTP/1.1 204) 3 headers in 131 bytes (1 switches on core 0)
2026-05-17 02:23:33.770 8 WARNING neutron.scheduler.dhcp_agent_scheduler [None req-3f634999-d81e-4ff7-b10b-a04d834b08f7 6a2ab2ce0ca44812b8b74b883dc749cd 3e11d7484af74d14a7168429ee7f9e61 - - default default] No more DHCP agents
2026-05-17 02:23:33.771 8 WARNING neutron.api.rpc.agentnotifiers.dhcp_rpc_agent_api [None req-3f634999-d81e-4ff7-b10b-a04d834b08f7 6a2ab2ce0ca44812b8b74b883dc749cd 3e11d7484af74d14a7168429ee7f9e61 - - default default] Unable to schedule network ad1c0043-ce82-4edc-b774-e47312a33efb: no agents available; will retry on subsequent port and subnet creation events.
2026-05-17 02:23:33.803 7 INFO neutron_taas.services.taas.taas_plugin [None req-e338c55b-d358-4e8d-90bf-23ae74a3c3ae ebc17134f8e8452f9e98bdaa35a73824 86bb197274c34af8b9a69589bad8e874 - - default default] TaaS: Handle Delete Port: 7b755bec-1b2d-410e-8ebc-9ffe6a6fde3d
2026-05-17 02:23:33.807 7 INFO neutron_taas.services.taas.tap_mirror_plugin [None req-e338c55b-d358-4e8d-90bf-23ae74a3c3ae ebc17134f8e8452f9e98bdaa35a73824 86bb197274c34af8b9a69589bad8e874 - - default default] Tap Mirror: Handle Delete Port: 7b755bec-1b2d-410e-8ebc-9ffe6a6fde3d
2026-05-17 02:23:33.905 8 INFO neutron.db.ovn_revision_numbers_db [None req-3f634999-d81e-4ff7-b10b-a04d834b08f7 6a2ab2ce0ca44812b8b74b883dc749cd 3e11d7484af74d14a7168429ee7f9e61 - - default default] Successfully bumped revision number for resource c21fccf8-a05e-4d4a-925c-d14b888ef38b (type: ports) to 1 [pid: 8|app: 0|req: 813/1521] 10.0.0.197 () {34 vars in 664 bytes} [Sun May 17 02:23:33 2026] POST /v2.0/ports => generated 963 bytes in 466 msecs (HTTP/1.1 201) 4 headers in 162 bytes (1 switches on core 0) /var/lib/openstack/lib/python3.12/site-packages/pycadf/identifier.py:70: UserWarning: Invalid uuid: neutron. To ensure interoperability, identifiers should be a valid uuid. warnings.warn(('Invalid uuid: %s. To ensure interoperability, '
2026-05-17 02:23:34.006 8 WARNING neutron.db.securitygroups_db [None req-12f421b7-7a12-403c-a3d5-6098365856e2 63588055390b4c14b6304251d13527e2 8ea12d20a947412880db696f1f35c4f6 - - default default] project_id key not found in filters, using tenant_id instead. This support has been deprecated and will be removed in a future release.
2026-05-17 02:23:34.029 7 INFO neutron.services.segments.plugin [-] Segment d43be8f8-3385-4fb1-a19b-0493b3867df7 resource provider aggregate not found
2026-05-17 02:23:34.034 7 INFO neutron.services.segments.plugin [-] Segment d43be8f8-3385-4fb1-a19b-0493b3867df7 resource provider aggregate not found
2026-05-17 02:23:34.049 7 INFO neutron.services.segments.plugin [-] Segment d43be8f8-3385-4fb1-a19b-0493b3867df7 resource provider not found; error: Placement Client Error (4xx): {"errors": [{"status": 404, "title": "Not Found", "detail": "The resource could not be found.\n\n No resource provider with uuid d43be8f8-3385-4fb1-a19b-0493b3867df7 found for delete ", "request_id": "req-b4839b15-139c-48ae-9570-32d06505c6b4"}]}
2026-05-17 02:23:34.058 7 INFO neutron.services.segments.plugin [-] Segment d43be8f8-3385-4fb1-a19b-0493b3867df7 resource provider not found; error: Placement Client Error (4xx): {"errors": [{"status": 404, "title": "Not Found", "detail": "The resource could not be found.\n\n No resource provider with uuid d43be8f8-3385-4fb1-a19b-0493b3867df7 found for delete ", "request_id": "req-245b7f9e-ca16-42ca-be78-ed67464776f7"}]} [pid: 7|app: 0|req: 709/1522] 10.0.0.197 () {32 vars in 725 bytes} [Sun May 17 02:23:33 2026] DELETE /v2.0/networks/70abcbfd-a11a-435a-882e-f862bd364456 => generated 0 bytes in 408 msecs (HTTP/1.1 204) 3 headers in 131 bytes (1 switches on core 0)
2026-05-17 02:23:34.147 8 INFO neutron.db.ovn_revision_numbers_db [None req-12f421b7-7a12-403c-a3d5-6098365856e2 63588055390b4c14b6304251d13527e2 8ea12d20a947412880db696f1f35c4f6 - - default default] Successfully bumped revision number for resource 183f7703-d164-4e51-a740-a068a12462f4 (type: security_groups) to 1
2026-05-17 02:23:34.158 8 INFO neutron.db.ovn_revision_numbers_db [None req-12f421b7-7a12-403c-a3d5-6098365856e2 63588055390b4c14b6304251d13527e2 8ea12d20a947412880db696f1f35c4f6 - - default default] Successfully bumped revision number for resource 59340df0-9b15-4dca-ac6a-ef68bf201fda (type: security_group_rules) to 0
2026-05-17 02:23:34.169 8 INFO neutron.db.ovn_revision_numbers_db [None req-12f421b7-7a12-403c-a3d5-6098365856e2 63588055390b4c14b6304251d13527e2 8ea12d20a947412880db696f1f35c4f6 - - default default] Successfully bumped revision number for resource 5bf0a46c-63b4-4fe3-b82b-05826375c1ce (type: security_group_rules) to 0
2026-05-17 02:23:34.183 8 INFO neutron.db.ovn_revision_numbers_db [None req-12f421b7-7a12-403c-a3d5-6098365856e2 63588055390b4c14b6304251d13527e2 8ea12d20a947412880db696f1f35c4f6 - - default default] Successfully bumped revision number for resource b408794c-e52c-4d7d-816a-872f5af0edd5 (type: security_group_rules) to 0
2026-05-17 02:23:34.195 8 INFO neutron.db.ovn_revision_numbers_db [None req-12f421b7-7a12-403c-a3d5-6098365856e2 63588055390b4c14b6304251d13527e2 8ea12d20a947412880db696f1f35c4f6 - - default default] Successfully bumped revision number for resource f600d09f-9c26-4441-834d-c02450d66c2c (type: security_group_rules) to 0
2026-05-17 02:23:34.195 7 WARNING neutron.plugins.ml2.drivers.ovn.mech_driver.ovsdb.ovn_client [None req-b080d96f-1bc1-4337-9668-22eacc3e592b - - - - - -] No port found with ID 4b0a1fcf-9684-4a74-8827-4ec71d617732: RuntimeError: No port found with ID 4b0a1fcf-9684-4a74-8827-4ec71d617732
2026-05-17 02:23:34.222 7 INFO neutron.plugins.ml2.drivers.ovn.mech_driver.mech_driver [None req-b080d96f-1bc1-4337-9668-22eacc3e592b - - - - - -] OVN reports status down for port: 9b30cb99-86d8-4cd1-b39c-407ebb211b65 [pid: 8|app: 0|req: 814/1523] 10.0.0.197 () {32 vars in 773 bytes} [Sun May 17 02:23:33 2026] GET /v2.0/security-groups?tenant_id=423fd9bc062e4428a09db94034684b84&name=default => generated 2925 bytes in 303 msecs (HTTP/1.1 200) 4 headers in 158 bytes (1 switches on core 0)
2026-05-17 02:23:34.328 8 INFO neutron.db.segments_db [None req-c593f315-fbd2-4ddc-91bf-c15f73340423 ebc17134f8e8452f9e98bdaa35a73824 86bb197274c34af8b9a69589bad8e874 - - default default] Added segment 1c1092aa-8d2c-464f-9a70-8227af0b6873 of type geneve for network 10dcf390-dc19-4196-a372-1df7fdcf061e
2026-05-17 02:23:34.363 7 INFO neutron.plugins.ml2.drivers.ovn.mech_driver.mech_driver [None req-b080d96f-1bc1-4337-9668-22eacc3e592b - - - - - -] OVN reports status down for port: 93fc1d40-1817-40e0-834c-ff3773c892d3
2026-05-17 02:23:34.433 8 INFO neutron.db.ovn_revision_numbers_db [None req-c593f315-fbd2-4ddc-91bf-c15f73340423 ebc17134f8e8452f9e98bdaa35a73824 86bb197274c34af8b9a69589bad8e874 - - default default] Successfully bumped revision number for resource 10dcf390-dc19-4196-a372-1df7fdcf061e (type: networks) to 1
2026-05-17 02:23:34.532 7 INFO neutron.plugins.ml2.drivers.ovn.mech_driver.mech_driver [None req-b080d96f-1bc1-4337-9668-22eacc3e592b - - - - - -] OVN reports status down for port: c21fccf8-a05e-4d4a-925c-d14b888ef38b
2026-05-17 02:23:34.616 8 WARNING neutron.scheduler.dhcp_agent_scheduler [None req-c593f315-fbd2-4ddc-91bf-c15f73340423 ebc17134f8e8452f9e98bdaa35a73824 86bb197274c34af8b9a69589bad8e874 - - default default] No more DHCP agents
2026-05-17 02:23:34.618 8 WARNING neutron.api.rpc.agentnotifiers.dhcp_rpc_agent_api [None req-c593f315-fbd2-4ddc-91bf-c15f73340423 ebc17134f8e8452f9e98bdaa35a73824 86bb197274c34af8b9a69589bad8e874 - - default default] Unable to schedule network 10dcf390-dc19-4196-a372-1df7fdcf061e: no agents available; will retry on subsequent port and subnet creation events.
2026-05-17 02:23:34.672 8 INFO neutron.plugins.ml2.drivers.ovn.mech_driver.mech_driver [None req-81899a08-b9a6-4c3a-9189-2a96bdb2ec50 - - - - - -] OVN reports status down for port: aa4cf538-a46e-4f64-9c88-35bc9040b8b6
2026-05-17 02:23:34.737 8 INFO neutron.db.ovn_revision_numbers_db [None req-c593f315-fbd2-4ddc-91bf-c15f73340423 ebc17134f8e8452f9e98bdaa35a73824 86bb197274c34af8b9a69589bad8e874 - - default default] Successfully bumped revision number for resource aa4cf538-a46e-4f64-9c88-35bc9040b8b6 (type: ports) to 1 [pid: 8|app: 0|req: 815/1524] 10.0.0.197 () {34 vars in 669 bytes} [Sun May 17 02:23:34 2026] POST /v2.0/networks => generated 670 bytes in 545 msecs (HTTP/1.1 201) 4 headers in 162 bytes (1 switches on core 0)
2026-05-17 02:23:34.822 7 INFO neutron.plugins.ml2.drivers.ovn.mech_driver.mech_driver [None req-b080d96f-1bc1-4337-9668-22eacc3e592b - - - - - -] OVN reports status up for port: c21fccf8-a05e-4d4a-925c-d14b888ef38b
2026-05-17 02:23:34.850 7 INFO neutron.plugins.ml2.plugin [None req-b080d96f-1bc1-4337-9668-22eacc3e592b - - - - - -] Attempt 1 to provision port c21fccf8-a05e-4d4a-925c-d14b888ef38b
2026-05-17 02:23:34.882 7 INFO neutron.db.ovn_revision_numbers_db [None req-7033cf61-a529-40c2-b168-285bf62ce8ea 6a2ab2ce0ca44812b8b74b883dc749cd 3e11d7484af74d14a7168429ee7f9e61 - - default default] Successfully bumped revision number for resource c21fccf8-a05e-4d4a-925c-d14b888ef38b (type: ports) to 2 [pid: 8|app: 0|req: 816/1525] 10.0.0.197 () {32 vars in 739 bytes} [Sun May 17 02:23:34 2026] DELETE /v2.0/security-groups/183f7703-d164-4e51-a740-a068a12462f4 => generated 0 bytes in 243 msecs (HTTP/1.1 204) 2 headers in 112 bytes (1 switches on core 0)
2026-05-17 02:23:35.206 8 WARNING neutron.scheduler.dhcp_agent_scheduler [None req-2ba4402c-3a85-4084-96c0-9308be6c4889 ebc17134f8e8452f9e98bdaa35a73824 86bb197274c34af8b9a69589bad8e874 - - default default] No more DHCP agents
2026-05-17 02:23:35.207 8 WARNING neutron.api.rpc.agentnotifiers.dhcp_rpc_agent_api [None req-2ba4402c-3a85-4084-96c0-9308be6c4889 ebc17134f8e8452f9e98bdaa35a73824 86bb197274c34af8b9a69589bad8e874 - - default default] Unable to schedule network 10dcf390-dc19-4196-a372-1df7fdcf061e: no agents available; will retry on subsequent port and subnet creation events.
2026-05-17 02:23:35.565 7 INFO neutron.db.ovn_revision_numbers_db [None req-b080d96f-1bc1-4337-9668-22eacc3e592b - - - - - -] Successfully bumped revision number for resource c21fccf8-a05e-4d4a-925c-d14b888ef38b (type: ports) to 3
2026-05-17 02:23:35.660 8 INFO neutron.db.ovn_revision_numbers_db [None req-2ba4402c-3a85-4084-96c0-9308be6c4889 ebc17134f8e8452f9e98bdaa35a73824 86bb197274c34af8b9a69589bad8e874 - - default default] Successfully bumped revision number for resource aa4cf538-a46e-4f64-9c88-35bc9040b8b6 (type: ports) to 2
2026-05-17 02:23:35.700 8 INFO neutron.db.ovn_revision_numbers_db [None req-2ba4402c-3a85-4084-96c0-9308be6c4889 ebc17134f8e8452f9e98bdaa35a73824 86bb197274c34af8b9a69589bad8e874 - - default default] Successfully bumped revision number for resource 2a1abd16-b5d8-418d-b7ce-701328620e97 (type: subnets) to 0 [pid: 8|app: 0|req: 817/1526] 10.0.0.197 () {34 vars in 668 bytes} [Sun May 17 02:23:35 2026] POST /v2.0/subnets => generated 626 bytes in 696 msecs (HTTP/1.1 201) 4 headers in 162 bytes (1 switches on core 0)
2026-05-17 02:23:35.964 7 WARNING neutron.scheduler.dhcp_agent_scheduler [None req-7033cf61-a529-40c2-b168-285bf62ce8ea 6a2ab2ce0ca44812b8b74b883dc749cd 3e11d7484af74d14a7168429ee7f9e61 - - default default] No more DHCP agents
2026-05-17 02:23:35.965 7 WARNING neutron.api.rpc.agentnotifiers.dhcp_rpc_agent_api [None req-7033cf61-a529-40c2-b168-285bf62ce8ea 6a2ab2ce0ca44812b8b74b883dc749cd 3e11d7484af74d14a7168429ee7f9e61 - - default default] Unable to schedule network ad1c0043-ce82-4edc-b774-e47312a33efb: no agents available; will retry on subsequent port and subnet creation events.
2026-05-17 02:23:35.983 8 WARNING neutron.scheduler.dhcp_agent_scheduler [None req-c151da81-b51a-4783-b93c-fda3f5f997fc ebc17134f8e8452f9e98bdaa35a73824 86bb197274c34af8b9a69589bad8e874 - - default default] No more DHCP agents
2026-05-17 02:23:35.984 8 WARNING neutron.api.rpc.agentnotifiers.dhcp_rpc_agent_api [None req-c151da81-b51a-4783-b93c-fda3f5f997fc ebc17134f8e8452f9e98bdaa35a73824 86bb197274c34af8b9a69589bad8e874 - - default default] Unable to schedule network 10dcf390-dc19-4196-a372-1df7fdcf061e: no agents available; will retry on subsequent port and subnet creation events.
2026-05-17 02:23:36.106 8 INFO neutron.plugins.ml2.drivers.ovn.mech_driver.mech_driver [None req-81899a08-b9a6-4c3a-9189-2a96bdb2ec50 - - - - - -] OVN reports status down for port: ad75006f-333c-4cfc-8cc4-f9753a0ff05f
2026-05-17 02:23:36.211 8 INFO neutron.db.ovn_revision_numbers_db [None req-c151da81-b51a-4783-b93c-fda3f5f997fc ebc17134f8e8452f9e98bdaa35a73824 86bb197274c34af8b9a69589bad8e874 - - default default] Successfully bumped revision number for resource ad75006f-333c-4cfc-8cc4-f9753a0ff05f (type: ports) to 1
2026-05-17 02:23:36.240 7 INFO neutron.db.ovn_revision_numbers_db [None req-7033cf61-a529-40c2-b168-285bf62ce8ea 6a2ab2ce0ca44812b8b74b883dc749cd 3e11d7484af74d14a7168429ee7f9e61 - - default default] Successfully bumped revision number for resource c21fccf8-a05e-4d4a-925c-d14b888ef38b (type: router_ports) to 3 [pid: 7|app: 0|req: 710/1529] 10.0.0.197 () {34 vars in 782 bytes} [Sun May 17 02:23:34 2026] PUT /v2.0/routers/4e50ebce-1769-49b0-8767-ad08ee7a9d97/add_router_interface => generated 310 bytes in 2170 msecs (HTTP/1.1 200) 4 headers in 157 bytes (1 switches on core 0) /var/lib/openstack/lib/python3.12/site-packages/pycadf/identifier.py:70: UserWarning: Invalid uuid: neutron. To ensure interoperability, identifiers should be a valid uuid. warnings.warn(('Invalid uuid: %s. To ensure interoperability, ' [pid: 8|app: 0|req: 820/1530] 10.0.0.197 () {34 vars in 664 bytes} [Sun May 17 02:23:35 2026] POST /v2.0/ports => generated 912 bytes in 535 msecs (HTTP/1.1 201) 4 headers in 162 bytes (1 switches on core 0) [pid: 8|app: 0|req: 821/1531] 10.0.0.197 () {32 vars in 716 bytes} [Sun May 17 02:23:36 2026] GET /v2.0/ports/c21fccf8-a05e-4d4a-925c-d14b888ef38b => generated 1025 bytes in 43 msecs (HTTP/1.1 200) 4 headers in 158 bytes (1 switches on core 0) [pid: 7|app: 0|req: 711/1532] 10.0.0.151 () {34 vars in 989 bytes} [Sun May 17 02:23:36 2026] GET /v2.0/ports?device_id=6cc2551b-7b27-43be-9f5b-0b9621d38de2 => generated 975 bytes in 86 msecs (HTTP/1.1 200) 4 headers in 157 bytes (1 switches on core 0)
2026-05-17 02:23:36.450 8 INFO neutron_taas.services.taas.taas_plugin [None req-8f5bf76b-ff79-4bee-8b18-8f77e21c14b8 ebc17134f8e8452f9e98bdaa35a73824 86bb197274c34af8b9a69589bad8e874 - - default default] TaaS: Handle Delete Port: ad75006f-333c-4cfc-8cc4-f9753a0ff05f
2026-05-17 02:23:36.454 8 INFO neutron_taas.services.taas.tap_mirror_plugin [None req-8f5bf76b-ff79-4bee-8b18-8f77e21c14b8 ebc17134f8e8452f9e98bdaa35a73824 86bb197274c34af8b9a69589bad8e874 - - default default] Tap Mirror: Handle Delete Port: ad75006f-333c-4cfc-8cc4-f9753a0ff05f [pid: 8|app: 0|req: 822/1533] 10.0.0.197 () {32 vars in 719 bytes} [Sun May 17 02:23:36 2026] DELETE /v2.0/ports/ad75006f-333c-4cfc-8cc4-f9753a0ff05f => generated 0 bytes in 332 msecs (HTTP/1.1 204) 3 headers in 131 bytes (1 switches on core 0) [pid: 8|app: 0|req: 823/1534] 10.0.0.151 () {34 vars in 1039 bytes} [Sun May 17 02:23:36 2026] GET /v2.0/security-groups?id=d8c5c08d-bd06-440d-923b-54c66eb1a7c0&fields=id&fields=name => generated 113 bytes in 28 msecs (HTTP/1.1 200) 4 headers in 157 bytes (1 switches on core 0)
2026-05-17 02:23:36.677 8 INFO neutron.pecan_wsgi.hooks.translation [None req-c8da76ad-26c6-456e-a8e7-ca658491d95a ebc17134f8e8452f9e98bdaa35a73824 86bb197274c34af8b9a69589bad8e874 - - default default] GET failed (client error): The resource could not be found. [pid: 8|app: 0|req: 824/1535] 10.0.0.197 () {32 vars in 716 bytes} [Sun May 17 02:23:36 2026] GET /v2.0/ports/ad75006f-333c-4cfc-8cc4-f9753a0ff05f => generated 132 bytes in 14 msecs (HTTP/1.1 404) 4 headers in 164 bytes (1 switches on core 0) [pid: 8|app: 0|req: 825/1536] 10.0.0.197 () {32 vars in 723 bytes} [Sun May 17 02:23:36 2026] DELETE /v2.0/subnets/2a1abd16-b5d8-418d-b7ce-701328620e97 => generated 0 bytes in 185 msecs (HTTP/1.1 204) 3 headers in 131 bytes (1 switches on core 0) [pid: 8|app: 0|req: 826/1537] 10.0.0.151 () {34 vars in 989 bytes} [Sun May 17 02:23:36 2026] GET /v2.0/ports?device_id=6cc2551b-7b27-43be-9f5b-0b9621d38de2 => generated 975 bytes in 72 msecs (HTTP/1.1 200) 4 headers in 157 bytes (1 switches on core 0) [pid: 8|app: 0|req: 827/1538] 10.0.0.197 () {32 vars in 622 bytes} [Sun May 17 02:23:36 2026] GET / => generated 151 bytes in 2 msecs (HTTP/1.1 200) 3 headers in 91 bytes (1 switches on core 0)
2026-05-17 02:23:37.058 8 INFO neutron_taas.services.taas.taas_plugin [None req-145e67fa-436a-4992-890c-3de4f5079c43 ebc17134f8e8452f9e98bdaa35a73824 86bb197274c34af8b9a69589bad8e874 - - default default] TaaS: Handle Delete Port: aa4cf538-a46e-4f64-9c88-35bc9040b8b6
2026-05-17 02:23:37.063 8 INFO neutron_taas.services.taas.tap_mirror_plugin [None req-145e67fa-436a-4992-890c-3de4f5079c43 ebc17134f8e8452f9e98bdaa35a73824 86bb197274c34af8b9a69589bad8e874 - - default default] Tap Mirror: Handle Delete Port: aa4cf538-a46e-4f64-9c88-35bc9040b8b6
2026-05-17 02:23:37.245 8 INFO neutron.services.segments.plugin [-] Segment 1c1092aa-8d2c-464f-9a70-8227af0b6873 resource provider aggregate not found
2026-05-17 02:23:37.250 8 INFO neutron.services.segments.plugin [-] Segment 1c1092aa-8d2c-464f-9a70-8227af0b6873 resource provider aggregate not found
2026-05-17 02:23:37.268 8 INFO neutron.services.segments.plugin [-] Segment 1c1092aa-8d2c-464f-9a70-8227af0b6873 resource provider not found; error: Placement Client Error (4xx): {"errors": [{"status": 404, "title": "Not Found", "detail": "The resource could not be found.\n\n No resource provider with uuid 1c1092aa-8d2c-464f-9a70-8227af0b6873 found for delete ", "request_id": "req-48b85d0d-f0ed-4891-9849-42b1acd32b39"}]}
2026-05-17 02:23:37.274 8 INFO neutron.services.segments.plugin [-] Segment 1c1092aa-8d2c-464f-9a70-8227af0b6873 resource provider not found; error: Placement Client Error (4xx): {"errors": [{"status": 404, "title": "Not Found", "detail": "The resource could not be found.\n\n No resource provider with uuid 1c1092aa-8d2c-464f-9a70-8227af0b6873 found for delete ", "request_id": "req-9f689eb2-a758-4c7f-9293-aca73d96ef75"}]} [pid: 8|app: 0|req: 828/1539] 10.0.0.197 () {32 vars in 725 bytes} [Sun May 17 02:23:36 2026] DELETE /v2.0/networks/10dcf390-dc19-4196-a372-1df7fdcf061e => generated 0 bytes in 347 msecs (HTTP/1.1 204) 3 headers in 131 bytes (1 switches on core 0)
2026-05-17 02:23:37.446 7 INFO neutron_taas.services.taas.taas_plugin [None req-11f80bc8-3887-4fb4-b4fc-e5d930dad849 6a2ab2ce0ca44812b8b74b883dc749cd 3e11d7484af74d14a7168429ee7f9e61 - - default default] TaaS: Handle Delete Port: c21fccf8-a05e-4d4a-925c-d14b888ef38b
2026-05-17 02:23:37.452 7 INFO neutron_taas.services.taas.tap_mirror_plugin [None req-11f80bc8-3887-4fb4-b4fc-e5d930dad849 6a2ab2ce0ca44812b8b74b883dc749cd 3e11d7484af74d14a7168429ee7f9e61 - - default default] Tap Mirror: Handle Delete Port: c21fccf8-a05e-4d4a-925c-d14b888ef38b [pid: 8|app: 0|req: 829/1540] 10.0.0.197 () {32 vars in 632 bytes} [Sun May 17 02:23:37 2026] GET /v2.0/ => generated 632 bytes in 217 msecs (HTTP/1.1 200) 4 headers in 157 bytes (1 switches on core 0) [pid: 8|app: 0|req: 830/1541] 10.0.0.151 () {34 vars in 1039 bytes} [Sun May 17 02:23:37 2026] GET /v2.0/security-groups?id=d8c5c08d-bd06-440d-923b-54c66eb1a7c0&fields=id&fields=name => generated 113 bytes in 41 msecs (HTTP/1.1 200) 4 headers in 157 bytes (1 switches on core 0) [pid: 7|app: 0|req: 712/1542] 10.0.0.197 () {34 vars in 788 bytes} [Sun May 17 02:23:36 2026] PUT /v2.0/routers/4e50ebce-1769-49b0-8767-ad08ee7a9d97/remove_router_interface => generated 310 bytes in 1448 msecs (HTTP/1.1 200) 4 headers in 157 bytes (1 switches on core 0) /var/lib/openstack/lib/python3.12/site-packages/pycadf/identifier.py:70: UserWarning: Invalid uuid: neutron. To ensure interoperability, identifiers should be a valid uuid. warnings.warn(('Invalid uuid: %s. To ensure interoperability, '
2026-05-17 02:23:37.804 8 WARNING neutron.scheduler.dhcp_agent_scheduler [None req-7ee7c53e-aa3a-478e-8130-4436c3ee0ff6 ebc17134f8e8452f9e98bdaa35a73824 86bb197274c34af8b9a69589bad8e874 - - default default] No more DHCP agents
2026-05-17 02:23:37.805 8 WARNING neutron.api.rpc.agentnotifiers.dhcp_rpc_agent_api [None req-7ee7c53e-aa3a-478e-8130-4436c3ee0ff6 ebc17134f8e8452f9e98bdaa35a73824 86bb197274c34af8b9a69589bad8e874 - - default default] Unable to schedule network c4f5153a-5105-48a8-a9f7-9b06e5e5473b: no agents available; will retry on subsequent port and subnet creation events.
2026-05-17 02:23:37.884 7 INFO neutron.api.v2.resource [None req-b5e47be0-3120-4e64-bee4-368b4dae7863 6a2ab2ce0ca44812b8b74b883dc749cd 3e11d7484af74d14a7168429ee7f9e61 - - default default] remove_router_interface failed (client error): The resource could not be found. [pid: 7|app: 0|req: 713/1543] 10.0.0.197 () {34 vars in 788 bytes} [Sun May 17 02:23:37 2026] PUT /v2.0/routers/4e50ebce-1769-49b0-8767-ad08ee7a9d97/remove_router_interface => generated 197 bytes in 103 msecs (HTTP/1.1 404) 4 headers in 164 bytes (1 switches on core 0)
