May 21 23:14:29.236369 np0000176058 devstack@neutron-api.service[103223]: DEBUG ovsdbapp.backend.ovs_idl [None req-fbfc118f-be5b-4cd0-955e-8cc09bcdf32a None None] Created lookup_table index Port_Binding.logical_port {{(pid=103223) autocreate_indices /opt/stack/data/venv/lib/python3.12/site-packages/ovsdbapp/backend/ovs_idl/__init__.py:87}}
May 21 23:14:29.236568 np0000176058 devstack@neutron-api.service[103223]: DEBUG ovsdbapp.backend.ovs_idl [None req-fbfc118f-be5b-4cd0-955e-8cc09bcdf32a None None] Created schema index Chassis_Private.name {{(pid=103223) autocreate_indices /opt/stack/data/venv/lib/python3.12/site-packages/ovsdbapp/backend/ovs_idl/__init__.py:106}}
May 21 23:14:29.236568 np0000176058 devstack@neutron-api.service[103223]: DEBUG ovsdbapp.backend.ovs_idl [None req-fbfc118f-be5b-4cd0-955e-8cc09bcdf32a None None] Created schema index Datapath_Binding.tunnel_key {{(pid=103223) autocreate_indices /opt/stack/data/venv/lib/python3.12/site-packages/ovsdbapp/backend/ovs_idl/__init__.py:106}}
May 21 23:14:29.238784 np0000176058 devstack@neutron-api.service[103222]: DEBUG neutron.common.ovn.hash_ring_manager [None req-716538e4-b387-42e8-a5a6-364c8b37da82 None None] Allow caching, nodes 4>=4 {{(pid=103222) _wait_startup_before_caching /opt/stack/neutron/neutron/common/ovn/hash_ring_manager.py:65}}
May 21 23:14:29.238927 np0000176058 devstack@neutron-api.service[103223]: INFO ovsdbapp.backend.ovs_idl.vlog [None req-fbfc118f-be5b-4cd0-955e-8cc09bcdf32a None None] ssl:199.204.45.242:6642: connecting...
May 21 23:14:29.243051 np0000176058 devstack@neutron-api.service[103222]: DEBUG neutron.common.ovn.hash_ring_manager [None req-716538e4-b387-42e8-a5a6-364c8b37da82 None None] Hash Ring loaded. 4 active nodes. 0 offline nodes {{(pid=103222) _load_hash_ring /opt/stack/neutron/neutron/common/ovn/hash_ring_manager.py:102}}
May 21 23:14:29.243242 np0000176058 devstack@neutron-api.service[103222]: DEBUG neutron.plugins.ml2.drivers.ovn.mech_driver.ovsdb.ovsdb_monitor [None req-716538e4-b387-42e8-a5a6-364c8b37da82 None None] Hash Ring: Node 5c0a3532f16656c6a8a8687489e519d8 (host: np0000176058) handling event "create" for row ccb9de20-9607-4361-b366-56a6e99e8627 (table: ACL) {{(pid=103222) notify /opt/stack/neutron/neutron/plugins/ml2/drivers/ovn/mech_driver/ovsdb/ovsdb_monitor.py:986}}
May 21 23:14:29.243483 np0000176058 devstack@neutron-api.service[103222]: DEBUG neutron.plugins.ml2.drivers.ovn.mech_driver.ovsdb.ovsdb_monitor [None req-716538e4-b387-42e8-a5a6-364c8b37da82 None None] Hash Ring: Node 5c0a3532f16656c6a8a8687489e519d8 (host: np0000176058) handling event "create" for row 38eaf43f-e7a1-4f94-80fe-c5527d5acd45 (table: Port_Group) {{(pid=103222) notify /opt/stack/neutron/neutron/plugins/ml2/drivers/ovn/mech_driver/ovsdb/ovsdb_monitor.py:986}}
May 21 23:14:29.243843 np0000176058 devstack@neutron-api.service[103223]: INFO ovsdbapp.backend.ovs_idl.vlog [None req-fbfc118f-be5b-4cd0-955e-8cc09bcdf32a None None] ssl:199.204.45.242:6642: connected
May 21 23:14:29.245194 np0000176058 devstack@neutron-api.service[103222]: INFO neutron.plugins.ml2.drivers.ovn.mech_driver.ovsdb.impl_idl_ovn [None req-716538e4-b387-42e8-a5a6-364c8b37da82 None None] Getting OvsdbSbOvnIdl for WorkerService with retry
May 21 23:14:29.245376 np0000176058 devstack@neutron-api.service[103221]: DEBUG ovsdbapp.backend.ovs_idl [None req-689e718b-88fc-4468-96e5-f3357a7f7f1f None None] Created lookup_table index Chassis.name {{(pid=103221) autocreate_indices /opt/stack/data/venv/lib/python3.12/site-packages/ovsdbapp/backend/ovs_idl/__init__.py:87}}
May 21 23:14:29.245376 np0000176058 devstack@neutron-api.service[103221]: DEBUG ovsdbapp.backend.ovs_idl [None req-689e718b-88fc-4468-96e5-f3357a7f7f1f None None] Created lookup_table index Port_Binding.logical_port {{(pid=103221) autocreate_indices /opt/stack/data/venv/lib/python3.12/site-packages/ovsdbapp/backend/ovs_idl/__init__.py:87}}
May 21 23:14:29.245376 np0000176058 devstack@neutron-api.service[103221]: DEBUG ovsdbapp.backend.ovs_idl [None req-689e718b-88fc-4468-96e5-f3357a7f7f1f None None] Created schema index Chassis_Private.name {{(pid=103221) autocreate_indices /opt/stack/data/venv/lib/python3.12/site-packages/ovsdbapp/backend/ovs_idl/__init__.py:106}}
May 21 23:14:29.245376 np0000176058 devstack@neutron-api.service[103221]: DEBUG ovsdbapp.backend.ovs_idl [None req-689e718b-88fc-4468-96e5-f3357a7f7f1f None None] Created schema index Datapath_Binding.tunnel_key {{(pid=103221) autocreate_indices /opt/stack/data/venv/lib/python3.12/site-packages/ovsdbapp/backend/ovs_idl/__init__.py:106}}
May 21 23:14:29.247411 np0000176058 devstack@neutron-api.service[103221]: INFO ovsdbapp.backend.ovs_idl.vlog [None req-689e718b-88fc-4468-96e5-f3357a7f7f1f None None] ssl:199.204.45.242:6642: connecting...
May 21 23:14:29.254347 np0000176058 devstack@neutron-api.service[103221]: INFO ovsdbapp.backend.ovs_idl.vlog [None req-689e718b-88fc-4468-96e5-f3357a7f7f1f None None] ssl:199.204.45.242:6642: connected
May 21 23:14:29.276456 np0000176058 devstack@neutron-api.service[103222]: DEBUG ovsdbapp.backend.ovs_idl [None req-716538e4-b387-42e8-a5a6-364c8b37da82 None None] Created lookup_table index Chassis.name {{(pid=103222) autocreate_indices /opt/stack/data/venv/lib/python3.12/site-packages/ovsdbapp/backend/ovs_idl/__init__.py:87}}
May 21 23:14:29.276572 np0000176058 devstack@neutron-api.service[103222]: DEBUG ovsdbapp.backend.ovs_idl [None req-716538e4-b387-42e8-a5a6-364c8b37da82 None None] Created lookup_table index Port_Binding.logical_port {{(pid=103222) autocreate_indices /opt/stack/data/venv/lib/python3.12/site-packages/ovsdbapp/backend/ovs_idl/__init__.py:87}}
May 21 23:14:29.276572 np0000176058 devstack@neutron-api.service[103222]: DEBUG ovsdbapp.backend.ovs_idl [None req-716538e4-b387-42e8-a5a6-364c8b37da82 None None] Created schema index Chassis_Private.name {{(pid=103222) autocreate_indices /opt/stack/data/venv/lib/python3.12/site-packages/ovsdbapp/backend/ovs_idl/__init__.py:106}}
May 21 23:14:29.276697 np0000176058 devstack@neutron-api.service[103222]: DEBUG ovsdbapp.backend.ovs_idl [None req-716538e4-b387-42e8-a5a6-364c8b37da82 None None] Created schema index Datapath_Binding.tunnel_key {{(pid=103222) autocreate_indices /opt/stack/data/venv/lib/python3.12/site-packages/ovsdbapp/backend/ovs_idl/__init__.py:106}}
May 21 23:14:29.278711 np0000176058 devstack@neutron-api.service[103223]: DEBUG neutron.common.ovn.hash_ring_manager [None req-fbfc118f-be5b-4cd0-955e-8cc09bcdf32a None None] Allow caching, nodes 4>=4 {{(pid=103223) _wait_startup_before_caching /opt/stack/neutron/neutron/common/ovn/hash_ring_manager.py:65}}
May 21 23:14:29.278803 np0000176058 devstack@neutron-api.service[103222]: INFO ovsdbapp.backend.ovs_idl.vlog [None req-716538e4-b387-42e8-a5a6-364c8b37da82 None None] ssl:199.204.45.242:6642: connecting...
May 21 23:14:29.283537 np0000176058 devstack@neutron-api.service[103223]: DEBUG neutron.common.ovn.hash_ring_manager [None req-fbfc118f-be5b-4cd0-955e-8cc09bcdf32a None None] Hash Ring loaded. 4 active nodes. 0 offline nodes {{(pid=103223) _load_hash_ring /opt/stack/neutron/neutron/common/ovn/hash_ring_manager.py:102}}
May 21 23:14:29.283793 np0000176058 devstack@neutron-api.service[103223]: DEBUG neutron.plugins.ml2.drivers.ovn.mech_driver.ovsdb.ovsdb_monitor [None req-fbfc118f-be5b-4cd0-955e-8cc09bcdf32a None None] ChassisOVNAgentWriteEvent : Matched Chassis_Private, create, None None {{(pid=103223) matches /opt/stack/neutron/neutron/plugins/ml2/drivers/ovn/mech_driver/ovsdb/ovsdb_monitor.py:64}}
May 21 23:14:29.283937 np0000176058 devstack@neutron-api.service[103223]: DEBUG neutron.plugins.ml2.drivers.ovn.mech_driver.ovsdb.ovsdb_monitor [None req-fbfc118f-be5b-4cd0-955e-8cc09bcdf32a None None] ChassisAgentWriteEvent : Matched Chassis_Private, create, None None {{(pid=103223) matches /opt/stack/neutron/neutron/plugins/ml2/drivers/ovn/mech_driver/ovsdb/ovsdb_monitor.py:64}}
May 21 23:14:29.284105 np0000176058 devstack@neutron-api.service[103222]: INFO ovsdbapp.backend.ovs_idl.vlog [None req-716538e4-b387-42e8-a5a6-364c8b37da82 None None] ssl:199.204.45.242:6642: connected
May 21 23:14:29.284461 np0000176058 devstack@neutron-api.service[103223]: DEBUG neutron.plugins.ml2.drivers.ovn.mech_driver.ovsdb.ovsdb_monitor [None req-fbfc118f-be5b-4cd0-955e-8cc09bcdf32a None None] Hash Ring: Node b9c39b85147a5ef58c2c419d972acd4a (host: np0000176058) handling event "create" for row 8a2a77cc-bd4b-4cf5-b1df-65dc9829edb6 (table: Chassis_Private) {{(pid=103223) notify /opt/stack/neutron/neutron/plugins/ml2/drivers/ovn/mech_driver/ovsdb/ovsdb_monitor.py:986}}
May 21 23:14:29.286721 np0000176058 devstack@neutron-api.service[103223]: INFO neutron.plugins.ml2.drivers.ovn.mech_driver.mech_driver [None req-fbfc118f-be5b-4cd0-955e-8cc09bcdf32a None None] WorkerService process has finished the post initialization
May 21 23:14:29.288239 np0000176058 devstack@neutron-api.service[103223]: WSGI app 0 (mountpoint='') ready in 7 seconds on interpreter 0x741b330a3668 pid: 103223 (default app)
May 21 23:14:29.289109 np0000176058 devstack@neutron-api.service[103221]: DEBUG neutron.common.ovn.hash_ring_manager [None req-689e718b-88fc-4468-96e5-f3357a7f7f1f None None] Allow caching, nodes 4>=4 {{(pid=103221) _wait_startup_before_caching /opt/stack/neutron/neutron/common/ovn/hash_ring_manager.py:65}}
May 21 23:14:29.293559 np0000176058 devstack@neutron-api.service[103221]: DEBUG neutron.common.ovn.hash_ring_manager [None req-689e718b-88fc-4468-96e5-f3357a7f7f1f None None] Hash Ring loaded. 4 active nodes. 0 offline nodes {{(pid=103221) _load_hash_ring /opt/stack/neutron/neutron/common/ovn/hash_ring_manager.py:102}}
May 21 23:14:29.293840 np0000176058 devstack@neutron-api.service[103221]: DEBUG neutron.plugins.ml2.drivers.ovn.mech_driver.ovsdb.ovsdb_monitor [None req-689e718b-88fc-4468-96e5-f3357a7f7f1f None None] ChassisOVNAgentWriteEvent : Matched Chassis_Private, create, None None {{(pid=103221) matches /opt/stack/neutron/neutron/plugins/ml2/drivers/ovn/mech_driver/ovsdb/ovsdb_monitor.py:64}}
May 21 23:14:29.294043 np0000176058 devstack@neutron-api.service[103221]: DEBUG neutron.plugins.ml2.drivers.ovn.mech_driver.ovsdb.ovsdb_monitor [None req-689e718b-88fc-4468-96e5-f3357a7f7f1f None None] ChassisAgentWriteEvent : Matched Chassis_Private, create, None None {{(pid=103221) matches /opt/stack/neutron/neutron/plugins/ml2/drivers/ovn/mech_driver/ovsdb/ovsdb_monitor.py:64}}
May 21 23:14:29.294514 np0000176058 devstack@neutron-api.service[103221]: DEBUG neutron.plugins.ml2.drivers.ovn.mech_driver.ovsdb.ovsdb_monitor [None req-689e718b-88fc-4468-96e5-f3357a7f7f1f None None] Hash Ring: Node 38197a7ecade543b8b8564a0a3a032b5 (host: np0000176058) handling event "create" for row c5951111-2b97-429d-9918-5b9cad44c45f (table: Encap) {{(pid=103221) notify /opt/stack/neutron/neutron/plugins/ml2/drivers/ovn/mech_driver/ovsdb/ovsdb_monitor.py:986}}
May 21 23:14:29.297234 np0000176058 devstack@neutron-api.service[103221]: INFO neutron.plugins.ml2.drivers.ovn.mech_driver.mech_driver [None req-689e718b-88fc-4468-96e5-f3357a7f7f1f None None] WorkerService process has finished the post initialization
May 21 23:14:29.298904 np0000176058 devstack@neutron-api.service[103221]: WSGI app 0 (mountpoint='') ready in 7 seconds on interpreter 0x741b330a3668 pid: 103221 (default app)
May 21 23:14:29.314563 np0000176058 devstack@neutron-api.service[103222]: DEBUG neutron.common.ovn.hash_ring_manager [None req-716538e4-b387-42e8-a5a6-364c8b37da82 None None] Allow caching, nodes 4>=4 {{(pid=103222) _wait_startup_before_caching /opt/stack/neutron/neutron/common/ovn/hash_ring_manager.py:65}}
May 21 23:14:29.318510 np0000176058 devstack@neutron-api.service[103222]: DEBUG neutron.common.ovn.hash_ring_manager [None req-716538e4-b387-42e8-a5a6-364c8b37da82 None None] Hash Ring loaded. 4 active nodes. 0 offline nodes {{(pid=103222) _load_hash_ring /opt/stack/neutron/neutron/common/ovn/hash_ring_manager.py:102}}
May 21 23:14:29.318670 np0000176058 devstack@neutron-api.service[103222]: DEBUG neutron.plugins.ml2.drivers.ovn.mech_driver.ovsdb.ovsdb_monitor [None req-716538e4-b387-42e8-a5a6-364c8b37da82 None None] Hash Ring: Node 5c0a3532f16656c6a8a8687489e519d8 (host: np0000176058) handling event "create" for row 0b75a7c5-7004-4de9-842d-65c365b22d3f (table: Chassis) {{(pid=103222) notify /opt/stack/neutron/neutron/plugins/ml2/drivers/ovn/mech_driver/ovsdb/ovsdb_monitor.py:986}}
May 21 23:14:29.319388 np0000176058 devstack@neutron-api.service[103222]: DEBUG ovsdbapp.backend.ovs_idl.event [None req-716538e4-b387-42e8-a5a6-364c8b37da82 None None] Matched CREATE: ChassisBandwidthConfigEvent(events=('create', 'update'), table='Chassis', conditions=None, old_conditions=None), priority=20 to row=Chassis(uuid=0b75a7c5-7004-4de9-842d-65c365b22d3f, encaps=[c5951111-2b97-429d-9918-5b9cad44c45f], external_ids={}, hostname='np0000176058', name='1ac67f1a-2d8a-4a7f-8ead-d5cfaa0b264d', nb_cfg=0, other_config={'ct-commit-nat-v2': 'true', 'ct-commit-to-zone': 'true', 'ct-next-zone': 'true', 'ct-no-masked-label': 'true', 'ct-state-save': 'true', 'datapath-type': 'system', 'fdb-timestamp': 'true', 'iface-types': 'afxdp,afxdp-nonpmd,bareudp,erspan,geneve,gre,gtpu,internal,ip6erspan,ip6gre,lisp,patch,srv6,stt,system,tap,vxlan', 'is-interconn': 'false', 'ls-dpg-column': 'true', 'mac-binding-timestamp': 'true', 'ovn-bridge-mappings': 'public:br-ex', 'ovn-chassis-mac-mappings': '', 'ovn-cms-options': 'enable-chassis-as-gw', 'ovn-ct-lb-related': 'true', 'ovn-enable-lflow-cache': 'true', 'ovn-limit-lflow-cache': '', 'ovn-memlimit-lflow-cache-kb': '', 'ovn-monitor-all': 'false', 'ovn-trim-limit-lflow-cache': '', 'ovn-trim-timeout-ms': '', 'ovn-trim-wmark-perc-lflow-cache': '', 'port-up-notif': 'true'}, transport_zones=[], vtep_logical_switches=[]) old= {{(pid=103222) matches /opt/stack/data/venv/lib/python3.12/site-packages/ovsdbapp/backend/ovs_idl/event.py:55}}
May 21 23:14:29.319878 np0000176058 devstack@neutron-api.service[103222]: DEBUG neutron.plugins.ml2.drivers.ovn.mech_driver.ovsdb.ovsdb_monitor [None req-716538e4-b387-42e8-a5a6-364c8b37da82 None None] ChassisOVNAgentWriteEvent : Matched Chassis_Private, create, None None {{(pid=103222) matches /opt/stack/neutron/neutron/plugins/ml2/drivers/ovn/mech_driver/ovsdb/ovsdb_monitor.py:64}}
May 21 23:14:29.319979 np0000176058 devstack@neutron-api.service[103222]: DEBUG neutron.plugins.ml2.drivers.ovn.mech_driver.ovsdb.ovsdb_monitor [None req-716538e4-b387-42e8-a5a6-364c8b37da82 None None] ChassisAgentWriteEvent : Matched Chassis_Private, create, None None {{(pid=103222) matches /opt/stack/neutron/neutron/plugins/ml2/drivers/ovn/mech_driver/ovsdb/ovsdb_monitor.py:64}}
May 21 23:14:29.321279 np0000176058 devstack@neutron-api.service[103222]: INFO neutron.plugins.ml2.drivers.ovn.mech_driver.mech_driver [None req-716538e4-b387-42e8-a5a6-364c8b37da82 None None] WorkerService process has finished the post initialization
May 21 23:14:29.321736 np0000176058 devstack@neutron-api.service[103222]: INFO neutron.plugins.ml2.drivers.ovn.mech_driver.ovsdb.extensions.qos [-] Starting OVNClientQosExtension
May 21 23:14:29.322201 np0000176058 devstack@neutron-api.service[103222]: INFO neutron.plugins.ml2.drivers.ovn.mech_driver.ovsdb.extensions.placement [-] Starting OVNClientPlacementExtension
May 21 23:14:29.324496 np0000176058 devstack@neutron-api.service[103222]: WSGI app 0 (mountpoint='') ready in 7 seconds on interpreter 0x741b330a3668 pid: 103222 (default app)
May 21 23:14:34.245356 np0000176058 devstack@neutron-api.service[103224]: DEBUG neutron.plugins.ml2.drivers.ovn.mech_driver.ovsdb.ovsdb_monitor [-] Hash Ring: Node 78338f877a3f5123a63360756b1fa65f (host: np0000176058) handling event "update" for row 0bc90132-303c-4754-aee1-15b3f1a9e758 (table: Connection) {{(pid=103224) notify /opt/stack/neutron/neutron/plugins/ml2/drivers/ovn/mech_driver/ovsdb/ovsdb_monitor.py:986}}
May 21 23:14:34.245679 np0000176058 devstack@neutron-api.service[103221]: DEBUG neutron.plugins.ml2.drivers.ovn.mech_driver.ovsdb.ovsdb_monitor [-] Hash Ring: Node 38197a7ecade543b8b8564a0a3a032b5 (host: np0000176058) handling event "update" for row 0bc90132-303c-4754-aee1-15b3f1a9e758 (table: Connection) {{(pid=103221) notify /opt/stack/neutron/neutron/plugins/ml2/drivers/ovn/mech_driver/ovsdb/ovsdb_monitor.py:986}}
May 21 23:14:35.468428 np0000176058 devstack@neutron-api.service[103224]: DEBUG neutron.api.wsgi [None req-71d211fc-d398-4a69-b12c-4af476cc48f1 admin admin] Missing Content-Type {{(pid=103224) get_content_type /opt/stack/neutron/neutron/api/wsgi.py:80}}
May 21 23:14:35.468942 np0000176058 devstack@neutron-api.service[103224]: DEBUG neutron.api.wsgi [None req-71d211fc-d398-4a69-b12c-4af476cc48f1 admin admin] https://199.204.45.242/networking/v2.0/extensions returned with HTTP 200 {{(pid=103224) __call__ /opt/stack/neutron/neutron/api/wsgi.py:540}}
May 21 23:14:35.469201 np0000176058 devstack@neutron-api.service[103224]: [pid: 103224|app: 0|req: 2/2] 199.204.45.242 () {64 vars in 1323 bytes} [Thu May 21 23:14:35 2026] GET /networking/v2.0/extensions => generated 15209 bytes in 262 msecs (HTTP/1.1 200) 4 headers in 159 bytes (1 switches on core 0)
May 21 23:14:35.882980 np0000176058 devstack@neutron-api.service[103223]: DEBUG neutron.api.v2.base [None req-a1cd27c3-001e-4aba-b2ff-a56cba51a83f admin admin] Request body: {'subnetpool': {'default_prefixlen': 26, 'shared': True, 'is_default': True, 'prefixes': ['10.1.0.0/20'], 'name': 'shared-default-subnetpool-v4'}} {{(pid=103223) prepare_request_body /opt/stack/neutron/neutron/api/v2/base.py:727}}
May 21 23:14:36.111681 np0000176058 devstack@neutron-api.service[103223]: DEBUG neutron.policy [None req-a1cd27c3-001e-4aba-b2ff-a56cba51a83f admin admin] Loaded default policies from ['neutron'] under neutron.policies entry points {{(pid=103223) register_rules /opt/stack/neutron/neutron/policy.py:65}}
May 21 23:14:36.270702 np0000176058 devstack@neutron-api.service[103223]: DEBUG neutron_lib.callbacks.manager [None req-a1cd27c3-001e-4aba-b2ff-a56cba51a83f admin admin] Publish callbacks ['neutron.objects.securitygroup.RbacNeutronDbObjectMixin.validate_rbac_policy_change-2445572182039', 'neutron.objects.address_group.RbacNeutronDbObjectMixin.validate_rbac_policy_change-2445571815932', 'neutron.objects.network.RbacNeutronDbObjectMixin.validate_rbac_policy_change-2445572215819', 'neutron.objects.qos.policy.RbacNeutronDbObjectMixin.validate_rbac_policy_change-2445572225116', 'neutron.objects.subnetpool.RbacNeutronDbObjectMixin.validate_rbac_policy_change-2445572259087', 'neutron.objects.address_scope.RbacNeutronDbObjectMixin.validate_rbac_policy_change-2445572258732', 'neutron.plugins.ml2.plugin.External_net_db_mixin._process_ext_policy_create-1654870', 'neutron.plugins.ml2.plugin.NeutronDbPluginV2.validate_network_rbac_policy_change-1663042'] for rbac-policy (None), before_create {{(pid=103223) _notify_loop /opt/stack/data/venv/lib/python3.12/site-packages/neutron_lib/callbacks/manager.py:184}}
May 21 23:14:36.363565 np0000176058 devstack@neutron-api.service[103223]: DEBUG neutron_lib.callbacks.manager [None req-a1cd27c3-001e-4aba-b2ff-a56cba51a83f admin admin] Publish callbacks [] for subnetpool (None), before_response {{(pid=103223) _notify_loop /opt/stack/data/venv/lib/python3.12/site-packages/neutron_lib/callbacks/manager.py:184}}
May 21 23:14:36.364373 np0000176058 devstack@neutron-api.service[103223]: [pid: 103223|app: 0|req: 1/3] 199.204.45.242 () {68 vars in 1367 bytes} [Thu May 21 23:14:35 2026] POST /networking/v2.0/subnetpools => generated 533 bytes in 596 msecs (HTTP/1.1 201) 4 headers in 162 bytes (1 switches on core 0)
May 21 23:14:36.683707 np0000176058 devstack@neutron-api.service[103221]: DEBUG neutron.api.v2.base [None req-caf4e759-322c-4354-8ad3-ec69a8a59c71 admin admin] Request body: {'subnetpool': {'default_prefixlen': 64, 'shared': True, 'is_default': True, 'prefixes': ['fd69:79a8:91d3::/56'], 'name': 'shared-default-subnetpool-v6'}} {{(pid=103221) prepare_request_body /opt/stack/neutron/neutron/api/v2/base.py:727}}
May 21 23:14:36.872790 np0000176058 devstack@neutron-api.service[103221]: DEBUG neutron.policy [None req-caf4e759-322c-4354-8ad3-ec69a8a59c71 admin admin] Loaded default policies from ['neutron'] under neutron.policies entry points {{(pid=103221) register_rules /opt/stack/neutron/neutron/policy.py:65}}
May 21 23:14:37.020216 np0000176058 devstack@neutron-api.service[103221]: DEBUG neutron_lib.callbacks.manager [None req-caf4e759-322c-4354-8ad3-ec69a8a59c71 admin admin] Publish callbacks ['neutron.objects.securitygroup.RbacNeutronDbObjectMixin.validate_rbac_policy_change-2445572182413', 'neutron.objects.address_group.RbacNeutronDbObjectMixin.validate_rbac_policy_change-2445571815660', 'neutron.objects.network.RbacNeutronDbObjectMixin.validate_rbac_policy_change-2445572215930', 'neutron.objects.qos.policy.RbacNeutronDbObjectMixin.validate_rbac_policy_change-2445572217325', 'neutron.objects.subnetpool.RbacNeutronDbObjectMixin.validate_rbac_policy_change-2445572246829', 'neutron.objects.address_scope.RbacNeutronDbObjectMixin.validate_rbac_policy_change-2445572246342', 'neutron.plugins.ml2.plugin.External_net_db_mixin._process_ext_policy_create-453904', 'neutron.plugins.ml2.plugin.NeutronDbPluginV2.validate_network_rbac_policy_change-440512'] for rbac-policy (None), before_create {{(pid=103221) _notify_loop /opt/stack/data/venv/lib/python3.12/site-packages/neutron_lib/callbacks/manager.py:184}}
May 21 23:14:37.062755 np0000176058 devstack@neutron-api.service[103221]: DEBUG neutron_lib.callbacks.manager [None req-caf4e759-322c-4354-8ad3-ec69a8a59c71 admin admin] Publish callbacks [] for subnetpool (None), before_response {{(pid=103221) _notify_loop /opt/stack/data/venv/lib/python3.12/site-packages/neutron_lib/callbacks/manager.py:184}}
May 21 23:14:37.063280 np0000176058 devstack@neutron-api.service[103221]: [pid: 103221|app: 0|req: 1/4] 199.204.45.242 () {68 vars in 1367 bytes} [Thu May 21 23:14:36 2026] POST /networking/v2.0/subnetpools => generated 543 bytes in 490 msecs (HTTP/1.1 201) 4 headers in 162 bytes (1 switches on core 0)
May 21 23:14:37.490143 np0000176058 devstack@neutron-api.service[103222]: DEBUG neutron.api.v2.base [None req-dbdb90ba-195a-4351-a2fd-ac0ab6888bfd admin admin] Request body: {'network': {'admin_state_up': True, 'name': 'private'}} {{(pid=103222) prepare_request_body /opt/stack/neutron/neutron/api/v2/base.py:727}}
May 21 23:14:37.525225 np0000176058 devstack@neutron-api.service[103222]: DEBUG neutron.pecan_wsgi.hooks.quota_enforcement [None req-dbdb90ba-195a-4351-a2fd-ac0ab6888bfd admin admin] Made reservation on behalf of 2168d6b1fccd4a20961721fdab12a08b for: {'network': 1} {{(pid=103222) before /opt/stack/neutron/neutron/pecan_wsgi/hooks/quota_enforcement.py:66}}
May 21 23:14:37.700889 np0000176058 devstack@neutron-api.service[103222]: DEBUG neutron.policy [None req-dbdb90ba-195a-4351-a2fd-ac0ab6888bfd admin admin] Loaded default policies from ['neutron'] under neutron.policies entry points {{(pid=103222) register_rules /opt/stack/neutron/neutron/policy.py:65}}
May 21 23:14:37.806631 np0000176058 devstack@neutron-api.service[103222]: DEBUG neutron_lib.callbacks.manager [None req-dbdb90ba-195a-4351-a2fd-ac0ab6888bfd admin admin] Publish callbacks ['neutron.plugins.ml2.plugin.SecurityGroupDbMixin._ensure_default_security_group_handler-485984'] for network (None), before_create {{(pid=103222) _notify_loop /opt/stack/data/venv/lib/python3.12/site-packages/neutron_lib/callbacks/manager.py:184}}
May 21 23:14:37.826894 np0000176058 devstack@neutron-api.service[103222]: DEBUG neutron_lib.callbacks.manager [None req-dbdb90ba-195a-4351-a2fd-ac0ab6888bfd admin admin] Publish callbacks [] for security_group (None), before_create {{(pid=103222) _notify_loop /opt/stack/data/venv/lib/python3.12/site-packages/neutron_lib/callbacks/manager.py:184}}
May 21 23:14:37.917891 np0000176058 devstack@neutron-api.service[103222]: DEBUG neutron_lib.callbacks.manager [None req-dbdb90ba-195a-4351-a2fd-ac0ab6888bfd admin admin] Publish callbacks ['neutron.plugins.ml2.drivers.ovn.mech_driver.mech_driver.OVNMechanismDriver._create_security_group_precommit-8195682'] for security_group (1981d9fc-ad97-4870-8dbd-1c51411b0bf6), precommit_create {{(pid=103222) _notify_loop /opt/stack/data/venv/lib/python3.12/site-packages/neutron_lib/callbacks/manager.py:184}}
May 21 23:14:37.918117 np0000176058 devstack@neutron-api.service[103222]: DEBUG neutron.db.ovn_revision_numbers_db [None req-dbdb90ba-195a-4351-a2fd-ac0ab6888bfd admin admin] create_initial_revision uuid=1981d9fc-ad97-4870-8dbd-1c51411b0bf6, type=security_groups, rev=-1 {{(pid=103222) create_initial_revision /opt/stack/neutron/neutron/db/ovn_revision_numbers_db.py:98}}
May 21 23:14:37.920356 np0000176058 devstack@neutron-api.service[103222]: DEBUG neutron.db.ovn_revision_numbers_db [None req-dbdb90ba-195a-4351-a2fd-ac0ab6888bfd admin admin] create_initial_revision uuid=7f511cd1-61af-4e59-abab-49406b325867, type=security_group_rules, rev=-1 {{(pid=103222) create_initial_revision /opt/stack/neutron/neutron/db/ovn_revision_numbers_db.py:98}}
May 21 23:14:37.921473 np0000176058 devstack@neutron-api.service[103222]: DEBUG neutron.db.ovn_revision_numbers_db [None req-dbdb90ba-195a-4351-a2fd-ac0ab6888bfd admin admin] create_initial_revision uuid=96bc5ea6-3160-4644-8ddb-3182057564c1, type=security_group_rules, rev=-1 {{(pid=103222) create_initial_revision /opt/stack/neutron/neutron/db/ovn_revision_numbers_db.py:98}}
May 21 23:14:37.922350 np0000176058 devstack@neutron-api.service[103222]: DEBUG neutron.db.ovn_revision_numbers_db [None req-dbdb90ba-195a-4351-a2fd-ac0ab6888bfd admin admin] create_initial_revision uuid=ceb9c6ec-cd8f-4e3a-af97-7c4a05c95be2, type=security_group_rules, rev=-1 {{(pid=103222) create_initial_revision /opt/stack/neutron/neutron/db/ovn_revision_numbers_db.py:98}}
May 21 23:14:37.923396 np0000176058 devstack@neutron-api.service[103222]: DEBUG neutron.db.ovn_revision_numbers_db [None req-dbdb90ba-195a-4351-a2fd-ac0ab6888bfd admin admin] create_initial_revision uuid=df6fd4eb-e64e-4122-bd35-e81ebf71cc11, type=security_group_rules, rev=-1 {{(pid=103222) create_initial_revision /opt/stack/neutron/neutron/db/ovn_revision_numbers_db.py:98}}
May 21 23:14:37.931474 np0000176058 devstack@neutron-api.service[103222]: DEBUG neutron_lib.callbacks.manager [None req-dbdb90ba-195a-4351-a2fd-ac0ab6888bfd admin admin] Publish callbacks ['neutron.plugins.ml2.drivers.ovn.mech_driver.mech_driver.OVNMechanismDriver._create_security_group-8195704', 'neutron.plugins.ml2.ovo_rpc._ObjectChangeHandler.handle_event-6985498'] for security_group (1981d9fc-ad97-4870-8dbd-1c51411b0bf6), after_create {{(pid=103222) _notify_loop /opt/stack/data/venv/lib/python3.12/site-packages/neutron_lib/callbacks/manager.py:184}}
May 21 23:14:37.932863 np0000176058 devstack@neutron-api.service[103222]: DEBUG ovsdbapp.backend.ovs_idl.transaction [-] Running txn n=1 command(idx=0): PgAddCommand(_result=None, name=pg_1981d9fc_ad97_4870_8dbd_1c51411b0bf6, may_exist=False, columns={'acls': [], 'external_ids': {'neutron:security_group_id': '1981d9fc-ad97-4870-8dbd-1c51411b0bf6'}}) {{(pid=103222) do_commit /opt/stack/data/venv/lib/python3.12/site-packages/ovsdbapp/backend/ovs_idl/transaction.py:89}}
May 21 23:14:37.935240 np0000176058 devstack@neutron-api.service[103222]: DEBUG ovsdbapp.backend.ovs_idl.transaction [-] Running txn n=1 command(idx=1): PgAclAddCommand(_result=None, entity=pg_1981d9fc_ad97_4870_8dbd_1c51411b0bf6, direction=to-lport, priority=1002, match=outport == @pg_1981d9fc_ad97_4870_8dbd_1c51411b0bf6 && ip4 && ip4.src == $pg_1981d9fc_ad97_4870_8dbd_1c51411b0bf6_ip4, action=allow-related, log=False, may_exist=True, severity=[], name=[], meter=[], external_ids={'neutron:security_group_rule_id': '7f511cd1-61af-4e59-abab-49406b325867'}) {{(pid=103222) do_commit /opt/stack/data/venv/lib/python3.12/site-packages/ovsdbapp/backend/ovs_idl/transaction.py:89}}
May 21 23:14:37.935873 np0000176058 devstack@neutron-api.service[103222]: DEBUG ovsdbapp.backend.ovs_idl.transaction [-] Running txn n=1 command(idx=2): PgAclAddCommand(_result=None, entity=pg_1981d9fc_ad97_4870_8dbd_1c51411b0bf6, direction=from-lport, priority=1002, match=inport == @pg_1981d9fc_ad97_4870_8dbd_1c51411b0bf6 && ip4, action=allow-related, log=False, may_exist=True, severity=[], name=[], meter=[], external_ids={'neutron:security_group_rule_id': '96bc5ea6-3160-4644-8ddb-3182057564c1'}) {{(pid=103222) do_commit /opt/stack/data/venv/lib/python3.12/site-packages/ovsdbapp/backend/ovs_idl/transaction.py:89}}
May 21 23:14:37.936479 np0000176058 devstack@neutron-api.service[103222]: DEBUG ovsdbapp.backend.ovs_idl.transaction [-] Running txn n=1 command(idx=3): PgAclAddCommand(_result=None, entity=pg_1981d9fc_ad97_4870_8dbd_1c51411b0bf6, direction=from-lport, priority=1002, match=inport == @pg_1981d9fc_ad97_4870_8dbd_1c51411b0bf6 && ip6, action=allow-related, log=False, may_exist=True, severity=[], name=[], meter=[], external_ids={'neutron:security_group_rule_id': 'ceb9c6ec-cd8f-4e3a-af97-7c4a05c95be2'}) {{(pid=103222) do_commit /opt/stack/data/venv/lib/python3.12/site-packages/ovsdbapp/backend/ovs_idl/transaction.py:89}}
May 21 23:14:37.936991 np0000176058 devstack@neutron-api.service[103222]: DEBUG ovsdbapp.backend.ovs_idl.transaction [-] Running txn n=1 command(idx=4): PgAclAddCommand(_result=None, entity=pg_1981d9fc_ad97_4870_8dbd_1c51411b0bf6, direction=to-lport, priority=1002, match=outport == @pg_1981d9fc_ad97_4870_8dbd_1c51411b0bf6 && ip6 && ip6.src == $pg_1981d9fc_ad97_4870_8dbd_1c51411b0bf6_ip6, action=allow-related, log=False, may_exist=True, severity=[], name=[], meter=[], external_ids={'neutron:security_group_rule_id': 'df6fd4eb-e64e-4122-bd35-e81ebf71cc11'}) {{(pid=103222) do_commit /opt/stack/data/venv/lib/python3.12/site-packages/ovsdbapp/backend/ovs_idl/transaction.py:89}}
May 21 23:14:38.000555 np0000176058 devstack@neutron-api.service[103224]: DEBUG neutron.plugins.ml2.drivers.ovn.mech_driver.ovsdb.ovsdb_monitor [-] Hash Ring: Node 78338f877a3f5123a63360756b1fa65f (host: np0000176058) handling event "create" for row 05cfa1b0-803f-42f2-afb8-153dcf813059 (table: ACL) {{(pid=103224) notify /opt/stack/neutron/neutron/plugins/ml2/drivers/ovn/mech_driver/ovsdb/ovsdb_monitor.py:986}}
May 21 23:14:38.000555 np0000176058 devstack@neutron-api.service[103224]: DEBUG neutron.plugins.ml2.drivers.ovn.mech_driver.ovsdb.ovsdb_monitor [-] Hash Ring: Node 78338f877a3f5123a63360756b1fa65f (host: np0000176058) handling event "create" for row 2ecbbf70-bc2b-4e3c-9f7d-efb9ff2e5918 (table: ACL) {{(pid=103224) notify /opt/stack/neutron/neutron/plugins/ml2/drivers/ovn/mech_driver/ovsdb/ovsdb_monitor.py:986}}
May 21 23:14:38.001197 np0000176058 devstack@neutron-api.service[103224]: DEBUG neutron.plugins.ml2.drivers.ovn.mech_driver.ovsdb.ovsdb_monitor [-] Hash Ring: Node 78338f877a3f5123a63360756b1fa65f (host: np0000176058) handling event "create" for row 9797086c-e191-4511-bb7b-f11351ff9131 (table: ACL) {{(pid=103224) notify /opt/stack/neutron/neutron/plugins/ml2/drivers/ovn/mech_driver/ovsdb/ovsdb_monitor.py:986}}
May 21 23:14:38.001197 np0000176058 devstack@neutron-api.service[103224]: DEBUG neutron.plugins.ml2.drivers.ovn.mech_driver.ovsdb.ovsdb_monitor [-] Hash Ring: Node 78338f877a3f5123a63360756b1fa65f (host: np0000176058) handling event "create" for row c745c59e-b15a-4538-836e-9f3baaef20db (table: ACL) {{(pid=103224) notify /opt/stack/neutron/neutron/plugins/ml2/drivers/ovn/mech_driver/ovsdb/ovsdb_monitor.py:986}}
May 21 23:14:38.001197 np0000176058 devstack@neutron-api.service[103224]: DEBUG neutron.plugins.ml2.drivers.ovn.mech_driver.ovsdb.ovsdb_monitor [-] Hash Ring: Node 78338f877a3f5123a63360756b1fa65f (host: np0000176058) handling event "create" for row b68ba628-c8ff-4114-b05f-30ad5c3ee239 (table: Port_Group) {{(pid=103224) notify /opt/stack/neutron/neutron/plugins/ml2/drivers/ovn/mech_driver/ovsdb/ovsdb_monitor.py:986}}
May 21 23:14:38.001424 np0000176058 devstack@neutron-api.service[103223]: DEBUG neutron.plugins.ml2.drivers.ovn.mech_driver.ovsdb.ovsdb_monitor [-] Hash Ring: Node b9c39b85147a5ef58c2c419d972acd4a (host: np0000176058) handling event "create" for row c745c59e-b15a-4538-836e-9f3baaef20db (table: ACL) {{(pid=103223) notify /opt/stack/neutron/neutron/plugins/ml2/drivers/ovn/mech_driver/ovsdb/ovsdb_monitor.py:986}}
May 21 23:14:38.004398 np0000176058 devstack@neutron-api.service[103221]: DEBUG neutron.plugins.ml2.drivers.ovn.mech_driver.ovsdb.ovsdb_monitor [-] Hash Ring: Node 38197a7ecade543b8b8564a0a3a032b5 (host: np0000176058) handling event "create" for row 05cfa1b0-803f-42f2-afb8-153dcf813059 (table: ACL) {{(pid=103221) notify /opt/stack/neutron/neutron/plugins/ml2/drivers/ovn/mech_driver/ovsdb/ovsdb_monitor.py:986}}
May 21 23:14:38.004772 np0000176058 devstack@neutron-api.service[103221]: DEBUG neutron.plugins.ml2.drivers.ovn.mech_driver.ovsdb.ovsdb_monitor [-] Hash Ring: Node 38197a7ecade543b8b8564a0a3a032b5 (host: np0000176058) handling event "create" for row 2ecbbf70-bc2b-4e3c-9f7d-efb9ff2e5918 (table: ACL) {{(pid=103221) notify /opt/stack/neutron/neutron/plugins/ml2/drivers/ovn/mech_driver/ovsdb/ovsdb_monitor.py:986}}
May 21 23:14:38.005357 np0000176058 devstack@neutron-api.service[103221]: DEBUG neutron.plugins.ml2.drivers.ovn.mech_driver.ovsdb.ovsdb_monitor [-] Hash Ring: Node 38197a7ecade543b8b8564a0a3a032b5 (host: np0000176058) handling event "create" for row b68ba628-c8ff-4114-b05f-30ad5c3ee239 (table: Port_Group) {{(pid=103221) notify /opt/stack/neutron/neutron/plugins/ml2/drivers/ovn/mech_driver/ovsdb/ovsdb_monitor.py:986}}
May 21 23:14:38.024572 np0000176058 devstack@neutron-api.service[103222]: INFO neutron.db.ovn_revision_numbers_db [None req-dbdb90ba-195a-4351-a2fd-ac0ab6888bfd admin admin] Successfully bumped revision number for resource 1981d9fc-ad97-4870-8dbd-1c51411b0bf6 (type: security_groups) to 1
May 21 23:14:38.046866 np0000176058 devstack@neutron-api.service[103222]: INFO neutron.db.ovn_revision_numbers_db [None req-dbdb90ba-195a-4351-a2fd-ac0ab6888bfd admin admin] Successfully bumped revision number for resource 7f511cd1-61af-4e59-abab-49406b325867 (type: security_group_rules) to 0
May 21 23:14:38.072191 np0000176058 devstack@neutron-api.service[103222]: INFO neutron.db.ovn_revision_numbers_db [None req-dbdb90ba-195a-4351-a2fd-ac0ab6888bfd admin admin] Successfully bumped revision number for resource 96bc5ea6-3160-4644-8ddb-3182057564c1 (type: security_group_rules) to 0
May 21 23:14:38.090833 np0000176058 devstack@neutron-api.service[103222]: INFO neutron.db.ovn_revision_numbers_db [None req-dbdb90ba-195a-4351-a2fd-ac0ab6888bfd admin admin] Successfully bumped revision number for resource ceb9c6ec-cd8f-4e3a-af97-7c4a05c95be2 (type: security_group_rules) to 0
May 21 23:14:38.106436 np0000176058 devstack@neutron-api.service[103222]: INFO neutron.db.ovn_revision_numbers_db [None req-dbdb90ba-195a-4351-a2fd-ac0ab6888bfd admin admin] Successfully bumped revision number for resource df6fd4eb-e64e-4122-bd35-e81ebf71cc11 (type: security_group_rules) to 0
May 21 23:14:38.130301 np0000176058 devstack@neutron-api.service[103222]: DEBUG neutron.api.rpc.handlers.resources_rpc [None req-dbdb90ba-195a-4351-a2fd-ac0ab6888bfd admin admin] Pushing event updated for resources: {'SecurityGroup': ['ID=1981d9fc-ad97-4870-8dbd-1c51411b0bf6,revision_number=1']} {{(pid=103222) push /opt/stack/neutron/neutron/api/rpc/handlers/resources_rpc.py:237}}
May 21 23:14:38.136627 np0000176058 devstack@neutron-api.service[103222]: DEBUG ovsdbapp.backend.ovs_idl.transaction [-] Running txn n=1 command(idx=0): CheckLivenessCommand(_result=None) {{(pid=103222) do_commit /opt/stack/data/venv/lib/python3.12/site-packages/ovsdbapp/backend/ovs_idl/transaction.py:89}}
May 21 23:14:38.140264 np0000176058 devstack@neutron-api.service[103224]: DEBUG neutron.plugins.ml2.drivers.ovn.mech_driver.ovsdb.ovsdb_monitor [-] Hash Ring: Node 78338f877a3f5123a63360756b1fa65f (host: np0000176058) handling event "update" for row fc56d033-d1cf-4a0b-a67a-77bc6686fcee (table: NB_Global) {{(pid=103224) notify /opt/stack/neutron/neutron/plugins/ml2/drivers/ovn/mech_driver/ovsdb/ovsdb_monitor.py:986}}
May 21 23:14:38.140535 np0000176058 devstack@neutron-api.service[103223]: DEBUG neutron.plugins.ml2.drivers.ovn.mech_driver.ovsdb.ovsdb_monitor [-] Hash Ring: Node b9c39b85147a5ef58c2c419d972acd4a (host: np0000176058) handling event "update" for row fc56d033-d1cf-4a0b-a67a-77bc6686fcee (table: NB_Global) {{(pid=103223) notify /opt/stack/neutron/neutron/plugins/ml2/drivers/ovn/mech_driver/ovsdb/ovsdb_monitor.py:986}}
May 21 23:14:38.140932 np0000176058 devstack@neutron-api.service[103223]: DEBUG neutron.plugins.ml2.drivers.ovn.mech_driver.ovsdb.ovsdb_monitor [-] Hash Ring: Node b9c39b85147a5ef58c2c419d972acd4a (host: np0000176058) handling event "update" for row fc56d033-d1cf-4a0b-a67a-77bc6686fcee (table: NB_Global) {{(pid=103223) notify /opt/stack/neutron/neutron/plugins/ml2/drivers/ovn/mech_driver/ovsdb/ovsdb_monitor.py:986}}
May 21 23:14:38.141158 np0000176058 devstack@neutron-api.service[103224]: DEBUG neutron.plugins.ml2.drivers.ovn.mech_driver.ovsdb.ovsdb_monitor [-] Hash Ring: Node 78338f877a3f5123a63360756b1fa65f (host: np0000176058) handling event "update" for row fc56d033-d1cf-4a0b-a67a-77bc6686fcee (table: NB_Global) {{(pid=103224) notify /opt/stack/neutron/neutron/plugins/ml2/drivers/ovn/mech_driver/ovsdb/ovsdb_monitor.py:986}}
May 21 23:14:38.141964 np0000176058 devstack@neutron-api.service[103223]: DEBUG neutron.plugins.ml2.drivers.ovn.mech_driver.ovsdb.ovsdb_monitor [-] Hash Ring: Node b9c39b85147a5ef58c2c419d972acd4a (host: np0000176058) handling event "update" for row fc56d033-d1cf-4a0b-a67a-77bc6686fcee (table: NB_Global) {{(pid=103223) notify /opt/stack/neutron/neutron/plugins/ml2/drivers/ovn/mech_driver/ovsdb/ovsdb_monitor.py:986}}
May 21 23:14:38.142918 np0000176058 devstack@neutron-api.service[103222]: DEBUG neutron.api.rpc.callbacks.version_manager [None req-dbdb90ba-195a-4351-a2fd-ac0ab6888bfd admin admin] Tracked resource versions report:
May 21 23:14:38.142918 np0000176058 devstack@neutron-api.service[103222]: pushed versions:
May 21 23:14:38.142918 np0000176058 devstack@neutron-api.service[103222]: { 'AddressGroup': {'1.2'},
May 21 23:14:38.142918 np0000176058 devstack@neutron-api.service[103222]: 'Agent': {'1.1'},
May 21 23:14:38.142918 np0000176058 devstack@neutron-api.service[103222]: 'ConntrackHelper': {'1.0'},
May 21 23:14:38.142918 np0000176058 devstack@neutron-api.service[103222]: 'LocalIPAssociation': {'1.0'},
May 21 23:14:38.142918 np0000176058 devstack@neutron-api.service[103222]: 'Log': {'1.0'},
May 21 23:14:38.142918 np0000176058 devstack@neutron-api.service[103222]: 'NDPProxy': {'1.0'},
May 21 23:14:38.142918 np0000176058 devstack@neutron-api.service[103222]: 'Network': {'1.2'},
May 21 23:14:38.142918 np0000176058 devstack@neutron-api.service[103222]: 'Port': {'1.10'},
May 21 23:14:38.142918 np0000176058 devstack@neutron-api.service[103222]: 'PortForwarding': {'1.3'},
May 21 23:14:38.142918 np0000176058 devstack@neutron-api.service[103222]: 'QosPolicy': {'1.10'},
May 21 23:14:38.142918 np0000176058 devstack@neutron-api.service[103222]: 'SecurityGroup': {'1.6'},
May 21 23:14:38.142918 np0000176058 devstack@neutron-api.service[103222]: 'SecurityGroupRule': {'1.3'},
May 21 23:14:38.142918 np0000176058 devstack@neutron-api.service[103222]: 'SubPort': {'1.0'},
May 21 23:14:38.142918 np0000176058 devstack@neutron-api.service[103222]: 'Subnet': {'1.2'},
May 21 23:14:38.142918 np0000176058 devstack@neutron-api.service[103222]: 'Trunk': {'1.1'}}
May 21 23:14:38.142918 np0000176058 devstack@neutron-api.service[103222]: consumer versions:
May 21 23:14:38.142918 np0000176058 devstack@neutron-api.service[103222]: {}
May 21 23:14:38.142918 np0000176058 devstack@neutron-api.service[103222]: {{(pid=103222) report /opt/stack/neutron/neutron/api/rpc/callbacks/version_manager.py:183}}
May 21 23:14:38.145951 np0000176058 devstack@neutron-api.service[103224]: DEBUG neutron.plugins.ml2.drivers.ovn.mech_driver.ovsdb.ovsdb_monitor [-] ChassisAgentWriteEvent : Matched Chassis_Private, update, None None {{(pid=103224) matches /opt/stack/neutron/neutron/plugins/ml2/drivers/ovn/mech_driver/ovsdb/ovsdb_monitor.py:64}}
May 21 23:14:38.146220 np0000176058 devstack@neutron-api.service[103223]: DEBUG neutron.plugins.ml2.drivers.ovn.mech_driver.ovsdb.ovsdb_monitor [-] ChassisAgentWriteEvent : Matched Chassis_Private, update, None None {{(pid=103223) matches /opt/stack/neutron/neutron/plugins/ml2/drivers/ovn/mech_driver/ovsdb/ovsdb_monitor.py:64}}
May 21 23:14:38.146646 np0000176058 devstack@neutron-api.service[103221]: DEBUG neutron.plugins.ml2.drivers.ovn.mech_driver.ovsdb.ovsdb_monitor [-] ChassisAgentWriteEvent : Matched Chassis_Private, update, None None {{(pid=103221) matches /opt/stack/neutron/neutron/plugins/ml2/drivers/ovn/mech_driver/ovsdb/ovsdb_monitor.py:64}}
May 21 23:14:38.146861 np0000176058 devstack@neutron-api.service[103223]: DEBUG neutron.plugins.ml2.drivers.ovn.mech_driver.ovsdb.ovsdb_monitor [-] Hash Ring: Node b9c39b85147a5ef58c2c419d972acd4a (host: np0000176058) handling event "update" for row 8a2a77cc-bd4b-4cf5-b1df-65dc9829edb6 (table: Chassis_Private) {{(pid=103223) notify /opt/stack/neutron/neutron/plugins/ml2/drivers/ovn/mech_driver/ovsdb/ovsdb_monitor.py:986}}
May 21 23:14:38.147105 np0000176058 devstack@neutron-api.service[103223]: DEBUG neutron.plugins.ml2.drivers.ovn.mech_driver.ovsdb.ovsdb_monitor [-] Hash Ring: Node b9c39b85147a5ef58c2c419d972acd4a (host: np0000176058) handling event "update" for row fc56d033-d1cf-4a0b-a67a-77bc6686fcee (table: NB_Global) {{(pid=103223) notify /opt/stack/neutron/neutron/plugins/ml2/drivers/ovn/mech_driver/ovsdb/ovsdb_monitor.py:986}}
May 21 23:14:38.147700 np0000176058 devstack@neutron-api.service[103224]: DEBUG neutron.plugins.ml2.drivers.ovn.mech_driver.ovsdb.ovsdb_monitor [-] Hash Ring: Node 78338f877a3f5123a63360756b1fa65f (host: np0000176058) handling event "update" for row fc56d033-d1cf-4a0b-a67a-77bc6686fcee (table: NB_Global) {{(pid=103224) notify /opt/stack/neutron/neutron/plugins/ml2/drivers/ovn/mech_driver/ovsdb/ovsdb_monitor.py:986}}
May 21 23:14:38.149164 np0000176058 devstack@neutron-api.service[103223]: DEBUG neutron.plugins.ml2.drivers.ovn.mech_driver.ovsdb.ovsdb_monitor [-] ChassisOVNAgentWriteEvent : Matched Chassis_Private, update, None None {{(pid=103223) matches /opt/stack/neutron/neutron/plugins/ml2/drivers/ovn/mech_driver/ovsdb/ovsdb_monitor.py:64}}
May 21 23:14:38.149587 np0000176058 devstack@neutron-api.service[103223]: DEBUG neutron.plugins.ml2.drivers.ovn.mech_driver.ovsdb.ovsdb_monitor [-] Hash Ring: Node b9c39b85147a5ef58c2c419d972acd4a (host: np0000176058) handling event "update" for row 8a2a77cc-bd4b-4cf5-b1df-65dc9829edb6 (table: Chassis_Private) {{(pid=103223) notify /opt/stack/neutron/neutron/plugins/ml2/drivers/ovn/mech_driver/ovsdb/ovsdb_monitor.py:986}}
May 21 23:14:38.149719 np0000176058 devstack@neutron-api.service[103221]: DEBUG neutron.plugins.ml2.drivers.ovn.mech_driver.ovsdb.ovsdb_monitor [-] ChassisOVNAgentWriteEvent : Matched Chassis_Private, update, None None {{(pid=103221) matches /opt/stack/neutron/neutron/plugins/ml2/drivers/ovn/mech_driver/ovsdb/ovsdb_monitor.py:64}}
May 21 23:14:38.151624 np0000176058 devstack@neutron-api.service[103224]: DEBUG neutron.plugins.ml2.drivers.ovn.mech_driver.ovsdb.ovsdb_monitor [-] Hash Ring: Node 78338f877a3f5123a63360756b1fa65f (host: np0000176058) handling event "update" for row fc56d033-d1cf-4a0b-a67a-77bc6686fcee (table: NB_Global) {{(pid=103224) notify /opt/stack/neutron/neutron/plugins/ml2/drivers/ovn/mech_driver/ovsdb/ovsdb_monitor.py:986}}
May 21 23:14:38.152803 np0000176058 devstack@neutron-api.service[103224]: DEBUG neutron.common.ovn.hash_ring_manager [-] Allow caching, nodes 4>=4 {{(pid=103224) _wait_startup_before_caching /opt/stack/neutron/neutron/common/ovn/hash_ring_manager.py:65}}
May 21 23:14:38.153041 np0000176058 devstack@neutron-api.service[103224]: DEBUG neutron.plugins.ml2.drivers.ovn.mech_driver.ovsdb.ovsdb_monitor [-] Hash Ring: Node 78338f877a3f5123a63360756b1fa65f (host: np0000176058) handling event "update" for row 8a2a77cc-bd4b-4cf5-b1df-65dc9829edb6 (table: Chassis_Private) {{(pid=103224) notify /opt/stack/neutron/neutron/plugins/ml2/drivers/ovn/mech_driver/ovsdb/ovsdb_monitor.py:986}}
May 21 23:14:38.154424 np0000176058 devstack@neutron-api.service[103224]: DEBUG neutron.plugins.ml2.drivers.ovn.mech_driver.ovsdb.ovsdb_monitor [-] ChassisOVNAgentWriteEvent : Matched Chassis_Private, update, None None {{(pid=103224) matches /opt/stack/neutron/neutron/plugins/ml2/drivers/ovn/mech_driver/ovsdb/ovsdb_monitor.py:64}}
May 21 23:14:38.154889 np0000176058 devstack@neutron-api.service[103224]: DEBUG neutron.plugins.ml2.drivers.ovn.mech_driver.ovsdb.ovsdb_monitor [-] Hash Ring: Node 78338f877a3f5123a63360756b1fa65f (host: np0000176058) handling event "update" for row 8a2a77cc-bd4b-4cf5-b1df-65dc9829edb6 (table: Chassis_Private) {{(pid=103224) notify /opt/stack/neutron/neutron/plugins/ml2/drivers/ovn/mech_driver/ovsdb/ovsdb_monitor.py:986}}
May 21 23:14:38.156805 np0000176058 devstack@neutron-api.service[103222]: DEBUG neutron.plugins.ml2.drivers.ovn.mech_driver.ovsdb.ovsdb_monitor [-] ChassisAgentWriteEvent : Matched Chassis_Private, update, None None {{(pid=103222) matches /opt/stack/neutron/neutron/plugins/ml2/drivers/ovn/mech_driver/ovsdb/ovsdb_monitor.py:64}}
May 21 23:14:38.159385 np0000176058 devstack@neutron-api.service[103222]: DEBUG neutron.plugins.ml2.drivers.ovn.mech_driver.ovsdb.ovsdb_monitor [-] ChassisOVNAgentWriteEvent : Matched Chassis_Private, update, None None {{(pid=103222) matches /opt/stack/neutron/neutron/plugins/ml2/drivers/ovn/mech_driver/ovsdb/ovsdb_monitor.py:64}}
May 21 23:14:38.216314 np0000176058 devstack@neutron-api.service[103222]: DEBUG neutron.plugins.ml2.drivers.helpers [None req-dbdb90ba-195a-4351-a2fd-ac0ab6888bfd admin admin] geneve segment allocate from pool success with {'geneve_vni': 31689} {{(pid=103222) allocate_partially_specified_segment /opt/stack/neutron/neutron/plugins/ml2/drivers/helpers.py:142}}
May 21 23:14:38.229370 np0000176058 devstack@neutron-api.service[103222]: DEBUG neutron_lib.callbacks.manager [None req-dbdb90ba-195a-4351-a2fd-ac0ab6888bfd admin admin] Publish callbacks ['neutron.services.segments.db._add_segment_host_mapping_for_segment-7978753429074', 'neutron.plugins.ml2.plugin.Ml2Plugin._handle_segment_change-238650'] for segment (e6282615-9277-412d-ac4c-db962bf3cb8b), precommit_create {{(pid=103222) _notify_loop /opt/stack/data/venv/lib/python3.12/site-packages/neutron_lib/callbacks/manager.py:184}}
May 21 23:14:38.229567 np0000176058 devstack@neutron-api.service[103222]: INFO neutron.db.segments_db [None req-dbdb90ba-195a-4351-a2fd-ac0ab6888bfd admin admin] Added segment e6282615-9277-412d-ac4c-db962bf3cb8b of type geneve for network 949df47a-dd7f-4a7f-9578-79569b71d61d
May 21 23:14:38.270564 np0000176058 devstack@neutron-api.service[103222]: DEBUG neutron_lib.callbacks.manager [None req-dbdb90ba-195a-4351-a2fd-ac0ab6888bfd admin admin] Publish callbacks ['neutron.services.auto_allocate.db._ensure_external_network_default_value_callback-7978751740138'] for network (949df47a-dd7f-4a7f-9578-79569b71d61d), precommit_create {{(pid=103222) _notify_loop /opt/stack/data/venv/lib/python3.12/site-packages/neutron_lib/callbacks/manager.py:184}}
May 21 23:14:38.287003 np0000176058 devstack@neutron-api.service[103222]: DEBUG neutron.plugins.ml2.drivers.ovn.mech_driver.mech_driver [None req-dbdb90ba-195a-4351-a2fd-ac0ab6888bfd admin admin] Validating network segment with type geneve, segmentation ID 31689, physical network None {{(pid=103222) _validate_network_segments /opt/stack/neutron/neutron/plugins/ml2/drivers/ovn/mech_driver/mech_driver.py:641}}
May 21 23:14:38.287188 np0000176058 devstack@neutron-api.service[103222]: DEBUG neutron.db.ovn_revision_numbers_db [None req-dbdb90ba-195a-4351-a2fd-ac0ab6888bfd admin admin] create_initial_revision uuid=949df47a-dd7f-4a7f-9578-79569b71d61d, type=networks, rev=-1 {{(pid=103222) create_initial_revision /opt/stack/neutron/neutron/db/ovn_revision_numbers_db.py:98}}
May 21 23:14:38.304041 np0000176058 devstack@neutron-api.service[103222]: DEBUG neutron_lib.callbacks.manager [None req-dbdb90ba-195a-4351-a2fd-ac0ab6888bfd admin admin] Publish callbacks ['neutron.plugins.ml2.ovo_rpc._ObjectChangeHandler.handle_event-6985446'] for network (949df47a-dd7f-4a7f-9578-79569b71d61d), after_create {{(pid=103222) _notify_loop /opt/stack/data/venv/lib/python3.12/site-packages/neutron_lib/callbacks/manager.py:184}}
May 21 23:14:38.356166 np0000176058 devstack@neutron-api.service[103222]: DEBUG neutron.api.rpc.handlers.resources_rpc [None req-dbdb90ba-195a-4351-a2fd-ac0ab6888bfd admin admin] Pushing event updated for resources: {'Network': ['ID=949df47a-dd7f-4a7f-9578-79569b71d61d,revision_number=1']} {{(pid=103222) push /opt/stack/neutron/neutron/api/rpc/handlers/resources_rpc.py:237}}
May 21 23:14:38.364697 np0000176058 devstack@neutron-api.service[103222]: DEBUG ovsdbapp.backend.ovs_idl.transaction [-] Running txn n=1 command(idx=0): AddNetworkCommand(_result=None, network_uuid=949df47a-dd7f-4a7f-9578-79569b71d61d, may_exist=True, columns={'external_ids': {'neutron:network_name': 'private', 'neutron:mtu': '1372', 'neutron:revision_number': '1', 'neutron:availability_zone_hints': '', 'neutron:provnet-network-type': 'geneve'}, 'other_config': {'mcast_snoop': 'false', 'mcast_flood_unregistered': 'false', 'vlan-passthru': 'false'}}) {{(pid=103222) do_commit /opt/stack/data/venv/lib/python3.12/site-packages/ovsdbapp/backend/ovs_idl/transaction.py:89}}
