May 21 23:14:28.763524 np0000176058 devstack@neutron-api.service[103223]: DEBUG neutron.api.extensions [None req-fbfc118f-be5b-4cd0-955e-8cc09bcdf32a None None] Ext name="Neutron Service Flavors" alias="flavors" description="Flavor specification for Neutron advanced services." updated="2015-09-17T10:00:00-00:00" {{(pid=103223) _check_extension /opt/stack/neutron/neutron/api/extensions.py:415}}
May 21 23:14:28.763582 np0000176058 devstack@neutron-api.service[103222]: DEBUG neutron_lib.callbacks.manager [None req-716538e4-b387-42e8-a5a6-364c8b37da82 None None] Subscribe: > security_group precommit_delete 55550000, False {{(pid=103222) subscribe /opt/stack/data/venv/lib/python3.12/site-packages/neutron_lib/callbacks/manager.py:52}}
May 21 23:14:28.763611 np0000176058 devstack@neutron-api.service[103221]: DEBUG neutron_lib.callbacks.manager [None req-689e718b-88fc-4468-96e5-f3357a7f7f1f None None] Subscribe: port after_update 55550000, False {{(pid=103221) subscribe /opt/stack/data/venv/lib/python3.12/site-packages/neutron_lib/callbacks/manager.py:52}}
May 21 23:14:28.763661 np0000176058 devstack@neutron-api.service[103223]: INFO neutron.api.extensions [None req-fbfc118f-be5b-4cd0-955e-8cc09bcdf32a None None] Loaded extension: flavors
May 21 23:14:28.763709 np0000176058 devstack@neutron-api.service[103221]: DEBUG neutron_lib.callbacks.manager [None req-689e718b-88fc-4468-96e5-f3357a7f7f1f None None] Subscribe: > port precommit_delete 55550000, False {{(pid=103221) subscribe /opt/stack/data/venv/lib/python3.12/site-packages/neutron_lib/callbacks/manager.py:52}}
May 21 23:14:28.763750 np0000176058 devstack@neutron-api.service[103223]: DEBUG neutron.api.extensions [None req-fbfc118f-be5b-4cd0-955e-8cc09bcdf32a None None] Loading extension file: floating_ip_port_forwarding.py {{(pid=103223) _load_all_extensions_from_path /opt/stack/neutron/neutron/api/extensions.py:449}}
May 21 23:14:28.763809 np0000176058 devstack@neutron-api.service[103222]: DEBUG neutron_lib.callbacks.manager [None req-716538e4-b387-42e8-a5a6-364c8b37da82 None None] Subscribe: > security_group after_delete 55550000, False {{(pid=103222) subscribe /opt/stack/data/venv/lib/python3.12/site-packages/neutron_lib/callbacks/manager.py:52}}
May 21 23:14:28.763838 np0000176058 devstack@neutron-api.service[103221]: DEBUG neutron_lib.callbacks.manager [None req-689e718b-88fc-4468-96e5-f3357a7f7f1f None None] Subscribe: port before_update 55550000, False {{(pid=103221) subscribe /opt/stack/data/venv/lib/python3.12/site-packages/neutron_lib/callbacks/manager.py:52}}
May 21 23:14:28.763917 np0000176058 devstack@neutron-api.service[103221]: DEBUG neutron_lib.callbacks.manager [None req-689e718b-88fc-4468-96e5-f3357a7f7f1f None None] Subscribe: port before_delete 55550000, False {{(pid=103221) subscribe /opt/stack/data/venv/lib/python3.12/site-packages/neutron_lib/callbacks/manager.py:52}}
May 21 23:14:28.764022 np0000176058 devstack@neutron-api.service[103221]: DEBUG neutron_lib.callbacks.manager [None req-689e718b-88fc-4468-96e5-f3357a7f7f1f None None] Subscribe: > router precommit_create 55550000, False {{(pid=103221) subscribe /opt/stack/data/venv/lib/python3.12/site-packages/neutron_lib/callbacks/manager.py:52}}
May 21 23:14:28.764056 np0000176058 devstack@neutron-api.service[103222]: DEBUG neutron_lib.callbacks.manager [None req-716538e4-b387-42e8-a5a6-364c8b37da82 None None] Subscribe: > security_group_rule precommit_create 55550000, False {{(pid=103222) subscribe /opt/stack/data/venv/lib/python3.12/site-packages/neutron_lib/callbacks/manager.py:52}}
May 21 23:14:28.764094 np0000176058 devstack@neutron-api.service[103223]: DEBUG neutron.api.extensions [None req-fbfc118f-be5b-4cd0-955e-8cc09bcdf32a None None] Ext name="Floating IP Port Forwarding" alias="floating-ip-port-forwarding" description="Allow port forwarding from floating IP port to an internal port" updated="2018-01-19T10:00:00-00:00" {{(pid=103223) _check_extension /opt/stack/neutron/neutron/api/extensions.py:415}}
May 21 23:14:28.764143 np0000176058 devstack@neutron-api.service[103221]: DEBUG neutron_lib.callbacks.manager [None req-689e718b-88fc-4468-96e5-f3357a7f7f1f None None] Subscribe: > router precommit_create 55550000, False {{(pid=103221) subscribe /opt/stack/data/venv/lib/python3.12/site-packages/neutron_lib/callbacks/manager.py:52}}
May 21 23:14:28.764236 np0000176058 devstack@neutron-api.service[103223]: INFO neutron.api.extensions [None req-fbfc118f-be5b-4cd0-955e-8cc09bcdf32a None None] Extension floating-ip-port-forwarding not supported by any of loaded plugins
May 21 23:14:28.764269 np0000176058 devstack@neutron-api.service[103221]: DEBUG neutron_lib.callbacks.manager [None req-689e718b-88fc-4468-96e5-f3357a7f7f1f None None] Subscribe: > router precommit_update 55550000, False {{(pid=103221) subscribe /opt/stack/data/venv/lib/python3.12/site-packages/neutron_lib/callbacks/manager.py:52}}
May 21 23:14:28.764296 np0000176058 devstack@neutron-api.service[103222]: DEBUG neutron_lib.callbacks.manager [None req-716538e4-b387-42e8-a5a6-364c8b37da82 None None] Subscribe: > security_group_rule after_create 55550000, False {{(pid=103222) subscribe /opt/stack/data/venv/lib/python3.12/site-packages/neutron_lib/callbacks/manager.py:52}}
May 21 23:14:28.764324 np0000176058 devstack@neutron-api.service[103223]: DEBUG neutron.api.extensions [None req-fbfc118f-be5b-4cd0-955e-8cc09bcdf32a None None] Loading extension file: floatingip_pools.py {{(pid=103223) _load_all_extensions_from_path /opt/stack/neutron/neutron/api/extensions.py:449}}
May 21 23:14:28.764356 np0000176058 devstack@neutron-api.service[103221]: DEBUG neutron_lib.callbacks.manager [None req-689e718b-88fc-4468-96e5-f3357a7f7f1f None None] Subscribe: subnet after_update 55550000, False {{(pid=103221) subscribe /opt/stack/data/venv/lib/python3.12/site-packages/neutron_lib/callbacks/manager.py:52}}
May 21 23:14:28.764490 np0000176058 devstack@neutron-api.service[103222]: DEBUG neutron_lib.callbacks.manager [None req-716538e4-b387-42e8-a5a6-364c8b37da82 None None] Subscribe: > security_group_rule before_delete 55550000, False {{(pid=103222) subscribe /opt/stack/data/venv/lib/python3.12/site-packages/neutron_lib/callbacks/manager.py:52}}
May 21 23:14:28.764565 np0000176058 devstack@neutron-api.service[103221]: DEBUG neutron.quota.resource_registry [None req-689e718b-88fc-4468-96e5-f3357a7f7f1f None None] Tracking information for resource: router configured {{(pid=103221) set_tracked_resource /opt/stack/neutron/neutron/quota/resource_registry.py:203}}
May 21 23:14:28.764597 np0000176058 devstack@neutron-api.service[103223]: DEBUG neutron.api.extensions [None req-fbfc118f-be5b-4cd0-955e-8cc09bcdf32a None None] Ext name="Floating IP Pools Extension" alias="floatingip-pools" description="Provides a floating IP pools API." updated="2018-03-21T10:00:00-00:00" {{(pid=103223) _check_extension /opt/stack/neutron/neutron/api/extensions.py:415}}
May 21 23:14:28.764664 np0000176058 devstack@neutron-api.service[103221]: DEBUG neutron.quota.resource_registry [None req-689e718b-88fc-4468-96e5-f3357a7f7f1f None None] Tracking information for resource: floatingip configured {{(pid=103221) set_tracked_resource /opt/stack/neutron/neutron/quota/resource_registry.py:203}}
May 21 23:14:28.764707 np0000176058 devstack@neutron-api.service[103222]: DEBUG neutron_lib.callbacks.manager [None req-716538e4-b387-42e8-a5a6-364c8b37da82 None None] Subscribe: > address_group after_create 55550000, False {{(pid=103222) subscribe /opt/stack/data/venv/lib/python3.12/site-packages/neutron_lib/callbacks/manager.py:52}}
May 21 23:14:28.764755 np0000176058 devstack@neutron-api.service[103221]: INFO neutron.services.ovn_l3.plugin [None req-689e718b-88fc-4468-96e5-f3357a7f7f1f None None] Starting OVNL3RouterPlugin
May 21 23:14:28.764788 np0000176058 devstack@neutron-api.service[103223]: INFO neutron.api.extensions [None req-fbfc118f-be5b-4cd0-955e-8cc09bcdf32a None None] Loaded extension: floatingip-pools
May 21 23:14:28.764856 np0000176058 devstack@neutron-api.service[103223]: DEBUG neutron.api.extensions [None req-fbfc118f-be5b-4cd0-955e-8cc09bcdf32a None None] Loading extension file: ip_allocation.py {{(pid=103223) _load_all_extensions_from_path /opt/stack/neutron/neutron/api/extensions.py:449}}
May 21 23:14:28.764931 np0000176058 devstack@neutron-api.service[103222]: DEBUG neutron_lib.callbacks.manager [None req-716538e4-b387-42e8-a5a6-364c8b37da82 None None] Subscribe: > address_group after_update 55550000, False {{(pid=103222) subscribe /opt/stack/data/venv/lib/python3.12/site-packages/neutron_lib/callbacks/manager.py:52}}
May 21 23:14:28.764995 np0000176058 devstack@neutron-api.service[103221]: DEBUG neutron_lib.callbacks.manager [None req-689e718b-88fc-4468-96e5-f3357a7f7f1f None None] Subscribe: > port_forwarding_plugin after_init 55550000, False {{(pid=103221) subscribe /opt/stack/data/venv/lib/python3.12/site-packages/neutron_lib/callbacks/manager.py:52}}
May 21 23:14:28.765111 np0000176058 devstack@neutron-api.service[103223]: DEBUG neutron.api.extensions [None req-fbfc118f-be5b-4cd0-955e-8cc09bcdf32a None None] Ext name="IP Allocation" alias="ip_allocation" description="IP allocation extension." updated="2016-06-10T23:00:00-00:00" {{(pid=103223) _check_extension /opt/stack/neutron/neutron/api/extensions.py:415}}
May 21 23:14:28.765237 np0000176058 devstack@neutron-api.service[103222]: DEBUG neutron_lib.callbacks.manager [None req-716538e4-b387-42e8-a5a6-364c8b37da82 None None] Subscribe: > address_group after_delete 55550000, False {{(pid=103222) subscribe /opt/stack/data/venv/lib/python3.12/site-packages/neutron_lib/callbacks/manager.py:52}}
May 21 23:14:28.765267 np0000176058 devstack@neutron-api.service[103221]: DEBUG neutron_lib.callbacks.manager [None req-689e718b-88fc-4468-96e5-f3357a7f7f1f None None] Subscribe: > router before_create 55550100, False {{(pid=103221) subscribe /opt/stack/data/venv/lib/python3.12/site-packages/neutron_lib/callbacks/manager.py:52}}
May 21 23:14:28.765305 np0000176058 devstack@neutron-api.service[103223]: INFO neutron.api.extensions [None req-fbfc118f-be5b-4cd0-955e-8cc09bcdf32a None None] Extension ip_allocation not supported by any of loaded plugins
May 21 23:14:28.765361 np0000176058 devstack@neutron-api.service[103221]: DEBUG neutron_lib.callbacks.manager [None req-689e718b-88fc-4468-96e5-f3357a7f7f1f None None] Subscribe: > router precommit_delete 55550100, False {{(pid=103221) subscribe /opt/stack/data/venv/lib/python3.12/site-packages/neutron_lib/callbacks/manager.py:52}}
May 21 23:14:28.765391 np0000176058 devstack@neutron-api.service[103223]: DEBUG neutron.api.extensions [None req-fbfc118f-be5b-4cd0-955e-8cc09bcdf32a None None] Loading extension file: ip_substring_port_filtering.py {{(pid=103223) _load_all_extensions_from_path /opt/stack/neutron/neutron/api/extensions.py:449}}
May 21 23:14:28.765471 np0000176058 devstack@neutron-api.service[103221]: DEBUG neutron_lib.callbacks.manager [None req-689e718b-88fc-4468-96e5-f3357a7f7f1f None None] Subscribe: > router precommit_create 55550100, False {{(pid=103221) subscribe /opt/stack/data/venv/lib/python3.12/site-packages/neutron_lib/callbacks/manager.py:52}}
May 21 23:14:28.765577 np0000176058 devstack@neutron-api.service[103221]: DEBUG neutron_lib.callbacks.manager [None req-689e718b-88fc-4468-96e5-f3357a7f7f1f None None] Subscribe: > router precommit_update 55550100, False {{(pid=103221) subscribe /opt/stack/data/venv/lib/python3.12/site-packages/neutron_lib/callbacks/manager.py:52}}
May 21 23:14:28.765607 np0000176058 devstack@neutron-api.service[103223]: DEBUG neutron.api.extensions [None req-fbfc118f-be5b-4cd0-955e-8cc09bcdf32a None None] Ext name="IP address substring filtering" alias="ip-substring-filtering" description="Provides IP address substring filtering when listing ports" updated="2017-11-28T09:00:00-00:00" {{(pid=103223) _check_extension /opt/stack/neutron/neutron/api/extensions.py:415}}
May 21 23:14:28.765635 np0000176058 devstack@neutron-api.service[103222]: DEBUG neutron_lib.callbacks.manager [None req-716538e4-b387-42e8-a5a6-364c8b37da82 None None] Subscribe: > qos_plugin after_init 55550000, False {{(pid=103222) subscribe /opt/stack/data/venv/lib/python3.12/site-packages/neutron_lib/callbacks/manager.py:52}}
May 21 23:14:28.765774 np0000176058 devstack@neutron-api.service[103222]: DEBUG neutron_lib.callbacks.manager [None req-716538e4-b387-42e8-a5a6-364c8b37da82 None None] Subscribe: > trunk_plugin after_init 55550000, False {{(pid=103222) subscribe /opt/stack/data/venv/lib/python3.12/site-packages/neutron_lib/callbacks/manager.py:52}}
May 21 23:14:28.765804 np0000176058 devstack@neutron-api.service[103223]: INFO neutron.api.extensions [None req-fbfc118f-be5b-4cd0-955e-8cc09bcdf32a None None] Extension ip-substring-filtering not supported by any of loaded plugins
May 21 23:14:28.765932 np0000176058 devstack@neutron-api.service[103223]: DEBUG neutron.api.extensions [None req-fbfc118f-be5b-4cd0-955e-8cc09bcdf32a None None] Loading extension file: l2_adjacency.py {{(pid=103223) _load_all_extensions_from_path /opt/stack/neutron/neutron/api/extensions.py:449}}
May 21 23:14:28.765991 np0000176058 devstack@neutron-api.service[103222]: DEBUG neutron_lib.callbacks.manager [None req-716538e4-b387-42e8-a5a6-364c8b37da82 None None] Subscribe: > logging-plugin after_init 55550000, False {{(pid=103222) subscribe /opt/stack/data/venv/lib/python3.12/site-packages/neutron_lib/callbacks/manager.py:52}}
May 21 23:14:28.766268 np0000176058 devstack@neutron-api.service[103223]: DEBUG neutron.api.extensions [None req-fbfc118f-be5b-4cd0-955e-8cc09bcdf32a None None] Ext name="L2 Adjacency" alias="l2_adjacency" description="Display L2 Adjacency for Neutron Networks." updated="2016-04-12T16:00:00-00:00" {{(pid=103223) _check_extension /opt/stack/neutron/neutron/api/extensions.py:415}}
May 21 23:14:28.766473 np0000176058 devstack@neutron-api.service[103222]: INFO neutron.services.logapi.drivers.ovn.driver [None req-716538e4-b387-42e8-a5a6-364c8b37da82 None None] OVN logging driver registered
May 21 23:14:28.766503 np0000176058 devstack@neutron-api.service[103223]: INFO neutron.api.extensions [None req-fbfc118f-be5b-4cd0-955e-8cc09bcdf32a None None] Extension l2_adjacency not supported by any of loaded plugins
May 21 23:14:28.766602 np0000176058 devstack@neutron-api.service[103223]: DEBUG neutron.api.extensions [None req-fbfc118f-be5b-4cd0-955e-8cc09bcdf32a None None] Loading extension file: l3.py {{(pid=103223) _load_all_extensions_from_path /opt/stack/neutron/neutron/api/extensions.py:449}}
May 21 23:14:28.767199 np0000176058 devstack@neutron-api.service[103223]: DEBUG neutron.api.extensions [None req-fbfc118f-be5b-4cd0-955e-8cc09bcdf32a None None] Ext name="Neutron L3 Router" alias="router" description="Router abstraction for basic L3 forwarding between L2 Neutron networks and access to external networks via a NAT gateway." updated="2012-07-20T10:00:00-00:00" {{(pid=103223) _check_extension /opt/stack/neutron/neutron/api/extensions.py:415}}
May 21 23:14:28.767444 np0000176058 devstack@neutron-api.service[103223]: INFO neutron.api.extensions [None req-fbfc118f-be5b-4cd0-955e-8cc09bcdf32a None None] Loaded extension: router
May 21 23:14:28.767572 np0000176058 devstack@neutron-api.service[103223]: DEBUG neutron.api.extensions [None req-fbfc118f-be5b-4cd0-955e-8cc09bcdf32a None None] Loading extension file: l3_conntrack_helper.py {{(pid=103223) _load_all_extensions_from_path /opt/stack/neutron/neutron/api/extensions.py:449}}
May 21 23:14:28.767925 np0000176058 devstack@neutron-api.service[103222]: DEBUG neutron.plugins.ml2.plugin [None req-716538e4-b387-42e8-a5a6-364c8b37da82 None None] neutron.plugins.ml2.plugin.Ml2Plugin method _start_rpc_notifiers called with arguments () {} {{(pid=103222) wrapper /opt/stack/data/venv/lib/python3.12/site-packages/oslo_log/helpers.py:77}}
May 21 23:14:28.768221 np0000176058 devstack@neutron-api.service[103222]: DEBUG neutron_lib.callbacks.manager [None req-716538e4-b387-42e8-a5a6-364c8b37da82 None None] Subscribe: > port after_create 55550000, False {{(pid=103222) subscribe /opt/stack/data/venv/lib/python3.12/site-packages/neutron_lib/callbacks/manager.py:52}}
May 21 23:14:28.768339 np0000176058 devstack@neutron-api.service[103222]: DEBUG neutron_lib.callbacks.manager [None req-716538e4-b387-42e8-a5a6-364c8b37da82 None None] Subscribe: > port after_update 55550000, False {{(pid=103222) subscribe /opt/stack/data/venv/lib/python3.12/site-packages/neutron_lib/callbacks/manager.py:52}}
May 21 23:14:28.768370 np0000176058 devstack@neutron-api.service[103223]: DEBUG neutron.api.extensions [None req-fbfc118f-be5b-4cd0-955e-8cc09bcdf32a None None] Ext name="L3 Conntrack helper" alias="l3-conntrack-helper" description="Allow adding CT target rules for conntrack helper" updated="2019-04-04T10:00:00-00:00" {{(pid=103223) _check_extension /opt/stack/neutron/neutron/api/extensions.py:415}}
May 21 23:14:28.768439 np0000176058 devstack@neutron-api.service[103222]: DEBUG neutron_lib.callbacks.manager [None req-716538e4-b387-42e8-a5a6-364c8b37da82 None None] Subscribe: > port after_delete 55550000, False {{(pid=103222) subscribe /opt/stack/data/venv/lib/python3.12/site-packages/neutron_lib/callbacks/manager.py:52}}
May 21 23:14:28.768550 np0000176058 devstack@neutron-api.service[103222]: DEBUG neutron_lib.callbacks.manager [None req-716538e4-b387-42e8-a5a6-364c8b37da82 None None] Subscribe: > subnet after_create 55550000, False {{(pid=103222) subscribe /opt/stack/data/venv/lib/python3.12/site-packages/neutron_lib/callbacks/manager.py:52}}
May 21 23:14:28.768650 np0000176058 devstack@neutron-api.service[103222]: DEBUG neutron_lib.callbacks.manager [None req-716538e4-b387-42e8-a5a6-364c8b37da82 None None] Subscribe: > subnet after_update 55550000, False {{(pid=103222) subscribe /opt/stack/data/venv/lib/python3.12/site-packages/neutron_lib/callbacks/manager.py:52}}
May 21 23:14:28.768720 np0000176058 devstack@neutron-api.service[103223]: INFO neutron.api.extensions [None req-fbfc118f-be5b-4cd0-955e-8cc09bcdf32a None None] Extension l3-conntrack-helper not supported by any of loaded plugins
May 21 23:14:28.768754 np0000176058 devstack@neutron-api.service[103222]: DEBUG neutron_lib.callbacks.manager [None req-716538e4-b387-42e8-a5a6-364c8b37da82 None None] Subscribe: > subnet after_delete 55550000, False {{(pid=103222) subscribe /opt/stack/data/venv/lib/python3.12/site-packages/neutron_lib/callbacks/manager.py:52}}
May 21 23:14:28.768848 np0000176058 devstack@neutron-api.service[103222]: DEBUG neutron_lib.callbacks.manager [None req-716538e4-b387-42e8-a5a6-364c8b37da82 None None] Subscribe: > network after_create 55550000, False {{(pid=103222) subscribe /opt/stack/data/venv/lib/python3.12/site-packages/neutron_lib/callbacks/manager.py:52}}
May 21 23:14:28.768882 np0000176058 devstack@neutron-api.service[103223]: DEBUG neutron.api.extensions [None req-fbfc118f-be5b-4cd0-955e-8cc09bcdf32a None None] Loading extension file: l3_enable_default_route_bfd.py {{(pid=103223) _load_all_extensions_from_path /opt/stack/neutron/neutron/api/extensions.py:449}}
May 21 23:14:28.768952 np0000176058 devstack@neutron-api.service[103222]: DEBUG neutron_lib.callbacks.manager [None req-716538e4-b387-42e8-a5a6-364c8b37da82 None None] Subscribe: > network after_update 55550000, False {{(pid=103222) subscribe /opt/stack/data/venv/lib/python3.12/site-packages/neutron_lib/callbacks/manager.py:52}}
May 21 23:14:28.768981 np0000176058 devstack@neutron-api.service[103221]: DEBUG neutron.services.provider_configuration [None req-689e718b-88fc-4468-96e5-f3357a7f7f1f None None] Service providers = [] {{(pid=103221) parse_service_provider_opt /opt/stack/neutron/neutron/services/provider_configuration.py:170}}
May 21 23:14:28.769074 np0000176058 devstack@neutron-api.service[103222]: DEBUG neutron_lib.callbacks.manager [None req-716538e4-b387-42e8-a5a6-364c8b37da82 None None] Subscribe: > network after_delete 55550000, False {{(pid=103222) subscribe /opt/stack/data/venv/lib/python3.12/site-packages/neutron_lib/callbacks/manager.py:52}}
May 21 23:14:28.769158 np0000176058 devstack@neutron-api.service[103221]: DEBUG neutron.db.servicetype_db [None req-689e718b-88fc-4468-96e5-f3357a7f7f1f None None] Adding provider configuration for service L3_ROUTER_NAT {{(pid=103221) add_provider_configuration /opt/stack/neutron/neutron/db/servicetype_db.py:45}}
May 21 23:14:28.769187 np0000176058 devstack@neutron-api.service[103222]: DEBUG neutron_lib.callbacks.manager [None req-716538e4-b387-42e8-a5a6-364c8b37da82 None None] Subscribe: > security_group after_create 55550000, False {{(pid=103222) subscribe /opt/stack/data/venv/lib/python3.12/site-packages/neutron_lib/callbacks/manager.py:52}}
May 21 23:14:28.769253 np0000176058 devstack@neutron-api.service[103223]: DEBUG neutron.api.extensions [None req-fbfc118f-be5b-4cd0-955e-8cc09bcdf32a None None] Ext name="Enable Default Route BFD" alias="enable-default-route-bfd" description="Enables configurable BFD behavior for default routes" updated="2023-02-27T00:00:00-00:00" {{(pid=103223) _check_extension /opt/stack/neutron/neutron/api/extensions.py:415}}
May 21 23:14:28.769291 np0000176058 devstack@neutron-api.service[103222]: DEBUG neutron_lib.callbacks.manager [None req-716538e4-b387-42e8-a5a6-364c8b37da82 None None] Subscribe: > security_group after_update 55550000, False {{(pid=103222) subscribe /opt/stack/data/venv/lib/python3.12/site-packages/neutron_lib/callbacks/manager.py:52}}
May 21 23:14:28.769376 np0000176058 devstack@neutron-api.service[103222]: DEBUG neutron_lib.callbacks.manager [None req-716538e4-b387-42e8-a5a6-364c8b37da82 None None] Subscribe: > security_group after_delete 55550000, False {{(pid=103222) subscribe /opt/stack/data/venv/lib/python3.12/site-packages/neutron_lib/callbacks/manager.py:52}}
May 21 23:14:28.769474 np0000176058 devstack@neutron-api.service[103222]: DEBUG neutron_lib.callbacks.manager [None req-716538e4-b387-42e8-a5a6-364c8b37da82 None None] Subscribe: > security_group_rule after_create 55550000, False {{(pid=103222) subscribe /opt/stack/data/venv/lib/python3.12/site-packages/neutron_lib/callbacks/manager.py:52}}
May 21 23:14:28.769507 np0000176058 devstack@neutron-api.service[103223]: INFO neutron.api.extensions [None req-fbfc118f-be5b-4cd0-955e-8cc09bcdf32a None None] Loaded extension: enable-default-route-bfd
May 21 23:14:28.769574 np0000176058 devstack@neutron-api.service[103222]: DEBUG neutron_lib.callbacks.manager [None req-716538e4-b387-42e8-a5a6-364c8b37da82 None None] Subscribe: > security_group_rule after_update 55550000, False {{(pid=103222) subscribe /opt/stack/data/venv/lib/python3.12/site-packages/neutron_lib/callbacks/manager.py:52}}
May 21 23:14:28.769604 np0000176058 devstack@neutron-api.service[103223]: DEBUG neutron.api.extensions [None req-fbfc118f-be5b-4cd0-955e-8cc09bcdf32a None None] Loading extension file: l3_enable_default_route_ecmp.py {{(pid=103223) _load_all_extensions_from_path /opt/stack/neutron/neutron/api/extensions.py:449}}
May 21 23:14:28.769679 np0000176058 devstack@neutron-api.service[103222]: DEBUG neutron_lib.callbacks.manager [None req-716538e4-b387-42e8-a5a6-364c8b37da82 None None] Subscribe: > security_group_rule after_delete 55550000, False {{(pid=103222) subscribe /opt/stack/data/venv/lib/python3.12/site-packages/neutron_lib/callbacks/manager.py:52}}
May 21 23:14:28.769843 np0000176058 devstack@neutron-api.service[103222]: DEBUG neutron_lib.callbacks.manager [None req-716538e4-b387-42e8-a5a6-364c8b37da82 None None] Subscribe: > address_group after_create 55550000, False {{(pid=103222) subscribe /opt/stack/data/venv/lib/python3.12/site-packages/neutron_lib/callbacks/manager.py:52}}
May 21 23:14:28.769877 np0000176058 devstack@neutron-api.service[103223]: DEBUG neutron.api.extensions [None req-fbfc118f-be5b-4cd0-955e-8cc09bcdf32a None None] Ext name="Enable Default Route ECMP" alias="enable-default-route-ecmp" description="Enables configurable ECMP behavior for default routes" updated="2023-02-27T00:00:00-00:00" {{(pid=103223) _check_extension /opt/stack/neutron/neutron/api/extensions.py:415}}
May 21 23:14:28.769916 np0000176058 devstack@neutron-api.service[103222]: DEBUG neutron_lib.callbacks.manager [None req-716538e4-b387-42e8-a5a6-364c8b37da82 None None] Subscribe: > address_group after_update 55550000, False {{(pid=103222) subscribe /opt/stack/data/venv/lib/python3.12/site-packages/neutron_lib/callbacks/manager.py:52}}
May 21 23:14:28.769968 np0000176058 devstack@neutron-api.service[103222]: DEBUG neutron_lib.callbacks.manager [None req-716538e4-b387-42e8-a5a6-364c8b37da82 None None] Subscribe: > address_group after_delete 55550000, False {{(pid=103222) subscribe /opt/stack/data/venv/lib/python3.12/site-packages/neutron_lib/callbacks/manager.py:52}}
May 21 23:14:28.770005 np0000176058 devstack@neutron-api.service[103223]: INFO neutron.api.extensions [None req-fbfc118f-be5b-4cd0-955e-8cc09bcdf32a None None] Loaded extension: enable-default-route-ecmp
May 21 23:14:28.770067 np0000176058 devstack@neutron-api.service[103222]: DEBUG neutron.plugins.ml2.ovo_rpc [None req-716538e4-b387-42e8-a5a6-364c8b37da82 None None] ML2 OVO RPC backend initialized. {{(pid=103222) __init__ /opt/stack/neutron/neutron/plugins/ml2/ovo_rpc.py:117}}
May 21 23:14:28.770104 np0000176058 devstack@neutron-api.service[103223]: DEBUG neutron.api.extensions [None req-fbfc118f-be5b-4cd0-955e-8cc09bcdf32a None None] Loading extension file: l3_ext_gw_mode.py {{(pid=103223) _load_all_extensions_from_path /opt/stack/neutron/neutron/api/extensions.py:449}}
May 21 23:14:28.770318 np0000176058 devstack@neutron-api.service[103223]: DEBUG neutron.api.extensions [None req-fbfc118f-be5b-4cd0-955e-8cc09bcdf32a None None] Ext name="Neutron L3 Configurable external gateway mode" alias="ext-gw-mode" description="Extension of the router abstraction for specifying whether SNAT should occur on the external gateway" updated="2013-03-28T10:00:00-00:00" {{(pid=103223) _check_extension /opt/stack/neutron/neutron/api/extensions.py:415}}
May 21 23:14:28.770499 np0000176058 devstack@neutron-api.service[103223]: INFO neutron.api.extensions [None req-fbfc118f-be5b-4cd0-955e-8cc09bcdf32a None None] Loaded extension: ext-gw-mode
May 21 23:14:28.770593 np0000176058 devstack@neutron-api.service[103223]: DEBUG neutron.api.extensions [None req-fbfc118f-be5b-4cd0-955e-8cc09bcdf32a None None] Loading extension file: l3_ext_ha_mode.py {{(pid=103223) _load_all_extensions_from_path /opt/stack/neutron/neutron/api/extensions.py:449}}
May 21 23:14:28.770635 np0000176058 devstack@neutron-api.service[103221]: DEBUG neutron_lib.callbacks.manager [None req-689e718b-88fc-4468-96e5-f3357a7f7f1f None None] Subscribe: > router precommit_create 55549900, False {{(pid=103221) subscribe /opt/stack/data/venv/lib/python3.12/site-packages/neutron_lib/callbacks/manager.py:52}}
May 21 23:14:28.770756 np0000176058 devstack@neutron-api.service[103221]: DEBUG neutron_lib.callbacks.manager [None req-689e718b-88fc-4468-96e5-f3357a7f7f1f None None] Subscribe: > router_interface after_create 55550000, False {{(pid=103221) subscribe /opt/stack/data/venv/lib/python3.12/site-packages/neutron_lib/callbacks/manager.py:52}}
May 21 23:14:28.770818 np0000176058 devstack@neutron-api.service[103223]: DEBUG neutron.api.extensions [None req-fbfc118f-be5b-4cd0-955e-8cc09bcdf32a None None] Ext name="HA Router extension" alias="l3-ha" description="Adds HA capability to routers." updated="2014-04-26T00:00:00-00:00" {{(pid=103223) _check_extension /opt/stack/neutron/neutron/api/extensions.py:415}}
May 21 23:14:28.770858 np0000176058 devstack@neutron-api.service[103221]: DEBUG neutron_lib.callbacks.manager [None req-689e718b-88fc-4468-96e5-f3357a7f7f1f None None] Subscribe: > floatingip after_create 55550000, False {{(pid=103221) subscribe /opt/stack/data/venv/lib/python3.12/site-packages/neutron_lib/callbacks/manager.py:52}}
May 21 23:14:28.770914 np0000176058 devstack@neutron-api.service[103222]: INFO neutron.quota [None req-716538e4-b387-42e8-a5a6-364c8b37da82 None None] Loaded quota_driver: .
May 21 23:14:28.770976 np0000176058 devstack@neutron-api.service[103221]: DEBUG neutron_lib.callbacks.manager [None req-689e718b-88fc-4468-96e5-f3357a7f7f1f None None] Subscribe: > floatingip precommit_create 55550000, False {{(pid=103221) subscribe /opt/stack/data/venv/lib/python3.12/site-packages/neutron_lib/callbacks/manager.py:52}}
May 21 23:14:28.771029 np0000176058 devstack@neutron-api.service[103223]: INFO neutron.api.extensions [None req-fbfc118f-be5b-4cd0-955e-8cc09bcdf32a None None] Loaded extension: l3-ha
May 21 23:14:28.771068 np0000176058 devstack@neutron-api.service[103222]: INFO neutron.plugins.ml2.plugin [None req-716538e4-b387-42e8-a5a6-364c8b37da82 None None] Modular L2 Plugin initialization complete
May 21 23:14:28.771119 np0000176058 devstack@neutron-api.service[103223]: DEBUG neutron.api.extensions [None req-fbfc118f-be5b-4cd0-955e-8cc09bcdf32a None None] Loading extension file: l3_ext_ndp_proxy.py {{(pid=103223) _load_all_extensions_from_path /opt/stack/neutron/neutron/api/extensions.py:449}}
May 21 23:14:28.771157 np0000176058 devstack@neutron-api.service[103221]: DEBUG neutron_lib.callbacks.manager [None req-689e718b-88fc-4468-96e5-f3357a7f7f1f None None] Subscribe: > floatingip precommit_update 55550000, False {{(pid=103221) subscribe /opt/stack/data/venv/lib/python3.12/site-packages/neutron_lib/callbacks/manager.py:52}}
May 21 23:14:28.771196 np0000176058 devstack@neutron-api.service[103222]: DEBUG neutron.manager [None req-716538e4-b387-42e8-a5a6-364c8b37da82 None None] Loading services supported by the core plugin {{(pid=103222) _load_services_from_core_plugin /opt/stack/neutron/neutron/manager.py:170}}
May 21 23:14:28.771233 np0000176058 devstack@neutron-api.service[103221]: DEBUG neutron_lib.callbacks.manager [None req-689e718b-88fc-4468-96e5-f3357a7f7f1f None None] Subscribe: > floatingip after_delete 55550000, False {{(pid=103221) subscribe /opt/stack/data/venv/lib/python3.12/site-packages/neutron_lib/callbacks/manager.py:52}}
May 21 23:14:28.771288 np0000176058 devstack@neutron-api.service[103222]: INFO neutron.plugins.ml2.managers [None req-716538e4-b387-42e8-a5a6-364c8b37da82 None None] Got port-security extension from driver 'port_security'
May 21 23:14:28.771336 np0000176058 devstack@neutron-api.service[103221]: DEBUG neutron_lib.callbacks.manager [None req-689e718b-88fc-4468-96e5-f3357a7f7f1f None None] Subscribe: > floatingip after_status_update 55550000, False {{(pid=103221) subscribe /opt/stack/data/venv/lib/python3.12/site-packages/neutron_lib/callbacks/manager.py:52}}
May 21 23:14:28.771392 np0000176058 devstack@neutron-api.service[103223]: DEBUG neutron.api.extensions [None req-fbfc118f-be5b-4cd0-955e-8cc09bcdf32a None None] Ext name="Router support to enable NDP proxy" alias="l3-ext-ndp-proxy" description="Router extension to enable ndp proxy" updated="2020-08-25T00:00:00-00:00" {{(pid=103223) _check_extension /opt/stack/neutron/neutron/api/extensions.py:415}}
May 21 23:14:28.771439 np0000176058 devstack@neutron-api.service[103221]: DEBUG neutron_lib.callbacks.manager [None req-689e718b-88fc-4468-96e5-f3357a7f7f1f None None] Subscribe: > floatingip after_update 55550000, False {{(pid=103221) subscribe /opt/stack/data/venv/lib/python3.12/site-packages/neutron_lib/callbacks/manager.py:52}}
May 21 23:14:28.771489 np0000176058 devstack@neutron-api.service[103221]: DEBUG neutron_lib.callbacks.manager [None req-689e718b-88fc-4468-96e5-f3357a7f7f1f None None] Subscribe: > port_forwarding after_create 55550000, False {{(pid=103221) subscribe /opt/stack/data/venv/lib/python3.12/site-packages/neutron_lib/callbacks/manager.py:52}}
May 21 23:14:28.771528 np0000176058 devstack@neutron-api.service[103222]: DEBUG neutron.manager [None req-716538e4-b387-42e8-a5a6-364c8b37da82 None None] Loading service plugins: ['ovn-router', 'auto_allocate', 'tag', 'timestamp', 'network_ip_availability', 'flavors', 'revisions'] {{(pid=103222) _load_service_plugins /opt/stack/neutron/neutron/manager.py:195}}
May 21 23:14:28.771577 np0000176058 devstack@neutron-api.service[103223]: INFO neutron.api.extensions [None req-fbfc118f-be5b-4cd0-955e-8cc09bcdf32a None None] Extension l3-ext-ndp-proxy not supported by any of loaded plugins
May 21 23:14:28.771621 np0000176058 devstack@neutron-api.service[103221]: DEBUG neutron_lib.callbacks.manager [None req-689e718b-88fc-4468-96e5-f3357a7f7f1f None None] Subscribe: > router_interface after_delete 55550000, False {{(pid=103221) subscribe /opt/stack/data/venv/lib/python3.12/site-packages/neutron_lib/callbacks/manager.py:52}}
May 21 23:14:28.771660 np0000176058 devstack@neutron-api.service[103222]: INFO neutron.manager [None req-716538e4-b387-42e8-a5a6-364c8b37da82 None None] Loading Plugin: ovn-router
May 21 23:14:28.771698 np0000176058 devstack@neutron-api.service[103223]: DEBUG neutron.api.extensions [None req-fbfc118f-be5b-4cd0-955e-8cc09bcdf32a None None] Loading extension file: l3_extra_gws.py {{(pid=103223) _load_all_extensions_from_path /opt/stack/neutron/neutron/api/extensions.py:449}}
May 21 23:14:28.771734 np0000176058 devstack@neutron-api.service[103221]: DEBUG neutron_lib.callbacks.manager [None req-689e718b-88fc-4468-96e5-f3357a7f7f1f None None] Subscribe: > router after_create 55550000, False {{(pid=103221) subscribe /opt/stack/data/venv/lib/python3.12/site-packages/neutron_lib/callbacks/manager.py:52}}
May 21 23:14:28.771796 np0000176058 devstack@neutron-api.service[103221]: DEBUG neutron_lib.callbacks.manager [None req-689e718b-88fc-4468-96e5-f3357a7f7f1f None None] Subscribe: > router precommit_create 55550000, False {{(pid=103221) subscribe /opt/stack/data/venv/lib/python3.12/site-packages/neutron_lib/callbacks/manager.py:52}}
May 21 23:14:28.771871 np0000176058 devstack@neutron-api.service[103223]: DEBUG neutron.api.extensions [None req-fbfc118f-be5b-4cd0-955e-8cc09bcdf32a None None] Ext name="Neutron L3 External Gateway Multihoming" alias="external-gateway-multihoming" description="Allow multiple external gateway ports per router" updated="2023-01-18T00:00:00-00:00" {{(pid=103223) _check_extension /opt/stack/neutron/neutron/api/extensions.py:415}}
May 21 23:14:28.771996 np0000176058 devstack@neutron-api.service[103221]: DEBUG neutron_lib.callbacks.manager [None req-689e718b-88fc-4468-96e5-f3357a7f7f1f None None] Subscribe: > router after_delete 55550000, False {{(pid=103221) subscribe /opt/stack/data/venv/lib/python3.12/site-packages/neutron_lib/callbacks/manager.py:52}}
May 21 23:14:28.772052 np0000176058 devstack@neutron-api.service[103223]: INFO neutron.api.extensions [None req-fbfc118f-be5b-4cd0-955e-8cc09bcdf32a None None] Loaded extension: external-gateway-multihoming
May 21 23:14:28.772142 np0000176058 devstack@neutron-api.service[103223]: DEBUG neutron.api.extensions [None req-fbfc118f-be5b-4cd0-955e-8cc09bcdf32a None None] Loading extension file: l3_flavors.py {{(pid=103223) _load_all_extensions_from_path /opt/stack/neutron/neutron/api/extensions.py:449}}
May 21 23:14:28.772194 np0000176058 devstack@neutron-api.service[103221]: DEBUG neutron_lib.callbacks.manager [None req-689e718b-88fc-4468-96e5-f3357a7f7f1f None None] Subscribe: > router after_update 55550000, False {{(pid=103221) subscribe /opt/stack/data/venv/lib/python3.12/site-packages/neutron_lib/callbacks/manager.py:52}}
May 21 23:14:28.772366 np0000176058 devstack@neutron-api.service[103223]: DEBUG neutron.api.extensions [None req-fbfc118f-be5b-4cd0-955e-8cc09bcdf32a None None] Ext name="Router Flavor Extension" alias="l3-flavors" description="Flavor support for routers." updated="2016-05-17T00:00:00-00:00" {{(pid=103223) _check_extension /opt/stack/neutron/neutron/api/extensions.py:415}}
May 21 23:14:28.772418 np0000176058 devstack@neutron-api.service[103221]: DEBUG neutron.services.service_base [None req-689e718b-88fc-4468-96e5-f3357a7f7f1f None None] Loaded 'neutron.services.ovn_l3.service_providers.ovn.OvnDriver' provider for service L3_ROUTER_NAT {{(pid=103221) load_drivers /opt/stack/neutron/neutron/services/service_base.py:49}}
May 21 23:14:28.772531 np0000176058 devstack@neutron-api.service[103223]: INFO neutron.api.extensions [None req-fbfc118f-be5b-4cd0-955e-8cc09bcdf32a None None] Loaded extension: l3-flavors
May 21 23:14:28.772586 np0000176058 devstack@neutron-api.service[103221]: DEBUG neutron_lib.callbacks.manager [None req-689e718b-88fc-4468-96e5-f3357a7f7f1f None None] Subscribe: > process after_init 55550001, True {{(pid=103221) subscribe /opt/stack/data/venv/lib/python3.12/site-packages/neutron_lib/callbacks/manager.py:52}}
May 21 23:14:28.772627 np0000176058 devstack@neutron-api.service[103223]: DEBUG neutron.api.extensions [None req-fbfc118f-be5b-4cd0-955e-8cc09bcdf32a None None] Loading extension file: l3_ndp_proxy.py {{(pid=103223) _load_all_extensions_from_path /opt/stack/neutron/neutron/api/extensions.py:449}}
May 21 23:14:28.772783 np0000176058 devstack@neutron-api.service[103221]: DEBUG neutron.manager [None req-689e718b-88fc-4468-96e5-f3357a7f7f1f None None] Successfully loaded L3_ROUTER_NAT plugin. Description: L3 Router Service Plugin for basic L3 forwarding using OVN {{(pid=103221) _create_and_add_service_plugin /opt/stack/neutron/neutron/manager.py:239}}
May 21 23:14:28.772898 np0000176058 devstack@neutron-api.service[103223]: DEBUG neutron.api.extensions [None req-fbfc118f-be5b-4cd0-955e-8cc09bcdf32a None None] Ext name="name" alias="l3-ndp-proxy" description="description" updated="2021-06-29T10:00:00-00:00" {{(pid=103223) _check_extension /opt/stack/neutron/neutron/api/extensions.py:415}}
May 21 23:14:28.772952 np0000176058 devstack@neutron-api.service[103221]: INFO neutron.manager [None req-689e718b-88fc-4468-96e5-f3357a7f7f1f None None] Loading Plugin: auto_allocate
May 21 23:14:28.773117 np0000176058 devstack@neutron-api.service[103223]: INFO neutron.api.extensions [None req-fbfc118f-be5b-4cd0-955e-8cc09bcdf32a None None] Extension l3-ndp-proxy not supported by any of loaded plugins
May 21 23:14:28.773259 np0000176058 devstack@neutron-api.service[103223]: DEBUG neutron.api.extensions [None req-fbfc118f-be5b-4cd0-955e-8cc09bcdf32a None None] Loading extension file: l3_port_ip_change_not_allowed.py {{(pid=103223) _load_all_extensions_from_path /opt/stack/neutron/neutron/api/extensions.py:449}}
May 21 23:14:28.773435 np0000176058 devstack@neutron-api.service[103223]: DEBUG neutron.api.extensions [None req-fbfc118f-be5b-4cd0-955e-8cc09bcdf32a None None] Ext name="Prevent L3 router ports IP address change extension" alias="l3-port-ip-change-not-allowed" description="Prevent change of IP address for some L3 router ports" updated="2018-10-09T10:00:00-00:00" {{(pid=103223) _check_extension /opt/stack/neutron/neutron/api/extensions.py:415}}
May 21 23:14:28.773598 np0000176058 devstack@neutron-api.service[103223]: INFO neutron.api.extensions [None req-fbfc118f-be5b-4cd0-955e-8cc09bcdf32a None None] Extension l3-port-ip-change-not-allowed not supported by any of loaded plugins
May 21 23:14:28.773687 np0000176058 devstack@neutron-api.service[103223]: DEBUG neutron.api.extensions [None req-fbfc118f-be5b-4cd0-955e-8cc09bcdf32a None None] Loading extension file: l3agentscheduler.py {{(pid=103223) _load_all_extensions_from_path /opt/stack/neutron/neutron/api/extensions.py:449}}
May 21 23:14:28.774042 np0000176058 devstack@neutron-api.service[103221]: DEBUG neutron_lib.callbacks.manager [None req-689e718b-88fc-4468-96e5-f3357a7f7f1f None None] Subscribe: network precommit_update 55550000, False {{(pid=103221) subscribe /opt/stack/data/venv/lib/python3.12/site-packages/neutron_lib/callbacks/manager.py:52}}
May 21 23:14:28.774171 np0000176058 devstack@neutron-api.service[103221]: DEBUG neutron_lib.callbacks.manager [None req-689e718b-88fc-4468-96e5-f3357a7f7f1f None None] Subscribe: network precommit_create 55550000, False {{(pid=103221) subscribe /opt/stack/data/venv/lib/python3.12/site-packages/neutron_lib/callbacks/manager.py:52}}
May 21 23:14:28.774249 np0000176058 devstack@neutron-api.service[103223]: DEBUG neutron.api.extensions [None req-fbfc118f-be5b-4cd0-955e-8cc09bcdf32a None None] Ext name="L3 Agent Scheduler" alias="l3_agent_scheduler" description="Schedule routers among l3 agents" updated="2013-02-07T10:00:00-00:00" {{(pid=103223) _check_extension /opt/stack/neutron/neutron/api/extensions.py:415}}
May 21 23:14:28.774394 np0000176058 devstack@neutron-api.service[103221]: DEBUG neutron.manager [None req-689e718b-88fc-4468-96e5-f3357a7f7f1f None None] Successfully loaded auto-allocated-topology plugin. Description: Auto Allocated Topology - aka get me a network. {{(pid=103221) _create_and_add_service_plugin /opt/stack/neutron/neutron/manager.py:239}}
May 21 23:14:28.774449 np0000176058 devstack@neutron-api.service[103223]: INFO neutron.api.extensions [None req-fbfc118f-be5b-4cd0-955e-8cc09bcdf32a None None] Extension l3_agent_scheduler not supported by any of loaded plugins
May 21 23:14:28.774484 np0000176058 devstack@neutron-api.service[103221]: INFO neutron.manager [None req-689e718b-88fc-4468-96e5-f3357a7f7f1f None None] Loading Plugin: tag
May 21 23:14:28.774526 np0000176058 devstack@neutron-api.service[103223]: DEBUG neutron.api.extensions [None req-fbfc118f-be5b-4cd0-955e-8cc09bcdf32a None None] Loading extension file: local_ip.py {{(pid=103223) _load_all_extensions_from_path /opt/stack/neutron/neutron/api/extensions.py:449}}
May 21 23:14:28.774828 np0000176058 devstack@neutron-api.service[103223]: DEBUG neutron.api.extensions [None req-fbfc118f-be5b-4cd0-955e-8cc09bcdf32a None None] Ext name="Local IP" alias="local_ip" description="Support Node Local Virtual IP" updated="2021-07-26T10:00:00-00:00" {{(pid=103223) _check_extension /opt/stack/neutron/neutron/api/extensions.py:415}}
May 21 23:14:28.774993 np0000176058 devstack@neutron-api.service[103223]: INFO neutron.api.extensions [None req-fbfc118f-be5b-4cd0-955e-8cc09bcdf32a None None] Extension local_ip not supported by any of loaded plugins
May 21 23:14:28.775096 np0000176058 devstack@neutron-api.service[103223]: DEBUG neutron.api.extensions [None req-fbfc118f-be5b-4cd0-955e-8cc09bcdf32a None None] Loading extension file: logging.py {{(pid=103223) _load_all_extensions_from_path /opt/stack/neutron/neutron/api/extensions.py:449}}
May 21 23:14:28.775393 np0000176058 devstack@neutron-api.service[103223]: DEBUG neutron.api.extensions [None req-fbfc118f-be5b-4cd0-955e-8cc09bcdf32a None None] Ext name="Logging API Extension" alias="logging" description="Provides a logging API for resources such as security group and firewall." updated="2017-01-01T10:00:00-00:00" {{(pid=103223) _check_extension /opt/stack/neutron/neutron/api/extensions.py:415}}
May 21 23:14:28.775560 np0000176058 devstack@neutron-api.service[103223]: INFO neutron.api.extensions [None req-fbfc118f-be5b-4cd0-955e-8cc09bcdf32a None None] Extension logging not supported by any of loaded plugins
May 21 23:14:28.775650 np0000176058 devstack@neutron-api.service[103223]: DEBUG neutron.api.extensions [None req-fbfc118f-be5b-4cd0-955e-8cc09bcdf32a None None] Loading extension file: metering.py {{(pid=103223) _load_all_extensions_from_path /opt/stack/neutron/neutron/api/extensions.py:449}}
May 21 23:14:28.776474 np0000176058 devstack@neutron-api.service[103223]: DEBUG neutron.api.extensions [None req-fbfc118f-be5b-4cd0-955e-8cc09bcdf32a None None] Ext name="Neutron Metering" alias="metering" description="Neutron Metering extension." updated="2013-06-12T10:00:00-00:00" {{(pid=103223) _check_extension /opt/stack/neutron/neutron/api/extensions.py:415}}
May 21 23:14:28.776652 np0000176058 devstack@neutron-api.service[103223]: INFO neutron.api.extensions [None req-fbfc118f-be5b-4cd0-955e-8cc09bcdf32a None None] Extension metering not supported by any of loaded plugins
May 21 23:14:28.776747 np0000176058 devstack@neutron-api.service[103223]: DEBUG neutron.api.extensions [None req-fbfc118f-be5b-4cd0-955e-8cc09bcdf32a None None] Loading extension file: metering_source_and_destination_fields.py {{(pid=103223) _load_all_extensions_from_path /opt/stack/neutron/neutron/api/extensions.py:449}}
May 21 23:14:28.776998 np0000176058 devstack@neutron-api.service[103223]: DEBUG neutron.api.extensions [None req-fbfc118f-be5b-4cd0-955e-8cc09bcdf32a None None] Ext name="Neutron Metering with source and destination filtering" alias="metering_source_and_destination_fields" description="Neutron Metering extension that enables the use of source and destination IP prefixes to create metering label rules." updated="2020-08-21T08:12:00-00:00" {{(pid=103223) _check_extension /opt/stack/neutron/neutron/api/extensions.py:415}}
May 21 23:14:28.777226 np0000176058 devstack@neutron-api.service[103223]: INFO neutron.api.extensions [None req-fbfc118f-be5b-4cd0-955e-8cc09bcdf32a None None] Extension metering_source_and_destination_fields not supported by any of loaded plugins
May 21 23:14:28.777273 np0000176058 devstack@neutron-api.service[103221]: DEBUG neutron.manager [None req-689e718b-88fc-4468-96e5-f3357a7f7f1f None None] Successfully loaded TAG plugin. Description: Tag support {{(pid=103221) _create_and_add_service_plugin /opt/stack/neutron/neutron/manager.py:239}}
May 21 23:14:28.777308 np0000176058 devstack@neutron-api.service[103223]: DEBUG neutron.api.extensions [None req-fbfc118f-be5b-4cd0-955e-8cc09bcdf32a None None] Loading extension file: multiprovidernet.py {{(pid=103223) _load_all_extensions_from_path /opt/stack/neutron/neutron/api/extensions.py:449}}
May 21 23:14:28.777357 np0000176058 devstack@neutron-api.service[103221]: INFO neutron.manager [None req-689e718b-88fc-4468-96e5-f3357a7f7f1f None None] Loading Plugin: timestamp
May 21 23:14:28.777580 np0000176058 devstack@neutron-api.service[103223]: DEBUG neutron.api.extensions [None req-fbfc118f-be5b-4cd0-955e-8cc09bcdf32a None None] Ext name="Multi Provider Network" alias="multi-provider" description="Expose mapping of virtual networks to multiple physical networks" updated="2013-06-27T10:00:00-00:00" {{(pid=103223) _check_extension /opt/stack/neutron/neutron/api/extensions.py:415}}
May 21 23:14:28.777753 np0000176058 devstack@neutron-api.service[103223]: INFO neutron.api.extensions [None req-fbfc118f-be5b-4cd0-955e-8cc09bcdf32a None None] Loaded extension: multi-provider
May 21 23:14:28.777847 np0000176058 devstack@neutron-api.service[103223]: DEBUG neutron.api.extensions [None req-fbfc118f-be5b-4cd0-955e-8cc09bcdf32a None None] Loading extension file: netmtu.py {{(pid=103223) _load_all_extensions_from_path /opt/stack/neutron/neutron/api/extensions.py:449}}
May 21 23:14:28.778100 np0000176058 devstack@neutron-api.service[103223]: DEBUG neutron.api.extensions [None req-fbfc118f-be5b-4cd0-955e-8cc09bcdf32a None None] Ext name="Network MTU" alias="net-mtu" description="Provides MTU attribute for a network resource." updated="2015-03-25T10:00:00-00:00" {{(pid=103223) _check_extension /opt/stack/neutron/neutron/api/extensions.py:415}}
May 21 23:14:28.778273 np0000176058 devstack@neutron-api.service[103223]: INFO neutron.api.extensions [None req-fbfc118f-be5b-4cd0-955e-8cc09bcdf32a None None] Loaded extension: net-mtu
May 21 23:14:28.778399 np0000176058 devstack@neutron-api.service[103223]: DEBUG neutron.api.extensions [None req-fbfc118f-be5b-4cd0-955e-8cc09bcdf32a None None] Loading extension file: netmtu_writable.py {{(pid=103223) _load_all_extensions_from_path /opt/stack/neutron/neutron/api/extensions.py:449}}
May 21 23:14:28.778580 np0000176058 devstack@neutron-api.service[103221]: DEBUG neutron.manager [None req-689e718b-88fc-4468-96e5-f3357a7f7f1f None None] Successfully loaded timestamp plugin. Description: Adds timestamps to Neutron resources with standard attributes {{(pid=103221) _create_and_add_service_plugin /opt/stack/neutron/neutron/manager.py:239}}
May 21 23:14:28.778668 np0000176058 devstack@neutron-api.service[103223]: DEBUG neutron.api.extensions [None req-fbfc118f-be5b-4cd0-955e-8cc09bcdf32a None None] Ext name="Network MTU (writable)" alias="net-mtu-writable" description="Provides a writable MTU attribute for a network resource." updated="2017-07-12T00:00:00-00:00" {{(pid=103223) _check_extension /opt/stack/neutron/neutron/api/extensions.py:415}}
May 21 23:14:28.778711 np0000176058 devstack@neutron-api.service[103221]: INFO neutron.manager [None req-689e718b-88fc-4468-96e5-f3357a7f7f1f None None] Loading Plugin: network_ip_availability
May 21 23:14:28.778859 np0000176058 devstack@neutron-api.service[103223]: INFO neutron.api.extensions [None req-fbfc118f-be5b-4cd0-955e-8cc09bcdf32a None None] Loaded extension: net-mtu-writable
May 21 23:14:28.779293 np0000176058 devstack@neutron-api.service[103223]: DEBUG neutron.api.extensions [None req-fbfc118f-be5b-4cd0-955e-8cc09bcdf32a None None] Loading extension file: network_availability_zone.py {{(pid=103223) _load_all_extensions_from_path /opt/stack/neutron/neutron/api/extensions.py:449}}
May 21 23:14:28.779597 np0000176058 devstack@neutron-api.service[103223]: DEBUG neutron.api.extensions [None req-fbfc118f-be5b-4cd0-955e-8cc09bcdf32a None None] Ext name="Network Availability Zone" alias="network_availability_zone" description="Availability zone support for network." updated="2015-01-01T10:00:00-00:00" {{(pid=103223) _check_extension /opt/stack/neutron/neutron/api/extensions.py:415}}
May 21 23:14:28.779778 np0000176058 devstack@neutron-api.service[103223]: INFO neutron.api.extensions [None req-fbfc118f-be5b-4cd0-955e-8cc09bcdf32a None None] Loaded extension: network_availability_zone
May 21 23:14:28.779941 np0000176058 devstack@neutron-api.service[103223]: DEBUG neutron.api.extensions [None req-fbfc118f-be5b-4cd0-955e-8cc09bcdf32a None None] Loading extension file: network_ha.py {{(pid=103223) _load_all_extensions_from_path /opt/stack/neutron/neutron/api/extensions.py:449}}
