Jun 16 03:36:53.009346 np0000180675 devstack@neutron-api.service[103064]: DEBUG ovsdbapp.backend.ovs_idl.event [None req-1b4108d8-2242-4b22-9405-02a0daecfa0f None None] Matched UPDATE: LogicalSwitchPortUpdateLogicalRouterPortEvent(events=('update',), table='Logical_Switch_Port', conditions=None, old_conditions=None), priority=20 to row=Logical_Switch_Port(uuid=0e4b8221-78fa-4780-97f1-cf5d076c9c9c, addresses=['router'], dhcpv4_options=[], dhcpv6_options=[], dynamic_addresses=[], enabled=True, external_ids={'neutron:cidrs': '10.1.0.1/26', 'neutron:device_id': '11854e2a-d010-4184-9a1b-11bfe28706c3', 'neutron:device_owner': 'network:router_interface', 'neutron:mtu': '', 'neutron:network_name': 'neutron-767b7065-2090-4d25-ba86-30f2261dac9b', 'neutron:port_capabilities': '', 'neutron:port_name': '', 'neutron:project_id': 'b0d18bf6177b456c91cf07a15207bf69', 'neutron:revision_number': '2', 'neutron:security_group_ids': '', 'neutron:subnet_pool_addr_scope4': '', 'neutron:subnet_pool_addr_scope6': '', 'neutron:vnic_type': 'normal'}, ha_chassis_group=[], mirror_rules=[], name='cfec7417-23db-44db-b48f-004d18528299', options={'router-port': 'lrp-cfec7417-23db-44db-b48f-004d18528299'}, parent_name=[], port_security=[], tag=[], tag_request=[], type='router', up=True) old=Logical_Switch_Port(uuid=0e4b8221-78fa-4780-97f1-cf5d076c9c9c, external_ids={'neutron:cidrs': '10.1.0.1/26', 'neutron:device_id': '11854e2a-d010-4184-9a1b-11bfe28706c3', 'neutron:device_owner': 'network:router_interface', 'neutron:mtu': '', 'neutron:network_name': 'neutron-767b7065-2090-4d25-ba86-30f2261dac9b', 'neutron:port_capabilities': '', 'neutron:port_name': '', 'neutron:project_id': 'b0d18bf6177b456c91cf07a15207bf69', 'neutron:revision_number': '1', 'neutron:security_group_ids': '', 'neutron:subnet_pool_addr_scope4': '', 'neutron:subnet_pool_addr_scope6': '', 'neutron:vnic_type': 'normal'}) {{(pid=103064) matches /opt/stack/data/venv/lib/python3.12/site-packages/ovsdbapp/backend/ovs_idl/event.py:55}}
Jun 16 03:36:53.049359 np0000180675 devstack@neutron-api.service[103064]: DEBUG neutron.pecan_wsgi.hooks.quota_enforcement [None req-9d1afdb0-cc81-45e2-ad08-b50fda7fa538 admin admin] Made reservation on behalf of b0d18bf6177b456c91cf07a15207bf69 for: {'subnet': 1} {{(pid=103064) before /opt/stack/neutron/neutron/pecan_wsgi/hooks/quota_enforcement.py:66}}
Jun 16 03:36:53.056621 np0000180675 devstack@neutron-api.service[103064]: DEBUG neutron_lib.callbacks.manager [None req-9d1afdb0-cc81-45e2-ad08-b50fda7fa538 admin admin] Publish callbacks [] for subnet (None), before_create {{(pid=103064) _notify_loop /opt/stack/data/venv/lib/python3.12/site-packages/neutron_lib/callbacks/manager.py:184}}
Jun 16 03:36:53.067985 np0000180675 devstack@neutron-api.service[103064]: INFO neutron.db.ovn_revision_numbers_db [None req-06185ed7-afdc-4e79-8830-d419b2aa2a2b None None] Successfully bumped revision number for resource cfec7417-23db-44db-b48f-004d18528299 (type: ports) to 2
Jun 16 03:36:53.086020 np0000180675 devstack@neutron-api.service[103064]: DEBUG neutron_lib.callbacks.manager [None req-06185ed7-afdc-4e79-8830-d419b2aa2a2b None None] Publish callbacks ['neutron.plugins.ml2.ovo_rpc._ObjectChangeHandler.handle_event-3086249', 'neutron.services.ovn_l3.plugin.OVNL3RouterPlugin._port_update-8710416438836'] for port (cfec7417-23db-44db-b48f-004d18528299), after_update {{(pid=103064) _notify_loop /opt/stack/data/venv/lib/python3.12/site-packages/neutron_lib/callbacks/manager.py:184}}
Jun 16 03:36:53.153229 np0000180675 devstack@neutron-api.service[103064]: DEBUG neutron.api.rpc.handlers.resources_rpc [None req-8f1fef52-2a25-43e9-a609-123e992437ed None None] Pushing event updated for resources: {'Port': ['ID=cfec7417-23db-44db-b48f-004d18528299,revision_number=2']} {{(pid=103064) push /opt/stack/neutron/neutron/api/rpc/handlers/resources_rpc.py:237}}
Jun 16 03:36:53.226394 np0000180675 devstack@neutron-api.service[103064]: DEBUG neutron.db.ovn_revision_numbers_db [None req-9d1afdb0-cc81-45e2-ad08-b50fda7fa538 admin admin] create_initial_revision uuid=0cb539ef-881d-48ac-add6-6c3ad020c995, type=subnets, rev=-1 {{(pid=103064) create_initial_revision /opt/stack/neutron/neutron/db/ovn_revision_numbers_db.py:98}}
Jun 16 03:36:53.259835 np0000180675 devstack@neutron-api.service[103063]: DEBUG neutron.plugins.ml2.plugin [None req-ec7323a1-bb5f-46d4-a17b-ebf409a94943 None None] Current status of the port cfec7417-23db-44db-b48f-004d18528299 is: ACTIVE; New status is: ACTIVE {{(pid=103063) _update_individual_port_db_status /opt/stack/neutron/neutron/plugins/ml2/plugin.py:2470}}
Jun 16 03:36:53.299542 np0000180675 devstack@neutron-api.service[103064]: DEBUG neutron.objects.ports [None req-9d1afdb0-cc81-45e2-ad08-b50fda7fa538 admin admin] Time-cost: Fetching 0 ports in 0 security groups {{(pid=103064) get_objects /opt/stack/neutron/neutron/objects/ports.py:506}}
Jun 16 03:36:53.299896 np0000180675 devstack@neutron-api.service[103064]: DEBUG neutron_lib.callbacks.manager [None req-9d1afdb0-cc81-45e2-ad08-b50fda7fa538 admin admin] Publish callbacks ['neutron.plugins.ml2.ovo_rpc._ObjectChangeHandler.handle_event-3086269'] for subnet (0cb539ef-881d-48ac-add6-6c3ad020c995), after_create {{(pid=103064) _notify_loop /opt/stack/data/venv/lib/python3.12/site-packages/neutron_lib/callbacks/manager.py:184}}
Jun 16 03:36:53.314877 np0000180675 devstack@neutron-api.service[103064]: DEBUG neutron.api.rpc.handlers.resources_rpc [None req-9d1afdb0-cc81-45e2-ad08-b50fda7fa538 admin admin] Pushing event updated for resources: {'Subnet': ['ID=0cb539ef-881d-48ac-add6-6c3ad020c995,revision_number=0']} {{(pid=103064) push /opt/stack/neutron/neutron/api/rpc/handlers/resources_rpc.py:237}}
Jun 16 03:36:53.349260 np0000180675 devstack@neutron-api.service[103064]: INFO neutron.db.ovn_revision_numbers_db [None req-9d1afdb0-cc81-45e2-ad08-b50fda7fa538 admin admin] Successfully bumped revision number for resource 0cb539ef-881d-48ac-add6-6c3ad020c995 (type: subnets) to 0
Jun 16 03:36:53.350870 np0000180675 devstack@neutron-api.service[103064]: DEBUG neutron.pecan_wsgi.hooks.policy_enforcement [None req-9d1afdb0-cc81-45e2-ad08-b50fda7fa538 admin admin] Attributes excluded by policy engine: ['standard_attr_id', 'shared', 'network'] {{(pid=103064) _exclude_attributes_by_policy /opt/stack/neutron/neutron/pecan_wsgi/hooks/policy_enforcement.py:259}}
Jun 16 03:36:53.351213 np0000180675 devstack@neutron-api.service[103064]: DEBUG neutron_lib.callbacks.manager [None req-9d1afdb0-cc81-45e2-ad08-b50fda7fa538 admin admin] Publish callbacks [] for subnet (None), before_response {{(pid=103064) _notify_loop /opt/stack/data/venv/lib/python3.12/site-packages/neutron_lib/callbacks/manager.py:184}}
Jun 16 03:36:53.363581 np0000180675 devstack@neutron-api.service[103064]: [pid: 103064|app: 0|req: 6/21] 199.204.45.169 () {68 vars in 1355 bytes} [Tue Jun 16 03:36:52 2026] POST /networking/v2.0/subnets => generated 640 bytes in 365 msecs (HTTP/1.1 201) 4 headers in 162 bytes (1 switches on core 0)
Jun 16 03:36:53.729203 np0000180675 devstack@neutron-api.service[103063]: DEBUG neutron.api.wsgi [None req-33f208e8-dea3-441a-a61d-c4037ae93c4f admin admin] Missing Content-Type {{(pid=103063) get_content_type /opt/stack/neutron/neutron/api/wsgi.py:80}}
Jun 16 03:36:53.779157 np0000180675 devstack@neutron-api.service[103063]: [pid: 103063|app: 0|req: 6/22] 199.204.45.169 () {64 vars in 1412 bytes} [Tue Jun 16 03:36:53 2026] GET /networking/v2.0/routers/11854e2a-d010-4184-9a1b-11bfe28706c3 => generated 599 bytes in 53 msecs (HTTP/1.1 200) 4 headers in 157 bytes (1 switches on core 0)
Jun 16 03:36:53.838587 np0000180675 devstack@neutron-api.service[103062]: DEBUG neutron.pecan_wsgi.hooks.policy_enforcement [None req-7e477fd2-5842-4844-86d5-a3c3bb098d36 admin admin] Attributes excluded by policy engine: ['standard_attr_id'] {{(pid=103062) _exclude_attributes_by_policy /opt/stack/neutron/neutron/pecan_wsgi/hooks/policy_enforcement.py:259}}
Jun 16 03:36:53.840384 np0000180675 devstack@neutron-api.service[103062]: [pid: 103062|app: 0|req: 6/23] 199.204.45.169 () {64 vars in 1415 bytes} [Tue Jun 16 03:36:53 2026] GET /networking/v2.0/networks/66e253e6-26db-4c7f-99a0-54b0e74d7c46 => generated 717 bytes in 47 msecs (HTTP/1.1 200) 4 headers in 157 bytes (1 switches on core 0)
Jun 16 03:36:53.858365 np0000180675 devstack@neutron-api.service[103065]: DEBUG neutron.api.wsgi [None req-e72b03d4-f845-415b-90c5-2293afa196e5 admin admin] Missing Content-Type {{(pid=103065) get_content_type /opt/stack/neutron/neutron/api/wsgi.py:80}}
Jun 16 03:36:53.858982 np0000180675 devstack@neutron-api.service[103065]: DEBUG neutron.api.wsgi [None req-e72b03d4-f845-415b-90c5-2293afa196e5 admin admin] https://199.204.45.169/networking/v2.0/extensions/external-gateway-multihoming returned with HTTP 200 {{(pid=103065) __call__ /opt/stack/neutron/neutron/api/wsgi.py:540}}
Jun 16 03:36:53.859776 np0000180675 devstack@neutron-api.service[103065]: [pid: 103065|app: 0|req: 6/24] 199.204.45.169 () {64 vars in 1397 bytes} [Tue Jun 16 03:36:53 2026] GET /networking/v2.0/extensions/external-gateway-multihoming => generated 227 bytes in 6 msecs (HTTP/1.1 200) 4 headers in 157 bytes (1 switches on core 0)
Jun 16 03:36:54.114358 np0000180675 devstack@neutron-api.service[103064]: DEBUG neutron_lib.callbacks.manager [None req-c77df5ac-bfc2-4de6-96c4-0a21a1ed5582 admin admin] Publish callbacks [] for router_gateway (11854e2a-d010-4184-9a1b-11bfe28706c3), precommit_update {{(pid=103064) _notify_loop /opt/stack/data/venv/lib/python3.12/site-packages/neutron_lib/callbacks/manager.py:184}}
Jun 16 03:36:54.221842 np0000180675 devstack@neutron-api.service[103064]: DEBUG neutron_lib.callbacks.manager [None req-c77df5ac-bfc2-4de6-96c4-0a21a1ed5582 admin admin] Publish callbacks [] for router_gateway (11854e2a-d010-4184-9a1b-11bfe28706c3), before_create {{(pid=103064) _notify_loop /opt/stack/data/venv/lib/python3.12/site-packages/neutron_lib/callbacks/manager.py:184}}
Jun 16 03:36:54.251681 np0000180675 devstack@neutron-api.service[103064]: DEBUG neutron_lib.callbacks.manager [None req-c77df5ac-bfc2-4de6-96c4-0a21a1ed5582 admin admin] Publish callbacks ['neutron.plugins.ml2.plugin.SecurityGroupDbMixin._ensure_default_security_group_handler-190936'] for port (None), before_create {{(pid=103064) _notify_loop /opt/stack/data/venv/lib/python3.12/site-packages/neutron_lib/callbacks/manager.py:184}}
Jun 16 03:36:54.322551 np0000180675 devstack@neutron-api.service[103064]: DEBUG neutron.db.db_base_plugin_common [None req-c77df5ac-bfc2-4de6-96c4-0a21a1ed5582 admin admin] Allocated IP 172.24.5.7 (66e253e6-26db-4c7f-99a0-54b0e74d7c46/0cb539ef-881d-48ac-add6-6c3ad020c995/4abca891-dce9-4b5a-b3de-33b4a7c133d9) {{(pid=103064) _store_ip_allocation /opt/stack/neutron/neutron/db/db_base_plugin_common.py:131}}
Jun 16 03:36:54.370005 np0000180675 devstack@neutron-api.service[103064]: DEBUG neutron_lib.callbacks.manager [None req-c77df5ac-bfc2-4de6-96c4-0a21a1ed5582 admin admin] Publish callbacks ['neutron.plugins.ml2.drivers.ovn.mech_driver.mech_driver.OVNMechanismDriver._validate_allowed_address_pairs-324656'] for allowed_address_pair (4abca891-dce9-4b5a-b3de-33b4a7c133d9), before_create {{(pid=103064) _notify_loop /opt/stack/data/venv/lib/python3.12/site-packages/neutron_lib/callbacks/manager.py:184}}
Jun 16 03:36:54.370424 np0000180675 devstack@neutron-api.service[103064]: DEBUG neutron_lib.callbacks.manager [None req-c77df5ac-bfc2-4de6-96c4-0a21a1ed5582 admin admin] Publish callbacks [] for port (4abca891-dce9-4b5a-b3de-33b4a7c133d9), precommit_create {{(pid=103064) _notify_loop /opt/stack/data/venv/lib/python3.12/site-packages/neutron_lib/callbacks/manager.py:184}}
Jun 16 03:36:54.370618 np0000180675 devstack@neutron-api.service[103064]: DEBUG neutron.plugins.ml2.drivers.ovn.mech_driver.mech_driver [None req-c77df5ac-bfc2-4de6-96c4-0a21a1ed5582 admin admin] No provisioning block for port 4abca891-dce9-4b5a-b3de-33b4a7c133d9 since it does not have a host {{(pid=103064) _is_port_provisioning_required /opt/stack/neutron/neutron/plugins/ml2/drivers/ovn/mech_driver/mech_driver.py:896}}
Jun 16 03:36:54.370786 np0000180675 devstack@neutron-api.service[103064]: DEBUG neutron.db.ovn_revision_numbers_db [None req-c77df5ac-bfc2-4de6-96c4-0a21a1ed5582 admin admin] create_initial_revision uuid=4abca891-dce9-4b5a-b3de-33b4a7c133d9, type=ports, rev=-1 {{(pid=103064) create_initial_revision /opt/stack/neutron/neutron/db/ovn_revision_numbers_db.py:98}}
Jun 16 03:36:54.429734 np0000180675 devstack@neutron-api.service[103064]: DEBUG neutron.db.ovn_revision_numbers_db [None req-c77df5ac-bfc2-4de6-96c4-0a21a1ed5582 admin admin] create_initial_revision uuid=4abca891-dce9-4b5a-b3de-33b4a7c133d9, type=router_ports, rev=-1 {{(pid=103064) create_initial_revision /opt/stack/neutron/neutron/db/ovn_revision_numbers_db.py:98}}
Jun 16 03:36:54.459820 np0000180675 devstack@neutron-api.service[103064]: DEBUG neutron_lib.callbacks.manager [None req-c77df5ac-bfc2-4de6-96c4-0a21a1ed5582 admin admin] Publish callbacks ['neutron.plugins.ml2.ovo_rpc._ObjectChangeHandler.handle_event-3086249'] for port (4abca891-dce9-4b5a-b3de-33b4a7c133d9), after_create {{(pid=103064) _notify_loop /opt/stack/data/venv/lib/python3.12/site-packages/neutron_lib/callbacks/manager.py:184}}
Jun 16 03:36:54.495878 np0000180675 devstack@neutron-api.service[103064]: DEBUG neutron.api.rpc.handlers.resources_rpc [None req-c77df5ac-bfc2-4de6-96c4-0a21a1ed5582 admin admin] Pushing event updated for resources: {'Port': ['ID=4abca891-dce9-4b5a-b3de-33b4a7c133d9,revision_number=1']} {{(pid=103064) push /opt/stack/neutron/neutron/api/rpc/handlers/resources_rpc.py:237}}
Jun 16 03:36:54.532355 np0000180675 devstack@neutron-api.service[103064]: DEBUG neutron.plugins.ml2.drivers.ovn.mech_driver.ovsdb.commands [None req-c77df5ac-bfc2-4de6-96c4-0a21a1ed5582 admin admin] Converting tag [] to a tag_request {{(pid=103064) _tag_column_to_tag_request /opt/stack/neutron/neutron/plugins/ml2/drivers/ovn/mech_driver/ovsdb/commands.py:205}}
Jun 16 03:36:54.533859 np0000180675 devstack@neutron-api.service[103064]: DEBUG ovsdbapp.backend.ovs_idl.transaction [None req-1b4108d8-2242-4b22-9405-02a0daecfa0f None None] Running txn n=1 command(idx=0): AddLSwitchPortCommand(_result=None, lport=4abca891-dce9-4b5a-b3de-33b4a7c133d9, lswitch=neutron-66e253e6-26db-4c7f-99a0-54b0e74d7c46, may_exist=True, network_uuid=66e253e6-26db-4c7f-99a0-54b0e74d7c46, columns={'addresses': ['unknown'], 'external_ids': {'neutron:port_name': '', 'neutron:device_id': '11854e2a-d010-4184-9a1b-11bfe28706c3', 'neutron:project_id': '', 'neutron:cidrs': '172.24.5.7/24', 'neutron:device_owner': 'network:router_gateway', 'neutron:subnet_pool_addr_scope4': '', 'neutron:subnet_pool_addr_scope6': '', 'neutron:network_name': 'neutron-66e253e6-26db-4c7f-99a0-54b0e74d7c46', 'neutron:security_group_ids': '', 'neutron:revision_number': '1', 'neutron:vnic_type': 'normal', 'neutron:port_capabilities': '', 'neutron:mtu': ''}, 'parent_name': [], 'enabled': True, 'options': {}, 'type': '', 'port_security': [], 'dhcpv4_options': [], 'dhcpv6_options': [], 'tag_request': []}) {{(pid=103064) do_commit /opt/stack/data/venv/lib/python3.12/site-packages/ovsdbapp/backend/ovs_idl/transaction.py:89}}
Jun 16 03:36:54.534904 np0000180675 devstack@neutron-api.service[103064]: DEBUG ovsdbapp.backend.ovs_idl.transaction [None req-1b4108d8-2242-4b22-9405-02a0daecfa0f None None] Running txn n=1 command(idx=1): QoSDelCommand(_result=None, switch=neutron-66e253e6-26db-4c7f-99a0-54b0e74d7c46, conditions=[('direction', '=', 'to-lport'), ('priority', '=', 2002), ('match', '=', 'outport == "4abca891-dce9-4b5a-b3de-33b4a7c133d9"')], if_exists=True) {{(pid=103064) do_commit /opt/stack/data/venv/lib/python3.12/site-packages/ovsdbapp/backend/ovs_idl/transaction.py:89}}
Jun 16 03:36:54.535301 np0000180675 devstack@neutron-api.service[103064]: DEBUG ovsdbapp.backend.ovs_idl.transaction [None req-1b4108d8-2242-4b22-9405-02a0daecfa0f None None] Running txn n=1 command(idx=2): QoSDelCommand(_result=None, switch=neutron-66e253e6-26db-4c7f-99a0-54b0e74d7c46, conditions=[('direction', '=', 'from-lport'), ('priority', '=', 2002), ('match', '=', 'inport == "4abca891-dce9-4b5a-b3de-33b4a7c133d9"')], if_exists=True) {{(pid=103064) do_commit /opt/stack/data/venv/lib/python3.12/site-packages/ovsdbapp/backend/ovs_idl/transaction.py:89}}
Jun 16 03:36:54.535674 np0000180675 devstack@neutron-api.service[103064]: DEBUG ovsdbapp.backend.ovs_idl.transaction [None req-1b4108d8-2242-4b22-9405-02a0daecfa0f None None] Running txn n=1 command(idx=3): UpdateLSwitchPortQosOptionsCommand(_result=None, lport=AddLSwitchPortCommand(_result=5a7e9171-6ac8-4c4e-a57c-873eb2fdcb40, lport=4abca891-dce9-4b5a-b3de-33b4a7c133d9, lswitch=neutron-66e253e6-26db-4c7f-99a0-54b0e74d7c46, may_exist=True, network_uuid=66e253e6-26db-4c7f-99a0-54b0e74d7c46, columns={'addresses': ['unknown'], 'external_ids': {'neutron:port_name': '', 'neutron:device_id': '11854e2a-d010-4184-9a1b-11bfe28706c3', 'neutron:project_id': '', 'neutron:cidrs': '172.24.5.7/24', 'neutron:device_owner': 'network:router_gateway', 'neutron:subnet_pool_addr_scope4': '', 'neutron:subnet_pool_addr_scope6': '', 'neutron:network_name': 'neutron-66e253e6-26db-4c7f-99a0-54b0e74d7c46', 'neutron:security_group_ids': '', 'neutron:revision_number': '1', 'neutron:vnic_type': 'normal', 'neutron:port_capabilities': '', 'neutron:mtu': ''}, 'parent_name': [], 'enabled': True, 'options': {}, 'type': '', 'port_security': [], 'tag_request': []}), if_exists=True, qos={'qos_max_rate': None, 'qos_burst': None, 'qos_min_rate': None}) {{(pid=103064) do_commit /opt/stack/data/venv/lib/python3.12/site-packages/ovsdbapp/backend/ovs_idl/transaction.py:89}}
Jun 16 03:36:54.543117 np0000180675 devstack@neutron-api.service[103062]: DEBUG neutron.plugins.ml2.drivers.ovn.mech_driver.ovsdb.ovsdb_monitor [None req-be69a4fc-eb05-42ed-848f-f13e4ab35cb6 None None] Touching Hash Ring node "8780c08cf4e35c4895528069dadfc544" from IDL notify handler {{(pid=103062) notify /opt/stack/neutron/neutron/plugins/ml2/drivers/ovn/mech_driver/ovsdb/ovsdb_monitor.py:1007}}
Jun 16 03:36:54.543436 np0000180675 devstack@neutron-api.service[103064]: DEBUG neutron.plugins.ml2.drivers.ovn.mech_driver.ovsdb.ovsdb_monitor [None req-1b4108d8-2242-4b22-9405-02a0daecfa0f None None] Touching Hash Ring node "bd38a232911c5699afb220b57c989240" from IDL notify handler {{(pid=103064) notify /opt/stack/neutron/neutron/plugins/ml2/drivers/ovn/mech_driver/ovsdb/ovsdb_monitor.py:1007}}
Jun 16 03:36:54.543949 np0000180675 devstack@neutron-api.service[103063]: DEBUG neutron.plugins.ml2.drivers.ovn.mech_driver.ovsdb.ovsdb_monitor [None req-b2f18d84-e33d-4040-8892-d467070affe9 None None] Touching Hash Ring node "c8e5aefe16e95d9d8792c4c7139d5ac6" from IDL notify handler {{(pid=103063) notify /opt/stack/neutron/neutron/plugins/ml2/drivers/ovn/mech_driver/ovsdb/ovsdb_monitor.py:1007}}
Jun 16 03:36:54.554118 np0000180675 devstack@neutron-api.service[103064]: DEBUG neutron.plugins.ml2.drivers.ovn.mech_driver.ovsdb.ovsdb_monitor [None req-02d97aa1-158a-4252-8bb5-d6bd9b247ede None None] Touching Hash Ring node "bd38a232911c5699afb220b57c989240" from IDL notify handler {{(pid=103064) notify /opt/stack/neutron/neutron/plugins/ml2/drivers/ovn/mech_driver/ovsdb/ovsdb_monitor.py:1007}}
Jun 16 03:36:54.554181 np0000180675 devstack@neutron-api.service[103062]: DEBUG neutron.plugins.ml2.drivers.ovn.mech_driver.ovsdb.ovsdb_monitor [None req-be69a4fc-eb05-42ed-848f-f13e4ab35cb6 None None] Hash Ring: Node 8780c08cf4e35c4895528069dadfc544 (host: np0000180675) handling event "create" for row 97746b48-8b62-499c-8e88-25e2836c532a (table: Logical_Switch_Port) {{(pid=103062) notify /opt/stack/neutron/neutron/plugins/ml2/drivers/ovn/mech_driver/ovsdb/ovsdb_monitor.py:1015}}
Jun 16 03:36:54.554217 np0000180675 devstack@neutron-api.service[103063]: DEBUG neutron.plugins.ml2.drivers.ovn.mech_driver.ovsdb.ovsdb_monitor [None req-ec315046-23e6-4e61-91c1-35a55dddd4f5 None None] Touching Hash Ring node "c8e5aefe16e95d9d8792c4c7139d5ac6" from IDL notify handler {{(pid=103063) notify /opt/stack/neutron/neutron/plugins/ml2/drivers/ovn/mech_driver/ovsdb/ovsdb_monitor.py:1007}}
Jun 16 03:36:54.554321 np0000180675 devstack@neutron-api.service[103062]: DEBUG ovsdbapp.backend.ovs_idl.event [None req-be69a4fc-eb05-42ed-848f-f13e4ab35cb6 None None] Matched CREATE: LogicalSwitchPortCreateEvent(events=('create',), table='Logical_Switch_Port', conditions=[], old_conditions=None), priority=20 to row=Logical_Switch_Port(uuid=97746b48-8b62-499c-8e88-25e2836c532a, addresses=['unknown'], dhcpv4_options=[], dhcpv6_options=[], dynamic_addresses=[], enabled=True, external_ids={'neutron:cidrs': '172.24.5.7/24', 'neutron:device_id': '11854e2a-d010-4184-9a1b-11bfe28706c3', 'neutron:device_owner': 'network:router_gateway', 'neutron:mtu': '', 'neutron:network_name': 'neutron-66e253e6-26db-4c7f-99a0-54b0e74d7c46', 'neutron:port_capabilities': '', 'neutron:port_name': '', 'neutron:project_id': '', 'neutron:revision_number': '1', 'neutron:security_group_ids': '', 'neutron:subnet_pool_addr_scope4': '', 'neutron:subnet_pool_addr_scope6': '', 'neutron:vnic_type': 'normal'}, ha_chassis_group=[], mirror_rules=[], name='4abca891-dce9-4b5a-b3de-33b4a7c133d9', options={}, parent_name=[], port_security=[], tag=[], tag_request=[], type='', up=[]) old= {{(pid=103062) matches /opt/stack/data/venv/lib/python3.12/site-packages/ovsdbapp/backend/ovs_idl/event.py:55}}
Jun 16 03:36:54.555914 np0000180675 devstack@neutron-api.service[103062]: INFO neutron.plugins.ml2.drivers.ovn.mech_driver.mech_driver [None req-9bfd3508-7e15-4be6-89a3-e603e9e5dba2 None None] OVN reports status down for port: 4abca891-dce9-4b5a-b3de-33b4a7c133d9
Jun 16 03:36:54.557253 np0000180675 devstack@neutron-api.service[103062]: DEBUG neutron.plugins.ml2.drivers.ovn.mech_driver.ovsdb.ovsdb_monitor [None req-be69a4fc-eb05-42ed-848f-f13e4ab35cb6 None None] Touching Hash Ring node "8780c08cf4e35c4895528069dadfc544" from IDL notify handler {{(pid=103062) notify /opt/stack/neutron/neutron/plugins/ml2/drivers/ovn/mech_driver/ovsdb/ovsdb_monitor.py:1007}}
Jun 16 03:36:54.558943 np0000180675 devstack@neutron-api.service[103064]: DEBUG neutron.plugins.ml2.drivers.ovn.mech_driver.ovsdb.ovsdb_monitor [None req-1b4108d8-2242-4b22-9405-02a0daecfa0f None None] Hash Ring: Node bd38a232911c5699afb220b57c989240 (host: np0000180675) handling event "update" for row 66e253e6-26db-4c7f-99a0-54b0e74d7c46 (table: Logical_Switch) {{(pid=103064) notify /opt/stack/neutron/neutron/plugins/ml2/drivers/ovn/mech_driver/ovsdb/ovsdb_monitor.py:1015}}
Jun 16 03:36:54.559060 np0000180675 devstack@neutron-api.service[103063]: DEBUG neutron.plugins.ml2.drivers.ovn.mech_driver.ovsdb.ovsdb_monitor [None req-b2f18d84-e33d-4040-8892-d467070affe9 None None] Hash Ring: Node c8e5aefe16e95d9d8792c4c7139d5ac6 (host: np0000180675) handling event "update" for row 66e253e6-26db-4c7f-99a0-54b0e74d7c46 (table: Logical_Switch) {{(pid=103063) notify /opt/stack/neutron/neutron/plugins/ml2/drivers/ovn/mech_driver/ovsdb/ovsdb_monitor.py:1015}}
Jun 16 03:36:54.560177 np0000180675 devstack@neutron-api.service[103063]: DEBUG neutron.plugins.ml2.drivers.ovn.mech_driver.ovsdb.ovsdb_monitor [None req-ec315046-23e6-4e61-91c1-35a55dddd4f5 None None] Hash Ring: Node c8e5aefe16e95d9d8792c4c7139d5ac6 (host: np0000180675) handling event "create" for row cb9e8aac-f160-4bfd-b171-f14ca67a160f (table: Port_Binding) {{(pid=103063) notify /opt/stack/neutron/neutron/plugins/ml2/drivers/ovn/mech_driver/ovsdb/ovsdb_monitor.py:1015}}
Jun 16 03:36:54.560315 np0000180675 devstack@neutron-api.service[103062]: DEBUG neutron.plugins.ml2.drivers.ovn.mech_driver.ovsdb.ovsdb_monitor [None req-be69a4fc-eb05-42ed-848f-f13e4ab35cb6 None None] Hash Ring: Node 8780c08cf4e35c4895528069dadfc544 (host: np0000180675) handling event "update" for row 97746b48-8b62-499c-8e88-25e2836c532a (table: Logical_Switch_Port) {{(pid=103062) notify /opt/stack/neutron/neutron/plugins/ml2/drivers/ovn/mech_driver/ovsdb/ovsdb_monitor.py:1015}}
Jun 16 03:36:54.561464 np0000180675 devstack@neutron-api.service[103064]: DEBUG neutron.plugins.ml2.drivers.ovn.mech_driver.ovsdb.ovsdb_monitor [None req-1b4108d8-2242-4b22-9405-02a0daecfa0f None None] Touching Hash Ring node "bd38a232911c5699afb220b57c989240" from IDL notify handler {{(pid=103064) notify /opt/stack/neutron/neutron/plugins/ml2/drivers/ovn/mech_driver/ovsdb/ovsdb_monitor.py:1007}}
Jun 16 03:36:54.564422 np0000180675 devstack@neutron-api.service[103064]: DEBUG neutron.plugins.ml2.drivers.ovn.mech_driver.ovsdb.ovsdb_monitor [None req-02d97aa1-158a-4252-8bb5-d6bd9b247ede None None] Hash Ring: Node bd38a232911c5699afb220b57c989240 (host: np0000180675) handling event "create" for row cb9e8aac-f160-4bfd-b171-f14ca67a160f (table: Port_Binding) {{(pid=103064) notify /opt/stack/neutron/neutron/plugins/ml2/drivers/ovn/mech_driver/ovsdb/ovsdb_monitor.py:1015}}
Jun 16 03:36:54.569008 np0000180675 devstack@neutron-api.service[103064]: DEBUG neutron.plugins.ml2.drivers.ovn.mech_driver.ovsdb.ovsdb_monitor [None req-1b4108d8-2242-4b22-9405-02a0daecfa0f None None] Hash Ring: Node bd38a232911c5699afb220b57c989240 (host: np0000180675) handling event "create" for row 97746b48-8b62-499c-8e88-25e2836c532a (table: Logical_Switch_Port) {{(pid=103064) notify /opt/stack/neutron/neutron/plugins/ml2/drivers/ovn/mech_driver/ovsdb/ovsdb_monitor.py:1015}}
Jun 16 03:36:54.571695 np0000180675 devstack@neutron-api.service[103064]: DEBUG ovsdbapp.backend.ovs_idl.event [None req-1b4108d8-2242-4b22-9405-02a0daecfa0f None None] Matched CREATE: LogicalSwitchPortCreateEvent(events=('create',), table='Logical_Switch_Port', conditions=[], old_conditions=None), priority=20 to row=Logical_Switch_Port(uuid=97746b48-8b62-499c-8e88-25e2836c532a, addresses=['unknown'], dhcpv4_options=[], dhcpv6_options=[], dynamic_addresses=[], enabled=True, external_ids={'neutron:cidrs': '172.24.5.7/24', 'neutron:device_id': '11854e2a-d010-4184-9a1b-11bfe28706c3', 'neutron:device_owner': 'network:router_gateway', 'neutron:mtu': '', 'neutron:network_name': 'neutron-66e253e6-26db-4c7f-99a0-54b0e74d7c46', 'neutron:port_capabilities': '', 'neutron:port_name': '', 'neutron:project_id': '', 'neutron:revision_number': '1', 'neutron:security_group_ids': '', 'neutron:subnet_pool_addr_scope4': '', 'neutron:subnet_pool_addr_scope6': '', 'neutron:vnic_type': 'normal'}, ha_chassis_group=[], mirror_rules=[], name='4abca891-dce9-4b5a-b3de-33b4a7c133d9', options={}, parent_name=[], port_security=[], tag=[], tag_request=[], type='', up=[]) old= {{(pid=103064) matches /opt/stack/data/venv/lib/python3.12/site-packages/ovsdbapp/backend/ovs_idl/event.py:55}}
Jun 16 03:36:54.574659 np0000180675 devstack@neutron-api.service[103064]: DEBUG neutron.plugins.ml2.drivers.ovn.mech_driver.ovsdb.ovsdb_monitor [None req-1b4108d8-2242-4b22-9405-02a0daecfa0f None None] Touching Hash Ring node "bd38a232911c5699afb220b57c989240" from IDL notify handler {{(pid=103064) notify /opt/stack/neutron/neutron/plugins/ml2/drivers/ovn/mech_driver/ovsdb/ovsdb_monitor.py:1007}}
Jun 16 03:36:54.577539 np0000180675 devstack@neutron-api.service[103064]: DEBUG neutron.plugins.ml2.drivers.ovn.mech_driver.ovsdb.ovsdb_monitor [None req-1b4108d8-2242-4b22-9405-02a0daecfa0f None None] Hash Ring: Node bd38a232911c5699afb220b57c989240 (host: np0000180675) handling event "update" for row 97746b48-8b62-499c-8e88-25e2836c532a (table: Logical_Switch_Port) {{(pid=103064) notify /opt/stack/neutron/neutron/plugins/ml2/drivers/ovn/mech_driver/ovsdb/ovsdb_monitor.py:1015}}
Jun 16 03:36:54.591720 np0000180675 devstack@neutron-api.service[103062]: DEBUG neutron.db.provisioning_blocks [None req-9bfd3508-7e15-4be6-89a3-e603e9e5dba2 None None] Transition to ACTIVE for port object 4abca891-dce9-4b5a-b3de-33b4a7c133d9 will not be triggered until provisioned by entity L2. {{(pid=103062) add_provisioning_component /opt/stack/neutron/neutron/db/provisioning_blocks.py:74}}
Jun 16 03:36:54.622085 np0000180675 devstack@neutron-api.service[103062]: DEBUG neutron.plugins.ml2.plugin [None req-9bfd3508-7e15-4be6-89a3-e603e9e5dba2 None None] Current status of the port 4abca891-dce9-4b5a-b3de-33b4a7c133d9 is: DOWN; New status is: DOWN {{(pid=103062) _update_individual_port_db_status /opt/stack/neutron/neutron/plugins/ml2/plugin.py:2470}}
Jun 16 03:36:54.622743 np0000180675 devstack@neutron-api.service[103064]: INFO neutron.db.ovn_revision_numbers_db [None req-c77df5ac-bfc2-4de6-96c4-0a21a1ed5582 admin admin] Successfully bumped revision number for resource 4abca891-dce9-4b5a-b3de-33b4a7c133d9 (type: ports) to 1
Jun 16 03:36:54.623941 np0000180675 devstack@neutron-api.service[103062]: DEBUG ovsdbapp.backend.ovs_idl.transaction [None req-be69a4fc-eb05-42ed-848f-f13e4ab35cb6 None None] Running txn n=1 command(idx=0): DbRemoveCommand(_result=None, table=Logical_Switch_Port, record=4abca891-dce9-4b5a-b3de-33b4a7c133d9, column=external_ids, values=('neutron:host_id',), keyvalues={}, if_exists=True) {{(pid=103062) do_commit /opt/stack/data/venv/lib/python3.12/site-packages/ovsdbapp/backend/ovs_idl/transaction.py:89}}
Jun 16 03:36:54.791351 np0000180675 devstack@neutron-api.service[103064]: DEBUG neutron_lib.callbacks.manager [None req-c77df5ac-bfc2-4de6-96c4-0a21a1ed5582 admin admin] Publish callbacks [] for router_gateway (11854e2a-d010-4184-9a1b-11bfe28706c3), after_create {{(pid=103064) _notify_loop /opt/stack/data/venv/lib/python3.12/site-packages/neutron_lib/callbacks/manager.py:184}}
Jun 16 03:36:55.025493 np0000180675 devstack@neutron-api.service[103064]: DEBUG neutron_lib.callbacks.manager [None req-c77df5ac-bfc2-4de6-96c4-0a21a1ed5582 admin admin] Publish callbacks ['neutron.services.ovn_l3.plugin.ExtraGatewaysDbOnlyMixin._process_bfd_ecmp_update-30841', 'neutron.services.ovn_l3.service_providers.driver_controller.DriverController._update_router_provider-611441'] for router (11854e2a-d010-4184-9a1b-11bfe28706c3), precommit_update {{(pid=103064) _notify_loop /opt/stack/data/venv/lib/python3.12/site-packages/neutron_lib/callbacks/manager.py:184}}
Jun 16 03:36:55.028854 np0000180675 devstack@neutron-api.service[103064]: DEBUG neutron_lib.callbacks.manager [None req-c77df5ac-bfc2-4de6-96c4-0a21a1ed5582 admin admin] Publish callbacks ['neutron.services.ovn_l3.service_providers.ovn.OvnDriver._process_router_update-561365'] for router (11854e2a-d010-4184-9a1b-11bfe28706c3), after_update {{(pid=103064) _notify_loop /opt/stack/data/venv/lib/python3.12/site-packages/neutron_lib/callbacks/manager.py:184}}
Jun 16 03:36:55.029012 np0000180675 devstack@neutron-api.service[103064]: INFO neutron.plugins.ml2.drivers.ovn.mech_driver.ovsdb.extensions.qos [None req-c77df5ac-bfc2-4de6-96c4-0a21a1ed5582 admin admin] Starting OVNClientQosExtension
Jun 16 03:36:55.576837 np0000180675 devstack@neutron-api.service[103064]: DEBUG ovsdbapp.backend.ovs_idl.transaction [None req-1b4108d8-2242-4b22-9405-02a0daecfa0f None None] Running txn n=1 command(idx=0): CheckRevisionNumberCommand(_result=None, name=neutron-11854e2a-d010-4184-9a1b-11bfe28706c3, resource={'id': '11854e2a-d010-4184-9a1b-11bfe28706c3', 'name': 'router1', 'project_id': 'b0d18bf6177b456c91cf07a15207bf69', 'admin_state_up': True, 'status': 'ACTIVE', 'enable_snat': True, 'external_gateway_info': {'network_id': '66e253e6-26db-4c7f-99a0-54b0e74d7c46', 'external_fixed_ips': [{'subnet_id': '0cb539ef-881d-48ac-add6-6c3ad020c995', 'ip_address': '172.24.5.7'}], 'enable_snat': True}, 'gw_port_id': '4abca891-dce9-4b5a-b3de-33b4a7c133d9', 'description': '', 'availability_zones': [], 'distributed': False, 'ha': True, 'ha_vr_id': 0, 'availability_zone_hints': [], 'enable_default_route_ecmp': False, 'enable_default_route_bfd': False, 'external_gateways': [{'network_id': '66e253e6-26db-4c7f-99a0-54b0e74d7c46', 'external_fixed_ips': [{'ip_address': '172.24.5.7', 'subnet_id': '0cb539ef-881d-48ac-add6-6c3ad020c995'}]}], 'routes': [], 'flavor_id': None, 'tags': [], 'created_at': '2026-06-16T03:36:48Z', 'updated_at': '2026-06-16T03:36:54Z', 'revision_number': 3, 'tenant_id': 'b0d18bf6177b456c91cf07a15207bf69'}, resource_type=routers, if_exists=True) {{(pid=103064) do_commit /opt/stack/data/venv/lib/python3.12/site-packages/ovsdbapp/backend/ovs_idl/transaction.py:89}}
Jun 16 03:36:55.577371 np0000180675 devstack@neutron-api.service[103064]: DEBUG ovsdbapp.backend.ovs_idl.transaction [None req-1b4108d8-2242-4b22-9405-02a0daecfa0f None None] Running txn n=1 command(idx=1): DeleteLRouterExtGwCommand(_result=None, lrouter=neutron-11854e2a-d010-4184-9a1b-11bfe28706c3, if_exists=True, maintain_bfd=True) {{(pid=103064) do_commit /opt/stack/data/venv/lib/python3.12/site-packages/ovsdbapp/backend/ovs_idl/transaction.py:89}}
Jun 16 03:36:55.577972 np0000180675 devstack@neutron-api.service[103064]: DEBUG ovsdbapp.backend.ovs_idl.transaction [None req-1b4108d8-2242-4b22-9405-02a0daecfa0f None None] Running txn n=1 command(idx=2): DeleteNATRuleInLRouterCommand(_result=None, lrouter=neutron-11854e2a-d010-4184-9a1b-11bfe28706c3, type=snat, logical_ip=10.1.0.0/26, external_ip=172.24.5.7, if_exists=True) {{(pid=103064) do_commit /opt/stack/data/venv/lib/python3.12/site-packages/ovsdbapp/backend/ovs_idl/transaction.py:89}}
Jun 16 03:36:55.578206 np0000180675 devstack@neutron-api.service[103064]: DEBUG ovsdbapp.backend.ovs_idl.transaction [None req-1b4108d8-2242-4b22-9405-02a0daecfa0f None None] Running txn n=1 command(idx=3): DelStaticRoutesCommand(_result=None, lrouter=neutron-11854e2a-d010-4184-9a1b-11bfe28706c3, routes=[('0.0.0.0/0', '172.24.5.1')], if_exists=True) {{(pid=103064) do_commit /opt/stack/data/venv/lib/python3.12/site-packages/ovsdbapp/backend/ovs_idl/transaction.py:89}}
Jun 16 03:36:55.578437 np0000180675 devstack@neutron-api.service[103064]: DEBUG ovsdbapp.backend.ovs_idl.transaction [None req-1b4108d8-2242-4b22-9405-02a0daecfa0f None None] Running txn n=1 command(idx=4): DelLRouterPortCommand(_result=None, name=lrp-4abca891-dce9-4b5a-b3de-33b4a7c133d9, lrouter=neutron-11854e2a-d010-4184-9a1b-11bfe28706c3, if_exists=True) {{(pid=103064) do_commit /opt/stack/data/venv/lib/python3.12/site-packages/ovsdbapp/backend/ovs_idl/transaction.py:89}}
Jun 16 03:36:55.578725 np0000180675 devstack@neutron-api.service[103064]: DEBUG ovsdbapp.backend.ovs_idl.transaction [None req-1b4108d8-2242-4b22-9405-02a0daecfa0f None None] Running txn n=1 command(idx=5): AddLRouterPortCommand(_result=None, name=lrp-4abca891-dce9-4b5a-b3de-33b4a7c133d9, lrouter=neutron-11854e2a-d010-4184-9a1b-11bfe28706c3, may_exist=True, columns={'mac': 'fa:16:3e:cf:21:89', 'networks': ['172.24.5.7/24'], 'external_ids': {'neutron:revision_number': '1', 'neutron:subnet_ids': '0cb539ef-881d-48ac-add6-6c3ad020c995', 'neutron:network_name': 'neutron-66e253e6-26db-4c7f-99a0-54b0e74d7c46', 'neutron:is_ext_gw': 'True', 'neutron:router_name': 'neutron-11854e2a-d010-4184-9a1b-11bfe28706c3'}, 'options': {'reside-on-redirect-chassis': 'true', 'gateway_mtu': '1372'}}) {{(pid=103064) do_commit /opt/stack/data/venv/lib/python3.12/site-packages/ovsdbapp/backend/ovs_idl/transaction.py:89}}
Jun 16 03:36:55.579402 np0000180675 devstack@neutron-api.service[103064]: DEBUG ovsdbapp.backend.ovs_idl.transaction [None req-1b4108d8-2242-4b22-9405-02a0daecfa0f None None] Running txn n=1 command(idx=6): ScheduleNewGatewayCommand(_result=None, g_name=lrp-4abca891-dce9-4b5a-b3de-33b4a7c133d9, sb_api=, lrouter_name=neutron-11854e2a-d010-4184-9a1b-11bfe28706c3, ovn_client=, scheduler=, physnet=public, az_hints=[]) {{(pid=103064) do_commit /opt/stack/data/venv/lib/python3.12/site-packages/ovsdbapp/backend/ovs_idl/transaction.py:89}}
Jun 16 03:36:55.580547 np0000180675 devstack@neutron-api.service[103064]: DEBUG neutron.plugins.ml2.drivers.ovn.mech_driver.ovsdb.ovn_client [None req-1b4108d8-2242-4b22-9405-02a0daecfa0f None None] Chassis candidates for scheduling gateway router ports for "public" physical network: ['c7688d3a-8076-410c-b763-dffcda9b308c'] {{(pid=103064) get_candidates_for_scheduling /opt/stack/neutron/neutron/plugins/ml2/drivers/ovn/mech_driver/ovsdb/ovn_client.py:1750}}
Jun 16 03:36:55.581220 np0000180675 devstack@neutron-api.service[103064]: DEBUG neutron.scheduler.l3_ovn_scheduler [None req-1b4108d8-2242-4b22-9405-02a0daecfa0f None None] Gateway lrp-4abca891-dce9-4b5a-b3de-33b4a7c133d9 scheduled on chassis ['c7688d3a-8076-410c-b763-dffcda9b308c'] {{(pid=103064) _schedule_gateway /opt/stack/neutron/neutron/scheduler/l3_ovn_scheduler.py:88}}
Jun 16 03:36:55.581745 np0000180675 devstack@neutron-api.service[103064]: DEBUG ovsdbapp.backend.ovs_idl.transaction [None req-1b4108d8-2242-4b22-9405-02a0daecfa0f None None] Running txn n=1 command(idx=7): SetLRouterPortInLSwitchPortCommand(_result=None, lswitch_port=4abca891-dce9-4b5a-b3de-33b4a7c133d9, lrouter_port=lrp-4abca891-dce9-4b5a-b3de-33b4a7c133d9, is_gw_port=True, if_exists=True, lsp_address=router) {{(pid=103064) do_commit /opt/stack/data/venv/lib/python3.12/site-packages/ovsdbapp/backend/ovs_idl/transaction.py:89}}
Jun 16 03:36:55.582165 np0000180675 devstack@neutron-api.service[103064]: DEBUG ovsdbapp.backend.ovs_idl.transaction [None req-1b4108d8-2242-4b22-9405-02a0daecfa0f None None] Running txn n=1 command(idx=8): AddStaticRouteCommand(_result=None, lrouter=neutron-11854e2a-d010-4184-9a1b-11bfe28706c3, maintain_bfd=False, columns={'ip_prefix': '0.0.0.0/0', 'nexthop': '172.24.5.1', 'external_ids': {'neutron:is_ext_gw': 'true', 'neutron:subnet_id': '0cb539ef-881d-48ac-add6-6c3ad020c995', 'neutron:is_static_route': 'true'}}) {{(pid=103064) do_commit /opt/stack/data/venv/lib/python3.12/site-packages/ovsdbapp/backend/ovs_idl/transaction.py:89}}
Jun 16 03:36:55.582480 np0000180675 devstack@neutron-api.service[103064]: DEBUG ovsdbapp.backend.ovs_idl.transaction [None req-1b4108d8-2242-4b22-9405-02a0daecfa0f None None] Running txn n=1 command(idx=9): AddNATRuleInLRouterCommand(_result=None, lrouter=neutron-11854e2a-d010-4184-9a1b-11bfe28706c3, nat_uuid=None, columns={'type': 'snat', 'logical_ip': '10.1.0.0/26', 'external_ip': '172.24.5.7'}) {{(pid=103064) do_commit /opt/stack/data/venv/lib/python3.12/site-packages/ovsdbapp/backend/ovs_idl/transaction.py:89}}
Jun 16 03:36:55.582988 np0000180675 devstack@neutron-api.service[103064]: DEBUG ovsdbapp.backend.ovs_idl.transaction [None req-1b4108d8-2242-4b22-9405-02a0daecfa0f None None] Running txn n=1 command(idx=10): UpdateLRouterCommand(_result=None, name=neutron-11854e2a-d010-4184-9a1b-11bfe28706c3, columns={'external_ids': {'neutron:router_name': 'router1', 'neutron:revision_number': '3', 'neutron:availability_zone_hints': ''}, 'enabled': True}, if_exists=True) {{(pid=103064) do_commit /opt/stack/data/venv/lib/python3.12/site-packages/ovsdbapp/backend/ovs_idl/transaction.py:89}}
Jun 16 03:36:55.583328 np0000180675 devstack@neutron-api.service[103064]: DEBUG ovsdbapp.backend.ovs_idl.transaction [None req-1b4108d8-2242-4b22-9405-02a0daecfa0f None None] Running txn n=1 command(idx=11): QoSDelCommand(_result=None, switch=neutron-66e253e6-26db-4c7f-99a0-54b0e74d7c46, conditions=[('direction', '=', 'from-lport'), ('priority', '=', 2002), ('match', '=', 'inport == "4abca891-dce9-4b5a-b3de-33b4a7c133d9"')], if_exists=True) {{(pid=103064) do_commit /opt/stack/data/venv/lib/python3.12/site-packages/ovsdbapp/backend/ovs_idl/transaction.py:89}}
Jun 16 03:36:55.583701 np0000180675 devstack@neutron-api.service[103064]: DEBUG ovsdbapp.backend.ovs_idl.transaction [None req-1b4108d8-2242-4b22-9405-02a0daecfa0f None None] Running txn n=1 command(idx=12): QoSDelCommand(_result=None, switch=neutron-66e253e6-26db-4c7f-99a0-54b0e74d7c46, conditions=[('direction', '=', 'to-lport'), ('priority', '=', 2002), ('match', '=', 'outport == "4abca891-dce9-4b5a-b3de-33b4a7c133d9"')], if_exists=True) {{(pid=103064) do_commit /opt/stack/data/venv/lib/python3.12/site-packages/ovsdbapp/backend/ovs_idl/transaction.py:89}}
Jun 16 03:36:55.591659 np0000180675 devstack@neutron-api.service[103064]: DEBUG neutron.plugins.ml2.drivers.ovn.mech_driver.ovsdb.ovsdb_monitor [None req-1b4108d8-2242-4b22-9405-02a0daecfa0f None None] Touching Hash Ring node "bd38a232911c5699afb220b57c989240" from IDL notify handler {{(pid=103064) notify /opt/stack/neutron/neutron/plugins/ml2/drivers/ovn/mech_driver/ovsdb/ovsdb_monitor.py:1007}}
Jun 16 03:36:55.593774 np0000180675 devstack@neutron-api.service[103062]: DEBUG neutron.plugins.ml2.drivers.ovn.mech_driver.ovsdb.ovsdb_monitor [None req-be69a4fc-eb05-42ed-848f-f13e4ab35cb6 None None] Touching Hash Ring node "8780c08cf4e35c4895528069dadfc544" from IDL notify handler {{(pid=103062) notify /opt/stack/neutron/neutron/plugins/ml2/drivers/ovn/mech_driver/ovsdb/ovsdb_monitor.py:1007}}
Jun 16 03:36:55.594644 np0000180675 devstack@neutron-api.service[103063]: DEBUG neutron.plugins.ml2.drivers.ovn.mech_driver.ovsdb.ovsdb_monitor [None req-b2f18d84-e33d-4040-8892-d467070affe9 None None] Touching Hash Ring node "c8e5aefe16e95d9d8792c4c7139d5ac6" from IDL notify handler {{(pid=103063) notify /opt/stack/neutron/neutron/plugins/ml2/drivers/ovn/mech_driver/ovsdb/ovsdb_monitor.py:1007}}
Jun 16 03:36:55.596343 np0000180675 devstack@neutron-api.service[103065]: DEBUG neutron.plugins.ml2.drivers.ovn.mech_driver.ovsdb.ovsdb_monitor [None req-8fbab643-321e-4f92-b17f-618da0669108 None None] Touching Hash Ring node "1e3dc4bf688e5b168be131a7880f0aae" from IDL notify handler {{(pid=103065) notify /opt/stack/neutron/neutron/plugins/ml2/drivers/ovn/mech_driver/ovsdb/ovsdb_monitor.py:1007}}
Jun 16 03:36:55.603336 np0000180675 devstack@neutron-api.service[103062]: DEBUG neutron.plugins.ml2.drivers.ovn.mech_driver.ovsdb.ovsdb_monitor [None req-539a31f0-e7a6-4da9-86d7-335dba479d08 None None] Touching Hash Ring node "8780c08cf4e35c4895528069dadfc544" from IDL notify handler {{(pid=103062) notify /opt/stack/neutron/neutron/plugins/ml2/drivers/ovn/mech_driver/ovsdb/ovsdb_monitor.py:1007}}
Jun 16 03:36:55.605021 np0000180675 devstack@neutron-api.service[103063]: DEBUG neutron.plugins.ml2.drivers.ovn.mech_driver.ovsdb.ovsdb_monitor [None req-ec315046-23e6-4e61-91c1-35a55dddd4f5 None None] Touching Hash Ring node "c8e5aefe16e95d9d8792c4c7139d5ac6" from IDL notify handler {{(pid=103063) notify /opt/stack/neutron/neutron/plugins/ml2/drivers/ovn/mech_driver/ovsdb/ovsdb_monitor.py:1007}}
Jun 16 03:36:55.605185 np0000180675 devstack@neutron-api.service[103064]: DEBUG neutron.plugins.ml2.drivers.ovn.mech_driver.ovsdb.ovsdb_monitor [None req-02d97aa1-158a-4252-8bb5-d6bd9b247ede None None] Touching Hash Ring node "bd38a232911c5699afb220b57c989240" from IDL notify handler {{(pid=103064) notify /opt/stack/neutron/neutron/plugins/ml2/drivers/ovn/mech_driver/ovsdb/ovsdb_monitor.py:1007}}
Jun 16 03:36:55.615118 np0000180675 devstack@neutron-api.service[103065]: DEBUG neutron.plugins.ml2.drivers.ovn.mech_driver.ovsdb.ovsdb_monitor [None req-a500349a-1a17-47a1-bdff-ed2baae6944d None None] Touching Hash Ring node "1e3dc4bf688e5b168be131a7880f0aae" from IDL notify handler {{(pid=103065) notify /opt/stack/neutron/neutron/plugins/ml2/drivers/ovn/mech_driver/ovsdb/ovsdb_monitor.py:1007}}
Jun 16 03:36:55.618071 np0000180675 devstack@neutron-api.service[103064]: DEBUG neutron.plugins.ml2.drivers.ovn.mech_driver.ovsdb.ovsdb_monitor [None req-1b4108d8-2242-4b22-9405-02a0daecfa0f None None] Hash Ring: Node bd38a232911c5699afb220b57c989240 (host: np0000180675) handling event "create" for row db823266-fe49-463a-88bd-37fddec0493a (table: HA_Chassis) {{(pid=103064) notify /opt/stack/neutron/neutron/plugins/ml2/drivers/ovn/mech_driver/ovsdb/ovsdb_monitor.py:1015}}
Jun 16 03:36:55.619184 np0000180675 devstack@neutron-api.service[103064]: DEBUG neutron.plugins.ml2.drivers.ovn.mech_driver.ovsdb.ovsdb_monitor [None req-1b4108d8-2242-4b22-9405-02a0daecfa0f None None] Touching Hash Ring node "bd38a232911c5699afb220b57c989240" from IDL notify handler {{(pid=103064) notify /opt/stack/neutron/neutron/plugins/ml2/drivers/ovn/mech_driver/ovsdb/ovsdb_monitor.py:1007}}
Jun 16 03:36:55.620613 np0000180675 devstack@neutron-api.service[103065]: DEBUG neutron.plugins.ml2.drivers.ovn.mech_driver.ovsdb.ovsdb_monitor [None req-8fbab643-321e-4f92-b17f-618da0669108 None None] Hash Ring: Node 1e3dc4bf688e5b168be131a7880f0aae (host: np0000180675) handling event "create" for row 93148f38-bb99-4375-a095-75f6c76c01e6 (table: Logical_Router_Static_Route) {{(pid=103065) notify /opt/stack/neutron/neutron/plugins/ml2/drivers/ovn/mech_driver/ovsdb/ovsdb_monitor.py:1015}}
Jun 16 03:36:55.620676 np0000180675 devstack@neutron-api.service[103062]: DEBUG neutron.plugins.ml2.drivers.ovn.mech_driver.ovsdb.ovsdb_monitor [None req-be69a4fc-eb05-42ed-848f-f13e4ab35cb6 None None] Hash Ring: Node 8780c08cf4e35c4895528069dadfc544 (host: np0000180675) handling event "create" for row 3392035f-f91d-4cda-8bd3-38b0b2ab0a59 (table: HA_Chassis_Group) {{(pid=103062) notify /opt/stack/neutron/neutron/plugins/ml2/drivers/ovn/mech_driver/ovsdb/ovsdb_monitor.py:1015}}
Jun 16 03:36:55.621247 np0000180675 devstack@neutron-api.service[103063]: DEBUG neutron.plugins.ml2.drivers.ovn.mech_driver.ovsdb.ovsdb_monitor [None req-b2f18d84-e33d-4040-8892-d467070affe9 None None] Hash Ring: Node c8e5aefe16e95d9d8792c4c7139d5ac6 (host: np0000180675) handling event "create" for row 4e184cd1-a990-476c-ae1f-e0a76bdc8aaf (table: Logical_Router_Port) {{(pid=103063) notify /opt/stack/neutron/neutron/plugins/ml2/drivers/ovn/mech_driver/ovsdb/ovsdb_monitor.py:1015}}
Jun 16 03:36:55.622069 np0000180675 devstack@neutron-api.service[103065]: DEBUG neutron.plugins.ml2.drivers.ovn.mech_driver.ovsdb.ovsdb_monitor [None req-a500349a-1a17-47a1-bdff-ed2baae6944d None None] Hash Ring: Node 1e3dc4bf688e5b168be131a7880f0aae (host: np0000180675) handling event "create" for row 9b98359f-5116-4ad8-a0af-ef732453a388 (table: Port_Binding) {{(pid=103065) notify /opt/stack/neutron/neutron/plugins/ml2/drivers/ovn/mech_driver/ovsdb/ovsdb_monitor.py:1015}}
Jun 16 03:36:55.622142 np0000180675 devstack@neutron-api.service[103062]: DEBUG neutron.plugins.ml2.drivers.ovn.mech_driver.ovsdb.ovsdb_monitor [None req-539a31f0-e7a6-4da9-86d7-335dba479d08 None None] Hash Ring: Node 8780c08cf4e35c4895528069dadfc544 (host: np0000180675) handling event "create" for row cfb9e11c-c6a3-4674-ae7f-3009d199881b (table: Port_Binding) {{(pid=103062) notify /opt/stack/neutron/neutron/plugins/ml2/drivers/ovn/mech_driver/ovsdb/ovsdb_monitor.py:1015}}
Jun 16 03:36:55.622554 np0000180675 devstack@neutron-api.service[103064]: DEBUG neutron.plugins.ml2.drivers.ovn.mech_driver.ovsdb.ovsdb_monitor [None req-02d97aa1-158a-4252-8bb5-d6bd9b247ede None None] Hash Ring: Node bd38a232911c5699afb220b57c989240 (host: np0000180675) handling event "create" for row 9b98359f-5116-4ad8-a0af-ef732453a388 (table: Port_Binding) {{(pid=103064) notify /opt/stack/neutron/neutron/plugins/ml2/drivers/ovn/mech_driver/ovsdb/ovsdb_monitor.py:1015}}
Jun 16 03:36:55.624051 np0000180675 devstack@neutron-api.service[103062]: DEBUG neutron.plugins.ml2.drivers.ovn.mech_driver.ovsdb.ovsdb_monitor [None req-be69a4fc-eb05-42ed-848f-f13e4ab35cb6 None None] Touching Hash Ring node "8780c08cf4e35c4895528069dadfc544" from IDL notify handler {{(pid=103062) notify /opt/stack/neutron/neutron/plugins/ml2/drivers/ovn/mech_driver/ovsdb/ovsdb_monitor.py:1007}}
Jun 16 03:36:55.624861 np0000180675 devstack@neutron-api.service[103064]: DEBUG neutron.plugins.ml2.drivers.ovn.mech_driver.ovsdb.ovsdb_monitor [None req-1b4108d8-2242-4b22-9405-02a0daecfa0f None None] Hash Ring: Node bd38a232911c5699afb220b57c989240 (host: np0000180675) handling event "create" for row 3392035f-f91d-4cda-8bd3-38b0b2ab0a59 (table: HA_Chassis_Group) {{(pid=103064) notify /opt/stack/neutron/neutron/plugins/ml2/drivers/ovn/mech_driver/ovsdb/ovsdb_monitor.py:1015}}
Jun 16 03:36:55.625213 np0000180675 devstack@neutron-api.service[103063]: DEBUG ovsdbapp.backend.ovs_idl.event [None req-b2f18d84-e33d-4040-8892-d467070affe9 None None] Matched CREATE: LogicalRouterPortEvent(events=('create', 'delete'), table='Logical_Router_Port', conditions=None, old_conditions=None), priority=20 to row=Logical_Router_Port(uuid=4e184cd1-a990-476c-ae1f-e0a76bdc8aaf, enabled=[], external_ids={'neutron:is_ext_gw': 'True', 'neutron:network_name': 'neutron-66e253e6-26db-4c7f-99a0-54b0e74d7c46', 'neutron:revision_number': '1', 'neutron:router_name': 'neutron-11854e2a-d010-4184-9a1b-11bfe28706c3', 'neutron:subnet_ids': '0cb539ef-881d-48ac-add6-6c3ad020c995'}, gateway_chassis=[], ha_chassis_group=3392035f-f91d-4cda-8bd3-38b0b2ab0a59, ipv6_prefix=[], ipv6_ra_configs={}, mac='fa:16:3e:cf:21:89', name='lrp-4abca891-dce9-4b5a-b3de-33b4a7c133d9', networks=['172.24.5.7/24'], options={'gateway_mtu': '1372', 'reside-on-redirect-chassis': 'true'}, peer=[], status={}) old= {{(pid=103063) matches /opt/stack/data/venv/lib/python3.12/site-packages/ovsdbapp/backend/ovs_idl/event.py:55}}
Jun 16 03:36:55.625876 np0000180675 devstack@neutron-api.service[103064]: DEBUG neutron.plugins.ml2.drivers.ovn.mech_driver.ovsdb.ovsdb_monitor [None req-1b4108d8-2242-4b22-9405-02a0daecfa0f None None] Touching Hash Ring node "bd38a232911c5699afb220b57c989240" from IDL notify handler {{(pid=103064) notify /opt/stack/neutron/neutron/plugins/ml2/drivers/ovn/mech_driver/ovsdb/ovsdb_monitor.py:1007}}
Jun 16 03:36:55.626930 np0000180675 devstack@neutron-api.service[103063]: DEBUG neutron.plugins.ml2.drivers.ovn.mech_driver.ovsdb.ovsdb_monitor [None req-ec315046-23e6-4e61-91c1-35a55dddd4f5 None None] Hash Ring: Node c8e5aefe16e95d9d8792c4c7139d5ac6 (host: np0000180675) handling event "update" for row cb9e8aac-f160-4bfd-b171-f14ca67a160f (table: Port_Binding) {{(pid=103063) notify /opt/stack/neutron/neutron/plugins/ml2/drivers/ovn/mech_driver/ovsdb/ovsdb_monitor.py:1015}}
