+ COMMAND=start + start + for KEYSTONE_WSGI_SCRIPT in keystone-wsgi-public ++ type -p keystone-wsgi-public + cp -a /var/lib/openstack/bin/keystone-wsgi-public /var/www/cgi-bin/keystone/ + '[' -f /etc/apache2/envvars ']' + source /etc/apache2/envvars ++ unset HOME ++ '[' '' '!=' '' ']' ++ SUFFIX= ++ export APACHE_RUN_USER=www-data ++ APACHE_RUN_USER=www-data ++ export APACHE_RUN_GROUP=www-data ++ APACHE_RUN_GROUP=www-data ++ export APACHE_PID_FILE=/var/run/apache2/apache2.pid ++ APACHE_PID_FILE=/var/run/apache2/apache2.pid ++ export APACHE_RUN_DIR=/var/run/apache2 ++ APACHE_RUN_DIR=/var/run/apache2 ++ export APACHE_LOCK_DIR=/var/lock/apache2 ++ APACHE_LOCK_DIR=/var/lock/apache2 ++ export APACHE_LOG_DIR=/var/log/apache2 ++ APACHE_LOG_DIR=/var/log/apache2 ++ export LANG=C ++ LANG=C ++ export LANG + '[' -f /var/run/apache2/apache2.pid ']' + exec apache2 -DFOREGROUND AH00558: apache2: Could not reliably determine the server's fully qualified domain name, using 10.0.0.71. Set the 'ServerName' directive globally to suppress this message AH00558: apache2: Could not reliably determine the server's fully qualified domain name, using 10.0.0.71. Set the 'ServerName' directive globally to suppress this message
[Tue Apr 14 14:09:07.759273 2026] [mpm_event:notice] [pid 1:tid 139931487135616] AH00489: Apache/2.4.58 (Ubuntu) mod_wsgi/5.0.0 Python/3.12 configured -- resuming normal operations
[Tue Apr 14 14:09:07.759430 2026] [core:notice] [pid 1:tid 139931487135616] AH00094: Command line: 'apache2 -D FOREGROUND'
[Tue Apr 14 14:10:10.569679 2026] [wsgi:error] [pid 11:tid 139930850363072] /var/lib/openstack/lib/python3.12/site-packages/oslo_utils/importutils.py:77: EventletDeprecationWarning:
[Tue Apr 14 14:10:10.569721 2026] [wsgi:error] [pid 11:tid 139930850363072] Eventlet is deprecated. It is currently being maintained in bugfix mode, and
[Tue Apr 14 14:10:10.569723 2026] [wsgi:error] [pid 11:tid 139930850363072] we strongly recommend against using it for new projects.
[Tue Apr 14 14:10:10.569724 2026] [wsgi:error] [pid 11:tid 139930850363072]
[Tue Apr 14 14:10:10.569725 2026] [wsgi:error] [pid 11:tid 139930850363072] If you are already using Eventlet, we recommend migrating to a different
[Tue Apr 14 14:10:10.569726 2026] [wsgi:error] [pid 11:tid 139930850363072] framework. For more detail see
[Tue Apr 14 14:10:10.569727 2026] [wsgi:error] [pid 11:tid 139930850363072] https://eventlet.readthedocs.io/en/latest/asyncio/migration.html
[Tue Apr 14 14:10:10.569729 2026] [wsgi:error] [pid 11:tid 139930850363072]
[Tue Apr 14 14:10:10.569730 2026] [wsgi:error] [pid 11:tid 139930850363072] __import__(import_str)
[Tue Apr 14 14:10:10.649134 2026] [wsgi:error] [pid 12:tid 139930850363072] /var/lib/openstack/lib/python3.12/site-packages/oslo_utils/importutils.py:77: EventletDeprecationWarning:
[Tue Apr 14 14:10:10.649181 2026] [wsgi:error] [pid 12:tid 139930850363072] Eventlet is deprecated. It is currently being maintained in bugfix mode, and
[Tue Apr 14 14:10:10.649183 2026] [wsgi:error] [pid 12:tid 139930850363072] we strongly recommend against using it for new projects.
[Tue Apr 14 14:10:10.649184 2026] [wsgi:error] [pid 12:tid 139930850363072]
[Tue Apr 14 14:10:10.649185 2026] [wsgi:error] [pid 12:tid 139930850363072] If you are already using Eventlet, we recommend migrating to a different
[Tue Apr 14 14:10:10.649187 2026] [wsgi:error] [pid 12:tid 139930850363072] framework. For more detail see
[Tue Apr 14 14:10:10.649188 2026] [wsgi:error] [pid 12:tid 139930850363072] https://eventlet.readthedocs.io/en/latest/asyncio/migration.html
[Tue Apr 14 14:10:10.649189 2026] [wsgi:error] [pid 12:tid 139930850363072]
[Tue Apr 14 14:10:10.649190 2026] [wsgi:error] [pid 12:tid 139930850363072] __import__(import_str) 10.0.0.34 - - [14/Apr/2026:14:10:09 +0000] "GET /v3/ HTTP/1.1" 200 249 10.0.0.34 - - [14/Apr/2026:14:10:09 +0000] "GET /v3/ HTTP/1.1" 200 249
[Tue Apr 14 14:10:23.333662 2026] [wsgi:error] [pid 10:tid 139930850363072] /var/lib/openstack/lib/python3.12/site-packages/oslo_utils/importutils.py:77: EventletDeprecationWarning:
[Tue Apr 14 14:10:23.333714 2026] [wsgi:error] [pid 10:tid 139930850363072] Eventlet is deprecated. It is currently being maintained in bugfix mode, and
[Tue Apr 14 14:10:23.333716 2026] [wsgi:error] [pid 10:tid 139930850363072] we strongly recommend against using it for new projects.
[Tue Apr 14 14:10:23.333717 2026] [wsgi:error] [pid 10:tid 139930850363072]
[Tue Apr 14 14:10:23.333718 2026] [wsgi:error] [pid 10:tid 139930850363072] If you are already using Eventlet, we recommend migrating to a different
[Tue Apr 14 14:10:23.333720 2026] [wsgi:error] [pid 10:tid 139930850363072] framework. For more detail see
[Tue Apr 14 14:10:23.333721 2026] [wsgi:error] [pid 10:tid 139930850363072] https://eventlet.readthedocs.io/en/latest/asyncio/migration.html
[Tue Apr 14 14:10:23.333722 2026] [wsgi:error] [pid 10:tid 139930850363072]
[Tue Apr 14 14:10:23.333723 2026] [wsgi:error] [pid 10:tid 139930850363072] __import__(import_str) 10.0.0.97 - - [14/Apr/2026:14:10:22 +0000] "GET / HTTP/1.1" 300 295
[Tue Apr 14 14:10:28.661735 2026] [wsgi:error] [pid 9:tid 139930850363072] /var/lib/openstack/lib/python3.12/site-packages/oslo_utils/importutils.py:77: EventletDeprecationWarning:
[Tue Apr 14 14:10:28.661823 2026] [wsgi:error] [pid 9:tid 139930850363072] Eventlet is deprecated. It is currently being maintained in bugfix mode, and
[Tue Apr 14 14:10:28.661838 2026] [wsgi:error] [pid 9:tid 139930850363072] we strongly recommend against using it for new projects.
[Tue Apr 14 14:10:28.661851 2026] [wsgi:error] [pid 9:tid 139930850363072]
[Tue Apr 14 14:10:28.661861 2026] [wsgi:error] [pid 9:tid 139930850363072] If you are already using Eventlet, we recommend migrating to a different
[Tue Apr 14 14:10:28.661871 2026] [wsgi:error] [pid 9:tid 139930850363072] framework. For more detail see
[Tue Apr 14 14:10:28.661880 2026] [wsgi:error] [pid 9:tid 139930850363072] https://eventlet.readthedocs.io/en/latest/asyncio/migration.html
[Tue Apr 14 14:10:28.661893 2026] [wsgi:error] [pid 9:tid 139930850363072]
[Tue Apr 14 14:10:28.661903 2026] [wsgi:error] [pid 9:tid 139930850363072] __import__(import_str)
[Tue Apr 14 14:10:33.234117 2026] [wsgi:error] [pid 9:tid 139930850363072] [remote 10.0.0.97:45974] 2026-04-14 14:10:33.231 9 WARNING keystone.identity.core [None req-f2c7ef1a-d9d3-4a98-bf27-d9dd1ee716b4 - - - - - -] Invalid domain name (atmosphere) found in config file name: keystone.exception.DomainNotFound: Could not find domain: atmosphere.
[Tue Apr 14 14:10:33.286695 2026] [wsgi:error] [pid 9:tid 139930850363072] [remote 10.0.0.97:45974] 2026-04-14 14:10:33.286 9 WARNING keystone.common.password_hashing [None req-f2c7ef1a-d9d3-4a98-bf27-d9dd1ee716b4 - - - - - -] Truncating password to algorithm specific maximum length 72 characters.
[Tue Apr 14 14:10:33.568402 2026] [wsgi:error] [pid 9:tid 139930850363072] [remote 10.0.0.97:45974] 2026-04-14 14:10:33.568 9 WARNING keystone.common.fernet_utils [None req-f2c7ef1a-d9d3-4a98-bf27-d9dd1ee716b4 - - - - - -] key_repository is world readable: /etc/keystone/fernet-keys/ 10.0.0.97 - - [14/Apr/2026:14:10:27 +0000] "POST /v3/auth/tokens HTTP/1.1" 201 1360
[Tue Apr 14 14:10:33.889560 2026] [wsgi:error] [pid 11:tid 139930850363072] [remote 10.0.0.97:45974] 2026-04-14 14:10:33.886 11 WARNING keystone.identity.core [None req-a316c9e8-cd70-4051-808d-3a80fea8cda7 - - - - - -] Invalid domain name (atmosphere) found in config file name: keystone.exception.DomainNotFound: Could not find domain: atmosphere. 10.0.0.97 - - [14/Apr/2026:14:10:33 +0000] "POST /v3/domains HTTP/1.1" 201 261 10.0.0.202 - - [14/Apr/2026:14:10:44 +0000] "GET / HTTP/1.1" 300 295
[Tue Apr 14 14:10:45.008555 2026] [wsgi:error] [pid 10:tid 139930850363072] [remote 10.0.0.202:57796] 2026-04-14 14:10:45.008 10 WARNING keystone.common.password_hashing [None req-efdd2fac-d2d2-47df-a134-9b8b8fd6da0c - - - - - -] Truncating password to algorithm specific maximum length 72 characters.
[Tue Apr 14 14:10:45.291661 2026] [wsgi:error] [pid 10:tid 139930850363072] [remote 10.0.0.202:57796] 2026-04-14 14:10:45.291 10 WARNING keystone.common.fernet_utils [None req-efdd2fac-d2d2-47df-a134-9b8b8fd6da0c - - - - - -] key_repository is world readable: /etc/keystone/fernet-keys/ 10.0.0.202 - - [14/Apr/2026:14:10:44 +0000] "POST /v3/auth/tokens HTTP/1.1" 201 1360 10.0.0.202 - - [14/Apr/2026:14:10:45 +0000] "GET /v3/roles/admin HTTP/1.1" 404 83
[Tue Apr 14 14:10:45.515477 2026] [wsgi:error] [pid 11:tid 139930850363072] [remote 10.0.0.202:57796] 2026-04-14 14:10:45.515 11 WARNING keystone.common.rbac_enforcer.enforcer [None req-d386111f-a57f-42db-a9c8-0ea5ae720f49 c8466b5e35b74f80b7cba53515dde4d9 d7f212944f974e2faaf7bf46c7a17863 - - default default] Deprecated policy rules found. Use oslopolicy-policy-generator and oslopolicy-policy-upgrade to detect and resolve deprecated policies in your configuration. 10.0.0.202 - - [14/Apr/2026:14:10:45 +0000] "GET /v3/roles?name=admin HTTP/1.1" 200 389
[Tue Apr 14 14:10:45.863819 2026] [wsgi:error] [pid 12:tid 139930850363072] [remote 10.0.0.202:57796] 2026-04-14 14:10:45.863 12 WARNING keystone.common.rbac_enforcer.enforcer [None req-a3b73068-4f9a-4416-9008-79053d5ab41a c8466b5e35b74f80b7cba53515dde4d9 d7f212944f974e2faaf7bf46c7a17863 - - default default] Deprecated policy rules found. Use oslopolicy-policy-generator and oslopolicy-policy-upgrade to detect and resolve deprecated policies in your configuration. 10.0.0.202 - - [14/Apr/2026:14:10:45 +0000] "GET /v3/users/admin-RegionOne HTTP/1.1" 404 93
[Tue Apr 14 14:10:46.123397 2026] [wsgi:error] [pid 10:tid 139930850363072] [remote 10.0.0.202:57796] 2026-04-14 14:10:46.123 10 WARNING keystone.common.rbac_enforcer.enforcer [None req-c76faff7-e427-48ba-96dc-7f6cd49a6c77 c8466b5e35b74f80b7cba53515dde4d9 d7f212944f974e2faaf7bf46c7a17863 - - default default] Deprecated policy rules found. Use oslopolicy-policy-generator and oslopolicy-policy-upgrade to detect and resolve deprecated policies in your configuration. 10.0.0.202 - - [14/Apr/2026:14:10:45 +0000] "GET /v3/users?name=admin-RegionOne HTTP/1.1" 200 422
[Tue Apr 14 14:10:46.459446 2026] [wsgi:error] [pid 9:tid 139930850363072] [remote 10.0.0.202:57796] 2026-04-14 14:10:46.459 9 WARNING keystone.common.rbac_enforcer.enforcer [None req-28214b3a-5326-4748-9a96-a6564c9cb005 c8466b5e35b74f80b7cba53515dde4d9 d7f212944f974e2faaf7bf46c7a17863 - - default default] Deprecated policy rules found. Use oslopolicy-policy-generator and oslopolicy-policy-upgrade to detect and resolve deprecated policies in your configuration. 10.0.0.202 - - [14/Apr/2026:14:10:46 +0000] "GET /v3/domains/default HTTP/1.1" 200 224 10.0.0.202 - - [14/Apr/2026:14:10:46 +0000] "PUT /v3/domains/default/users/c8466b5e35b74f80b7cba53515dde4d9/roles/f64ed6099df14e09bba6e2ab05aa5110 HTTP/1.1" 204 - 10.0.0.34 - - [14/Apr/2026:14:10:55 +0000] "GET / HTTP/1.1" 300 281 10.0.0.34 - - [14/Apr/2026:14:10:56 +0000] "GET /v3 HTTP/1.1" 200 266
[Tue Apr 14 14:10:56.653391 2026] [wsgi:error] [pid 9:tid 139930850363072] [remote 10.0.0.34:33862] 2026-04-14 14:10:56.653 9 WARNING keystone.common.password_hashing [None req-a7ca4df0-6de5-4e9f-bea4-465ec01f530b - - - - - -] Truncating password to algorithm specific maximum length 72 characters.
[Tue Apr 14 14:10:56.925552 2026] [wsgi:error] [pid 9:tid 139930850363072] [remote 10.0.0.34:33862] 2026-04-14 14:10:56.925 9 WARNING keystone.common.fernet_utils [None req-a7ca4df0-6de5-4e9f-bea4-465ec01f530b - - - - - -] key_repository is world readable: /etc/keystone/fernet-keys/ 10.0.0.34 - - [14/Apr/2026:14:10:56 +0000] "POST /v3/auth/tokens HTTP/1.1" 201 1360 10.0.0.34 - - [14/Apr/2026:14:10:56 +0000] "GET / HTTP/1.1" 300 281 10.0.0.34 - - [14/Apr/2026:14:10:56 +0000] "GET /v3/domains/atmosphere HTTP/1.1" 404 90 10.0.0.34 - - [14/Apr/2026:14:10:57 +0000] "GET /v3/domains?name=atmosphere HTTP/1.1" 200 370 10.0.0.34 - - [14/Apr/2026:14:10:57 +0000] "GET /v3/domains/9a9933e463914d52ad9c5af39cb439b8 HTTP/1.1" 200 247 10.0.0.34 - - [14/Apr/2026:14:10:57 +0000] "GET /v3 HTTP/1.1" 200 266
[Tue Apr 14 14:10:58.067946 2026] [wsgi:error] [pid 12:tid 139930850363072] [remote 10.0.0.34:33862] 2026-04-14 14:10:58.067 12 WARNING keystone.common.password_hashing [None req-9c8ea298-f0b6-411f-a630-1f6f5004d019 - - - - - -] Truncating password to algorithm specific maximum length 72 characters.
[Tue Apr 14 14:10:58.350279 2026] [wsgi:error] [pid 12:tid 139930850363072] [remote 10.0.0.34:33862] 2026-04-14 14:10:58.350 12 WARNING keystone.common.fernet_utils [None req-9c8ea298-f0b6-411f-a630-1f6f5004d019 - - - - - -] key_repository is world readable: /etc/keystone/fernet-keys/ 10.0.0.34 - - [14/Apr/2026:14:10:57 +0000] "POST /v3/auth/tokens HTTP/1.1" 201 1360 10.0.0.34 - - [14/Apr/2026:14:10:58 +0000] "GET / HTTP/1.1" 300 281 10.0.0.34 - - [14/Apr/2026:14:10:58 +0000] "GET /v3/OS-FEDERATION/identity_providers/atmosphere HTTP/1.1" 404 101 10.0.0.34 - - [14/Apr/2026:14:10:58 +0000] "GET /v3/OS-FEDERATION/identity_providers HTTP/1.1" 200 156 10.0.0.34 - - [14/Apr/2026:14:10:58 +0000] "PUT /v3/OS-FEDERATION/identity_providers/atmosphere HTTP/1.1" 201 342 10.0.0.34 - - [14/Apr/2026:14:10:59 +0000] "GET /v3 HTTP/1.1" 200 266
[Tue Apr 14 14:10:59.190296 2026] [wsgi:error] [pid 9:tid 139930850363072] [remote 10.0.0.34:33862] 2026-04-14 14:10:59.190 9 WARNING keystone.common.password_hashing [None req-e3d2578a-5d3a-407a-bb42-1379d3ca9f10 - - - - - -] Truncating password to algorithm specific maximum length 72 characters.
[Tue Apr 14 14:10:59.470361 2026] [wsgi:error] [pid 9:tid 139930850363072] [remote 10.0.0.34:33862] 2026-04-14 14:10:59.470 9 WARNING keystone.common.fernet_utils [None req-e3d2578a-5d3a-407a-bb42-1379d3ca9f10 - - - - - -] key_repository is world readable: /etc/keystone/fernet-keys/ 10.0.0.34 - - [14/Apr/2026:14:10:59 +0000] "POST /v3/auth/tokens HTTP/1.1" 201 1360 10.0.0.34 - - [14/Apr/2026:14:10:59 +0000] "GET / HTTP/1.1" 300 281 10.0.0.34 - - [14/Apr/2026:14:10:59 +0000] "GET /v3/OS-FEDERATION/mappings/atmosphere-openid HTTP/1.1" 404 98 10.0.0.34 - - [14/Apr/2026:14:10:59 +0000] "GET /v3/OS-FEDERATION/mappings HTTP/1.1" 200 136 10.0.0.34 - - [14/Apr/2026:14:10:59 +0000] "PUT /v3/OS-FEDERATION/mappings/atmosphere-openid HTTP/1.1" 201 357 10.0.0.34 - - [14/Apr/2026:14:11:00 +0000] "GET /v3 HTTP/1.1" 200 266
[Tue Apr 14 14:11:00.318859 2026] [wsgi:error] [pid 12:tid 139930850363072] [remote 10.0.0.34:35052] 2026-04-14 14:11:00.318 12 WARNING keystone.common.password_hashing [None req-acde800a-b974-4087-8e4e-85c1f266b4a5 - - - - - -] Truncating password to algorithm specific maximum length 72 characters.
[Tue Apr 14 14:11:00.589023 2026] [wsgi:error] [pid 12:tid 139930850363072] [remote 10.0.0.34:35052] 2026-04-14 14:11:00.588 12 WARNING keystone.common.fernet_utils [None req-acde800a-b974-4087-8e4e-85c1f266b4a5 - - - - - -] key_repository is world readable: /etc/keystone/fernet-keys/ 10.0.0.34 - - [14/Apr/2026:14:11:00 +0000] "POST /v3/auth/tokens HTTP/1.1" 201 1360 10.0.0.34 - - [14/Apr/2026:14:11:00 +0000] "GET / HTTP/1.1" 300 281 10.0.0.34 - - [14/Apr/2026:14:11:00 +0000] "GET /v3/OS-FEDERATION/identity_providers/atmosphere/protocols/openid?idp_id=atmosphere HTTP/1.1" 404 131 10.0.0.34 - - [14/Apr/2026:14:11:00 +0000] "GET /v3/OS-FEDERATION/identity_providers/atmosphere/protocols HTTP/1.1" 200 168 10.0.0.34 - - [14/Apr/2026:14:11:00 +0000] "PUT /v3/OS-FEDERATION/identity_providers/atmosphere/protocols/openid HTTP/1.1" 201 224 10.0.0.34 - - [14/Apr/2026:14:11:09 +0000] "GET /v3/ HTTP/1.1" 200 249 10.0.0.34 - - [14/Apr/2026:14:11:09 +0000] "GET /v3/ HTTP/1.1" 200 249 10.0.0.34 - - [14/Apr/2026:14:12:09 +0000] "GET /v3/ HTTP/1.1" 200 249 10.0.0.34 - - [14/Apr/2026:14:12:09 +0000] "GET /v3/ HTTP/1.1" 200 249 10.0.0.120 - - [14/Apr/2026:14:12:25 +0000] "GET / HTTP/1.1" 300 295
[Tue Apr 14 14:12:25.638094 2026] [wsgi:error] [pid 10:tid 139930850363072] [remote 10.0.0.120:48206] 2026-04-14 14:12:25.637 10 WARNING keystone.common.password_hashing [None req-645b2b4b-08ee-4d3d-8c19-89be8d0e4dd2 - - - - - -] Truncating password to algorithm specific maximum length 72 characters.
[Tue Apr 14 14:12:25.910430 2026] [wsgi:error] [pid 10:tid 139930850363072] [remote 10.0.0.120:48206] 2026-04-14 14:12:25.910 10 WARNING keystone.common.fernet_utils [None req-645b2b4b-08ee-4d3d-8c19-89be8d0e4dd2 - - - - - -] key_repository is world readable: /etc/keystone/fernet-keys/ 10.0.0.120 - - [14/Apr/2026:14:12:25 +0000] "POST /v3/auth/tokens HTTP/1.1" 201 1360 10.0.0.120 - - [14/Apr/2026:14:12:26 +0000] "GET /v3/services HTTP/1.1" 200 355 10.0.0.120 - - [14/Apr/2026:14:12:29 +0000] "GET / HTTP/1.1" 300 295
[Tue Apr 14 14:12:29.396595 2026] [wsgi:error] [pid 9:tid 139930850363072] [remote 10.0.0.120:46426] 2026-04-14 14:12:29.396 9 WARNING keystone.common.password_hashing [None req-2840f15d-cb6a-4c55-a48f-d992fb80248b - - - - - -] Truncating password to algorithm specific maximum length 72 characters.
[Tue Apr 14 14:12:29.684313 2026] [wsgi:error] [pid 9:tid 139930850363072] [remote 10.0.0.120:46426] 2026-04-14 14:12:29.684 9 WARNING keystone.common.fernet_utils [None req-2840f15d-cb6a-4c55-a48f-d992fb80248b - - - - - -] key_repository is world readable: /etc/keystone/fernet-keys/ 10.0.0.120 - - [14/Apr/2026:14:12:29 +0000] "POST /v3/auth/tokens HTTP/1.1" 201 1360 10.0.0.120 - - [14/Apr/2026:14:12:29 +0000] "GET /v3/services HTTP/1.1" 200 355 10.0.0.120 - - [14/Apr/2026:14:12:33 +0000] "GET / HTTP/1.1" 300 295
[Tue Apr 14 14:12:33.304191 2026] [wsgi:error] [pid 11:tid 139930850363072] [remote 10.0.0.120:46438] 2026-04-14 14:12:33.303 11 WARNING keystone.common.password_hashing [None req-99068602-05f3-4b89-bc37-76227dae374f - - - - - -] Truncating password to algorithm specific maximum length 72 characters.
[Tue Apr 14 14:12:33.577224 2026] [wsgi:error] [pid 11:tid 139930850363072] [remote 10.0.0.120:46438] 2026-04-14 14:12:33.576 11 WARNING keystone.common.fernet_utils [None req-99068602-05f3-4b89-bc37-76227dae374f - - - - - -] key_repository is world readable: /etc/keystone/fernet-keys/ 10.0.0.120 - - [14/Apr/2026:14:12:33 +0000] "POST /v3/auth/tokens HTTP/1.1" 201 1360 10.0.0.120 - - [14/Apr/2026:14:12:33 +0000] "GET /v3/services HTTP/1.1" 200 355 10.0.0.120 - - [14/Apr/2026:14:12:36 +0000] "GET / HTTP/1.1" 300 295
[Tue Apr 14 14:12:36.985337 2026] [wsgi:error] [pid 12:tid 139930850363072] [remote 10.0.0.120:46450] 2026-04-14 14:12:36.985 12 WARNING keystone.common.password_hashing [None req-b5a00d99-ce2a-4cd4-ac96-4d82ba6ba171 - - - - - -] Truncating password to algorithm specific maximum length 72 characters.
[Tue Apr 14 14:12:37.264594 2026] [wsgi:error] [pid 12:tid 139930850363072] [remote 10.0.0.120:46450] 2026-04-14 14:12:37.264 12 WARNING keystone.common.fernet_utils [None req-b5a00d99-ce2a-4cd4-ac96-4d82ba6ba171 - - - - - -] key_repository is world readable: /etc/keystone/fernet-keys/ 10.0.0.120 - - [14/Apr/2026:14:12:36 +0000] "POST /v3/auth/tokens HTTP/1.1" 201 1360 10.0.0.120 - - [14/Apr/2026:14:12:37 +0000] "POST /v3/services HTTP/1.1" 201 296 10.0.0.59 - - [14/Apr/2026:14:12:47 +0000] "GET / HTTP/1.1" 300 295 10.0.0.59 - - [14/Apr/2026:14:12:47 +0000] "GET / HTTP/1.1" 300 295
[Tue Apr 14 14:12:47.905546 2026] [wsgi:error] [pid 12:tid 139930850363072] [remote 10.0.0.59:47300] 2026-04-14 14:12:47.905 12 WARNING keystone.common.password_hashing [None req-663d3f9e-7be8-4ff1-acde-69547f1bc521 - - - - - -] Truncating password to algorithm specific maximum length 72 characters.
[Tue Apr 14 14:12:47.913602 2026] [wsgi:error] [pid 11:tid 139930850363072] [remote 10.0.0.59:47304] 2026-04-14 14:12:47.913 11 WARNING keystone.common.password_hashing [None req-8df4a6b3-9e93-4e81-9d59-53d826a8e065 - - - - - -] Truncating password to algorithm specific maximum length 72 characters. 10.0.0.59 - - [14/Apr/2026:14:12:48 +0000] "GET / HTTP/1.1" 300 295
[Tue Apr 14 14:12:48.101414 2026] [wsgi:error] [pid 10:tid 139930850363072] [remote 10.0.0.59:47314] 2026-04-14 14:12:48.101 10 WARNING keystone.common.password_hashing [None req-77ecb003-d5d5-46b4-ac5a-4d16eda7addd - - - - - -] Truncating password to algorithm specific maximum length 72 characters.
[Tue Apr 14 14:12:48.179947 2026] [wsgi:error] [pid 12:tid 139930850363072] [remote 10.0.0.59:47300] 2026-04-14 14:12:48.179 12 WARNING keystone.common.fernet_utils [None req-663d3f9e-7be8-4ff1-acde-69547f1bc521 - - - - - -] key_repository is world readable: /etc/keystone/fernet-keys/
[Tue Apr 14 14:12:48.187184 2026] [wsgi:error] [pid 11:tid 139930850363072] [remote 10.0.0.59:47304] 2026-04-14 14:12:48.187 11 WARNING keystone.common.fernet_utils [None req-8df4a6b3-9e93-4e81-9d59-53d826a8e065 - - - - - -] key_repository is world readable: /etc/keystone/fernet-keys/ 10.0.0.59 - - [14/Apr/2026:14:12:47 +0000] "POST /v3/auth/tokens HTTP/1.1" 201 1464 10.0.0.59 - - [14/Apr/2026:14:12:47 +0000] "POST /v3/auth/tokens HTTP/1.1" 201 1464 10.0.0.59 - - [14/Apr/2026:14:12:48 +0000] "GET /v3/services HTTP/1.1" 200 639 10.0.0.59 - - [14/Apr/2026:14:12:48 +0000] "GET /v3/services HTTP/1.1" 200 639
[Tue Apr 14 14:12:48.375582 2026] [wsgi:error] [pid 10:tid 139930850363072] [remote 10.0.0.59:47314] 2026-04-14 14:12:48.375 10 WARNING keystone.common.fernet_utils [None req-77ecb003-d5d5-46b4-ac5a-4d16eda7addd - - - - - -] key_repository is world readable: /etc/keystone/fernet-keys/ 10.0.0.59 - - [14/Apr/2026:14:12:48 +0000] "POST /v3/auth/tokens HTTP/1.1" 201 1464 10.0.0.59 - - [14/Apr/2026:14:12:48 +0000] "GET /v3/services HTTP/1.1" 200 639 10.0.0.59 - - [14/Apr/2026:14:12:49 +0000] "GET / HTTP/1.1" 300 295
[Tue Apr 14 14:12:49.784946 2026] [wsgi:error] [pid 12:tid 139930850363072] [remote 10.0.0.59:52948] 2026-04-14 14:12:49.784 12 WARNING keystone.common.password_hashing [None req-c2cf54b4-836f-4204-bd32-d155bfba788e - - - - - -] Truncating password to algorithm specific maximum length 72 characters. 10.0.0.59 - - [14/Apr/2026:14:12:49 +0000] "GET / HTTP/1.1" 300 295
[Tue Apr 14 14:12:49.869566 2026] [wsgi:error] [pid 11:tid 139930850363072] [remote 10.0.0.59:52952] 2026-04-14 14:12:49.869 11 WARNING keystone.common.password_hashing [None req-a1b7ab36-eea2-4ae3-b051-c2a75c0051bf - - - - - -] Truncating password to algorithm specific maximum length 72 characters. 10.0.0.59 - - [14/Apr/2026:14:12:49 +0000] "GET / HTTP/1.1" 300 295
[Tue Apr 14 14:12:50.002506 2026] [wsgi:error] [pid 10:tid 139930850363072] [remote 10.0.0.59:52968] 2026-04-14 14:12:50.002 10 WARNING keystone.common.password_hashing [None req-2627491f-cc92-45fd-9ef7-aa82c2d26935 - - - - - -] Truncating password to algorithm specific maximum length 72 characters.
[Tue Apr 14 14:12:50.077389 2026] [wsgi:error] [pid 12:tid 139930850363072] [remote 10.0.0.59:52948] 2026-04-14 14:12:50.077 12 WARNING keystone.common.fernet_utils [None req-c2cf54b4-836f-4204-bd32-d155bfba788e - - - - - -] key_repository is world readable: /etc/keystone/fernet-keys/ 10.0.0.59 - - [14/Apr/2026:14:12:49 +0000] "POST /v3/auth/tokens HTTP/1.1" 201 1464
[Tue Apr 14 14:12:50.139873 2026] [wsgi:error] [pid 11:tid 139930850363072] [remote 10.0.0.59:52952] 2026-04-14 14:12:50.139 11 WARNING keystone.common.fernet_utils [None req-a1b7ab36-eea2-4ae3-b051-c2a75c0051bf - - - - - -] key_repository is world readable: /etc/keystone/fernet-keys/ 10.0.0.59 - - [14/Apr/2026:14:12:49 +0000] "POST /v3/auth/tokens HTTP/1.1" 201 1464 10.0.0.59 - - [14/Apr/2026:14:12:50 +0000] "GET /v3/endpoints HTTP/1.1" 200 1227 10.0.0.59 - - [14/Apr/2026:14:12:50 +0000] "GET /v3/services/b03535d283a34b4785af32952cefc8f8 HTTP/1.1" 200 233 10.0.0.59 - - [14/Apr/2026:14:12:50 +0000] "GET /v3/services/b03535d283a34b4785af32952cefc8f8 HTTP/1.1" 200 233 10.0.0.59 - - [14/Apr/2026:14:12:50 +0000] "GET /v3/endpoints HTTP/1.1" 200 1227 10.0.0.59 - - [14/Apr/2026:14:12:50 +0000] "GET /v3/services/b03535d283a34b4785af32952cefc8f8 HTTP/1.1" 200 233 10.0.0.59 - - [14/Apr/2026:14:12:50 +0000] "GET /v3/services/b03535d283a34b4785af32952cefc8f8 HTTP/1.1" 200 233
[Tue Apr 14 14:12:50.285846 2026] [wsgi:error] [pid 10:tid 139930850363072] [remote 10.0.0.59:52968] 2026-04-14 14:12:50.285 10 WARNING keystone.common.fernet_utils [None req-2627491f-cc92-45fd-9ef7-aa82c2d26935 - - - - - -] key_repository is world readable: /etc/keystone/fernet-keys/ 10.0.0.59 - - [14/Apr/2026:14:12:49 +0000] "POST /v3/auth/tokens HTTP/1.1" 201 1464 10.0.0.59 - - [14/Apr/2026:14:12:50 +0000] "GET /v3/services/b03535d283a34b4785af32952cefc8f8 HTTP/1.1" 200 233 10.0.0.59 - - [14/Apr/2026:14:12:50 +0000] "GET /v3/services/b03535d283a34b4785af32952cefc8f8 HTTP/1.1" 200 233 10.0.0.59 - - [14/Apr/2026:14:12:50 +0000] "GET /v3/endpoints HTTP/1.1" 200 1227 10.0.0.59 - - [14/Apr/2026:14:12:50 +0000] "GET /v3/services/b03535d283a34b4785af32952cefc8f8 HTTP/1.1" 200 233 10.0.0.59 - - [14/Apr/2026:14:12:50 +0000] "GET /v3/services/b03535d283a34b4785af32952cefc8f8 HTTP/1.1" 200 233 10.0.0.59 - - [14/Apr/2026:14:12:50 +0000] "GET /v3/services/b03535d283a34b4785af32952cefc8f8 HTTP/1.1" 200 233 10.0.0.59 - - [14/Apr/2026:14:12:51 +0000] "GET / HTTP/1.1" 300 295
[Tue Apr 14 14:12:51.527497 2026] [wsgi:error] [pid 10:tid 139930850363072] [remote 10.0.0.59:52984] 2026-04-14 14:12:51.527 10 WARNING keystone.common.password_hashing [None req-954a8975-7616-4b91-a74f-7738e54ea27a - - - - - -] Truncating password to algorithm specific maximum length 72 characters. 10.0.0.59 - - [14/Apr/2026:14:12:51 +0000] "GET / HTTP/1.1" 300 295
[Tue Apr 14 14:12:51.719593 2026] [wsgi:error] [pid 12:tid 139930850363072] [remote 10.0.0.59:53000] 2026-04-14 14:12:51.719 12 WARNING keystone.common.password_hashing [None req-3e55d3a8-bc0e-4f80-8d3e-90d01ac61349 - - - - - -] Truncating password to algorithm specific maximum length 72 characters. 10.0.0.59 - - [14/Apr/2026:14:12:51 +0000] "GET / HTTP/1.1" 300 295
[Tue Apr 14 14:12:51.758056 2026] [wsgi:error] [pid 9:tid 139930850363072] [remote 10.0.0.59:53014] 2026-04-14 14:12:51.757 9 WARNING keystone.common.password_hashing [None req-2dc01cdb-67db-4233-8b13-597e07566f18 - - - - - -] Truncating password to algorithm specific maximum length 72 characters.
[Tue Apr 14 14:12:51.802014 2026] [wsgi:error] [pid 10:tid 139930850363072] [remote 10.0.0.59:52984] 2026-04-14 14:12:51.801 10 WARNING keystone.common.fernet_utils [None req-954a8975-7616-4b91-a74f-7738e54ea27a - - - - - -] key_repository is world readable: /etc/keystone/fernet-keys/ 10.0.0.59 - - [14/Apr/2026:14:12:51 +0000] "POST /v3/auth/tokens HTTP/1.1" 201 1464 10.0.0.59 - - [14/Apr/2026:14:12:51 +0000] "GET /v3/services/1638bd69bcf544a396fc99bc17fcdc95 HTTP/1.1" 200 296 10.0.0.59 - - [14/Apr/2026:14:12:51 +0000] "GET /v3/regions/RegionOne HTTP/1.1" 200 173 10.0.0.59 - - [14/Apr/2026:14:12:51 +0000] "POST /v3/endpoints HTTP/1.1" 201 380
[Tue Apr 14 14:12:51.986375 2026] [wsgi:error] [pid 12:tid 139930850363072] [remote 10.0.0.59:53000] 2026-04-14 14:12:51.986 12 WARNING keystone.common.fernet_utils [None req-3e55d3a8-bc0e-4f80-8d3e-90d01ac61349 - - - - - -] key_repository is world readable: /etc/keystone/fernet-keys/ 10.0.0.59 - - [14/Apr/2026:14:12:51 +0000] "POST /v3/auth/tokens HTTP/1.1" 201 1641
[Tue Apr 14 14:12:52.037684 2026] [wsgi:error] [pid 9:tid 139930850363072] [remote 10.0.0.59:53014] 2026-04-14 14:12:52.037 9 WARNING keystone.common.fernet_utils [None req-2dc01cdb-67db-4233-8b13-597e07566f18 - - - - - -] key_repository is world readable: /etc/keystone/fernet-keys/ 10.0.0.59 - - [14/Apr/2026:14:12:51 +0000] "POST /v3/auth/tokens HTTP/1.1" 201 1641 10.0.0.59 - - [14/Apr/2026:14:12:52 +0000] "GET /v3/services/1638bd69bcf544a396fc99bc17fcdc95 HTTP/1.1" 200 296 10.0.0.59 - - [14/Apr/2026:14:12:52 +0000] "GET /v3/regions/RegionOne HTTP/1.1" 200 173 10.0.0.59 - - [14/Apr/2026:14:12:52 +0000] "GET /v3/services/1638bd69bcf544a396fc99bc17fcdc95 HTTP/1.1" 200 296 10.0.0.59 - - [14/Apr/2026:14:12:52 +0000] "GET /v3/regions/RegionOne HTTP/1.1" 200 173 10.0.0.59 - - [14/Apr/2026:14:12:52 +0000] "POST /v3/endpoints HTTP/1.1" 201 370 10.0.0.59 - - [14/Apr/2026:14:12:52 +0000] "POST /v3/endpoints HTTP/1.1" 201 383 10.0.0.59 - - [14/Apr/2026:14:12:53 +0000] "GET / HTTP/1.1" 300 295
[Tue Apr 14 14:12:53.340659 2026] [wsgi:error] [pid 10:tid 139930850363072] [remote 10.0.0.59:53028] 2026-04-14 14:12:53.340 10 WARNING keystone.common.password_hashing [None req-88293b49-13cb-434f-89ca-8d9792033a3a - - - - - -] Truncating password to algorithm specific maximum length 72 characters.
[Tue Apr 14 14:12:53.620753 2026] [wsgi:error] [pid 10:tid 139930850363072] [remote 10.0.0.59:53028] 2026-04-14 14:12:53.620 10 WARNING keystone.common.fernet_utils [None req-88293b49-13cb-434f-89ca-8d9792033a3a - - - - - -] key_repository is world readable: /etc/keystone/fernet-keys/ 10.0.0.59 - - [14/Apr/2026:14:12:53 +0000] "POST /v3/auth/tokens HTTP/1.1" 201 1992 10.0.0.59 - - [14/Apr/2026:14:12:53 +0000] "GET / HTTP/1.1" 300 295
[Tue Apr 14 14:12:53.669599 2026] [wsgi:error] [pid 12:tid 139930850363072] [remote 10.0.0.59:53042] 2026-04-14 14:12:53.669 12 WARNING keystone.common.password_hashing [None req-8d61a2ac-761c-4665-8525-69a2c4ce0db0 - - - - - -] Truncating password to algorithm specific maximum length 72 characters. 10.0.0.59 - - [14/Apr/2026:14:12:53 +0000] "GET / HTTP/1.1" 300 295 10.0.0.59 - - [14/Apr/2026:14:12:53 +0000] "GET /v3/endpoints/3145f607dbab4b30a2fdbe6b046cc2dc HTTP/1.1" 200 380
[Tue Apr 14 14:12:53.765417 2026] [wsgi:error] [pid 11:tid 139930850363072] [remote 10.0.0.59:53058] 2026-04-14 14:12:53.765 11 WARNING keystone.common.password_hashing [None req-9811b62d-16fe-49c1-9c19-e99576307205 - - - - - -] Truncating password to algorithm specific maximum length 72 characters. 10.0.0.59 - - [14/Apr/2026:14:12:53 +0000] "GET /v3/services/1638bd69bcf544a396fc99bc17fcdc95 HTTP/1.1" 200 296
[Tue Apr 14 14:12:53.949487 2026] [wsgi:error] [pid 12:tid 139930850363072] [remote 10.0.0.59:53042] 2026-04-14 14:12:53.949 12 WARNING keystone.common.fernet_utils [None req-8d61a2ac-761c-4665-8525-69a2c4ce0db0 - - - - - -] key_repository is world readable: /etc/keystone/fernet-keys/ 10.0.0.59 - - [14/Apr/2026:14:12:53 +0000] "POST /v3/auth/tokens HTTP/1.1" 201 1992
[Tue Apr 14 14:12:54.043336 2026] [wsgi:error] [pid 11:tid 139930850363072] [remote 10.0.0.59:53058] 2026-04-14 14:12:54.043 11 WARNING keystone.common.fernet_utils [None req-9811b62d-16fe-49c1-9c19-e99576307205 - - - - - -] key_repository is world readable: /etc/keystone/fernet-keys/ 10.0.0.59 - - [14/Apr/2026:14:12:53 +0000] "POST /v3/auth/tokens HTTP/1.1" 201 1992 10.0.0.59 - - [14/Apr/2026:14:12:54 +0000] "GET /v3/endpoints/adafbddd869a41f4b0e8b740751dc9c8 HTTP/1.1" 200 383 10.0.0.59 - - [14/Apr/2026:14:12:54 +0000] "GET /v3/services/1638bd69bcf544a396fc99bc17fcdc95 HTTP/1.1" 200 296 10.0.0.59 - - [14/Apr/2026:14:12:54 +0000] "GET /v3/endpoints/486bf771196f493ca41475f00512e17a HTTP/1.1" 200 370 10.0.0.59 - - [14/Apr/2026:14:12:54 +0000] "GET /v3/services/1638bd69bcf544a396fc99bc17fcdc95 HTTP/1.1" 200 296 10.0.0.72 - - [14/Apr/2026:14:13:04 +0000] "GET / HTTP/1.1" 300 295
[Tue Apr 14 14:13:04.844734 2026] [wsgi:error] [pid 10:tid 139930850363072] [remote 10.0.0.72:51348] 2026-04-14 14:13:04.844 10 WARNING keystone.common.password_hashing [None req-3c5439a2-1ee8-4e65-b011-929e12b48257 - - - - - -] Truncating password to algorithm specific maximum length 72 characters.
[Tue Apr 14 14:13:05.130922 2026] [wsgi:error] [pid 10:tid 139930850363072] [remote 10.0.0.72:51348] 2026-04-14 14:13:05.130 10 WARNING keystone.common.fernet_utils [None req-3c5439a2-1ee8-4e65-b011-929e12b48257 - - - - - -] key_repository is world readable: /etc/keystone/fernet-keys/ 10.0.0.72 - - [14/Apr/2026:14:13:04 +0000] "POST /v3/auth/tokens HTTP/1.1" 201 1992 10.0.0.72 - - [14/Apr/2026:14:13:05 +0000] "POST /v3/domains HTTP/1.1" 201 284 10.0.0.72 - - [14/Apr/2026:14:13:06 +0000] "GET / HTTP/1.1" 300 295
[Tue Apr 14 14:13:06.662207 2026] [wsgi:error] [pid 9:tid 139930850363072] [remote 10.0.0.72:51356] 2026-04-14 14:13:06.662 9 WARNING keystone.common.password_hashing [None req-b554a7d3-28b3-4573-ade3-2bea17116293 - - - - - -] Truncating password to algorithm specific maximum length 72 characters.
[Tue Apr 14 14:13:06.938831 2026] [wsgi:error] [pid 9:tid 139930850363072] [remote 10.0.0.72:51356] 2026-04-14 14:13:06.938 9 WARNING keystone.common.fernet_utils [None req-b554a7d3-28b3-4573-ade3-2bea17116293 - - - - - -] key_repository is world readable: /etc/keystone/fernet-keys/ 10.0.0.72 - - [14/Apr/2026:14:13:06 +0000] "POST /v3/auth/tokens HTTP/1.1" 201 1992
[Tue Apr 14 14:13:07.106818 2026] [wsgi:error] [pid 10:tid 139930850363072] [remote 10.0.0.72:51356] 2026-04-14 14:13:07.093 10 ERROR keystone.server.flask.application [None req-0edbbcd7-b7a4-481d-89bf-550c3cb66cf2 c8466b5e35b74f80b7cba53515dde4d9 d7f212944f974e2faaf7bf46c7a17863 - - default default] Conflict occurred attempting to store project - it is not permitted to have two projects acting as domains with the same name: service.: keystone.exception.Conflict: Conflict occurred attempting to store project - it is not permitted to have two projects acting as domains with the same name: service.
[Tue Apr 14 14:13:07.106843 2026] [wsgi:error] [pid 10:tid 139930850363072] [remote 10.0.0.72:51356] 2026-04-14 14:13:07.093 10 ERROR keystone.server.flask.application
Traceback (most recent call last):
[Tue Apr 14 14:13:07.106845 2026] [wsgi:error] [pid 10:tid 139930850363072] [remote 10.0.0.72:51356] 2026-04-14 14:13:07.093 10 ERROR keystone.server.flask.application
File "/var/lib/openstack/lib/python3.12/site-packages/sqlalchemy/engine/base.py", line 1967, in _exec_single_context
[Tue Apr 14 14:13:07.106847 2026] [wsgi:error] [pid 10:tid 139930850363072] [remote 10.0.0.72:51356] 2026-04-14 14:13:07.093 10 ERROR keystone.server.flask.application self.dialect.do_execute(
[Tue Apr 14 14:13:07.106848 2026] [wsgi:error] [pid 10:tid 139930850363072] [remote 10.0.0.72:51356] 2026-04-14 14:13:07.093 10 ERROR keystone.server.flask.application
File "/var/lib/openstack/lib/python3.12/site-packages/sqlalchemy/engine/default.py", line 952, in do_execute
[Tue Apr 14 14:13:07.106850 2026] [wsgi:error] [pid 10:tid 139930850363072] [remote 10.0.0.72:51356] 2026-04-14 14:13:07.093 10 ERROR keystone.server.flask.application cursor.execute(statement, parameters)
[Tue Apr 14 14:13:07.106851 2026] [wsgi:error] [pid 10:tid 139930850363072] [remote 10.0.0.72:51356] 2026-04-14 14:13:07.093 10 ERROR keystone.server.flask.application
File "/var/lib/openstack/lib/python3.12/site-packages/pymysql/cursors.py", line 153, in execute
[Tue Apr 14 14:13:07.106853 2026] [wsgi:error] [pid 10:tid 139930850363072] [remote 10.0.0.72:51356] 2026-04-14 14:13:07.093 10 ERROR keystone.server.flask.application result = self._query(query)
[Tue Apr 14 14:13:07.106854 2026] [wsgi:error] [pid 10:tid 139930850363072] [remote 10.0.0.72:51356] 2026-04-14 14:13:07.093 10 ERROR keystone.server.flask.application ^^^^^^^^^^^^^^^^^^
[Tue Apr 14 14:13:07.106855 2026] [wsgi:error] [pid 10:tid 139930850363072] [remote 10.0.0.72:51356] 2026-04-14 14:13:07.093 10 ERROR keystone.server.flask.application
File "/var/lib/openstack/lib/python3.12/site-packages/pymysql/cursors.py", line 322, in _query
[Tue Apr 14 14:13:07.106857 2026] [wsgi:error] [pid 10:tid 139930850363072] [remote 10.0.0.72:51356] 2026-04-14 14:13:07.093 10 ERROR keystone.server.flask.application conn.query(q)
[Tue Apr 14 14:13:07.106858 2026] [wsgi:error] [pid 10:tid 139930850363072] [remote 10.0.0.72:51356] 2026-04-14 14:13:07.093 10 ERROR keystone.server.flask.application
File "/var/lib/openstack/lib/python3.12/site-packages/pymysql/connections.py", line 575, in query
[Tue Apr 14 14:13:07.106860 2026] [wsgi:error] [pid 10:tid 139930850363072] [remote 10.0.0.72:51356] 2026-04-14 14:13:07.093 10 ERROR keystone.server.flask.application self._affected_rows = self._read_query_result(unbuffered=unbuffered)
[Tue Apr 14 14:13:07.106861 2026] [wsgi:error] [pid 10:tid 139930850363072] [remote 10.0.0.72:51356] 2026-04-14 14:13:07.093 10 ERROR keystone.server.flask.application ^^^^^^^^^^^^^^^^^^^^^^^^^^^^^^^^^^^^^^^^^^^^^^
[Tue Apr 14 14:13:07.106863 2026] [wsgi:error] [pid 10:tid 139930850363072] [remote 10.0.0.72:51356] 2026-04-14 14:13:07.093 10 ERROR keystone.server.flask.application
File "/var/lib/openstack/lib/python3.12/site-packages/pymysql/connections.py", line 826, in _read_query_result
[Tue Apr 14 14:13:07.106864 2026] [wsgi:error] [pid 10:tid 139930850363072] [remote 10.0.0.72:51356] 2026-04-14 14:13:07.093 10 ERROR keystone.server.flask.application result.read()
[Tue Apr 14 14:13:07.106867 2026] [wsgi:error] [pid 10:tid 139930850363072] [remote 10.0.0.72:51356] 2026-04-14 14:13:07.093 10 ERROR keystone.server.flask.application
File "/var/lib/openstack/lib/python3.12/site-packages/pymysql/connections.py", line 1203, in read
[Tue Apr 14 14:13:07.106869 2026] [wsgi:error] [pid 10:tid 139930850363072] [remote 10.0.0.72:51356] 2026-04-14 14:13:07.093 10 ERROR keystone.server.flask.application first_packet = self.connection._read_packet()
[Tue Apr 14 14:13:07.106870 2026] [wsgi:error] [pid 10:tid 139930850363072] [remote 10.0.0.72:51356] 2026-04-14 14:13:07.093 10 ERROR keystone.server.flask.application ^^^^^^^^^^^^^^^^^^^^^^^^^^^^^^
[Tue Apr 14 14:13:07.106871 2026] [wsgi:error] [pid 10:tid 139930850363072] [remote 10.0.0.72:51356] 2026-04-14 14:13:07.093 10 ERROR keystone.server.flask.application
File "/var/lib/openstack/lib/python3.12/site-packages/pymysql/connections.py", line 782, in _read_packet
[Tue Apr 14 14:13:07.106873 2026] [wsgi:error] [pid 10:tid 139930850363072] [remote 10.0.0.72:51356] 2026-04-14 14:13:07.093 10 ERROR keystone.server.flask.application packet.raise_for_error()
[Tue Apr 14 14:13:07.106874 2026] [wsgi:error] [pid 10:tid 139930850363072] [remote 10.0.0.72:51356] 2026-04-14 14:13:07.093 10 ERROR keystone.server.flask.application
File "/var/lib/openstack/lib/python3.12/site-packages/pymysql/protocol.py", line 219, in raise_for_error
[Tue Apr 14 14:13:07.106876 2026] [wsgi:error] [pid 10:tid 139930850363072] [remote 10.0.0.72:51356] 2026-04-14 14:13:07.093 10 ERROR keystone.server.flask.application err.raise_mysql_exception(self._data)
[Tue Apr 14 14:13:07.106877 2026] [wsgi:error] [pid 10:tid 139930850363072] [remote 10.0.0.72:51356] 2026-04-14 14:13:07.093 10 ERROR keystone.server.flask.application
File "/var/lib/openstack/lib/python3.12/site-packages/pymysql/err.py", line 150, in raise_mysql_exception
[Tue Apr 14 14:13:07.106878 2026] [wsgi:error] [pid 10:tid 139930850363072] [remote 10.0.0.72:51356] 2026-04-14 14:13:07.093 10 ERROR keystone.server.flask.application raise errorclass(errno, errval)
[Tue Apr 14 14:13:07.106880 2026] [wsgi:error] [pid 10:tid 139930850363072] [remote 10.0.0.72:51356] 2026-04-14 14:13:07.093 10 ERROR keystone.server.flask.application pymysql.err.IntegrityError: (1062, "Duplicate entry '<>-service' for key 'project.ixu_project_name_domain_id'")
[Tue Apr 14 14:13:07.106881 2026] [wsgi:error] [pid 10:tid 139930850363072] [remote 10.0.0.72:51356] 2026-04-14 14:13:07.093 10 ERROR keystone.server.flask.application
[Tue Apr 14 14:13:07.106883 2026] [wsgi:error] [pid 10:tid 139930850363072] [remote 10.0.0.72:51356] 2026-04-14 14:13:07.093 10 ERROR keystone.server.flask.application The above exception was the direct cause of the following exception:
[Tue Apr 14 14:13:07.106884 2026] [wsgi:error] [pid 10:tid 139930850363072] [remote 10.0.0.72:51356] 2026-04-14 14:13:07.093 10 ERROR keystone.server.flask.application
[Tue Apr 14 14:13:07.106885 2026] [wsgi:error] [pid 10:tid 139930850363072] [remote 10.0.0.72:51356] 2026-04-14 14:13:07.093 10 ERROR keystone.server.flask.application
Traceback (most recent call last):
[Tue Apr 14 14:13:07.106887 2026] [wsgi:error] [pid 10:tid 139930850363072] [remote 10.0.0.72:51356] 2026-04-14 14:13:07.093 10 ERROR keystone.server.flask.application
File "/var/lib/openstack/lib/python3.12/site-packages/keystone/common/sql/core.py", line 575, in wrapper
[Tue Apr 14 14:13:07.106888 2026] [wsgi:error] [pid 10:tid 139930850363072] [remote 10.0.0.72:51356] 2026-04-14 14:13:07.093 10 ERROR keystone.server.flask.application return method(*args, **kwargs)
[Tue Apr 14 14:13:07.106889 2026] [wsgi:error] [pid 10:tid 139930850363072] [remote 10.0.0.72:51356] 2026-04-14 14:13:07.093 10 ERROR keystone.server.flask.application ^^^^^^^^^^^^^^^^^^^^^^^
[Tue Apr 14 14:13:07.106891 2026] [wsgi:error] [pid 10:tid 139930850363072] [remote 10.0.0.72:51356] 2026-04-14 14:13:07.093 10 ERROR keystone.server.flask.application
File "/var/lib/openstack/lib/python3.12/site-packages/keystone/resource/backends/sql.py", line 278, in create_project
[Tue Apr 14 14:13:07.106893 2026] [wsgi:error] [pid 10:tid 139930850363072] [remote 10.0.0.72:51356] 2026-04-14 14:13:07.093 10 ERROR keystone.server.flask.application with sql.session_for_write() as session:
[Tue Apr 14 14:13:07.106895 2026] [wsgi:error] [pid 10:tid 139930850363072] [remote 10.0.0.72:51356] 2026-04-14 14:13:07.093 10 ERROR keystone.server.flask.application
File "/usr/lib/python3.12/contextlib.py", line 144, in __exit__
[Tue Apr 14 14:13:07.106896 2026] [wsgi:error] [pid 10:tid 139930850363072] [remote 10.0.0.72:51356] 2026-04-14 14:13:07.093 10 ERROR keystone.server.flask.application next(self.gen)
[Tue Apr 14 14:13:07.106897 2026] [wsgi:error] [pid 10:tid 139930850363072] [remote 10.0.0.72:51356] 2026-04-14 14:13:07.093 10 ERROR keystone.server.flask.application
File "/var/lib/openstack/lib/python3.12/site-packages/oslo_db/sqlalchemy/enginefacade.py", line 1175, in _transaction_scope
[Tue Apr 14 14:13:07.106899 2026] [wsgi:error] [pid 10:tid 139930850363072] [remote 10.0.0.72:51356] 2026-04-14 14:13:07.093 10 ERROR keystone.server.flask.application with current._produce_block(
[Tue Apr 14 14:13:07.106900 2026] [wsgi:error] [pid 10:tid 139930850363072] [remote 10.0.0.72:51356] 2026-04-14 14:13:07.093 10 ERROR keystone.server.flask.application
File "/usr/lib/python3.12/contextlib.py", line 144, in __exit__
[Tue Apr 14 14:13:07.106901 2026] [wsgi:error] [pid 10:tid 139930850363072] [remote 10.0.0.72:51356] 2026-04-14 14:13:07.093 10 ERROR keystone.server.flask.application next(self.gen)
[Tue Apr 14 14:13:07.106903 2026] [wsgi:error] [pid 10:tid 139930850363072] [remote 10.0.0.72:51356] 2026-04-14 14:13:07.093 10 ERROR keystone.server.flask.application
File "/var/lib/openstack/lib/python3.12/site-packages/oslo_db/sqlalchemy/enginefacade.py", line 837, in _session
[Tue Apr 14 14:13:07.106904 2026] [wsgi:error] [pid 10:tid 139930850363072] [remote 10.0.0.72:51356] 2026-04-14 14:13:07.093 10 ERROR keystone.server.flask.application with excutils.save_and_reraise_exception():
[Tue Apr 14 14:13:07.106906 2026] [wsgi:error] [pid 10:tid 139930850363072] [remote 10.0.0.72:51356] 2026-04-14 14:13:07.093 10 ERROR keystone.server.flask.application
File "/var/lib/openstack/lib/python3.12/site-packages/oslo_utils/excutils.py", line 271, in __exit__
[Tue Apr 14 14:13:07.106907 2026] [wsgi:error] [pid 10:tid 139930850363072] [remote 10.0.0.72:51356] 2026-04-14 14:13:07.093 10 ERROR keystone.server.flask.application self.force_reraise()
[Tue Apr 14 14:13:07.106909 2026] [wsgi:error] [pid 10:tid 139930850363072] [remote 10.0.0.72:51356] 2026-04-14 14:13:07.093 10 ERROR keystone.server.flask.application
File "/var/lib/openstack/lib/python3.12/site-packages/oslo_utils/excutils.py", line 233, in force_reraise
[Tue Apr 14 14:13:07.106910 2026] [wsgi:error] [pid 10:tid 139930850363072] [remote 10.0.0.72:51356] 2026-04-14 14:13:07.093 10 ERROR keystone.server.flask.application raise self.value
[Tue Apr 14 14:13:07.106912 2026] [wsgi:error] [pid 10:tid 139930850363072] [remote 10.0.0.72:51356] 2026-04-14 14:13:07.093 10 ERROR keystone.server.flask.application
File "/var/lib/openstack/lib/python3.12/site-packages/oslo_db/sqlalchemy/enginefacade.py", line 835, in _session
[Tue Apr 14 14:13:07.106913 2026] [wsgi:error] [pid 10:tid 139930850363072] [remote 10.0.0.72:51356] 2026-04-14 14:13:07.093 10 ERROR keystone.server.flask.application self._end_session_transaction(self.session)
[Tue Apr 14 14:13:07.106915 2026] [wsgi:error] [pid 10:tid 139930850363072] [remote 10.0.0.72:51356] 2026-04-14 14:13:07.093 10 ERROR keystone.server.flask.application
File "/var/lib/openstack/lib/python3.12/site-packages/oslo_db/sqlalchemy/enginefacade.py", line 748, in _end_session_transaction
[Tue Apr 14 14:13:07.106916 2026] [wsgi:error] [pid 10:tid 139930850363072] [remote 10.0.0.72:51356] 2026-04-14 14:13:07.093 10 ERROR keystone.server.flask.application session.commit()
[Tue Apr 14 14:13:07.106918 2026] [wsgi:error] [pid 10:tid 139930850363072] [remote 10.0.0.72:51356] 2026-04-14 14:13:07.093 10 ERROR keystone.server.flask.application
File "/var/lib/openstack/lib/python3.12/site-packages/sqlalchemy/orm/session.py", line 2030, in commit
[Tue Apr 14 14:13:07.106919 2026] [wsgi:error] [pid 10:tid 139930850363072] [remote 10.0.0.72:51356] 2026-04-14 14:13:07.093 10 ERROR keystone.server.flask.application trans.commit(_to_root=True)
[Tue Apr 14 14:13:07.106921 2026] [wsgi:error] [pid 10:tid 139930850363072] [remote 10.0.0.72:51356] 2026-04-14 14:13:07.093 10 ERROR keystone.server.flask.application File "", line 2, in commit
[Tue Apr 14 14:13:07.106922 2026] [wsgi:error] [pid 10:tid 139930850363072] [remote 10.0.0.72:51356] 2026-04-14 14:13:07.093 10 ERROR keystone.server.flask.application
File "/var/lib/openstack/lib/python3.12/site-packages/sqlalchemy/orm/state_changes.py", line 137, in _go
[Tue Apr 14 14:13:07.106924 2026] [wsgi:error] [pid 10:tid 139930850363072] [remote 10.0.0.72:51356] 2026-04-14 14:13:07.093 10 ERROR keystone.server.flask.application ret_value = fn(self, *arg, **kw)
[Tue Apr 14 14:13:07.106925 2026] [wsgi:error] [pid 10:tid 139930850363072] [remote 10.0.0.72:51356] 2026-04-14 14:13:07.093 10 ERROR keystone.server.flask.application ^^^^^^^^^^^^^^^^^^^^
[Tue Apr 14 14:13:07.106926 2026] [wsgi:error] [pid 10:tid 139930850363072] [remote 10.0.0.72:51356] 2026-04-14 14:13:07.093 10 ERROR keystone.server.flask.application
File "/var/lib/openstack/lib/python3.12/site-packages/sqlalchemy/orm/session.py", line 1311, in commit
[Tue Apr 14 14:13:07.106928 2026] [wsgi:error] [pid 10:tid 139930850363072] [remote 10.0.0.72:51356] 2026-04-14 14:13:07.093 10 ERROR keystone.server.flask.application self._prepare_impl()
[Tue Apr 14 14:13:07.106929 2026] [wsgi:error] [pid 10:tid 139930850363072] [remote 10.0.0.72:51356] 2026-04-14 14:13:07.093 10 ERROR keystone.server.flask.application File "", line 2, in _prepare_impl
[Tue Apr 14 14:13:07.106930 2026] [wsgi:error] [pid 10:tid 139930850363072] [remote 10.0.0.72:51356] 2026-04-14 14:13:07.093 10 ERROR keystone.server.flask.application
File "/var/lib/openstack/lib/python3.12/site-packages/sqlalchemy/orm/state_changes.py", line 137, in _go
[Tue Apr 14 14:13:07.106932 2026] [wsgi:error] [pid 10:tid 139930850363072] [remote 10.0.0.72:51356] 2026-04-14 14:13:07.093 10 ERROR keystone.server.flask.application ret_value = fn(self, *arg, **kw)
[Tue Apr 14 14:13:07.106933 2026] [wsgi:error] [pid 10:tid 139930850363072] [remote 10.0.0.72:51356] 2026-04-14 14:13:07.093 10 ERROR keystone.server.flask.application ^^^^^^^^^^^^^^^^^^^^
[Tue Apr 14 14:13:07.106934 2026] [wsgi:error] [pid 10:tid 139930850363072] [remote 10.0.0.72:51356] 2026-04-14 14:13:07.093 10 ERROR keystone.server.flask.application
File "/var/lib/openstack/lib/python3.12/site-packages/sqlalchemy/orm/session.py", line 1286, in _prepare_impl
[Tue Apr 14 14:13:07.106936 2026] [wsgi:error] [pid 10:tid 139930850363072] [remote 10.0.0.72:51356] 2026-04-14 14:13:07.093 10 ERROR keystone.server.flask.application self.session.flush()
[Tue Apr 14 14:13:07.106937 2026] [wsgi:error] [pid 10:tid 139930850363072] [remote 10.0.0.72:51356] 2026-04-14 14:13:07.093 10 ERROR keystone.server.flask.application
File "/var/lib/openstack/lib/python3.12/site-packages/sqlalchemy/orm/session.py", line 4331, in flush
[Tue Apr 14 14:13:07.106938 2026] [wsgi:error] [pid 10:tid 139930850363072] [remote 10.0.0.72:51356] 2026-04-14 14:13:07.093 10 ERROR keystone.server.flask.application self._flush(objects)
[Tue Apr 14 14:13:07.106971 2026] [wsgi:error] [pid 10:tid 139930850363072] [remote 10.0.0.72:51356] 2026-04-14 14:13:07.093 10 ERROR keystone.server.flask.application
File "/var/lib/openstack/lib/python3.12/site-packages/sqlalchemy/orm/session.py", line 4466, in _flush
[Tue Apr 14 14:13:07.106973 2026] [wsgi:error] [pid 10:tid 139930850363072] [remote 10.0.0.72:51356] 2026-04-14 14:13:07.093 10 ERROR keystone.server.flask.application with util.safe_reraise():
[Tue Apr 14 14:13:07.106974 2026] [wsgi:error] [pid 10:tid 139930850363072] [remote 10.0.0.72:51356] 2026-04-14 14:13:07.093 10 ERROR keystone.server.flask.application
File "/var/lib/openstack/lib/python3.12/site-packages/sqlalchemy/util/langhelpers.py", line 121, in __exit__
[Tue Apr 14 14:13:07.106976 2026] [wsgi:error] [pid 10:tid 139930850363072] [remote 10.0.0.72:51356] 2026-04-14 14:13:07.093 10 ERROR keystone.server.flask.application raise exc_value.with_traceback(exc_tb)
[Tue Apr 14 14:13:07.106977 2026] [wsgi:error] [pid 10:tid 139930850363072] [remote 10.0.0.72:51356] 2026-04-14 14:13:07.093 10 ERROR keystone.server.flask.application
File "/var/lib/openstack/lib/python3.12/site-packages/sqlalchemy/orm/session.py", line 4427, in _flush
[Tue Apr 14 14:13:07.106979 2026] [wsgi:error] [pid 10:tid 139930850363072] [remote 10.0.0.72:51356] 2026-04-14 14:13:07.093 10 ERROR keystone.server.flask.application flush_context.execute()
[Tue Apr 14 14:13:07.106980 2026] [wsgi:error] [pid 10:tid 139930850363072] [remote 10.0.0.72:51356] 2026-04-14 14:13:07.093 10 ERROR keystone.server.flask.application
File "/var/lib/openstack/lib/python3.12/site-packages/sqlalchemy/orm/unitofwork.py", line 466, in execute
[Tue Apr 14 14:13:07.106982 2026] [wsgi:error] [pid 10:tid 139930850363072] [remote 10.0.0.72:51356] 2026-04-14 14:13:07.093 10 ERROR keystone.server.flask.application rec.execute(self)
