2026-06-16 05:10:08.261 8 WARNING neutron.api.rpc.agentnotifiers.dhcp_rpc_agent_api [None req-412ea96d-8616-482d-8af1-562afd78c3d4 a2588e1298aa436dbee51c5d7b9897ff fddb9ede8c584b3e9e531af1d8448e67 - - default default] Unable to schedule network 46706803-ded6-4ae9-9c49-bbd40fa81983: no agents available; will retry on subsequent port and subnet creation events.
2026-06-16 05:10:08.371 7 INFO neutron_taas.services.taas.taas_plugin [None req-723e1885-aa8d-4cd0-824d-a4c8a99fb711 0485af14b5b54b71b4f7f987ad995545 2d5acbb5cee842c38545247ca6ac6b38 - - default default] TaaS: Handle Delete Port: feb89592-ec69-4322-b219-937a16f249a0
2026-06-16 05:10:08.378 7 INFO neutron_taas.services.taas.tap_mirror_plugin [None req-723e1885-aa8d-4cd0-824d-a4c8a99fb711 0485af14b5b54b71b4f7f987ad995545 2d5acbb5cee842c38545247ca6ac6b38 - - default default] Tap Mirror: Handle Delete Port: feb89592-ec69-4322-b219-937a16f249a0
2026-06-16 05:10:08.382 8 INFO neutron.db.ovn_revision_numbers_db [None req-412ea96d-8616-482d-8af1-562afd78c3d4 a2588e1298aa436dbee51c5d7b9897ff fddb9ede8c584b3e9e531af1d8448e67 - - default default] Successfully bumped revision number for resource ff4c5ccc-bfce-4e74-96e7-f393e6fa954e (type: ports) to 1
2026-06-16 05:10:08.436 8 WARNING neutron.scheduler.dhcp_agent_scheduler [None req-412ea96d-8616-482d-8af1-562afd78c3d4 a2588e1298aa436dbee51c5d7b9897ff fddb9ede8c584b3e9e531af1d8448e67 - - default default] No more DHCP agents
2026-06-16 05:10:08.437 8 WARNING neutron.api.rpc.agentnotifiers.dhcp_rpc_agent_api [None req-412ea96d-8616-482d-8af1-562afd78c3d4 a2588e1298aa436dbee51c5d7b9897ff fddb9ede8c584b3e9e531af1d8448e67 - - default default] Unable to schedule network bf301e62-90db-4323-8340-f8883cf5a104: no agents available; will retry on subsequent port and subnet creation events.
2026-06-16 05:10:08.513 7 INFO neutron.plugins.ml2.drivers.ovn.mech_driver.mech_driver [None req-a060f2f4-8159-4b28-9292-20f3147bed66 - - - - - -] OVN reports status down for port: d9ab9481-ee7c-42de-a53f-4c7aedd6df84
2026-06-16 05:10:08.536 8 INFO neutron.db.ovn_revision_numbers_db [None req-412ea96d-8616-482d-8af1-562afd78c3d4 a2588e1298aa436dbee51c5d7b9897ff fddb9ede8c584b3e9e531af1d8448e67 - - default default] Successfully bumped revision number for resource d9ab9481-ee7c-42de-a53f-4c7aedd6df84 (type: ports) to 1 [pid: 8|app: 0|req: 1039/2015] 10.0.0.25 () {34 vars in 664 bytes} [Tue Jun 16 05:10:07 2026] POST /v2.0/ports => generated 1506 bytes in 819 msecs (HTTP/1.1 201) 4 headers in 163 bytes (1 switches on core 0) /var/lib/openstack/lib/python3.12/site-packages/pycadf/identifier.py:70: UserWarning: Invalid uuid: neutron. To ensure interoperability, identifiers should be a valid uuid. warnings.warn(('Invalid uuid: %s. To ensure interoperability, ' [pid: 8|app: 0|req: 1040/2016] 10.0.0.25 () {34 vars in 692 bytes} [Tue Jun 16 05:10:08 2026] POST /v2.0/vpn/endpoint-groups => generated 301 bytes in 56 msecs (HTTP/1.1 201) 4 headers in 162 bytes (1 switches on core 0) [pid: 7|app: 0|req: 977/2017] 10.0.0.25 () {34 vars in 788 bytes} [Tue Jun 16 05:10:07 2026] PUT /v2.0/routers/93d052b7-d91d-4beb-97db-d2ed9370c968/remove_router_interface => generated 309 bytes in 884 msecs (HTTP/1.1 200) 4 headers in 157 bytes (1 switches on core 0) /var/lib/openstack/lib/python3.12/site-packages/pycadf/identifier.py:70: UserWarning: Invalid uuid: neutron. To ensure interoperability, identifiers should be a valid uuid. warnings.warn(('Invalid uuid: %s. To ensure interoperability, ' [pid: 8|app: 0|req: 1041/2018] 10.0.0.25 () {32 vars in 739 bytes} [Tue Jun 16 05:10:08 2026] DELETE /v2.0/security-groups/90e18984-72fc-4487-9ac3-49ad2e5b8765 => generated 0 bytes in 277 msecs (HTTP/1.1 204) 2 headers in 112 bytes (1 switches on core 0) [pid: 7|app: 0|req: 978/2019] 10.0.0.25 () {32 vars in 642 bytes} [Tue Jun 16 05:10:08 2026] GET /v2.0/ports => generated 3018 bytes in 174 msecs (HTTP/1.1 200) 4 headers in 158 bytes (1 switches on core 0) [pid: 8|app: 0|req: 1042/2022] 10.0.0.25 () {34 vars in 692 bytes} [Tue Jun 16 05:10:08 2026] POST /v2.0/vpn/endpoint-groups => generated 293 bytes in 56 msecs (HTTP/1.1 201) 4 headers in 162 bytes (1 switches on core 0) [pid: 7|app: 0|req: 981/2023] 10.0.0.25 () {32 vars in 716 bytes} [Tue Jun 16 05:10:09 2026] GET /v2.0/ports/105d6611-b5eb-4268-a3f8-153bab25e44b => generated 947 bytes in 82 msecs (HTTP/1.1 200) 4 headers in 157 bytes (1 switches on core 0)
2026-06-16 05:10:09.102 7 WARNING neutron.api.v2.base [None req-8e1c08c4-40cf-4a22-9c3b-aaccb2155a43 70b3332efe71414c9a4cf031646091ae 720fd48b4c534764bc9827d9baad228f - - default default] An exception happened while processing the request body. The exception message is [Unrecognized attribute(s) 'peer_cidr'].: webob.exc.HTTPBadRequest: Unrecognized attribute(s) 'peer_cidr'
2026-06-16 05:10:09.103 7 INFO neutron.api.v2.resource [None req-8e1c08c4-40cf-4a22-9c3b-aaccb2155a43 70b3332efe71414c9a4cf031646091ae 720fd48b4c534764bc9827d9baad228f - - default default] create failed (client error): Unrecognized attribute(s) 'peer_cidr' [pid: 7|app: 0|req: 982/2024] 10.0.0.25 () {34 vars in 706 bytes} [Tue Jun 16 05:10:09 2026] POST /v2.0/vpn/ipsec-site-connections => generated 110 bytes in 8 msecs (HTTP/1.1 400) 4 headers in 166 bytes (1 switches on core 0)
2026-06-16 05:10:09.161 8 INFO neutron_taas.services.taas.taas_plugin [None req-442a89ce-37df-4b3f-9636-9e425b2acd2b a2588e1298aa436dbee51c5d7b9897ff fddb9ede8c584b3e9e531af1d8448e67 - - default default] TaaS: Handle Delete Port: ff4c5ccc-bfce-4e74-96e7-f393e6fa954e
2026-06-16 05:10:09.164 8 INFO neutron_taas.services.taas.tap_mirror_plugin [None req-442a89ce-37df-4b3f-9636-9e425b2acd2b a2588e1298aa436dbee51c5d7b9897ff fddb9ede8c584b3e9e531af1d8448e67 - - default default] Tap Mirror: Handle Delete Port: ff4c5ccc-bfce-4e74-96e7-f393e6fa954e [pid: 8|app: 0|req: 1043/2025] 10.0.0.25 () {32 vars in 719 bytes} [Tue Jun 16 05:10:09 2026] DELETE /v2.0/ports/ff4c5ccc-bfce-4e74-96e7-f393e6fa954e => generated 0 bytes in 273 msecs (HTTP/1.1 204) 3 headers in 131 bytes (1 switches on core 0) [pid: 8|app: 0|req: 1044/2026] 10.0.0.25 () {32 vars in 670 bytes} [Tue Jun 16 05:10:09 2026] GET /v2.0/vpn/endpoint-groups => generated 1190 bytes in 14 msecs (HTTP/1.1 200) 4 headers in 158 bytes (1 switches on core 0)
2026-06-16 05:10:09.394 7 INFO neutron_taas.services.taas.taas_plugin [None req-6afa152b-743e-4137-8bdb-48835c06f419 0485af14b5b54b71b4f7f987ad995545 2d5acbb5cee842c38545247ca6ac6b38 - - default default] TaaS: Handle Delete Port: 105d6611-b5eb-4268-a3f8-153bab25e44b
2026-06-16 05:10:09.399 7 INFO neutron_taas.services.taas.tap_mirror_plugin [None req-6afa152b-743e-4137-8bdb-48835c06f419 0485af14b5b54b71b4f7f987ad995545 2d5acbb5cee842c38545247ca6ac6b38 - - default default] Tap Mirror: Handle Delete Port: 105d6611-b5eb-4268-a3f8-153bab25e44b
2026-06-16 05:10:09.442 8 INFO neutron_taas.services.taas.taas_plugin [None req-314dd201-c3e3-4573-9968-af3d28bb30c4 a2588e1298aa436dbee51c5d7b9897ff fddb9ede8c584b3e9e531af1d8448e67 - - default default] TaaS: Handle Delete Port: d9ab9481-ee7c-42de-a53f-4c7aedd6df84
2026-06-16 05:10:09.446 8 INFO neutron_taas.services.taas.tap_mirror_plugin [None req-314dd201-c3e3-4573-9968-af3d28bb30c4 a2588e1298aa436dbee51c5d7b9897ff fddb9ede8c584b3e9e531af1d8448e67 - - default default] Tap Mirror: Handle Delete Port: d9ab9481-ee7c-42de-a53f-4c7aedd6df84 [pid: 8|app: 0|req: 1045/2027] 10.0.0.25 () {32 vars in 719 bytes} [Tue Jun 16 05:10:09 2026] DELETE /v2.0/ports/d9ab9481-ee7c-42de-a53f-4c7aedd6df84 => generated 0 bytes in 251 msecs (HTTP/1.1 204) 3 headers in 131 bytes (1 switches on core 0) [pid: 8|app: 0|req: 1046/2028] 10.0.0.25 () {32 vars in 747 bytes} [Tue Jun 16 05:10:09 2026] DELETE /v2.0/vpn/endpoint-groups/ab4fd107-e7c3-446c-a0b4-4c3b3385f68d => generated 0 bytes in 38 msecs (HTTP/1.1 204) 2 headers in 112 bytes (1 switches on core 0) [pid: 8|app: 0|req: 1047/2029] 10.0.0.25 () {32 vars in 642 bytes} [Tue Jun 16 05:10:09 2026] GET /v2.0/ports => generated 1523 bytes in 43 msecs (HTTP/1.1 200) 4 headers in 158 bytes (1 switches on core 0) [pid: 8|app: 0|req: 1048/2030] 10.0.0.25 () {32 vars in 670 bytes} [Tue Jun 16 05:10:09 2026] GET /v2.0/vpn/endpoint-groups => generated 915 bytes in 12 msecs (HTTP/1.1 200) 4 headers in 157 bytes (1 switches on core 0) [pid: 7|app: 0|req: 983/2031] 10.0.0.25 () {34 vars in 788 bytes} [Tue Jun 16 05:10:09 2026] PUT /v2.0/routers/93d052b7-d91d-4beb-97db-d2ed9370c968/remove_router_interface => generated 309 bytes in 614 msecs (HTTP/1.1 200) 4 headers in 157 bytes (1 switches on core 0) /var/lib/openstack/lib/python3.12/site-packages/pycadf/identifier.py:70: UserWarning: Invalid uuid: neutron. To ensure interoperability, identifiers should be a valid uuid. warnings.warn(('Invalid uuid: %s. To ensure interoperability, ' [pid: 7|app: 0|req: 984/2032] 10.0.0.25 () {32 vars in 670 bytes} [Tue Jun 16 05:10:09 2026] GET /v2.0/vpn/endpoint-groups => generated 915 bytes in 16 msecs (HTTP/1.1 200) 4 headers in 157 bytes (1 switches on core 0) [pid: 7|app: 0|req: 985/2033] 10.0.0.25 () {32 vars in 735 bytes} [Tue Jun 16 05:10:09 2026] GET /v2.0/ports?device_id=93d052b7-d91d-4beb-97db-d2ed9370c968 => generated 12 bytes in 17 msecs (HTTP/1.1 200) 4 headers in 156 bytes (1 switches on core 0) [pid: 7|app: 0|req: 986/2034] 10.0.0.25 () {32 vars in 747 bytes} [Tue Jun 16 05:10:09 2026] DELETE /v2.0/vpn/endpoint-groups/b50a1238-64f7-4cf4-a09c-df78c9e52de4 => generated 0 bytes in 38 msecs (HTTP/1.1 204) 2 headers in 112 bytes (1 switches on core 0)
2026-06-16 05:10:09.791 8 INFO neutron.db.segments_db [None req-a74ff7c1-94f4-4459-9d03-8b2a1ba43f5a a2588e1298aa436dbee51c5d7b9897ff fddb9ede8c584b3e9e531af1d8448e67 - - default default] Added segment 18c3d000-91cc-4e7b-8fb8-dca8abebc54f of type geneve for network 0240c8a0-9fba-4195-9b4a-3f77766b43f8
2026-06-16 05:10:09.935 8 INFO neutron.db.ovn_revision_numbers_db [None req-a74ff7c1-94f4-4459-9d03-8b2a1ba43f5a a2588e1298aa436dbee51c5d7b9897ff fddb9ede8c584b3e9e531af1d8448e67 - - default default] Successfully bumped revision number for resource 0240c8a0-9fba-4195-9b4a-3f77766b43f8 (type: networks) to 1 [pid: 7|app: 0|req: 987/2035] 10.0.0.25 () {32 vars in 723 bytes} [Tue Jun 16 05:10:09 2026] DELETE /v2.0/routers/93d052b7-d91d-4beb-97db-d2ed9370c968 => generated 0 bytes in 233 msecs (HTTP/1.1 204) 2 headers in 112 bytes (1 switches on core 0) [pid: 7|app: 0|req: 988/2036] 10.0.0.25 () {32 vars in 670 bytes} [Tue Jun 16 05:10:10 2026] GET /v2.0/vpn/endpoint-groups => generated 632 bytes in 15 msecs (HTTP/1.1 200) 4 headers in 157 bytes (1 switches on core 0)
2026-06-16 05:10:10.178 8 WARNING neutron.scheduler.dhcp_agent_scheduler [None req-a74ff7c1-94f4-4459-9d03-8b2a1ba43f5a a2588e1298aa436dbee51c5d7b9897ff fddb9ede8c584b3e9e531af1d8448e67 - - default default] No more DHCP agents
2026-06-16 05:10:10.181 8 WARNING neutron.api.rpc.agentnotifiers.dhcp_rpc_agent_api [None req-a74ff7c1-94f4-4459-9d03-8b2a1ba43f5a a2588e1298aa436dbee51c5d7b9897ff fddb9ede8c584b3e9e531af1d8448e67 - - default default] Unable to schedule network 0240c8a0-9fba-4195-9b4a-3f77766b43f8: no agents available; will retry on subsequent port and subnet creation events. [pid: 7|app: 0|req: 989/2037] 10.0.0.25 () {32 vars in 723 bytes} [Tue Jun 16 05:10:10 2026] DELETE /v2.0/subnets/90a5141f-a4c4-48e9-8bd4-9682f06217ad => generated 0 bytes in 231 msecs (HTTP/1.1 204) 3 headers in 131 bytes (1 switches on core 0)
2026-06-16 05:10:10.317 8 INFO neutron.db.ovn_revision_numbers_db [None req-a74ff7c1-94f4-4459-9d03-8b2a1ba43f5a a2588e1298aa436dbee51c5d7b9897ff fddb9ede8c584b3e9e531af1d8448e67 - - default default] Successfully bumped revision number for resource 3e2bd66c-a1f4-4253-b056-d540b6851d57 (type: ports) to 1 [pid: 7|app: 0|req: 990/2038] 10.0.0.25 () {34 vars in 692 bytes} [Tue Jun 16 05:10:10 2026] POST /v2.0/vpn/endpoint-groups => generated 302 bytes in 80 msecs (HTTP/1.1 201) 4 headers in 162 bytes (1 switches on core 0) [pid: 8|app: 0|req: 1049/2039] 10.0.0.25 () {34 vars in 669 bytes} [Tue Jun 16 05:10:09 2026] POST /v2.0/networks => generated 668 bytes in 715 msecs (HTTP/1.1 201) 4 headers in 162 bytes (1 switches on core 0) [pid: 8|app: 0|req: 1050/2040] 10.0.0.25 () {34 vars in 692 bytes} [Tue Jun 16 05:10:10 2026] POST /v2.0/vpn/endpoint-groups => generated 293 bytes in 60 msecs (HTTP/1.1 201) 4 headers in 162 bytes (1 switches on core 0) [pid: 7|app: 0|req: 991/2041] 10.0.0.25 () {32 vars in 723 bytes} [Tue Jun 16 05:10:10 2026] DELETE /v2.0/subnets/06734872-dce0-47f6-8c19-8b4e7cde4ece => generated 0 bytes in 157 msecs (HTTP/1.1 204) 3 headers in 131 bytes (1 switches on core 0)
2026-06-16 05:10:10.525 8 INFO neutron.db.segments_db [None req-80b12e82-62c4-4d4f-9db0-8e1975d1595b a2588e1298aa436dbee51c5d7b9897ff fddb9ede8c584b3e9e531af1d8448e67 - - default default] Added segment bd4da423-aec4-4bc1-9557-8cf709343525 of type geneve for network 49195185-7a67-4d16-b663-b8e975e21fc3
2026-06-16 05:10:10.558 7 INFO neutron.api.v2.resource [None req-1c8c9b1a-b627-4720-af89-f4d64840b41a 70b3332efe71414c9a4cf031646091ae 720fd48b4c534764bc9827d9baad228f - - default default] create failed (client error): The server could not comply with the request since it is either malformed or otherwise incorrect. [pid: 7|app: 0|req: 992/2042] 10.0.0.25 () {34 vars in 706 bytes} [Tue Jun 16 05:10:10 2026] POST /v2.0/vpn/ipsec-site-connections => generated 170 bytes in 49 msecs (HTTP/1.1 400) 4 headers in 166 bytes (1 switches on core 0)
2026-06-16 05:10:10.665 8 INFO neutron.db.ovn_revision_numbers_db [None req-80b12e82-62c4-4d4f-9db0-8e1975d1595b a2588e1298aa436dbee51c5d7b9897ff fddb9ede8c584b3e9e531af1d8448e67 - - default default] Successfully bumped revision number for resource 49195185-7a67-4d16-b663-b8e975e21fc3 (type: networks) to 1
2026-06-16 05:10:10.740 7 INFO neutron_taas.services.taas.taas_plugin [None req-e21f711b-58b6-4ba9-aa28-f0c3b784e369 0485af14b5b54b71b4f7f987ad995545 2d5acbb5cee842c38545247ca6ac6b38 - - default default] TaaS: Handle Delete Port: e269ef17-eed2-4ec3-ac8e-15e5946a4d8d
2026-06-16 05:10:10.743 7 INFO neutron_taas.services.taas.tap_mirror_plugin [None req-e21f711b-58b6-4ba9-aa28-f0c3b784e369 0485af14b5b54b71b4f7f987ad995545 2d5acbb5cee842c38545247ca6ac6b38 - - default default] Tap Mirror: Handle Delete Port: e269ef17-eed2-4ec3-ac8e-15e5946a4d8d
2026-06-16 05:10:10.880 8 WARNING neutron.scheduler.dhcp_agent_scheduler [None req-80b12e82-62c4-4d4f-9db0-8e1975d1595b a2588e1298aa436dbee51c5d7b9897ff fddb9ede8c584b3e9e531af1d8448e67 - - default default] No more DHCP agents
2026-06-16 05:10:10.882 8 WARNING neutron.api.rpc.agentnotifiers.dhcp_rpc_agent_api [None req-80b12e82-62c4-4d4f-9db0-8e1975d1595b a2588e1298aa436dbee51c5d7b9897ff fddb9ede8c584b3e9e531af1d8448e67 - - default default] Unable to schedule network 49195185-7a67-4d16-b663-b8e975e21fc3: no agents available; will retry on subsequent port and subnet creation events.
2026-06-16 05:10:10.987 8 INFO neutron.db.ovn_revision_numbers_db [None req-80b12e82-62c4-4d4f-9db0-8e1975d1595b a2588e1298aa436dbee51c5d7b9897ff fddb9ede8c584b3e9e531af1d8448e67 - - default default] Successfully bumped revision number for resource f021b6c6-5a6a-4b7c-9a22-f34bb523e185 (type: ports) to 1
2026-06-16 05:10:10.987 7 INFO neutron.plugins.ml2.drivers.ovn.mech_driver.mech_driver [None req-a060f2f4-8159-4b28-9292-20f3147bed66 - - - - - -] OVN reports status down for port: f021b6c6-5a6a-4b7c-9a22-f34bb523e185 [pid: 8|app: 0|req: 1051/2043] 10.0.0.25 () {34 vars in 669 bytes} [Tue Jun 16 05:10:10 2026] POST /v2.0/networks => generated 668 bytes in 580 msecs (HTTP/1.1 201) 4 headers in 162 bytes (1 switches on core 0)
2026-06-16 05:10:11.021 7 INFO neutron.services.segments.plugin [-] Segment 8602705a-d96c-458d-9bb0-5a07dff3c345 resource provider aggregate not found
2026-06-16 05:10:11.026 7 INFO neutron.services.segments.plugin [-] Segment 8602705a-d96c-458d-9bb0-5a07dff3c345 resource provider aggregate not found [pid: 8|app: 0|req: 1052/2044] 10.0.0.25 () {32 vars in 670 bytes} [Tue Jun 16 05:10:11 2026] GET /v2.0/vpn/endpoint-groups => generated 1191 bytes in 15 msecs (HTTP/1.1 200) 4 headers in 158 bytes (1 switches on core 0)
2026-06-16 05:10:11.055 7 INFO neutron.services.segments.plugin [-] Segment 8602705a-d96c-458d-9bb0-5a07dff3c345 resource provider not found; error: Placement Client Error (4xx): {"errors": [{"status": 404, "title": "Not Found", "detail": "The resource could not be found.\n\n No resource provider with uuid 8602705a-d96c-458d-9bb0-5a07dff3c345 found for delete ", "request_id": "req-120b6b7a-c753-4cd9-9b1a-5e9164cc3af2"}]}
2026-06-16 05:10:11.068 7 INFO neutron.services.segments.plugin [-] Segment 8602705a-d96c-458d-9bb0-5a07dff3c345 resource provider not found; error: Placement Client Error (4xx): {"errors": [{"status": 404, "title": "Not Found", "detail": "The resource could not be found.\n\n No resource provider with uuid 8602705a-d96c-458d-9bb0-5a07dff3c345 found for delete ", "request_id": "req-54666352-a6fb-4005-89e8-8c9256e124e4"}]} [pid: 7|app: 0|req: 993/2045] 10.0.0.25 () {32 vars in 725 bytes} [Tue Jun 16 05:10:10 2026] DELETE /v2.0/networks/c4eee1c8-7c06-43f0-8638-242776188c44 => generated 0 bytes in 590 msecs (HTTP/1.1 204) 3 headers in 131 bytes (1 switches on core 0) [pid: 7|app: 0|req: 994/2046] 10.0.0.25 () {32 vars in 747 bytes} [Tue Jun 16 05:10:11 2026] DELETE /v2.0/vpn/endpoint-groups/b502669f-fb2b-496c-bf78-6640e85a1ddf => generated 0 bytes in 26 msecs (HTTP/1.1 204) 2 headers in 112 bytes (1 switches on core 0)
2026-06-16 05:10:11.390 8 INFO neutron.db.ovn_revision_numbers_db [None req-2a2a8b25-fe48-46f1-ab97-5bf93d27489f 9d423ad161f64bd5af7049c6d3e7f199 e67e4557c86c41d2b0e3c15eac3c6629 - - default default] Successfully bumped revision number for resource bd1f2608-704f-42f8-84d7-58946ad2d4ce (type: security_groups) to 1
2026-06-16 05:10:11.402 8 INFO neutron.db.ovn_revision_numbers_db [None req-2a2a8b25-fe48-46f1-ab97-5bf93d27489f 9d423ad161f64bd5af7049c6d3e7f199 e67e4557c86c41d2b0e3c15eac3c6629 - - default default] Successfully bumped revision number for resource 426cf9c6-873a-463b-87eb-4d7050045421 (type: security_group_rules) to 0
2026-06-16 05:10:11.417 8 INFO neutron.db.ovn_revision_numbers_db [None req-2a2a8b25-fe48-46f1-ab97-5bf93d27489f 9d423ad161f64bd5af7049c6d3e7f199 e67e4557c86c41d2b0e3c15eac3c6629 - - default default] Successfully bumped revision number for resource 46f80498-3c0e-4a1b-80b5-ffec7c991aa7 (type: security_group_rules) to 0
2026-06-16 05:10:11.429 8 INFO neutron.db.ovn_revision_numbers_db [None req-2a2a8b25-fe48-46f1-ab97-5bf93d27489f 9d423ad161f64bd5af7049c6d3e7f199 e67e4557c86c41d2b0e3c15eac3c6629 - - default default] Successfully bumped revision number for resource 58ec6450-bcce-41e3-ae2d-63a4eccadebe (type: security_group_rules) to 0
2026-06-16 05:10:11.444 8 INFO neutron.db.ovn_revision_numbers_db [None req-2a2a8b25-fe48-46f1-ab97-5bf93d27489f 9d423ad161f64bd5af7049c6d3e7f199 e67e4557c86c41d2b0e3c15eac3c6629 - - default default] Successfully bumped revision number for resource 826def7e-5b85-4daf-ade9-c5151d6e6475 (type: security_group_rules) to 0
2026-06-16 05:10:11.513 7 WARNING neutron.scheduler.dhcp_agent_scheduler [None req-5cee75be-340e-41b1-9721-7b6e043c5df0 a2588e1298aa436dbee51c5d7b9897ff fddb9ede8c584b3e9e531af1d8448e67 - - default default] No more DHCP agents
2026-06-16 05:10:11.514 7 WARNING neutron.api.rpc.agentnotifiers.dhcp_rpc_agent_api [None req-5cee75be-340e-41b1-9721-7b6e043c5df0 a2588e1298aa436dbee51c5d7b9897ff fddb9ede8c584b3e9e531af1d8448e67 - - default default] Unable to schedule network 0240c8a0-9fba-4195-9b4a-3f77766b43f8: no agents available; will retry on subsequent port and subnet creation events.
2026-06-16 05:10:11.527 8 INFO neutron.db.segments_db [None req-2a2a8b25-fe48-46f1-ab97-5bf93d27489f 9d423ad161f64bd5af7049c6d3e7f199 e67e4557c86c41d2b0e3c15eac3c6629 - - default default] Added segment b2aaf6b7-9c88-42fe-9ec6-a4864f7befcc of type geneve for network a931b9bf-b4be-4575-80d1-1c59bb42be4b
2026-06-16 05:10:11.657 8 INFO neutron.db.ovn_revision_numbers_db [None req-2a2a8b25-fe48-46f1-ab97-5bf93d27489f 9d423ad161f64bd5af7049c6d3e7f199 e67e4557c86c41d2b0e3c15eac3c6629 - - default default] Successfully bumped revision number for resource a931b9bf-b4be-4575-80d1-1c59bb42be4b (type: networks) to 1
2026-06-16 05:10:11.839 8 WARNING neutron.scheduler.dhcp_agent_scheduler [None req-2a2a8b25-fe48-46f1-ab97-5bf93d27489f 9d423ad161f64bd5af7049c6d3e7f199 e67e4557c86c41d2b0e3c15eac3c6629 - - default default] No more DHCP agents
2026-06-16 05:10:11.840 8 WARNING neutron.api.rpc.agentnotifiers.dhcp_rpc_agent_api [None req-2a2a8b25-fe48-46f1-ab97-5bf93d27489f 9d423ad161f64bd5af7049c6d3e7f199 e67e4557c86c41d2b0e3c15eac3c6629 - - default default] Unable to schedule network a931b9bf-b4be-4575-80d1-1c59bb42be4b: no agents available; will retry on subsequent port and subnet creation events.
2026-06-16 05:10:11.902 7 INFO neutron.plugins.ml2.drivers.ovn.mech_driver.mech_driver [None req-a060f2f4-8159-4b28-9292-20f3147bed66 - - - - - -] OVN reports status down for port: 524c0b01-dc96-4f2c-b868-e801170d5df5
2026-06-16 05:10:11.945 8 INFO neutron.db.ovn_revision_numbers_db [None req-2a2a8b25-fe48-46f1-ab97-5bf93d27489f 9d423ad161f64bd5af7049c6d3e7f199 e67e4557c86c41d2b0e3c15eac3c6629 - - default default] Successfully bumped revision number for resource 524c0b01-dc96-4f2c-b868-e801170d5df5 (type: ports) to 1 [pid: 8|app: 0|req: 1053/2047] 10.0.0.25 () {34 vars in 670 bytes} [Tue Jun 16 05:10:11 2026] POST /v2.0/networks => generated 763 bytes in 939 msecs (HTTP/1.1 201) 4 headers in 162 bytes (1 switches on core 0)
2026-06-16 05:10:12.132 8 INFO neutron_taas.services.taas.taas_plugin [None req-2688ba9a-4e04-4e97-a85f-ae8c6b430b86 0485af14b5b54b71b4f7f987ad995545 2d5acbb5cee842c38545247ca6ac6b38 - - default default] TaaS: Handle Delete Port: f7bbf3eb-57b0-45d9-b613-633c1798fb81
2026-06-16 05:10:12.149 8 INFO neutron_taas.services.taas.tap_mirror_plugin [None req-2688ba9a-4e04-4e97-a85f-ae8c6b430b86 0485af14b5b54b71b4f7f987ad995545 2d5acbb5cee842c38545247ca6ac6b38 - - default default] Tap Mirror: Handle Delete Port: f7bbf3eb-57b0-45d9-b613-633c1798fb81
2026-06-16 05:10:12.154 7 INFO neutron.db.ovn_revision_numbers_db [None req-f2317e37-10da-4c1f-8e32-7a95d341a435 - - - - - -] Successfully bumped revision number for resource 3e2bd66c-a1f4-4253-b056-d540b6851d57 (type: ports) to 2
2026-06-16 05:10:12.204 7 INFO neutron.db.ovn_revision_numbers_db [None req-f2317e37-10da-4c1f-8e32-7a95d341a435 - - - - - -] Successfully bumped revision number for resource 20f9a349-9f90-49ee-9907-be18599e26a7 (type: subnets) to 0
2026-06-16 05:10:12.235 7 WARNING neutron.scheduler.dhcp_agent_scheduler [None req-5cee75be-340e-41b1-9721-7b6e043c5df0 a2588e1298aa436dbee51c5d7b9897ff fddb9ede8c584b3e9e531af1d8448e67 - - default default] No more DHCP agents
2026-06-16 05:10:12.239 7 WARNING neutron.api.rpc.agentnotifiers.dhcp_rpc_agent_api [None req-5cee75be-340e-41b1-9721-7b6e043c5df0 a2588e1298aa436dbee51c5d7b9897ff fddb9ede8c584b3e9e531af1d8448e67 - - default default] Unable to schedule network 49195185-7a67-4d16-b663-b8e975e21fc3: no agents available; will retry on subsequent port and subnet creation events.
2026-06-16 05:10:12.373 8 INFO neutron.services.segments.plugin [-] Segment d5cbb4c3-9e49-455d-bed6-f1301e3287a1 resource provider aggregate not found
2026-06-16 05:10:12.375 8 INFO neutron.services.segments.plugin [-] Segment d5cbb4c3-9e49-455d-bed6-f1301e3287a1 resource provider aggregate not found
2026-06-16 05:10:12.400 8 INFO neutron.services.segments.plugin [-] Segment d5cbb4c3-9e49-455d-bed6-f1301e3287a1 resource provider not found; error: Placement Client Error (4xx): {"errors": [{"status": 404, "title": "Not Found", "detail": "The resource could not be found.\n\n No resource provider with uuid d5cbb4c3-9e49-455d-bed6-f1301e3287a1 found for delete ", "request_id": "req-3b716775-4054-4dd5-b5a4-58e648b42140"}]}
2026-06-16 05:10:12.402 8 INFO neutron.services.segments.plugin [-] Segment d5cbb4c3-9e49-455d-bed6-f1301e3287a1 resource provider not found; error: Placement Client Error (4xx): {"errors": [{"status": 404, "title": "Not Found", "detail": "The resource could not be found.\n\n No resource provider with uuid d5cbb4c3-9e49-455d-bed6-f1301e3287a1 found for delete ", "request_id": "req-4252f9d8-f941-49fa-952a-d725e64e1b01"}]} [pid: 8|app: 0|req: 1054/2048] 10.0.0.25 () {32 vars in 725 bytes} [Tue Jun 16 05:10:11 2026] DELETE /v2.0/networks/b81ee3e2-e642-4fc4-9d55-c5517474c93e => generated 0 bytes in 446 msecs (HTTP/1.1 204) 3 headers in 131 bytes (1 switches on core 0) [pid: 8|app: 0|req: 1055/2049] 10.0.0.25 () {32 vars in 670 bytes} [Tue Jun 16 05:10:12 2026] GET /v2.0/vpn/endpoint-groups => generated 916 bytes in 11 msecs (HTTP/1.1 200) 4 headers in 157 bytes (1 switches on core 0)
2026-06-16 05:10:12.557 8 WARNING neutron.scheduler.dhcp_agent_scheduler [None req-77312734-34a6-4af9-91dc-b05a42544baa 9d423ad161f64bd5af7049c6d3e7f199 e67e4557c86c41d2b0e3c15eac3c6629 - - default default] No more DHCP agents
2026-06-16 05:10:12.558 8 WARNING neutron.api.rpc.agentnotifiers.dhcp_rpc_agent_api [None req-77312734-34a6-4af9-91dc-b05a42544baa 9d423ad161f64bd5af7049c6d3e7f199 e67e4557c86c41d2b0e3c15eac3c6629 - - default default] Unable to schedule network a931b9bf-b4be-4575-80d1-1c59bb42be4b: no agents available; will retry on subsequent port and subnet creation events.
2026-06-16 05:10:12.726 7 INFO neutron.db.ovn_revision_numbers_db [None req-77ce7509-9db3-443b-b57d-3cd9913a11d3 - - - - - -] Successfully bumped revision number for resource f021b6c6-5a6a-4b7c-9a22-f34bb523e185 (type: ports) to 2
2026-06-16 05:10:12.759 7 INFO neutron.db.ovn_revision_numbers_db [None req-77ce7509-9db3-443b-b57d-3cd9913a11d3 - - - - - -] Successfully bumped revision number for resource f9d71919-3c58-4b3d-beb5-721a2fad0524 (type: subnets) to 0 [pid: 7|app: 0|req: 995/2050] 10.0.0.25 () {34 vars in 668 bytes} [Tue Jun 16 05:10:11 2026] POST /v2.0/subnets => generated 1274 bytes in 1603 msecs (HTTP/1.1 201) 4 headers in 163 bytes (1 switches on core 0)
2026-06-16 05:10:12.858 7 INFO neutron.db.segments_db [None req-7acd9cd7-1ccd-4a90-ad26-557e442a5aef 0485af14b5b54b71b4f7f987ad995545 2d5acbb5cee842c38545247ca6ac6b38 - - default default] Added segment c0a7204f-1b1e-49aa-8ca0-ab01d82beaad of type geneve for network c1db7ab9-3fc2-47b9-8d58-5dccefd0219f
2026-06-16 05:10:12.963 7 INFO neutron.db.ovn_revision_numbers_db [None req-7acd9cd7-1ccd-4a90-ad26-557e442a5aef 0485af14b5b54b71b4f7f987ad995545 2d5acbb5cee842c38545247ca6ac6b38 - - default default] Successfully bumped revision number for resource c1db7ab9-3fc2-47b9-8d58-5dccefd0219f (type: networks) to 1
2026-06-16 05:10:12.999 8 WARNING neutron.plugins.ml2.drivers.ovn.mech_driver.ovsdb.ovn_client [None req-ebc7b50b-d7ef-47fd-b66b-06825b9ddb95 - - - - - -] No port found with ID feb89592-ec69-4322-b219-937a16f249a0: RuntimeError: No port found with ID feb89592-ec69-4322-b219-937a16f249a0
2026-06-16 05:10:13.028 8 INFO neutron.plugins.ml2.drivers.ovn.mech_driver.mech_driver [None req-ebc7b50b-d7ef-47fd-b66b-06825b9ddb95 - - - - - -] OVN reports status down for port: 06c6e348-0ebb-4957-94e2-10812db24372
2026-06-16 05:10:13.053 8 INFO neutron.plugins.ml2.drivers.ovn.mech_driver.mech_driver [None req-ebc7b50b-d7ef-47fd-b66b-06825b9ddb95 - - - - - -] OVN reports status up for port: 06c6e348-0ebb-4957-94e2-10812db24372
2026-06-16 05:10:13.105 8 INFO neutron.plugins.ml2.drivers.ovn.mech_driver.mech_driver [None req-ebc7b50b-d7ef-47fd-b66b-06825b9ddb95 - - - - - -] OVN reports status down for port: 10f32c8c-76e3-42ef-a7a2-c5b40140e9eb
2026-06-16 05:10:13.129 8 INFO neutron.plugins.ml2.drivers.ovn.mech_driver.mech_driver [None req-ebc7b50b-d7ef-47fd-b66b-06825b9ddb95 - - - - - -] OVN reports status down for port: 3c1a8c43-3c29-4c74-b599-8e85112ab67e
2026-06-16 05:10:13.158 8 INFO neutron.plugins.ml2.drivers.ovn.mech_driver.mech_driver [None req-ebc7b50b-d7ef-47fd-b66b-06825b9ddb95 - - - - - -] OVN reports status down for port: ff4c5ccc-bfce-4e74-96e7-f393e6fa954e
2026-06-16 05:10:13.171 7 WARNING neutron.scheduler.dhcp_agent_scheduler [None req-7acd9cd7-1ccd-4a90-ad26-557e442a5aef 0485af14b5b54b71b4f7f987ad995545 2d5acbb5cee842c38545247ca6ac6b38 - - default default] No more DHCP agents
2026-06-16 05:10:13.172 7 WARNING neutron.api.rpc.agentnotifiers.dhcp_rpc_agent_api [None req-7acd9cd7-1ccd-4a90-ad26-557e442a5aef 0485af14b5b54b71b4f7f987ad995545 2d5acbb5cee842c38545247ca6ac6b38 - - default default] Unable to schedule network c1db7ab9-3fc2-47b9-8d58-5dccefd0219f: no agents available; will retry on subsequent port and subnet creation events.
2026-06-16 05:10:13.173 8 INFO neutron.db.ovn_revision_numbers_db [None req-9f00c6d1-504e-40fb-ac39-7103db36d69a - - - - - -] Successfully bumped revision number for resource 524c0b01-dc96-4f2c-b868-e801170d5df5 (type: ports) to 2
2026-06-16 05:10:13.176 8 INFO neutron.plugins.ml2.drivers.ovn.mech_driver.mech_driver [None req-ebc7b50b-d7ef-47fd-b66b-06825b9ddb95 - - - - - -] OVN reports status down for port: 3e2bd66c-a1f4-4253-b056-d540b6851d57
2026-06-16 05:10:13.225 7 INFO neutron.plugins.ml2.drivers.ovn.mech_driver.mech_driver [None req-a060f2f4-8159-4b28-9292-20f3147bed66 - - - - - -] OVN reports status down for port: b43c6102-f1c9-4220-8f4f-8e557aaaaa9a
2026-06-16 05:10:13.279 8 INFO neutron.db.ovn_revision_numbers_db [None req-9f00c6d1-504e-40fb-ac39-7103db36d69a - - - - - -] Successfully bumped revision number for resource 68c18bb9-a899-4b3f-ab13-d039aeb765f1 (type: subnets) to 0
2026-06-16 05:10:13.300 7 INFO neutron.db.ovn_revision_numbers_db [None req-7acd9cd7-1ccd-4a90-ad26-557e442a5aef 0485af14b5b54b71b4f7f987ad995545 2d5acbb5cee842c38545247ca6ac6b38 - - default default] Successfully bumped revision number for resource b43c6102-f1c9-4220-8f4f-8e557aaaaa9a (type: ports) to 1 [pid: 8|app: 0|req: 1056/2051] 10.0.0.25 () {34 vars in 668 bytes} [Tue Jun 16 05:10:12 2026] POST /v2.0/subnets => generated 688 bytes in 874 msecs (HTTP/1.1 201) 4 headers in 162 bytes (1 switches on core 0) [pid: 8|app: 0|req: 1057/2052] 10.0.0.25 () {32 vars in 670 bytes} [Tue Jun 16 05:10:13 2026] GET /v2.0/vpn/endpoint-groups => generated 916 bytes in 11 msecs (HTTP/1.1 200) 4 headers in 157 bytes (1 switches on core 0) [pid: 7|app: 0|req: 996/2053] 10.0.0.25 () {34 vars in 669 bytes} [Tue Jun 16 05:10:12 2026] POST /v2.0/networks => generated 652 bytes in 571 msecs (HTTP/1.1 201) 4 headers in 162 bytes (1 switches on core 0) [pid: 8|app: 0|req: 1058/2054] 10.0.0.25 () {32 vars in 646 bytes} [Tue Jun 16 05:10:13 2026] GET /v2.0/subnets => generated 1910 bytes in 34 msecs (HTTP/1.1 200) 4 headers in 158 bytes (1 switches on core 0) [pid: 8|app: 0|req: 1059/2055] 10.0.0.25 () {32 vars in 747 bytes} [Tue Jun 16 05:10:13 2026] DELETE /v2.0/vpn/endpoint-groups/77b66bf4-8c8d-4701-a1b1-c7808eacb82b => generated 0 bytes in 24 msecs (HTTP/1.1 204) 2 headers in 112 bytes (1 switches on core 0)
2026-06-16 05:10:13.565 8 WARNING neutron.scheduler.dhcp_agent_scheduler [None req-00b172a2-2fc2-4cfe-a1d2-836f269976cf 0485af14b5b54b71b4f7f987ad995545 2d5acbb5cee842c38545247ca6ac6b38 - - default default] No more DHCP agents
2026-06-16 05:10:13.566 8 WARNING neutron.api.rpc.agentnotifiers.dhcp_rpc_agent_api [None req-00b172a2-2fc2-4cfe-a1d2-836f269976cf 0485af14b5b54b71b4f7f987ad995545 2d5acbb5cee842c38545247ca6ac6b38 - - default default] Unable to schedule network c1db7ab9-3fc2-47b9-8d58-5dccefd0219f: no agents available; will retry on subsequent port and subnet creation events.
2026-06-16 05:10:13.590 8 INFO neutron.db.ovn_revision_numbers_db [None req-00b172a2-2fc2-4cfe-a1d2-836f269976cf 0485af14b5b54b71b4f7f987ad995545 2d5acbb5cee842c38545247ca6ac6b38 - - default default] Successfully bumped revision number for resource c5c7d97b-73a7-47ea-b4ca-b50a25bb8baf (type: subnets) to 0 [pid: 8|app: 0|req: 1060/2056] 10.0.0.25 () {34 vars in 668 bytes} [Tue Jun 16 05:10:13 2026] POST /v2.0/subnets => generated 646 bytes in 227 msecs (HTTP/1.1 201) 4 headers in 162 bytes (1 switches on core 0) [pid: 8|app: 0|req: 1061/2057] 10.0.0.25 () {32 vars in 723 bytes} [Tue Jun 16 05:10:13 2026] DELETE /v2.0/subnets/20f9a349-9f90-49ee-9907-be18599e26a7 => generated 0 bytes in 165 msecs (HTTP/1.1 204) 3 headers in 131 bytes (1 switches on core 0) [pid: 8|app: 0|req: 1062/2058] 10.0.0.25 () {32 vars in 670 bytes} [Tue Jun 16 05:10:13 2026] GET /v2.0/vpn/endpoint-groups => generated 632 bytes in 13 msecs (HTTP/1.1 200) 4 headers in 157 bytes (1 switches on core 0)
2026-06-16 05:10:13.786 7 WARNING neutron.scheduler.dhcp_agent_scheduler [None req-731ad0da-b31d-4fb4-a382-bce241d6e7f6 9d423ad161f64bd5af7049c6d3e7f199 e67e4557c86c41d2b0e3c15eac3c6629 - - default default] No more DHCP agents
2026-06-16 05:10:13.788 7 WARNING neutron.api.rpc.agentnotifiers.dhcp_rpc_agent_api [None req-731ad0da-b31d-4fb4-a382-bce241d6e7f6 9d423ad161f64bd5af7049c6d3e7f199 e67e4557c86c41d2b0e3c15eac3c6629 - - default default] Unable to schedule network 8fe44544-c636-4f8e-82dd-60d35822db4e: no agents available; will retry on subsequent port and subnet creation events.
2026-06-16 05:10:13.924 7 INFO neutron.plugins.ml2.drivers.ovn.mech_driver.mech_driver [None req-a060f2f4-8159-4b28-9292-20f3147bed66 - - - - - -] OVN reports status down for port: 0edd46c6-de41-4979-a7ca-082a337f241d
2026-06-16 05:10:13.939 8 INFO neutron.db.ovn_revision_numbers_db [None req-d7224f33-3f60-425c-b2ee-c91477474a10 0485af14b5b54b71b4f7f987ad995545 2d5acbb5cee842c38545247ca6ac6b38 - - default default] Successfully bumped revision number for resource e2d5e779-c63a-473a-85ab-6c2277d5ddc8 (type: routers) to 1 [pid: 8|app: 0|req: 1063/2059] 10.0.0.25 () {34 vars in 668 bytes} [Tue Jun 16 05:10:13 2026] POST /v2.0/routers => generated 605 bytes in 180 msecs (HTTP/1.1 201) 4 headers in 162 bytes (1 switches on core 0)
2026-06-16 05:10:13.997 7 INFO neutron.db.ovn_revision_numbers_db [None req-731ad0da-b31d-4fb4-a382-bce241d6e7f6 9d423ad161f64bd5af7049c6d3e7f199 e67e4557c86c41d2b0e3c15eac3c6629 - - default default] Successfully bumped revision number for resource 0edd46c6-de41-4979-a7ca-082a337f241d (type: ports) to 1 [pid: 8|app: 0|req: 1064/2060] 10.0.0.25 () {32 vars in 723 bytes} [Tue Jun 16 05:10:13 2026] DELETE /v2.0/subnets/f9d71919-3c58-4b3d-beb5-721a2fad0524 => generated 0 bytes in 181 msecs (HTTP/1.1 204) 3 headers in 131 bytes (1 switches on core 0) [pid: 8|app: 0|req: 1065/2061] 10.0.0.25 () {34 vars in 692 bytes} [Tue Jun 16 05:10:14 2026] POST /v2.0/vpn/endpoint-groups => generated 300 bytes in 65 msecs (HTTP/1.1 201) 4 headers in 162 bytes (1 switches on core 0)
2026-06-16 05:10:14.480 8 WARNING neutron.scheduler.dhcp_agent_scheduler [None req-9b080599-4e99-4795-8735-7aaf7faace9f 0485af14b5b54b71b4f7f987ad995545 2d5acbb5cee842c38545247ca6ac6b38 - - default default] No more DHCP agents
2026-06-16 05:10:14.482 8 WARNING neutron.api.rpc.agentnotifiers.dhcp_rpc_agent_api [None req-9b080599-4e99-4795-8735-7aaf7faace9f 0485af14b5b54b71b4f7f987ad995545 2d5acbb5cee842c38545247ca6ac6b38 - - default default] Unable to schedule network c1db7ab9-3fc2-47b9-8d58-5dccefd0219f: no agents available; will retry on subsequent port and subnet creation events.
2026-06-16 05:10:14.593 8 INFO neutron.db.ovn_revision_numbers_db [None req-9b080599-4e99-4795-8735-7aaf7faace9f 0485af14b5b54b71b4f7f987ad995545 2d5acbb5cee842c38545247ca6ac6b38 - - default default] Successfully bumped revision number for resource 158cb4d9-3b82-4828-a20a-42f6f307e3bc (type: ports) to 1
2026-06-16 05:10:14.597 7 INFO neutron.plugins.ml2.drivers.ovn.mech_driver.mech_driver [None req-a060f2f4-8159-4b28-9292-20f3147bed66 - - - - - -] OVN reports status down for port: 158cb4d9-3b82-4828-a20a-42f6f307e3bc [pid: 8|app: 0|req: 1066/2062] 10.0.0.25 () {34 vars in 664 bytes} [Tue Jun 16 05:10:14 2026] POST /v2.0/ports => generated 964 bytes in 411 msecs (HTTP/1.1 201) 4 headers in 162 bytes (1 switches on core 0) /var/lib/openstack/lib/python3.12/site-packages/pycadf/identifier.py:70: UserWarning: Invalid uuid: neutron. To ensure interoperability, identifiers should be a valid uuid. warnings.warn(('Invalid uuid: %s. To ensure interoperability, ' [pid: 8|app: 0|req: 1067/2063] 10.0.0.25 () {32 vars in 646 bytes} [Tue Jun 16 05:10:14 2026] GET /v2.0/subnets => generated 649 bytes in 27 msecs (HTTP/1.1 200) 4 headers in 157 bytes (1 switches on core 0)
2026-06-16 05:10:14.659 8 WARNING neutron.api.v2.base [None req-5c76d184-954c-4093-8ebf-6e62c93dbf34 70b3332efe71414c9a4cf031646091ae 720fd48b4c534764bc9827d9baad228f - - default default] An exception happened while processing the request body. The exception message is [Failed to parse request. Required attribute 'peer_id' not specified].: webob.exc.HTTPBadRequest: Failed to parse request. Required attribute 'peer_id' not specified
2026-06-16 05:10:14.660 8 INFO neutron.api.v2.resource [None req-5c76d184-954c-4093-8ebf-6e62c93dbf34 70b3332efe71414c9a4cf031646091ae 720fd48b4c534764bc9827d9baad228f - - default default] create failed (client error): Failed to parse request. Required attribute 'peer_id' not specified [pid: 8|app: 0|req: 1068/2064] 10.0.0.25 () {34 vars in 706 bytes} [Tue Jun 16 05:10:14 2026] POST /v2.0/vpn/ipsec-site-connections => generated 140 bytes in 8 msecs (HTTP/1.1 400) 4 headers in 166 bytes (1 switches on core 0)
2026-06-16 05:10:14.684 7 INFO neutron.plugins.ml2.drivers.ovn.mech_driver.ovsdb.commands [None req-fd5b81a1-5703-4cc8-a1b8-991fc7480105 - - - - - -] Schedule LRP lrp-0edd46c6-de41-4979-a7ca-082a337f241d on gateway f68b4d49-278e-480c-9f18-dfdeead28e54 with priority 1
2026-06-16 05:10:14.784 7 INFO neutron.plugins.ml2.drivers.ovn.mech_driver.mech_driver [None req-a060f2f4-8159-4b28-9292-20f3147bed66 - - - - - -] OVN reports status up for port: 0edd46c6-de41-4979-a7ca-082a337f241d
2026-06-16 05:10:14.804 7 INFO neutron.plugins.ml2.plugin [None req-a060f2f4-8159-4b28-9292-20f3147bed66 - - - - - -] Attempt 1 to provision port 0edd46c6-de41-4979-a7ca-082a337f241d
2026-06-16 05:10:14.806 8 INFO neutron.plugins.ml2.drivers.ovn.mech_driver.ovsdb.ovsdb_monitor [None req-bd2ad3a7-53be-47c5-a8ab-ee2c3433e6d9 - - - - - -] Router ac8f0c41-a545-429f-8026-55d47e702af1 is bound to host instance
2026-06-16 05:10:14.828 7 INFO neutron.db.ovn_revision_numbers_db [None req-731ad0da-b31d-4fb4-a382-bce241d6e7f6 9d423ad161f64bd5af7049c6d3e7f199 e67e4557c86c41d2b0e3c15eac3c6629 - - default default] Successfully bumped revision number for resource 0edd46c6-de41-4979-a7ca-082a337f241d (type: router_ports) to 1
2026-06-16 05:10:14.941 7 INFO neutron.db.ovn_revision_numbers_db [None req-731ad0da-b31d-4fb4-a382-bce241d6e7f6 9d423ad161f64bd5af7049c6d3e7f199 e67e4557c86c41d2b0e3c15eac3c6629 - - default default] Successfully bumped revision number for resource ac8f0c41-a545-429f-8026-55d47e702af1 (type: routers) to 2 [pid: 7|app: 0|req: 997/2065] 10.0.0.25 () {34 vars in 668 bytes} [Tue Jun 16 05:10:13 2026] POST /v2.0/routers => generated 966 bytes in 1609 msecs (HTTP/1.1 201) 4 headers in 162 bytes (1 switches on core 0)
2026-06-16 05:10:15.084 7 INFO neutron_taas.services.taas.taas_plugin [None req-bcab892a-8993-4fe5-8ebd-2db2efbae52c a2588e1298aa436dbee51c5d7b9897ff fddb9ede8c584b3e9e531af1d8448e67 - - default default] TaaS: Handle Delete Port: f021b6c6-5a6a-4b7c-9a22-f34bb523e185
2026-06-16 05:10:15.086 7 INFO neutron_taas.services.taas.tap_mirror_plugin [None req-bcab892a-8993-4fe5-8ebd-2db2efbae52c a2588e1298aa436dbee51c5d7b9897ff fddb9ede8c584b3e9e531af1d8448e67 - - default default] Tap Mirror: Handle Delete Port: f021b6c6-5a6a-4b7c-9a22-f34bb523e185
2026-06-16 05:10:15.256 7 INFO neutron.services.segments.plugin [-] Segment bd4da423-aec4-4bc1-9557-8cf709343525 resource provider aggregate not found
2026-06-16 05:10:15.267 7 INFO neutron.services.segments.plugin [-] Segment bd4da423-aec4-4bc1-9557-8cf709343525 resource provider aggregate not found
2026-06-16 05:10:15.285 7 INFO neutron.services.segments.plugin [-] Segment bd4da423-aec4-4bc1-9557-8cf709343525 resource provider not found; error: Placement Client Error (4xx): {"errors": [{"status": 404, "title": "Not Found", "detail": "The resource could not be found.\n\n No resource provider with uuid bd4da423-aec4-4bc1-9557-8cf709343525 found for delete ", "request_id": "req-c0098902-0aca-4887-9930-5e40bd18ffd1"}]}
2026-06-16 05:10:15.287 7 INFO neutron.services.segments.plugin [-] Segment bd4da423-aec4-4bc1-9557-8cf709343525 resource provider not found; error: Placement Client Error (4xx): {"errors": [{"status": 404, "title": "Not Found", "detail": "The resource could not be found.\n\n No resource provider with uuid bd4da423-aec4-4bc1-9557-8cf709343525 found for delete ", "request_id": "req-39b32a4b-f325-4275-8588-445319e100c1"}]} [pid: 7|app: 0|req: 998/2066] 10.0.0.25 () {32 vars in 725 bytes} [Tue Jun 16 05:10:14 2026] DELETE /v2.0/networks/49195185-7a67-4d16-b663-b8e975e21fc3 => generated 0 bytes in 361 msecs (HTTP/1.1 204) 3 headers in 131 bytes (1 switches on core 0) [pid: 7|app: 0|req: 999/2067] 10.0.0.25 () {32 vars in 670 bytes} [Tue Jun 16 05:10:15 2026] GET /v2.0/vpn/endpoint-groups => generated 914 bytes in 10 msecs (HTTP/1.1 200) 4 headers in 157 bytes (1 switches on core 0)
2026-06-16 05:10:15.558 8 INFO neutron.db.ovn_revision_numbers_db [None req-f37d74be-4234-4e61-bbc2-b692b925b44e 0485af14b5b54b71b4f7f987ad995545 2d5acbb5cee842c38545247ca6ac6b38 - - default default] Successfully bumped revision number for resource 158cb4d9-3b82-4828-a20a-42f6f307e3bc (type: ports) to 2
2026-06-16 05:10:15.781 7 WARNING neutron.scheduler.dhcp_agent_scheduler [None req-650bb715-1fb9-479f-9056-6bef5040cabd 9d423ad161f64bd5af7049c6d3e7f199 e67e4557c86c41d2b0e3c15eac3c6629 - - default default] No more DHCP agents
2026-06-16 05:10:15.783 7 WARNING neutron.api.rpc.agentnotifiers.dhcp_rpc_agent_api [None req-650bb715-1fb9-479f-9056-6bef5040cabd 9d423ad161f64bd5af7049c6d3e7f199 e67e4557c86c41d2b0e3c15eac3c6629 - - default default] Unable to schedule network a931b9bf-b4be-4575-80d1-1c59bb42be4b: no agents available; will retry on subsequent port and subnet creation events.
2026-06-16 05:10:15.938 7 INFO neutron.db.ovn_revision_numbers_db [None req-650bb715-1fb9-479f-9056-6bef5040cabd 9d423ad161f64bd5af7049c6d3e7f199 e67e4557c86c41d2b0e3c15eac3c6629 - - default default] Successfully bumped revision number for resource 4b351e60-12b7-40c3-804b-ba7f6a0cb045 (type: ports) to 1
2026-06-16 05:10:16.588 7 WARNING neutron.scheduler.dhcp_agent_scheduler [None req-650bb715-1fb9-479f-9056-6bef5040cabd 9d423ad161f64bd5af7049c6d3e7f199 e67e4557c86c41d2b0e3c15eac3c6629 - - default default] No more DHCP agents
2026-06-16 05:10:16.589 7 WARNING neutron.api.rpc.agentnotifiers.dhcp_rpc_agent_api [None req-650bb715-1fb9-479f-9056-6bef5040cabd 9d423ad161f64bd5af7049c6d3e7f199 e67e4557c86c41d2b0e3c15eac3c6629 - - default default] Unable to schedule network a931b9bf-b4be-4575-80d1-1c59bb42be4b: no agents available; will retry on subsequent port and subnet creation events.
2026-06-16 05:10:16.625 8 INFO neutron.plugins.ml2.drivers.ovn.mech_driver.mech_driver [None req-ebc7b50b-d7ef-47fd-b66b-06825b9ddb95 - - - - - -] OVN reports status down for port: 4b351e60-12b7-40c3-804b-ba7f6a0cb045
2026-06-16 05:10:16.882 8 WARNING neutron.plugins.ml2.drivers.ovn.mech_driver.ovsdb.ovn_client [None req-ebc7b50b-d7ef-47fd-b66b-06825b9ddb95 - - - - - -] Logical_Switch_Port %s host information not removed, the port state is up
2026-06-16 05:10:16.883 8 INFO neutron.plugins.ml2.drivers.ovn.mech_driver.mech_driver [None req-ebc7b50b-d7ef-47fd-b66b-06825b9ddb95 - - - - - -] OVN reports status up for port: 4b351e60-12b7-40c3-804b-ba7f6a0cb045
2026-06-16 05:10:16.919 8 INFO neutron.plugins.ml2.plugin [None req-ebc7b50b-d7ef-47fd-b66b-06825b9ddb95 - - - - - -] Attempt 1 to provision port 4b351e60-12b7-40c3-804b-ba7f6a0cb045
2026-06-16 05:10:17.102 7 INFO neutron.db.ovn_revision_numbers_db [None req-650bb715-1fb9-479f-9056-6bef5040cabd 9d423ad161f64bd5af7049c6d3e7f199 e67e4557c86c41d2b0e3c15eac3c6629 - - default default] Successfully bumped revision number for resource 4b351e60-12b7-40c3-804b-ba7f6a0cb045 (type: router_ports) to 1 [pid: 7|app: 0|req: 1000/2068] 10.0.0.25 () {34 vars in 782 bytes} [Tue Jun 16 05:10:15 2026] PUT /v2.0/routers/ac8f0c41-a545-429f-8026-55d47e702af1/add_router_interface => generated 309 bytes in 1776 msecs (HTTP/1.1 200) 4 headers in 157 bytes (1 switches on core 0)
2026-06-16 05:10:17.230 7 INFO neutron_taas.services.taas.taas_plugin [None req-5e9d8bfb-841f-4bcb-90ae-b8e553714799 a2588e1298aa436dbee51c5d7b9897ff fddb9ede8c584b3e9e531af1d8448e67 - - default default] TaaS: Handle Delete Port: 3e2bd66c-a1f4-4253-b056-d540b6851d57
2026-06-16 05:10:17.233 7 INFO neutron_taas.services.taas.tap_mirror_plugin [None req-5e9d8bfb-841f-4bcb-90ae-b8e553714799 a2588e1298aa436dbee51c5d7b9897ff fddb9ede8c584b3e9e531af1d8448e67 - - default default] Tap Mirror: Handle Delete Port: 3e2bd66c-a1f4-4253-b056-d540b6851d57
2026-06-16 05:10:17.410 7 INFO neutron.services.segments.plugin [-] Segment 18c3d000-91cc-4e7b-8fb8-dca8abebc54f resource provider aggregate not found
2026-06-16 05:10:17.416 7 INFO neutron.services.segments.plugin [-] Segment 18c3d000-91cc-4e7b-8fb8-dca8abebc54f resource provider aggregate not found
2026-06-16 05:10:17.429 7 INFO neutron.services.segments.plugin [-] Segment 18c3d000-91cc-4e7b-8fb8-dca8abebc54f resource provider not found; error: Placement Client Error (4xx): {"errors": [{"status": 404, "title": "Not Found", "detail": "The resource could not be found.\n\n No resource provider with uuid 18c3d000-91cc-4e7b-8fb8-dca8abebc54f found for delete ", "request_id": "req-7fcad81f-68eb-456c-8721-8f80c71ec256"}]}
2026-06-16 05:10:17.444 7 INFO neutron.services.segments.plugin [-] Segment 18c3d000-91cc-4e7b-8fb8-dca8abebc54f resource provider not found; error: Placement Client Error (4xx): {"errors": [{"status": 404, "title": "Not Found", "detail": "The resource could not be found.\n\n No resource provider with uuid 18c3d000-91cc-4e7b-8fb8-dca8abebc54f found for delete ", "request_id": "req-ea40e261-0d49-4a7f-afff-410985dc1ea1"}]} [pid: 7|app: 0|req: 1001/2069] 10.0.0.25 () {32 vars in 725 bytes} [Tue Jun 16 05:10:17 2026] DELETE /v2.0/networks/0240c8a0-9fba-4195-9b4a-3f77766b43f8 => generated 0 bytes in 343 msecs (HTTP/1.1 204) 3 headers in 131 bytes (1 switches on core 0) [pid: 7|app: 0|req: 1002/2070] 10.0.0.25 () {32 vars in 747 bytes} [Tue Jun 16 05:10:17 2026] DELETE /v2.0/vpn/endpoint-groups/85c3414c-0abf-4bbf-b10f-13777639c065 => generated 0 bytes in 22 msecs (HTTP/1.1 204) 2 headers in 112 bytes (1 switches on core 0)
2026-06-16 05:10:17.554 7 INFO neutron.plugins.ml2.drivers.ovn.mech_driver.mech_driver [None req-a060f2f4-8159-4b28-9292-20f3147bed66 - - - - - -] OVN reports status up for port: 158cb4d9-3b82-4828-a20a-42f6f307e3bc
2026-06-16 05:10:17.576 7 INFO neutron.plugins.ml2.plugin [None req-a060f2f4-8159-4b28-9292-20f3147bed66 - - - - - -] Attempt 1 to provision port 158cb4d9-3b82-4828-a20a-42f6f307e3bc
2026-06-16 05:10:17.700 7 INFO neutron_taas.services.taas.taas_plugin [None req-c8a86e7c-0fbc-45a1-a558-b5a3b7a24758 a2588e1298aa436dbee51c5d7b9897ff fddb9ede8c584b3e9e531af1d8448e67 - - default default] TaaS: Handle Delete Port: 1dbd9c03-7ca6-423d-9447-b3d47465e15a
2026-06-16 05:10:17.712 7 INFO neutron_taas.services.taas.tap_mirror_plugin [None req-c8a86e7c-0fbc-45a1-a558-b5a3b7a24758 a2588e1298aa436dbee51c5d7b9897ff fddb9ede8c584b3e9e531af1d8448e67 - - default default] Tap Mirror: Handle Delete Port: 1dbd9c03-7ca6-423d-9447-b3d47465e15a
2026-06-16 05:10:17.863 8 INFO neutron.db.ovn_revision_numbers_db [None req-35f7b15a-cf43-4ad3-8f80-3ca47f2f1274 - - - - - -] Successfully bumped revision number for resource 0edd46c6-de41-4979-a7ca-082a337f241d (type: ports) to 4
2026-06-16 05:10:18.074 8 WARNING neutron.scheduler.dhcp_agent_scheduler [None req-f37d74be-4234-4e61-bbc2-b692b925b44e 0485af14b5b54b71b4f7f987ad995545 2d5acbb5cee842c38545247ca6ac6b38 - - default default] No more DHCP agents
2026-06-16 05:10:18.081 8 WARNING neutron.api.rpc.agentnotifiers.dhcp_rpc_agent_api [None req-f37d74be-4234-4e61-bbc2-b692b925b44e 0485af14b5b54b71b4f7f987ad995545 2d5acbb5cee842c38545247ca6ac6b38 - - default default] Unable to schedule network c1db7ab9-3fc2-47b9-8d58-5dccefd0219f: no agents available; will retry on subsequent port and subnet creation events.
2026-06-16 05:10:18.184 7 INFO neutron.db.ovn_revision_numbers_db [None req-a060f2f4-8159-4b28-9292-20f3147bed66 - - - - - -] Successfully bumped revision number for resource 158cb4d9-3b82-4828-a20a-42f6f307e3bc (type: ports) to 3 [pid: 7|app: 0|req: 1003/2071] 10.0.0.25 () {32 vars in 725 bytes} [Tue Jun 16 05:10:17 2026] DELETE /v2.0/networks/bf301e62-90db-4323-8340-f8883cf5a104 => generated 0 bytes in 726 msecs (HTTP/1.1 204) 3 headers in 131 bytes (1 switches on core 0) [pid: 7|app: 0|req: 1004/2072] 10.0.0.25 () {32 vars in 670 bytes} [Tue Jun 16 05:10:18 2026] GET /v2.0/vpn/endpoint-groups => generated 632 bytes in 23 msecs (HTTP/1.1 200) 4 headers in 157 bytes (1 switches on core 0)
2026-06-16 05:10:18.409 7 INFO neutron.db.ovn_revision_numbers_db [None req-387a8f2e-6ff8-4e05-947e-f41f37538006 9d423ad161f64bd5af7049c6d3e7f199 e67e4557c86c41d2b0e3c15eac3c6629 - - default default] Successfully bumped revision number for resource 34881f08-43e2-4918-a609-8ef12d640eb3 (type: security_groups) to 1
2026-06-16 05:10:18.421 7 INFO neutron.db.ovn_revision_numbers_db [None req-387a8f2e-6ff8-4e05-947e-f41f37538006 9d423ad161f64bd5af7049c6d3e7f199 e67e4557c86c41d2b0e3c15eac3c6629 - - default default] Successfully bumped revision number for resource 46a27cf3-c041-4b13-847d-22955a3d0665 (type: security_group_rules) to 0
