2026-06-16 05:09:40.236 8 WARNING neutron.api.rpc.agentnotifiers.dhcp_rpc_agent_api [None req-bea5998a-d27f-4c86-8075-7c01d4f330d0 443968380e764a77bb662c1546b5dc88 18669644b2ca4c328fe450f578252780 - - default default] Unable to schedule network 03f5069c-60ce-445c-ba8a-8621814b17ba: no agents available; will retry on subsequent port and subnet creation events.
2026-06-16 05:09:40.404 8 INFO neutron.db.ovn_revision_numbers_db [None req-bea5998a-d27f-4c86-8075-7c01d4f330d0 443968380e764a77bb662c1546b5dc88 18669644b2ca4c328fe450f578252780 - - default default] Successfully bumped revision number for resource 9b99f6f6-a29d-4f82-a77f-908a643b4371 (type: ports) to 1
2026-06-16 05:09:40.440 7 INFO neutron.plugins.ml2.drivers.ovn.mech_driver.mech_driver [None req-07d553fa-d3ba-4082-8670-133e3b56bc49 - - - - - -] OVN reports status down for port: 9b99f6f6-a29d-4f82-a77f-908a643b4371 [pid: 8|app: 0|req: 854/1791] 10.0.0.25 () {34 vars in 664 bytes} [Tue Jun 16 05:09:39 2026] POST /v2.0/ports => generated 950 bytes in 504 msecs (HTTP/1.1 201) 4 headers in 162 bytes (1 switches on core 0) /var/lib/openstack/lib/python3.12/site-packages/pycadf/identifier.py:70: UserWarning: Invalid uuid: neutron. To ensure interoperability, identifiers should be a valid uuid. warnings.warn(('Invalid uuid: %s. To ensure interoperability, ' [pid: 8|app: 0|req: 855/1792] 199.204.45.227 () {34 vars in 986 bytes} [Tue Jun 16 05:09:40 2026] GET /v2.0/networks?id=38d44ed9-f8b1-4b1a-b293-80e328c3261e => generated 798 bytes in 43 msecs (HTTP/1.1 200) 4 headers in 157 bytes (1 switches on core 0)
2026-06-16 05:09:40.682 7 WARNING neutron.scheduler.dhcp_agent_scheduler [None req-508b2bc9-88be-428e-bec7-ae3ba5c014ed 70b3332efe71414c9a4cf031646091ae 720fd48b4c534764bc9827d9baad228f - - default default] No more DHCP agents
2026-06-16 05:09:40.683 7 WARNING neutron.api.rpc.agentnotifiers.dhcp_rpc_agent_api [None req-508b2bc9-88be-428e-bec7-ae3ba5c014ed 70b3332efe71414c9a4cf031646091ae 720fd48b4c534764bc9827d9baad228f - - default default] Unable to schedule network f272fcf8-4859-439e-8048-01aaff16cbb6: no agents available; will retry on subsequent port and subnet creation events.
2026-06-16 05:09:40.692 8 INFO neutron_taas.services.taas.taas_plugin [None req-8f825198-73b9-4deb-9332-4b101480e010 443968380e764a77bb662c1546b5dc88 18669644b2ca4c328fe450f578252780 - - default default] TaaS: Handle Delete Port: 9b99f6f6-a29d-4f82-a77f-908a643b4371
2026-06-16 05:09:40.694 8 INFO neutron_taas.services.taas.tap_mirror_plugin [None req-8f825198-73b9-4deb-9332-4b101480e010 443968380e764a77bb662c1546b5dc88 18669644b2ca4c328fe450f578252780 - - default default] Tap Mirror: Handle Delete Port: 9b99f6f6-a29d-4f82-a77f-908a643b4371
2026-06-16 05:09:40.809 7 INFO neutron.plugins.ml2.drivers.ovn.mech_driver.mech_driver [None req-07d553fa-d3ba-4082-8670-133e3b56bc49 - - - - - -] OVN reports status down for port: 3d2e55f8-24b3-4a13-a477-df6fa20a30c3 [pid: 8|app: 0|req: 856/1793] 10.0.0.25 () {32 vars in 719 bytes} [Tue Jun 16 05:09:40 2026] DELETE /v2.0/ports/9b99f6f6-a29d-4f82-a77f-908a643b4371 => generated 0 bytes in 346 msecs (HTTP/1.1 204) 3 headers in 131 bytes (1 switches on core 0) [pid: 8|app: 0|req: 857/1794] 199.204.45.227 () {34 vars in 1058 bytes} [Tue Jun 16 05:09:40 2026] GET /v2.0/floatingips?fixed_ip_address=10.100.0.8&port_id=1a6f5b21-7dd5-40a8-b9ff-290c776c34ea => generated 860 bytes in 38 msecs (HTTP/1.1 200) 4 headers in 157 bytes (1 switches on core 0)
2026-06-16 05:09:40.917 8 INFO neutron.pecan_wsgi.hooks.translation [None req-1988c03f-0618-43ac-a7e7-3f29b5a28835 443968380e764a77bb662c1546b5dc88 18669644b2ca4c328fe450f578252780 - - default default] DELETE failed (client error): The resource could not be found. [pid: 8|app: 0|req: 858/1795] 10.0.0.25 () {32 vars in 719 bytes} [Tue Jun 16 05:09:40 2026] DELETE /v2.0/ports/9b99f6f6-a29d-4f82-a77f-908a643b4371 => generated 132 bytes in 18 msecs (HTTP/1.1 404) 4 headers in 164 bytes (1 switches on core 0)
2026-06-16 05:09:40.933 7 INFO neutron.db.ovn_revision_numbers_db [None req-508b2bc9-88be-428e-bec7-ae3ba5c014ed 70b3332efe71414c9a4cf031646091ae 720fd48b4c534764bc9827d9baad228f - - default default] Successfully bumped revision number for resource 3d2e55f8-24b3-4a13-a477-df6fa20a30c3 (type: ports) to 1 [pid: 8|app: 0|req: 859/1796] 199.204.45.227 () {34 vars in 984 bytes} [Tue Jun 16 05:09:40 2026] GET /v2.0/subnets?id=5f42f79a-0e7b-44ee-bacd-c6b0e4c667bd => generated 678 bytes in 28 msecs (HTTP/1.1 200) 4 headers in 157 bytes (1 switches on core 0)
2026-06-16 05:09:40.962 8 INFO neutron.pecan_wsgi.hooks.translation [None req-96331f1b-7165-48c2-af64-90de6c7f727c 443968380e764a77bb662c1546b5dc88 18669644b2ca4c328fe450f578252780 - - default default] GET failed (client error): The resource could not be found. [pid: 8|app: 0|req: 860/1797] 10.0.0.25 () {32 vars in 716 bytes} [Tue Jun 16 05:09:40 2026] GET /v2.0/ports/9b99f6f6-a29d-4f82-a77f-908a643b4371 => generated 132 bytes in 14 msecs (HTTP/1.1 404) 4 headers in 164 bytes (1 switches on core 0) [pid: 8|app: 0|req: 861/1798] 199.204.45.227 () {34 vars in 1052 bytes} [Tue Jun 16 05:09:40 2026] GET /v2.0/ports?network_id=38d44ed9-f8b1-4b1a-b293-80e328c3261e&device_owner=network%3Adhcp => generated 12 bytes in 17 msecs (HTTP/1.1 200) 4 headers in 156 bytes (1 switches on core 0) [pid: 8|app: 0|req: 862/1799] 10.0.0.25 () {32 vars in 723 bytes} [Tue Jun 16 05:09:40 2026] DELETE /v2.0/subnets/3619b2c5-c802-4899-8d2e-cae1a80b53b2 => generated 0 bytes in 205 msecs (HTTP/1.1 204) 3 headers in 131 bytes (1 switches on core 0) [pid: 8|app: 0|req: 863/1800] 199.204.45.227 () {34 vars in 1012 bytes} [Tue Jun 16 05:09:41 2026] GET /v2.0/networks/38d44ed9-f8b1-4b1a-b293-80e328c3261e?fields=segments => generated 14 bytes in 38 msecs (HTTP/1.1 200) 4 headers in 156 bytes (1 switches on core 0)
2026-06-16 05:09:41.372 8 INFO neutron_taas.services.taas.taas_plugin [None req-7a5b002b-eea9-44f9-b390-f99264c0f4b9 443968380e764a77bb662c1546b5dc88 18669644b2ca4c328fe450f578252780 - - default default] TaaS: Handle Delete Port: 6ca9cc57-eeda-4712-ab2d-393f75c76eff
2026-06-16 05:09:41.375 8 INFO neutron_taas.services.taas.tap_mirror_plugin [None req-7a5b002b-eea9-44f9-b390-f99264c0f4b9 443968380e764a77bb662c1546b5dc88 18669644b2ca4c328fe450f578252780 - - default default] Tap Mirror: Handle Delete Port: 6ca9cc57-eeda-4712-ab2d-393f75c76eff
2026-06-16 05:09:41.586 8 INFO neutron.services.segments.plugin [-] Segment e330ef55-2fff-4a90-8c2e-10803092b5da resource provider aggregate not found
2026-06-16 05:09:41.596 8 INFO neutron.services.segments.plugin [-] Segment e330ef55-2fff-4a90-8c2e-10803092b5da resource provider aggregate not found
2026-06-16 05:09:41.618 8 INFO neutron.services.segments.plugin [-] Segment e330ef55-2fff-4a90-8c2e-10803092b5da resource provider not found; error: Placement Client Error (4xx): {"errors": [{"status": 404, "title": "Not Found", "detail": "The resource could not be found.\n\n No resource provider with uuid e330ef55-2fff-4a90-8c2e-10803092b5da found for delete ", "request_id": "req-b53c511f-7347-46fc-a04e-5cadf643f230"}]}
2026-06-16 05:09:41.630 8 INFO neutron.services.segments.plugin [-] Segment e330ef55-2fff-4a90-8c2e-10803092b5da resource provider not found; error: Placement Client Error (4xx): {"errors": [{"status": 404, "title": "Not Found", "detail": "The resource could not be found.\n\n No resource provider with uuid e330ef55-2fff-4a90-8c2e-10803092b5da found for delete ", "request_id": "req-08f93d88-0e49-43ee-860b-8a0fadc09a54"}]} [pid: 8|app: 0|req: 864/1801] 10.0.0.25 () {32 vars in 725 bytes} [Tue Jun 16 05:09:41 2026] DELETE /v2.0/networks/03f5069c-60ce-445c-ba8a-8621814b17ba => generated 0 bytes in 427 msecs (HTTP/1.1 204) 3 headers in 131 bytes (1 switches on core 0) [pid: 8|app: 0|req: 865/1802] 199.204.45.227 () {34 vars in 1112 bytes} [Tue Jun 16 05:09:41 2026] GET /v2.0/networks/38d44ed9-f8b1-4b1a-b293-80e328c3261e?fields=provider%3Aphysical_network&fields=provider%3Anetwork_type => generated 79 bytes in 38 msecs (HTTP/1.1 200) 4 headers in 156 bytes (1 switches on core 0)
2026-06-16 05:09:41.720 7 INFO neutron.plugins.ml2.drivers.ovn.mech_driver.mech_driver [None req-07d553fa-d3ba-4082-8670-133e3b56bc49 - - - - - -] OVN reports status up for port: 3d2e55f8-24b3-4a13-a477-df6fa20a30c3
2026-06-16 05:09:41.749 7 INFO neutron.plugins.ml2.plugin [None req-07d553fa-d3ba-4082-8670-133e3b56bc49 - - - - - -] Attempt 1 to provision port 3d2e55f8-24b3-4a13-a477-df6fa20a30c3
2026-06-16 05:09:41.787 8 INFO neutron.db.segments_db [None req-16be336c-748b-48ac-bbfd-11e3295ad407 443968380e764a77bb662c1546b5dc88 18669644b2ca4c328fe450f578252780 - - default default] Added segment c37d9ec6-acd8-4628-8706-93913bd88238 of type geneve for network 854900c7-8019-491e-93c7-a374a72303e8
2026-06-16 05:09:41.931 8 INFO neutron.db.ovn_revision_numbers_db [None req-16be336c-748b-48ac-bbfd-11e3295ad407 443968380e764a77bb662c1546b5dc88 18669644b2ca4c328fe450f578252780 - - default default] Successfully bumped revision number for resource 854900c7-8019-491e-93c7-a374a72303e8 (type: networks) to 1
2026-06-16 05:09:41.942 7 WARNING neutron.scheduler.dhcp_agent_scheduler [None req-508b2bc9-88be-428e-bec7-ae3ba5c014ed 70b3332efe71414c9a4cf031646091ae 720fd48b4c534764bc9827d9baad228f - - default default] No more DHCP agents
2026-06-16 05:09:41.950 7 WARNING neutron.api.rpc.agentnotifiers.dhcp_rpc_agent_api [None req-508b2bc9-88be-428e-bec7-ae3ba5c014ed 70b3332efe71414c9a4cf031646091ae 720fd48b4c534764bc9827d9baad228f - - default default] Unable to schedule network f272fcf8-4859-439e-8048-01aaff16cbb6: no agents available; will retry on subsequent port and subnet creation events.
2026-06-16 05:09:42.165 8 WARNING neutron.scheduler.dhcp_agent_scheduler [None req-16be336c-748b-48ac-bbfd-11e3295ad407 443968380e764a77bb662c1546b5dc88 18669644b2ca4c328fe450f578252780 - - default default] No more DHCP agents
2026-06-16 05:09:42.167 8 WARNING neutron.api.rpc.agentnotifiers.dhcp_rpc_agent_api [None req-16be336c-748b-48ac-bbfd-11e3295ad407 443968380e764a77bb662c1546b5dc88 18669644b2ca4c328fe450f578252780 - - default default] Unable to schedule network 854900c7-8019-491e-93c7-a374a72303e8: no agents available; will retry on subsequent port and subnet creation events.
2026-06-16 05:09:42.265 8 INFO neutron.db.ovn_revision_numbers_db [None req-16be336c-748b-48ac-bbfd-11e3295ad407 443968380e764a77bb662c1546b5dc88 18669644b2ca4c328fe450f578252780 - - default default] Successfully bumped revision number for resource 506c530f-ef46-4e59-9e77-63443fc73550 (type: ports) to 1 [pid: 8|app: 0|req: 866/1803] 10.0.0.25 () {34 vars in 669 bytes} [Tue Jun 16 05:09:41 2026] POST /v2.0/networks => generated 651 bytes in 602 msecs (HTTP/1.1 201) 4 headers in 162 bytes (1 switches on core 0)
2026-06-16 05:09:42.495 8 WARNING neutron.scheduler.dhcp_agent_scheduler [None req-0ad67122-8f11-4045-ab3b-a89bfb23711e 443968380e764a77bb662c1546b5dc88 18669644b2ca4c328fe450f578252780 - - default default] No more DHCP agents
2026-06-16 05:09:42.496 8 WARNING neutron.api.rpc.agentnotifiers.dhcp_rpc_agent_api [None req-0ad67122-8f11-4045-ab3b-a89bfb23711e 443968380e764a77bb662c1546b5dc88 18669644b2ca4c328fe450f578252780 - - default default] Unable to schedule network 854900c7-8019-491e-93c7-a374a72303e8: no agents available; will retry on subsequent port and subnet creation events.
2026-06-16 05:09:42.583 7 INFO neutron.db.ovn_revision_numbers_db [None req-07d553fa-d3ba-4082-8670-133e3b56bc49 - - - - - -] Successfully bumped revision number for resource 3d2e55f8-24b3-4a13-a477-df6fa20a30c3 (type: ports) to 2
2026-06-16 05:09:42.796 7 INFO neutron.db.ovn_revision_numbers_db [None req-508b2bc9-88be-428e-bec7-ae3ba5c014ed 70b3332efe71414c9a4cf031646091ae 720fd48b4c534764bc9827d9baad228f - - default default] Successfully bumped revision number for resource 3d2e55f8-24b3-4a13-a477-df6fa20a30c3 (type: router_ports) to 1 [pid: 7|app: 0|req: 938/1804] 10.0.0.25 () {34 vars in 782 bytes} [Tue Jun 16 05:09:39 2026] PUT /v2.0/routers/2085a4fc-02c3-4865-afce-900c91ba91b4/add_router_interface => generated 309 bytes in 2834 msecs (HTTP/1.1 200) 4 headers in 157 bytes (1 switches on core 0)
2026-06-16 05:09:43.061 8 INFO neutron.db.ovn_revision_numbers_db [None req-b7d7cfcf-6317-4ca3-b8bf-e384a4cc0c90 - - - - - -] Successfully bumped revision number for resource 506c530f-ef46-4e59-9e77-63443fc73550 (type: ports) to 2
2026-06-16 05:09:43.088 8 INFO neutron.db.ovn_revision_numbers_db [None req-b7d7cfcf-6317-4ca3-b8bf-e384a4cc0c90 - - - - - -] Successfully bumped revision number for resource 53643bce-9ea0-44f2-8951-67ac9fd2af33 (type: subnets) to 0 [pid: 8|app: 0|req: 867/1805] 10.0.0.25 () {34 vars in 668 bytes} [Tue Jun 16 05:09:42 2026] POST /v2.0/subnets => generated 626 bytes in 807 msecs (HTTP/1.1 201) 4 headers in 162 bytes (1 switches on core 0)
2026-06-16 05:09:43.365 8 WARNING neutron.scheduler.dhcp_agent_scheduler [None req-b0cbe6bd-5a93-44e8-b6f2-5793be2fe48e 443968380e764a77bb662c1546b5dc88 18669644b2ca4c328fe450f578252780 - - default default] No more DHCP agents
2026-06-16 05:09:43.367 8 WARNING neutron.api.rpc.agentnotifiers.dhcp_rpc_agent_api [None req-b0cbe6bd-5a93-44e8-b6f2-5793be2fe48e 443968380e764a77bb662c1546b5dc88 18669644b2ca4c328fe450f578252780 - - default default] Unable to schedule network 854900c7-8019-491e-93c7-a374a72303e8: no agents available; will retry on subsequent port and subnet creation events.
2026-06-16 05:09:43.512 7 WARNING neutron.scheduler.dhcp_agent_scheduler [None req-31b0989a-e78e-44de-ac2e-0a9f4e9add09 - - - - - -] No more DHCP agents
2026-06-16 05:09:43.514 7 WARNING neutron.api.rpc.agentnotifiers.dhcp_rpc_agent_api [None req-31b0989a-e78e-44de-ac2e-0a9f4e9add09 - - - - - -] Unable to schedule network 8fe44544-c636-4f8e-82dd-60d35822db4e: no agents available; will retry on subsequent port and subnet creation events.
2026-06-16 05:09:43.523 8 INFO neutron.db.ovn_revision_numbers_db [None req-b0cbe6bd-5a93-44e8-b6f2-5793be2fe48e 443968380e764a77bb662c1546b5dc88 18669644b2ca4c328fe450f578252780 - - default default] Successfully bumped revision number for resource b21dbd7a-f7fc-4aa1-b82c-3c6ae27bad63 (type: ports) to 1 [pid: 8|app: 0|req: 868/1806] 10.0.0.25 () {34 vars in 664 bytes} [Tue Jun 16 05:09:43 2026] POST /v2.0/ports => generated 911 bytes in 437 msecs (HTTP/1.1 201) 4 headers in 162 bytes (1 switches on core 0)
2026-06-16 05:09:43.678 7 INFO neutron.db.ovn_revision_numbers_db [None req-31b0989a-e78e-44de-ac2e-0a9f4e9add09 - - - - - -] Successfully bumped revision number for resource 29c57076-a0f6-456e-a22e-cd738c5750f0 (type: ports) to 1
2026-06-16 05:09:43.729 8 INFO neutron_taas.services.taas.taas_plugin [None req-256f8934-6f14-4ca9-872b-a322ce71b257 443968380e764a77bb662c1546b5dc88 18669644b2ca4c328fe450f578252780 - - default default] TaaS: Handle Delete Port: b21dbd7a-f7fc-4aa1-b82c-3c6ae27bad63
2026-06-16 05:09:43.733 8 INFO neutron_taas.services.taas.tap_mirror_plugin [None req-256f8934-6f14-4ca9-872b-a322ce71b257 443968380e764a77bb662c1546b5dc88 18669644b2ca4c328fe450f578252780 - - default default] Tap Mirror: Handle Delete Port: b21dbd7a-f7fc-4aa1-b82c-3c6ae27bad63 [pid: 8|app: 0|req: 869/1807] 10.0.0.25 () {32 vars in 719 bytes} [Tue Jun 16 05:09:43 2026] DELETE /v2.0/ports/b21dbd7a-f7fc-4aa1-b82c-3c6ae27bad63 => generated 0 bytes in 328 msecs (HTTP/1.1 204) 3 headers in 131 bytes (1 switches on core 0)
2026-06-16 05:09:43.909 7 INFO neutron.db.ovn_revision_numbers_db [None req-31b0989a-e78e-44de-ac2e-0a9f4e9add09 - - - - - -] Successfully bumped revision number for resource 29c57076-a0f6-456e-a22e-cd738c5750f0 (type: ports) to 3 [pid: 8|app: 0|req: 870/1808] 10.0.0.158 () {34 vars in 990 bytes} [Tue Jun 16 05:09:43 2026] GET /v2.0/ports?device_id=79410e70-84f6-492f-a022-e8c2d95bb2b8 => generated 1209 bytes in 39 msecs (HTTP/1.1 200) 4 headers in 158 bytes (1 switches on core 0)
2026-06-16 05:09:43.948 8 INFO neutron.pecan_wsgi.hooks.translation [None req-31d4504c-33ae-42fa-86ac-4bcf26cb3238 443968380e764a77bb662c1546b5dc88 18669644b2ca4c328fe450f578252780 - - default default] GET failed (client error): The resource could not be found. [pid: 8|app: 0|req: 871/1809] 10.0.0.25 () {32 vars in 716 bytes} [Tue Jun 16 05:09:43 2026] GET /v2.0/ports/b21dbd7a-f7fc-4aa1-b82c-3c6ae27bad63 => generated 132 bytes in 28 msecs (HTTP/1.1 404) 4 headers in 164 bytes (1 switches on core 0)
2026-06-16 05:09:43.984 7 INFO neutron.db.segments_db [None req-31b0989a-e78e-44de-ac2e-0a9f4e9add09 - - - - - -] Added segment dec6a37d-6ac0-4bd6-ab9c-9c87007544ed of type geneve for network ab383b87-07e7-438b-b50a-e0493f82bbd8 [pid: 8|app: 0|req: 872/1810] 10.0.0.158 () {34 vars in 1040 bytes} [Tue Jun 16 05:09:43 2026] GET /v2.0/security-groups?id=313c74a6-edb5-434c-8178-e1908c28dd04&fields=id&fields=name => generated 114 bytes in 59 msecs (HTTP/1.1 200) 4 headers in 157 bytes (1 switches on core 0)
2026-06-16 05:09:44.147 7 INFO neutron.db.ovn_revision_numbers_db [None req-9c9d08f0-681f-4824-a811-f8131c256523 - - - - - -] Successfully bumped revision number for resource ab383b87-07e7-438b-b50a-e0493f82bbd8 (type: networks) to 1 [pid: 8|app: 0|req: 873/1811] 10.0.0.25 () {32 vars in 723 bytes} [Tue Jun 16 05:09:44 2026] DELETE /v2.0/subnets/53643bce-9ea0-44f2-8951-67ac9fd2af33 => generated 0 bytes in 185 msecs (HTTP/1.1 204) 3 headers in 131 bytes (1 switches on core 0)
2026-06-16 05:09:44.278 7 WARNING neutron.scheduler.dhcp_agent_scheduler [None req-9c9d08f0-681f-4824-a811-f8131c256523 - - - - - -] No more DHCP agents
2026-06-16 05:09:44.279 7 WARNING neutron.api.rpc.agentnotifiers.dhcp_rpc_agent_api [None req-9c9d08f0-681f-4824-a811-f8131c256523 - - - - - -] Unable to schedule network ab383b87-07e7-438b-b50a-e0493f82bbd8: no agents available; will retry on subsequent port and subnet creation events.
2026-06-16 05:09:44.327 8 INFO neutron_taas.services.taas.taas_plugin [None req-f8dafc40-5b73-4154-8cc4-57e9f1e9c85c 443968380e764a77bb662c1546b5dc88 18669644b2ca4c328fe450f578252780 - - default default] TaaS: Handle Delete Port: 506c530f-ef46-4e59-9e77-63443fc73550
2026-06-16 05:09:44.331 8 INFO neutron_taas.services.taas.tap_mirror_plugin [None req-f8dafc40-5b73-4154-8cc4-57e9f1e9c85c 443968380e764a77bb662c1546b5dc88 18669644b2ca4c328fe450f578252780 - - default default] Tap Mirror: Handle Delete Port: 506c530f-ef46-4e59-9e77-63443fc73550
2026-06-16 05:09:44.358 7 INFO neutron.db.ovn_revision_numbers_db [None req-9c9d08f0-681f-4824-a811-f8131c256523 - - - - - -] Successfully bumped revision number for resource 0de57912-9be0-493c-916b-fcaf0e601271 (type: ports) to 1
2026-06-16 05:09:44.486 7 WARNING neutron.scheduler.dhcp_agent_scheduler [None req-9c9d08f0-681f-4824-a811-f8131c256523 - - - - - -] No more DHCP agents
2026-06-16 05:09:44.487 7 WARNING neutron.api.rpc.agentnotifiers.dhcp_rpc_agent_api [None req-9c9d08f0-681f-4824-a811-f8131c256523 - - - - - -] Unable to schedule network ab383b87-07e7-438b-b50a-e0493f82bbd8: no agents available; will retry on subsequent port and subnet creation events.
2026-06-16 05:09:44.513 7 INFO neutron.db.ovn_revision_numbers_db [None req-9c9d08f0-681f-4824-a811-f8131c256523 - - - - - -] Successfully bumped revision number for resource 50015c60-361f-4c0e-b579-178f555426dc (type: subnets) to 0
2026-06-16 05:09:44.525 8 INFO neutron.services.segments.plugin [-] Segment c37d9ec6-acd8-4628-8706-93913bd88238 resource provider aggregate not found
2026-06-16 05:09:44.534 8 INFO neutron.services.segments.plugin [-] Segment c37d9ec6-acd8-4628-8706-93913bd88238 resource provider aggregate not found
2026-06-16 05:09:44.552 8 INFO neutron.services.segments.plugin [-] Segment c37d9ec6-acd8-4628-8706-93913bd88238 resource provider not found; error: Placement Client Error (4xx): {"errors": [{"status": 404, "title": "Not Found", "detail": "The resource could not be found.\n\n No resource provider with uuid c37d9ec6-acd8-4628-8706-93913bd88238 found for delete ", "request_id": "req-1a58776c-b923-4ae5-b0ca-3b8aef4fcf6c"}]}
2026-06-16 05:09:44.554 8 INFO neutron.services.segments.plugin [-] Segment c37d9ec6-acd8-4628-8706-93913bd88238 resource provider not found; error: Placement Client Error (4xx): {"errors": [{"status": 404, "title": "Not Found", "detail": "The resource could not be found.\n\n No resource provider with uuid c37d9ec6-acd8-4628-8706-93913bd88238 found for delete ", "request_id": "req-9db57c16-89ec-41ea-9ff8-2533c8947930"}]} [pid: 8|app: 0|req: 874/1812] 10.0.0.25 () {32 vars in 725 bytes} [Tue Jun 16 05:09:44 2026] DELETE /v2.0/networks/854900c7-8019-491e-93c7-a374a72303e8 => generated 0 bytes in 387 msecs (HTTP/1.1 204) 3 headers in 131 bytes (1 switches on core 0)
2026-06-16 05:09:44.729 8 WARNING neutron.plugins.ml2.drivers.ovn.mech_driver.ovsdb.ovn_client [None req-037e588e-3a02-4723-b923-c1b41175eb98 - - - - - -] No hosting information found for port d2cba9d6-54f4-4d21-b0a4-a762a645b5af: RuntimeError: No hosting information found for port d2cba9d6-54f4-4d21-b0a4-a762a645b5af
2026-06-16 05:09:44.729 8 INFO neutron.plugins.ml2.drivers.ovn.mech_driver.mech_driver [None req-037e588e-3a02-4723-b923-c1b41175eb98 - - - - - -] OVN reports status down for port: 506c530f-ef46-4e59-9e77-63443fc73550
2026-06-16 05:09:44.736 8 INFO neutron.plugins.ml2.drivers.ovn.mech_driver.mech_driver [None req-037e588e-3a02-4723-b923-c1b41175eb98 - - - - - -] OVN reports status down for port: b21dbd7a-f7fc-4aa1-b82c-3c6ae27bad63
2026-06-16 05:09:44.743 8 INFO neutron.plugins.ml2.drivers.ovn.mech_driver.mech_driver [None req-037e588e-3a02-4723-b923-c1b41175eb98 - - - - - -] OVN reports status down for port: 29c57076-a0f6-456e-a22e-cd738c5750f0
2026-06-16 05:09:44.943 7 WARNING neutron.scheduler.dhcp_agent_scheduler [None req-9c9d08f0-681f-4824-a811-f8131c256523 - - - - - -] No more DHCP agents
2026-06-16 05:09:44.945 7 WARNING neutron.api.rpc.agentnotifiers.dhcp_rpc_agent_api [None req-9c9d08f0-681f-4824-a811-f8131c256523 - - - - - -] Unable to schedule network ab383b87-07e7-438b-b50a-e0493f82bbd8: no agents available; will retry on subsequent port and subnet creation events.
2026-06-16 05:09:44.952 8 INFO neutron.db.ovn_revision_numbers_db [None req-c2833f46-a429-4cac-99fb-ec8a9c4b94ce 9d423ad161f64bd5af7049c6d3e7f199 e67e4557c86c41d2b0e3c15eac3c6629 - - default default] Successfully bumped revision number for resource d93895f3-de0a-473c-a349-001fcebfd582 (type: security_groups) to 1
2026-06-16 05:09:44.968 8 INFO neutron.db.ovn_revision_numbers_db [None req-c2833f46-a429-4cac-99fb-ec8a9c4b94ce 9d423ad161f64bd5af7049c6d3e7f199 e67e4557c86c41d2b0e3c15eac3c6629 - - default default] Successfully bumped revision number for resource 3e0acd7a-f43d-499c-83ad-dd029aa0f613 (type: security_group_rules) to 0
2026-06-16 05:09:44.986 8 INFO neutron.db.ovn_revision_numbers_db [None req-c2833f46-a429-4cac-99fb-ec8a9c4b94ce 9d423ad161f64bd5af7049c6d3e7f199 e67e4557c86c41d2b0e3c15eac3c6629 - - default default] Successfully bumped revision number for resource abe422f3-74b5-40d6-aa7b-2f4ee65ba279 (type: security_group_rules) to 0
2026-06-16 05:09:45.004 8 INFO neutron.db.ovn_revision_numbers_db [None req-c2833f46-a429-4cac-99fb-ec8a9c4b94ce 9d423ad161f64bd5af7049c6d3e7f199 e67e4557c86c41d2b0e3c15eac3c6629 - - default default] Successfully bumped revision number for resource b4275380-9014-44dd-b9e7-9122a265b66d (type: security_group_rules) to 0
2026-06-16 05:09:45.026 8 INFO neutron.db.ovn_revision_numbers_db [None req-c2833f46-a429-4cac-99fb-ec8a9c4b94ce 9d423ad161f64bd5af7049c6d3e7f199 e67e4557c86c41d2b0e3c15eac3c6629 - - default default] Successfully bumped revision number for resource e1b94062-2f20-4fe9-88f1-88a92a397650 (type: security_group_rules) to 0 [pid: 8|app: 0|req: 875/1813] 10.0.0.25 () {32 vars in 773 bytes} [Tue Jun 16 05:09:44 2026] GET /v2.0/security-groups?tenant_id=f4c6c6e813e445fa89c950bf68da23fe&name=default => generated 2925 bytes in 507 msecs (HTTP/1.1 200) 4 headers in 158 bytes (1 switches on core 0)
2026-06-16 05:09:45.151 7 INFO neutron.db.ovn_revision_numbers_db [None req-9c9d08f0-681f-4824-a811-f8131c256523 - - - - - -] Successfully bumped revision number for resource 069f7917-1bcd-483e-8cb3-8a15b3eab356 (type: ports) to 1
2026-06-16 05:09:45.297 8 WARNING neutron.scheduler.dhcp_agent_scheduler [None req-cea6589b-b4ed-4561-855a-d68362657cb7 443968380e764a77bb662c1546b5dc88 18669644b2ca4c328fe450f578252780 - - default default] No more DHCP agents
2026-06-16 05:09:45.298 8 WARNING neutron.api.rpc.agentnotifiers.dhcp_rpc_agent_api [None req-cea6589b-b4ed-4561-855a-d68362657cb7 443968380e764a77bb662c1546b5dc88 18669644b2ca4c328fe450f578252780 - - default default] Unable to schedule network a7aacfb1-4719-420e-89e2-8a91c071c65f: no agents available; will retry on subsequent port and subnet creation events.
2026-06-16 05:09:45.380 8 INFO neutron.db.ovn_revision_numbers_db [None req-cea6589b-b4ed-4561-855a-d68362657cb7 443968380e764a77bb662c1546b5dc88 18669644b2ca4c328fe450f578252780 - - default default] Successfully bumped revision number for resource 630aec1a-d3be-4363-b3f1-e47eced7a5bc (type: ports) to 1 [pid: 8|app: 0|req: 876/1814] 10.0.0.25 () {34 vars in 664 bytes} [Tue Jun 16 05:09:45 2026] POST /v2.0/ports => generated 775 bytes in 340 msecs (HTTP/1.1 201) 4 headers in 162 bytes (1 switches on core 0) /var/lib/openstack/lib/python3.12/site-packages/pycadf/identifier.py:70: UserWarning: Invalid uuid: neutron. To ensure interoperability, identifiers should be a valid uuid. warnings.warn(('Invalid uuid: %s. To ensure interoperability, ' [pid: 8|app: 0|req: 877/1815] 10.0.0.25 () {32 vars in 739 bytes} [Tue Jun 16 05:09:45 2026] DELETE /v2.0/security-groups/d93895f3-de0a-473c-a349-001fcebfd582 => generated 0 bytes in 222 msecs (HTTP/1.1 204) 2 headers in 112 bytes (1 switches on core 0)
2026-06-16 05:09:45.871 7 WARNING neutron.scheduler.dhcp_agent_scheduler [None req-9c9d08f0-681f-4824-a811-f8131c256523 - - - - - -] No more DHCP agents
2026-06-16 05:09:45.872 7 WARNING neutron.api.rpc.agentnotifiers.dhcp_rpc_agent_api [None req-9c9d08f0-681f-4824-a811-f8131c256523 - - - - - -] Unable to schedule network ab383b87-07e7-438b-b50a-e0493f82bbd8: no agents available; will retry on subsequent port and subnet creation events.
2026-06-16 05:09:45.940 8 INFO neutron.db.ovn_revision_numbers_db [None req-346a3ba2-306d-40b3-809a-f882452266c9 443968380e764a77bb662c1546b5dc88 18669644b2ca4c328fe450f578252780 - - default default] Successfully bumped revision number for resource 630aec1a-d3be-4363-b3f1-e47eced7a5bc (type: ports) to 2 [pid: 8|app: 0|req: 878/1816] 10.0.0.25 () {34 vars in 736 bytes} [Tue Jun 16 05:09:45 2026] PUT /v2.0/ports/630aec1a-d3be-4363-b3f1-e47eced7a5bc => generated 752 bytes in 303 msecs (HTTP/1.1 200) 4 headers in 157 bytes (1 switches on core 0) /var/lib/openstack/lib/python3.12/site-packages/pycadf/identifier.py:70: UserWarning: Invalid uuid: neutron. To ensure interoperability, identifiers should be a valid uuid. warnings.warn(('Invalid uuid: %s. To ensure interoperability, '
2026-06-16 05:09:46.108 8 INFO neutron.db.ovn_revision_numbers_db [None req-9477e580-e562-4d34-a438-f01703a2d4f0 9d423ad161f64bd5af7049c6d3e7f199 e67e4557c86c41d2b0e3c15eac3c6629 - - default default] Successfully bumped revision number for resource e680a749-d7ea-4c65-b07f-762f17c8f736 (type: security_groups) to 1
2026-06-16 05:09:46.123 8 INFO neutron.db.ovn_revision_numbers_db [None req-9477e580-e562-4d34-a438-f01703a2d4f0 9d423ad161f64bd5af7049c6d3e7f199 e67e4557c86c41d2b0e3c15eac3c6629 - - default default] Successfully bumped revision number for resource 3d286bd6-6f2d-4e52-9303-e4a28341c8de (type: security_group_rules) to 0
2026-06-16 05:09:46.135 8 INFO neutron.db.ovn_revision_numbers_db [None req-9477e580-e562-4d34-a438-f01703a2d4f0 9d423ad161f64bd5af7049c6d3e7f199 e67e4557c86c41d2b0e3c15eac3c6629 - - default default] Successfully bumped revision number for resource 87e246bb-aebf-491f-9546-673b3a4f2d61 (type: security_group_rules) to 0
2026-06-16 05:09:46.146 8 INFO neutron.db.ovn_revision_numbers_db [None req-9477e580-e562-4d34-a438-f01703a2d4f0 9d423ad161f64bd5af7049c6d3e7f199 e67e4557c86c41d2b0e3c15eac3c6629 - - default default] Successfully bumped revision number for resource 90318a42-0412-424d-b1cf-af23e8807079 (type: security_group_rules) to 0
2026-06-16 05:09:46.157 8 INFO neutron.db.ovn_revision_numbers_db [None req-9477e580-e562-4d34-a438-f01703a2d4f0 9d423ad161f64bd5af7049c6d3e7f199 e67e4557c86c41d2b0e3c15eac3c6629 - - default default] Successfully bumped revision number for resource ccead215-6191-4ffc-b273-59202914fe1d (type: security_group_rules) to 0 [pid: 8|app: 0|req: 879/1817] 10.0.0.25 () {32 vars in 773 bytes} [Tue Jun 16 05:09:45 2026] GET /v2.0/security-groups?tenant_id=d070e81962fa4d03a0081bbb8c2ddca8&name=default => generated 2925 bytes in 237 msecs (HTTP/1.1 200) 4 headers in 158 bytes (1 switches on core 0)
2026-06-16 05:09:46.324 8 INFO neutron_taas.services.taas.taas_plugin [None req-45df29b2-025a-4fef-ac33-69f198ad192a 443968380e764a77bb662c1546b5dc88 18669644b2ca4c328fe450f578252780 - - default default] TaaS: Handle Delete Port: 630aec1a-d3be-4363-b3f1-e47eced7a5bc
2026-06-16 05:09:46.328 8 INFO neutron_taas.services.taas.tap_mirror_plugin [None req-45df29b2-025a-4fef-ac33-69f198ad192a 443968380e764a77bb662c1546b5dc88 18669644b2ca4c328fe450f578252780 - - default default] Tap Mirror: Handle Delete Port: 630aec1a-d3be-4363-b3f1-e47eced7a5bc
2026-06-16 05:09:46.417 7 INFO neutron.db.ovn_revision_numbers_db [None req-9c9d08f0-681f-4824-a811-f8131c256523 - - - - - -] Successfully bumped revision number for resource 069f7917-1bcd-483e-8cb3-8a15b3eab356 (type: router_ports) to 1 [pid: 8|app: 0|req: 880/1818] 10.0.0.25 () {32 vars in 719 bytes} [Tue Jun 16 05:09:46 2026] DELETE /v2.0/ports/630aec1a-d3be-4363-b3f1-e47eced7a5bc => generated 0 bytes in 243 msecs (HTTP/1.1 204) 3 headers in 131 bytes (1 switches on core 0)
2026-06-16 05:09:46.616 7 WARNING neutron.scheduler.dhcp_agent_scheduler [None req-9c9d08f0-681f-4824-a811-f8131c256523 - - - - - -] No more DHCP agents
2026-06-16 05:09:46.617 7 WARNING neutron.api.rpc.agentnotifiers.dhcp_rpc_agent_api [None req-9c9d08f0-681f-4824-a811-f8131c256523 - - - - - -] Unable to schedule network ab383b87-07e7-438b-b50a-e0493f82bbd8: no agents available; will retry on subsequent port and subnet creation events. [pid: 8|app: 0|req: 881/1819] 10.0.0.25 () {32 vars in 739 bytes} [Tue Jun 16 05:09:46 2026] DELETE /v2.0/security-groups/e680a749-d7ea-4c65-b07f-762f17c8f736 => generated 0 bytes in 211 msecs (HTTP/1.1 204) 2 headers in 112 bytes (1 switches on core 0) [pid: 8|app: 0|req: 882/1820] 10.0.0.25 () {32 vars in 642 bytes} [Tue Jun 16 05:09:46 2026] GET /v2.0/ports => generated 1532 bytes in 88 msecs (HTTP/1.1 200) 4 headers in 158 bytes (1 switches on core 0)
2026-06-16 05:09:46.757 7 INFO neutron.db.ovn_revision_numbers_db [None req-9c9d08f0-681f-4824-a811-f8131c256523 - - - - - -] Successfully bumped revision number for resource 4387d5a0-c7fc-41d8-b7c7-dc12b0ac4dd7 (type: ports) to 1
2026-06-16 05:09:46.765 8 INFO neutron.pecan_wsgi.hooks.translation [None req-52964884-3762-479a-8a2d-6c6fdc2aaeb7 443968380e764a77bb662c1546b5dc88 18669644b2ca4c328fe450f578252780 - - default default] GET failed (client error): The resource could not be found. [pid: 8|app: 0|req: 883/1821] 10.0.0.25 () {32 vars in 716 bytes} [Tue Jun 16 05:09:46 2026] GET /v2.0/ports/630aec1a-d3be-4363-b3f1-e47eced7a5bc => generated 132 bytes in 16 msecs (HTTP/1.1 404) 4 headers in 164 bytes (1 switches on core 0) [pid: 8|app: 0|req: 884/1822] 10.0.0.25 () {32 vars in 642 bytes} [Tue Jun 16 05:09:46 2026] GET /v2.0/ports => generated 1532 bytes in 47 msecs (HTTP/1.1 200) 4 headers in 158 bytes (1 switches on core 0) [pid: 8|app: 0|req: 885/1823] 10.0.0.25 () {32 vars in 716 bytes} [Tue Jun 16 05:09:46 2026] GET /v2.0/ports/3127ad0e-2d07-472a-9988-ffa36e5aa434 => generated 773 bytes in 43 msecs (HTTP/1.1 200) 4 headers in 157 bytes (1 switches on core 0)
2026-06-16 05:09:46.893 8 INFO neutron.pecan_wsgi.hooks.translation [None req-619a8a21-22b1-4798-87f4-e35c4fbbcf1d 443968380e764a77bb662c1546b5dc88 18669644b2ca4c328fe450f578252780 - - default default] DELETE failed (client error): The resource could not be found. [pid: 8|app: 0|req: 886/1824] 10.0.0.25 () {32 vars in 719 bytes} [Tue Jun 16 05:09:46 2026] DELETE /v2.0/ports/b21dbd7a-f7fc-4aa1-b82c-3c6ae27bad63 => generated 132 bytes in 20 msecs (HTTP/1.1 404) 4 headers in 164 bytes (1 switches on core 0)
2026-06-16 05:09:46.914 8 INFO neutron.pecan_wsgi.hooks.translation [None req-6b8c8547-efa6-4493-9123-b68d77dd9b69 443968380e764a77bb662c1546b5dc88 18669644b2ca4c328fe450f578252780 - - default default] DELETE failed (client error): The resource could not be found. [pid: 8|app: 0|req: 887/1825] 10.0.0.25 () {32 vars in 723 bytes} [Tue Jun 16 05:09:46 2026] DELETE /v2.0/subnets/53643bce-9ea0-44f2-8951-67ac9fd2af33 => generated 136 bytes in 17 msecs (HTTP/1.1 404) 4 headers in 164 bytes (1 switches on core 0)
2026-06-16 05:09:46.936 8 INFO neutron.pecan_wsgi.hooks.translation [None req-91ae2000-dbbb-4312-937b-3e52749f7ca3 443968380e764a77bb662c1546b5dc88 18669644b2ca4c328fe450f578252780 - - default default] DELETE failed (client error): The resource could not be found. [pid: 8|app: 0|req: 888/1826] 10.0.0.25 () {32 vars in 723 bytes} [Tue Jun 16 05:09:46 2026] DELETE /v2.0/subnets/3619b2c5-c802-4899-8d2e-cae1a80b53b2 => generated 136 bytes in 15 msecs (HTTP/1.1 404) 4 headers in 164 bytes (1 switches on core 0)
2026-06-16 05:09:47.035 7 INFO neutron.db.ovn_revision_numbers_db [None req-9c9d08f0-681f-4824-a811-f8131c256523 - - - - - -] Successfully bumped revision number for resource 4387d5a0-c7fc-41d8-b7c7-dc12b0ac4dd7 (type: ports) to 3
2026-06-16 05:09:47.078 8 INFO neutron_taas.services.taas.taas_plugin [None req-ad0ef427-b579-4684-8e3e-8119a835fbd6 443968380e764a77bb662c1546b5dc88 18669644b2ca4c328fe450f578252780 - - default default] TaaS: Handle Delete Port: 3127ad0e-2d07-472a-9988-ffa36e5aa434
2026-06-16 05:09:47.080 8 INFO neutron_taas.services.taas.tap_mirror_plugin [None req-ad0ef427-b579-4684-8e3e-8119a835fbd6 443968380e764a77bb662c1546b5dc88 18669644b2ca4c328fe450f578252780 - - default default] Tap Mirror: Handle Delete Port: 3127ad0e-2d07-472a-9988-ffa36e5aa434 [pid: 8|app: 0|req: 889/1827] 10.0.0.25 () {32 vars in 719 bytes} [Tue Jun 16 05:09:46 2026] DELETE /v2.0/ports/3127ad0e-2d07-472a-9988-ffa36e5aa434 => generated 0 bytes in 221 msecs (HTTP/1.1 204) 3 headers in 131 bytes (1 switches on core 0)
2026-06-16 05:09:47.293 8 INFO neutron_taas.services.taas.taas_plugin [None req-9c348fdf-11a5-43fa-b07e-e35c1e373fa5 443968380e764a77bb662c1546b5dc88 18669644b2ca4c328fe450f578252780 - - default default] TaaS: Handle Delete Port: 0723daa1-84be-4c8c-94ca-cdf1a90c62b3 [pid: 7|app: 0|req: 939/1828] 10.0.0.25 () {34 vars in 684 bytes} [Tue Jun 16 05:09:42 2026] POST /v2.0/vpn/vpnservices => generated 456 bytes in 4484 msecs (HTTP/1.1 201) 4 headers in 162 bytes (1 switches on core 0)
2026-06-16 05:09:47.296 8 INFO neutron_taas.services.taas.tap_mirror_plugin [None req-9c348fdf-11a5-43fa-b07e-e35c1e373fa5 443968380e764a77bb662c1546b5dc88 18669644b2ca4c328fe450f578252780 - - default default] Tap Mirror: Handle Delete Port: 0723daa1-84be-4c8c-94ca-cdf1a90c62b3 [pid: 7|app: 0|req: 940/1829] 10.0.0.60 () {34 vars in 989 bytes} [Tue Jun 16 05:09:47 2026] GET /v2.0/ports?device_id=79410e70-84f6-492f-a022-e8c2d95bb2b8 => generated 971 bytes in 74 msecs (HTTP/1.1 200) 4 headers in 157 bytes (1 switches on core 0)
2026-06-16 05:09:47.472 8 INFO neutron.services.segments.plugin [-] Segment 5b442a13-2ec2-455c-81fa-d9f3c49599c9 resource provider aggregate not found
2026-06-16 05:09:47.486 8 INFO neutron.services.segments.plugin [-] Segment 5b442a13-2ec2-455c-81fa-d9f3c49599c9 resource provider aggregate not found
2026-06-16 05:09:47.497 8 INFO neutron.services.segments.plugin [-] Segment 5b442a13-2ec2-455c-81fa-d9f3c49599c9 resource provider not found; error: Placement Client Error (4xx): {"errors": [{"status": 404, "title": "Not Found", "detail": "The resource could not be found.\n\n No resource provider with uuid 5b442a13-2ec2-455c-81fa-d9f3c49599c9 found for delete ", "request_id": "req-6a1770b3-6568-48fe-a137-162e54a54abc"}]}
2026-06-16 05:09:47.505 8 INFO neutron.services.segments.plugin [-] Segment 5b442a13-2ec2-455c-81fa-d9f3c49599c9 resource provider not found; error: Placement Client Error (4xx): {"errors": [{"status": 404, "title": "Not Found", "detail": "The resource could not be found.\n\n No resource provider with uuid 5b442a13-2ec2-455c-81fa-d9f3c49599c9 found for delete ", "request_id": "req-494e6b26-f1ba-4a06-bab4-b35d7e0aaec0"}]} [pid: 8|app: 0|req: 890/1830] 10.0.0.25 () {32 vars in 725 bytes} [Tue Jun 16 05:09:47 2026] DELETE /v2.0/networks/a7aacfb1-4719-420e-89e2-8a91c071c65f => generated 0 bytes in 357 msecs (HTTP/1.1 204) 3 headers in 131 bytes (1 switches on core 0) [pid: 8|app: 0|req: 891/1831] 10.0.0.60 () {34 vars in 1039 bytes} [Tue Jun 16 05:09:47 2026] GET /v2.0/security-groups?id=313c74a6-edb5-434c-8178-e1908c28dd04&fields=id&fields=name => generated 114 bytes in 25 msecs (HTTP/1.1 200) 4 headers in 157 bytes (1 switches on core 0) [pid: 7|app: 0|req: 941/1832] 10.0.0.25 () {34 vars in 684 bytes} [Tue Jun 16 05:09:47 2026] POST /v2.0/vpn/vpnservices => generated 424 bytes in 382 msecs (HTTP/1.1 201) 4 headers in 162 bytes (1 switches on core 0) [pid: 8|app: 0|req: 892/1833] 10.0.0.25 () {34 vars in 683 bytes} [Tue Jun 16 05:09:47 2026] POST /v2.0/vpn/ikepolicies => generated 404 bytes in 46 msecs (HTTP/1.1 201) 4 headers in 162 bytes (1 switches on core 0) [pid: 7|app: 0|req: 942/1834] 10.0.0.25 () {34 vars in 687 bytes} [Tue Jun 16 05:09:47 2026] POST /v2.0/vpn/ipsecpolicies => generated 412 bytes in 42 msecs (HTTP/1.1 201) 4 headers in 162 bytes (1 switches on core 0) [pid: 8|app: 0|req: 893/1835] 10.0.0.25 () {34 vars in 692 bytes} [Tue Jun 16 05:09:47 2026] POST /v2.0/vpn/endpoint-groups => generated 328 bytes in 63 msecs (HTTP/1.1 201) 4 headers in 162 bytes (1 switches on core 0) [pid: 7|app: 0|req: 943/1836] 10.0.0.25 () {34 vars in 692 bytes} [Tue Jun 16 05:09:47 2026] POST /v2.0/vpn/endpoint-groups => generated 319 bytes in 76 msecs (HTTP/1.1 201) 4 headers in 162 bytes (1 switches on core 0)
2026-06-16 05:09:48.033 7 WARNING neutron.plugins.ml2.drivers.ovn.mech_driver.ovsdb.ovn_client [None req-cabc4984-8b6c-44ec-b35e-f2ffe89f6566 - - - - - -] No hosting information found for port 3d2e55f8-24b3-4a13-a477-df6fa20a30c3: RuntimeError: No hosting information found for port 3d2e55f8-24b3-4a13-a477-df6fa20a30c3 [pid: 8|app: 0|req: 894/1837] 10.0.0.25 () {32 vars in 773 bytes} [Tue Jun 16 05:09:47 2026] GET /v2.0/security-groups?tenant_id=18669644b2ca4c328fe450f578252780&name=default => generated 2925 bytes in 244 msecs (HTTP/1.1 200) 4 headers in 158 bytes (1 switches on core 0)
2026-06-16 05:09:48.211 7 INFO neutron.db.ovn_revision_numbers_db [None req-cabc4984-8b6c-44ec-b35e-f2ffe89f6566 - - - - - -] Successfully bumped revision number for resource 3d2e55f8-24b3-4a13-a477-df6fa20a30c3 (type: router_ports) to 2
2026-06-16 05:09:48.211 7 INFO neutron.plugins.ml2.drivers.ovn.mech_driver.mech_driver [None req-cabc4984-8b6c-44ec-b35e-f2ffe89f6566 - - - - - -] OVN reports status down for port: 0de57912-9be0-493c-916b-fcaf0e601271
2026-06-16 05:09:48.349 7 INFO neutron.plugins.ml2.drivers.ovn.mech_driver.mech_driver [None req-cabc4984-8b6c-44ec-b35e-f2ffe89f6566 - - - - - -] OVN reports status down for port: 069f7917-1bcd-483e-8cb3-8a15b3eab356 [pid: 8|app: 0|req: 895/1838] 10.0.0.25 () {32 vars in 739 bytes} [Tue Jun 16 05:09:48 2026] DELETE /v2.0/security-groups/0746b2c9-fbf3-407a-bdfe-ae969d206021 => generated 0 bytes in 221 msecs (HTTP/1.1 204) 2 headers in 112 bytes (1 switches on core 0)
2026-06-16 05:09:48.518 7 WARNING neutron.plugins.ml2.drivers.ovn.mech_driver.ovsdb.ovn_client [None req-cabc4984-8b6c-44ec-b35e-f2ffe89f6566 - - - - - -] Logical_Switch_Port %s host information not removed, the port state is up
2026-06-16 05:09:48.518 7 INFO neutron.plugins.ml2.drivers.ovn.mech_driver.mech_driver [None req-cabc4984-8b6c-44ec-b35e-f2ffe89f6566 - - - - - -] OVN reports status down for port: 630aec1a-d3be-4363-b3f1-e47eced7a5bc
2026-06-16 05:09:48.545 7 INFO neutron.plugins.ml2.drivers.ovn.mech_driver.mech_driver [None req-cabc4984-8b6c-44ec-b35e-f2ffe89f6566 - - - - - -] OVN reports status up for port: 069f7917-1bcd-483e-8cb3-8a15b3eab356
2026-06-16 05:09:48.579 7 INFO neutron.plugins.ml2.plugin [None req-cabc4984-8b6c-44ec-b35e-f2ffe89f6566 - - - - - -] Attempt 1 to provision port 069f7917-1bcd-483e-8cb3-8a15b3eab356 [pid: 8|app: 0|req: 896/1839] 10.0.0.60 () {34 vars in 989 bytes} [Tue Jun 16 05:09:48 2026] GET /v2.0/ports?device_id=79410e70-84f6-492f-a022-e8c2d95bb2b8 => generated 971 bytes in 80 msecs (HTTP/1.1 200) 4 headers in 157 bytes (1 switches on core 0) [pid: 8|app: 0|req: 897/1840] 10.0.0.60 () {34 vars in 1039 bytes} [Tue Jun 16 05:09:48 2026] GET /v2.0/security-groups?id=313c74a6-edb5-434c-8178-e1908c28dd04&fields=id&fields=name => generated 114 bytes in 49 msecs (HTTP/1.1 200) 4 headers in 157 bytes (1 switches on core 0)
2026-06-16 05:09:49.315 7 INFO neutron.db.ovn_revision_numbers_db [None req-15523139-17eb-4a69-b342-345be7a0e1a0 70b3332efe71414c9a4cf031646091ae 720fd48b4c534764bc9827d9baad228f - - default default] Successfully bumped revision number for resource 2085a4fc-02c3-4865-afce-900c91ba91b4 (type: routers) to 5 [pid: 7|app: 0|req: 944/1841] 10.0.0.25 () {34 vars in 706 bytes} [Tue Jun 16 05:09:48 2026] POST /v2.0/vpn/ipsec-site-connections => generated 802 bytes in 1383 msecs (HTTP/1.1 201) 4 headers in 162 bytes (1 switches on core 0)
2026-06-16 05:09:49.395 7 INFO neutron.db.ovn_revision_numbers_db [None req-cabc4984-8b6c-44ec-b35e-f2ffe89f6566 - - - - - -] Successfully bumped revision number for resource 069f7917-1bcd-483e-8cb3-8a15b3eab356 (type: ports) to 2 [pid: 8|app: 0|req: 898/1842] 10.0.0.25 () {34 vars in 692 bytes} [Tue Jun 16 05:09:49 2026] POST /v2.0/vpn/endpoint-groups => generated 289 bytes in 75 msecs (HTTP/1.1 201) 4 headers in 162 bytes (1 switches on core 0) [pid: 7|app: 0|req: 945/1843] 10.0.0.25 () {32 vars in 747 bytes} [Tue Jun 16 05:09:49 2026] DELETE /v2.0/vpn/endpoint-groups/8396643d-2acb-430a-b6c8-149a7a709a37 => generated 0 bytes in 79 msecs (HTTP/1.1 204) 2 headers in 112 bytes (1 switches on core 0) [pid: 8|app: 0|req: 899/1844] 199.204.45.227 () {34 vars in 994 bytes} [Tue Jun 16 05:09:49 2026] GET /v2.0/ports?device_id=79410e70-84f6-492f-a022-e8c2d95bb2b8 => generated 971 bytes in 37 msecs (HTTP/1.1 200) 4 headers in 157 bytes (1 switches on core 0) [pid: 7|app: 0|req: 946/1845] 10.0.0.25 () {32 vars in 670 bytes} [Tue Jun 16 05:09:49 2026] GET /v2.0/vpn/endpoint-groups => generated 632 bytes in 39 msecs (HTTP/1.1 200) 4 headers in 157 bytes (1 switches on core 0) [pid: 7|app: 0|req: 947/1846] 10.0.0.25 () {32 vars in 670 bytes} [Tue Jun 16 05:09:49 2026] GET /v2.0/vpn/endpoint-groups => generated 632 bytes in 11 msecs (HTTP/1.1 200) 4 headers in 157 bytes (1 switches on core 0)
2026-06-16 05:09:49.756 8 INFO neutron_taas.services.taas.taas_plugin [req-618f6143-2a42-47f0-9128-33c3cc01ed00 req-36ff31cd-ec0b-4a48-ad6a-79bb4ac00c8a 311ec5446fcc4608a818ca16731d828e 8e9101b66a144567877c0e404fbcbed8 - - default default] TaaS: Handle Delete Port: 1a6f5b21-7dd5-40a8-b9ff-290c776c34ea
2026-06-16 05:09:49.759 8 INFO neutron_taas.services.taas.tap_mirror_plugin [req-618f6143-2a42-47f0-9128-33c3cc01ed00 req-36ff31cd-ec0b-4a48-ad6a-79bb4ac00c8a 311ec5446fcc4608a818ca16731d828e 8e9101b66a144567877c0e404fbcbed8 - - default default] Tap Mirror: Handle Delete Port: 1a6f5b21-7dd5-40a8-b9ff-290c776c34ea [pid: 7|app: 0|req: 948/1847] 10.0.0.60 () {34 vars in 989 bytes} [Tue Jun 16 05:09:49 2026] GET /v2.0/ports?device_id=79410e70-84f6-492f-a022-e8c2d95bb2b8 => generated 971 bytes in 33 msecs (HTTP/1.1 200) 4 headers in 157 bytes (1 switches on core 0) [pid: 7|app: 0|req: 949/1848] 10.0.0.60 () {34 vars in 1039 bytes} [Tue Jun 16 05:09:49 2026] GET /v2.0/security-groups?id=313c74a6-edb5-434c-8178-e1908c28dd04&fields=id&fields=name => generated 114 bytes in 38 msecs (HTTP/1.1 200) 4 headers in 157 bytes (1 switches on core 0)
2026-06-16 05:09:49.999 8 INFO neutron.db.l3_db [req-618f6143-2a42-47f0-9128-33c3cc01ed00 req-36ff31cd-ec0b-4a48-ad6a-79bb4ac00c8a 311ec5446fcc4608a818ca16731d828e 8e9101b66a144567877c0e404fbcbed8 - - default default] Floating IP e87fca1c-6063-4ec0-add7-2d98138beb20 disassociated. External IP: 10.96.250.220, port: 1a6f5b21-7dd5-40a8-b9ff-290c776c34ea. [pid: 8|app: 0|req: 900/1849] 199.204.45.227 () {36 vars in 997 bytes} [Tue Jun 16 05:09:49 2026] DELETE /v2.0/ports/1a6f5b21-7dd5-40a8-b9ff-290c776c34ea => generated 0 bytes in 575 msecs (HTTP/1.1 204) 3 headers in 131 bytes (1 switches on core 0)
2026-06-16 05:09:50.202 8 INFO neutron.notifiers.nova [-] Nova event matching ['req-90fac58b-d8b3-4e25-b416-ca60d78ced4f'] response: {'server_uuid': '79410e70-84f6-492f-a022-e8c2d95bb2b8', 'name': 'network-vif-deleted', 'tag': '1a6f5b21-7dd5-40a8-b9ff-290c776c34ea', 'status': 'completed', 'code': 200} [pid: 7|app: 0|req: 950/1850] 10.0.0.25 () {34 vars in 684 bytes} [Tue Jun 16 05:09:50 2026] POST /v2.0/vpn/ikepolicies => generated 402 bytes in 240 msecs (HTTP/1.1 201) 4 headers in 162 bytes (1 switches on core 0) /var/lib/openstack/lib/python3.12/site-packages/pycadf/identifier.py:70: UserWarning: Invalid uuid: neutron. To ensure interoperability, identifiers should be a valid uuid. warnings.warn(('Invalid uuid: %s. To ensure interoperability, ' [pid: 8|app: 0|req: 901/1851] 10.0.0.25 () {32 vars in 662 bytes} [Tue Jun 16 05:09:50 2026] GET /v2.0/vpn/ikepolicies => generated 797 bytes in 12 msecs (HTTP/1.1 200) 4 headers in 157 bytes (1 switches on core 0) [pid: 7|app: 0|req: 951/1852] 10.0.0.25 () {32 vars in 739 bytes} [Tue Jun 16 05:09:50 2026] DELETE /v2.0/vpn/ikepolicies/2716441c-4b10-4386-a743-b7f26b603462 => generated 0 bytes in 31 msecs (HTTP/1.1 204) 2 headers in 112 bytes (1 switches on core 0) [pid: 8|app: 0|req: 902/1853] 10.0.0.25 () {34 vars in 688 bytes} [Tue Jun 16 05:09:50 2026] POST /v2.0/vpn/ipsecpolicies => generated 412 bytes in 48 msecs (HTTP/1.1 201) 4 headers in 162 bytes (1 switches on core 0) [pid: 8|app: 0|req: 903/1854] 10.0.0.25 () {32 vars in 666 bytes} [Tue Jun 16 05:09:50 2026] GET /v2.0/vpn/ipsecpolicies => generated 813 bytes in 16 msecs (HTTP/1.1 200) 4 headers in 157 bytes (1 switches on core 0) [pid: 8|app: 0|req: 904/1855] 10.0.0.25 () {32 vars in 743 bytes} [Tue Jun 16 05:09:50 2026] DELETE /v2.0/vpn/ipsecpolicies/9f01293c-299d-4631-a714-27aac6efda86 => generated 0 bytes in 36 msecs (HTTP/1.1 204) 2 headers in 112 bytes (1 switches on core 0)
2026-06-16 05:09:50.541 7 INFO neutron.db.ovn_revision_numbers_db [None req-e0176b04-61cf-47cb-b65a-61ed2b4a339d 0485af14b5b54b71b4f7f987ad995545 2d5acbb5cee842c38545247ca6ac6b38 - - default default] Successfully bumped revision number for resource 12d14aca-55bd-4ef8-8494-07d1fd5ce34a (type: security_groups) to 1
2026-06-16 05:09:50.559 7 INFO neutron.db.ovn_revision_numbers_db [None req-e0176b04-61cf-47cb-b65a-61ed2b4a339d 0485af14b5b54b71b4f7f987ad995545 2d5acbb5cee842c38545247ca6ac6b38 - - default default] Successfully bumped revision number for resource 223b865b-5e54-41fc-97e5-4674b98bd152 (type: security_group_rules) to 0
2026-06-16 05:09:50.573 7 INFO neutron.db.ovn_revision_numbers_db [None req-e0176b04-61cf-47cb-b65a-61ed2b4a339d 0485af14b5b54b71b4f7f987ad995545 2d5acbb5cee842c38545247ca6ac6b38 - - default default] Successfully bumped revision number for resource 24896faa-1025-4e47-bcfb-e0bea3a1f3fd (type: security_group_rules) to 0
2026-06-16 05:09:50.586 7 INFO neutron.db.ovn_revision_numbers_db [None req-e0176b04-61cf-47cb-b65a-61ed2b4a339d 0485af14b5b54b71b4f7f987ad995545 2d5acbb5cee842c38545247ca6ac6b38 - - default default] Successfully bumped revision number for resource 8c635a07-98b6-4f43-a62d-79586ce6e196 (type: security_group_rules) to 0
2026-06-16 05:09:50.596 8 INFO neutron.db.segments_db [None req-f9efd548-5cea-4f4c-98b6-68173e809025 70b3332efe71414c9a4cf031646091ae 720fd48b4c534764bc9827d9baad228f - - default default] Added segment 77a7c401-6c95-465a-af06-69b6d52d7fe6 of type geneve for network 18130f5a-1683-4afb-a65f-2e30e97ff09f
2026-06-16 05:09:50.597 7 INFO neutron.db.ovn_revision_numbers_db [None req-e0176b04-61cf-47cb-b65a-61ed2b4a339d 0485af14b5b54b71b4f7f987ad995545 2d5acbb5cee842c38545247ca6ac6b38 - - default default] Successfully bumped revision number for resource b4f840c1-fd1b-46ff-a165-426197453eb1 (type: security_group_rules) to 0
2026-06-16 05:09:50.676 7 INFO neutron.db.segments_db [None req-e0176b04-61cf-47cb-b65a-61ed2b4a339d 0485af14b5b54b71b4f7f987ad995545 2d5acbb5cee842c38545247ca6ac6b38 - - default default] Added segment d5cbb4c3-9e49-455d-bed6-f1301e3287a1 of type geneve for network b81ee3e2-e642-4fc4-9d55-c5517474c93e
2026-06-16 05:09:50.739 8 INFO neutron.db.ovn_revision_numbers_db [None req-f9efd548-5cea-4f4c-98b6-68173e809025 70b3332efe71414c9a4cf031646091ae 720fd48b4c534764bc9827d9baad228f - - default default] Successfully bumped revision number for resource 18130f5a-1683-4afb-a65f-2e30e97ff09f (type: networks) to 1
2026-06-16 05:09:50.790 7 INFO neutron.db.ovn_revision_numbers_db [None req-e0176b04-61cf-47cb-b65a-61ed2b4a339d 0485af14b5b54b71b4f7f987ad995545 2d5acbb5cee842c38545247ca6ac6b38 - - default default] Successfully bumped revision number for resource b81ee3e2-e642-4fc4-9d55-c5517474c93e (type: networks) to 1
2026-06-16 05:09:50.958 8 WARNING neutron.scheduler.dhcp_agent_scheduler [None req-f9efd548-5cea-4f4c-98b6-68173e809025 70b3332efe71414c9a4cf031646091ae 720fd48b4c534764bc9827d9baad228f - - default default] No more DHCP agents
