2026-06-16 05:14:33.884 7 INFO cinder.api.openstack.wsgi [None req-4ffdfef3-d52b-4dc0-a130-c2d36baa79cc 9d423ad161f64bd5af7049c6d3e7f199 e67e4557c86c41d2b0e3c15eac3c6629 - - default default] http://cinder-api.openstack.svc.cluster.local:8776/v3/e67e4557c86c41d2b0e3c15eac3c6629/volumes/detail?all_tenants=true returned with HTTP 200 [pid: 7|app: 0|req: 506/1014] 10.0.0.135 () {28 vars in 684 bytes} [Tue Jun 16 05:14:33 2026] GET /v3/e67e4557c86c41d2b0e3c15eac3c6629/volumes/detail?all_tenants=true => generated 1976 bytes in 27 msecs (HTTP/1.1 200) 7 headers in 286 bytes (1 switches on core 0)
2026-06-16 05:14:33.896 8 INFO cinder.api.openstack.wsgi [None req-3022490e-ab42-42f7-8f64-02fe36091f47 9d423ad161f64bd5af7049c6d3e7f199 e67e4557c86c41d2b0e3c15eac3c6629 - - default default] GET http://cinder-api.openstack.svc.cluster.local:8776/v3/e67e4557c86c41d2b0e3c15eac3c6629/volumes/detail?all_tenants=true
2026-06-16 05:14:33.911 8 INFO cinder.volume.api [None req-3022490e-ab42-42f7-8f64-02fe36091f47 9d423ad161f64bd5af7049c6d3e7f199 e67e4557c86c41d2b0e3c15eac3c6629 - - default default] Get all volumes completed successfully. /var/lib/openstack/lib/python3.12/site-packages/oslo_context/context.py:101: DeprecationWarning: Policy enforcement is depending on the value of is_admin. This key is deprecated. Please update your policy file to use the standard policy values. warnings.warn(
2026-06-16 05:14:33.917 8 INFO cinder.api.openstack.wsgi [None req-3022490e-ab42-42f7-8f64-02fe36091f47 9d423ad161f64bd5af7049c6d3e7f199 e67e4557c86c41d2b0e3c15eac3c6629 - - default default] http://cinder-api.openstack.svc.cluster.local:8776/v3/e67e4557c86c41d2b0e3c15eac3c6629/volumes/detail?all_tenants=true returned with HTTP 200 [pid: 8|app: 0|req: 509/1015] 10.0.0.135 () {28 vars in 684 bytes} [Tue Jun 16 05:14:33 2026] GET /v3/e67e4557c86c41d2b0e3c15eac3c6629/volumes/detail?all_tenants=true => generated 1976 bytes in 29 msecs (HTTP/1.1 200) 7 headers in 286 bytes (1 switches on core 0) /var/lib/openstack/lib/python3.12/site-packages/pycadf/identifier.py:70: UserWarning: Invalid uuid: cinderv3. To ensure interoperability, identifiers should be a valid uuid. warnings.warn(('Invalid uuid: %s. To ensure interoperability, '
2026-06-16 05:14:33.972 7 INFO cinder.api.openstack.wsgi [None req-b11e5eac-761b-4cc4-8f4f-9f8984ac0750 9d423ad161f64bd5af7049c6d3e7f199 e67e4557c86c41d2b0e3c15eac3c6629 - - default default] GET http://cinder-api.openstack.svc.cluster.local:8776/v3/e67e4557c86c41d2b0e3c15eac3c6629/os-quota-sets/12fea50194414fbcb205080bee0d5fe1?usage=true
2026-06-16 05:14:33.999 7 INFO cinder.api.openstack.wsgi [None req-b11e5eac-761b-4cc4-8f4f-9f8984ac0750 9d423ad161f64bd5af7049c6d3e7f199 e67e4557c86c41d2b0e3c15eac3c6629 - - default default] http://cinder-api.openstack.svc.cluster.local:8776/v3/e67e4557c86c41d2b0e3c15eac3c6629/os-quota-sets/12fea50194414fbcb205080bee0d5fe1?usage=true returned with HTTP 200 [pid: 7|app: 0|req: 507/1016] 10.0.0.135 () {28 vars in 736 bytes} [Tue Jun 16 05:14:33 2026] GET /v3/e67e4557c86c41d2b0e3c15eac3c6629/os-quota-sets/12fea50194414fbcb205080bee0d5fe1?usage=true => generated 847 bytes in 34 msecs (HTTP/1.1 200) 7 headers in 285 bytes (1 switches on core 0) /var/lib/openstack/lib/python3.12/site-packages/pycadf/identifier.py:70: UserWarning: Invalid uuid: cinderv3. To ensure interoperability, identifiers should be a valid uuid. warnings.warn(('Invalid uuid: %s. To ensure interoperability, '
2026-06-16 05:14:34.010 8 INFO cinder.api.openstack.wsgi [None req-724e3af7-5d8d-403e-ab44-023028235b1f 9d423ad161f64bd5af7049c6d3e7f199 e67e4557c86c41d2b0e3c15eac3c6629 - - default default] GET http://cinder-api.openstack.svc.cluster.local:8776/v3/e67e4557c86c41d2b0e3c15eac3c6629/os-quota-sets/4695f6c2375949b5aa8ec831818d163c?usage=true
2026-06-16 05:14:34.032 8 INFO cinder.api.openstack.wsgi [None req-724e3af7-5d8d-403e-ab44-023028235b1f 9d423ad161f64bd5af7049c6d3e7f199 e67e4557c86c41d2b0e3c15eac3c6629 - - default default] http://cinder-api.openstack.svc.cluster.local:8776/v3/e67e4557c86c41d2b0e3c15eac3c6629/os-quota-sets/4695f6c2375949b5aa8ec831818d163c?usage=true returned with HTTP 200 [pid: 8|app: 0|req: 510/1017] 10.0.0.135 () {28 vars in 736 bytes} [Tue Jun 16 05:14:34 2026] GET /v3/e67e4557c86c41d2b0e3c15eac3c6629/os-quota-sets/4695f6c2375949b5aa8ec831818d163c?usage=true => generated 847 bytes in 28 msecs (HTTP/1.1 200) 7 headers in 285 bytes (1 switches on core 0)
2026-06-16 05:14:34.045 7 INFO cinder.api.openstack.wsgi [None req-7863da40-34af-4e23-8b63-b71f9118805b 9d423ad161f64bd5af7049c6d3e7f199 e67e4557c86c41d2b0e3c15eac3c6629 - - default default] GET http://cinder-api.openstack.svc.cluster.local:8776/v3/e67e4557c86c41d2b0e3c15eac3c6629/os-quota-sets/5a7cac6f2e114b0a86df7373e8aa01ed?usage=true
2026-06-16 05:14:34.065 7 INFO cinder.api.openstack.wsgi [None req-7863da40-34af-4e23-8b63-b71f9118805b 9d423ad161f64bd5af7049c6d3e7f199 e67e4557c86c41d2b0e3c15eac3c6629 - - default default] http://cinder-api.openstack.svc.cluster.local:8776/v3/e67e4557c86c41d2b0e3c15eac3c6629/os-quota-sets/5a7cac6f2e114b0a86df7373e8aa01ed?usage=true returned with HTTP 200 [pid: 7|app: 0|req: 508/1018] 10.0.0.135 () {28 vars in 736 bytes} [Tue Jun 16 05:14:34 2026] GET /v3/e67e4557c86c41d2b0e3c15eac3c6629/os-quota-sets/5a7cac6f2e114b0a86df7373e8aa01ed?usage=true => generated 847 bytes in 28 msecs (HTTP/1.1 200) 7 headers in 285 bytes (1 switches on core 0)
2026-06-16 05:14:34.074 8 INFO cinder.api.openstack.wsgi [None req-6f97122d-d05f-4a8b-8797-83926df9fa49 9d423ad161f64bd5af7049c6d3e7f199 e67e4557c86c41d2b0e3c15eac3c6629 - - default default] GET http://cinder-api.openstack.svc.cluster.local:8776/v3/e67e4557c86c41d2b0e3c15eac3c6629/os-quota-sets/677093c4c6704d65ad2e6d3147a4bf74?usage=true
2026-06-16 05:14:34.097 8 INFO cinder.api.openstack.wsgi [None req-6f97122d-d05f-4a8b-8797-83926df9fa49 9d423ad161f64bd5af7049c6d3e7f199 e67e4557c86c41d2b0e3c15eac3c6629 - - default default] http://cinder-api.openstack.svc.cluster.local:8776/v3/e67e4557c86c41d2b0e3c15eac3c6629/os-quota-sets/677093c4c6704d65ad2e6d3147a4bf74?usage=true returned with HTTP 200 [pid: 8|app: 0|req: 511/1019] 10.0.0.135 () {28 vars in 736 bytes} [Tue Jun 16 05:14:34 2026] GET /v3/e67e4557c86c41d2b0e3c15eac3c6629/os-quota-sets/677093c4c6704d65ad2e6d3147a4bf74?usage=true => generated 847 bytes in 28 msecs (HTTP/1.1 200) 7 headers in 285 bytes (1 switches on core 0)
2026-06-16 05:14:34.111 7 INFO cinder.api.openstack.wsgi [None req-23194258-9a20-4b27-b789-2f60c6483cff 9d423ad161f64bd5af7049c6d3e7f199 e67e4557c86c41d2b0e3c15eac3c6629 - - default default] GET http://cinder-api.openstack.svc.cluster.local:8776/v3/e67e4557c86c41d2b0e3c15eac3c6629/os-quota-sets/69ec1a3ba8f1434092af63aed4ba8a6b?usage=true
2026-06-16 05:14:34.133 7 INFO cinder.api.openstack.wsgi [None req-23194258-9a20-4b27-b789-2f60c6483cff 9d423ad161f64bd5af7049c6d3e7f199 e67e4557c86c41d2b0e3c15eac3c6629 - - default default] http://cinder-api.openstack.svc.cluster.local:8776/v3/e67e4557c86c41d2b0e3c15eac3c6629/os-quota-sets/69ec1a3ba8f1434092af63aed4ba8a6b?usage=true returned with HTTP 200 [pid: 7|app: 0|req: 509/1020] 10.0.0.135 () {28 vars in 736 bytes} [Tue Jun 16 05:14:34 2026] GET /v3/e67e4557c86c41d2b0e3c15eac3c6629/os-quota-sets/69ec1a3ba8f1434092af63aed4ba8a6b?usage=true => generated 847 bytes in 32 msecs (HTTP/1.1 200) 7 headers in 285 bytes (1 switches on core 0)
2026-06-16 05:14:34.144 8 INFO cinder.api.openstack.wsgi [None req-3d706286-e4c1-4bfc-a8c8-91dd3cd8c785 9d423ad161f64bd5af7049c6d3e7f199 e67e4557c86c41d2b0e3c15eac3c6629 - - default default] GET http://cinder-api.openstack.svc.cluster.local:8776/v3/e67e4557c86c41d2b0e3c15eac3c6629/os-quota-sets/6ec0076c52b1424084294916232c27f4?usage=true
2026-06-16 05:14:34.172 8 INFO cinder.api.openstack.wsgi [None req-3d706286-e4c1-4bfc-a8c8-91dd3cd8c785 9d423ad161f64bd5af7049c6d3e7f199 e67e4557c86c41d2b0e3c15eac3c6629 - - default default] http://cinder-api.openstack.svc.cluster.local:8776/v3/e67e4557c86c41d2b0e3c15eac3c6629/os-quota-sets/6ec0076c52b1424084294916232c27f4?usage=true returned with HTTP 200 [pid: 8|app: 0|req: 512/1021] 10.0.0.135 () {28 vars in 736 bytes} [Tue Jun 16 05:14:34 2026] GET /v3/e67e4557c86c41d2b0e3c15eac3c6629/os-quota-sets/6ec0076c52b1424084294916232c27f4?usage=true => generated 847 bytes in 35 msecs (HTTP/1.1 200) 7 headers in 285 bytes (1 switches on core 0)
2026-06-16 05:14:34.184 7 INFO cinder.api.openstack.wsgi [None req-cf54013e-05aa-4199-8a3c-4c5aa55ecc2e 9d423ad161f64bd5af7049c6d3e7f199 e67e4557c86c41d2b0e3c15eac3c6629 - - default default] GET http://cinder-api.openstack.svc.cluster.local:8776/v3/e67e4557c86c41d2b0e3c15eac3c6629/os-quota-sets/a39269ce832c461d9f713f488bd8cc91?usage=true
2026-06-16 05:14:34.200 7 INFO cinder.api.openstack.wsgi [None req-cf54013e-05aa-4199-8a3c-4c5aa55ecc2e 9d423ad161f64bd5af7049c6d3e7f199 e67e4557c86c41d2b0e3c15eac3c6629 - - default default] http://cinder-api.openstack.svc.cluster.local:8776/v3/e67e4557c86c41d2b0e3c15eac3c6629/os-quota-sets/a39269ce832c461d9f713f488bd8cc91?usage=true returned with HTTP 200 [pid: 7|app: 0|req: 510/1022] 10.0.0.135 () {28 vars in 736 bytes} [Tue Jun 16 05:14:34 2026] GET /v3/e67e4557c86c41d2b0e3c15eac3c6629/os-quota-sets/a39269ce832c461d9f713f488bd8cc91?usage=true => generated 847 bytes in 23 msecs (HTTP/1.1 200) 7 headers in 285 bytes (1 switches on core 0)
2026-06-16 05:14:34.213 8 INFO cinder.api.openstack.wsgi [None req-32f7c2b7-f440-4f13-8a65-b968f87de1dd 9d423ad161f64bd5af7049c6d3e7f199 e67e4557c86c41d2b0e3c15eac3c6629 - - default default] GET http://cinder-api.openstack.svc.cluster.local:8776/v3/e67e4557c86c41d2b0e3c15eac3c6629/os-quota-sets/a6b100eaa49647d191554d4a5d702bb3?usage=true
2026-06-16 05:14:34.232 8 INFO cinder.api.openstack.wsgi [None req-32f7c2b7-f440-4f13-8a65-b968f87de1dd 9d423ad161f64bd5af7049c6d3e7f199 e67e4557c86c41d2b0e3c15eac3c6629 - - default default] http://cinder-api.openstack.svc.cluster.local:8776/v3/e67e4557c86c41d2b0e3c15eac3c6629/os-quota-sets/a6b100eaa49647d191554d4a5d702bb3?usage=true returned with HTTP 200 [pid: 8|app: 0|req: 513/1023] 10.0.0.135 () {28 vars in 736 bytes} [Tue Jun 16 05:14:34 2026] GET /v3/e67e4557c86c41d2b0e3c15eac3c6629/os-quota-sets/a6b100eaa49647d191554d4a5d702bb3?usage=true => generated 847 bytes in 27 msecs (HTTP/1.1 200) 7 headers in 285 bytes (1 switches on core 0)
2026-06-16 05:14:34.241 7 INFO cinder.api.openstack.wsgi [None req-126eb207-8919-432f-ae22-7d05dd47b915 9d423ad161f64bd5af7049c6d3e7f199 e67e4557c86c41d2b0e3c15eac3c6629 - - default default] GET http://cinder-api.openstack.svc.cluster.local:8776/v3/e67e4557c86c41d2b0e3c15eac3c6629/os-quota-sets/d131668d0adf4cbe9f0ab80a3105a1fd?usage=true
2026-06-16 05:14:34.261 7 INFO cinder.api.openstack.wsgi [None req-126eb207-8919-432f-ae22-7d05dd47b915 9d423ad161f64bd5af7049c6d3e7f199 e67e4557c86c41d2b0e3c15eac3c6629 - - default default] http://cinder-api.openstack.svc.cluster.local:8776/v3/e67e4557c86c41d2b0e3c15eac3c6629/os-quota-sets/d131668d0adf4cbe9f0ab80a3105a1fd?usage=true returned with HTTP 200 [pid: 7|app: 0|req: 511/1024] 10.0.0.135 () {28 vars in 736 bytes} [Tue Jun 16 05:14:34 2026] GET /v3/e67e4557c86c41d2b0e3c15eac3c6629/os-quota-sets/d131668d0adf4cbe9f0ab80a3105a1fd?usage=true => generated 845 bytes in 27 msecs (HTTP/1.1 200) 7 headers in 285 bytes (1 switches on core 0)
2026-06-16 05:14:34.276 8 INFO cinder.api.openstack.wsgi [None req-fcb08d5c-88d8-4798-bd3c-26ead6e4c797 9d423ad161f64bd5af7049c6d3e7f199 e67e4557c86c41d2b0e3c15eac3c6629 - - default default] GET http://cinder-api.openstack.svc.cluster.local:8776/v3/e67e4557c86c41d2b0e3c15eac3c6629/os-quota-sets/e67e4557c86c41d2b0e3c15eac3c6629?usage=true
2026-06-16 05:14:34.297 8 INFO cinder.api.openstack.wsgi [None req-fcb08d5c-88d8-4798-bd3c-26ead6e4c797 9d423ad161f64bd5af7049c6d3e7f199 e67e4557c86c41d2b0e3c15eac3c6629 - - default default] http://cinder-api.openstack.svc.cluster.local:8776/v3/e67e4557c86c41d2b0e3c15eac3c6629/os-quota-sets/e67e4557c86c41d2b0e3c15eac3c6629?usage=true returned with HTTP 200 [pid: 8|app: 0|req: 514/1025] 10.0.0.135 () {28 vars in 736 bytes} [Tue Jun 16 05:14:34 2026] GET /v3/e67e4557c86c41d2b0e3c15eac3c6629/os-quota-sets/e67e4557c86c41d2b0e3c15eac3c6629?usage=true => generated 847 bytes in 29 msecs (HTTP/1.1 200) 7 headers in 285 bytes (1 switches on core 0)
2026-06-16 05:14:34.308 7 INFO cinder.api.openstack.wsgi [None req-f2653ea7-1451-4757-9760-71ee35bf977c 9d423ad161f64bd5af7049c6d3e7f199 e67e4557c86c41d2b0e3c15eac3c6629 - - default default] GET http://cinder-api.openstack.svc.cluster.local:8776/v3/e67e4557c86c41d2b0e3c15eac3c6629/os-quota-sets/f50186b8c3654276b0c9f61417dfcd18?usage=true
2026-06-16 05:14:34.330 7 INFO cinder.api.openstack.wsgi [None req-f2653ea7-1451-4757-9760-71ee35bf977c 9d423ad161f64bd5af7049c6d3e7f199 e67e4557c86c41d2b0e3c15eac3c6629 - - default default] http://cinder-api.openstack.svc.cluster.local:8776/v3/e67e4557c86c41d2b0e3c15eac3c6629/os-quota-sets/f50186b8c3654276b0c9f61417dfcd18?usage=true returned with HTTP 200 [pid: 7|app: 0|req: 512/1026] 10.0.0.135 () {28 vars in 736 bytes} [Tue Jun 16 05:14:34 2026] GET /v3/e67e4557c86c41d2b0e3c15eac3c6629/os-quota-sets/f50186b8c3654276b0c9f61417dfcd18?usage=true => generated 847 bytes in 29 msecs (HTTP/1.1 200) 7 headers in 285 bytes (1 switches on core 0)
2026-06-16 05:14:42.772 8 INFO cinder.api.openstack.wsgi [None req-fcb08d5c-88d8-4798-bd3c-26ead6e4c797 9d423ad161f64bd5af7049c6d3e7f199 e67e4557c86c41d2b0e3c15eac3c6629 - - default default] GET http://10.0.0.53:8776/
2026-06-16 05:14:42.772 7 INFO cinder.api.openstack.wsgi [None req-f2653ea7-1451-4757-9760-71ee35bf977c 9d423ad161f64bd5af7049c6d3e7f199 e67e4557c86c41d2b0e3c15eac3c6629 - - default default] GET http://10.0.0.53:8776/
2026-06-16 05:14:42.773 8 INFO cinder.api.openstack.wsgi [None req-fcb08d5c-88d8-4798-bd3c-26ead6e4c797 9d423ad161f64bd5af7049c6d3e7f199 e67e4557c86c41d2b0e3c15eac3c6629 - - default default] http://10.0.0.53:8776/ returned with HTTP 300
2026-06-16 05:14:42.773 7 INFO cinder.api.openstack.wsgi [None req-f2653ea7-1451-4757-9760-71ee35bf977c 9d423ad161f64bd5af7049c6d3e7f199 e67e4557c86c41d2b0e3c15eac3c6629 - - default default] http://10.0.0.53:8776/ returned with HTTP 300
2026-06-16 05:14:52.771 8 INFO cinder.api.openstack.wsgi [None req-fcb08d5c-88d8-4798-bd3c-26ead6e4c797 9d423ad161f64bd5af7049c6d3e7f199 e67e4557c86c41d2b0e3c15eac3c6629 - - default default] GET http://10.0.0.53:8776/
2026-06-16 05:14:52.772 8 INFO cinder.api.openstack.wsgi [None req-fcb08d5c-88d8-4798-bd3c-26ead6e4c797 9d423ad161f64bd5af7049c6d3e7f199 e67e4557c86c41d2b0e3c15eac3c6629 - - default default] http://10.0.0.53:8776/ returned with HTTP 300
2026-06-16 05:14:52.772 7 INFO cinder.api.openstack.wsgi [None req-f2653ea7-1451-4757-9760-71ee35bf977c 9d423ad161f64bd5af7049c6d3e7f199 e67e4557c86c41d2b0e3c15eac3c6629 - - default default] GET http://10.0.0.53:8776/
2026-06-16 05:14:52.773 7 INFO cinder.api.openstack.wsgi [None req-f2653ea7-1451-4757-9760-71ee35bf977c 9d423ad161f64bd5af7049c6d3e7f199 e67e4557c86c41d2b0e3c15eac3c6629 - - default default] http://10.0.0.53:8776/ returned with HTTP 300
2026-06-16 05:15:02.771 8 INFO cinder.api.openstack.wsgi [None req-fcb08d5c-88d8-4798-bd3c-26ead6e4c797 9d423ad161f64bd5af7049c6d3e7f199 e67e4557c86c41d2b0e3c15eac3c6629 - - default default] GET http://10.0.0.53:8776/
2026-06-16 05:15:02.771 7 INFO cinder.api.openstack.wsgi [None req-f2653ea7-1451-4757-9760-71ee35bf977c 9d423ad161f64bd5af7049c6d3e7f199 e67e4557c86c41d2b0e3c15eac3c6629 - - default default] GET http://10.0.0.53:8776/
2026-06-16 05:15:02.773 7 INFO cinder.api.openstack.wsgi [None req-f2653ea7-1451-4757-9760-71ee35bf977c 9d423ad161f64bd5af7049c6d3e7f199 e67e4557c86c41d2b0e3c15eac3c6629 - - default default] http://10.0.0.53:8776/ returned with HTTP 300
2026-06-16 05:15:02.773 8 INFO cinder.api.openstack.wsgi [None req-fcb08d5c-88d8-4798-bd3c-26ead6e4c797 9d423ad161f64bd5af7049c6d3e7f199 e67e4557c86c41d2b0e3c15eac3c6629 - - default default] http://10.0.0.53:8776/ returned with HTTP 300
2026-06-16 05:15:12.771 7 INFO cinder.api.openstack.wsgi [None req-f2653ea7-1451-4757-9760-71ee35bf977c 9d423ad161f64bd5af7049c6d3e7f199 e67e4557c86c41d2b0e3c15eac3c6629 - - default default] GET http://10.0.0.53:8776/
2026-06-16 05:15:12.771 8 INFO cinder.api.openstack.wsgi [None req-fcb08d5c-88d8-4798-bd3c-26ead6e4c797 9d423ad161f64bd5af7049c6d3e7f199 e67e4557c86c41d2b0e3c15eac3c6629 - - default default] GET http://10.0.0.53:8776/
2026-06-16 05:15:12.772 7 INFO cinder.api.openstack.wsgi [None req-f2653ea7-1451-4757-9760-71ee35bf977c 9d423ad161f64bd5af7049c6d3e7f199 e67e4557c86c41d2b0e3c15eac3c6629 - - default default] http://10.0.0.53:8776/ returned with HTTP 300
2026-06-16 05:15:12.772 8 INFO cinder.api.openstack.wsgi [None req-fcb08d5c-88d8-4798-bd3c-26ead6e4c797 9d423ad161f64bd5af7049c6d3e7f199 e67e4557c86c41d2b0e3c15eac3c6629 - - default default] http://10.0.0.53:8776/ returned with HTTP 300
2026-06-16 05:15:22.771 7 INFO cinder.api.openstack.wsgi [None req-f2653ea7-1451-4757-9760-71ee35bf977c 9d423ad161f64bd5af7049c6d3e7f199 e67e4557c86c41d2b0e3c15eac3c6629 - - default default] GET http://10.0.0.53:8776/
2026-06-16 05:15:22.771 8 INFO cinder.api.openstack.wsgi [None req-fcb08d5c-88d8-4798-bd3c-26ead6e4c797 9d423ad161f64bd5af7049c6d3e7f199 e67e4557c86c41d2b0e3c15eac3c6629 - - default default] GET http://10.0.0.53:8776/
2026-06-16 05:15:22.772 7 INFO cinder.api.openstack.wsgi [None req-f2653ea7-1451-4757-9760-71ee35bf977c 9d423ad161f64bd5af7049c6d3e7f199 e67e4557c86c41d2b0e3c15eac3c6629 - - default default] http://10.0.0.53:8776/ returned with HTTP 300
2026-06-16 05:15:22.772 8 INFO cinder.api.openstack.wsgi [None req-fcb08d5c-88d8-4798-bd3c-26ead6e4c797 9d423ad161f64bd5af7049c6d3e7f199 e67e4557c86c41d2b0e3c15eac3c6629 - - default default] http://10.0.0.53:8776/ returned with HTTP 300
2026-06-16 05:15:32.772 8 INFO cinder.api.openstack.wsgi [None req-fcb08d5c-88d8-4798-bd3c-26ead6e4c797 9d423ad161f64bd5af7049c6d3e7f199 e67e4557c86c41d2b0e3c15eac3c6629 - - default default] GET http://10.0.0.53:8776/
2026-06-16 05:15:32.772 7 INFO cinder.api.openstack.wsgi [None req-f2653ea7-1451-4757-9760-71ee35bf977c 9d423ad161f64bd5af7049c6d3e7f199 e67e4557c86c41d2b0e3c15eac3c6629 - - default default] GET http://10.0.0.53:8776/
2026-06-16 05:15:32.773 8 INFO cinder.api.openstack.wsgi [None req-fcb08d5c-88d8-4798-bd3c-26ead6e4c797 9d423ad161f64bd5af7049c6d3e7f199 e67e4557c86c41d2b0e3c15eac3c6629 - - default default] http://10.0.0.53:8776/ returned with HTTP 300
2026-06-16 05:15:32.774 7 INFO cinder.api.openstack.wsgi [None req-f2653ea7-1451-4757-9760-71ee35bf977c 9d423ad161f64bd5af7049c6d3e7f199 e67e4557c86c41d2b0e3c15eac3c6629 - - default default] http://10.0.0.53:8776/ returned with HTTP 300
2026-06-16 05:15:33.307 8 INFO cinder.api.openstack.wsgi [None req-dc00ce1b-b722-42d4-922b-5750b5deedd2 9d423ad161f64bd5af7049c6d3e7f199 e67e4557c86c41d2b0e3c15eac3c6629 - - default default] GET http://cinder-api.openstack.svc.cluster.local:8776/v3/e67e4557c86c41d2b0e3c15eac3c6629/os-services
2026-06-16 05:15:33.315 8 INFO cinder.api.openstack.wsgi [None req-dc00ce1b-b722-42d4-922b-5750b5deedd2 9d423ad161f64bd5af7049c6d3e7f199 e67e4557c86c41d2b0e3c15eac3c6629 - - default default] http://cinder-api.openstack.svc.cluster.local:8776/v3/e67e4557c86c41d2b0e3c15eac3c6629/os-services returned with HTTP 200 [pid: 8|app: 0|req: 521/1039] 10.0.0.135 () {28 vars in 645 bytes} [Tue Jun 16 05:15:33 2026] GET /v3/e67e4557c86c41d2b0e3c15eac3c6629/os-services => generated 646 bytes in 51 msecs (HTTP/1.1 200) 7 headers in 285 bytes (1 switches on core 0)
2026-06-16 05:15:33.374 7 INFO cinder.api.openstack.wsgi [None req-c8aac59d-b1b2-4ef0-93fb-07f952bf597f 9d423ad161f64bd5af7049c6d3e7f199 e67e4557c86c41d2b0e3c15eac3c6629 - - default default] GET http://cinder-api.openstack.svc.cluster.local:8776/v3/e67e4557c86c41d2b0e3c15eac3c6629/os-quota-sets/12fea50194414fbcb205080bee0d5fe1?usage=true
2026-06-16 05:15:33.395 7 INFO cinder.api.openstack.wsgi [None req-c8aac59d-b1b2-4ef0-93fb-07f952bf597f 9d423ad161f64bd5af7049c6d3e7f199 e67e4557c86c41d2b0e3c15eac3c6629 - - default default] http://cinder-api.openstack.svc.cluster.local:8776/v3/e67e4557c86c41d2b0e3c15eac3c6629/os-quota-sets/12fea50194414fbcb205080bee0d5fe1?usage=true returned with HTTP 200 [pid: 7|app: 0|req: 519/1040] 10.0.0.135 () {28 vars in 736 bytes} [Tue Jun 16 05:15:33 2026] GET /v3/e67e4557c86c41d2b0e3c15eac3c6629/os-quota-sets/12fea50194414fbcb205080bee0d5fe1?usage=true => generated 847 bytes in 32 msecs (HTTP/1.1 200) 7 headers in 285 bytes (1 switches on core 0)
2026-06-16 05:15:33.417 8 INFO cinder.api.openstack.wsgi [None req-6bf801ec-4afd-4ab2-969b-46f7e8dd1df4 9d423ad161f64bd5af7049c6d3e7f199 e67e4557c86c41d2b0e3c15eac3c6629 - - default default] GET http://cinder-api.openstack.svc.cluster.local:8776/v3/e67e4557c86c41d2b0e3c15eac3c6629/os-quota-sets/4695f6c2375949b5aa8ec831818d163c?usage=true
2026-06-16 05:15:33.439 8 INFO cinder.api.openstack.wsgi [None req-6bf801ec-4afd-4ab2-969b-46f7e8dd1df4 9d423ad161f64bd5af7049c6d3e7f199 e67e4557c86c41d2b0e3c15eac3c6629 - - default default] http://cinder-api.openstack.svc.cluster.local:8776/v3/e67e4557c86c41d2b0e3c15eac3c6629/os-quota-sets/4695f6c2375949b5aa8ec831818d163c?usage=true returned with HTTP 200 [pid: 8|app: 0|req: 522/1041] 10.0.0.135 () {28 vars in 736 bytes} [Tue Jun 16 05:15:33 2026] GET /v3/e67e4557c86c41d2b0e3c15eac3c6629/os-quota-sets/4695f6c2375949b5aa8ec831818d163c?usage=true => generated 847 bytes in 37 msecs (HTTP/1.1 200) 7 headers in 285 bytes (1 switches on core 0)
2026-06-16 05:15:33.454 7 INFO cinder.api.openstack.wsgi [None req-15c05974-9585-494b-9277-0460c7cb3fd9 9d423ad161f64bd5af7049c6d3e7f199 e67e4557c86c41d2b0e3c15eac3c6629 - - default default] GET http://cinder-api.openstack.svc.cluster.local:8776/v3/e67e4557c86c41d2b0e3c15eac3c6629/os-quota-sets/5a7cac6f2e114b0a86df7373e8aa01ed?usage=true
2026-06-16 05:15:33.481 7 INFO cinder.api.openstack.wsgi [None req-15c05974-9585-494b-9277-0460c7cb3fd9 9d423ad161f64bd5af7049c6d3e7f199 e67e4557c86c41d2b0e3c15eac3c6629 - - default default] http://cinder-api.openstack.svc.cluster.local:8776/v3/e67e4557c86c41d2b0e3c15eac3c6629/os-quota-sets/5a7cac6f2e114b0a86df7373e8aa01ed?usage=true returned with HTTP 200 [pid: 7|app: 0|req: 520/1042] 10.0.0.135 () {28 vars in 736 bytes} [Tue Jun 16 05:15:33 2026] GET /v3/e67e4557c86c41d2b0e3c15eac3c6629/os-quota-sets/5a7cac6f2e114b0a86df7373e8aa01ed?usage=true => generated 847 bytes in 38 msecs (HTTP/1.1 200) 7 headers in 285 bytes (1 switches on core 0)
2026-06-16 05:15:33.492 8 INFO cinder.api.openstack.wsgi [None req-8ea97450-fae6-4c58-bebc-481fc78489b0 9d423ad161f64bd5af7049c6d3e7f199 e67e4557c86c41d2b0e3c15eac3c6629 - - default default] GET http://cinder-api.openstack.svc.cluster.local:8776/v3/e67e4557c86c41d2b0e3c15eac3c6629/os-quota-sets/677093c4c6704d65ad2e6d3147a4bf74?usage=true
2026-06-16 05:15:33.515 8 INFO cinder.api.openstack.wsgi [None req-8ea97450-fae6-4c58-bebc-481fc78489b0 9d423ad161f64bd5af7049c6d3e7f199 e67e4557c86c41d2b0e3c15eac3c6629 - - default default] http://cinder-api.openstack.svc.cluster.local:8776/v3/e67e4557c86c41d2b0e3c15eac3c6629/os-quota-sets/677093c4c6704d65ad2e6d3147a4bf74?usage=true returned with HTTP 200 [pid: 8|app: 0|req: 523/1043] 10.0.0.135 () {28 vars in 736 bytes} [Tue Jun 16 05:15:33 2026] GET /v3/e67e4557c86c41d2b0e3c15eac3c6629/os-quota-sets/677093c4c6704d65ad2e6d3147a4bf74?usage=true => generated 847 bytes in 30 msecs (HTTP/1.1 200) 7 headers in 285 bytes (1 switches on core 0)
2026-06-16 05:15:33.527 7 INFO cinder.api.openstack.wsgi [None req-d4f7d337-7b13-406c-a3e6-f7164f489d46 9d423ad161f64bd5af7049c6d3e7f199 e67e4557c86c41d2b0e3c15eac3c6629 - - default default] GET http://cinder-api.openstack.svc.cluster.local:8776/v3/e67e4557c86c41d2b0e3c15eac3c6629/os-quota-sets/69ec1a3ba8f1434092af63aed4ba8a6b?usage=true
2026-06-16 05:15:33.550 7 INFO cinder.api.openstack.wsgi [None req-d4f7d337-7b13-406c-a3e6-f7164f489d46 9d423ad161f64bd5af7049c6d3e7f199 e67e4557c86c41d2b0e3c15eac3c6629 - - default default] http://cinder-api.openstack.svc.cluster.local:8776/v3/e67e4557c86c41d2b0e3c15eac3c6629/os-quota-sets/69ec1a3ba8f1434092af63aed4ba8a6b?usage=true returned with HTTP 200 [pid: 7|app: 0|req: 521/1044] 10.0.0.135 () {28 vars in 736 bytes} [Tue Jun 16 05:15:33 2026] GET /v3/e67e4557c86c41d2b0e3c15eac3c6629/os-quota-sets/69ec1a3ba8f1434092af63aed4ba8a6b?usage=true => generated 847 bytes in 30 msecs (HTTP/1.1 200) 7 headers in 285 bytes (1 switches on core 0)
2026-06-16 05:15:33.563 8 INFO cinder.api.openstack.wsgi [None req-eaa01072-dfaf-4e10-b3f0-5beec4513ac6 9d423ad161f64bd5af7049c6d3e7f199 e67e4557c86c41d2b0e3c15eac3c6629 - - default default] GET http://cinder-api.openstack.svc.cluster.local:8776/v3/e67e4557c86c41d2b0e3c15eac3c6629/os-quota-sets/6ec0076c52b1424084294916232c27f4?usage=true
2026-06-16 05:15:33.583 8 INFO cinder.api.openstack.wsgi [None req-eaa01072-dfaf-4e10-b3f0-5beec4513ac6 9d423ad161f64bd5af7049c6d3e7f199 e67e4557c86c41d2b0e3c15eac3c6629 - - default default] http://cinder-api.openstack.svc.cluster.local:8776/v3/e67e4557c86c41d2b0e3c15eac3c6629/os-quota-sets/6ec0076c52b1424084294916232c27f4?usage=true returned with HTTP 200 [pid: 8|app: 0|req: 524/1045] 10.0.0.135 () {28 vars in 736 bytes} [Tue Jun 16 05:15:33 2026] GET /v3/e67e4557c86c41d2b0e3c15eac3c6629/os-quota-sets/6ec0076c52b1424084294916232c27f4?usage=true => generated 847 bytes in 28 msecs (HTTP/1.1 200) 7 headers in 285 bytes (1 switches on core 0)
2026-06-16 05:15:33.597 7 INFO cinder.api.openstack.wsgi [None req-86d7f73c-6bf6-414f-bf7a-126d125a0263 9d423ad161f64bd5af7049c6d3e7f199 e67e4557c86c41d2b0e3c15eac3c6629 - - default default] GET http://cinder-api.openstack.svc.cluster.local:8776/v3/e67e4557c86c41d2b0e3c15eac3c6629/os-quota-sets/a39269ce832c461d9f713f488bd8cc91?usage=true
2026-06-16 05:15:33.629 7 INFO cinder.api.openstack.wsgi [None req-86d7f73c-6bf6-414f-bf7a-126d125a0263 9d423ad161f64bd5af7049c6d3e7f199 e67e4557c86c41d2b0e3c15eac3c6629 - - default default] http://cinder-api.openstack.svc.cluster.local:8776/v3/e67e4557c86c41d2b0e3c15eac3c6629/os-quota-sets/a39269ce832c461d9f713f488bd8cc91?usage=true returned with HTTP 200 [pid: 7|app: 0|req: 522/1046] 10.0.0.135 () {28 vars in 736 bytes} [Tue Jun 16 05:15:33 2026] GET /v3/e67e4557c86c41d2b0e3c15eac3c6629/os-quota-sets/a39269ce832c461d9f713f488bd8cc91?usage=true => generated 847 bytes in 41 msecs (HTTP/1.1 200) 7 headers in 285 bytes (1 switches on core 0)
2026-06-16 05:15:33.642 8 INFO cinder.api.openstack.wsgi [None req-3253b752-2019-4b14-a29b-daf23e6a0fc8 9d423ad161f64bd5af7049c6d3e7f199 e67e4557c86c41d2b0e3c15eac3c6629 - - default default] GET http://cinder-api.openstack.svc.cluster.local:8776/v3/e67e4557c86c41d2b0e3c15eac3c6629/os-quota-sets/a6b100eaa49647d191554d4a5d702bb3?usage=true
2026-06-16 05:15:33.659 8 INFO cinder.api.openstack.wsgi [None req-3253b752-2019-4b14-a29b-daf23e6a0fc8 9d423ad161f64bd5af7049c6d3e7f199 e67e4557c86c41d2b0e3c15eac3c6629 - - default default] http://cinder-api.openstack.svc.cluster.local:8776/v3/e67e4557c86c41d2b0e3c15eac3c6629/os-quota-sets/a6b100eaa49647d191554d4a5d702bb3?usage=true returned with HTTP 200 [pid: 8|app: 0|req: 525/1047] 10.0.0.135 () {28 vars in 736 bytes} [Tue Jun 16 05:15:33 2026] GET /v3/e67e4557c86c41d2b0e3c15eac3c6629/os-quota-sets/a6b100eaa49647d191554d4a5d702bb3?usage=true => generated 847 bytes in 26 msecs (HTTP/1.1 200) 7 headers in 285 bytes (1 switches on core 0)
2026-06-16 05:15:33.677 7 INFO cinder.api.openstack.wsgi [None req-c1c31ea6-39cd-49ee-ad0d-5f4dddf29ccd 9d423ad161f64bd5af7049c6d3e7f199 e67e4557c86c41d2b0e3c15eac3c6629 - - default default] GET http://cinder-api.openstack.svc.cluster.local:8776/v3/e67e4557c86c41d2b0e3c15eac3c6629/os-quota-sets/d131668d0adf4cbe9f0ab80a3105a1fd?usage=true
2026-06-16 05:15:33.700 7 INFO cinder.api.openstack.wsgi [None req-c1c31ea6-39cd-49ee-ad0d-5f4dddf29ccd 9d423ad161f64bd5af7049c6d3e7f199 e67e4557c86c41d2b0e3c15eac3c6629 - - default default] http://cinder-api.openstack.svc.cluster.local:8776/v3/e67e4557c86c41d2b0e3c15eac3c6629/os-quota-sets/d131668d0adf4cbe9f0ab80a3105a1fd?usage=true returned with HTTP 200 [pid: 7|app: 0|req: 523/1048] 10.0.0.135 () {28 vars in 736 bytes} [Tue Jun 16 05:15:33 2026] GET /v3/e67e4557c86c41d2b0e3c15eac3c6629/os-quota-sets/d131668d0adf4cbe9f0ab80a3105a1fd?usage=true => generated 845 bytes in 37 msecs (HTTP/1.1 200) 7 headers in 285 bytes (1 switches on core 0)
2026-06-16 05:15:33.711 8 INFO cinder.api.openstack.wsgi [None req-d6fc53f5-b42e-4fc4-a9b0-f15b034074f9 9d423ad161f64bd5af7049c6d3e7f199 e67e4557c86c41d2b0e3c15eac3c6629 - - default default] GET http://cinder-api.openstack.svc.cluster.local:8776/v3/e67e4557c86c41d2b0e3c15eac3c6629/os-quota-sets/e67e4557c86c41d2b0e3c15eac3c6629?usage=true
2026-06-16 05:15:33.730 8 INFO cinder.api.openstack.wsgi [None req-d6fc53f5-b42e-4fc4-a9b0-f15b034074f9 9d423ad161f64bd5af7049c6d3e7f199 e67e4557c86c41d2b0e3c15eac3c6629 - - default default] http://cinder-api.openstack.svc.cluster.local:8776/v3/e67e4557c86c41d2b0e3c15eac3c6629/os-quota-sets/e67e4557c86c41d2b0e3c15eac3c6629?usage=true returned with HTTP 200 [pid: 8|app: 0|req: 526/1049] 10.0.0.135 () {28 vars in 736 bytes} [Tue Jun 16 05:15:33 2026] GET /v3/e67e4557c86c41d2b0e3c15eac3c6629/os-quota-sets/e67e4557c86c41d2b0e3c15eac3c6629?usage=true => generated 847 bytes in 26 msecs (HTTP/1.1 200) 7 headers in 285 bytes (1 switches on core 0)
2026-06-16 05:15:33.743 7 INFO cinder.api.openstack.wsgi [None req-10031723-675e-438e-8902-3328f75ec4c1 9d423ad161f64bd5af7049c6d3e7f199 e67e4557c86c41d2b0e3c15eac3c6629 - - default default] GET http://cinder-api.openstack.svc.cluster.local:8776/v3/e67e4557c86c41d2b0e3c15eac3c6629/os-quota-sets/f50186b8c3654276b0c9f61417dfcd18?usage=true
2026-06-16 05:15:33.761 7 INFO cinder.api.openstack.wsgi [None req-10031723-675e-438e-8902-3328f75ec4c1 9d423ad161f64bd5af7049c6d3e7f199 e67e4557c86c41d2b0e3c15eac3c6629 - - default default] http://cinder-api.openstack.svc.cluster.local:8776/v3/e67e4557c86c41d2b0e3c15eac3c6629/os-quota-sets/f50186b8c3654276b0c9f61417dfcd18?usage=true returned with HTTP 200 [pid: 7|app: 0|req: 524/1050] 10.0.0.135 () {28 vars in 736 bytes} [Tue Jun 16 05:15:33 2026] GET /v3/e67e4557c86c41d2b0e3c15eac3c6629/os-quota-sets/f50186b8c3654276b0c9f61417dfcd18?usage=true => generated 847 bytes in 27 msecs (HTTP/1.1 200) 7 headers in 285 bytes (1 switches on core 0)
2026-06-16 05:15:33.774 8 INFO cinder.api.openstack.wsgi [None req-24208de5-6ccc-4eaf-a213-6e8537ed32f4 9d423ad161f64bd5af7049c6d3e7f199 e67e4557c86c41d2b0e3c15eac3c6629 - - default default] GET http://cinder-api.openstack.svc.cluster.local:8776/v3/e67e4557c86c41d2b0e3c15eac3c6629/snapshots?all_tenants=true
2026-06-16 05:15:33.780 8 INFO cinder.volume.api [None req-24208de5-6ccc-4eaf-a213-6e8537ed32f4 9d423ad161f64bd5af7049c6d3e7f199 e67e4557c86c41d2b0e3c15eac3c6629 - - default default] Get all snapshots completed successfully.
2026-06-16 05:15:33.780 8 INFO cinder.api.openstack.wsgi [None req-24208de5-6ccc-4eaf-a213-6e8537ed32f4 9d423ad161f64bd5af7049c6d3e7f199 e67e4557c86c41d2b0e3c15eac3c6629 - - default default] http://cinder-api.openstack.svc.cluster.local:8776/v3/e67e4557c86c41d2b0e3c15eac3c6629/snapshots?all_tenants=true returned with HTTP 200 [pid: 8|app: 0|req: 527/1051] 10.0.0.135 () {28 vars in 674 bytes} [Tue Jun 16 05:15:33 2026] GET /v3/e67e4557c86c41d2b0e3c15eac3c6629/snapshots?all_tenants=true => generated 17 bytes in 14 msecs (HTTP/1.1 200) 7 headers in 284 bytes (1 switches on core 0)
2026-06-16 05:15:33.803 7 INFO cinder.api.openstack.wsgi [None req-0543754a-b3f7-483c-852b-de46a9620364 9d423ad161f64bd5af7049c6d3e7f199 e67e4557c86c41d2b0e3c15eac3c6629 - - default default] GET http://cinder-api.openstack.svc.cluster.local:8776/v3/e67e4557c86c41d2b0e3c15eac3c6629/volumes/detail?all_tenants=true
2026-06-16 05:15:33.815 7 INFO cinder.volume.api [None req-0543754a-b3f7-483c-852b-de46a9620364 9d423ad161f64bd5af7049c6d3e7f199 e67e4557c86c41d2b0e3c15eac3c6629 - - default default] Get all volumes completed successfully. /var/lib/openstack/lib/python3.12/site-packages/oslo_context/context.py:101: DeprecationWarning: Policy enforcement is depending on the value of is_admin. This key is deprecated. Please update your policy file to use the standard policy values. warnings.warn(
2026-06-16 05:15:33.821 7 INFO cinder.api.openstack.wsgi [None req-0543754a-b3f7-483c-852b-de46a9620364 9d423ad161f64bd5af7049c6d3e7f199 e67e4557c86c41d2b0e3c15eac3c6629 - - default default] http://cinder-api.openstack.svc.cluster.local:8776/v3/e67e4557c86c41d2b0e3c15eac3c6629/volumes/detail?all_tenants=true returned with HTTP 200 [pid: 7|app: 0|req: 525/1052] 10.0.0.135 () {28 vars in 684 bytes} [Tue Jun 16 05:15:33 2026] GET /v3/e67e4557c86c41d2b0e3c15eac3c6629/volumes/detail?all_tenants=true => generated 1976 bytes in 36 msecs (HTTP/1.1 200) 7 headers in 286 bytes (1 switches on core 0)
2026-06-16 05:15:33.837 8 INFO cinder.api.openstack.wsgi [None req-d25a9e6b-35d6-4623-affd-df6a27337ab1 9d423ad161f64bd5af7049c6d3e7f199 e67e4557c86c41d2b0e3c15eac3c6629 - - default default] GET http://cinder-api.openstack.svc.cluster.local:8776/v3/e67e4557c86c41d2b0e3c15eac3c6629/volumes/detail?all_tenants=true
2026-06-16 05:15:33.848 8 INFO cinder.volume.api [None req-d25a9e6b-35d6-4623-affd-df6a27337ab1 9d423ad161f64bd5af7049c6d3e7f199 e67e4557c86c41d2b0e3c15eac3c6629 - - default default] Get all volumes completed successfully. /var/lib/openstack/lib/python3.12/site-packages/oslo_context/context.py:101: DeprecationWarning: Policy enforcement is depending on the value of is_admin. This key is deprecated. Please update your policy file to use the standard policy values. warnings.warn(
2026-06-16 05:15:33.853 8 INFO cinder.api.openstack.wsgi [None req-d25a9e6b-35d6-4623-affd-df6a27337ab1 9d423ad161f64bd5af7049c6d3e7f199 e67e4557c86c41d2b0e3c15eac3c6629 - - default default] http://cinder-api.openstack.svc.cluster.local:8776/v3/e67e4557c86c41d2b0e3c15eac3c6629/volumes/detail?all_tenants=true returned with HTTP 200 [pid: 8|app: 0|req: 528/1053] 10.0.0.135 () {28 vars in 684 bytes} [Tue Jun 16 05:15:33 2026] GET /v3/e67e4557c86c41d2b0e3c15eac3c6629/volumes/detail?all_tenants=true => generated 1976 bytes in 23 msecs (HTTP/1.1 200) 7 headers in 286 bytes (1 switches on core 0) /var/lib/openstack/lib/python3.12/site-packages/pycadf/identifier.py:70: UserWarning: Invalid uuid: cinderv3. To ensure interoperability, identifiers should be a valid uuid. warnings.warn(('Invalid uuid: %s. To ensure interoperability, '
2026-06-16 05:15:33.869 7 INFO cinder.api.openstack.wsgi [None req-21a84ea7-31d5-4c8f-8a9d-abf90b5111fb 9d423ad161f64bd5af7049c6d3e7f199 e67e4557c86c41d2b0e3c15eac3c6629 - - default default] GET http://cinder-api.openstack.svc.cluster.local:8776/v3/e67e4557c86c41d2b0e3c15eac3c6629/scheduler-stats/get_pools?detail=true
2026-06-16 05:15:34.373 7 INFO cinder.api.openstack.wsgi [None req-21a84ea7-31d5-4c8f-8a9d-abf90b5111fb 9d423ad161f64bd5af7049c6d3e7f199 e67e4557c86c41d2b0e3c15eac3c6629 - - default default] http://cinder-api.openstack.svc.cluster.local:8776/v3/e67e4557c86c41d2b0e3c15eac3c6629/scheduler-stats/get_pools?detail=true returned with HTTP 200 [pid: 7|app: 0|req: 526/1054] 10.0.0.135 () {28 vars in 696 bytes} [Tue Jun 16 05:15:33 2026] GET /v3/e67e4557c86c41d2b0e3c15eac3c6629/scheduler-stats/get_pools?detail=true => generated 670 bytes in 515 msecs (HTTP/1.1 200) 7 headers in 285 bytes (1 switches on core 0)
2026-06-16 05:15:42.771 8 INFO cinder.api.openstack.wsgi [None req-d25a9e6b-35d6-4623-affd-df6a27337ab1 9d423ad161f64bd5af7049c6d3e7f199 e67e4557c86c41d2b0e3c15eac3c6629 - - default default] GET http://10.0.0.53:8776/
2026-06-16 05:15:42.772 8 INFO cinder.api.openstack.wsgi [None req-d25a9e6b-35d6-4623-affd-df6a27337ab1 9d423ad161f64bd5af7049c6d3e7f199 e67e4557c86c41d2b0e3c15eac3c6629 - - default default] http://10.0.0.53:8776/ returned with HTTP 300
2026-06-16 05:15:42.772 7 INFO cinder.api.openstack.wsgi [None req-21a84ea7-31d5-4c8f-8a9d-abf90b5111fb 9d423ad161f64bd5af7049c6d3e7f199 e67e4557c86c41d2b0e3c15eac3c6629 - - default default] GET http://10.0.0.53:8776/
2026-06-16 05:15:42.774 7 INFO cinder.api.openstack.wsgi [None req-21a84ea7-31d5-4c8f-8a9d-abf90b5111fb 9d423ad161f64bd5af7049c6d3e7f199 e67e4557c86c41d2b0e3c15eac3c6629 - - default default] http://10.0.0.53:8776/ returned with HTTP 300 /var/lib/openstack/lib/python3.12/site-packages/pycadf/identifier.py:70: UserWarning: Invalid uuid: cinderv3. To ensure interoperability, identifiers should be a valid uuid. warnings.warn(('Invalid uuid: %s. To ensure interoperability, '
2026-06-16 05:15:46.354 8 INFO cinder.api.openstack.wsgi [req-a1fdd450-4224-40a1-84de-34784b8227f7 req-5a4c1605-e9ec-442d-8119-677ad58a508e 9d423ad161f64bd5af7049c6d3e7f199 e67e4557c86c41d2b0e3c15eac3c6629 - - default default] DELETE http://cinder-api.openstack.svc.cluster.local:8776/v3/e67e4557c86c41d2b0e3c15eac3c6629/attachments/2688a46c-05aa-4d46-a678-c6e06f992916 /var/lib/openstack/lib/python3.12/site-packages/oslo_context/context.py:101: DeprecationWarning: Policy enforcement is depending on the value of is_admin. This key is deprecated. Please update your policy file to use the standard policy values. warnings.warn(
2026-06-16 05:15:46.901 8 INFO cinder.api.openstack.wsgi [req-a1fdd450-4224-40a1-84de-34784b8227f7 req-5a4c1605-e9ec-442d-8119-677ad58a508e 9d423ad161f64bd5af7049c6d3e7f199 e67e4557c86c41d2b0e3c15eac3c6629 - - default default] http://cinder-api.openstack.svc.cluster.local:8776/v3/e67e4557c86c41d2b0e3c15eac3c6629/attachments/2688a46c-05aa-4d46-a678-c6e06f992916 returned with HTTP 200 [pid: 8|app: 0|req: 530/1057] 199.204.45.227 () {38 vars in 1103 bytes} [Tue Jun 16 05:15:46 2026] DELETE /v3/e67e4557c86c41d2b0e3c15eac3c6629/attachments/2688a46c-05aa-4d46-a678-c6e06f992916 => generated 19 bytes in 557 msecs (HTTP/1.1 200) 7 headers in 285 bytes (1 switches on core 0)
2026-06-16 05:15:46.918 7 INFO cinder.api.openstack.wsgi [req-a1fdd450-4224-40a1-84de-34784b8227f7 req-40774d73-3834-4cfc-9d65-98c6af689bce 9d423ad161f64bd5af7049c6d3e7f199 e67e4557c86c41d2b0e3c15eac3c6629 - - default default] DELETE http://cinder-api.openstack.svc.cluster.local:8776/v3/e67e4557c86c41d2b0e3c15eac3c6629/volumes/f7a51964-c2b2-45f4-8fa0-f65b91204b1e
2026-06-16 05:15:46.918 7 INFO cinder.api.v3.volumes [req-a1fdd450-4224-40a1-84de-34784b8227f7 req-40774d73-3834-4cfc-9d65-98c6af689bce 9d423ad161f64bd5af7049c6d3e7f199 e67e4557c86c41d2b0e3c15eac3c6629 - - default default] Delete volume with id: f7a51964-c2b2-45f4-8fa0-f65b91204b1e /var/lib/openstack/lib/python3.12/site-packages/oslo_context/context.py:101: DeprecationWarning: Policy enforcement is depending on the value of is_admin. This key is deprecated. Please update your policy file to use the standard policy values. warnings.warn(
2026-06-16 05:15:46.935 7 INFO cinder.volume.api [req-a1fdd450-4224-40a1-84de-34784b8227f7 req-40774d73-3834-4cfc-9d65-98c6af689bce 9d423ad161f64bd5af7049c6d3e7f199 e67e4557c86c41d2b0e3c15eac3c6629 - - default default] Volume info retrieved successfully.
2026-06-16 05:15:46.964 7 INFO cinder.volume.api [req-a1fdd450-4224-40a1-84de-34784b8227f7 req-40774d73-3834-4cfc-9d65-98c6af689bce 9d423ad161f64bd5af7049c6d3e7f199 e67e4557c86c41d2b0e3c15eac3c6629 - - default default] Delete volume request issued successfully.
2026-06-16 05:15:46.966 7 INFO cinder.api.openstack.wsgi [req-a1fdd450-4224-40a1-84de-34784b8227f7 req-40774d73-3834-4cfc-9d65-98c6af689bce 9d423ad161f64bd5af7049c6d3e7f199 e67e4557c86c41d2b0e3c15eac3c6629 - - default default] http://cinder-api.openstack.svc.cluster.local:8776/v3/e67e4557c86c41d2b0e3c15eac3c6629/volumes/f7a51964-c2b2-45f4-8fa0-f65b91204b1e returned with HTTP 202 [pid: 7|app: 0|req: 528/1058] 199.204.45.227 () {36 vars in 1054 bytes} [Tue Jun 16 05:15:46 2026] DELETE /v3/e67e4557c86c41d2b0e3c15eac3c6629/volumes/f7a51964-c2b2-45f4-8fa0-f65b91204b1e => generated 0 bytes in 58 msecs (HTTP/1.1 202) 6 headers in 233 bytes (1 switches on core 0)
2026-06-16 05:15:52.771 7 INFO cinder.api.openstack.wsgi [req-a1fdd450-4224-40a1-84de-34784b8227f7 req-40774d73-3834-4cfc-9d65-98c6af689bce 9d423ad161f64bd5af7049c6d3e7f199 e67e4557c86c41d2b0e3c15eac3c6629 - - default default] GET http://10.0.0.53:8776/
2026-06-16 05:15:52.771 8 INFO cinder.api.openstack.wsgi [req-a1fdd450-4224-40a1-84de-34784b8227f7 req-5a4c1605-e9ec-442d-8119-677ad58a508e 9d423ad161f64bd5af7049c6d3e7f199 e67e4557c86c41d2b0e3c15eac3c6629 - - default default] GET http://10.0.0.53:8776/
2026-06-16 05:15:52.772 8 INFO cinder.api.openstack.wsgi [req-a1fdd450-4224-40a1-84de-34784b8227f7 req-5a4c1605-e9ec-442d-8119-677ad58a508e 9d423ad161f64bd5af7049c6d3e7f199 e67e4557c86c41d2b0e3c15eac3c6629 - - default default] http://10.0.0.53:8776/ returned with HTTP 300
2026-06-16 05:15:52.772 7 INFO cinder.api.openstack.wsgi [req-a1fdd450-4224-40a1-84de-34784b8227f7 req-40774d73-3834-4cfc-9d65-98c6af689bce 9d423ad161f64bd5af7049c6d3e7f199 e67e4557c86c41d2b0e3c15eac3c6629 - - default default] http://10.0.0.53:8776/ returned with HTTP 300
2026-06-16 05:16:02.771 8 INFO cinder.api.openstack.wsgi [req-a1fdd450-4224-40a1-84de-34784b8227f7 req-5a4c1605-e9ec-442d-8119-677ad58a508e 9d423ad161f64bd5af7049c6d3e7f199 e67e4557c86c41d2b0e3c15eac3c6629 - - default default] GET http://10.0.0.53:8776/
2026-06-16 05:16:02.771 7 INFO cinder.api.openstack.wsgi [req-a1fdd450-4224-40a1-84de-34784b8227f7 req-40774d73-3834-4cfc-9d65-98c6af689bce 9d423ad161f64bd5af7049c6d3e7f199 e67e4557c86c41d2b0e3c15eac3c6629 - - default default] GET http://10.0.0.53:8776/
2026-06-16 05:16:02.772 8 INFO cinder.api.openstack.wsgi [req-a1fdd450-4224-40a1-84de-34784b8227f7 req-5a4c1605-e9ec-442d-8119-677ad58a508e 9d423ad161f64bd5af7049c6d3e7f199 e67e4557c86c41d2b0e3c15eac3c6629 - - default default] http://10.0.0.53:8776/ returned with HTTP 300
2026-06-16 05:16:02.772 7 INFO cinder.api.openstack.wsgi [req-a1fdd450-4224-40a1-84de-34784b8227f7 req-40774d73-3834-4cfc-9d65-98c6af689bce 9d423ad161f64bd5af7049c6d3e7f199 e67e4557c86c41d2b0e3c15eac3c6629 - - default default] http://10.0.0.53:8776/ returned with HTTP 300
2026-06-16 05:16:12.771 8 INFO cinder.api.openstack.wsgi [req-a1fdd450-4224-40a1-84de-34784b8227f7 req-5a4c1605-e9ec-442d-8119-677ad58a508e 9d423ad161f64bd5af7049c6d3e7f199 e67e4557c86c41d2b0e3c15eac3c6629 - - default default] GET http://10.0.0.53:8776/
2026-06-16 05:16:12.771 7 INFO cinder.api.openstack.wsgi [req-a1fdd450-4224-40a1-84de-34784b8227f7 req-40774d73-3834-4cfc-9d65-98c6af689bce 9d423ad161f64bd5af7049c6d3e7f199 e67e4557c86c41d2b0e3c15eac3c6629 - - default default] GET http://10.0.0.53:8776/
2026-06-16 05:16:12.772 8 INFO cinder.api.openstack.wsgi [req-a1fdd450-4224-40a1-84de-34784b8227f7 req-5a4c1605-e9ec-442d-8119-677ad58a508e 9d423ad161f64bd5af7049c6d3e7f199 e67e4557c86c41d2b0e3c15eac3c6629 - - default default] http://10.0.0.53:8776/ returned with HTTP 300
2026-06-16 05:16:12.772 7 INFO cinder.api.openstack.wsgi [req-a1fdd450-4224-40a1-84de-34784b8227f7 req-40774d73-3834-4cfc-9d65-98c6af689bce 9d423ad161f64bd5af7049c6d3e7f199 e67e4557c86c41d2b0e3c15eac3c6629 - - default default] http://10.0.0.53:8776/ returned with HTTP 300
2026-06-16 05:16:22.770 8 INFO cinder.api.openstack.wsgi [req-a1fdd450-4224-40a1-84de-34784b8227f7 req-5a4c1605-e9ec-442d-8119-677ad58a508e 9d423ad161f64bd5af7049c6d3e7f199 e67e4557c86c41d2b0e3c15eac3c6629 - - default default] GET http://10.0.0.53:8776/
2026-06-16 05:16:22.771 8 INFO cinder.api.openstack.wsgi [req-a1fdd450-4224-40a1-84de-34784b8227f7 req-5a4c1605-e9ec-442d-8119-677ad58a508e 9d423ad161f64bd5af7049c6d3e7f199 e67e4557c86c41d2b0e3c15eac3c6629 - - default default] http://10.0.0.53:8776/ returned with HTTP 300
2026-06-16 05:16:22.771 7 INFO cinder.api.openstack.wsgi [req-a1fdd450-4224-40a1-84de-34784b8227f7 req-40774d73-3834-4cfc-9d65-98c6af689bce 9d423ad161f64bd5af7049c6d3e7f199 e67e4557c86c41d2b0e3c15eac3c6629 - - default default] GET http://10.0.0.53:8776/
2026-06-16 05:16:22.772 7 INFO cinder.api.openstack.wsgi [req-a1fdd450-4224-40a1-84de-34784b8227f7 req-40774d73-3834-4cfc-9d65-98c6af689bce 9d423ad161f64bd5af7049c6d3e7f199 e67e4557c86c41d2b0e3c15eac3c6629 - - default default] http://10.0.0.53:8776/ returned with HTTP 300 /var/lib/openstack/lib/python3.12/site-packages/pycadf/identifier.py:70: UserWarning: Invalid uuid: cinderv3. To ensure interoperability, identifiers should be a valid uuid. warnings.warn(('Invalid uuid: %s. To ensure interoperability, '
2026-06-16 05:16:27.847 8 INFO cinder.api.openstack.wsgi [None req-ae184151-6fb6-45d6-b563-28f9a0d4240e 9d423ad161f64bd5af7049c6d3e7f199 e67e4557c86c41d2b0e3c15eac3c6629 - - default default] GET http://cinder-api.openstack.svc.cluster.local:8776/v3/e67e4557c86c41d2b0e3c15eac3c6629/snapshots /var/lib/openstack/lib/python3.12/site-packages/oslo_context/context.py:101: DeprecationWarning: Policy enforcement is depending on the value of is_admin. This key is deprecated. Please update your policy file to use the standard policy values. warnings.warn(
2026-06-16 05:16:27.854 8 INFO cinder.volume.api [None req-ae184151-6fb6-45d6-b563-28f9a0d4240e 9d423ad161f64bd5af7049c6d3e7f199 e67e4557c86c41d2b0e3c15eac3c6629 - - default default] Get all snapshots completed successfully.
2026-06-16 05:16:27.855 8 INFO cinder.api.openstack.wsgi [None req-ae184151-6fb6-45d6-b563-28f9a0d4240e 9d423ad161f64bd5af7049c6d3e7f199 e67e4557c86c41d2b0e3c15eac3c6629 - - default default] http://cinder-api.openstack.svc.cluster.local:8776/v3/e67e4557c86c41d2b0e3c15eac3c6629/snapshots returned with HTTP 200 [pid: 8|app: 0|req: 535/1067] 10.0.0.25 () {32 vars in 704 bytes} [Tue Jun 16 05:16:27 2026] GET /v3/e67e4557c86c41d2b0e3c15eac3c6629/snapshots => generated 17 bytes in 17 msecs (HTTP/1.1 200) 7 headers in 284 bytes (1 switches on core 0) /var/lib/openstack/lib/python3.12/site-packages/pycadf/identifier.py:70: UserWarning: Invalid uuid: cinderv3. To ensure interoperability, identifiers should be a valid uuid. warnings.warn(('Invalid uuid: %s. To ensure interoperability, '
2026-06-16 05:16:27.871 7 INFO cinder.api.openstack.wsgi [None req-86cda594-7ecc-4c20-952a-18615657a27f 9d423ad161f64bd5af7049c6d3e7f199 e67e4557c86c41d2b0e3c15eac3c6629 - - default default] GET http://cinder-api.openstack.svc.cluster.local:8776/v3/e67e4557c86c41d2b0e3c15eac3c6629/volumes
2026-06-16 05:16:27.881 7 INFO cinder.volume.api [None req-86cda594-7ecc-4c20-952a-18615657a27f 9d423ad161f64bd5af7049c6d3e7f199 e67e4557c86c41d2b0e3c15eac3c6629 - - default default] Get all volumes completed successfully.
2026-06-16 05:16:27.882 7 INFO cinder.api.openstack.wsgi [None req-86cda594-7ecc-4c20-952a-18615657a27f 9d423ad161f64bd5af7049c6d3e7f199 e67e4557c86c41d2b0e3c15eac3c6629 - - default default] http://cinder-api.openstack.svc.cluster.local:8776/v3/e67e4557c86c41d2b0e3c15eac3c6629/volumes returned with HTTP 200 [pid: 7|app: 0|req: 533/1068] 10.0.0.25 () {32 vars in 700 bytes} [Tue Jun 16 05:16:27 2026] GET /v3/e67e4557c86c41d2b0e3c15eac3c6629/volumes => generated 15 bytes in 19 msecs (HTTP/1.1 200) 7 headers in 284 bytes (1 switches on core 0)
2026-06-16 05:16:32.771 8 INFO cinder.api.openstack.wsgi [None req-ae184151-6fb6-45d6-b563-28f9a0d4240e 9d423ad161f64bd5af7049c6d3e7f199 e67e4557c86c41d2b0e3c15eac3c6629 - - default default] GET http://10.0.0.53:8776/
2026-06-16 05:16:32.772 8 INFO cinder.api.openstack.wsgi [None req-ae184151-6fb6-45d6-b563-28f9a0d4240e 9d423ad161f64bd5af7049c6d3e7f199 e67e4557c86c41d2b0e3c15eac3c6629 - - default default] http://10.0.0.53:8776/ returned with HTTP 300
2026-06-16 05:16:32.771 7 INFO cinder.api.openstack.wsgi [None req-86cda594-7ecc-4c20-952a-18615657a27f 9d423ad161f64bd5af7049c6d3e7f199 e67e4557c86c41d2b0e3c15eac3c6629 - - default default] GET http://10.0.0.53:8776/
2026-06-16 05:16:32.773 7 INFO cinder.api.openstack.wsgi [None req-86cda594-7ecc-4c20-952a-18615657a27f 9d423ad161f64bd5af7049c6d3e7f199 e67e4557c86c41d2b0e3c15eac3c6629 - - default default] http://10.0.0.53:8776/ returned with HTTP 300
2026-06-16 05:16:33.467 8 INFO cinder.api.openstack.wsgi [None req-508d5a80-daae-4200-b6e5-1e2208981c7f 9d423ad161f64bd5af7049c6d3e7f199 e67e4557c86c41d2b0e3c15eac3c6629 - - default default] GET http://cinder-api.openstack.svc.cluster.local:8776/v3/e67e4557c86c41d2b0e3c15eac3c6629/volumes/detail?all_tenants=true
2026-06-16 05:16:33.483 8 INFO cinder.volume.api [None req-508d5a80-daae-4200-b6e5-1e2208981c7f 9d423ad161f64bd5af7049c6d3e7f199 e67e4557c86c41d2b0e3c15eac3c6629 - - default default] Get all volumes completed successfully.
2026-06-16 05:16:33.486 8 INFO cinder.api.openstack.wsgi [None req-508d5a80-daae-4200-b6e5-1e2208981c7f 9d423ad161f64bd5af7049c6d3e7f199 e67e4557c86c41d2b0e3c15eac3c6629 - - default default] http://cinder-api.openstack.svc.cluster.local:8776/v3/e67e4557c86c41d2b0e3c15eac3c6629/volumes/detail?all_tenants=true returned with HTTP 200 [pid: 8|app: 0|req: 537/1071] 10.0.0.135 () {28 vars in 684 bytes} [Tue Jun 16 05:16:33 2026] GET /v3/e67e4557c86c41d2b0e3c15eac3c6629/volumes/detail?all_tenants=true => generated 15 bytes in 148 msecs (HTTP/1.1 200) 7 headers in 284 bytes (1 switches on core 0)
2026-06-16 05:16:33.505 7 INFO cinder.api.openstack.wsgi [None req-42719ef4-d1db-4355-bee7-36604f664ae1 9d423ad161f64bd5af7049c6d3e7f199 e67e4557c86c41d2b0e3c15eac3c6629 - - default default] GET http://cinder-api.openstack.svc.cluster.local:8776/v3/e67e4557c86c41d2b0e3c15eac3c6629/scheduler-stats/get_pools?detail=true
