2026-09-05 14:24:53.778 8 INFO placement.requestlog [req-d497ae01-11ec-4da2-868e-b3544ca845f7 req-323fa8b9-fb7c-480a-af21-24c20f00d9dc aed4727506ce498c9c324c43fbe92dd8 3f6e891dc15b4d27a6f9cb3c29eeee47 - - 229d3715587d49df86965c194aff7cf2 229d3715587d49df86965c194aff7cf2] 162.253.55.107 "GET /resource_providers/1e9ec02b-2ad1-40c5-84ac-519f08faa9b6/allocations" status: 200 len: 453 microversion: 1.0 [pid: 8|app: 0|req: 492/985] 162.253.55.107 () {32 vars in 857 bytes} [Sat Sep 5 14:24:53 2026] GET /resource_providers/1e9ec02b-2ad1-40c5-84ac-519f08faa9b6/allocations => generated 453 bytes in 29 msecs (HTTP/1.1 200) 6 headers in 224 bytes (1 switches on core 0)
2026-09-05 14:24:53.814 7 INFO placement.requestlog [req-d497ae01-11ec-4da2-868e-b3544ca845f7 req-118b7a50-9381-42dc-9b49-5513914fbb0f aed4727506ce498c9c324c43fbe92dd8 3f6e891dc15b4d27a6f9cb3c29eeee47 - - 229d3715587d49df86965c194aff7cf2 229d3715587d49df86965c194aff7cf2] 162.253.55.107 "GET /allocations/606ae686-bafb-42b3-9282-8287fe2d58d8" status: 200 len: 258 microversion: 1.28 [pid: 7|app: 0|req: 494/986] 162.253.55.107 () {34 vars in 863 bytes} [Sat Sep 5 14:24:53 2026] GET /allocations/606ae686-bafb-42b3-9282-8287fe2d58d8 => generated 258 bytes in 27 msecs (HTTP/1.1 200) 8 headers in 296 bytes (1 switches on core 0)
2026-09-05 14:24:53.840 8 INFO placement.requestlog [req-d497ae01-11ec-4da2-868e-b3544ca845f7 req-ce34845e-d6bf-4bd7-b137-1b5cc3a0a7eb aed4727506ce498c9c324c43fbe92dd8 3f6e891dc15b4d27a6f9cb3c29eeee47 - - 229d3715587d49df86965c194aff7cf2 229d3715587d49df86965c194aff7cf2] 162.253.55.107 "GET /allocations/61579826-b136-4d2f-9b4e-b64d0956fb91" status: 200 len: 258 microversion: 1.28 [pid: 8|app: 0|req: 493/987] 162.253.55.107 () {34 vars in 863 bytes} [Sat Sep 5 14:24:53 2026] GET /allocations/61579826-b136-4d2f-9b4e-b64d0956fb91 => generated 258 bytes in 22 msecs (HTTP/1.1 200) 8 headers in 296 bytes (1 switches on core 0)
2026-09-05 14:24:53.866 7 INFO placement.requestlog [req-d497ae01-11ec-4da2-868e-b3544ca845f7 req-de3e1337-fe0d-4933-90fe-056aa71c06d6 aed4727506ce498c9c324c43fbe92dd8 3f6e891dc15b4d27a6f9cb3c29eeee47 - - 229d3715587d49df86965c194aff7cf2 229d3715587d49df86965c194aff7cf2] 162.253.55.107 "GET /allocations/d0fa63de-9e66-494e-8231-055cbb21bf82" status: 200 len: 258 microversion: 1.28 [pid: 7|app: 0|req: 495/988] 162.253.55.107 () {34 vars in 863 bytes} [Sat Sep 5 14:24:53 2026] GET /allocations/d0fa63de-9e66-494e-8231-055cbb21bf82 => generated 258 bytes in 15 msecs (HTTP/1.1 200) 8 headers in 296 bytes (1 switches on core 0)
2026-09-05 14:24:53.891 8 INFO placement.requestlog [req-d497ae01-11ec-4da2-868e-b3544ca845f7 req-1049364e-e565-447f-9bc4-be5dd52fe300 aed4727506ce498c9c324c43fbe92dd8 3f6e891dc15b4d27a6f9cb3c29eeee47 - - 229d3715587d49df86965c194aff7cf2 229d3715587d49df86965c194aff7cf2] 162.253.55.107 "GET /allocations/49a5df56-a8e9-45b2-a416-fa58617d5d4b" status: 200 len: 258 microversion: 1.28 [pid: 8|app: 0|req: 494/989] 162.253.55.107 () {34 vars in 863 bytes} [Sat Sep 5 14:24:53 2026] GET /allocations/49a5df56-a8e9-45b2-a416-fa58617d5d4b => generated 258 bytes in 18 msecs (HTTP/1.1 200) 8 headers in 296 bytes (1 switches on core 0)
2026-09-05 14:24:54.737 7 INFO placement.requestlog [req-73c3429f-bafc-4f14-9c5d-7baa7661b72f req-82b97919-149b-4cba-88a1-0c2a9e7a64de aed4727506ce498c9c324c43fbe92dd8 3f6e891dc15b4d27a6f9cb3c29eeee47 - - 229d3715587d49df86965c194aff7cf2 229d3715587d49df86965c194aff7cf2] 162.253.55.107 "GET /allocations/606ae686-bafb-42b3-9282-8287fe2d58d8" status: 200 len: 258 microversion: 1.28 [pid: 7|app: 0|req: 496/990] 162.253.55.107 () {34 vars in 863 bytes} [Sat Sep 5 14:24:54 2026] GET /allocations/606ae686-bafb-42b3-9282-8287fe2d58d8 => generated 258 bytes in 16 msecs (HTTP/1.1 200) 8 headers in 296 bytes (1 switches on core 0)
2026-09-05 14:24:55.970 8 INFO placement.requestlog [req-73c3429f-bafc-4f14-9c5d-7baa7661b72f req-6d7eed30-ffdc-442a-a1dc-b8e4f9240f11 aed4727506ce498c9c324c43fbe92dd8 3f6e891dc15b4d27a6f9cb3c29eeee47 - - 229d3715587d49df86965c194aff7cf2 229d3715587d49df86965c194aff7cf2] 162.253.55.107 "GET /resource_providers/1e9ec02b-2ad1-40c5-84ac-519f08faa9b6/allocations" status: 200 len: 453 microversion: 1.0 [pid: 8|app: 0|req: 495/991] 162.253.55.107 () {32 vars in 857 bytes} [Sat Sep 5 14:24:55 2026] GET /resource_providers/1e9ec02b-2ad1-40c5-84ac-519f08faa9b6/allocations => generated 453 bytes in 19 msecs (HTTP/1.1 200) 6 headers in 224 bytes (1 switches on core 0)
2026-09-05 14:24:55.995 7 INFO placement.requestlog [req-73c3429f-bafc-4f14-9c5d-7baa7661b72f req-9a2c0001-abc6-4996-8dec-6600aed8093e aed4727506ce498c9c324c43fbe92dd8 3f6e891dc15b4d27a6f9cb3c29eeee47 - - 229d3715587d49df86965c194aff7cf2 229d3715587d49df86965c194aff7cf2] 162.253.55.107 "GET /allocations/606ae686-bafb-42b3-9282-8287fe2d58d8" status: 200 len: 258 microversion: 1.28 [pid: 7|app: 0|req: 497/992] 162.253.55.107 () {34 vars in 863 bytes} [Sat Sep 5 14:24:55 2026] GET /allocations/606ae686-bafb-42b3-9282-8287fe2d58d8 => generated 258 bytes in 19 msecs (HTTP/1.1 200) 8 headers in 296 bytes (1 switches on core 0)
2026-09-05 14:24:56.029 8 INFO placement.requestlog [req-73c3429f-bafc-4f14-9c5d-7baa7661b72f req-ebc408da-6420-42f6-ba4e-0ed172df5aef aed4727506ce498c9c324c43fbe92dd8 3f6e891dc15b4d27a6f9cb3c29eeee47 - - 229d3715587d49df86965c194aff7cf2 229d3715587d49df86965c194aff7cf2] 162.253.55.107 "GET /allocations/61579826-b136-4d2f-9b4e-b64d0956fb91" status: 200 len: 258 microversion: 1.28 [pid: 8|app: 0|req: 496/993] 162.253.55.107 () {34 vars in 863 bytes} [Sat Sep 5 14:24:56 2026] GET /allocations/61579826-b136-4d2f-9b4e-b64d0956fb91 => generated 258 bytes in 24 msecs (HTTP/1.1 200) 8 headers in 296 bytes (1 switches on core 0)
2026-09-05 14:24:56.055 7 INFO placement.requestlog [req-73c3429f-bafc-4f14-9c5d-7baa7661b72f req-35803ee8-9965-4116-aa0b-4b6f1dcd0c3e aed4727506ce498c9c324c43fbe92dd8 3f6e891dc15b4d27a6f9cb3c29eeee47 - - 229d3715587d49df86965c194aff7cf2 229d3715587d49df86965c194aff7cf2] 162.253.55.107 "GET /allocations/d0fa63de-9e66-494e-8231-055cbb21bf82" status: 200 len: 258 microversion: 1.28 [pid: 7|app: 0|req: 498/994] 162.253.55.107 () {34 vars in 863 bytes} [Sat Sep 5 14:24:56 2026] GET /allocations/d0fa63de-9e66-494e-8231-055cbb21bf82 => generated 258 bytes in 19 msecs (HTTP/1.1 200) 8 headers in 296 bytes (1 switches on core 0)
2026-09-05 14:24:56.076 8 INFO placement.requestlog [req-73c3429f-bafc-4f14-9c5d-7baa7661b72f req-b2ac5fa3-3799-402a-b775-4726fddf752d aed4727506ce498c9c324c43fbe92dd8 3f6e891dc15b4d27a6f9cb3c29eeee47 - - 229d3715587d49df86965c194aff7cf2 229d3715587d49df86965c194aff7cf2] 162.253.55.107 "GET /allocations/49a5df56-a8e9-45b2-a416-fa58617d5d4b" status: 200 len: 258 microversion: 1.28 [pid: 8|app: 0|req: 497/995] 162.253.55.107 () {34 vars in 863 bytes} [Sat Sep 5 14:24:56 2026] GET /allocations/49a5df56-a8e9-45b2-a416-fa58617d5d4b => generated 258 bytes in 12 msecs (HTTP/1.1 200) 8 headers in 296 bytes (1 switches on core 0)
2026-09-05 14:24:57.482 8 INFO placement.requestlog [None req-56fa1192-d5e6-4cca-af7a-e78b0aaf21e7 - - - - - -] 10.0.0.133 "GET /" status: 200 len: 136 microversion: 1.0
2026-09-05 14:24:57.483 7 INFO placement.requestlog [None req-68f508ea-0fc2-40b5-be27-1d36c9d77d63 - - - - - -] 10.0.0.133 "GET /" status: 200 len: 136 microversion: 1.0
2026-09-05 14:24:59.358 8 INFO placement.requestlog [req-8b21ba0a-3405-4816-a840-66c7529157ee req-17d1254c-3913-412f-a48f-b6ee46ca0e67 aed4727506ce498c9c324c43fbe92dd8 3f6e891dc15b4d27a6f9cb3c29eeee47 - - 229d3715587d49df86965c194aff7cf2 229d3715587d49df86965c194aff7cf2] 162.253.55.107 "GET /resource_providers/1e9ec02b-2ad1-40c5-84ac-519f08faa9b6/allocations" status: 200 len: 453 microversion: 1.0 [pid: 8|app: 0|req: 499/998] 162.253.55.107 () {32 vars in 857 bytes} [Sat Sep 5 14:24:59 2026] GET /resource_providers/1e9ec02b-2ad1-40c5-84ac-519f08faa9b6/allocations => generated 453 bytes in 16 msecs (HTTP/1.1 200) 6 headers in 224 bytes (1 switches on core 0)
2026-09-05 14:24:59.381 7 INFO placement.requestlog [req-8b21ba0a-3405-4816-a840-66c7529157ee req-bce31232-35b8-4e72-959a-0f374347ad26 aed4727506ce498c9c324c43fbe92dd8 3f6e891dc15b4d27a6f9cb3c29eeee47 - - 229d3715587d49df86965c194aff7cf2 229d3715587d49df86965c194aff7cf2] 162.253.55.107 "GET /allocations/606ae686-bafb-42b3-9282-8287fe2d58d8" status: 200 len: 258 microversion: 1.28 [pid: 7|app: 0|req: 500/999] 162.253.55.107 () {34 vars in 863 bytes} [Sat Sep 5 14:24:59 2026] GET /allocations/606ae686-bafb-42b3-9282-8287fe2d58d8 => generated 258 bytes in 17 msecs (HTTP/1.1 200) 8 headers in 296 bytes (1 switches on core 0)
2026-09-05 14:24:59.406 8 INFO placement.requestlog [req-8b21ba0a-3405-4816-a840-66c7529157ee req-5838d583-5058-49dd-8227-b67650af6743 aed4727506ce498c9c324c43fbe92dd8 3f6e891dc15b4d27a6f9cb3c29eeee47 - - 229d3715587d49df86965c194aff7cf2 229d3715587d49df86965c194aff7cf2] 162.253.55.107 "GET /allocations/61579826-b136-4d2f-9b4e-b64d0956fb91" status: 200 len: 258 microversion: 1.28 [pid: 8|app: 0|req: 500/1000] 162.253.55.107 () {34 vars in 863 bytes} [Sat Sep 5 14:24:59 2026] GET /allocations/61579826-b136-4d2f-9b4e-b64d0956fb91 => generated 258 bytes in 18 msecs (HTTP/1.1 200) 8 headers in 296 bytes (1 switches on core 0)
2026-09-05 14:24:59.427 7 INFO placement.requestlog [req-8b21ba0a-3405-4816-a840-66c7529157ee req-ba9d1b67-cb59-4b3c-91e2-d29dcf2e7616 aed4727506ce498c9c324c43fbe92dd8 3f6e891dc15b4d27a6f9cb3c29eeee47 - - 229d3715587d49df86965c194aff7cf2 229d3715587d49df86965c194aff7cf2] 162.253.55.107 "GET /allocations/d0fa63de-9e66-494e-8231-055cbb21bf82" status: 200 len: 258 microversion: 1.28 [pid: 7|app: 0|req: 501/1001] 162.253.55.107 () {34 vars in 863 bytes} [Sat Sep 5 14:24:59 2026] GET /allocations/d0fa63de-9e66-494e-8231-055cbb21bf82 => generated 258 bytes in 16 msecs (HTTP/1.1 200) 8 headers in 296 bytes (1 switches on core 0)
2026-09-05 14:24:59.453 8 INFO placement.requestlog [req-8b21ba0a-3405-4816-a840-66c7529157ee req-27b1f6e4-c9da-4d88-8a9d-ecb2bb6d26a4 aed4727506ce498c9c324c43fbe92dd8 3f6e891dc15b4d27a6f9cb3c29eeee47 - - 229d3715587d49df86965c194aff7cf2 229d3715587d49df86965c194aff7cf2] 162.253.55.107 "GET /allocations/49a5df56-a8e9-45b2-a416-fa58617d5d4b" status: 200 len: 258 microversion: 1.28 [pid: 8|app: 0|req: 501/1002] 162.253.55.107 () {34 vars in 863 bytes} [Sat Sep 5 14:24:59 2026] GET /allocations/49a5df56-a8e9-45b2-a416-fa58617d5d4b => generated 258 bytes in 21 msecs (HTTP/1.1 200) 8 headers in 296 bytes (1 switches on core 0)
2026-09-05 14:25:00.540 7 INFO placement.requestlog [req-8b21ba0a-3405-4816-a840-66c7529157ee req-aebccfcd-e45a-47b4-9b8c-41ef7ab51f85 aed4727506ce498c9c324c43fbe92dd8 3f6e891dc15b4d27a6f9cb3c29eeee47 - - 229d3715587d49df86965c194aff7cf2 229d3715587d49df86965c194aff7cf2] 162.253.55.107 "DELETE /allocations/61579826-b136-4d2f-9b4e-b64d0956fb91" status: 204 len: 0 microversion: 1.0 [pid: 7|app: 0|req: 502/1003] 162.253.55.107 () {34 vars in 841 bytes} [Sat Sep 5 14:25:00 2026] DELETE /allocations/61579826-b136-4d2f-9b4e-b64d0956fb91 => generated 0 bytes in 56 msecs (HTTP/1.1 204) 5 headers in 198 bytes (1 switches on core 0)
2026-09-05 14:25:06.941 7 INFO placement.requestlog [None req-2b6d9a3d-f78e-43c0-8c34-5ad6796b960a 9c828e0e87d44a20997f77ec9e25ef63 3f6e891dc15b4d27a6f9cb3c29eeee47 - - 229d3715587d49df86965c194aff7cf2 229d3715587d49df86965c194aff7cf2] 10.0.0.103 "GET /resource_providers/5150fa68-aa2f-4c65-b843-01149f676172/aggregates" status: 404 len: 235 microversion: 1.1 [pid: 7|app: 0|req: 503/1004] 10.0.0.103 () {32 vars in 816 bytes} [Sat Sep 5 14:25:06 2026] GET /resource_providers/5150fa68-aa2f-4c65-b843-01149f676172/aggregates => generated 235 bytes in 15 msecs (HTTP/1.1 404) 5 headers in 202 bytes (1 switches on core 0)
2026-09-05 14:25:06.945 8 INFO placement.requestlog [None req-7b30e38a-7661-4c5b-8bcb-ba49fba609a4 9c828e0e87d44a20997f77ec9e25ef63 3f6e891dc15b4d27a6f9cb3c29eeee47 - - 229d3715587d49df86965c194aff7cf2 229d3715587d49df86965c194aff7cf2] 10.0.0.103 "GET /resource_providers/5150fa68-aa2f-4c65-b843-01149f676172/aggregates" status: 404 len: 235 microversion: 1.1 [pid: 8|app: 0|req: 502/1005] 10.0.0.103 () {32 vars in 816 bytes} [Sat Sep 5 14:25:06 2026] GET /resource_providers/5150fa68-aa2f-4c65-b843-01149f676172/aggregates => generated 235 bytes in 23 msecs (HTTP/1.1 404) 5 headers in 202 bytes (1 switches on core 0)
2026-09-05 14:25:06.980 8 INFO placement.requestlog [None req-ed66b74e-df55-45a0-878c-6b540d9df7b5 9c828e0e87d44a20997f77ec9e25ef63 3f6e891dc15b4d27a6f9cb3c29eeee47 - - 229d3715587d49df86965c194aff7cf2 229d3715587d49df86965c194aff7cf2] 10.0.0.103 "DELETE /resource_providers/5150fa68-aa2f-4c65-b843-01149f676172" status: 404 len: 246 microversion: 1.1 [pid: 8|app: 0|req: 503/1006] 10.0.0.103 () {34 vars in 816 bytes} [Sat Sep 5 14:25:06 2026] DELETE /resource_providers/5150fa68-aa2f-4c65-b843-01149f676172 => generated 246 bytes in 12 msecs (HTTP/1.1 404) 6 headers in 231 bytes (1 switches on core 0)
2026-09-05 14:25:06.983 7 INFO placement.requestlog [None req-c4cc1cb2-7386-4c34-a998-6eb677829cf0 9c828e0e87d44a20997f77ec9e25ef63 3f6e891dc15b4d27a6f9cb3c29eeee47 - - 229d3715587d49df86965c194aff7cf2 229d3715587d49df86965c194aff7cf2] 10.0.0.103 "DELETE /resource_providers/5150fa68-aa2f-4c65-b843-01149f676172" status: 404 len: 246 microversion: 1.1 [pid: 7|app: 0|req: 504/1007] 10.0.0.103 () {34 vars in 816 bytes} [Sat Sep 5 14:25:06 2026] DELETE /resource_providers/5150fa68-aa2f-4c65-b843-01149f676172 => generated 246 bytes in 18 msecs (HTTP/1.1 404) 6 headers in 231 bytes (1 switches on core 0)
2026-09-05 14:25:07.484 8 INFO placement.requestlog [None req-e7b77b24-e1f0-4d70-a7d3-3d53b533374d - - - - - -] 10.0.0.133 "GET /" status: 200 len: 136 microversion: 1.0
2026-09-05 14:25:07.484 7 INFO placement.requestlog [None req-8cd613ed-7a63-4c0c-8281-0a0fcdce1a93 - - - - - -] 10.0.0.133 "GET /" status: 200 len: 136 microversion: 1.0
2026-09-05 14:25:09.082 8 INFO placement.requestlog [req-4bbe5dff-deca-40f0-b4f2-98a3b187f9c7 req-a1463b62-b48b-41bb-a739-e82b3a7365b3 aed4727506ce498c9c324c43fbe92dd8 3f6e891dc15b4d27a6f9cb3c29eeee47 - - 229d3715587d49df86965c194aff7cf2 229d3715587d49df86965c194aff7cf2] 10.0.0.16 "GET /allocation_candidates?limit=1000&resources=DISK_GB%3A1%2CMEMORY_MB%3A512%2CVCPU%3A1&root_required=%21COMPUTE_STATUS_DISABLED" status: 200 len: 2643 microversion: 1.36 [pid: 8|app: 0|req: 505/1010] 10.0.0.16 () {34 vars in 1011 bytes} [Sat Sep 5 14:25:09 2026] GET /allocation_candidates?limit=1000&resources=DISK_GB%3A1%2CMEMORY_MB%3A512%2CVCPU%3A1&root_required=%21COMPUTE_STATUS_DISABLED => generated 2643 bytes in 55 msecs (HTTP/1.1 200) 8 headers in 297 bytes (1 switches on core 0)
2026-09-05 14:25:09.122 7 INFO placement.requestlog [req-4bbe5dff-deca-40f0-b4f2-98a3b187f9c7 req-3ea47a4d-7aaf-4ee2-b867-4a412313c858 aed4727506ce498c9c324c43fbe92dd8 3f6e891dc15b4d27a6f9cb3c29eeee47 - - 229d3715587d49df86965c194aff7cf2 229d3715587d49df86965c194aff7cf2] 10.0.0.16 "GET /allocations/8edbb02c-bf9d-4b50-ba66-2c796624f4b4" status: 200 len: 19 microversion: 1.28 [pid: 7|app: 0|req: 506/1011] 10.0.0.16 () {34 vars in 860 bytes} [Sat Sep 5 14:25:09 2026] GET /allocations/8edbb02c-bf9d-4b50-ba66-2c796624f4b4 => generated 19 bytes in 17 msecs (HTTP/1.1 200) 8 headers in 295 bytes (1 switches on core 0)
2026-09-05 14:25:09.224 8 INFO placement.requestlog [req-4bbe5dff-deca-40f0-b4f2-98a3b187f9c7 req-b1905cdd-16eb-41b7-8756-6462d3f3c69c aed4727506ce498c9c324c43fbe92dd8 3f6e891dc15b4d27a6f9cb3c29eeee47 - - 229d3715587d49df86965c194aff7cf2 229d3715587d49df86965c194aff7cf2] 10.0.0.16 "PUT /allocations/8edbb02c-bf9d-4b50-ba66-2c796624f4b4" status: 204 len: 0 microversion: 1.36 [pid: 8|app: 0|req: 506/1012] 10.0.0.16 () {38 vars in 913 bytes} [Sat Sep 5 14:25:09 2026] PUT /allocations/8edbb02c-bf9d-4b50-ba66-2c796624f4b4 => generated 0 bytes in 93 msecs (HTTP/1.1 204) 5 headers in 199 bytes (1 switches on core 0)
2026-09-05 14:25:10.753 7 INFO placement.requestlog [req-4bbe5dff-deca-40f0-b4f2-98a3b187f9c7 req-c5c174cd-693f-47d5-aa6b-71b93c68ada3 aed4727506ce498c9c324c43fbe92dd8 3f6e891dc15b4d27a6f9cb3c29eeee47 - - 229d3715587d49df86965c194aff7cf2 229d3715587d49df86965c194aff7cf2] 162.253.55.107 "GET /allocations/8edbb02c-bf9d-4b50-ba66-2c796624f4b4" status: 200 len: 258 microversion: 1.28 [pid: 7|app: 0|req: 507/1013] 162.253.55.107 () {34 vars in 863 bytes} [Sat Sep 5 14:25:10 2026] GET /allocations/8edbb02c-bf9d-4b50-ba66-2c796624f4b4 => generated 258 bytes in 33 msecs (HTTP/1.1 200) 8 headers in 296 bytes (1 switches on core 0)
2026-09-05 14:25:10.811 8 INFO placement.requestlog [None req-a127ea2e-94b6-49b8-abf1-f0ae70e8a190 9c828e0e87d44a20997f77ec9e25ef63 3f6e891dc15b4d27a6f9cb3c29eeee47 - - 229d3715587d49df86965c194aff7cf2 229d3715587d49df86965c194aff7cf2] 10.0.0.103 "GET /resource_providers/966e8151-c4ba-4f6a-82d3-6a528ee796a8/aggregates" status: 404 len: 235 microversion: 1.1 [pid: 8|app: 0|req: 507/1014] 10.0.0.103 () {32 vars in 816 bytes} [Sat Sep 5 14:25:10 2026] GET /resource_providers/966e8151-c4ba-4f6a-82d3-6a528ee796a8/aggregates => generated 235 bytes in 10 msecs (HTTP/1.1 404) 5 headers in 202 bytes (1 switches on core 0)
2026-09-05 14:25:10.822 7 INFO placement.requestlog [None req-ab0df0dc-c5f8-4d15-ad4c-d74dcb888e5d 9c828e0e87d44a20997f77ec9e25ef63 3f6e891dc15b4d27a6f9cb3c29eeee47 - - 229d3715587d49df86965c194aff7cf2 229d3715587d49df86965c194aff7cf2] 10.0.0.103 "GET /resource_providers/966e8151-c4ba-4f6a-82d3-6a528ee796a8/aggregates" status: 404 len: 235 microversion: 1.1 [pid: 7|app: 0|req: 508/1015] 10.0.0.103 () {32 vars in 816 bytes} [Sat Sep 5 14:25:10 2026] GET /resource_providers/966e8151-c4ba-4f6a-82d3-6a528ee796a8/aggregates => generated 235 bytes in 15 msecs (HTTP/1.1 404) 5 headers in 202 bytes (1 switches on core 0)
2026-09-05 14:25:10.829 8 INFO placement.requestlog [None req-b964561f-b415-4cf1-9905-8829454f8e6e 9c828e0e87d44a20997f77ec9e25ef63 3f6e891dc15b4d27a6f9cb3c29eeee47 - - 229d3715587d49df86965c194aff7cf2 229d3715587d49df86965c194aff7cf2] 10.0.0.103 "DELETE /resource_providers/966e8151-c4ba-4f6a-82d3-6a528ee796a8" status: 404 len: 246 microversion: 1.1 [pid: 8|app: 0|req: 508/1016] 10.0.0.103 () {34 vars in 816 bytes} [Sat Sep 5 14:25:10 2026] DELETE /resource_providers/966e8151-c4ba-4f6a-82d3-6a528ee796a8 => generated 246 bytes in 8 msecs (HTTP/1.1 404) 6 headers in 231 bytes (1 switches on core 0)
2026-09-05 14:25:10.856 7 INFO placement.requestlog [None req-5e28d132-8ef6-4f3b-b7db-049a1bdecbf3 9c828e0e87d44a20997f77ec9e25ef63 3f6e891dc15b4d27a6f9cb3c29eeee47 - - 229d3715587d49df86965c194aff7cf2 229d3715587d49df86965c194aff7cf2] 10.0.0.103 "DELETE /resource_providers/966e8151-c4ba-4f6a-82d3-6a528ee796a8" status: 404 len: 246 microversion: 1.1 [pid: 7|app: 0|req: 509/1017] 10.0.0.103 () {34 vars in 816 bytes} [Sat Sep 5 14:25:10 2026] DELETE /resource_providers/966e8151-c4ba-4f6a-82d3-6a528ee796a8 => generated 246 bytes in 20 msecs (HTTP/1.1 404) 6 headers in 231 bytes (1 switches on core 0)
2026-09-05 14:25:11.818 8 INFO placement.requestlog [req-4bbe5dff-deca-40f0-b4f2-98a3b187f9c7 req-da17873d-d12f-4d3a-bfae-5fc9f2140510 aed4727506ce498c9c324c43fbe92dd8 3f6e891dc15b4d27a6f9cb3c29eeee47 - - 229d3715587d49df86965c194aff7cf2 229d3715587d49df86965c194aff7cf2] 162.253.55.107 "GET /resource_providers/1e9ec02b-2ad1-40c5-84ac-519f08faa9b6/allocations" status: 200 len: 453 microversion: 1.0 [pid: 8|app: 0|req: 509/1018] 162.253.55.107 () {32 vars in 857 bytes} [Sat Sep 5 14:25:11 2026] GET /resource_providers/1e9ec02b-2ad1-40c5-84ac-519f08faa9b6/allocations => generated 453 bytes in 32 msecs (HTTP/1.1 200) 6 headers in 224 bytes (1 switches on core 0)
2026-09-05 14:25:11.847 7 INFO placement.requestlog [req-4bbe5dff-deca-40f0-b4f2-98a3b187f9c7 req-c706ede5-361b-454e-8685-5d5b11395d38 aed4727506ce498c9c324c43fbe92dd8 3f6e891dc15b4d27a6f9cb3c29eeee47 - - 229d3715587d49df86965c194aff7cf2 229d3715587d49df86965c194aff7cf2] 162.253.55.107 "GET /allocations/8edbb02c-bf9d-4b50-ba66-2c796624f4b4" status: 200 len: 258 microversion: 1.28 [pid: 7|app: 0|req: 510/1019] 162.253.55.107 () {34 vars in 863 bytes} [Sat Sep 5 14:25:11 2026] GET /allocations/8edbb02c-bf9d-4b50-ba66-2c796624f4b4 => generated 258 bytes in 21 msecs (HTTP/1.1 200) 8 headers in 296 bytes (1 switches on core 0)
2026-09-05 14:25:11.873 8 INFO placement.requestlog [req-4bbe5dff-deca-40f0-b4f2-98a3b187f9c7 req-6965e9b6-2d33-4305-adad-9383433a6be0 aed4727506ce498c9c324c43fbe92dd8 3f6e891dc15b4d27a6f9cb3c29eeee47 - - 229d3715587d49df86965c194aff7cf2 229d3715587d49df86965c194aff7cf2] 162.253.55.107 "GET /allocations/606ae686-bafb-42b3-9282-8287fe2d58d8" status: 200 len: 258 microversion: 1.28 [pid: 8|app: 0|req: 510/1020] 162.253.55.107 () {34 vars in 863 bytes} [Sat Sep 5 14:25:11 2026] GET /allocations/606ae686-bafb-42b3-9282-8287fe2d58d8 => generated 258 bytes in 18 msecs (HTTP/1.1 200) 8 headers in 296 bytes (1 switches on core 0)
2026-09-05 14:25:11.898 7 INFO placement.requestlog [req-4bbe5dff-deca-40f0-b4f2-98a3b187f9c7 req-77d5b657-bbaf-4830-8752-c7bc6e406c10 aed4727506ce498c9c324c43fbe92dd8 3f6e891dc15b4d27a6f9cb3c29eeee47 - - 229d3715587d49df86965c194aff7cf2 229d3715587d49df86965c194aff7cf2] 162.253.55.107 "GET /allocations/d0fa63de-9e66-494e-8231-055cbb21bf82" status: 200 len: 258 microversion: 1.28 [pid: 7|app: 0|req: 511/1021] 162.253.55.107 () {34 vars in 863 bytes} [Sat Sep 5 14:25:11 2026] GET /allocations/d0fa63de-9e66-494e-8231-055cbb21bf82 => generated 258 bytes in 21 msecs (HTTP/1.1 200) 8 headers in 296 bytes (1 switches on core 0)
2026-09-05 14:25:11.925 8 INFO placement.requestlog [req-4bbe5dff-deca-40f0-b4f2-98a3b187f9c7 req-9c885d64-550a-4656-85db-e9762260ed9a aed4727506ce498c9c324c43fbe92dd8 3f6e891dc15b4d27a6f9cb3c29eeee47 - - 229d3715587d49df86965c194aff7cf2 229d3715587d49df86965c194aff7cf2] 162.253.55.107 "GET /allocations/49a5df56-a8e9-45b2-a416-fa58617d5d4b" status: 200 len: 258 microversion: 1.28 [pid: 8|app: 0|req: 511/1022] 162.253.55.107 () {34 vars in 863 bytes} [Sat Sep 5 14:25:11 2026] GET /allocations/49a5df56-a8e9-45b2-a416-fa58617d5d4b => generated 258 bytes in 20 msecs (HTTP/1.1 200) 8 headers in 296 bytes (1 switches on core 0)
2026-09-05 14:25:16.494 7 INFO placement.requestlog [req-7f2b6100-f974-4871-85e8-baa58cf47e2e req-47147ac9-a501-4b2c-ad35-bd672fadc9a1 aed4727506ce498c9c324c43fbe92dd8 3f6e891dc15b4d27a6f9cb3c29eeee47 - - 229d3715587d49df86965c194aff7cf2 229d3715587d49df86965c194aff7cf2] 162.253.55.107 "GET /resource_providers/1e9ec02b-2ad1-40c5-84ac-519f08faa9b6/allocations" status: 200 len: 453 microversion: 1.0 [pid: 7|app: 0|req: 512/1023] 162.253.55.107 () {32 vars in 857 bytes} [Sat Sep 5 14:25:16 2026] GET /resource_providers/1e9ec02b-2ad1-40c5-84ac-519f08faa9b6/allocations => generated 453 bytes in 21 msecs (HTTP/1.1 200) 6 headers in 224 bytes (1 switches on core 0)
2026-09-05 14:25:16.520 8 INFO placement.requestlog [req-7f2b6100-f974-4871-85e8-baa58cf47e2e req-a810c9ca-17c5-4a64-8855-caac5e518d55 aed4727506ce498c9c324c43fbe92dd8 3f6e891dc15b4d27a6f9cb3c29eeee47 - - 229d3715587d49df86965c194aff7cf2 229d3715587d49df86965c194aff7cf2] 162.253.55.107 "GET /allocations/8edbb02c-bf9d-4b50-ba66-2c796624f4b4" status: 200 len: 258 microversion: 1.28 [pid: 8|app: 0|req: 512/1024] 162.253.55.107 () {34 vars in 863 bytes} [Sat Sep 5 14:25:16 2026] GET /allocations/8edbb02c-bf9d-4b50-ba66-2c796624f4b4 => generated 258 bytes in 19 msecs (HTTP/1.1 200) 8 headers in 296 bytes (1 switches on core 0)
2026-09-05 14:25:16.542 7 INFO placement.requestlog [req-7f2b6100-f974-4871-85e8-baa58cf47e2e req-c392a9db-c0af-4dc3-b0b5-652223e6137b aed4727506ce498c9c324c43fbe92dd8 3f6e891dc15b4d27a6f9cb3c29eeee47 - - 229d3715587d49df86965c194aff7cf2 229d3715587d49df86965c194aff7cf2] 162.253.55.107 "GET /allocations/606ae686-bafb-42b3-9282-8287fe2d58d8" status: 200 len: 258 microversion: 1.28 [pid: 7|app: 0|req: 513/1025] 162.253.55.107 () {34 vars in 863 bytes} [Sat Sep 5 14:25:16 2026] GET /allocations/606ae686-bafb-42b3-9282-8287fe2d58d8 => generated 258 bytes in 15 msecs (HTTP/1.1 200) 8 headers in 296 bytes (1 switches on core 0)
2026-09-05 14:25:16.570 8 INFO placement.requestlog [req-7f2b6100-f974-4871-85e8-baa58cf47e2e req-e032fe8b-2988-47d8-9bc1-3cfe932624fd aed4727506ce498c9c324c43fbe92dd8 3f6e891dc15b4d27a6f9cb3c29eeee47 - - 229d3715587d49df86965c194aff7cf2 229d3715587d49df86965c194aff7cf2] 162.253.55.107 "GET /allocations/d0fa63de-9e66-494e-8231-055cbb21bf82" status: 200 len: 258 microversion: 1.28 [pid: 8|app: 0|req: 513/1026] 162.253.55.107 () {34 vars in 863 bytes} [Sat Sep 5 14:25:16 2026] GET /allocations/d0fa63de-9e66-494e-8231-055cbb21bf82 => generated 258 bytes in 21 msecs (HTTP/1.1 200) 8 headers in 296 bytes (1 switches on core 0)
2026-09-05 14:25:16.589 7 INFO placement.requestlog [req-7f2b6100-f974-4871-85e8-baa58cf47e2e req-73dd556e-f3d8-4df3-a471-055de8464463 aed4727506ce498c9c324c43fbe92dd8 3f6e891dc15b4d27a6f9cb3c29eeee47 - - 229d3715587d49df86965c194aff7cf2 229d3715587d49df86965c194aff7cf2] 162.253.55.107 "GET /allocations/49a5df56-a8e9-45b2-a416-fa58617d5d4b" status: 200 len: 258 microversion: 1.28 [pid: 7|app: 0|req: 514/1027] 162.253.55.107 () {34 vars in 863 bytes} [Sat Sep 5 14:25:16 2026] GET /allocations/49a5df56-a8e9-45b2-a416-fa58617d5d4b => generated 258 bytes in 14 msecs (HTTP/1.1 200) 8 headers in 296 bytes (1 switches on core 0)
2026-09-05 14:25:17.482 8 INFO placement.requestlog [None req-1bd6cac1-a4e1-4f9d-afd0-f2b58ce61584 - - - - - -] 10.0.0.133 "GET /" status: 200 len: 136 microversion: 1.0
2026-09-05 14:25:17.482 7 INFO placement.requestlog [None req-7d113356-a9de-4de5-826d-9cbb6f271a06 - - - - - -] 10.0.0.133 "GET /" status: 200 len: 136 microversion: 1.0
2026-09-05 14:25:17.652 8 INFO placement.requestlog [req-7f2b6100-f974-4871-85e8-baa58cf47e2e req-f3ea6450-4477-452e-81f6-9309a236b422 aed4727506ce498c9c324c43fbe92dd8 3f6e891dc15b4d27a6f9cb3c29eeee47 - - 229d3715587d49df86965c194aff7cf2 229d3715587d49df86965c194aff7cf2] 162.253.55.107 "DELETE /allocations/606ae686-bafb-42b3-9282-8287fe2d58d8" status: 204 len: 0 microversion: 1.0 [pid: 8|app: 0|req: 515/1030] 162.253.55.107 () {34 vars in 841 bytes} [Sat Sep 5 14:25:17 2026] DELETE /allocations/606ae686-bafb-42b3-9282-8287fe2d58d8 => generated 0 bytes in 31 msecs (HTTP/1.1 204) 5 headers in 198 bytes (1 switches on core 0)
2026-09-05 14:25:19.736 7 INFO placement.requestlog [None req-40fd82bc-4eff-405e-8078-36b59924ae22 9c828e0e87d44a20997f77ec9e25ef63 3f6e891dc15b4d27a6f9cb3c29eeee47 - - 229d3715587d49df86965c194aff7cf2 229d3715587d49df86965c194aff7cf2] 10.0.0.103 "GET /resource_providers/851ae902-44e5-4ed8-9c59-6145341f8d88/aggregates" status: 404 len: 235 microversion: 1.1 [pid: 7|app: 0|req: 516/1031] 10.0.0.103 () {32 vars in 816 bytes} [Sat Sep 5 14:25:19 2026] GET /resource_providers/851ae902-44e5-4ed8-9c59-6145341f8d88/aggregates => generated 235 bytes in 12 msecs (HTTP/1.1 404) 5 headers in 202 bytes (1 switches on core 0)
2026-09-05 14:25:19.748 8 INFO placement.requestlog [None req-53dce6d9-fd1a-465b-a840-ec7b8595098e 9c828e0e87d44a20997f77ec9e25ef63 3f6e891dc15b4d27a6f9cb3c29eeee47 - - 229d3715587d49df86965c194aff7cf2 229d3715587d49df86965c194aff7cf2] 10.0.0.103 "GET /resource_providers/851ae902-44e5-4ed8-9c59-6145341f8d88/aggregates" status: 404 len: 235 microversion: 1.1 [pid: 8|app: 0|req: 516/1032] 10.0.0.103 () {32 vars in 816 bytes} [Sat Sep 5 14:25:19 2026] GET /resource_providers/851ae902-44e5-4ed8-9c59-6145341f8d88/aggregates => generated 235 bytes in 20 msecs (HTTP/1.1 404) 5 headers in 202 bytes (1 switches on core 0)
2026-09-05 14:25:19.761 7 INFO placement.requestlog [None req-f4dd8d65-95b5-48e3-ae5e-18f56b443037 9c828e0e87d44a20997f77ec9e25ef63 3f6e891dc15b4d27a6f9cb3c29eeee47 - - 229d3715587d49df86965c194aff7cf2 229d3715587d49df86965c194aff7cf2] 10.0.0.103 "DELETE /resource_providers/851ae902-44e5-4ed8-9c59-6145341f8d88" status: 404 len: 246 microversion: 1.1 [pid: 7|app: 0|req: 517/1033] 10.0.0.103 () {34 vars in 816 bytes} [Sat Sep 5 14:25:19 2026] DELETE /resource_providers/851ae902-44e5-4ed8-9c59-6145341f8d88 => generated 246 bytes in 14 msecs (HTTP/1.1 404) 6 headers in 231 bytes (1 switches on core 0)
2026-09-05 14:25:19.788 8 INFO placement.requestlog [None req-c34e3429-1c4b-4d99-9d23-fecb117e5a82 9c828e0e87d44a20997f77ec9e25ef63 3f6e891dc15b4d27a6f9cb3c29eeee47 - - 229d3715587d49df86965c194aff7cf2 229d3715587d49df86965c194aff7cf2] 10.0.0.103 "DELETE /resource_providers/851ae902-44e5-4ed8-9c59-6145341f8d88" status: 404 len: 246 microversion: 1.1 [pid: 8|app: 0|req: 517/1034] 10.0.0.103 () {34 vars in 816 bytes} [Sat Sep 5 14:25:19 2026] DELETE /resource_providers/851ae902-44e5-4ed8-9c59-6145341f8d88 => generated 246 bytes in 21 msecs (HTTP/1.1 404) 6 headers in 231 bytes (1 switches on core 0)
2026-09-05 14:25:22.690 7 INFO placement.requestlog [None req-9464a77c-beef-444a-937d-bfddfe4189ff 9c828e0e87d44a20997f77ec9e25ef63 3f6e891dc15b4d27a6f9cb3c29eeee47 - - 229d3715587d49df86965c194aff7cf2 229d3715587d49df86965c194aff7cf2] 10.0.0.103 "GET /resource_providers/b078e7e1-4d7e-4c05-af9e-33a7374138cf/aggregates" status: 404 len: 235 microversion: 1.1 [pid: 7|app: 0|req: 518/1035] 10.0.0.103 () {32 vars in 816 bytes} [Sat Sep 5 14:25:22 2026] GET /resource_providers/b078e7e1-4d7e-4c05-af9e-33a7374138cf/aggregates => generated 235 bytes in 21 msecs (HTTP/1.1 404) 5 headers in 202 bytes (1 switches on core 0)
2026-09-05 14:25:22.698 8 INFO placement.requestlog [None req-93c50a54-6b0f-4847-bea5-40bb68bea88b 9c828e0e87d44a20997f77ec9e25ef63 3f6e891dc15b4d27a6f9cb3c29eeee47 - - 229d3715587d49df86965c194aff7cf2 229d3715587d49df86965c194aff7cf2] 10.0.0.103 "GET /resource_providers/b078e7e1-4d7e-4c05-af9e-33a7374138cf/aggregates" status: 404 len: 235 microversion: 1.1 [pid: 8|app: 0|req: 518/1036] 10.0.0.103 () {32 vars in 816 bytes} [Sat Sep 5 14:25:22 2026] GET /resource_providers/b078e7e1-4d7e-4c05-af9e-33a7374138cf/aggregates => generated 235 bytes in 16 msecs (HTTP/1.1 404) 5 headers in 202 bytes (1 switches on core 0)
2026-09-05 14:25:22.718 7 INFO placement.requestlog [None req-d2a4280e-7c62-4385-88dd-69f184da870b 9c828e0e87d44a20997f77ec9e25ef63 3f6e891dc15b4d27a6f9cb3c29eeee47 - - 229d3715587d49df86965c194aff7cf2 229d3715587d49df86965c194aff7cf2] 10.0.0.103 "DELETE /resource_providers/b078e7e1-4d7e-4c05-af9e-33a7374138cf" status: 404 len: 246 microversion: 1.1 [pid: 7|app: 0|req: 519/1037] 10.0.0.103 () {34 vars in 816 bytes} [Sat Sep 5 14:25:22 2026] DELETE /resource_providers/b078e7e1-4d7e-4c05-af9e-33a7374138cf => generated 246 bytes in 19 msecs (HTTP/1.1 404) 6 headers in 231 bytes (1 switches on core 0)
2026-09-05 14:25:22.740 8 INFO placement.requestlog [None req-4b8b1814-9cb5-4171-ac58-180358336082 9c828e0e87d44a20997f77ec9e25ef63 3f6e891dc15b4d27a6f9cb3c29eeee47 - - 229d3715587d49df86965c194aff7cf2 229d3715587d49df86965c194aff7cf2] 10.0.0.103 "DELETE /resource_providers/b078e7e1-4d7e-4c05-af9e-33a7374138cf" status: 404 len: 246 microversion: 1.1 [pid: 8|app: 0|req: 519/1038] 10.0.0.103 () {34 vars in 816 bytes} [Sat Sep 5 14:25:22 2026] DELETE /resource_providers/b078e7e1-4d7e-4c05-af9e-33a7374138cf => generated 246 bytes in 13 msecs (HTTP/1.1 404) 6 headers in 231 bytes (1 switches on core 0)
2026-09-05 14:25:23.727 7 INFO placement.requestlog [None req-f4945d48-8841-4ec9-a904-4b7e671e697a 9c828e0e87d44a20997f77ec9e25ef63 3f6e891dc15b4d27a6f9cb3c29eeee47 - - 229d3715587d49df86965c194aff7cf2 229d3715587d49df86965c194aff7cf2] 10.0.0.103 "GET /resource_providers/90d111e4-fc35-4dd0-9252-0faeed09d11c/aggregates" status: 404 len: 235 microversion: 1.1 [pid: 7|app: 0|req: 520/1039] 10.0.0.103 () {32 vars in 816 bytes} [Sat Sep 5 14:25:23 2026] GET /resource_providers/90d111e4-fc35-4dd0-9252-0faeed09d11c/aggregates => generated 235 bytes in 11 msecs (HTTP/1.1 404) 5 headers in 202 bytes (1 switches on core 0)
2026-09-05 14:25:23.743 8 INFO placement.requestlog [None req-21fadb87-f745-414a-9a1b-97f91e880710 9c828e0e87d44a20997f77ec9e25ef63 3f6e891dc15b4d27a6f9cb3c29eeee47 - - 229d3715587d49df86965c194aff7cf2 229d3715587d49df86965c194aff7cf2] 10.0.0.103 "GET /resource_providers/90d111e4-fc35-4dd0-9252-0faeed09d11c/aggregates" status: 404 len: 235 microversion: 1.1 [pid: 8|app: 0|req: 520/1040] 10.0.0.103 () {32 vars in 816 bytes} [Sat Sep 5 14:25:23 2026] GET /resource_providers/90d111e4-fc35-4dd0-9252-0faeed09d11c/aggregates => generated 235 bytes in 12 msecs (HTTP/1.1 404) 5 headers in 202 bytes (1 switches on core 0)
2026-09-05 14:25:23.794 8 INFO placement.requestlog [None req-45e5602a-7406-47ee-8a1b-f946675edc0b 9c828e0e87d44a20997f77ec9e25ef63 3f6e891dc15b4d27a6f9cb3c29eeee47 - - 229d3715587d49df86965c194aff7cf2 229d3715587d49df86965c194aff7cf2] 10.0.0.103 "DELETE /resource_providers/90d111e4-fc35-4dd0-9252-0faeed09d11c" status: 404 len: 246 microversion: 1.1 [pid: 8|app: 0|req: 521/1041] 10.0.0.103 () {34 vars in 816 bytes} [Sat Sep 5 14:25:23 2026] DELETE /resource_providers/90d111e4-fc35-4dd0-9252-0faeed09d11c => generated 246 bytes in 13 msecs (HTTP/1.1 404) 6 headers in 231 bytes (1 switches on core 0)
2026-09-05 14:25:23.812 7 INFO placement.requestlog [None req-edc63acd-c363-4cba-b473-a467d577daaa 9c828e0e87d44a20997f77ec9e25ef63 3f6e891dc15b4d27a6f9cb3c29eeee47 - - 229d3715587d49df86965c194aff7cf2 229d3715587d49df86965c194aff7cf2] 10.0.0.103 "DELETE /resource_providers/90d111e4-fc35-4dd0-9252-0faeed09d11c" status: 404 len: 246 microversion: 1.1 [pid: 7|app: 0|req: 521/1042] 10.0.0.103 () {34 vars in 816 bytes} [Sat Sep 5 14:25:23 2026] DELETE /resource_providers/90d111e4-fc35-4dd0-9252-0faeed09d11c => generated 246 bytes in 31 msecs (HTTP/1.1 404) 6 headers in 231 bytes (1 switches on core 0)
2026-09-05 14:25:26.668 8 INFO placement.requestlog [None req-8ac58adf-47ee-46ef-b4d7-c4a98236f205 9c828e0e87d44a20997f77ec9e25ef63 3f6e891dc15b4d27a6f9cb3c29eeee47 - - 229d3715587d49df86965c194aff7cf2 229d3715587d49df86965c194aff7cf2] 10.0.0.103 "GET /resource_providers/69f4ee49-e50e-43e2-a903-ec2564466831/aggregates" status: 404 len: 235 microversion: 1.1 [pid: 8|app: 0|req: 522/1043] 10.0.0.103 () {32 vars in 816 bytes} [Sat Sep 5 14:25:26 2026] GET /resource_providers/69f4ee49-e50e-43e2-a903-ec2564466831/aggregates => generated 235 bytes in 10 msecs (HTTP/1.1 404) 5 headers in 202 bytes (1 switches on core 0)
2026-09-05 14:25:26.674 7 INFO placement.requestlog [None req-e455635a-88b1-4bb1-b229-79e3a6d13cf5 9c828e0e87d44a20997f77ec9e25ef63 3f6e891dc15b4d27a6f9cb3c29eeee47 - - 229d3715587d49df86965c194aff7cf2 229d3715587d49df86965c194aff7cf2] 10.0.0.103 "GET /resource_providers/69f4ee49-e50e-43e2-a903-ec2564466831/aggregates" status: 404 len: 235 microversion: 1.1 [pid: 7|app: 0|req: 522/1044] 10.0.0.103 () {32 vars in 816 bytes} [Sat Sep 5 14:25:26 2026] GET /resource_providers/69f4ee49-e50e-43e2-a903-ec2564466831/aggregates => generated 235 bytes in 11 msecs (HTTP/1.1 404) 5 headers in 202 bytes (1 switches on core 0)
2026-09-05 14:25:26.686 8 INFO placement.requestlog [None req-e8387099-65ef-4d4e-895f-bee0c772fee1 9c828e0e87d44a20997f77ec9e25ef63 3f6e891dc15b4d27a6f9cb3c29eeee47 - - 229d3715587d49df86965c194aff7cf2 229d3715587d49df86965c194aff7cf2] 10.0.0.103 "DELETE /resource_providers/69f4ee49-e50e-43e2-a903-ec2564466831" status: 404 len: 246 microversion: 1.1 [pid: 8|app: 0|req: 523/1045] 10.0.0.103 () {34 vars in 816 bytes} [Sat Sep 5 14:25:26 2026] DELETE /resource_providers/69f4ee49-e50e-43e2-a903-ec2564466831 => generated 246 bytes in 6 msecs (HTTP/1.1 404) 6 headers in 231 bytes (1 switches on core 0)
2026-09-05 14:25:26.697 7 INFO placement.requestlog [None req-7d22d655-b45f-4d60-a77d-f5fce1c5c113 9c828e0e87d44a20997f77ec9e25ef63 3f6e891dc15b4d27a6f9cb3c29eeee47 - - 229d3715587d49df86965c194aff7cf2 229d3715587d49df86965c194aff7cf2] 10.0.0.103 "DELETE /resource_providers/69f4ee49-e50e-43e2-a903-ec2564466831" status: 404 len: 246 microversion: 1.1 [pid: 7|app: 0|req: 523/1046] 10.0.0.103 () {34 vars in 816 bytes} [Sat Sep 5 14:25:26 2026] DELETE /resource_providers/69f4ee49-e50e-43e2-a903-ec2564466831 => generated 246 bytes in 13 msecs (HTTP/1.1 404) 6 headers in 231 bytes (1 switches on core 0)
2026-09-05 14:25:26.907 8 INFO placement.requestlog [req-19776b6e-58af-42a9-a1b3-804275c0781a req-ad0363f1-46d4-4ccb-b10c-09e20da52725 aed4727506ce498c9c324c43fbe92dd8 3f6e891dc15b4d27a6f9cb3c29eeee47 - - 229d3715587d49df86965c194aff7cf2 229d3715587d49df86965c194aff7cf2] 162.253.55.107 "GET /resource_providers/1e9ec02b-2ad1-40c5-84ac-519f08faa9b6/allocations" status: 200 len: 353 microversion: 1.0 [pid: 8|app: 0|req: 524/1047] 162.253.55.107 () {32 vars in 857 bytes} [Sat Sep 5 14:25:26 2026] GET /resource_providers/1e9ec02b-2ad1-40c5-84ac-519f08faa9b6/allocations => generated 353 bytes in 25 msecs (HTTP/1.1 200) 6 headers in 224 bytes (1 switches on core 0)
2026-09-05 14:25:26.931 7 INFO placement.requestlog [req-19776b6e-58af-42a9-a1b3-804275c0781a req-7438bab1-a1e1-4393-b425-46a4f771fb20 aed4727506ce498c9c324c43fbe92dd8 3f6e891dc15b4d27a6f9cb3c29eeee47 - - 229d3715587d49df86965c194aff7cf2 229d3715587d49df86965c194aff7cf2] 162.253.55.107 "GET /allocations/8edbb02c-bf9d-4b50-ba66-2c796624f4b4" status: 200 len: 258 microversion: 1.28 [pid: 7|app: 0|req: 524/1048] 162.253.55.107 () {34 vars in 863 bytes} [Sat Sep 5 14:25:26 2026] GET /allocations/8edbb02c-bf9d-4b50-ba66-2c796624f4b4 => generated 258 bytes in 20 msecs (HTTP/1.1 200) 8 headers in 296 bytes (1 switches on core 0)
2026-09-05 14:25:26.950 8 INFO placement.requestlog [req-19776b6e-58af-42a9-a1b3-804275c0781a req-1a66a4d3-ff53-4a18-8de2-2d70755b5167 aed4727506ce498c9c324c43fbe92dd8 3f6e891dc15b4d27a6f9cb3c29eeee47 - - 229d3715587d49df86965c194aff7cf2 229d3715587d49df86965c194aff7cf2] 162.253.55.107 "GET /allocations/d0fa63de-9e66-494e-8231-055cbb21bf82" status: 200 len: 258 microversion: 1.28 [pid: 8|app: 0|req: 525/1049] 162.253.55.107 () {34 vars in 863 bytes} [Sat Sep 5 14:25:26 2026] GET /allocations/d0fa63de-9e66-494e-8231-055cbb21bf82 => generated 258 bytes in 12 msecs (HTTP/1.1 200) 8 headers in 296 bytes (1 switches on core 0)
2026-09-05 14:25:26.983 7 INFO placement.requestlog [req-19776b6e-58af-42a9-a1b3-804275c0781a req-3c67b2a7-0fd7-44b3-bcda-d3070507592f aed4727506ce498c9c324c43fbe92dd8 3f6e891dc15b4d27a6f9cb3c29eeee47 - - 229d3715587d49df86965c194aff7cf2 229d3715587d49df86965c194aff7cf2] 162.253.55.107 "GET /allocations/49a5df56-a8e9-45b2-a416-fa58617d5d4b" status: 200 len: 258 microversion: 1.28 [pid: 7|app: 0|req: 525/1050] 162.253.55.107 () {34 vars in 863 bytes} [Sat Sep 5 14:25:26 2026] GET /allocations/49a5df56-a8e9-45b2-a416-fa58617d5d4b => generated 258 bytes in 26 msecs (HTTP/1.1 200) 8 headers in 296 bytes (1 switches on core 0)
2026-09-05 14:25:27.483 7 INFO placement.requestlog [None req-62072588-4ffd-4e1c-9456-8a9f49fdb858 - - - - - -] 10.0.0.133 "GET /" status: 200 len: 136 microversion: 1.0
2026-09-05 14:25:27.483 8 INFO placement.requestlog [None req-97758a8d-0c78-499a-ada4-0e6ca6d9f2eb - - - - - -] 10.0.0.133 "GET /" status: 200 len: 136 microversion: 1.0
2026-09-05 14:25:28.048 7 INFO placement.requestlog [req-19776b6e-58af-42a9-a1b3-804275c0781a req-570b9723-0dd1-412a-ac3a-7c7b048f1d27 aed4727506ce498c9c324c43fbe92dd8 3f6e891dc15b4d27a6f9cb3c29eeee47 - - 229d3715587d49df86965c194aff7cf2 229d3715587d49df86965c194aff7cf2] 162.253.55.107 "DELETE /allocations/d0fa63de-9e66-494e-8231-055cbb21bf82" status: 204 len: 0 microversion: 1.0 [pid: 7|app: 0|req: 527/1053] 162.253.55.107 () {34 vars in 841 bytes} [Sat Sep 5 14:25:28 2026] DELETE /allocations/d0fa63de-9e66-494e-8231-055cbb21bf82 => generated 0 bytes in 37 msecs (HTTP/1.1 204) 5 headers in 198 bytes (1 switches on core 0)
2026-09-05 14:25:28.993 8 INFO placement.requestlog [req-81941779-7c33-41b7-ad9a-34d90664544e req-00395000-e16a-4f6b-b3bb-442a74dfd891 aed4727506ce498c9c324c43fbe92dd8 3f6e891dc15b4d27a6f9cb3c29eeee47 - - 229d3715587d49df86965c194aff7cf2 229d3715587d49df86965c194aff7cf2] 10.0.0.16 "GET /allocation_candidates?limit=1000&resources=DISK_GB%3A1%2CMEMORY_MB%3A512%2CVCPU%3A1&root_required=%21COMPUTE_STATUS_DISABLED" status: 200 len: 2643 microversion: 1.36 [pid: 8|app: 0|req: 527/1054] 10.0.0.16 () {34 vars in 1011 bytes} [Sat Sep 5 14:25:28 2026] GET /allocation_candidates?limit=1000&resources=DISK_GB%3A1%2CMEMORY_MB%3A512%2CVCPU%3A1&root_required=%21COMPUTE_STATUS_DISABLED => generated 2643 bytes in 42 msecs (HTTP/1.1 200) 8 headers in 297 bytes (1 switches on core 0)
2026-09-05 14:25:29.032 7 INFO placement.requestlog [req-81941779-7c33-41b7-ad9a-34d90664544e req-40e0c112-13c7-47d5-be1a-205fe7724d8d aed4727506ce498c9c324c43fbe92dd8 3f6e891dc15b4d27a6f9cb3c29eeee47 - - 229d3715587d49df86965c194aff7cf2 229d3715587d49df86965c194aff7cf2] 10.0.0.16 "GET /allocations/5e20dd1f-ba78-4b88-afc3-3036b4508b0c" status: 200 len: 19 microversion: 1.28 [pid: 7|app: 0|req: 528/1055] 10.0.0.16 () {34 vars in 860 bytes} [Sat Sep 5 14:25:29 2026] GET /allocations/5e20dd1f-ba78-4b88-afc3-3036b4508b0c => generated 19 bytes in 9 msecs (HTTP/1.1 200) 8 headers in 295 bytes (1 switches on core 0)
2026-09-05 14:25:29.106 8 INFO placement.requestlog [req-81941779-7c33-41b7-ad9a-34d90664544e req-ede2e0e4-f5de-4c1a-a8a8-0acdc5236563 aed4727506ce498c9c324c43fbe92dd8 3f6e891dc15b4d27a6f9cb3c29eeee47 - - 229d3715587d49df86965c194aff7cf2 229d3715587d49df86965c194aff7cf2] 10.0.0.16 "PUT /allocations/5e20dd1f-ba78-4b88-afc3-3036b4508b0c" status: 204 len: 0 microversion: 1.36 [pid: 8|app: 0|req: 528/1056] 10.0.0.16 () {38 vars in 913 bytes} [Sat Sep 5 14:25:29 2026] PUT /allocations/5e20dd1f-ba78-4b88-afc3-3036b4508b0c => generated 0 bytes in 70 msecs (HTTP/1.1 204) 5 headers in 199 bytes (1 switches on core 0)
2026-09-05 14:25:30.632 7 INFO placement.requestlog [req-81941779-7c33-41b7-ad9a-34d90664544e req-d5582fde-443c-4609-afd7-6b436d4d2420 aed4727506ce498c9c324c43fbe92dd8 3f6e891dc15b4d27a6f9cb3c29eeee47 - - 229d3715587d49df86965c194aff7cf2 229d3715587d49df86965c194aff7cf2] 162.253.55.107 "GET /allocations/5e20dd1f-ba78-4b88-afc3-3036b4508b0c" status: 200 len: 258 microversion: 1.28 [pid: 7|app: 0|req: 529/1057] 162.253.55.107 () {34 vars in 863 bytes} [Sat Sep 5 14:25:30 2026] GET /allocations/5e20dd1f-ba78-4b88-afc3-3036b4508b0c => generated 258 bytes in 11 msecs (HTTP/1.1 200) 8 headers in 296 bytes (1 switches on core 0)
2026-09-05 14:25:31.906 8 INFO placement.requestlog [req-81941779-7c33-41b7-ad9a-34d90664544e req-3718ad34-66e0-451c-a3d6-2fd94a40b564 aed4727506ce498c9c324c43fbe92dd8 3f6e891dc15b4d27a6f9cb3c29eeee47 - - 229d3715587d49df86965c194aff7cf2 229d3715587d49df86965c194aff7cf2] 162.253.55.107 "GET /resource_providers/1e9ec02b-2ad1-40c5-84ac-519f08faa9b6/allocations" status: 200 len: 353 microversion: 1.0 [pid: 8|app: 0|req: 529/1058] 162.253.55.107 () {32 vars in 857 bytes} [Sat Sep 5 14:25:31 2026] GET /resource_providers/1e9ec02b-2ad1-40c5-84ac-519f08faa9b6/allocations => generated 353 bytes in 238 msecs (HTTP/1.1 200) 6 headers in 224 bytes (1 switches on core 0)
2026-09-05 14:25:31.946 7 INFO placement.requestlog [req-81941779-7c33-41b7-ad9a-34d90664544e req-b0605dca-f2d5-47b4-b160-fc6f1efb69f2 aed4727506ce498c9c324c43fbe92dd8 3f6e891dc15b4d27a6f9cb3c29eeee47 - - 229d3715587d49df86965c194aff7cf2 229d3715587d49df86965c194aff7cf2] 162.253.55.107 "GET /allocations/8edbb02c-bf9d-4b50-ba66-2c796624f4b4" status: 200 len: 258 microversion: 1.28 [pid: 7|app: 0|req: 530/1059] 162.253.55.107 () {34 vars in 863 bytes} [Sat Sep 5 14:25:31 2026] GET /allocations/8edbb02c-bf9d-4b50-ba66-2c796624f4b4 => generated 258 bytes in 32 msecs (HTTP/1.1 200) 8 headers in 296 bytes (1 switches on core 0)
2026-09-05 14:25:31.977 8 INFO placement.requestlog [req-81941779-7c33-41b7-ad9a-34d90664544e req-7a16cbf1-467d-4b33-a6f0-e2342a27c6da aed4727506ce498c9c324c43fbe92dd8 3f6e891dc15b4d27a6f9cb3c29eeee47 - - 229d3715587d49df86965c194aff7cf2 229d3715587d49df86965c194aff7cf2] 162.253.55.107 "GET /allocations/5e20dd1f-ba78-4b88-afc3-3036b4508b0c" status: 200 len: 258 microversion: 1.28 [pid: 8|app: 0|req: 530/1060] 162.253.55.107 () {34 vars in 863 bytes} [Sat Sep 5 14:25:31 2026] GET /allocations/5e20dd1f-ba78-4b88-afc3-3036b4508b0c => generated 258 bytes in 27 msecs (HTTP/1.1 200) 8 headers in 296 bytes (1 switches on core 0)
2026-09-05 14:25:31.996 7 INFO placement.requestlog [req-81941779-7c33-41b7-ad9a-34d90664544e req-82001c4b-ac1f-4927-be8c-35084082c206 aed4727506ce498c9c324c43fbe92dd8 3f6e891dc15b4d27a6f9cb3c29eeee47 - - 229d3715587d49df86965c194aff7cf2 229d3715587d49df86965c194aff7cf2] 162.253.55.107 "GET /allocations/49a5df56-a8e9-45b2-a416-fa58617d5d4b" status: 200 len: 258 microversion: 1.28 [pid: 7|app: 0|req: 531/1061] 162.253.55.107 () {34 vars in 863 bytes} [Sat Sep 5 14:25:31 2026] GET /allocations/49a5df56-a8e9-45b2-a416-fa58617d5d4b => generated 258 bytes in 15 msecs (HTTP/1.1 200) 8 headers in 296 bytes (1 switches on core 0)
2026-09-05 14:25:34.628 8 INFO placement.requestlog [req-58eeca35-a755-4014-aaca-e04e0401a603 req-ffff03ce-e8a3-4b6c-b5a9-fba59f92c272 aed4727506ce498c9c324c43fbe92dd8 3f6e891dc15b4d27a6f9cb3c29eeee47 - - 229d3715587d49df86965c194aff7cf2 229d3715587d49df86965c194aff7cf2] 162.253.55.107 "GET /resource_providers?in_tree=1e9ec02b-2ad1-40c5-84ac-519f08faa9b6" status: 200 len: 798 microversion: 1.14 [pid: 8|app: 0|req: 531/1062] 162.253.55.107 () {34 vars in 892 bytes} [Sat Sep 5 14:25:34 2026] GET /resource_providers?in_tree=1e9ec02b-2ad1-40c5-84ac-519f08faa9b6 => generated 798 bytes in 28 msecs (HTTP/1.1 200) 6 headers in 225 bytes (1 switches on core 0)
2026-09-05 14:25:34.674 7 INFO placement.requestlog [req-58eeca35-a755-4014-aaca-e04e0401a603 req-34550193-f90c-4290-9273-1921c04cef5c aed4727506ce498c9c324c43fbe92dd8 3f6e891dc15b4d27a6f9cb3c29eeee47 - - 229d3715587d49df86965c194aff7cf2 229d3715587d49df86965c194aff7cf2] 162.253.55.107 "GET /resource_providers/1e9ec02b-2ad1-40c5-84ac-519f08faa9b6/inventories" status: 200 len: 401 microversion: 1.0 [pid: 7|app: 0|req: 532/1063] 162.253.55.107 () {32 vars in 857 bytes} [Sat Sep 5 14:25:34 2026] GET /resource_providers/1e9ec02b-2ad1-40c5-84ac-519f08faa9b6/inventories => generated 401 bytes in 38 msecs (HTTP/1.1 200) 6 headers in 224 bytes (1 switches on core 0)
2026-09-05 14:25:34.704 8 INFO placement.requestlog [req-58eeca35-a755-4014-aaca-e04e0401a603 req-5581257e-248f-42b4-94d8-c9a77e5ba9b3 aed4727506ce498c9c324c43fbe92dd8 3f6e891dc15b4d27a6f9cb3c29eeee47 - - 229d3715587d49df86965c194aff7cf2 229d3715587d49df86965c194aff7cf2] 162.253.55.107 "GET /resource_providers/1e9ec02b-2ad1-40c5-84ac-519f08faa9b6/aggregates" status: 200 len: 54 microversion: 1.19 [pid: 8|app: 0|req: 532/1064] 162.253.55.107 () {34 vars in 899 bytes} [Sat Sep 5 14:25:34 2026] GET /resource_providers/1e9ec02b-2ad1-40c5-84ac-519f08faa9b6/aggregates => generated 54 bytes in 19 msecs (HTTP/1.1 200) 8 headers in 295 bytes (1 switches on core 0)
2026-09-05 14:25:34.760 7 INFO placement.requestlog [req-58eeca35-a755-4014-aaca-e04e0401a603 req-0a3bd49c-c54e-4622-9417-3758f004d49a aed4727506ce498c9c324c43fbe92dd8 3f6e891dc15b4d27a6f9cb3c29eeee47 - - 229d3715587d49df86965c194aff7cf2 229d3715587d49df86965c194aff7cf2] 162.253.55.107 "GET /resource_providers/1e9ec02b-2ad1-40c5-84ac-519f08faa9b6/traits" status: 200 len: 2176 microversion: 1.6 [pid: 7|app: 0|req: 533/1065] 162.253.55.107 () {34 vars in 890 bytes} [Sat Sep 5 14:25:34 2026] GET /resource_providers/1e9ec02b-2ad1-40c5-84ac-519f08faa9b6/traits => generated 2176 bytes in 47 msecs (HTTP/1.1 200) 6 headers in 225 bytes (1 switches on core 0)
2026-09-05 14:25:34.787 8 INFO placement.requestlog [req-58eeca35-a755-4014-aaca-e04e0401a603 req-d5b9cbcc-5a7f-4a99-8e47-4ddf5f4f9f9a aed4727506ce498c9c324c43fbe92dd8 3f6e891dc15b4d27a6f9cb3c29eeee47 - - 229d3715587d49df86965c194aff7cf2 229d3715587d49df86965c194aff7cf2] 162.253.55.107 "GET /resource_providers/1e9ec02b-2ad1-40c5-84ac-519f08faa9b6/allocations" status: 200 len: 353 microversion: 1.0 [pid: 8|app: 0|req: 533/1066] 162.253.55.107 () {32 vars in 857 bytes} [Sat Sep 5 14:25:34 2026] GET /resource_providers/1e9ec02b-2ad1-40c5-84ac-519f08faa9b6/allocations => generated 353 bytes in 19 msecs (HTTP/1.1 200) 6 headers in 224 bytes (1 switches on core 0)
2026-09-05 14:25:34.824 7 INFO placement.requestlog [req-58eeca35-a755-4014-aaca-e04e0401a603 req-826afeb2-2f44-441e-8e0d-7836ce25e60f aed4727506ce498c9c324c43fbe92dd8 3f6e891dc15b4d27a6f9cb3c29eeee47 - - 229d3715587d49df86965c194aff7cf2 229d3715587d49df86965c194aff7cf2] 162.253.55.107 "GET /allocations/8edbb02c-bf9d-4b50-ba66-2c796624f4b4" status: 200 len: 258 microversion: 1.28 [pid: 7|app: 0|req: 534/1067] 162.253.55.107 () {34 vars in 863 bytes} [Sat Sep 5 14:25:34 2026] GET /allocations/8edbb02c-bf9d-4b50-ba66-2c796624f4b4 => generated 258 bytes in 31 msecs (HTTP/1.1 200) 8 headers in 296 bytes (1 switches on core 0)
2026-09-05 14:25:34.847 8 INFO placement.requestlog [req-58eeca35-a755-4014-aaca-e04e0401a603 req-737f68c7-80b7-4c5e-90c4-05bc80a2b59f aed4727506ce498c9c324c43fbe92dd8 3f6e891dc15b4d27a6f9cb3c29eeee47 - - 229d3715587d49df86965c194aff7cf2 229d3715587d49df86965c194aff7cf2] 162.253.55.107 "GET /allocations/5e20dd1f-ba78-4b88-afc3-3036b4508b0c" status: 200 len: 258 microversion: 1.28 [pid: 8|app: 0|req: 534/1068] 162.253.55.107 () {34 vars in 863 bytes} [Sat Sep 5 14:25:34 2026] GET /allocations/5e20dd1f-ba78-4b88-afc3-3036b4508b0c => generated 258 bytes in 17 msecs (HTTP/1.1 200) 8 headers in 296 bytes (1 switches on core 0)
