2026-03-31 06:04:46.754 8 INFO placement.requestlog [None req-58b20279-c00b-49b6-b6e0-2390df4af699 f7386770a3c343518b798304a2dc674f d98d6f0cb88d44ea855b9dd183586aa2 - - 61c7fc2f35f54ffaa1f1686637dcb77e 61c7fc2f35f54ffaa1f1686637dcb77e] 10.0.0.51 "GET /resource_providers/08e5e0d3-50e6-488c-901e-b6040bee7622/aggregates" status: 404 len: 235 microversion: 1.1 [pid: 7|app: 0|req: 356/709] 10.0.0.51 () {32 vars in 815 bytes} [Tue Mar 31 06:04:46 2026] GET /resource_providers/08e5e0d3-50e6-488c-901e-b6040bee7622/aggregates => generated 235 bytes in 15 msecs (HTTP/1.1 404) 5 headers in 202 bytes (1 switches on core 0) [pid: 8|app: 0|req: 354/710] 10.0.0.51 () {32 vars in 815 bytes} [Tue Mar 31 06:04:46 2026] GET /resource_providers/08e5e0d3-50e6-488c-901e-b6040bee7622/aggregates => generated 235 bytes in 15 msecs (HTTP/1.1 404) 5 headers in 202 bytes (1 switches on core 0)
2026-03-31 06:04:46.783 8 INFO placement.requestlog [None req-5bb69c91-28c3-4f04-b0a6-01ff9c95546e f7386770a3c343518b798304a2dc674f d98d6f0cb88d44ea855b9dd183586aa2 - - 61c7fc2f35f54ffaa1f1686637dcb77e 61c7fc2f35f54ffaa1f1686637dcb77e] 10.0.0.51 "DELETE /resource_providers/08e5e0d3-50e6-488c-901e-b6040bee7622" status: 404 len: 246 microversion: 1.1 [pid: 8|app: 0|req: 355/711] 10.0.0.51 () {34 vars in 815 bytes} [Tue Mar 31 06:04:46 2026] DELETE /resource_providers/08e5e0d3-50e6-488c-901e-b6040bee7622 => generated 246 bytes in 12 msecs (HTTP/1.1 404) 6 headers in 231 bytes (1 switches on core 0)
2026-03-31 06:04:46.787 7 INFO placement.requestlog [None req-fd11570b-ec2e-42a3-a061-de6b5077099b f7386770a3c343518b798304a2dc674f d98d6f0cb88d44ea855b9dd183586aa2 - - 61c7fc2f35f54ffaa1f1686637dcb77e 61c7fc2f35f54ffaa1f1686637dcb77e] 10.0.0.51 "DELETE /resource_providers/08e5e0d3-50e6-488c-901e-b6040bee7622" status: 404 len: 246 microversion: 1.1 [pid: 7|app: 0|req: 357/712] 10.0.0.51 () {34 vars in 815 bytes} [Tue Mar 31 06:04:46 2026] DELETE /resource_providers/08e5e0d3-50e6-488c-901e-b6040bee7622 => generated 246 bytes in 17 msecs (HTTP/1.1 404) 6 headers in 231 bytes (1 switches on core 0)
2026-03-31 06:04:47.566 7 INFO placement.requestlog [None req-13f295d1-d944-449b-9387-a7ea589f30a0 f7386770a3c343518b798304a2dc674f d98d6f0cb88d44ea855b9dd183586aa2 - - 61c7fc2f35f54ffaa1f1686637dcb77e 61c7fc2f35f54ffaa1f1686637dcb77e] 10.0.0.51 "GET /resource_providers/1fe2ee2e-f748-4269-b114-3cb5d7519a07/aggregates" status: 404 len: 235 microversion: 1.1 [pid: 7|app: 0|req: 358/713] 10.0.0.51 () {32 vars in 815 bytes} [Tue Mar 31 06:04:47 2026] GET /resource_providers/1fe2ee2e-f748-4269-b114-3cb5d7519a07/aggregates => generated 235 bytes in 13 msecs (HTTP/1.1 404) 5 headers in 202 bytes (1 switches on core 0)
2026-03-31 06:04:47.567 8 INFO placement.requestlog [None req-597a869d-bb3d-4023-8ee3-66880bca471d f7386770a3c343518b798304a2dc674f d98d6f0cb88d44ea855b9dd183586aa2 - - 61c7fc2f35f54ffaa1f1686637dcb77e 61c7fc2f35f54ffaa1f1686637dcb77e] 10.0.0.51 "GET /resource_providers/1fe2ee2e-f748-4269-b114-3cb5d7519a07/aggregates" status: 404 len: 235 microversion: 1.1 [pid: 8|app: 0|req: 356/714] 10.0.0.51 () {32 vars in 815 bytes} [Tue Mar 31 06:04:47 2026] GET /resource_providers/1fe2ee2e-f748-4269-b114-3cb5d7519a07/aggregates => generated 235 bytes in 15 msecs (HTTP/1.1 404) 5 headers in 202 bytes (1 switches on core 0)
2026-03-31 06:04:47.582 7 INFO placement.requestlog [None req-f787bd8b-4790-4f79-923b-4e5cf8b20622 f7386770a3c343518b798304a2dc674f d98d6f0cb88d44ea855b9dd183586aa2 - - 61c7fc2f35f54ffaa1f1686637dcb77e 61c7fc2f35f54ffaa1f1686637dcb77e] 10.0.0.51 "DELETE /resource_providers/1fe2ee2e-f748-4269-b114-3cb5d7519a07" status: 404 len: 246 microversion: 1.1 [pid: 7|app: 0|req: 359/715] 10.0.0.51 () {34 vars in 815 bytes} [Tue Mar 31 06:04:47 2026] DELETE /resource_providers/1fe2ee2e-f748-4269-b114-3cb5d7519a07 => generated 246 bytes in 9 msecs (HTTP/1.1 404) 6 headers in 231 bytes (1 switches on core 0)
2026-03-31 06:04:47.599 8 INFO placement.requestlog [None req-f066da08-fbf6-4930-89af-c6d046e2e20f f7386770a3c343518b798304a2dc674f d98d6f0cb88d44ea855b9dd183586aa2 - - 61c7fc2f35f54ffaa1f1686637dcb77e 61c7fc2f35f54ffaa1f1686637dcb77e] 10.0.0.51 "DELETE /resource_providers/1fe2ee2e-f748-4269-b114-3cb5d7519a07" status: 404 len: 246 microversion: 1.1 [pid: 8|app: 0|req: 357/716] 10.0.0.51 () {34 vars in 815 bytes} [Tue Mar 31 06:04:47 2026] DELETE /resource_providers/1fe2ee2e-f748-4269-b114-3cb5d7519a07 => generated 246 bytes in 13 msecs (HTTP/1.1 404) 6 headers in 231 bytes (1 switches on core 0)
2026-03-31 06:04:51.601 7 INFO placement.requestlog [req-598bf511-18cc-4c0f-9b74-60dc72d55afb req-6e5b9d5c-0e2d-47ff-ba55-68fd432a5be8 c2ca0170373243fd803af5b1f185d0fa d98d6f0cb88d44ea855b9dd183586aa2 - - 61c7fc2f35f54ffaa1f1686637dcb77e 61c7fc2f35f54ffaa1f1686637dcb77e] 199.204.45.138 "GET /resource_providers/f0ad18b7-d92c-4b43-8692-85af57b3d534/allocations" status: 200 len: 338 microversion: 1.0 [pid: 7|app: 0|req: 360/717] 199.204.45.138 () {32 vars in 857 bytes} [Tue Mar 31 06:04:51 2026] GET /resource_providers/f0ad18b7-d92c-4b43-8692-85af57b3d534/allocations => generated 338 bytes in 22 msecs (HTTP/1.1 200) 6 headers in 224 bytes (1 switches on core 0)
2026-03-31 06:04:51.626 8 INFO placement.requestlog [req-598bf511-18cc-4c0f-9b74-60dc72d55afb req-f2f636dd-c95b-4794-9f6a-f4c86526d619 c2ca0170373243fd803af5b1f185d0fa d98d6f0cb88d44ea855b9dd183586aa2 - - 61c7fc2f35f54ffaa1f1686637dcb77e 61c7fc2f35f54ffaa1f1686637dcb77e] 199.204.45.138 "GET /allocations/2086f506-b10a-4877-a6d9-dfcb2fe7c3b0" status: 200 len: 257 microversion: 1.28 [pid: 8|app: 0|req: 358/718] 199.204.45.138 () {34 vars in 863 bytes} [Tue Mar 31 06:04:51 2026] GET /allocations/2086f506-b10a-4877-a6d9-dfcb2fe7c3b0 => generated 257 bytes in 18 msecs (HTTP/1.1 200) 8 headers in 296 bytes (1 switches on core 0)
2026-03-31 06:04:51.650 7 INFO placement.requestlog [req-598bf511-18cc-4c0f-9b74-60dc72d55afb req-f7974552-4b8a-4ab8-8d3b-832c081c36b1 c2ca0170373243fd803af5b1f185d0fa d98d6f0cb88d44ea855b9dd183586aa2 - - 61c7fc2f35f54ffaa1f1686637dcb77e 61c7fc2f35f54ffaa1f1686637dcb77e] 199.204.45.138 "GET /allocations/ed637c38-e1b7-45e6-b9b0-fc2d2a063942" status: 200 len: 257 microversion: 1.28 [pid: 7|app: 0|req: 361/719] 199.204.45.138 () {34 vars in 863 bytes} [Tue Mar 31 06:04:51 2026] GET /allocations/ed637c38-e1b7-45e6-b9b0-fc2d2a063942 => generated 257 bytes in 15 msecs (HTTP/1.1 200) 8 headers in 296 bytes (1 switches on core 0)
2026-03-31 06:04:51.676 8 INFO placement.requestlog [req-598bf511-18cc-4c0f-9b74-60dc72d55afb req-b07888f5-14a7-4e61-8a94-c388d74e5b02 c2ca0170373243fd803af5b1f185d0fa d98d6f0cb88d44ea855b9dd183586aa2 - - 61c7fc2f35f54ffaa1f1686637dcb77e 61c7fc2f35f54ffaa1f1686637dcb77e] 199.204.45.138 "GET /allocations/746f3008-7d7e-47b1-90bb-b5945877baa4" status: 200 len: 243 microversion: 1.28 [pid: 8|app: 0|req: 359/720] 199.204.45.138 () {34 vars in 863 bytes} [Tue Mar 31 06:04:51 2026] GET /allocations/746f3008-7d7e-47b1-90bb-b5945877baa4 => generated 243 bytes in 17 msecs (HTTP/1.1 200) 8 headers in 296 bytes (1 switches on core 0)
2026-03-31 06:04:51.762 7 INFO placement.requestlog [req-598bf511-18cc-4c0f-9b74-60dc72d55afb req-a3fad3aa-fc9e-4070-8fb6-f2f7e9961666 c2ca0170373243fd803af5b1f185d0fa d98d6f0cb88d44ea855b9dd183586aa2 - - 61c7fc2f35f54ffaa1f1686637dcb77e 61c7fc2f35f54ffaa1f1686637dcb77e] 199.204.45.138 "DELETE /allocations/746f3008-7d7e-47b1-90bb-b5945877baa4" status: 204 len: 0 microversion: 1.0 [pid: 7|app: 0|req: 362/721] 199.204.45.138 () {34 vars in 841 bytes} [Tue Mar 31 06:04:51 2026] DELETE /allocations/746f3008-7d7e-47b1-90bb-b5945877baa4 => generated 0 bytes in 27 msecs (HTTP/1.1 204) 5 headers in 198 bytes (1 switches on core 0)
2026-03-31 06:04:53.033 8 INFO placement.requestlog [None req-e43ebaba-c00a-4f1f-b5a6-c1626b849dd3 - - - - - -] 10.0.0.204 "GET /" status: 200 len: 136 microversion: 1.0
2026-03-31 06:04:53.034 7 INFO placement.requestlog [None req-728dbe17-5d77-4954-8e2a-9e2058096201 - - - - - -] 10.0.0.204 "GET /" status: 200 len: 136 microversion: 1.0
2026-03-31 06:04:55.351 7 INFO placement.requestlog [None req-74f4ba19-c132-41f1-8722-6390318258ac f7386770a3c343518b798304a2dc674f d98d6f0cb88d44ea855b9dd183586aa2 - - 61c7fc2f35f54ffaa1f1686637dcb77e 61c7fc2f35f54ffaa1f1686637dcb77e] 10.0.0.51 "GET /resource_providers/941021cc-5192-4d85-9349-57158884dba3/aggregates" status: 404 len: 235 microversion: 1.1 [pid: 7|app: 0|req: 364/724] 10.0.0.51 () {32 vars in 815 bytes} [Tue Mar 31 06:04:55 2026] GET /resource_providers/941021cc-5192-4d85-9349-57158884dba3/aggregates => generated 235 bytes in 15 msecs (HTTP/1.1 404) 5 headers in 202 bytes (1 switches on core 0)
2026-03-31 06:04:55.353 8 INFO placement.requestlog [None req-b1405396-f805-4d0b-b8a0-dd45afbbbd46 f7386770a3c343518b798304a2dc674f d98d6f0cb88d44ea855b9dd183586aa2 - - 61c7fc2f35f54ffaa1f1686637dcb77e 61c7fc2f35f54ffaa1f1686637dcb77e] 10.0.0.51 "GET /resource_providers/941021cc-5192-4d85-9349-57158884dba3/aggregates" status: 404 len: 235 microversion: 1.1 [pid: 8|app: 0|req: 361/725] 10.0.0.51 () {32 vars in 815 bytes} [Tue Mar 31 06:04:55 2026] GET /resource_providers/941021cc-5192-4d85-9349-57158884dba3/aggregates => generated 235 bytes in 18 msecs (HTTP/1.1 404) 5 headers in 202 bytes (1 switches on core 0)
2026-03-31 06:04:55.385 7 INFO placement.requestlog [None req-f52da2e1-9a46-4cec-9d10-dc99d8147828 f7386770a3c343518b798304a2dc674f d98d6f0cb88d44ea855b9dd183586aa2 - - 61c7fc2f35f54ffaa1f1686637dcb77e 61c7fc2f35f54ffaa1f1686637dcb77e] 10.0.0.51 "DELETE /resource_providers/941021cc-5192-4d85-9349-57158884dba3" status: 404 len: 246 microversion: 1.1
2026-03-31 06:04:55.385 8 INFO placement.requestlog [None req-df3333df-eec4-4d59-9c0c-1000fe77465f f7386770a3c343518b798304a2dc674f d98d6f0cb88d44ea855b9dd183586aa2 - - 61c7fc2f35f54ffaa1f1686637dcb77e 61c7fc2f35f54ffaa1f1686637dcb77e] 10.0.0.51 "DELETE /resource_providers/941021cc-5192-4d85-9349-57158884dba3" status: 404 len: 246 microversion: 1.1 [pid: 7|app: 0|req: 365/726] 10.0.0.51 () {34 vars in 815 bytes} [Tue Mar 31 06:04:55 2026] DELETE /resource_providers/941021cc-5192-4d85-9349-57158884dba3 => generated 246 bytes in 12 msecs (HTTP/1.1 404) 6 headers in 231 bytes (1 switches on core 0) [pid: 8|app: 0|req: 362/727] 10.0.0.51 () {34 vars in 815 bytes} [Tue Mar 31 06:04:55 2026] DELETE /resource_providers/941021cc-5192-4d85-9349-57158884dba3 => generated 246 bytes in 12 msecs (HTTP/1.1 404) 6 headers in 231 bytes (1 switches on core 0)
2026-03-31 06:04:57.461 7 INFO placement.requestlog [None req-db97eaec-655f-4269-8ead-a8b1d44bc300 f7386770a3c343518b798304a2dc674f d98d6f0cb88d44ea855b9dd183586aa2 - - 61c7fc2f35f54ffaa1f1686637dcb77e 61c7fc2f35f54ffaa1f1686637dcb77e] 10.0.0.51 "GET /resource_providers/5d3c2279-8a88-49d2-85c0-786c7e045dfb/aggregates" status: 404 len: 235 microversion: 1.1 [pid: 7|app: 0|req: 366/728] 10.0.0.51 () {32 vars in 815 bytes} [Tue Mar 31 06:04:57 2026] GET /resource_providers/5d3c2279-8a88-49d2-85c0-786c7e045dfb/aggregates => generated 235 bytes in 17 msecs (HTTP/1.1 404) 5 headers in 202 bytes (1 switches on core 0)
2026-03-31 06:04:57.468 8 INFO placement.requestlog [None req-2828c03d-357c-47f2-8bcb-d0bd7ce2b03f f7386770a3c343518b798304a2dc674f d98d6f0cb88d44ea855b9dd183586aa2 - - 61c7fc2f35f54ffaa1f1686637dcb77e 61c7fc2f35f54ffaa1f1686637dcb77e] 10.0.0.51 "GET /resource_providers/5d3c2279-8a88-49d2-85c0-786c7e045dfb/aggregates" status: 404 len: 235 microversion: 1.1 [pid: 8|app: 0|req: 363/729] 10.0.0.51 () {32 vars in 815 bytes} [Tue Mar 31 06:04:57 2026] GET /resource_providers/5d3c2279-8a88-49d2-85c0-786c7e045dfb/aggregates => generated 235 bytes in 16 msecs (HTTP/1.1 404) 5 headers in 202 bytes (1 switches on core 0)
2026-03-31 06:04:57.487 7 INFO placement.requestlog [None req-93d91b3e-534b-470f-9bfa-6e01413a1a59 f7386770a3c343518b798304a2dc674f d98d6f0cb88d44ea855b9dd183586aa2 - - 61c7fc2f35f54ffaa1f1686637dcb77e 61c7fc2f35f54ffaa1f1686637dcb77e] 10.0.0.51 "DELETE /resource_providers/5d3c2279-8a88-49d2-85c0-786c7e045dfb" status: 404 len: 246 microversion: 1.1 [pid: 7|app: 0|req: 367/730] 10.0.0.51 () {34 vars in 815 bytes} [Tue Mar 31 06:04:57 2026] DELETE /resource_providers/5d3c2279-8a88-49d2-85c0-786c7e045dfb => generated 246 bytes in 13 msecs (HTTP/1.1 404) 6 headers in 231 bytes (1 switches on core 0)
2026-03-31 06:04:57.490 8 INFO placement.requestlog [None req-a7a33a63-b0b7-4f19-95b8-210922cafe34 f7386770a3c343518b798304a2dc674f d98d6f0cb88d44ea855b9dd183586aa2 - - 61c7fc2f35f54ffaa1f1686637dcb77e 61c7fc2f35f54ffaa1f1686637dcb77e] 10.0.0.51 "DELETE /resource_providers/5d3c2279-8a88-49d2-85c0-786c7e045dfb" status: 404 len: 246 microversion: 1.1 [pid: 8|app: 0|req: 364/731] 10.0.0.51 () {34 vars in 815 bytes} [Tue Mar 31 06:04:57 2026] DELETE /resource_providers/5d3c2279-8a88-49d2-85c0-786c7e045dfb => generated 246 bytes in 15 msecs (HTTP/1.1 404) 6 headers in 231 bytes (1 switches on core 0)
2026-03-31 06:05:00.198 7 INFO placement.requestlog [req-8c81161c-9b3b-451a-9eb2-11cada8ec473 req-ad9a3892-f35c-46e2-811a-55808864caca c2ca0170373243fd803af5b1f185d0fa d98d6f0cb88d44ea855b9dd183586aa2 - - 61c7fc2f35f54ffaa1f1686637dcb77e 61c7fc2f35f54ffaa1f1686637dcb77e] 199.204.45.138 "GET /resource_providers/f0ad18b7-d92c-4b43-8692-85af57b3d534/allocations" status: 200 len: 252 microversion: 1.0 [pid: 7|app: 0|req: 368/732] 199.204.45.138 () {32 vars in 857 bytes} [Tue Mar 31 06:05:00 2026] GET /resource_providers/f0ad18b7-d92c-4b43-8692-85af57b3d534/allocations => generated 252 bytes in 23 msecs (HTTP/1.1 200) 6 headers in 224 bytes (1 switches on core 0)
2026-03-31 06:05:00.226 8 INFO placement.requestlog [req-8c81161c-9b3b-451a-9eb2-11cada8ec473 req-9bd9f561-7291-4d96-abdd-6386bacc18b6 c2ca0170373243fd803af5b1f185d0fa d98d6f0cb88d44ea855b9dd183586aa2 - - 61c7fc2f35f54ffaa1f1686637dcb77e 61c7fc2f35f54ffaa1f1686637dcb77e] 199.204.45.138 "GET /allocations/2086f506-b10a-4877-a6d9-dfcb2fe7c3b0" status: 200 len: 257 microversion: 1.28 [pid: 8|app: 0|req: 365/733] 199.204.45.138 () {34 vars in 863 bytes} [Tue Mar 31 06:05:00 2026] GET /allocations/2086f506-b10a-4877-a6d9-dfcb2fe7c3b0 => generated 257 bytes in 15 msecs (HTTP/1.1 200) 8 headers in 296 bytes (1 switches on core 0)
2026-03-31 06:05:00.265 7 INFO placement.requestlog [req-8c81161c-9b3b-451a-9eb2-11cada8ec473 req-44156b04-20c2-4019-8628-5d03aa257ed4 c2ca0170373243fd803af5b1f185d0fa d98d6f0cb88d44ea855b9dd183586aa2 - - 61c7fc2f35f54ffaa1f1686637dcb77e 61c7fc2f35f54ffaa1f1686637dcb77e] 199.204.45.138 "GET /allocations/ed637c38-e1b7-45e6-b9b0-fc2d2a063942" status: 200 len: 257 microversion: 1.28 [pid: 7|app: 0|req: 369/734] 199.204.45.138 () {34 vars in 863 bytes} [Tue Mar 31 06:05:00 2026] GET /allocations/ed637c38-e1b7-45e6-b9b0-fc2d2a063942 => generated 257 bytes in 29 msecs (HTTP/1.1 200) 8 headers in 296 bytes (1 switches on core 0)
2026-03-31 06:05:00.369 8 INFO placement.requestlog [req-8c81161c-9b3b-451a-9eb2-11cada8ec473 req-b7c16978-c3b8-49b2-b2d8-cc5089f337c1 c2ca0170373243fd803af5b1f185d0fa d98d6f0cb88d44ea855b9dd183586aa2 - - 61c7fc2f35f54ffaa1f1686637dcb77e 61c7fc2f35f54ffaa1f1686637dcb77e] 199.204.45.138 "DELETE /allocations/ed637c38-e1b7-45e6-b9b0-fc2d2a063942" status: 204 len: 0 microversion: 1.0 [pid: 8|app: 0|req: 366/735] 199.204.45.138 () {34 vars in 841 bytes} [Tue Mar 31 06:05:00 2026] DELETE /allocations/ed637c38-e1b7-45e6-b9b0-fc2d2a063942 => generated 0 bytes in 30 msecs (HTTP/1.1 204) 5 headers in 198 bytes (1 switches on core 0)
2026-03-31 06:05:01.915 7 INFO placement.requestlog [req-73b5f063-8ba6-479e-9e01-051fc5939739 req-1bf81d0e-796c-4aea-80cc-312c1051a85b c2ca0170373243fd803af5b1f185d0fa d98d6f0cb88d44ea855b9dd183586aa2 - - 61c7fc2f35f54ffaa1f1686637dcb77e 61c7fc2f35f54ffaa1f1686637dcb77e] 199.204.45.138 "GET /resource_providers/f0ad18b7-d92c-4b43-8692-85af57b3d534/allocations" status: 200 len: 152 microversion: 1.0 [pid: 7|app: 0|req: 370/736] 199.204.45.138 () {32 vars in 857 bytes} [Tue Mar 31 06:05:01 2026] GET /resource_providers/f0ad18b7-d92c-4b43-8692-85af57b3d534/allocations => generated 152 bytes in 17 msecs (HTTP/1.1 200) 6 headers in 224 bytes (1 switches on core 0)
2026-03-31 06:05:01.944 8 INFO placement.requestlog [req-73b5f063-8ba6-479e-9e01-051fc5939739 req-0228f528-9352-4034-a88e-1040e97fea36 c2ca0170373243fd803af5b1f185d0fa d98d6f0cb88d44ea855b9dd183586aa2 - - 61c7fc2f35f54ffaa1f1686637dcb77e 61c7fc2f35f54ffaa1f1686637dcb77e] 199.204.45.138 "GET /resource_providers/f0ad18b7-d92c-4b43-8692-85af57b3d534/allocations" status: 200 len: 152 microversion: 1.0 [pid: 8|app: 0|req: 367/737] 199.204.45.138 () {32 vars in 857 bytes} [Tue Mar 31 06:05:01 2026] GET /resource_providers/f0ad18b7-d92c-4b43-8692-85af57b3d534/allocations => generated 152 bytes in 18 msecs (HTTP/1.1 200) 6 headers in 224 bytes (1 switches on core 0)
2026-03-31 06:05:01.969 7 INFO placement.requestlog [req-73b5f063-8ba6-479e-9e01-051fc5939739 req-c0fa4eae-6f26-4386-b3d3-436df2d89926 c2ca0170373243fd803af5b1f185d0fa d98d6f0cb88d44ea855b9dd183586aa2 - - 61c7fc2f35f54ffaa1f1686637dcb77e 61c7fc2f35f54ffaa1f1686637dcb77e] 199.204.45.138 "GET /allocations/2086f506-b10a-4877-a6d9-dfcb2fe7c3b0" status: 200 len: 257 microversion: 1.28 [pid: 7|app: 0|req: 371/738] 199.204.45.138 () {34 vars in 863 bytes} [Tue Mar 31 06:05:01 2026] GET /allocations/2086f506-b10a-4877-a6d9-dfcb2fe7c3b0 => generated 257 bytes in 15 msecs (HTTP/1.1 200) 8 headers in 296 bytes (1 switches on core 0)
2026-03-31 06:05:03.033 8 INFO placement.requestlog [None req-65c3f3eb-d4f5-4796-912f-046af4d3b4b8 - - - - - -] 10.0.0.204 "GET /" status: 200 len: 136 microversion: 1.0
2026-03-31 06:05:03.034 7 INFO placement.requestlog [None req-b41f205a-58a6-4805-a0f1-57010e7a82c0 - - - - - -] 10.0.0.204 "GET /" status: 200 len: 136 microversion: 1.0
2026-03-31 06:05:04.958 8 INFO placement.requestlog [None req-6767b42b-c04a-49b2-99a5-1dab6383b278 f7386770a3c343518b798304a2dc674f d98d6f0cb88d44ea855b9dd183586aa2 - - 61c7fc2f35f54ffaa1f1686637dcb77e 61c7fc2f35f54ffaa1f1686637dcb77e] 10.0.0.51 "GET /resource_providers/e6fbac88-f028-4d65-b71c-789af8b406b0/aggregates" status: 404 len: 235 microversion: 1.1 [pid: 8|app: 0|req: 369/741] 10.0.0.51 () {32 vars in 815 bytes} [Tue Mar 31 06:05:04 2026] GET /resource_providers/e6fbac88-f028-4d65-b71c-789af8b406b0/aggregates => generated 235 bytes in 14 msecs (HTTP/1.1 404) 5 headers in 202 bytes (1 switches on core 0)
2026-03-31 06:05:04.958 7 INFO placement.requestlog [None req-53b02d29-ca4b-4e9e-b97e-626a8005f471 f7386770a3c343518b798304a2dc674f d98d6f0cb88d44ea855b9dd183586aa2 - - 61c7fc2f35f54ffaa1f1686637dcb77e 61c7fc2f35f54ffaa1f1686637dcb77e] 10.0.0.51 "GET /resource_providers/e6fbac88-f028-4d65-b71c-789af8b406b0/aggregates" status: 404 len: 235 microversion: 1.1 [pid: 7|app: 0|req: 373/742] 10.0.0.51 () {32 vars in 815 bytes} [Tue Mar 31 06:05:04 2026] GET /resource_providers/e6fbac88-f028-4d65-b71c-789af8b406b0/aggregates => generated 235 bytes in 10 msecs (HTTP/1.1 404) 5 headers in 202 bytes (1 switches on core 0)
2026-03-31 06:05:04.990 8 INFO placement.requestlog [None req-38968ab1-87e6-4d8f-b83f-3da386de2cbd f7386770a3c343518b798304a2dc674f d98d6f0cb88d44ea855b9dd183586aa2 - - 61c7fc2f35f54ffaa1f1686637dcb77e 61c7fc2f35f54ffaa1f1686637dcb77e] 10.0.0.51 "DELETE /resource_providers/e6fbac88-f028-4d65-b71c-789af8b406b0" status: 404 len: 246 microversion: 1.1 [pid: 8|app: 0|req: 370/743] 10.0.0.51 () {34 vars in 815 bytes} [Tue Mar 31 06:05:04 2026] DELETE /resource_providers/e6fbac88-f028-4d65-b71c-789af8b406b0 => generated 246 bytes in 14 msecs (HTTP/1.1 404) 6 headers in 231 bytes (1 switches on core 0)
2026-03-31 06:05:04.991 7 INFO placement.requestlog [None req-a69a4aad-ddb4-4ccf-9aed-6f9a802d6c92 f7386770a3c343518b798304a2dc674f d98d6f0cb88d44ea855b9dd183586aa2 - - 61c7fc2f35f54ffaa1f1686637dcb77e 61c7fc2f35f54ffaa1f1686637dcb77e] 10.0.0.51 "DELETE /resource_providers/e6fbac88-f028-4d65-b71c-789af8b406b0" status: 404 len: 246 microversion: 1.1 [pid: 7|app: 0|req: 374/744] 10.0.0.51 () {34 vars in 815 bytes} [Tue Mar 31 06:05:04 2026] DELETE /resource_providers/e6fbac88-f028-4d65-b71c-789af8b406b0 => generated 246 bytes in 13 msecs (HTTP/1.1 404) 6 headers in 231 bytes (1 switches on core 0)
2026-03-31 06:05:07.010 8 INFO placement.requestlog [None req-5e6f574b-4858-42bf-959c-62e35f05cfef f7386770a3c343518b798304a2dc674f d98d6f0cb88d44ea855b9dd183586aa2 - - 61c7fc2f35f54ffaa1f1686637dcb77e 61c7fc2f35f54ffaa1f1686637dcb77e] 10.0.0.51 "GET /resource_providers/af19a415-bbab-4523-ac2f-718a8cdff779/aggregates" status: 404 len: 235 microversion: 1.1 [pid: 8|app: 0|req: 371/745] 10.0.0.51 () {32 vars in 815 bytes} [Tue Mar 31 06:05:06 2026] GET /resource_providers/af19a415-bbab-4523-ac2f-718a8cdff779/aggregates => generated 235 bytes in 10 msecs (HTTP/1.1 404) 5 headers in 202 bytes (1 switches on core 0)
2026-03-31 06:05:07.019 7 INFO placement.requestlog [None req-ebe63575-8384-4272-ade2-c9a5aa077146 f7386770a3c343518b798304a2dc674f d98d6f0cb88d44ea855b9dd183586aa2 - - 61c7fc2f35f54ffaa1f1686637dcb77e 61c7fc2f35f54ffaa1f1686637dcb77e] 10.0.0.51 "GET /resource_providers/af19a415-bbab-4523-ac2f-718a8cdff779/aggregates" status: 404 len: 235 microversion: 1.1 [pid: 7|app: 0|req: 375/746] 10.0.0.51 () {32 vars in 815 bytes} [Tue Mar 31 06:05:07 2026] GET /resource_providers/af19a415-bbab-4523-ac2f-718a8cdff779/aggregates => generated 235 bytes in 14 msecs (HTTP/1.1 404) 5 headers in 202 bytes (1 switches on core 0)
2026-03-31 06:05:07.030 8 INFO placement.requestlog [None req-02b793a5-38bd-43f8-8ad9-32be9049c9a3 f7386770a3c343518b798304a2dc674f d98d6f0cb88d44ea855b9dd183586aa2 - - 61c7fc2f35f54ffaa1f1686637dcb77e 61c7fc2f35f54ffaa1f1686637dcb77e] 10.0.0.51 "DELETE /resource_providers/af19a415-bbab-4523-ac2f-718a8cdff779" status: 404 len: 246 microversion: 1.1 [pid: 8|app: 0|req: 372/747] 10.0.0.51 () {34 vars in 815 bytes} [Tue Mar 31 06:05:07 2026] DELETE /resource_providers/af19a415-bbab-4523-ac2f-718a8cdff779 => generated 246 bytes in 14 msecs (HTTP/1.1 404) 6 headers in 231 bytes (1 switches on core 0)
2026-03-31 06:05:07.035 7 INFO placement.requestlog [None req-0d860661-0d5e-49dd-834a-636064fc57d6 f7386770a3c343518b798304a2dc674f d98d6f0cb88d44ea855b9dd183586aa2 - - 61c7fc2f35f54ffaa1f1686637dcb77e 61c7fc2f35f54ffaa1f1686637dcb77e] 10.0.0.51 "DELETE /resource_providers/af19a415-bbab-4523-ac2f-718a8cdff779" status: 404 len: 246 microversion: 1.1 [pid: 7|app: 0|req: 376/748] 10.0.0.51 () {34 vars in 815 bytes} [Tue Mar 31 06:05:07 2026] DELETE /resource_providers/af19a415-bbab-4523-ac2f-718a8cdff779 => generated 246 bytes in 11 msecs (HTTP/1.1 404) 6 headers in 231 bytes (1 switches on core 0)
2026-03-31 06:05:12.796 7 INFO placement.requestlog [None req-4957abba-f92a-4eec-8aaa-b667ac5affad f7386770a3c343518b798304a2dc674f d98d6f0cb88d44ea855b9dd183586aa2 - - 61c7fc2f35f54ffaa1f1686637dcb77e 61c7fc2f35f54ffaa1f1686637dcb77e] 10.0.0.51 "GET /resource_providers/c507d0ee-90fd-4aa5-a043-bef4da9fbc46/aggregates" status: 404 len: 235 microversion: 1.1 [pid: 7|app: 0|req: 377/749] 10.0.0.51 () {32 vars in 815 bytes} [Tue Mar 31 06:05:12 2026] GET /resource_providers/c507d0ee-90fd-4aa5-a043-bef4da9fbc46/aggregates => generated 235 bytes in 9 msecs (HTTP/1.1 404) 5 headers in 202 bytes (1 switches on core 0)
2026-03-31 06:05:12.797 8 INFO placement.requestlog [None req-0d591207-ec90-4398-a4c2-bff84a537bd9 f7386770a3c343518b798304a2dc674f d98d6f0cb88d44ea855b9dd183586aa2 - - 61c7fc2f35f54ffaa1f1686637dcb77e 61c7fc2f35f54ffaa1f1686637dcb77e] 10.0.0.51 "GET /resource_providers/c507d0ee-90fd-4aa5-a043-bef4da9fbc46/aggregates" status: 404 len: 235 microversion: 1.1 [pid: 8|app: 0|req: 373/750] 10.0.0.51 () {32 vars in 815 bytes} [Tue Mar 31 06:05:12 2026] GET /resource_providers/c507d0ee-90fd-4aa5-a043-bef4da9fbc46/aggregates => generated 235 bytes in 10 msecs (HTTP/1.1 404) 5 headers in 202 bytes (1 switches on core 0)
2026-03-31 06:05:12.822 7 INFO placement.requestlog [None req-592d59ab-e1b2-4d2b-bafe-b15ba420b94e f7386770a3c343518b798304a2dc674f d98d6f0cb88d44ea855b9dd183586aa2 - - 61c7fc2f35f54ffaa1f1686637dcb77e 61c7fc2f35f54ffaa1f1686637dcb77e] 10.0.0.51 "DELETE /resource_providers/c507d0ee-90fd-4aa5-a043-bef4da9fbc46" status: 404 len: 246 microversion: 1.1 [pid: 7|app: 0|req: 378/751] 10.0.0.51 () {34 vars in 815 bytes} [Tue Mar 31 06:05:12 2026] DELETE /resource_providers/c507d0ee-90fd-4aa5-a043-bef4da9fbc46 => generated 246 bytes in 11 msecs (HTTP/1.1 404) 6 headers in 231 bytes (1 switches on core 0)
2026-03-31 06:05:12.822 8 INFO placement.requestlog [None req-ad646463-88bb-4396-b20f-07d642452fdb f7386770a3c343518b798304a2dc674f d98d6f0cb88d44ea855b9dd183586aa2 - - 61c7fc2f35f54ffaa1f1686637dcb77e 61c7fc2f35f54ffaa1f1686637dcb77e] 10.0.0.51 "DELETE /resource_providers/c507d0ee-90fd-4aa5-a043-bef4da9fbc46" status: 404 len: 246 microversion: 1.1 [pid: 8|app: 0|req: 374/752] 10.0.0.51 () {34 vars in 815 bytes} [Tue Mar 31 06:05:12 2026] DELETE /resource_providers/c507d0ee-90fd-4aa5-a043-bef4da9fbc46 => generated 246 bytes in 11 msecs (HTTP/1.1 404) 6 headers in 231 bytes (1 switches on core 0)
2026-03-31 06:05:13.033 7 INFO placement.requestlog [None req-fcc4c05e-c30f-4c34-b71e-ff10c5d39403 - - - - - -] 10.0.0.204 "GET /" status: 200 len: 136 microversion: 1.0
2026-03-31 06:05:13.033 8 INFO placement.requestlog [None req-c41992e9-6e3b-47de-a027-d3d74d38aa29 - - - - - -] 10.0.0.204 "GET /" status: 200 len: 136 microversion: 1.0
2026-03-31 06:05:14.844 7 INFO placement.requestlog [None req-53226c92-decc-4bc9-ba90-41d46f9ba1b9 f7386770a3c343518b798304a2dc674f d98d6f0cb88d44ea855b9dd183586aa2 - - 61c7fc2f35f54ffaa1f1686637dcb77e 61c7fc2f35f54ffaa1f1686637dcb77e] 10.0.0.51 "GET /resource_providers/7bc6464e-db48-4a50-9040-f40804b1891e/aggregates" status: 404 len: 235 microversion: 1.1 [pid: 7|app: 0|req: 380/755] 10.0.0.51 () {32 vars in 815 bytes} [Tue Mar 31 06:05:14 2026] GET /resource_providers/7bc6464e-db48-4a50-9040-f40804b1891e/aggregates => generated 235 bytes in 14 msecs (HTTP/1.1 404) 5 headers in 202 bytes (1 switches on core 0)
2026-03-31 06:05:14.856 8 INFO placement.requestlog [None req-e7c58e64-67ec-4ccd-8737-a6be22bc48c7 f7386770a3c343518b798304a2dc674f d98d6f0cb88d44ea855b9dd183586aa2 - - 61c7fc2f35f54ffaa1f1686637dcb77e 61c7fc2f35f54ffaa1f1686637dcb77e] 10.0.0.51 "GET /resource_providers/7bc6464e-db48-4a50-9040-f40804b1891e/aggregates" status: 404 len: 235 microversion: 1.1 [pid: 8|app: 0|req: 376/756] 10.0.0.51 () {32 vars in 815 bytes} [Tue Mar 31 06:05:14 2026] GET /resource_providers/7bc6464e-db48-4a50-9040-f40804b1891e/aggregates => generated 235 bytes in 20 msecs (HTTP/1.1 404) 5 headers in 202 bytes (1 switches on core 0)
2026-03-31 06:05:14.870 7 INFO placement.requestlog [None req-94da8fc5-f796-4f55-9241-7b120a823739 f7386770a3c343518b798304a2dc674f d98d6f0cb88d44ea855b9dd183586aa2 - - 61c7fc2f35f54ffaa1f1686637dcb77e 61c7fc2f35f54ffaa1f1686637dcb77e] 10.0.0.51 "DELETE /resource_providers/7bc6464e-db48-4a50-9040-f40804b1891e" status: 404 len: 246 microversion: 1.1 [pid: 7|app: 0|req: 381/757] 10.0.0.51 () {34 vars in 815 bytes} [Tue Mar 31 06:05:14 2026] DELETE /resource_providers/7bc6464e-db48-4a50-9040-f40804b1891e => generated 246 bytes in 14 msecs (HTTP/1.1 404) 6 headers in 231 bytes (1 switches on core 0)
2026-03-31 06:05:14.878 8 INFO placement.requestlog [None req-b04e4fed-2cae-4800-ae11-e4362d99b2f5 f7386770a3c343518b798304a2dc674f d98d6f0cb88d44ea855b9dd183586aa2 - - 61c7fc2f35f54ffaa1f1686637dcb77e 61c7fc2f35f54ffaa1f1686637dcb77e] 10.0.0.51 "DELETE /resource_providers/7bc6464e-db48-4a50-9040-f40804b1891e" status: 404 len: 246 microversion: 1.1 [pid: 8|app: 0|req: 377/758] 10.0.0.51 () {34 vars in 815 bytes} [Tue Mar 31 06:05:14 2026] DELETE /resource_providers/7bc6464e-db48-4a50-9040-f40804b1891e => generated 246 bytes in 18 msecs (HTTP/1.1 404) 6 headers in 231 bytes (1 switches on core 0)
2026-03-31 06:05:16.401 7 INFO placement.requestlog [req-ed2e89d4-eff4-4ac0-8205-a4534f419cf9 req-e3935bd8-de1b-449b-b841-9015cf689f3f c2ca0170373243fd803af5b1f185d0fa d98d6f0cb88d44ea855b9dd183586aa2 - - 61c7fc2f35f54ffaa1f1686637dcb77e 61c7fc2f35f54ffaa1f1686637dcb77e] 10.0.0.167 "GET /allocation_candidates?limit=1000&resources=DISK_GB%3A1%2CMEMORY_MB%3A512%2CVCPU%3A1&root_required=%21COMPUTE_STATUS_DISABLED" status: 200 len: 2149 microversion: 1.36 [pid: 7|app: 0|req: 382/759] 10.0.0.167 () {34 vars in 1012 bytes} [Tue Mar 31 06:05:16 2026] GET /allocation_candidates?limit=1000&resources=DISK_GB%3A1%2CMEMORY_MB%3A512%2CVCPU%3A1&root_required=%21COMPUTE_STATUS_DISABLED => generated 2149 bytes in 116 msecs (HTTP/1.1 200) 8 headers in 297 bytes (1 switches on core 0)
2026-03-31 06:05:16.443 8 INFO placement.requestlog [req-ed2e89d4-eff4-4ac0-8205-a4534f419cf9 req-b8be1c84-ffed-4786-8b1c-f72da54e33d6 c2ca0170373243fd803af5b1f185d0fa d98d6f0cb88d44ea855b9dd183586aa2 - - 61c7fc2f35f54ffaa1f1686637dcb77e 61c7fc2f35f54ffaa1f1686637dcb77e] 10.0.0.167 "GET /allocations/d6c889d2-fefd-4058-bc34-7a2d48a18ad4" status: 200 len: 19 microversion: 1.28 [pid: 8|app: 0|req: 378/760] 10.0.0.167 () {34 vars in 861 bytes} [Tue Mar 31 06:05:16 2026] GET /allocations/d6c889d2-fefd-4058-bc34-7a2d48a18ad4 => generated 19 bytes in 12 msecs (HTTP/1.1 200) 8 headers in 295 bytes (1 switches on core 0)
2026-03-31 06:05:16.525 7 INFO placement.requestlog [req-ed2e89d4-eff4-4ac0-8205-a4534f419cf9 req-ead807df-536b-48fd-b613-f6b8715c155e c2ca0170373243fd803af5b1f185d0fa d98d6f0cb88d44ea855b9dd183586aa2 - - 61c7fc2f35f54ffaa1f1686637dcb77e 61c7fc2f35f54ffaa1f1686637dcb77e] 10.0.0.167 "PUT /allocations/d6c889d2-fefd-4058-bc34-7a2d48a18ad4" status: 204 len: 0 microversion: 1.36 [pid: 7|app: 0|req: 383/761] 10.0.0.167 () {38 vars in 914 bytes} [Tue Mar 31 06:05:16 2026] PUT /allocations/d6c889d2-fefd-4058-bc34-7a2d48a18ad4 => generated 0 bytes in 76 msecs (HTTP/1.1 204) 5 headers in 199 bytes (1 switches on core 0)
2026-03-31 06:05:16.859 8 INFO placement.requestlog [req-ed2e89d4-eff4-4ac0-8205-a4534f419cf9 req-c7b08ad3-d1ba-4ca2-be68-050dd88b2c8e c2ca0170373243fd803af5b1f185d0fa d98d6f0cb88d44ea855b9dd183586aa2 - - 61c7fc2f35f54ffaa1f1686637dcb77e 61c7fc2f35f54ffaa1f1686637dcb77e] 199.204.45.138 "GET /allocations/d6c889d2-fefd-4058-bc34-7a2d48a18ad4" status: 200 len: 257 microversion: 1.28 [pid: 8|app: 0|req: 379/762] 199.204.45.138 () {34 vars in 863 bytes} [Tue Mar 31 06:05:16 2026] GET /allocations/d6c889d2-fefd-4058-bc34-7a2d48a18ad4 => generated 257 bytes in 17 msecs (HTTP/1.1 200) 8 headers in 296 bytes (1 switches on core 0)
2026-03-31 06:05:16.992 7 INFO placement.requestlog [req-ed2e89d4-eff4-4ac0-8205-a4534f419cf9 req-95c20e9f-c778-4490-be27-79d7e6cdd44e c2ca0170373243fd803af5b1f185d0fa d98d6f0cb88d44ea855b9dd183586aa2 - - 61c7fc2f35f54ffaa1f1686637dcb77e 61c7fc2f35f54ffaa1f1686637dcb77e] 199.204.45.138 "GET /resource_providers/f0ad18b7-d92c-4b43-8692-85af57b3d534/allocations" status: 200 len: 252 microversion: 1.0 [pid: 7|app: 0|req: 384/763] 199.204.45.138 () {32 vars in 857 bytes} [Tue Mar 31 06:05:16 2026] GET /resource_providers/f0ad18b7-d92c-4b43-8692-85af57b3d534/allocations => generated 252 bytes in 15 msecs (HTTP/1.1 200) 6 headers in 224 bytes (1 switches on core 0)
2026-03-31 06:05:17.025 8 INFO placement.requestlog [req-ed2e89d4-eff4-4ac0-8205-a4534f419cf9 req-61da6205-7938-4da1-be83-20aa3b7d1e3a c2ca0170373243fd803af5b1f185d0fa d98d6f0cb88d44ea855b9dd183586aa2 - - 61c7fc2f35f54ffaa1f1686637dcb77e 61c7fc2f35f54ffaa1f1686637dcb77e] 199.204.45.138 "GET /allocations/2086f506-b10a-4877-a6d9-dfcb2fe7c3b0" status: 200 len: 257 microversion: 1.28 [pid: 8|app: 0|req: 380/764] 199.204.45.138 () {34 vars in 863 bytes} [Tue Mar 31 06:05:17 2026] GET /allocations/2086f506-b10a-4877-a6d9-dfcb2fe7c3b0 => generated 257 bytes in 20 msecs (HTTP/1.1 200) 8 headers in 296 bytes (1 switches on core 0)
2026-03-31 06:05:17.048 7 INFO placement.requestlog [req-ed2e89d4-eff4-4ac0-8205-a4534f419cf9 req-a10c41cd-290b-4cf6-88b8-f9d169782583 c2ca0170373243fd803af5b1f185d0fa d98d6f0cb88d44ea855b9dd183586aa2 - - 61c7fc2f35f54ffaa1f1686637dcb77e 61c7fc2f35f54ffaa1f1686637dcb77e] 199.204.45.138 "GET /allocations/d6c889d2-fefd-4058-bc34-7a2d48a18ad4" status: 200 len: 257 microversion: 1.28 [pid: 7|app: 0|req: 385/765] 199.204.45.138 () {34 vars in 863 bytes} [Tue Mar 31 06:05:17 2026] GET /allocations/d6c889d2-fefd-4058-bc34-7a2d48a18ad4 => generated 257 bytes in 16 msecs (HTTP/1.1 200) 8 headers in 296 bytes (1 switches on core 0)
2026-03-31 06:05:19.553 8 INFO placement.requestlog [req-8ff8bd5c-bd54-4300-aff9-337c6cea56ea req-3f88ec3b-e968-4363-9130-1db779549821 c2ca0170373243fd803af5b1f185d0fa d98d6f0cb88d44ea855b9dd183586aa2 - - 61c7fc2f35f54ffaa1f1686637dcb77e 61c7fc2f35f54ffaa1f1686637dcb77e] 199.204.45.138 "GET /resource_providers/f0ad18b7-d92c-4b43-8692-85af57b3d534/allocations" status: 200 len: 252 microversion: 1.0 [pid: 8|app: 0|req: 381/766] 199.204.45.138 () {32 vars in 857 bytes} [Tue Mar 31 06:05:19 2026] GET /resource_providers/f0ad18b7-d92c-4b43-8692-85af57b3d534/allocations => generated 252 bytes in 19 msecs (HTTP/1.1 200) 6 headers in 224 bytes (1 switches on core 0)
2026-03-31 06:05:19.592 7 INFO placement.requestlog [req-8ff8bd5c-bd54-4300-aff9-337c6cea56ea req-d40d1d20-42a4-4b1f-adef-2ff9fe557004 c2ca0170373243fd803af5b1f185d0fa d98d6f0cb88d44ea855b9dd183586aa2 - - 61c7fc2f35f54ffaa1f1686637dcb77e 61c7fc2f35f54ffaa1f1686637dcb77e] 199.204.45.138 "GET /allocations/2086f506-b10a-4877-a6d9-dfcb2fe7c3b0" status: 200 len: 257 microversion: 1.28 [pid: 7|app: 0|req: 386/767] 199.204.45.138 () {34 vars in 863 bytes} [Tue Mar 31 06:05:19 2026] GET /allocations/2086f506-b10a-4877-a6d9-dfcb2fe7c3b0 => generated 257 bytes in 24 msecs (HTTP/1.1 200) 8 headers in 296 bytes (1 switches on core 0)
2026-03-31 06:05:19.617 8 INFO placement.requestlog [req-8ff8bd5c-bd54-4300-aff9-337c6cea56ea req-7c55bc8a-a871-47e2-99b4-017c9963b490 c2ca0170373243fd803af5b1f185d0fa d98d6f0cb88d44ea855b9dd183586aa2 - - 61c7fc2f35f54ffaa1f1686637dcb77e 61c7fc2f35f54ffaa1f1686637dcb77e] 199.204.45.138 "GET /allocations/d6c889d2-fefd-4058-bc34-7a2d48a18ad4" status: 200 len: 257 microversion: 1.28 [pid: 8|app: 0|req: 382/768] 199.204.45.138 () {34 vars in 863 bytes} [Tue Mar 31 06:05:19 2026] GET /allocations/d6c889d2-fefd-4058-bc34-7a2d48a18ad4 => generated 257 bytes in 18 msecs (HTTP/1.1 200) 8 headers in 296 bytes (1 switches on core 0)
2026-03-31 06:05:19.703 7 INFO placement.requestlog [req-8ff8bd5c-bd54-4300-aff9-337c6cea56ea req-1da42dac-3a43-4ed6-8bc3-63abf1cf8071 c2ca0170373243fd803af5b1f185d0fa d98d6f0cb88d44ea855b9dd183586aa2 - - 61c7fc2f35f54ffaa1f1686637dcb77e 61c7fc2f35f54ffaa1f1686637dcb77e] 199.204.45.138 "DELETE /allocations/2086f506-b10a-4877-a6d9-dfcb2fe7c3b0" status: 204 len: 0 microversion: 1.0 [pid: 7|app: 0|req: 387/769] 199.204.45.138 () {34 vars in 841 bytes} [Tue Mar 31 06:05:19 2026] DELETE /allocations/2086f506-b10a-4877-a6d9-dfcb2fe7c3b0 => generated 0 bytes in 31 msecs (HTTP/1.1 204) 5 headers in 198 bytes (1 switches on core 0)
2026-03-31 06:05:19.758 7 INFO placement.requestlog [None req-d74e6aeb-73ef-4905-8c00-3878c5a3c4ff f7386770a3c343518b798304a2dc674f d98d6f0cb88d44ea855b9dd183586aa2 - - 61c7fc2f35f54ffaa1f1686637dcb77e 61c7fc2f35f54ffaa1f1686637dcb77e] 10.0.0.51 "GET /resource_providers/46af3f90-64eb-4782-91b0-a74c9822aa07/aggregates" status: 404 len: 235 microversion: 1.1 [pid: 7|app: 0|req: 388/770] 10.0.0.51 () {32 vars in 815 bytes} [Tue Mar 31 06:05:19 2026] GET /resource_providers/46af3f90-64eb-4782-91b0-a74c9822aa07/aggregates => generated 235 bytes in 10 msecs (HTTP/1.1 404) 5 headers in 202 bytes (1 switches on core 0)
2026-03-31 06:05:19.761 8 INFO placement.requestlog [None req-dfa5bd58-fe45-4fdc-b7bb-9c02c41f5c35 f7386770a3c343518b798304a2dc674f d98d6f0cb88d44ea855b9dd183586aa2 - - 61c7fc2f35f54ffaa1f1686637dcb77e 61c7fc2f35f54ffaa1f1686637dcb77e] 10.0.0.51 "GET /resource_providers/46af3f90-64eb-4782-91b0-a74c9822aa07/aggregates" status: 404 len: 235 microversion: 1.1 [pid: 8|app: 0|req: 383/771] 10.0.0.51 () {32 vars in 815 bytes} [Tue Mar 31 06:05:19 2026] GET /resource_providers/46af3f90-64eb-4782-91b0-a74c9822aa07/aggregates => generated 235 bytes in 14 msecs (HTTP/1.1 404) 5 headers in 202 bytes (1 switches on core 0)
2026-03-31 06:05:19.790 7 INFO placement.requestlog [None req-209baf88-326b-48cd-8c55-0ff3ea2a180d f7386770a3c343518b798304a2dc674f d98d6f0cb88d44ea855b9dd183586aa2 - - 61c7fc2f35f54ffaa1f1686637dcb77e 61c7fc2f35f54ffaa1f1686637dcb77e] 10.0.0.51 "DELETE /resource_providers/46af3f90-64eb-4782-91b0-a74c9822aa07" status: 404 len: 246 microversion: 1.1 [pid: 7|app: 0|req: 389/772] 10.0.0.51 () {34 vars in 815 bytes} [Tue Mar 31 06:05:19 2026] DELETE /resource_providers/46af3f90-64eb-4782-91b0-a74c9822aa07 => generated 246 bytes in 14 msecs (HTTP/1.1 404) 6 headers in 231 bytes (1 switches on core 0)
2026-03-31 06:05:19.810 8 INFO placement.requestlog [None req-34daa988-1732-4485-a404-ca843b5212a6 f7386770a3c343518b798304a2dc674f d98d6f0cb88d44ea855b9dd183586aa2 - - 61c7fc2f35f54ffaa1f1686637dcb77e 61c7fc2f35f54ffaa1f1686637dcb77e] 10.0.0.51 "DELETE /resource_providers/46af3f90-64eb-4782-91b0-a74c9822aa07" status: 404 len: 246 microversion: 1.1 [pid: 8|app: 0|req: 384/773] 10.0.0.51 () {34 vars in 815 bytes} [Tue Mar 31 06:05:19 2026] DELETE /resource_providers/46af3f90-64eb-4782-91b0-a74c9822aa07 => generated 246 bytes in 15 msecs (HTTP/1.1 404) 6 headers in 231 bytes (1 switches on core 0)
2026-03-31 06:05:21.816 7 INFO placement.requestlog [None req-f636d1b6-ccaf-4697-8938-45fd0109c856 f7386770a3c343518b798304a2dc674f d98d6f0cb88d44ea855b9dd183586aa2 - - 61c7fc2f35f54ffaa1f1686637dcb77e 61c7fc2f35f54ffaa1f1686637dcb77e] 10.0.0.51 "GET /resource_providers/ba8f7a50-8b69-424a-abd0-fa84faa7431a/aggregates" status: 404 len: 235 microversion: 1.1 [pid: 7|app: 0|req: 390/774] 10.0.0.51 () {32 vars in 815 bytes} [Tue Mar 31 06:05:21 2026] GET /resource_providers/ba8f7a50-8b69-424a-abd0-fa84faa7431a/aggregates => generated 235 bytes in 13 msecs (HTTP/1.1 404) 5 headers in 202 bytes (1 switches on core 0)
2026-03-31 06:05:21.847 8 INFO placement.requestlog [None req-a0c02b81-abb0-4c2e-a96c-20baa5bb1d17 f7386770a3c343518b798304a2dc674f d98d6f0cb88d44ea855b9dd183586aa2 - - 61c7fc2f35f54ffaa1f1686637dcb77e 61c7fc2f35f54ffaa1f1686637dcb77e] 10.0.0.51 "GET /resource_providers/ba8f7a50-8b69-424a-abd0-fa84faa7431a/aggregates" status: 404 len: 235 microversion: 1.1 [pid: 8|app: 0|req: 385/775] 10.0.0.51 () {32 vars in 815 bytes} [Tue Mar 31 06:05:21 2026] GET /resource_providers/ba8f7a50-8b69-424a-abd0-fa84faa7431a/aggregates => generated 235 bytes in 24 msecs (HTTP/1.1 404) 5 headers in 202 bytes (1 switches on core 0)
2026-03-31 06:05:21.850 7 INFO placement.requestlog [None req-62b9c351-edd3-4204-bcb9-d19e8366b548 f7386770a3c343518b798304a2dc674f d98d6f0cb88d44ea855b9dd183586aa2 - - 61c7fc2f35f54ffaa1f1686637dcb77e 61c7fc2f35f54ffaa1f1686637dcb77e] 10.0.0.51 "DELETE /resource_providers/ba8f7a50-8b69-424a-abd0-fa84faa7431a" status: 404 len: 246 microversion: 1.1 [pid: 7|app: 0|req: 391/776] 10.0.0.51 () {34 vars in 815 bytes} [Tue Mar 31 06:05:21 2026] DELETE /resource_providers/ba8f7a50-8b69-424a-abd0-fa84faa7431a => generated 246 bytes in 15 msecs (HTTP/1.1 404) 6 headers in 231 bytes (1 switches on core 0)
2026-03-31 06:05:21.880 7 INFO placement.requestlog [None req-23d93761-8ae7-4509-a209-f23df1643720 f7386770a3c343518b798304a2dc674f d98d6f0cb88d44ea855b9dd183586aa2 - - 61c7fc2f35f54ffaa1f1686637dcb77e 61c7fc2f35f54ffaa1f1686637dcb77e] 10.0.0.51 "GET /resource_providers/70c0a514-0df1-456c-9afc-35be7c807daf/aggregates" status: 404 len: 235 microversion: 1.1 [pid: 7|app: 0|req: 392/777] 10.0.0.51 () {32 vars in 815 bytes} [Tue Mar 31 06:05:21 2026] GET /resource_providers/70c0a514-0df1-456c-9afc-35be7c807daf/aggregates => generated 235 bytes in 11 msecs (HTTP/1.1 404) 5 headers in 202 bytes (1 switches on core 0)
2026-03-31 06:05:21.883 8 INFO placement.requestlog [None req-17be50cd-41b2-417d-8819-6156bee0d48b f7386770a3c343518b798304a2dc674f d98d6f0cb88d44ea855b9dd183586aa2 - - 61c7fc2f35f54ffaa1f1686637dcb77e 61c7fc2f35f54ffaa1f1686637dcb77e] 10.0.0.51 "DELETE /resource_providers/ba8f7a50-8b69-424a-abd0-fa84faa7431a" status: 404 len: 246 microversion: 1.1 [pid: 8|app: 0|req: 386/778] 10.0.0.51 () {34 vars in 815 bytes} [Tue Mar 31 06:05:21 2026] DELETE /resource_providers/ba8f7a50-8b69-424a-abd0-fa84faa7431a => generated 246 bytes in 13 msecs (HTTP/1.1 404) 6 headers in 231 bytes (1 switches on core 0)
2026-03-31 06:05:21.911 7 INFO placement.requestlog [None req-c2b51aa6-922b-4e8e-a82c-8c078c20a862 f7386770a3c343518b798304a2dc674f d98d6f0cb88d44ea855b9dd183586aa2 - - 61c7fc2f35f54ffaa1f1686637dcb77e 61c7fc2f35f54ffaa1f1686637dcb77e] 10.0.0.51 "GET /resource_providers/70c0a514-0df1-456c-9afc-35be7c807daf/aggregates" status: 404 len: 235 microversion: 1.1 [pid: 7|app: 0|req: 393/779] 10.0.0.51 () {32 vars in 815 bytes} [Tue Mar 31 06:05:21 2026] GET /resource_providers/70c0a514-0df1-456c-9afc-35be7c807daf/aggregates => generated 235 bytes in 12 msecs (HTTP/1.1 404) 5 headers in 202 bytes (1 switches on core 0)
2026-03-31 06:05:21.912 8 INFO placement.requestlog [None req-7b0e0944-84a8-477f-9f02-7929586b5b43 f7386770a3c343518b798304a2dc674f d98d6f0cb88d44ea855b9dd183586aa2 - - 61c7fc2f35f54ffaa1f1686637dcb77e 61c7fc2f35f54ffaa1f1686637dcb77e] 10.0.0.51 "DELETE /resource_providers/70c0a514-0df1-456c-9afc-35be7c807daf" status: 404 len: 246 microversion: 1.1 [pid: 8|app: 0|req: 387/780] 10.0.0.51 () {34 vars in 815 bytes} [Tue Mar 31 06:05:21 2026] DELETE /resource_providers/70c0a514-0df1-456c-9afc-35be7c807daf => generated 246 bytes in 13 msecs (HTTP/1.1 404) 6 headers in 231 bytes (1 switches on core 0)
2026-03-31 06:05:21.937 7 INFO placement.requestlog [None req-274651b0-f506-48b7-9452-942e617955b1 f7386770a3c343518b798304a2dc674f d98d6f0cb88d44ea855b9dd183586aa2 - - 61c7fc2f35f54ffaa1f1686637dcb77e 61c7fc2f35f54ffaa1f1686637dcb77e] 10.0.0.51 "DELETE /resource_providers/70c0a514-0df1-456c-9afc-35be7c807daf" status: 404 len: 246 microversion: 1.1 [pid: 7|app: 0|req: 394/781] 10.0.0.51 () {34 vars in 815 bytes} [Tue Mar 31 06:05:21 2026] DELETE /resource_providers/70c0a514-0df1-456c-9afc-35be7c807daf => generated 246 bytes in 10 msecs (HTTP/1.1 404) 6 headers in 231 bytes (1 switches on core 0)
2026-03-31 06:05:21.941 8 INFO placement.requestlog [None req-f86909c4-3166-47a2-9c54-45da87538eee f7386770a3c343518b798304a2dc674f d98d6f0cb88d44ea855b9dd183586aa2 - - 61c7fc2f35f54ffaa1f1686637dcb77e 61c7fc2f35f54ffaa1f1686637dcb77e] 10.0.0.51 "GET /resource_providers/933eaa41-0cae-4835-9495-ea7b8afff7e9/aggregates" status: 404 len: 235 microversion: 1.1 [pid: 8|app: 0|req: 388/782] 10.0.0.51 () {32 vars in 815 bytes} [Tue Mar 31 06:05:21 2026] GET /resource_providers/933eaa41-0cae-4835-9495-ea7b8afff7e9/aggregates => generated 235 bytes in 12 msecs (HTTP/1.1 404) 5 headers in 202 bytes (1 switches on core 0)
2026-03-31 06:05:21.969 7 INFO placement.requestlog [None req-7cbd7188-a3e7-4de0-b0e5-4f73c1a9edbd f7386770a3c343518b798304a2dc674f d98d6f0cb88d44ea855b9dd183586aa2 - - 61c7fc2f35f54ffaa1f1686637dcb77e 61c7fc2f35f54ffaa1f1686637dcb77e] 10.0.0.51 "GET /resource_providers/933eaa41-0cae-4835-9495-ea7b8afff7e9/aggregates" status: 404 len: 235 microversion: 1.1 [pid: 7|app: 0|req: 395/783] 10.0.0.51 () {32 vars in 815 bytes} [Tue Mar 31 06:05:21 2026] GET /resource_providers/933eaa41-0cae-4835-9495-ea7b8afff7e9/aggregates => generated 235 bytes in 13 msecs (HTTP/1.1 404) 5 headers in 202 bytes (1 switches on core 0)
2026-03-31 06:05:21.974 8 INFO placement.requestlog [None req-f90093f5-05a5-4cf8-9972-d7d261ce6526 f7386770a3c343518b798304a2dc674f d98d6f0cb88d44ea855b9dd183586aa2 - - 61c7fc2f35f54ffaa1f1686637dcb77e 61c7fc2f35f54ffaa1f1686637dcb77e] 10.0.0.51 "DELETE /resource_providers/933eaa41-0cae-4835-9495-ea7b8afff7e9" status: 404 len: 246 microversion: 1.1 [pid: 8|app: 0|req: 389/784] 10.0.0.51 () {34 vars in 815 bytes} [Tue Mar 31 06:05:21 2026] DELETE /resource_providers/933eaa41-0cae-4835-9495-ea7b8afff7e9 => generated 246 bytes in 14 msecs (HTTP/1.1 404) 6 headers in 231 bytes (1 switches on core 0)
2026-03-31 06:05:21.991 7 INFO placement.requestlog [None req-ca90bf1c-3eb1-427b-8e74-12e37431a883 f7386770a3c343518b798304a2dc674f d98d6f0cb88d44ea855b9dd183586aa2 - - 61c7fc2f35f54ffaa1f1686637dcb77e 61c7fc2f35f54ffaa1f1686637dcb77e] 10.0.0.51 "DELETE /resource_providers/933eaa41-0cae-4835-9495-ea7b8afff7e9" status: 404 len: 246 microversion: 1.1 [pid: 7|app: 0|req: 396/785] 10.0.0.51 () {34 vars in 815 bytes} [Tue Mar 31 06:05:21 2026] DELETE /resource_providers/933eaa41-0cae-4835-9495-ea7b8afff7e9 => generated 246 bytes in 12 msecs (HTTP/1.1 404) 6 headers in 231 bytes (1 switches on core 0)
2026-03-31 06:05:23.034 8 INFO placement.requestlog [None req-afd5b3d1-a80b-47a1-bd82-d43587f032e6 - - - - - -] 10.0.0.204 "GET /" status: 200 len: 136 microversion: 1.0
2026-03-31 06:05:23.034 7 INFO placement.requestlog [None req-f91dcba5-17d4-41f7-9b77-e198eb509ca8 - - - - - -] 10.0.0.204 "GET /" status: 200 len: 136 microversion: 1.0
2026-03-31 06:05:24.018 8 INFO placement.requestlog [None req-2d143fa7-5583-4753-bbab-5551c84b9791 f7386770a3c343518b798304a2dc674f d98d6f0cb88d44ea855b9dd183586aa2 - - 61c7fc2f35f54ffaa1f1686637dcb77e 61c7fc2f35f54ffaa1f1686637dcb77e] 10.0.0.51 "GET /resource_providers/89f964ed-f8a5-442f-a549-76d3f51d14e0/aggregates" status: 404 len: 235 microversion: 1.1 [pid: 8|app: 0|req: 391/788] 10.0.0.51 () {32 vars in 815 bytes} [Tue Mar 31 06:05:23 2026] GET /resource_providers/89f964ed-f8a5-442f-a549-76d3f51d14e0/aggregates => generated 235 bytes in 32 msecs (HTTP/1.1 404) 5 headers in 202 bytes (1 switches on core 0)
2026-03-31 06:05:24.022 7 INFO placement.requestlog [None req-82a4e1df-1a9a-4f93-8183-06604202ab6f f7386770a3c343518b798304a2dc674f d98d6f0cb88d44ea855b9dd183586aa2 - - 61c7fc2f35f54ffaa1f1686637dcb77e 61c7fc2f35f54ffaa1f1686637dcb77e] 10.0.0.51 "GET /resource_providers/89f964ed-f8a5-442f-a549-76d3f51d14e0/aggregates" status: 404 len: 235 microversion: 1.1 [pid: 7|app: 0|req: 398/789] 10.0.0.51 () {32 vars in 815 bytes} [Tue Mar 31 06:05:24 2026] GET /resource_providers/89f964ed-f8a5-442f-a549-76d3f51d14e0/aggregates => generated 235 bytes in 16 msecs (HTTP/1.1 404) 5 headers in 202 bytes (1 switches on core 0)
2026-03-31 06:05:24.045 8 INFO placement.requestlog [None req-bcb81546-d124-4252-aac5-adef9be50a94 f7386770a3c343518b798304a2dc674f d98d6f0cb88d44ea855b9dd183586aa2 - - 61c7fc2f35f54ffaa1f1686637dcb77e 61c7fc2f35f54ffaa1f1686637dcb77e] 10.0.0.51 "DELETE /resource_providers/89f964ed-f8a5-442f-a549-76d3f51d14e0" status: 404 len: 246 microversion: 1.1 [pid: 8|app: 0|req: 392/790] 10.0.0.51 () {34 vars in 815 bytes} [Tue Mar 31 06:05:24 2026] DELETE /resource_providers/89f964ed-f8a5-442f-a549-76d3f51d14e0 => generated 246 bytes in 12 msecs (HTTP/1.1 404) 6 headers in 231 bytes (1 switches on core 0)
2026-03-31 06:05:24.046 7 INFO placement.requestlog [None req-bbb15e5d-a991-4bab-aff3-3a0a26316080 f7386770a3c343518b798304a2dc674f d98d6f0cb88d44ea855b9dd183586aa2 - - 61c7fc2f35f54ffaa1f1686637dcb77e 61c7fc2f35f54ffaa1f1686637dcb77e] 10.0.0.51 "DELETE /resource_providers/89f964ed-f8a5-442f-a549-76d3f51d14e0" status: 404 len: 246 microversion: 1.1 [pid: 7|app: 0|req: 399/791] 10.0.0.51 () {34 vars in 815 bytes} [Tue Mar 31 06:05:24 2026] DELETE /resource_providers/89f964ed-f8a5-442f-a549-76d3f51d14e0 => generated 246 bytes in 13 msecs (HTTP/1.1 404) 6 headers in 231 bytes (1 switches on core 0)
2026-03-31 06:05:25.016 7 INFO placement.requestlog [None req-94ab377e-38dc-4751-98e7-c55130ac0242 f7386770a3c343518b798304a2dc674f d98d6f0cb88d44ea855b9dd183586aa2 - - 61c7fc2f35f54ffaa1f1686637dcb77e 61c7fc2f35f54ffaa1f1686637dcb77e] 10.0.0.51 "GET /resource_providers/5406fa96-90dc-4865-ab2b-53e43ed54ba1/aggregates" status: 404 len: 235 microversion: 1.1 [pid: 7|app: 0|req: 400/792] 10.0.0.51 () {32 vars in 815 bytes} [Tue Mar 31 06:05:25 2026] GET /resource_providers/5406fa96-90dc-4865-ab2b-53e43ed54ba1/aggregates => generated 235 bytes in 13 msecs (HTTP/1.1 404) 5 headers in 202 bytes (1 switches on core 0)
2026-03-31 06:05:25.027 8 INFO placement.requestlog [None req-0a16364e-3011-4e34-8e7d-ef1cd8a4f810 f7386770a3c343518b798304a2dc674f d98d6f0cb88d44ea855b9dd183586aa2 - - 61c7fc2f35f54ffaa1f1686637dcb77e 61c7fc2f35f54ffaa1f1686637dcb77e] 10.0.0.51 "GET /resource_providers/5406fa96-90dc-4865-ab2b-53e43ed54ba1/aggregates" status: 404 len: 235 microversion: 1.1 [pid: 8|app: 0|req: 393/793] 10.0.0.51 () {32 vars in 815 bytes} [Tue Mar 31 06:05:25 2026] GET /resource_providers/5406fa96-90dc-4865-ab2b-53e43ed54ba1/aggregates => generated 235 bytes in 25 msecs (HTTP/1.1 404) 5 headers in 202 bytes (1 switches on core 0)
2026-03-31 06:05:25.053 7 INFO placement.requestlog [None req-65d13fd9-22c2-4a3c-b17d-e68531bb2083 f7386770a3c343518b798304a2dc674f d98d6f0cb88d44ea855b9dd183586aa2 - - 61c7fc2f35f54ffaa1f1686637dcb77e 61c7fc2f35f54ffaa1f1686637dcb77e] 10.0.0.51 "DELETE /resource_providers/5406fa96-90dc-4865-ab2b-53e43ed54ba1" status: 404 len: 246 microversion: 1.1 [pid: 7|app: 0|req: 401/794] 10.0.0.51 () {34 vars in 815 bytes} [Tue Mar 31 06:05:25 2026] DELETE /resource_providers/5406fa96-90dc-4865-ab2b-53e43ed54ba1 => generated 246 bytes in 14 msecs (HTTP/1.1 404) 6 headers in 231 bytes (1 switches on core 0)
