Apr 02 04:14:36.673547 np0000162638 nova-scheduler[107794]: DEBUG cotyledon.oslo_config_glue [-] workarounds.disable_fallback_pcpu_query = False {{(pid=107794) log_opt_values /opt/stack/data/venv/lib/python3.12/site-packages/oslo_config/cfg.py:3006}}
Apr 02 04:14:36.673547 np0000162638 nova-scheduler[107794]: DEBUG cotyledon.oslo_config_glue [-] workarounds.disable_group_policy_check_upcall = False {{(pid=107794) log_opt_values /opt/stack/data/venv/lib/python3.12/site-packages/oslo_config/cfg.py:3006}}
Apr 02 04:14:36.673547 np0000162638 nova-scheduler[107794]: DEBUG cotyledon.oslo_config_glue [-] workarounds.disable_libvirt_livesnapshot = False {{(pid=107794) log_opt_values /opt/stack/data/venv/lib/python3.12/site-packages/oslo_config/cfg.py:3006}}
Apr 02 04:14:36.673755 np0000162638 nova-scheduler[107794]: DEBUG cotyledon.oslo_config_glue [-] workarounds.disable_rootwrap = False {{(pid=107794) log_opt_values /opt/stack/data/venv/lib/python3.12/site-packages/oslo_config/cfg.py:3006}}
Apr 02 04:14:36.673755 np0000162638 nova-scheduler[107794]: DEBUG cotyledon.oslo_config_glue [-] workarounds.enable_numa_live_migration = False {{(pid=107794) log_opt_values /opt/stack/data/venv/lib/python3.12/site-packages/oslo_config/cfg.py:3006}}
Apr 02 04:14:36.673755 np0000162638 nova-scheduler[107794]: DEBUG cotyledon.oslo_config_glue [-] workarounds.enable_qemu_monitor_announce_self = False {{(pid=107794) log_opt_values /opt/stack/data/venv/lib/python3.12/site-packages/oslo_config/cfg.py:3006}}
Apr 02 04:14:36.673755 np0000162638 nova-scheduler[107794]: DEBUG cotyledon.oslo_config_glue [-] workarounds.ensure_libvirt_rbd_instance_dir_cleanup = False {{(pid=107794) log_opt_values /opt/stack/data/venv/lib/python3.12/site-packages/oslo_config/cfg.py:3006}}
Apr 02 04:14:36.673755 np0000162638 nova-scheduler[107794]: DEBUG cotyledon.oslo_config_glue [-] workarounds.handle_virt_lifecycle_events = True {{(pid=107794) log_opt_values /opt/stack/data/venv/lib/python3.12/site-packages/oslo_config/cfg.py:3006}}
Apr 02 04:14:36.673755 np0000162638 nova-scheduler[107794]: DEBUG cotyledon.oslo_config_glue [-] workarounds.libvirt_disable_apic = False {{(pid=107794) log_opt_values /opt/stack/data/venv/lib/python3.12/site-packages/oslo_config/cfg.py:3006}}
Apr 02 04:14:36.673755 np0000162638 nova-scheduler[107794]: DEBUG cotyledon.oslo_config_glue [-] workarounds.never_download_image_if_on_rbd = False {{(pid=107794) log_opt_values /opt/stack/data/venv/lib/python3.12/site-packages/oslo_config/cfg.py:3006}}
Apr 02 04:14:36.673755 np0000162638 nova-scheduler[107794]: DEBUG cotyledon.oslo_config_glue [-] workarounds.qemu_monitor_announce_self_count = 3 {{(pid=107794) log_opt_values /opt/stack/data/venv/lib/python3.12/site-packages/oslo_config/cfg.py:3006}}
Apr 02 04:14:36.673755 np0000162638 nova-scheduler[107794]: DEBUG cotyledon.oslo_config_glue [-] workarounds.qemu_monitor_announce_self_interval = 1 {{(pid=107794) log_opt_values /opt/stack/data/venv/lib/python3.12/site-packages/oslo_config/cfg.py:3006}}
Apr 02 04:14:36.673952 np0000162638 nova-scheduler[107794]: DEBUG cotyledon.oslo_config_glue [-] workarounds.reserve_disk_resource_for_image_cache = False {{(pid=107794) log_opt_values /opt/stack/data/venv/lib/python3.12/site-packages/oslo_config/cfg.py:3006}}
Apr 02 04:14:36.673952 np0000162638 nova-scheduler[107794]: DEBUG cotyledon.oslo_config_glue [-] workarounds.skip_cpu_compare_at_startup = False {{(pid=107794) log_opt_values /opt/stack/data/venv/lib/python3.12/site-packages/oslo_config/cfg.py:3006}}
Apr 02 04:14:36.673952 np0000162638 nova-scheduler[107794]: DEBUG cotyledon.oslo_config_glue [-] workarounds.skip_cpu_compare_on_dest = False {{(pid=107794) log_opt_values /opt/stack/data/venv/lib/python3.12/site-packages/oslo_config/cfg.py:3006}}
Apr 02 04:14:36.673952 np0000162638 nova-scheduler[107794]: DEBUG cotyledon.oslo_config_glue [-] workarounds.skip_hypervisor_version_check_on_lm = False {{(pid=107794) log_opt_values /opt/stack/data/venv/lib/python3.12/site-packages/oslo_config/cfg.py:3006}}
Apr 02 04:14:36.673952 np0000162638 nova-scheduler[107794]: DEBUG cotyledon.oslo_config_glue [-] workarounds.skip_reserve_in_use_ironic_nodes = False {{(pid=107794) log_opt_values /opt/stack/data/venv/lib/python3.12/site-packages/oslo_config/cfg.py:3006}}
Apr 02 04:14:36.673952 np0000162638 nova-scheduler[107794]: DEBUG cotyledon.oslo_config_glue [-] workarounds.unified_limits_count_pcpu_as_vcpu = False {{(pid=107794) log_opt_values /opt/stack/data/venv/lib/python3.12/site-packages/oslo_config/cfg.py:3006}}
Apr 02 04:14:36.673952 np0000162638 nova-scheduler[107794]: DEBUG cotyledon.oslo_config_glue [-] workarounds.wait_for_vif_plugged_event_during_hard_reboot = [] {{(pid=107794) log_opt_values /opt/stack/data/venv/lib/python3.12/site-packages/oslo_config/cfg.py:3006}}
Apr 02 04:14:36.673952 np0000162638 nova-scheduler[107794]: DEBUG cotyledon.oslo_config_glue [-] wsgi.api_paste_config = /etc/nova/api-paste.ini {{(pid=107794) log_opt_values /opt/stack/data/venv/lib/python3.12/site-packages/oslo_config/cfg.py:3006}}
Apr 02 04:14:36.674139 np0000162638 nova-scheduler[107794]: DEBUG cotyledon.oslo_config_glue [-] wsgi.secure_proxy_ssl_header = None {{(pid=107794) log_opt_values /opt/stack/data/venv/lib/python3.12/site-packages/oslo_config/cfg.py:3006}}
Apr 02 04:14:36.674139 np0000162638 nova-scheduler[107794]: DEBUG cotyledon.oslo_config_glue [-] zvm.ca_file = None {{(pid=107794) log_opt_values /opt/stack/data/venv/lib/python3.12/site-packages/oslo_config/cfg.py:3006}}
Apr 02 04:14:36.674139 np0000162638 nova-scheduler[107794]: DEBUG cotyledon.oslo_config_glue [-] zvm.cloud_connector_url = None {{(pid=107794) log_opt_values /opt/stack/data/venv/lib/python3.12/site-packages/oslo_config/cfg.py:3006}}
Apr 02 04:14:36.674139 np0000162638 nova-scheduler[107794]: DEBUG cotyledon.oslo_config_glue [-] zvm.image_tmp_path = /opt/stack/data/nova/images {{(pid=107794) log_opt_values /opt/stack/data/venv/lib/python3.12/site-packages/oslo_config/cfg.py:3006}}
Apr 02 04:14:36.674139 np0000162638 nova-scheduler[107794]: DEBUG cotyledon.oslo_config_glue [-] zvm.reachable_timeout = 300 {{(pid=107794) log_opt_values /opt/stack/data/venv/lib/python3.12/site-packages/oslo_config/cfg.py:3006}}
Apr 02 04:14:36.674139 np0000162638 nova-scheduler[107794]: DEBUG cotyledon.oslo_config_glue [-] oslo_versionedobjects.fatal_exception_format_errors = False {{(pid=107794) log_opt_values /opt/stack/data/venv/lib/python3.12/site-packages/oslo_config/cfg.py:3006}}
Apr 02 04:14:36.674139 np0000162638 nova-scheduler[107794]: DEBUG cotyledon.oslo_config_glue [-] oslo_middleware.http_basic_auth_user_file = /etc/htpasswd {{(pid=107794) log_opt_values /opt/stack/data/venv/lib/python3.12/site-packages/oslo_config/cfg.py:3006}}
Apr 02 04:14:36.674139 np0000162638 nova-scheduler[107794]: DEBUG cotyledon.oslo_config_glue [-] oslo_messaging_metrics.metrics_buffer_size = 1000 {{(pid=107794) log_opt_values /opt/stack/data/venv/lib/python3.12/site-packages/oslo_config/cfg.py:3006}}
Apr 02 04:14:36.674139 np0000162638 nova-scheduler[107794]: DEBUG cotyledon.oslo_config_glue [-] oslo_messaging_metrics.metrics_enabled = False {{(pid=107794) log_opt_values /opt/stack/data/venv/lib/python3.12/site-packages/oslo_config/cfg.py:3006}}
Apr 02 04:14:36.674354 np0000162638 nova-scheduler[107794]: DEBUG cotyledon.oslo_config_glue [-] oslo_messaging_metrics.metrics_process_name = {{(pid=107794) log_opt_values /opt/stack/data/venv/lib/python3.12/site-packages/oslo_config/cfg.py:3006}}
Apr 02 04:14:36.674354 np0000162638 nova-scheduler[107794]: DEBUG cotyledon.oslo_config_glue [-] oslo_messaging_metrics.metrics_socket_file = /var/tmp/metrics_collector.sock {{(pid=107794) log_opt_values /opt/stack/data/venv/lib/python3.12/site-packages/oslo_config/cfg.py:3006}}
Apr 02 04:14:36.674354 np0000162638 nova-scheduler[107794]: DEBUG cotyledon.oslo_config_glue [-] oslo_messaging_metrics.metrics_thread_stop_timeout = 10 {{(pid=107794) log_opt_values /opt/stack/data/venv/lib/python3.12/site-packages/oslo_config/cfg.py:3006}}
Apr 02 04:14:36.674354 np0000162638 nova-scheduler[107794]: DEBUG cotyledon.oslo_config_glue [-] profiler.connection_string = messaging:// {{(pid=107794) log_opt_values /opt/stack/data/venv/lib/python3.12/site-packages/oslo_config/cfg.py:3006}}
Apr 02 04:14:36.674354 np0000162638 nova-scheduler[107794]: DEBUG cotyledon.oslo_config_glue [-] profiler.enabled = False {{(pid=107794) log_opt_values /opt/stack/data/venv/lib/python3.12/site-packages/oslo_config/cfg.py:3006}}
Apr 02 04:14:36.674354 np0000162638 nova-scheduler[107794]: DEBUG cotyledon.oslo_config_glue [-] profiler.es_doc_type = notification {{(pid=107794) log_opt_values /opt/stack/data/venv/lib/python3.12/site-packages/oslo_config/cfg.py:3006}}
Apr 02 04:14:36.674354 np0000162638 nova-scheduler[107794]: DEBUG cotyledon.oslo_config_glue [-] profiler.es_scroll_size = 10000 {{(pid=107794) log_opt_values /opt/stack/data/venv/lib/python3.12/site-packages/oslo_config/cfg.py:3006}}
Apr 02 04:14:36.674354 np0000162638 nova-scheduler[107794]: DEBUG cotyledon.oslo_config_glue [-] profiler.es_scroll_time = 2m {{(pid=107794) log_opt_values /opt/stack/data/venv/lib/python3.12/site-packages/oslo_config/cfg.py:3006}}
Apr 02 04:14:36.674354 np0000162638 nova-scheduler[107794]: DEBUG cotyledon.oslo_config_glue [-] profiler.filter_error_trace = False {{(pid=107794) log_opt_values /opt/stack/data/venv/lib/python3.12/site-packages/oslo_config/cfg.py:3006}}
Apr 02 04:14:36.674558 np0000162638 nova-scheduler[107794]: DEBUG cotyledon.oslo_config_glue [-] profiler.hmac_keys = **** {{(pid=107794) log_opt_values /opt/stack/data/venv/lib/python3.12/site-packages/oslo_config/cfg.py:3006}}
Apr 02 04:14:36.674558 np0000162638 nova-scheduler[107794]: DEBUG cotyledon.oslo_config_glue [-] profiler.sentinel_service_name = mymaster {{(pid=107794) log_opt_values /opt/stack/data/venv/lib/python3.12/site-packages/oslo_config/cfg.py:3006}}
Apr 02 04:14:36.674558 np0000162638 nova-scheduler[107794]: DEBUG cotyledon.oslo_config_glue [-] profiler.socket_timeout = 0.1 {{(pid=107794) log_opt_values /opt/stack/data/venv/lib/python3.12/site-packages/oslo_config/cfg.py:3006}}
Apr 02 04:14:36.674558 np0000162638 nova-scheduler[107794]: DEBUG cotyledon.oslo_config_glue [-] profiler.trace_requests = False {{(pid=107794) log_opt_values /opt/stack/data/venv/lib/python3.12/site-packages/oslo_config/cfg.py:3006}}
Apr 02 04:14:36.674558 np0000162638 nova-scheduler[107794]: DEBUG cotyledon.oslo_config_glue [-] profiler.trace_sqlalchemy = False {{(pid=107794) log_opt_values /opt/stack/data/venv/lib/python3.12/site-packages/oslo_config/cfg.py:3006}}
Apr 02 04:14:36.674558 np0000162638 nova-scheduler[107794]: DEBUG cotyledon.oslo_config_glue [-] profiler_jaeger.process_tags = {} {{(pid=107794) log_opt_values /opt/stack/data/venv/lib/python3.12/site-packages/oslo_config/cfg.py:3006}}
Apr 02 04:14:36.674558 np0000162638 nova-scheduler[107794]: DEBUG cotyledon.oslo_config_glue [-] profiler_jaeger.service_name_prefix = None {{(pid=107794) log_opt_values /opt/stack/data/venv/lib/python3.12/site-packages/oslo_config/cfg.py:3006}}
Apr 02 04:14:36.674558 np0000162638 nova-scheduler[107794]: DEBUG cotyledon.oslo_config_glue [-] profiler_otlp.service_name_prefix = None {{(pid=107794) log_opt_values /opt/stack/data/venv/lib/python3.12/site-packages/oslo_config/cfg.py:3006}}
Apr 02 04:14:36.674558 np0000162638 nova-scheduler[107794]: DEBUG cotyledon.oslo_config_glue [-] oslo_messaging_rabbit.amqp_auto_delete = False {{(pid=107794) log_opt_values /opt/stack/data/venv/lib/python3.12/site-packages/oslo_config/cfg.py:3006}}
Apr 02 04:14:36.674832 np0000162638 nova-scheduler[107794]: DEBUG cotyledon.oslo_config_glue [-] oslo_messaging_rabbit.amqp_durable_queues = False {{(pid=107794) log_opt_values /opt/stack/data/venv/lib/python3.12/site-packages/oslo_config/cfg.py:3006}}
Apr 02 04:14:36.674832 np0000162638 nova-scheduler[107794]: DEBUG cotyledon.oslo_config_glue [-] oslo_messaging_rabbit.conn_pool_min_size = 2 {{(pid=107794) log_opt_values /opt/stack/data/venv/lib/python3.12/site-packages/oslo_config/cfg.py:3006}}
Apr 02 04:14:36.674832 np0000162638 nova-scheduler[107794]: DEBUG cotyledon.oslo_config_glue [-] oslo_messaging_rabbit.conn_pool_ttl = 1200 {{(pid=107794) log_opt_values /opt/stack/data/venv/lib/python3.12/site-packages/oslo_config/cfg.py:3006}}
Apr 02 04:14:36.674832 np0000162638 nova-scheduler[107794]: DEBUG cotyledon.oslo_config_glue [-] oslo_messaging_rabbit.direct_mandatory_flag = True {{(pid=107794) log_opt_values /opt/stack/data/venv/lib/python3.12/site-packages/oslo_config/cfg.py:3006}}
Apr 02 04:14:36.674832 np0000162638 nova-scheduler[107794]: DEBUG cotyledon.oslo_config_glue [-] oslo_messaging_rabbit.enable_cancel_on_failover = False {{(pid=107794) log_opt_values /opt/stack/data/venv/lib/python3.12/site-packages/oslo_config/cfg.py:3006}}
Apr 02 04:14:36.674832 np0000162638 nova-scheduler[107794]: DEBUG cotyledon.oslo_config_glue [-] oslo_messaging_rabbit.heartbeat_in_pthread = False {{(pid=107794) log_opt_values /opt/stack/data/venv/lib/python3.12/site-packages/oslo_config/cfg.py:3006}}
Apr 02 04:14:36.674832 np0000162638 nova-scheduler[107794]: DEBUG cotyledon.oslo_config_glue [-] oslo_messaging_rabbit.heartbeat_rate = 3 {{(pid=107794) log_opt_values /opt/stack/data/venv/lib/python3.12/site-packages/oslo_config/cfg.py:3006}}
Apr 02 04:14:36.674832 np0000162638 nova-scheduler[107794]: DEBUG cotyledon.oslo_config_glue [-] oslo_messaging_rabbit.heartbeat_timeout_threshold = 60 {{(pid=107794) log_opt_values /opt/stack/data/venv/lib/python3.12/site-packages/oslo_config/cfg.py:3006}}
Apr 02 04:14:36.674832 np0000162638 nova-scheduler[107794]: DEBUG cotyledon.oslo_config_glue [-] oslo_messaging_rabbit.hostname = np0000162638 {{(pid=107794) log_opt_values /opt/stack/data/venv/lib/python3.12/site-packages/oslo_config/cfg.py:3006}}
Apr 02 04:14:36.675036 np0000162638 nova-scheduler[107794]: DEBUG cotyledon.oslo_config_glue [-] oslo_messaging_rabbit.kombu_compression = None {{(pid=107794) log_opt_values /opt/stack/data/venv/lib/python3.12/site-packages/oslo_config/cfg.py:3006}}
Apr 02 04:14:36.675036 np0000162638 nova-scheduler[107794]: DEBUG cotyledon.oslo_config_glue [-] oslo_messaging_rabbit.kombu_failover_strategy = round-robin {{(pid=107794) log_opt_values /opt/stack/data/venv/lib/python3.12/site-packages/oslo_config/cfg.py:3006}}
Apr 02 04:14:36.675036 np0000162638 nova-scheduler[107794]: DEBUG cotyledon.oslo_config_glue [-] oslo_messaging_rabbit.kombu_missing_consumer_retry_timeout = 60 {{(pid=107794) log_opt_values /opt/stack/data/venv/lib/python3.12/site-packages/oslo_config/cfg.py:3006}}
Apr 02 04:14:36.675036 np0000162638 nova-scheduler[107794]: DEBUG cotyledon.oslo_config_glue [-] oslo_messaging_rabbit.kombu_reconnect_delay = 1.0 {{(pid=107794) log_opt_values /opt/stack/data/venv/lib/python3.12/site-packages/oslo_config/cfg.py:3006}}
Apr 02 04:14:36.675036 np0000162638 nova-scheduler[107794]: DEBUG cotyledon.oslo_config_glue [-] oslo_messaging_rabbit.kombu_reconnect_splay = 0.0 {{(pid=107794) log_opt_values /opt/stack/data/venv/lib/python3.12/site-packages/oslo_config/cfg.py:3006}}
Apr 02 04:14:36.675036 np0000162638 nova-scheduler[107794]: DEBUG cotyledon.oslo_config_glue [-] oslo_messaging_rabbit.processname = nova-scheduler {{(pid=107794) log_opt_values /opt/stack/data/venv/lib/python3.12/site-packages/oslo_config/cfg.py:3006}}
Apr 02 04:14:36.675036 np0000162638 nova-scheduler[107794]: DEBUG cotyledon.oslo_config_glue [-] oslo_messaging_rabbit.rabbit_ha_queues = False {{(pid=107794) log_opt_values /opt/stack/data/venv/lib/python3.12/site-packages/oslo_config/cfg.py:3006}}
Apr 02 04:14:36.675036 np0000162638 nova-scheduler[107794]: DEBUG cotyledon.oslo_config_glue [-] oslo_messaging_rabbit.rabbit_interval_max = 30 {{(pid=107794) log_opt_values /opt/stack/data/venv/lib/python3.12/site-packages/oslo_config/cfg.py:3006}}
Apr 02 04:14:36.675225 np0000162638 nova-scheduler[107794]: DEBUG cotyledon.oslo_config_glue [-] oslo_messaging_rabbit.rabbit_login_method = AMQPLAIN {{(pid=107794) log_opt_values /opt/stack/data/venv/lib/python3.12/site-packages/oslo_config/cfg.py:3006}}
Apr 02 04:14:36.675225 np0000162638 nova-scheduler[107794]: DEBUG cotyledon.oslo_config_glue [-] oslo_messaging_rabbit.rabbit_qos_prefetch_count = 0 {{(pid=107794) log_opt_values /opt/stack/data/venv/lib/python3.12/site-packages/oslo_config/cfg.py:3006}}
Apr 02 04:14:36.675225 np0000162638 nova-scheduler[107794]: DEBUG cotyledon.oslo_config_glue [-] oslo_messaging_rabbit.rabbit_quorum_delivery_limit = 0 {{(pid=107794) log_opt_values /opt/stack/data/venv/lib/python3.12/site-packages/oslo_config/cfg.py:3006}}
Apr 02 04:14:36.675225 np0000162638 nova-scheduler[107794]: DEBUG cotyledon.oslo_config_glue [-] oslo_messaging_rabbit.rabbit_quorum_max_memory_bytes = 0 {{(pid=107794) log_opt_values /opt/stack/data/venv/lib/python3.12/site-packages/oslo_config/cfg.py:3006}}
Apr 02 04:14:36.675225 np0000162638 nova-scheduler[107794]: DEBUG cotyledon.oslo_config_glue [-] oslo_messaging_rabbit.rabbit_quorum_max_memory_length = 0 {{(pid=107794) log_opt_values /opt/stack/data/venv/lib/python3.12/site-packages/oslo_config/cfg.py:3006}}
Apr 02 04:14:36.675225 np0000162638 nova-scheduler[107794]: DEBUG cotyledon.oslo_config_glue [-] oslo_messaging_rabbit.rabbit_quorum_queue = False {{(pid=107794) log_opt_values /opt/stack/data/venv/lib/python3.12/site-packages/oslo_config/cfg.py:3006}}
Apr 02 04:14:36.675225 np0000162638 nova-scheduler[107794]: DEBUG cotyledon.oslo_config_glue [-] oslo_messaging_rabbit.rabbit_retry_backoff = 2 {{(pid=107794) log_opt_values /opt/stack/data/venv/lib/python3.12/site-packages/oslo_config/cfg.py:3006}}
Apr 02 04:14:36.675225 np0000162638 nova-scheduler[107794]: DEBUG cotyledon.oslo_config_glue [-] oslo_messaging_rabbit.rabbit_retry_interval = 1 {{(pid=107794) log_opt_values /opt/stack/data/venv/lib/python3.12/site-packages/oslo_config/cfg.py:3006}}
Apr 02 04:14:36.675409 np0000162638 nova-scheduler[107794]: DEBUG cotyledon.oslo_config_glue [-] oslo_messaging_rabbit.rabbit_stream_fanout = False {{(pid=107794) log_opt_values /opt/stack/data/venv/lib/python3.12/site-packages/oslo_config/cfg.py:3006}}
Apr 02 04:14:36.675409 np0000162638 nova-scheduler[107794]: DEBUG cotyledon.oslo_config_glue [-] oslo_messaging_rabbit.rabbit_transient_queues_ttl = 1800 {{(pid=107794) log_opt_values /opt/stack/data/venv/lib/python3.12/site-packages/oslo_config/cfg.py:3006}}
Apr 02 04:14:36.675409 np0000162638 nova-scheduler[107794]: DEBUG cotyledon.oslo_config_glue [-] oslo_messaging_rabbit.rabbit_transient_quorum_queue = False {{(pid=107794) log_opt_values /opt/stack/data/venv/lib/python3.12/site-packages/oslo_config/cfg.py:3006}}
Apr 02 04:14:36.675409 np0000162638 nova-scheduler[107794]: DEBUG cotyledon.oslo_config_glue [-] oslo_messaging_rabbit.rpc_conn_pool_size = 30 {{(pid=107794) log_opt_values /opt/stack/data/venv/lib/python3.12/site-packages/oslo_config/cfg.py:3006}}
Apr 02 04:14:36.675409 np0000162638 nova-scheduler[107794]: DEBUG cotyledon.oslo_config_glue [-] oslo_messaging_rabbit.ssl = False {{(pid=107794) log_opt_values /opt/stack/data/venv/lib/python3.12/site-packages/oslo_config/cfg.py:3006}}
Apr 02 04:14:36.675409 np0000162638 nova-scheduler[107794]: DEBUG cotyledon.oslo_config_glue [-] oslo_messaging_rabbit.ssl_ca_file = {{(pid=107794) log_opt_values /opt/stack/data/venv/lib/python3.12/site-packages/oslo_config/cfg.py:3006}}
Apr 02 04:14:36.675409 np0000162638 nova-scheduler[107794]: DEBUG cotyledon.oslo_config_glue [-] oslo_messaging_rabbit.ssl_cert_file = {{(pid=107794) log_opt_values /opt/stack/data/venv/lib/python3.12/site-packages/oslo_config/cfg.py:3006}}
Apr 02 04:14:36.675409 np0000162638 nova-scheduler[107794]: DEBUG cotyledon.oslo_config_glue [-] oslo_messaging_rabbit.ssl_enforce_fips_mode = False {{(pid=107794) log_opt_values /opt/stack/data/venv/lib/python3.12/site-packages/oslo_config/cfg.py:3006}}
Apr 02 04:14:36.675409 np0000162638 nova-scheduler[107794]: DEBUG cotyledon.oslo_config_glue [-] oslo_messaging_rabbit.ssl_key_file = {{(pid=107794) log_opt_values /opt/stack/data/venv/lib/python3.12/site-packages/oslo_config/cfg.py:3006}}
Apr 02 04:14:36.675612 np0000162638 nova-scheduler[107794]: DEBUG cotyledon.oslo_config_glue [-] oslo_messaging_rabbit.ssl_version = {{(pid=107794) log_opt_values /opt/stack/data/venv/lib/python3.12/site-packages/oslo_config/cfg.py:3006}}
Apr 02 04:14:36.675612 np0000162638 nova-scheduler[107794]: DEBUG cotyledon.oslo_config_glue [-] oslo_messaging_rabbit.use_queue_manager = False {{(pid=107794) log_opt_values /opt/stack/data/venv/lib/python3.12/site-packages/oslo_config/cfg.py:3006}}
Apr 02 04:14:36.675612 np0000162638 nova-scheduler[107794]: DEBUG cotyledon.oslo_config_glue [-] oslo_messaging_notifications.driver = ['messagingv2'] {{(pid=107794) log_opt_values /opt/stack/data/venv/lib/python3.12/site-packages/oslo_config/cfg.py:3006}}
Apr 02 04:14:36.675612 np0000162638 nova-scheduler[107794]: DEBUG cotyledon.oslo_config_glue [-] oslo_messaging_notifications.retry = -1 {{(pid=107794) log_opt_values /opt/stack/data/venv/lib/python3.12/site-packages/oslo_config/cfg.py:3006}}
Apr 02 04:14:36.675612 np0000162638 nova-scheduler[107794]: DEBUG cotyledon.oslo_config_glue [-] oslo_messaging_notifications.topics = ['notifications'] {{(pid=107794) log_opt_values /opt/stack/data/venv/lib/python3.12/site-packages/oslo_config/cfg.py:3006}}
Apr 02 04:14:36.675612 np0000162638 nova-scheduler[107794]: DEBUG cotyledon.oslo_config_glue [-] oslo_messaging_notifications.transport_url = **** {{(pid=107794) log_opt_values /opt/stack/data/venv/lib/python3.12/site-packages/oslo_config/cfg.py:3006}}
Apr 02 04:14:36.675612 np0000162638 nova-scheduler[107794]: DEBUG cotyledon.oslo_config_glue [-] oslo_limit.auth_section = None {{(pid=107794) log_opt_values /opt/stack/data/venv/lib/python3.12/site-packages/oslo_config/cfg.py:3006}}
Apr 02 04:14:36.675612 np0000162638 nova-scheduler[107794]: DEBUG cotyledon.oslo_config_glue [-] oslo_limit.auth_type = None {{(pid=107794) log_opt_values /opt/stack/data/venv/lib/python3.12/site-packages/oslo_config/cfg.py:3006}}
Apr 02 04:14:36.675612 np0000162638 nova-scheduler[107794]: DEBUG cotyledon.oslo_config_glue [-] oslo_limit.cafile = None {{(pid=107794) log_opt_values /opt/stack/data/venv/lib/python3.12/site-packages/oslo_config/cfg.py:3006}}
Apr 02 04:14:36.675813 np0000162638 nova-scheduler[107794]: DEBUG cotyledon.oslo_config_glue [-] oslo_limit.certfile = None {{(pid=107794) log_opt_values /opt/stack/data/venv/lib/python3.12/site-packages/oslo_config/cfg.py:3006}}
Apr 02 04:14:36.675813 np0000162638 nova-scheduler[107794]: DEBUG cotyledon.oslo_config_glue [-] oslo_limit.collect_timing = False {{(pid=107794) log_opt_values /opt/stack/data/venv/lib/python3.12/site-packages/oslo_config/cfg.py:3006}}
Apr 02 04:14:36.675813 np0000162638 nova-scheduler[107794]: DEBUG cotyledon.oslo_config_glue [-] oslo_limit.connect_retries = None {{(pid=107794) log_opt_values /opt/stack/data/venv/lib/python3.12/site-packages/oslo_config/cfg.py:3006}}
Apr 02 04:14:36.675813 np0000162638 nova-scheduler[107794]: DEBUG cotyledon.oslo_config_glue [-] oslo_limit.connect_retry_delay = None {{(pid=107794) log_opt_values /opt/stack/data/venv/lib/python3.12/site-packages/oslo_config/cfg.py:3006}}
Apr 02 04:14:36.675813 np0000162638 nova-scheduler[107794]: DEBUG cotyledon.oslo_config_glue [-] oslo_limit.endpoint_id = None {{(pid=107794) log_opt_values /opt/stack/data/venv/lib/python3.12/site-packages/oslo_config/cfg.py:3006}}
Apr 02 04:14:36.675813 np0000162638 nova-scheduler[107794]: DEBUG cotyledon.oslo_config_glue [-] oslo_limit.endpoint_interface = public {{(pid=107794) log_opt_values /opt/stack/data/venv/lib/python3.12/site-packages/oslo_config/cfg.py:3006}}
Apr 02 04:14:36.675813 np0000162638 nova-scheduler[107794]: DEBUG cotyledon.oslo_config_glue [-] oslo_limit.endpoint_override = None {{(pid=107794) log_opt_values /opt/stack/data/venv/lib/python3.12/site-packages/oslo_config/cfg.py:3006}}
Apr 02 04:14:36.675813 np0000162638 nova-scheduler[107794]: DEBUG cotyledon.oslo_config_glue [-] oslo_limit.endpoint_region_name = None {{(pid=107794) log_opt_values /opt/stack/data/venv/lib/python3.12/site-packages/oslo_config/cfg.py:3006}}
Apr 02 04:14:36.675813 np0000162638 nova-scheduler[107794]: DEBUG cotyledon.oslo_config_glue [-] oslo_limit.endpoint_service_name = None {{(pid=107794) log_opt_values /opt/stack/data/venv/lib/python3.12/site-packages/oslo_config/cfg.py:3006}}
Apr 02 04:14:36.676003 np0000162638 nova-scheduler[107781]: INFO dbcounter [None req-0d8e0061-8a16-4e54-921e-e5a0b3e8b60e None None] Registered counter for database nova_cell0
Apr 02 04:14:36.676029 np0000162638 nova-scheduler[107794]: DEBUG cotyledon.oslo_config_glue [-] oslo_limit.endpoint_service_type = None {{(pid=107794) log_opt_values /opt/stack/data/venv/lib/python3.12/site-packages/oslo_config/cfg.py:3006}}
Apr 02 04:14:36.676029 np0000162638 nova-scheduler[107794]: DEBUG cotyledon.oslo_config_glue [-] oslo_limit.insecure = False {{(pid=107794) log_opt_values /opt/stack/data/venv/lib/python3.12/site-packages/oslo_config/cfg.py:3006}}
Apr 02 04:14:36.676029 np0000162638 nova-scheduler[107794]: DEBUG cotyledon.oslo_config_glue [-] oslo_limit.keyfile = None {{(pid=107794) log_opt_values /opt/stack/data/venv/lib/python3.12/site-packages/oslo_config/cfg.py:3006}}
Apr 02 04:14:36.676029 np0000162638 nova-scheduler[107794]: DEBUG cotyledon.oslo_config_glue [-] oslo_limit.max_version = None {{(pid=107794) log_opt_values /opt/stack/data/venv/lib/python3.12/site-packages/oslo_config/cfg.py:3006}}
Apr 02 04:14:36.676029 np0000162638 nova-scheduler[107794]: DEBUG cotyledon.oslo_config_glue [-] oslo_limit.min_version = None {{(pid=107794) log_opt_values /opt/stack/data/venv/lib/python3.12/site-packages/oslo_config/cfg.py:3006}}
Apr 02 04:14:36.676029 np0000162638 nova-scheduler[107794]: DEBUG cotyledon.oslo_config_glue [-] oslo_limit.region_name = None {{(pid=107794) log_opt_values /opt/stack/data/venv/lib/python3.12/site-packages/oslo_config/cfg.py:3006}}
Apr 02 04:14:36.676029 np0000162638 nova-scheduler[107794]: DEBUG cotyledon.oslo_config_glue [-] oslo_limit.retriable_status_codes = None {{(pid=107794) log_opt_values /opt/stack/data/venv/lib/python3.12/site-packages/oslo_config/cfg.py:3006}}
Apr 02 04:14:36.676029 np0000162638 nova-scheduler[107794]: DEBUG cotyledon.oslo_config_glue [-] oslo_limit.service_name = None {{(pid=107794) log_opt_values /opt/stack/data/venv/lib/python3.12/site-packages/oslo_config/cfg.py:3006}}
Apr 02 04:14:36.676029 np0000162638 nova-scheduler[107794]: DEBUG cotyledon.oslo_config_glue [-] oslo_limit.service_type = None {{(pid=107794) log_opt_values /opt/stack/data/venv/lib/python3.12/site-packages/oslo_config/cfg.py:3006}}
Apr 02 04:14:36.676212 np0000162638 nova-scheduler[107794]: DEBUG cotyledon.oslo_config_glue [-] oslo_limit.split_loggers = False {{(pid=107794) log_opt_values /opt/stack/data/venv/lib/python3.12/site-packages/oslo_config/cfg.py:3006}}
Apr 02 04:14:36.676212 np0000162638 nova-scheduler[107794]: DEBUG cotyledon.oslo_config_glue [-] oslo_limit.status_code_retries = None {{(pid=107794) log_opt_values /opt/stack/data/venv/lib/python3.12/site-packages/oslo_config/cfg.py:3006}}
Apr 02 04:14:36.676212 np0000162638 nova-scheduler[107794]: DEBUG cotyledon.oslo_config_glue [-] oslo_limit.status_code_retry_delay = None {{(pid=107794) log_opt_values /opt/stack/data/venv/lib/python3.12/site-packages/oslo_config/cfg.py:3006}}
Apr 02 04:14:36.676212 np0000162638 nova-scheduler[107794]: DEBUG cotyledon.oslo_config_glue [-] oslo_limit.timeout = None {{(pid=107794) log_opt_values /opt/stack/data/venv/lib/python3.12/site-packages/oslo_config/cfg.py:3006}}
Apr 02 04:14:36.676212 np0000162638 nova-scheduler[107794]: DEBUG cotyledon.oslo_config_glue [-] oslo_limit.valid_interfaces = None {{(pid=107794) log_opt_values /opt/stack/data/venv/lib/python3.12/site-packages/oslo_config/cfg.py:3006}}
Apr 02 04:14:36.676212 np0000162638 nova-scheduler[107794]: DEBUG cotyledon.oslo_config_glue [-] oslo_limit.version = None {{(pid=107794) log_opt_values /opt/stack/data/venv/lib/python3.12/site-packages/oslo_config/cfg.py:3006}}
Apr 02 04:14:36.676212 np0000162638 nova-scheduler[107794]: DEBUG cotyledon.oslo_config_glue [-] oslo_reports.file_event_handler = None {{(pid=107794) log_opt_values /opt/stack/data/venv/lib/python3.12/site-packages/oslo_config/cfg.py:3006}}
Apr 02 04:14:36.676212 np0000162638 nova-scheduler[107794]: DEBUG cotyledon.oslo_config_glue [-] oslo_reports.file_event_handler_interval = 1 {{(pid=107794) log_opt_values /opt/stack/data/venv/lib/python3.12/site-packages/oslo_config/cfg.py:3006}}
Apr 02 04:14:36.676212 np0000162638 nova-scheduler[107794]: DEBUG cotyledon.oslo_config_glue [-] oslo_reports.log_dir = None {{(pid=107794) log_opt_values /opt/stack/data/venv/lib/python3.12/site-packages/oslo_config/cfg.py:3006}}
Apr 02 04:14:36.676430 np0000162638 nova-scheduler[107794]: DEBUG cotyledon.oslo_config_glue [-] ******************************************************************************** {{(pid=107794) log_opt_values /opt/stack/data/venv/lib/python3.12/site-packages/oslo_config/cfg.py:3013}}
Apr 02 04:14:36.676430 np0000162638 nova-scheduler[107794]: DEBUG cotyledon._service_worker [-] Run service ServiceWrapper(3) [107794] {{(pid=107794) wait_forever /opt/stack/data/venv/lib/python3.12/site-packages/cotyledon/_service_worker.py:218}}
Apr 02 04:14:36.676430 np0000162638 nova-scheduler[107794]: INFO nova.service [-] Starting scheduler node (version 33.1.0)
Apr 02 04:14:36.676497 np0000162638 nova-scheduler[107788]: DEBUG oslo_db.sqlalchemy.engines [None req-5909f347-9e2e-46a5-962a-f74db96b1b38 None None] MySQL server mode set to STRICT_TRANS_TABLES,STRICT_ALL_TABLES,NO_ZERO_IN_DATE,NO_ZERO_DATE,ERROR_FOR_DIVISION_BY_ZERO,TRADITIONAL,NO_ENGINE_SUBSTITUTION {{(pid=107788) _check_effective_sql_mode /opt/stack/data/venv/lib/python3.12/site-packages/oslo_db/sqlalchemy/engines.py:325}}
Apr 02 04:14:36.676523 np0000162638 nova-scheduler[107781]: DEBUG oslo_db.sqlalchemy.engines [None req-0d8e0061-8a16-4e54-921e-e5a0b3e8b60e None None] MySQL server mode set to STRICT_TRANS_TABLES,STRICT_ALL_TABLES,NO_ZERO_IN_DATE,NO_ZERO_DATE,ERROR_FOR_DIVISION_BY_ZERO,TRADITIONAL,NO_ENGINE_SUBSTITUTION {{(pid=107781) _check_effective_sql_mode /opt/stack/data/venv/lib/python3.12/site-packages/oslo_db/sqlalchemy/engines.py:325}}
Apr 02 04:14:36.676557 np0000162638 nova-scheduler[107794]: INFO dbcounter [None req-6d6737f0-599b-420e-bfad-652b609d89b5 None None] Registered counter for database nova_cell0
Apr 02 04:14:36.676586 np0000162638 nova-scheduler[107781]: DEBUG dbcounter [-] [107781] Writer thread running {{(pid=107781) stat_writer /opt/stack/data/venv/lib/python3.12/site-packages/dbcounter.py:102}}
Apr 02 04:14:36.676615 np0000162638 nova-scheduler[107794]: DEBUG oslo_db.sqlalchemy.engines [None req-6d6737f0-599b-420e-bfad-652b609d89b5 None None] MySQL server mode set to STRICT_TRANS_TABLES,STRICT_ALL_TABLES,NO_ZERO_IN_DATE,NO_ZERO_DATE,ERROR_FOR_DIVISION_BY_ZERO,TRADITIONAL,NO_ENGINE_SUBSTITUTION {{(pid=107794) _check_effective_sql_mode /opt/stack/data/venv/lib/python3.12/site-packages/oslo_db/sqlalchemy/engines.py:325}}
Apr 02 04:14:36.676641 np0000162638 nova-scheduler[107788]: DEBUG dbcounter [-] [107788] Writer thread running {{(pid=107788) stat_writer /opt/stack/data/venv/lib/python3.12/site-packages/dbcounter.py:102}}
Apr 02 04:14:36.676666 np0000162638 nova-scheduler[107794]: DEBUG dbcounter [-] [107794] Writer thread running {{(pid=107794) stat_writer /opt/stack/data/venv/lib/python3.12/site-packages/dbcounter.py:102}}
Apr 02 04:14:36.832738 np0000162638 nova-scheduler[107777]: DEBUG nova.service [None req-6eb41149-8f06-4f05-a301-cd4e56128d13 None None] Creating RPC server for service: nova-scheduler on topic: scheduler {{(pid=107777) start /opt/stack/nova/nova/service.py:195}}
Apr 02 04:14:36.870080 np0000162638 nova-scheduler[107777]: DEBUG nova.service [None req-6eb41149-8f06-4f05-a301-cd4e56128d13 None None] Join ServiceGroup membership for this service scheduler {{(pid=107777) start /opt/stack/nova/nova/service.py:221}}
Apr 02 04:14:36.870274 np0000162638 nova-scheduler[107777]: DEBUG nova.servicegroup.drivers.db [None req-6eb41149-8f06-4f05-a301-cd4e56128d13 None None] DB_Driver: join new ServiceGroup member np0000162638 to the scheduler group, service = {{(pid=107777) join /opt/stack/nova/nova/servicegroup/drivers/db.py:44}}
Apr 02 04:14:36.979577 np0000162638 nova-scheduler[107794]: DEBUG nova.service [None req-6d6737f0-599b-420e-bfad-652b609d89b5 None None] Creating RPC server for service: nova-scheduler on topic: scheduler {{(pid=107794) start /opt/stack/nova/nova/service.py:195}}
Apr 02 04:14:36.982001 np0000162638 nova-scheduler[107781]: DEBUG nova.service [None req-0d8e0061-8a16-4e54-921e-e5a0b3e8b60e None None] Creating RPC server for service: nova-scheduler on topic: scheduler {{(pid=107781) start /opt/stack/nova/nova/service.py:195}}
Apr 02 04:14:36.987621 np0000162638 nova-scheduler[107788]: DEBUG nova.service [None req-5909f347-9e2e-46a5-962a-f74db96b1b38 None None] Creating RPC server for service: nova-scheduler on topic: scheduler {{(pid=107788) start /opt/stack/nova/nova/service.py:195}}
Apr 02 04:14:37.006438 np0000162638 nova-scheduler[107781]: DEBUG nova.service [None req-0d8e0061-8a16-4e54-921e-e5a0b3e8b60e None None] Join ServiceGroup membership for this service scheduler {{(pid=107781) start /opt/stack/nova/nova/service.py:221}}
Apr 02 04:14:37.006806 np0000162638 nova-scheduler[107781]: DEBUG nova.servicegroup.drivers.db [None req-0d8e0061-8a16-4e54-921e-e5a0b3e8b60e None None] DB_Driver: join new ServiceGroup member np0000162638 to the scheduler group, service = {{(pid=107781) join /opt/stack/nova/nova/servicegroup/drivers/db.py:44}}
Apr 02 04:14:37.011365 np0000162638 nova-scheduler[107788]: DEBUG nova.service [None req-5909f347-9e2e-46a5-962a-f74db96b1b38 None None] Join ServiceGroup membership for this service scheduler {{(pid=107788) start /opt/stack/nova/nova/service.py:221}}
Apr 02 04:14:37.011512 np0000162638 nova-scheduler[107794]: DEBUG nova.service [None req-6d6737f0-599b-420e-bfad-652b609d89b5 None None] Join ServiceGroup membership for this service scheduler {{(pid=107794) start /opt/stack/nova/nova/service.py:221}}
Apr 02 04:14:37.011585 np0000162638 nova-scheduler[107788]: DEBUG nova.servicegroup.drivers.db [None req-5909f347-9e2e-46a5-962a-f74db96b1b38 None None] DB_Driver: join new ServiceGroup member np0000162638 to the scheduler group, service = {{(pid=107788) join /opt/stack/nova/nova/servicegroup/drivers/db.py:44}}
Apr 02 04:14:37.011653 np0000162638 nova-scheduler[107794]: DEBUG nova.servicegroup.drivers.db [None req-6d6737f0-599b-420e-bfad-652b609d89b5 None None] DB_Driver: join new ServiceGroup member np0000162638 to the scheduler group, service = {{(pid=107794) join /opt/stack/nova/nova/servicegroup/drivers/db.py:44}}
Apr 02 04:14:41.893248 np0000162638 nova-scheduler[107777]: DEBUG oslo.service.backend._threading.loopingcall [-] Fixed interval looping call 'nova.servicegroup.drivers.db.DbDriver._report_state' sleeping for 119.98 seconds {{(pid=107777) _run_loop /opt/stack/data/venv/lib/python3.12/site-packages/oslo_service/backend/_threading/loopingcall.py:125}}
Apr 02 04:14:42.019409 np0000162638 nova-scheduler[107781]: DEBUG oslo.service.backend._threading.loopingcall [-] Fixed interval looping call 'nova.servicegroup.drivers.db.DbDriver._report_state' sleeping for 119.99 seconds {{(pid=107781) _run_loop /opt/stack/data/venv/lib/python3.12/site-packages/oslo_service/backend/_threading/loopingcall.py:125}}
Apr 02 04:14:42.023942 np0000162638 nova-scheduler[107788]: DEBUG oslo.service.backend._threading.loopingcall [-] Fixed interval looping call 'nova.servicegroup.drivers.db.DbDriver._report_state' sleeping for 119.99 seconds {{(pid=107788) _run_loop /opt/stack/data/venv/lib/python3.12/site-packages/oslo_service/backend/_threading/loopingcall.py:125}}
Apr 02 04:14:42.025883 np0000162638 nova-scheduler[107794]: DEBUG oslo.service.backend._threading.loopingcall [-] Fixed interval looping call 'nova.servicegroup.drivers.db.DbDriver._report_state' sleeping for 119.99 seconds {{(pid=107794) _run_loop /opt/stack/data/venv/lib/python3.12/site-packages/oslo_service/backend/_threading/loopingcall.py:125}}
Apr 02 04:14:45.228017 np0000162638 nova-scheduler[107024]: DEBUG dbcounter [-] [107024] Writing DB stats nova_api:SELECT=3 {{(pid=107024) stat_writer /opt/stack/data/venv/lib/python3.12/site-packages/dbcounter.py:115}}
Apr 02 04:14:45.338009 np0000162638 nova-scheduler[107024]: DEBUG dbcounter [-] [107024] Writing DB stats nova_cell0:SELECT=1 {{(pid=107024) stat_writer /opt/stack/data/venv/lib/python3.12/site-packages/dbcounter.py:115}}
Apr 02 04:14:45.345440 np0000162638 nova-scheduler[107024]: DEBUG dbcounter [-] [107024] Writing DB stats nova_cell1:SELECT=1 {{(pid=107024) stat_writer /opt/stack/data/venv/lib/python3.12/site-packages/dbcounter.py:115}}
Apr 02 04:14:51.886057 np0000162638 nova-scheduler[107777]: DEBUG dbcounter [-] [107777] Writing DB stats nova_cell0:SELECT=4,nova_cell0:INSERT=1,nova_cell0:UPDATE=1 {{(pid=107777) stat_writer /opt/stack/data/venv/lib/python3.12/site-packages/dbcounter.py:115}}
Apr 02 04:14:52.017737 np0000162638 nova-scheduler[107781]: DEBUG dbcounter [-] [107781] Writing DB stats nova_cell0:SELECT=5,nova_cell0:INSERT=1 {{(pid=107781) stat_writer /opt/stack/data/venv/lib/python3.12/site-packages/dbcounter.py:115}}
Apr 02 04:14:52.021705 np0000162638 nova-scheduler[107788]: DEBUG dbcounter [-] [107788] Writing DB stats nova_cell0:SELECT=5,nova_cell0:INSERT=1 {{(pid=107788) stat_writer /opt/stack/data/venv/lib/python3.12/site-packages/dbcounter.py:115}}
Apr 02 04:14:52.022203 np0000162638 nova-scheduler[107794]: DEBUG dbcounter [-] [107794] Writing DB stats nova_cell0:SELECT=5,nova_cell0:INSERT=1 {{(pid=107794) stat_writer /opt/stack/data/venv/lib/python3.12/site-packages/dbcounter.py:115}}
Apr 02 04:14:56.873703 np0000162638 nova-scheduler[107777]: DEBUG oslo.service.backend._threading.loopingcall [None req-6c0210b0-0bd2-4dad-a627-05cfe35c820b None None] Dynamic interval looping call 'nova.service.Service.periodic_tasks' sleeping for 60.00 seconds {{(pid=107777) _run_loop /opt/stack/data/venv/lib/python3.12/site-packages/oslo_service/backend/_threading/loopingcall.py:125}}
Apr 02 04:15:06.015494 np0000162638 nova-scheduler[107794]: DEBUG oslo.service.backend._threading.loopingcall [None req-d040d781-6a65-40b0-ac98-2104db8eb08c None None] Dynamic interval looping call 'nova.service.Service.periodic_tasks' sleeping for 60.00 seconds {{(pid=107794) _run_loop /opt/stack/data/venv/lib/python3.12/site-packages/oslo_service/backend/_threading/loopingcall.py:125}}
Apr 02 04:15:12.010138 np0000162638 nova-scheduler[107781]: DEBUG oslo.service.backend._threading.loopingcall [None req-d71bfbe0-58ef-4b1e-9134-7eaa097ae3bf None None] Dynamic interval looping call 'nova.service.Service.periodic_tasks' sleeping for 60.00 seconds {{(pid=107781) _run_loop /opt/stack/data/venv/lib/python3.12/site-packages/oslo_service/backend/_threading/loopingcall.py:125}}
Apr 02 04:15:13.014702 np0000162638 nova-scheduler[107788]: DEBUG oslo.service.backend._threading.loopingcall [None req-967c5295-e927-4696-8614-16c039173a0b None None] Dynamic interval looping call 'nova.service.Service.periodic_tasks' sleeping for 60.00 seconds {{(pid=107788) _run_loop /opt/stack/data/venv/lib/python3.12/site-packages/oslo_service/backend/_threading/loopingcall.py:125}}
Apr 02 04:15:56.874901 np0000162638 nova-scheduler[107777]: DEBUG oslo.service.backend._threading.loopingcall [None req-6c0210b0-0bd2-4dad-a627-05cfe35c820b None None] Dynamic interval looping call 'nova.service.Service.periodic_tasks' sleeping for 60.00 seconds {{(pid=107777) _run_loop /opt/stack/data/venv/lib/python3.12/site-packages/oslo_service/backend/_threading/loopingcall.py:125}}
Apr 02 04:16:06.016555 np0000162638 nova-scheduler[107794]: DEBUG oslo.service.backend._threading.loopingcall [None req-d040d781-6a65-40b0-ac98-2104db8eb08c None None] Dynamic interval looping call 'nova.service.Service.periodic_tasks' sleeping for 60.00 seconds {{(pid=107794) _run_loop /opt/stack/data/venv/lib/python3.12/site-packages/oslo_service/backend/_threading/loopingcall.py:125}}
Apr 02 04:16:12.011276 np0000162638 nova-scheduler[107781]: DEBUG oslo.service.backend._threading.loopingcall [None req-d71bfbe0-58ef-4b1e-9134-7eaa097ae3bf None None] Dynamic interval looping call 'nova.service.Service.periodic_tasks' sleeping for 60.00 seconds {{(pid=107781) _run_loop /opt/stack/data/venv/lib/python3.12/site-packages/oslo_service/backend/_threading/loopingcall.py:125}}
Apr 02 04:16:13.015727 np0000162638 nova-scheduler[107788]: DEBUG oslo.service.backend._threading.loopingcall [None req-967c5295-e927-4696-8614-16c039173a0b None None] Dynamic interval looping call 'nova.service.Service.periodic_tasks' sleeping for 60.00 seconds {{(pid=107788) _run_loop /opt/stack/data/venv/lib/python3.12/site-packages/oslo_service/backend/_threading/loopingcall.py:125}}
Apr 02 04:16:41.886721 np0000162638 nova-scheduler[107777]: DEBUG oslo.service.backend._threading.loopingcall [-] Fixed interval looping call 'nova.servicegroup.drivers.db.DbDriver._report_state' sleeping for 119.99 seconds {{(pid=107777) _run_loop /opt/stack/data/venv/lib/python3.12/site-packages/oslo_service/backend/_threading/loopingcall.py:125}}
Apr 02 04:16:42.015736 np0000162638 nova-scheduler[107781]: DEBUG oslo.service.backend._threading.loopingcall [-] Fixed interval looping call 'nova.servicegroup.drivers.db.DbDriver._report_state' sleeping for 119.99 seconds {{(pid=107781) _run_loop /opt/stack/data/venv/lib/python3.12/site-packages/oslo_service/backend/_threading/loopingcall.py:125}}
Apr 02 04:16:42.019884 np0000162638 nova-scheduler[107788]: DEBUG oslo.service.backend._threading.loopingcall [-] Fixed interval looping call 'nova.servicegroup.drivers.db.DbDriver._report_state' sleeping for 119.99 seconds {{(pid=107788) _run_loop /opt/stack/data/venv/lib/python3.12/site-packages/oslo_service/backend/_threading/loopingcall.py:125}}
Apr 02 04:16:42.022291 np0000162638 nova-scheduler[107794]: DEBUG oslo.service.backend._threading.loopingcall [-] Fixed interval looping call 'nova.servicegroup.drivers.db.DbDriver._report_state' sleeping for 119.99 seconds {{(pid=107794) _run_loop /opt/stack/data/venv/lib/python3.12/site-packages/oslo_service/backend/_threading/loopingcall.py:125}}
Apr 02 04:16:51.879161 np0000162638 nova-scheduler[107777]: DEBUG dbcounter [-] [107777] Writing DB stats nova_cell0:SELECT=1,nova_cell0:UPDATE=1 {{(pid=107777) stat_writer /opt/stack/data/venv/lib/python3.12/site-packages/dbcounter.py:115}}
Apr 02 04:16:52.012848 np0000162638 nova-scheduler[107781]: DEBUG dbcounter [-] [107781] Writing DB stats nova_cell0:SELECT=1 {{(pid=107781) stat_writer /opt/stack/data/venv/lib/python3.12/site-packages/dbcounter.py:115}}
Apr 02 04:16:52.017848 np0000162638 nova-scheduler[107788]: DEBUG dbcounter [-] [107788] Writing DB stats nova_cell0:SELECT=1 {{(pid=107788) stat_writer /opt/stack/data/venv/lib/python3.12/site-packages/dbcounter.py:115}}
Apr 02 04:16:52.019301 np0000162638 nova-scheduler[107794]: DEBUG dbcounter [-] [107794] Writing DB stats nova_cell0:SELECT=1 {{(pid=107794) stat_writer /opt/stack/data/venv/lib/python3.12/site-packages/dbcounter.py:115}}
Apr 02 04:16:56.875869 np0000162638 nova-scheduler[107777]: DEBUG oslo.service.backend._threading.loopingcall [None req-6c0210b0-0bd2-4dad-a627-05cfe35c820b None None] Dynamic interval looping call 'nova.service.Service.periodic_tasks' sleeping for 60.00 seconds {{(pid=107777) _run_loop /opt/stack/data/venv/lib/python3.12/site-packages/oslo_service/backend/_threading/loopingcall.py:125}}
Apr 02 04:17:06.017418 np0000162638 nova-scheduler[107794]: DEBUG oslo.service.backend._threading.loopingcall [None req-d040d781-6a65-40b0-ac98-2104db8eb08c None None] Dynamic interval looping call 'nova.service.Service.periodic_tasks' sleeping for 60.00 seconds {{(pid=107794) _run_loop /opt/stack/data/venv/lib/python3.12/site-packages/oslo_service/backend/_threading/loopingcall.py:125}}
Apr 02 04:17:12.012582 np0000162638 nova-scheduler[107781]: DEBUG oslo.service.backend._threading.loopingcall [None req-d71bfbe0-58ef-4b1e-9134-7eaa097ae3bf None None] Dynamic interval looping call 'nova.service.Service.periodic_tasks' sleeping for 60.00 seconds {{(pid=107781) _run_loop /opt/stack/data/venv/lib/python3.12/site-packages/oslo_service/backend/_threading/loopingcall.py:125}}
Apr 02 04:17:13.016690 np0000162638 nova-scheduler[107788]: DEBUG oslo.service.backend._threading.loopingcall [None req-967c5295-e927-4696-8614-16c039173a0b None None] Dynamic interval looping call 'nova.service.Service.periodic_tasks' sleeping for 60.00 seconds {{(pid=107788) _run_loop /opt/stack/data/venv/lib/python3.12/site-packages/oslo_service/backend/_threading/loopingcall.py:125}}
Apr 02 04:17:56.876673 np0000162638 nova-scheduler[107777]: DEBUG oslo.service.backend._threading.loopingcall [None req-6c0210b0-0bd2-4dad-a627-05cfe35c820b None None] Dynamic interval looping call 'nova.service.Service.periodic_tasks' sleeping for 60.00 seconds {{(pid=107777) _run_loop /opt/stack/data/venv/lib/python3.12/site-packages/oslo_service/backend/_threading/loopingcall.py:125}}
Apr 02 04:18:06.018232 np0000162638 nova-scheduler[107794]: DEBUG oslo.service.backend._threading.loopingcall [None req-d040d781-6a65-40b0-ac98-2104db8eb08c None None] Dynamic interval looping call 'nova.service.Service.periodic_tasks' sleeping for 60.00 seconds {{(pid=107794) _run_loop /opt/stack/data/venv/lib/python3.12/site-packages/oslo_service/backend/_threading/loopingcall.py:125}}
Apr 02 04:18:12.013557 np0000162638 nova-scheduler[107781]: DEBUG oslo.service.backend._threading.loopingcall [None req-d71bfbe0-58ef-4b1e-9134-7eaa097ae3bf None None] Dynamic interval looping call 'nova.service.Service.periodic_tasks' sleeping for 60.00 seconds {{(pid=107781) _run_loop /opt/stack/data/venv/lib/python3.12/site-packages/oslo_service/backend/_threading/loopingcall.py:125}}
Apr 02 04:18:13.017704 np0000162638 nova-scheduler[107788]: DEBUG oslo.service.backend._threading.loopingcall [None req-967c5295-e927-4696-8614-16c039173a0b None None] Dynamic interval looping call 'nova.service.Service.periodic_tasks' sleeping for 60.00 seconds {{(pid=107788) _run_loop /opt/stack/data/venv/lib/python3.12/site-packages/oslo_service/backend/_threading/loopingcall.py:125}}
Apr 02 04:18:41.890407 np0000162638 nova-scheduler[107777]: DEBUG oslo.service.backend._threading.loopingcall [-] Fixed interval looping call 'nova.servicegroup.drivers.db.DbDriver._report_state' sleeping for 119.99 seconds {{(pid=107777) _run_loop /opt/stack/data/venv/lib/python3.12/site-packages/oslo_service/backend/_threading/loopingcall.py:125}}
Apr 02 04:18:42.014828 np0000162638 nova-scheduler[107781]: DEBUG oslo.service.backend._threading.loopingcall [-] Fixed interval looping call 'nova.servicegroup.drivers.db.DbDriver._report_state' sleeping for 119.99 seconds {{(pid=107781) _run_loop /opt/stack/data/venv/lib/python3.12/site-packages/oslo_service/backend/_threading/loopingcall.py:125}}
Apr 02 04:18:42.017280 np0000162638 nova-scheduler[107788]: DEBUG oslo.service.backend._threading.loopingcall [-] Fixed interval looping call 'nova.servicegroup.drivers.db.DbDriver._report_state' sleeping for 119.99 seconds {{(pid=107788) _run_loop /opt/stack/data/venv/lib/python3.12/site-packages/oslo_service/backend/_threading/loopingcall.py:125}}
Apr 02 04:18:42.017741 np0000162638 nova-scheduler[107794]: DEBUG oslo.service.backend._threading.loopingcall [-] Fixed interval looping call 'nova.servicegroup.drivers.db.DbDriver._report_state' sleeping for 120.00 seconds {{(pid=107794) _run_loop /opt/stack/data/venv/lib/python3.12/site-packages/oslo_service/backend/_threading/loopingcall.py:125}}
Apr 02 04:18:51.884203 np0000162638 nova-scheduler[107777]: DEBUG dbcounter [-] [107777] Writing DB stats nova_cell0:SELECT=1,nova_cell0:UPDATE=1 {{(pid=107777) stat_writer /opt/stack/data/venv/lib/python3.12/site-packages/dbcounter.py:115}}
Apr 02 04:18:52.011135 np0000162638 nova-scheduler[107781]: DEBUG dbcounter [-] [107781] Writing DB stats nova_cell0:SELECT=1 {{(pid=107781) stat_writer /opt/stack/data/venv/lib/python3.12/site-packages/dbcounter.py:115}}
Apr 02 04:18:52.013509 np0000162638 nova-scheduler[107788]: DEBUG dbcounter [-] [107788] Writing DB stats nova_cell0:SELECT=1 {{(pid=107788) stat_writer /opt/stack/data/venv/lib/python3.12/site-packages/dbcounter.py:115}}
Apr 02 04:18:52.015795 np0000162638 nova-scheduler[107794]: DEBUG dbcounter [-] [107794] Writing DB stats nova_cell0:SELECT=1 {{(pid=107794) stat_writer /opt/stack/data/venv/lib/python3.12/site-packages/dbcounter.py:115}}
Apr 02 04:18:56.877609 np0000162638 nova-scheduler[107777]: DEBUG oslo.service.backend._threading.loopingcall [None req-6c0210b0-0bd2-4dad-a627-05cfe35c820b None None] Dynamic interval looping call 'nova.service.Service.periodic_tasks' sleeping for 60.00 seconds {{(pid=107777) _run_loop /opt/stack/data/venv/lib/python3.12/site-packages/oslo_service/backend/_threading/loopingcall.py:125}}
Apr 02 04:19:06.019466 np0000162638 nova-scheduler[107794]: DEBUG oslo.service.backend._threading.loopingcall [None req-d040d781-6a65-40b0-ac98-2104db8eb08c None None] Dynamic interval looping call 'nova.service.Service.periodic_tasks' sleeping for 60.00 seconds {{(pid=107794) _run_loop /opt/stack/data/venv/lib/python3.12/site-packages/oslo_service/backend/_threading/loopingcall.py:125}}
