+ COMMAND=start + start + for KEYSTONE_WSGI_SCRIPT in keystone-wsgi-public ++ type -p keystone-wsgi-public + cp -a /var/lib/openstack/bin/keystone-wsgi-public /var/www/cgi-bin/keystone/ + '[' -f /etc/apache2/envvars ']' + source /etc/apache2/envvars ++ unset HOME ++ '[' '' '!=' '' ']' ++ SUFFIX= ++ export APACHE_RUN_USER=www-data ++ APACHE_RUN_USER=www-data ++ export APACHE_RUN_GROUP=www-data ++ APACHE_RUN_GROUP=www-data ++ export APACHE_PID_FILE=/var/run/apache2/apache2.pid ++ APACHE_PID_FILE=/var/run/apache2/apache2.pid ++ export APACHE_RUN_DIR=/var/run/apache2 ++ APACHE_RUN_DIR=/var/run/apache2 ++ export APACHE_LOCK_DIR=/var/lock/apache2 ++ APACHE_LOCK_DIR=/var/lock/apache2 ++ export APACHE_LOG_DIR=/var/log/apache2 ++ APACHE_LOG_DIR=/var/log/apache2 ++ export LANG=C ++ LANG=C ++ export LANG + '[' -f /var/run/apache2/apache2.pid ']' + exec apache2 -DFOREGROUND AH00558: apache2: Could not reliably determine the server's fully qualified domain name, using 10.0.0.237. Set the 'ServerName' directive globally to suppress this message AH00558: apache2: Could not reliably determine the server's fully qualified domain name, using 10.0.0.237. Set the 'ServerName' directive globally to suppress this message
[Sun Jun 28 20:07:32.722215 2026] [mpm_event:notice] [pid 1:tid 140091947558784] AH00489: Apache/2.4.58 (Ubuntu) mod_wsgi/5.0.0 Python/3.12 configured -- resuming normal operations
[Sun Jun 28 20:07:32.722358 2026] [core:notice] [pid 1:tid 140091947558784] AH00094: Command line: 'apache2 -D FOREGROUND'
[Sun Jun 28 20:08:29.785163 2026] [wsgi:error] [pid 11:tid 140091309737664] /var/lib/openstack/lib/python3.12/site-packages/oslo_utils/importutils.py:77: EventletDeprecationWarning:
[Sun Jun 28 20:08:29.785220 2026] [wsgi:error] [pid 11:tid 140091309737664] Eventlet is deprecated. It is currently being maintained in bugfix mode, and
[Sun Jun 28 20:08:29.785222 2026] [wsgi:error] [pid 11:tid 140091309737664] we strongly recommend against using it for new projects.
[Sun Jun 28 20:08:29.785223 2026] [wsgi:error] [pid 11:tid 140091309737664]
[Sun Jun 28 20:08:29.785224 2026] [wsgi:error] [pid 11:tid 140091309737664] If you are already using Eventlet, we recommend migrating to a different
[Sun Jun 28 20:08:29.785225 2026] [wsgi:error] [pid 11:tid 140091309737664] framework. For more detail see
[Sun Jun 28 20:08:29.785227 2026] [wsgi:error] [pid 11:tid 140091309737664] https://eventlet.readthedocs.io/en/latest/asyncio/migration.html
[Sun Jun 28 20:08:29.785228 2026] [wsgi:error] [pid 11:tid 140091309737664]
[Sun Jun 28 20:08:29.785229 2026] [wsgi:error] [pid 11:tid 140091309737664] __import__(import_str)
[Sun Jun 28 20:08:29.790374 2026] [wsgi:error] [pid 12:tid 140091309737664] /var/lib/openstack/lib/python3.12/site-packages/oslo_utils/importutils.py:77: EventletDeprecationWarning:
[Sun Jun 28 20:08:29.790436 2026] [wsgi:error] [pid 12:tid 140091309737664] Eventlet is deprecated. It is currently being maintained in bugfix mode, and
[Sun Jun 28 20:08:29.790438 2026] [wsgi:error] [pid 12:tid 140091309737664] we strongly recommend against using it for new projects.
[Sun Jun 28 20:08:29.790439 2026] [wsgi:error] [pid 12:tid 140091309737664]
[Sun Jun 28 20:08:29.790440 2026] [wsgi:error] [pid 12:tid 140091309737664] If you are already using Eventlet, we recommend migrating to a different
[Sun Jun 28 20:08:29.790441 2026] [wsgi:error] [pid 12:tid 140091309737664] framework. For more detail see
[Sun Jun 28 20:08:29.790468 2026] [wsgi:error] [pid 12:tid 140091309737664] https://eventlet.readthedocs.io/en/latest/asyncio/migration.html
[Sun Jun 28 20:08:29.790470 2026] [wsgi:error] [pid 12:tid 140091309737664]
[Sun Jun 28 20:08:29.790472 2026] [wsgi:error] [pid 12:tid 140091309737664] __import__(import_str) 10.0.0.179 - - [28/Jun/2026:20:08:28 +0000] "GET /v3/ HTTP/1.1" 200 250 10.0.0.179 - - [28/Jun/2026:20:08:28 +0000] "GET /v3/ HTTP/1.1" 200 250
[Sun Jun 28 20:08:35.582533 2026] [wsgi:error] [pid 13:tid 140091309737664] /var/lib/openstack/lib/python3.12/site-packages/oslo_utils/importutils.py:77: EventletDeprecationWarning:
[Sun Jun 28 20:08:35.582585 2026] [wsgi:error] [pid 13:tid 140091309737664] Eventlet is deprecated. It is currently being maintained in bugfix mode, and
[Sun Jun 28 20:08:35.582587 2026] [wsgi:error] [pid 13:tid 140091309737664] we strongly recommend against using it for new projects.
[Sun Jun 28 20:08:35.582588 2026] [wsgi:error] [pid 13:tid 140091309737664]
[Sun Jun 28 20:08:35.582589 2026] [wsgi:error] [pid 13:tid 140091309737664] If you are already using Eventlet, we recommend migrating to a different
[Sun Jun 28 20:08:35.582591 2026] [wsgi:error] [pid 13:tid 140091309737664] framework. For more detail see
[Sun Jun 28 20:08:35.582592 2026] [wsgi:error] [pid 13:tid 140091309737664] https://eventlet.readthedocs.io/en/latest/asyncio/migration.html
[Sun Jun 28 20:08:35.582594 2026] [wsgi:error] [pid 13:tid 140091309737664]
[Sun Jun 28 20:08:35.582595 2026] [wsgi:error] [pid 13:tid 140091309737664] __import__(import_str) 10.0.0.179 - - [28/Jun/2026:20:08:34 +0000] "GET /v3/ HTTP/1.1" 200 250
[Sun Jun 28 20:08:43.696700 2026] [wsgi:error] [pid 10:tid 140091309737664] /var/lib/openstack/lib/python3.12/site-packages/oslo_utils/importutils.py:77: EventletDeprecationWarning:
[Sun Jun 28 20:08:43.696748 2026] [wsgi:error] [pid 10:tid 140091309737664] Eventlet is deprecated. It is currently being maintained in bugfix mode, and
[Sun Jun 28 20:08:43.696750 2026] [wsgi:error] [pid 10:tid 140091309737664] we strongly recommend against using it for new projects.
[Sun Jun 28 20:08:43.696751 2026] [wsgi:error] [pid 10:tid 140091309737664]
[Sun Jun 28 20:08:43.696752 2026] [wsgi:error] [pid 10:tid 140091309737664] If you are already using Eventlet, we recommend migrating to a different
[Sun Jun 28 20:08:43.696753 2026] [wsgi:error] [pid 10:tid 140091309737664] framework. For more detail see
[Sun Jun 28 20:08:43.696755 2026] [wsgi:error] [pid 10:tid 140091309737664] https://eventlet.readthedocs.io/en/latest/asyncio/migration.html
[Sun Jun 28 20:08:43.696756 2026] [wsgi:error] [pid 10:tid 140091309737664]
[Sun Jun 28 20:08:43.696757 2026] [wsgi:error] [pid 10:tid 140091309737664] __import__(import_str) 10.0.0.23 - - [28/Jun/2026:20:08:42 +0000] "GET / HTTP/1.1" 300 295
[Sun Jun 28 20:08:48.635197 2026] [wsgi:error] [pid 11:tid 140091309737664] [remote 10.0.0.23:39000] 2026-06-28 20:08:48.625 11 WARNING keystone.identity.core [None req-5d0e0a4d-4712-4eea-8d4a-f6d8324b4e92 - - - - - -] Invalid domain name (atmosphere) found in config file name: keystone.exception.DomainNotFound: Could not find domain: atmosphere.
[Sun Jun 28 20:08:48.703019 2026] [wsgi:error] [pid 11:tid 140091309737664] [remote 10.0.0.23:39000] 2026-06-28 20:08:48.701 11 WARNING keystone.common.password_hashing [None req-5d0e0a4d-4712-4eea-8d4a-f6d8324b4e92 - - - - - -] Truncating password to algorithm specific maximum length 72 characters.
[Sun Jun 28 20:08:48.995897 2026] [wsgi:error] [pid 11:tid 140091309737664] [remote 10.0.0.23:39000] 2026-06-28 20:08:48.995 11 WARNING keystone.common.fernet_utils [None req-5d0e0a4d-4712-4eea-8d4a-f6d8324b4e92 - - - - - -] key_repository is world readable: /etc/keystone/fernet-keys/ 10.0.0.23 - - [28/Jun/2026:20:08:48 +0000] "POST /v3/auth/tokens HTTP/1.1" 201 1360
[Sun Jun 28 20:08:49.398394 2026] [wsgi:error] [pid 12:tid 140091309737664] [remote 10.0.0.23:39000] 2026-06-28 20:08:49.395 12 WARNING keystone.identity.core [None req-65d36b68-b769-42c5-ac68-600e3000f928 - - - - - -] Invalid domain name (atmosphere) found in config file name: keystone.exception.DomainNotFound: Could not find domain: atmosphere. 10.0.0.23 - - [28/Jun/2026:20:08:49 +0000] "POST /v3/domains HTTP/1.1" 201 261 10.0.0.133 - - [28/Jun/2026:20:09:02 +0000] "GET / HTTP/1.1" 300 295
[Sun Jun 28 20:09:02.663063 2026] [wsgi:error] [pid 10:tid 140091309737664] [remote 10.0.0.133:53202] 2026-06-28 20:09:02.662 10 WARNING keystone.common.password_hashing [None req-9b509803-bf78-463d-a71f-b6ad1b7b41ba - - - - - -] Truncating password to algorithm specific maximum length 72 characters.
[Sun Jun 28 20:09:02.958613 2026] [wsgi:error] [pid 10:tid 140091309737664] [remote 10.0.0.133:53202] 2026-06-28 20:09:02.957 10 WARNING keystone.common.fernet_utils [None req-9b509803-bf78-463d-a71f-b6ad1b7b41ba - - - - - -] key_repository is world readable: /etc/keystone/fernet-keys/ 10.0.0.133 - - [28/Jun/2026:20:09:02 +0000] "POST /v3/auth/tokens HTTP/1.1" 201 1360 10.0.0.133 - - [28/Jun/2026:20:09:03 +0000] "GET /v3/roles/admin HTTP/1.1" 404 83
[Sun Jun 28 20:09:03.230497 2026] [wsgi:error] [pid 12:tid 140091309737664] [remote 10.0.0.133:53202] 2026-06-28 20:09:03.230 12 WARNING keystone.common.rbac_enforcer.enforcer [None req-0bca2277-814f-4d00-87a8-3f27c3807ecc 1be6ab66e42248a4af89f52c28e4e4e4 9b0480ef9af84d259f227c4c9bbd0837 - - default default] Deprecated policy rules found. Use oslopolicy-policy-generator and oslopolicy-policy-upgrade to detect and resolve deprecated policies in your configuration. 10.0.0.133 - - [28/Jun/2026:20:09:03 +0000] "GET /v3/roles?name=admin HTTP/1.1" 200 389
[Sun Jun 28 20:09:03.908273 2026] [wsgi:error] [pid 13:tid 140091309737664] [remote 10.0.0.133:53202] 2026-06-28 20:09:03.907 13 WARNING keystone.common.rbac_enforcer.enforcer [None req-8b995c44-77b0-42e9-8b08-c71f2073c1bb 1be6ab66e42248a4af89f52c28e4e4e4 9b0480ef9af84d259f227c4c9bbd0837 - - default default] Deprecated policy rules found. Use oslopolicy-policy-generator and oslopolicy-policy-upgrade to detect and resolve deprecated policies in your configuration. 10.0.0.133 - - [28/Jun/2026:20:09:03 +0000] "GET /v3/users/admin-RegionOne HTTP/1.1" 404 93
[Sun Jun 28 20:09:04.191915 2026] [wsgi:error] [pid 10:tid 140091309737664] [remote 10.0.0.133:53202] 2026-06-28 20:09:04.191 10 WARNING keystone.common.rbac_enforcer.enforcer [None req-0fc769b1-89d4-46b9-bea6-193c06c5c958 1be6ab66e42248a4af89f52c28e4e4e4 9b0480ef9af84d259f227c4c9bbd0837 - - default default] Deprecated policy rules found. Use oslopolicy-policy-generator and oslopolicy-policy-upgrade to detect and resolve deprecated policies in your configuration. 10.0.0.133 - - [28/Jun/2026:20:09:03 +0000] "GET /v3/users?name=admin-RegionOne HTTP/1.1" 200 422
[Sun Jun 28 20:09:04.451713 2026] [wsgi:error] [pid 11:tid 140091309737664] [remote 10.0.0.133:53202] 2026-06-28 20:09:04.451 11 WARNING keystone.common.rbac_enforcer.enforcer [None req-5d957202-7a73-4d35-b9a7-5d32d15a3bca 1be6ab66e42248a4af89f52c28e4e4e4 9b0480ef9af84d259f227c4c9bbd0837 - - default default] Deprecated policy rules found. Use oslopolicy-policy-generator and oslopolicy-policy-upgrade to detect and resolve deprecated policies in your configuration. 10.0.0.133 - - [28/Jun/2026:20:09:04 +0000] "GET /v3/domains/default HTTP/1.1" 200 224 10.0.0.133 - - [28/Jun/2026:20:09:04 +0000] "PUT /v3/domains/default/users/1be6ab66e42248a4af89f52c28e4e4e4/roles/3ee782e60ef24ad48fbe55d6ffa13d01 HTTP/1.1" 204 - 10.0.0.179 - - [28/Jun/2026:20:09:15 +0000] "GET / HTTP/1.1" 300 281 10.0.0.179 - - [28/Jun/2026:20:09:16 +0000] "GET /v3 HTTP/1.1" 200 266
[Sun Jun 28 20:09:16.587110 2026] [wsgi:error] [pid 11:tid 140091309737664] [remote 10.0.0.179:50094] 2026-06-28 20:09:16.586 11 WARNING keystone.common.password_hashing [None req-dfc331a0-b04b-4b66-bead-5da500356f11 - - - - - -] Truncating password to algorithm specific maximum length 72 characters.
[Sun Jun 28 20:09:16.863271 2026] [wsgi:error] [pid 11:tid 140091309737664] [remote 10.0.0.179:50094] 2026-06-28 20:09:16.862 11 WARNING keystone.common.fernet_utils [None req-dfc331a0-b04b-4b66-bead-5da500356f11 - - - - - -] key_repository is world readable: /etc/keystone/fernet-keys/ 10.0.0.179 - - [28/Jun/2026:20:09:16 +0000] "POST /v3/auth/tokens HTTP/1.1" 201 1360 10.0.0.179 - - [28/Jun/2026:20:09:16 +0000] "GET / HTTP/1.1" 300 281 10.0.0.179 - - [28/Jun/2026:20:09:16 +0000] "GET /v3/domains/atmosphere HTTP/1.1" 404 90 10.0.0.179 - - [28/Jun/2026:20:09:17 +0000] "GET /v3/domains?name=atmosphere HTTP/1.1" 200 370 10.0.0.179 - - [28/Jun/2026:20:09:17 +0000] "GET /v3/domains/35129e0fec3440c2a1bbd9a3b45347c2 HTTP/1.1" 200 247 10.0.0.179 - - [28/Jun/2026:20:09:18 +0000] "GET /v3 HTTP/1.1" 200 266
[Sun Jun 28 20:09:18.208785 2026] [wsgi:error] [pid 13:tid 140091309737664] [remote 10.0.0.179:50094] 2026-06-28 20:09:18.207 13 WARNING keystone.common.password_hashing [None req-5060432f-a427-425f-9bad-8daaa18c33bf - - - - - -] Truncating password to algorithm specific maximum length 72 characters.
[Sun Jun 28 20:09:18.512491 2026] [wsgi:error] [pid 13:tid 140091309737664] [remote 10.0.0.179:50094] 2026-06-28 20:09:18.512 13 WARNING keystone.common.fernet_utils [None req-5060432f-a427-425f-9bad-8daaa18c33bf - - - - - -] key_repository is world readable: /etc/keystone/fernet-keys/ 10.0.0.179 - - [28/Jun/2026:20:09:18 +0000] "POST /v3/auth/tokens HTTP/1.1" 201 1360 10.0.0.179 - - [28/Jun/2026:20:09:18 +0000] "GET / HTTP/1.1" 300 281 10.0.0.179 - - [28/Jun/2026:20:09:18 +0000] "GET /v3/OS-FEDERATION/identity_providers/atmosphere HTTP/1.1" 404 101 10.0.0.179 - - [28/Jun/2026:20:09:18 +0000] "GET /v3/OS-FEDERATION/identity_providers HTTP/1.1" 200 156 10.0.0.179 - - [28/Jun/2026:20:09:18 +0000] "PUT /v3/OS-FEDERATION/identity_providers/atmosphere HTTP/1.1" 201 342 10.0.0.179 - - [28/Jun/2026:20:09:19 +0000] "GET /v3 HTTP/1.1" 200 266
[Sun Jun 28 20:09:19.458379 2026] [wsgi:error] [pid 11:tid 140091309737664] [remote 10.0.0.179:56608] 2026-06-28 20:09:19.458 11 WARNING keystone.common.password_hashing [None req-3300c5d4-941b-411d-8588-b1d53e8c7618 - - - - - -] Truncating password to algorithm specific maximum length 72 characters.
[Sun Jun 28 20:09:19.732989 2026] [wsgi:error] [pid 11:tid 140091309737664] [remote 10.0.0.179:56608] 2026-06-28 20:09:19.732 11 WARNING keystone.common.fernet_utils [None req-3300c5d4-941b-411d-8588-b1d53e8c7618 - - - - - -] key_repository is world readable: /etc/keystone/fernet-keys/ 10.0.0.179 - - [28/Jun/2026:20:09:19 +0000] "POST /v3/auth/tokens HTTP/1.1" 201 1360 10.0.0.179 - - [28/Jun/2026:20:09:19 +0000] "GET / HTTP/1.1" 300 281 10.0.0.179 - - [28/Jun/2026:20:09:19 +0000] "GET /v3/OS-FEDERATION/mappings/atmosphere-openid HTTP/1.1" 404 98 10.0.0.179 - - [28/Jun/2026:20:09:19 +0000] "GET /v3/OS-FEDERATION/mappings HTTP/1.1" 200 136 10.0.0.179 - - [28/Jun/2026:20:09:19 +0000] "PUT /v3/OS-FEDERATION/mappings/atmosphere-openid HTTP/1.1" 201 357 10.0.0.179 - - [28/Jun/2026:20:09:20 +0000] "GET /v3 HTTP/1.1" 200 266
[Sun Jun 28 20:09:20.656023 2026] [wsgi:error] [pid 13:tid 140091309737664] [remote 10.0.0.179:56608] 2026-06-28 20:09:20.655 13 WARNING keystone.common.password_hashing [None req-cf7f5ddb-ce20-428a-906c-545a6502705a - - - - - -] Truncating password to algorithm specific maximum length 72 characters.
[Sun Jun 28 20:09:20.951290 2026] [wsgi:error] [pid 13:tid 140091309737664] [remote 10.0.0.179:56608] 2026-06-28 20:09:20.951 13 WARNING keystone.common.fernet_utils [None req-cf7f5ddb-ce20-428a-906c-545a6502705a - - - - - -] key_repository is world readable: /etc/keystone/fernet-keys/ 10.0.0.179 - - [28/Jun/2026:20:09:20 +0000] "POST /v3/auth/tokens HTTP/1.1" 201 1360 10.0.0.179 - - [28/Jun/2026:20:09:20 +0000] "GET / HTTP/1.1" 300 281 10.0.0.179 - - [28/Jun/2026:20:09:20 +0000] "GET /v3/OS-FEDERATION/identity_providers/atmosphere/protocols/openid?idp_id=atmosphere HTTP/1.1" 404 131 10.0.0.179 - - [28/Jun/2026:20:09:21 +0000] "GET /v3/OS-FEDERATION/identity_providers/atmosphere/protocols HTTP/1.1" 200 168 10.0.0.179 - - [28/Jun/2026:20:09:21 +0000] "PUT /v3/OS-FEDERATION/identity_providers/atmosphere/protocols/openid HTTP/1.1" 201 224 10.0.0.179 - - [28/Jun/2026:20:09:28 +0000] "GET /v3/ HTTP/1.1" 200 250 10.0.0.179 - - [28/Jun/2026:20:09:28 +0000] "GET /v3/ HTTP/1.1" 200 250 10.0.0.179 - - [28/Jun/2026:20:10:28 +0000] "GET /v3/ HTTP/1.1" 200 250 10.0.0.179 - - [28/Jun/2026:20:10:28 +0000] "GET /v3/ HTTP/1.1" 200 250 10.0.0.223 - - [28/Jun/2026:20:10:49 +0000] "GET / HTTP/1.1" 300 295
[Sun Jun 28 20:10:49.144719 2026] [wsgi:error] [pid 11:tid 140091309737664] [remote 10.0.0.223:60048] 2026-06-28 20:10:49.144 11 WARNING keystone.common.password_hashing [None req-00faaecc-9c3c-4632-a272-873be3564b74 - - - - - -] Truncating password to algorithm specific maximum length 72 characters.
[Sun Jun 28 20:10:49.431715 2026] [wsgi:error] [pid 11:tid 140091309737664] [remote 10.0.0.223:60048] 2026-06-28 20:10:49.431 11 WARNING keystone.common.fernet_utils [None req-00faaecc-9c3c-4632-a272-873be3564b74 - - - - - -] key_repository is world readable: /etc/keystone/fernet-keys/ 10.0.0.223 - - [28/Jun/2026:20:10:49 +0000] "POST /v3/auth/tokens HTTP/1.1" 201 1360 10.0.0.223 - - [28/Jun/2026:20:10:49 +0000] "GET /v3/services HTTP/1.1" 200 355 10.0.0.223 - - [28/Jun/2026:20:10:53 +0000] "GET / HTTP/1.1" 300 295
[Sun Jun 28 20:10:53.306578 2026] [wsgi:error] [pid 10:tid 140091309737664] [remote 10.0.0.223:60054] 2026-06-28 20:10:53.306 10 WARNING keystone.common.password_hashing [None req-cd66eaea-e7d9-431f-a6c6-31dafd04d8a1 - - - - - -] Truncating password to algorithm specific maximum length 72 characters.
[Sun Jun 28 20:10:53.596852 2026] [wsgi:error] [pid 10:tid 140091309737664] [remote 10.0.0.223:60054] 2026-06-28 20:10:53.596 10 WARNING keystone.common.fernet_utils [None req-cd66eaea-e7d9-431f-a6c6-31dafd04d8a1 - - - - - -] key_repository is world readable: /etc/keystone/fernet-keys/ 10.0.0.223 - - [28/Jun/2026:20:10:53 +0000] "POST /v3/auth/tokens HTTP/1.1" 201 1360 10.0.0.223 - - [28/Jun/2026:20:10:53 +0000] "GET /v3/services HTTP/1.1" 200 355 10.0.0.223 - - [28/Jun/2026:20:10:57 +0000] "GET / HTTP/1.1" 300 295
[Sun Jun 28 20:10:57.656614 2026] [wsgi:error] [pid 12:tid 140091309737664] [remote 10.0.0.223:50310] 2026-06-28 20:10:57.655 12 WARNING keystone.common.password_hashing [None req-d43c0e68-24bf-4a89-950c-3f8657027845 - - - - - -] Truncating password to algorithm specific maximum length 72 characters.
[Sun Jun 28 20:10:57.931752 2026] [wsgi:error] [pid 12:tid 140091309737664] [remote 10.0.0.223:50310] 2026-06-28 20:10:57.931 12 WARNING keystone.common.fernet_utils [None req-d43c0e68-24bf-4a89-950c-3f8657027845 - - - - - -] key_repository is world readable: /etc/keystone/fernet-keys/ 10.0.0.223 - - [28/Jun/2026:20:10:57 +0000] "POST /v3/auth/tokens HTTP/1.1" 201 1360 10.0.0.223 - - [28/Jun/2026:20:10:58 +0000] "GET /v3/services HTTP/1.1" 200 355 10.0.0.223 - - [28/Jun/2026:20:11:01 +0000] "GET / HTTP/1.1" 300 295
[Sun Jun 28 20:11:01.981224 2026] [wsgi:error] [pid 13:tid 140091309737664] [remote 10.0.0.223:50324] 2026-06-28 20:11:01.980 13 WARNING keystone.common.password_hashing [None req-b10ae8a7-5df6-4b9a-bb78-5568b66678bd - - - - - -] Truncating password to algorithm specific maximum length 72 characters.
[Sun Jun 28 20:11:02.273385 2026] [wsgi:error] [pid 13:tid 140091309737664] [remote 10.0.0.223:50324] 2026-06-28 20:11:02.273 13 WARNING keystone.common.fernet_utils [None req-b10ae8a7-5df6-4b9a-bb78-5568b66678bd - - - - - -] key_repository is world readable: /etc/keystone/fernet-keys/ 10.0.0.223 - - [28/Jun/2026:20:11:01 +0000] "POST /v3/auth/tokens HTTP/1.1" 201 1360 10.0.0.223 - - [28/Jun/2026:20:11:02 +0000] "POST /v3/services HTTP/1.1" 201 296 10.0.0.34 - - [28/Jun/2026:20:11:14 +0000] "GET / HTTP/1.1" 300 295
[Sun Jun 28 20:11:14.522315 2026] [wsgi:error] [pid 11:tid 140091309737664] [remote 10.0.0.34:44926] 2026-06-28 20:11:14.522 11 WARNING keystone.common.password_hashing [None req-c9a2f0de-13e1-4131-bfbd-df4c48aef4fb - - - - - -] Truncating password to algorithm specific maximum length 72 characters. 10.0.0.34 - - [28/Jun/2026:20:11:14 +0000] "GET / HTTP/1.1" 300 295
[Sun Jun 28 20:11:14.586226 2026] [wsgi:error] [pid 12:tid 140091309737664] [remote 10.0.0.34:44932] 2026-06-28 20:11:14.586 12 WARNING keystone.common.password_hashing [None req-11f0be16-265e-4a77-9e7e-c7f9159eea87 - - - - - -] Truncating password to algorithm specific maximum length 72 characters. 10.0.0.34 - - [28/Jun/2026:20:11:14 +0000] "GET / HTTP/1.1" 300 295
[Sun Jun 28 20:11:14.621564 2026] [wsgi:error] [pid 13:tid 140091309737664] [remote 10.0.0.34:44942] 2026-06-28 20:11:14.621 13 WARNING keystone.common.password_hashing [None req-aca27c37-c698-49e2-a0e4-819398ba7ef1 - - - - - -] Truncating password to algorithm specific maximum length 72 characters.
[Sun Jun 28 20:11:14.830988 2026] [wsgi:error] [pid 11:tid 140091309737664] [remote 10.0.0.34:44926] 2026-06-28 20:11:14.830 11 WARNING keystone.common.fernet_utils [None req-c9a2f0de-13e1-4131-bfbd-df4c48aef4fb - - - - - -] key_repository is world readable: /etc/keystone/fernet-keys/ 10.0.0.34 - - [28/Jun/2026:20:11:14 +0000] "POST /v3/auth/tokens HTTP/1.1" 201 1464
[Sun Jun 28 20:11:14.857377 2026] [wsgi:error] [pid 12:tid 140091309737664] [remote 10.0.0.34:44932] 2026-06-28 20:11:14.857 12 WARNING keystone.common.fernet_utils [None req-11f0be16-265e-4a77-9e7e-c7f9159eea87 - - - - - -] key_repository is world readable: /etc/keystone/fernet-keys/ 10.0.0.34 - - [28/Jun/2026:20:11:14 +0000] "POST /v3/auth/tokens HTTP/1.1" 201 1464
[Sun Jun 28 20:11:14.891307 2026] [wsgi:error] [pid 13:tid 140091309737664] [remote 10.0.0.34:44942] 2026-06-28 20:11:14.891 13 WARNING keystone.common.fernet_utils [None req-aca27c37-c698-49e2-a0e4-819398ba7ef1 - - - - - -] key_repository is world readable: /etc/keystone/fernet-keys/ 10.0.0.34 - - [28/Jun/2026:20:11:14 +0000] "POST /v3/auth/tokens HTTP/1.1" 201 1464 10.0.0.34 - - [28/Jun/2026:20:11:14 +0000] "GET /v3/services HTTP/1.1" 200 639 10.0.0.34 - - [28/Jun/2026:20:11:14 +0000] "GET /v3/services HTTP/1.1" 200 639 10.0.0.34 - - [28/Jun/2026:20:11:15 +0000] "GET /v3/services HTTP/1.1" 200 639 10.0.0.34 - - [28/Jun/2026:20:11:16 +0000] "GET / HTTP/1.1" 300 295
[Sun Jun 28 20:11:16.861137 2026] [wsgi:error] [pid 10:tid 140091309737664] [remote 10.0.0.34:48836] 2026-06-28 20:11:16.860 10 WARNING keystone.common.password_hashing [None req-8bd3ac61-1541-412a-9d1a-05e2d2fd808b - - - - - -] Truncating password to algorithm specific maximum length 72 characters. 10.0.0.34 - - [28/Jun/2026:20:11:16 +0000] "GET / HTTP/1.1" 300 295
[Sun Jun 28 20:11:16.907316 2026] [wsgi:error] [pid 12:tid 140091309737664] [remote 10.0.0.34:48852] 2026-06-28 20:11:16.907 12 WARNING keystone.common.password_hashing [None req-54a767bd-d4d5-4f8e-93e8-7d0de33fe032 - - - - - -] Truncating password to algorithm specific maximum length 72 characters. 10.0.0.34 - - [28/Jun/2026:20:11:16 +0000] "GET / HTTP/1.1" 300 295
[Sun Jun 28 20:11:16.976158 2026] [wsgi:error] [pid 11:tid 140091309737664] [remote 10.0.0.34:48862] 2026-06-28 20:11:16.975 11 WARNING keystone.common.password_hashing [None req-fcbb8db6-a159-49ee-ab25-e1370730bb94 - - - - - -] Truncating password to algorithm specific maximum length 72 characters.
[Sun Jun 28 20:11:17.140986 2026] [wsgi:error] [pid 10:tid 140091309737664] [remote 10.0.0.34:48836] 2026-06-28 20:11:17.140 10 WARNING keystone.common.fernet_utils [None req-8bd3ac61-1541-412a-9d1a-05e2d2fd808b - - - - - -] key_repository is world readable: /etc/keystone/fernet-keys/ 10.0.0.34 - - [28/Jun/2026:20:11:16 +0000] "POST /v3/auth/tokens HTTP/1.1" 201 1464
[Sun Jun 28 20:11:17.183120 2026] [wsgi:error] [pid 12:tid 140091309737664] [remote 10.0.0.34:48852] 2026-06-28 20:11:17.182 12 WARNING keystone.common.fernet_utils [None req-54a767bd-d4d5-4f8e-93e8-7d0de33fe032 - - - - - -] key_repository is world readable: /etc/keystone/fernet-keys/ 10.0.0.34 - - [28/Jun/2026:20:11:16 +0000] "POST /v3/auth/tokens HTTP/1.1" 201 1464
[Sun Jun 28 20:11:17.262795 2026] [wsgi:error] [pid 11:tid 140091309737664] [remote 10.0.0.34:48862] 2026-06-28 20:11:17.262 11 WARNING keystone.common.fernet_utils [None req-fcbb8db6-a159-49ee-ab25-e1370730bb94 - - - - - -] key_repository is world readable: /etc/keystone/fernet-keys/ 10.0.0.34 - - [28/Jun/2026:20:11:16 +0000] "POST /v3/auth/tokens HTTP/1.1" 201 1464 10.0.0.34 - - [28/Jun/2026:20:11:17 +0000] "GET /v3/endpoints HTTP/1.1" 200 1227 10.0.0.34 - - [28/Jun/2026:20:11:17 +0000] "GET /v3/services/0240cfb657bb45c3ac5e63b0c988551b HTTP/1.1" 200 233 10.0.0.34 - - [28/Jun/2026:20:11:17 +0000] "GET /v3/services/0240cfb657bb45c3ac5e63b0c988551b HTTP/1.1" 200 233 10.0.0.34 - - [28/Jun/2026:20:11:17 +0000] "GET /v3/services/0240cfb657bb45c3ac5e63b0c988551b HTTP/1.1" 200 233 10.0.0.34 - - [28/Jun/2026:20:11:17 +0000] "GET /v3/endpoints HTTP/1.1" 200 1227 10.0.0.34 - - [28/Jun/2026:20:11:17 +0000] "GET /v3/services/0240cfb657bb45c3ac5e63b0c988551b HTTP/1.1" 200 233 10.0.0.34 - - [28/Jun/2026:20:11:17 +0000] "GET /v3/endpoints HTTP/1.1" 200 1227 10.0.0.34 - - [28/Jun/2026:20:11:17 +0000] "GET /v3/services/0240cfb657bb45c3ac5e63b0c988551b HTTP/1.1" 200 233 10.0.0.34 - - [28/Jun/2026:20:11:17 +0000] "GET /v3/services/0240cfb657bb45c3ac5e63b0c988551b HTTP/1.1" 200 233 10.0.0.34 - - [28/Jun/2026:20:11:17 +0000] "GET /v3/services/0240cfb657bb45c3ac5e63b0c988551b HTTP/1.1" 200 233 10.0.0.34 - - [28/Jun/2026:20:11:17 +0000] "GET /v3/services/0240cfb657bb45c3ac5e63b0c988551b HTTP/1.1" 200 233 10.0.0.34 - - [28/Jun/2026:20:11:17 +0000] "GET /v3/services/0240cfb657bb45c3ac5e63b0c988551b HTTP/1.1" 200 233 10.0.0.34 - - [28/Jun/2026:20:11:19 +0000] "GET / HTTP/1.1" 300 295 10.0.0.34 - - [28/Jun/2026:20:11:19 +0000] "GET / HTTP/1.1" 300 295
[Sun Jun 28 20:11:19.275021 2026] [wsgi:error] [pid 11:tid 140091309737664] [remote 10.0.0.34:48866] 2026-06-28 20:11:19.274 11 WARNING keystone.common.password_hashing [None req-9b463be9-831d-4eef-890d-a01f494a1773 - - - - - -] Truncating password to algorithm specific maximum length 72 characters.
[Sun Jun 28 20:11:19.276826 2026] [wsgi:error] [pid 13:tid 140091309737664] [remote 10.0.0.34:48868] 2026-06-28 20:11:19.276 13 WARNING keystone.common.password_hashing [None req-7cefb310-8e80-4c2e-8697-4a3e978a783b - - - - - -] Truncating password to algorithm specific maximum length 72 characters. 10.0.0.34 - - [28/Jun/2026:20:11:19 +0000] "GET / HTTP/1.1" 300 295
[Sun Jun 28 20:11:19.335568 2026] [wsgi:error] [pid 12:tid 140091309737664] [remote 10.0.0.34:48870] 2026-06-28 20:11:19.335 12 WARNING keystone.common.password_hashing [None req-fdbdf3a7-abdf-4c67-ba61-7f39d4103652 - - - - - -] Truncating password to algorithm specific maximum length 72 characters.
[Sun Jun 28 20:11:19.557677 2026] [wsgi:error] [pid 11:tid 140091309737664] [remote 10.0.0.34:48866] 2026-06-28 20:11:19.557 11 WARNING keystone.common.fernet_utils [None req-9b463be9-831d-4eef-890d-a01f494a1773 - - - - - -] key_repository is world readable: /etc/keystone/fernet-keys/ 10.0.0.34 - - [28/Jun/2026:20:11:19 +0000] "POST /v3/auth/tokens HTTP/1.1" 201 1464
[Sun Jun 28 20:11:19.579624 2026] [wsgi:error] [pid 13:tid 140091309737664] [remote 10.0.0.34:48868] 2026-06-28 20:11:19.579 13 WARNING keystone.common.fernet_utils [None req-7cefb310-8e80-4c2e-8697-4a3e978a783b - - - - - -] key_repository is world readable: /etc/keystone/fernet-keys/ 10.0.0.34 - - [28/Jun/2026:20:11:19 +0000] "POST /v3/auth/tokens HTTP/1.1" 201 1464
[Sun Jun 28 20:11:19.628819 2026] [wsgi:error] [pid 12:tid 140091309737664] [remote 10.0.0.34:48870] 2026-06-28 20:11:19.628 12 WARNING keystone.common.fernet_utils [None req-fdbdf3a7-abdf-4c67-ba61-7f39d4103652 - - - - - -] key_repository is world readable: /etc/keystone/fernet-keys/ 10.0.0.34 - - [28/Jun/2026:20:11:19 +0000] "POST /v3/auth/tokens HTTP/1.1" 201 1464 10.0.0.34 - - [28/Jun/2026:20:11:19 +0000] "GET /v3/services/a72614f5ea124c1d9962558c82d0b744 HTTP/1.1" 200 296 10.0.0.34 - - [28/Jun/2026:20:11:19 +0000] "GET /v3/regions/RegionOne HTTP/1.1" 200 173 10.0.0.34 - - [28/Jun/2026:20:11:19 +0000] "GET /v3/services/a72614f5ea124c1d9962558c82d0b744 HTTP/1.1" 200 296 10.0.0.34 - - [28/Jun/2026:20:11:19 +0000] "POST /v3/endpoints HTTP/1.1" 201 380 10.0.0.34 - - [28/Jun/2026:20:11:19 +0000] "GET /v3/regions/RegionOne HTTP/1.1" 200 173 10.0.0.34 - - [28/Jun/2026:20:11:19 +0000] "GET /v3/services/a72614f5ea124c1d9962558c82d0b744 HTTP/1.1" 200 296 10.0.0.34 - - [28/Jun/2026:20:11:19 +0000] "GET /v3/regions/RegionOne HTTP/1.1" 200 173 10.0.0.34 - - [28/Jun/2026:20:11:19 +0000] "POST /v3/endpoints HTTP/1.1" 201 383 10.0.0.34 - - [28/Jun/2026:20:11:19 +0000] "POST /v3/endpoints HTTP/1.1" 201 370 10.0.0.34 - - [28/Jun/2026:20:11:21 +0000] "GET / HTTP/1.1" 300 295
[Sun Jun 28 20:11:21.603567 2026] [wsgi:error] [pid 12:tid 140091309737664] [remote 10.0.0.34:48880] 2026-06-28 20:11:21.603 12 WARNING keystone.common.password_hashing [None req-896102ca-0246-4ec5-bde6-f936b68560c1 - - - - - -] Truncating password to algorithm specific maximum length 72 characters. 10.0.0.34 - - [28/Jun/2026:20:11:21 +0000] "GET / HTTP/1.1" 300 295
[Sun Jun 28 20:11:21.737469 2026] [wsgi:error] [pid 10:tid 140091309737664] [remote 10.0.0.34:48888] 2026-06-28 20:11:21.737 10 WARNING keystone.common.password_hashing [None req-c3d66b84-d91c-4995-9ba6-f635e676e375 - - - - - -] Truncating password to algorithm specific maximum length 72 characters. 10.0.0.34 - - [28/Jun/2026:20:11:21 +0000] "GET / HTTP/1.1" 300 295
[Sun Jun 28 20:11:21.829147 2026] [wsgi:error] [pid 11:tid 140091309737664] [remote 10.0.0.34:48894] 2026-06-28 20:11:21.828 11 WARNING keystone.common.password_hashing [None req-e05d970a-025c-45ce-983f-b2aa23a6a039 - - - - - -] Truncating password to algorithm specific maximum length 72 characters.
[Sun Jun 28 20:11:21.898892 2026] [wsgi:error] [pid 12:tid 140091309737664] [remote 10.0.0.34:48880] 2026-06-28 20:11:21.898 12 WARNING keystone.common.fernet_utils [None req-896102ca-0246-4ec5-bde6-f936b68560c1 - - - - - -] key_repository is world readable: /etc/keystone/fernet-keys/ 10.0.0.34 - - [28/Jun/2026:20:11:21 +0000] "POST /v3/auth/tokens HTTP/1.1" 201 1992
[Sun Jun 28 20:11:22.010216 2026] [wsgi:error] [pid 10:tid 140091309737664] [remote 10.0.0.34:48888] 2026-06-28 20:11:22.010 10 WARNING keystone.common.fernet_utils [None req-c3d66b84-d91c-4995-9ba6-f635e676e375 - - - - - -] key_repository is world readable: /etc/keystone/fernet-keys/ 10.0.0.34 - - [28/Jun/2026:20:11:21 +0000] "POST /v3/auth/tokens HTTP/1.1" 201 1992 10.0.0.34 - - [28/Jun/2026:20:11:22 +0000] "GET /v3/endpoints/511e9f095933444ea356cc3453c21e05 HTTP/1.1" 200 380 10.0.0.34 - - [28/Jun/2026:20:11:22 +0000] "GET /v3/services/a72614f5ea124c1d9962558c82d0b744 HTTP/1.1" 200 296
[Sun Jun 28 20:11:22.111771 2026] [wsgi:error] [pid 11:tid 140091309737664] [remote 10.0.0.34:48894] 2026-06-28 20:11:22.111 11 WARNING keystone.common.fernet_utils [None req-e05d970a-025c-45ce-983f-b2aa23a6a039 - - - - - -] key_repository is world readable: /etc/keystone/fernet-keys/ 10.0.0.34 - - [28/Jun/2026:20:11:21 +0000] "POST /v3/auth/tokens HTTP/1.1" 201 1992 10.0.0.34 - - [28/Jun/2026:20:11:22 +0000] "GET /v3/endpoints/9292c71d48d54e84b2e19c4894f31447 HTTP/1.1" 200 383 10.0.0.34 - - [28/Jun/2026:20:11:22 +0000] "GET /v3/services/a72614f5ea124c1d9962558c82d0b744 HTTP/1.1" 200 296 10.0.0.34 - - [28/Jun/2026:20:11:22 +0000] "GET /v3/endpoints/82b2e9d6028c478c87f411a8e9a26cb2 HTTP/1.1" 200 370 10.0.0.34 - - [28/Jun/2026:20:11:22 +0000] "GET /v3/services/a72614f5ea124c1d9962558c82d0b744 HTTP/1.1" 200 296 10.0.0.179 - - [28/Jun/2026:20:11:28 +0000] "GET /v3/ HTTP/1.1" 200 250 10.0.0.179 - - [28/Jun/2026:20:11:28 +0000] "GET /v3/ HTTP/1.1" 200 250 10.0.0.35 - - [28/Jun/2026:20:11:33 +0000] "GET / HTTP/1.1" 300 295
[Sun Jun 28 20:11:33.439716 2026] [wsgi:error] [pid 11:tid 140091309737664] [remote 10.0.0.35:36464] 2026-06-28 20:11:33.439 11 WARNING keystone.common.password_hashing [None req-e72ab95d-cfa9-4bdd-9c30-e65456f9ed0e - - - - - -] Truncating password to algorithm specific maximum length 72 characters.
[Sun Jun 28 20:11:33.717086 2026] [wsgi:error] [pid 11:tid 140091309737664] [remote 10.0.0.35:36464] 2026-06-28 20:11:33.716 11 WARNING keystone.common.fernet_utils [None req-e72ab95d-cfa9-4bdd-9c30-e65456f9ed0e - - - - - -] key_repository is world readable: /etc/keystone/fernet-keys/ 10.0.0.35 - - [28/Jun/2026:20:11:33 +0000] "POST /v3/auth/tokens HTTP/1.1" 201 1992 10.0.0.35 - - [28/Jun/2026:20:11:33 +0000] "POST /v3/domains HTTP/1.1" 201 284 10.0.0.35 - - [28/Jun/2026:20:11:35 +0000] "GET / HTTP/1.1" 300 295
[Sun Jun 28 20:11:35.969386 2026] [wsgi:error] [pid 12:tid 140091309737664] [remote 10.0.0.35:36474] 2026-06-28 20:11:35.969 12 WARNING keystone.common.password_hashing [None req-b97eb17c-00a6-4ee5-9d9d-73239688ff55 - - - - - -] Truncating password to algorithm specific maximum length 72 characters.
[Sun Jun 28 20:11:36.252951 2026] [wsgi:error] [pid 12:tid 140091309737664] [remote 10.0.0.35:36474] 2026-06-28 20:11:36.252 12 WARNING keystone.common.fernet_utils [None req-b97eb17c-00a6-4ee5-9d9d-73239688ff55 - - - - - -] key_repository is world readable: /etc/keystone/fernet-keys/ 10.0.0.35 - - [28/Jun/2026:20:11:35 +0000] "POST /v3/auth/tokens HTTP/1.1" 201 1992
[Sun Jun 28 20:11:36.482693 2026] [wsgi:error] [pid 11:tid 140091309737664] [remote 10.0.0.35:36474] 2026-06-28 20:11:36.465 11 ERROR keystone.server.flask.application [None req-48d3e0ae-6ba6-4bf4-84b4-092b1c44fbf4 1be6ab66e42248a4af89f52c28e4e4e4 9b0480ef9af84d259f227c4c9bbd0837 - - default default] Conflict occurred attempting to store project - it is not permitted to have two projects acting as domains with the same name: service.: keystone.exception.Conflict: Conflict occurred attempting to store project - it is not permitted to have two projects acting as domains with the same name: service.
[Sun Jun 28 20:11:36.482794 2026] [wsgi:error] [pid 11:tid 140091309737664] [remote 10.0.0.35:36474] 2026-06-28 20:11:36.465 11 ERROR keystone.server.flask.application
Traceback (most recent call last):
[Sun Jun 28 20:11:36.482813 2026] [wsgi:error] [pid 11:tid 140091309737664] [remote 10.0.0.35:36474] 2026-06-28 20:11:36.465 11 ERROR keystone.server.flask.application
File "/var/lib/openstack/lib/python3.12/site-packages/sqlalchemy/engine/base.py", line 1969, in _exec_single_context
[Sun Jun 28 20:11:36.482826 2026] [wsgi:error] [pid 11:tid 140091309737664] [remote 10.0.0.35:36474] 2026-06-28 20:11:36.465 11 ERROR keystone.server.flask.application self.dialect.do_execute(
[Sun Jun 28 20:11:36.482840 2026] [wsgi:error] [pid 11:tid 140091309737664] [remote 10.0.0.35:36474] 2026-06-28 20:11:36.465 11 ERROR keystone.server.flask.application
File "/var/lib/openstack/lib/python3.12/site-packages/sqlalchemy/engine/default.py", line 952, in do_execute
[Sun Jun 28 20:11:36.482854 2026] [wsgi:error] [pid 11:tid 140091309737664] [remote 10.0.0.35:36474] 2026-06-28 20:11:36.465 11 ERROR keystone.server.flask.application cursor.execute(statement, parameters)
[Sun Jun 28 20:11:36.482868 2026] [wsgi:error] [pid 11:tid 140091309737664] [remote 10.0.0.35:36474] 2026-06-28 20:11:36.465 11 ERROR keystone.server.flask.application
File "/var/lib/openstack/lib/python3.12/site-packages/pymysql/cursors.py", line 159, in execute
[Sun Jun 28 20:11:36.482882 2026] [wsgi:error] [pid 11:tid 140091309737664] [remote 10.0.0.35:36474] 2026-06-28 20:11:36.465 11 ERROR keystone.server.flask.application result = self._query(query)
[Sun Jun 28 20:11:36.482896 2026] [wsgi:error] [pid 11:tid 140091309737664] [remote 10.0.0.35:36474] 2026-06-28 20:11:36.465 11 ERROR keystone.server.flask.application ^^^^^^^^^^^^^^^^^^
[Sun Jun 28 20:11:36.482909 2026] [wsgi:error] [pid 11:tid 140091309737664] [remote 10.0.0.35:36474] 2026-06-28 20:11:36.465 11 ERROR keystone.server.flask.application
File "/var/lib/openstack/lib/python3.12/site-packages/pymysql/cursors.py", line 330, in _query
[Sun Jun 28 20:11:36.482923 2026] [wsgi:error] [pid 11:tid 140091309737664] [remote 10.0.0.35:36474] 2026-06-28 20:11:36.465 11 ERROR keystone.server.flask.application conn.query(q)
[Sun Jun 28 20:11:36.482936 2026] [wsgi:error] [pid 11:tid 140091309737664] [remote 10.0.0.35:36474] 2026-06-28 20:11:36.465 11 ERROR keystone.server.flask.application
File "/var/lib/openstack/lib/python3.12/site-packages/pymysql/connections.py", line 582, in query
[Sun Jun 28 20:11:36.482950 2026] [wsgi:error] [pid 11:tid 140091309737664] [remote 10.0.0.35:36474] 2026-06-28 20:11:36.465 11 ERROR keystone.server.flask.application self._affected_rows = self._read_query_result(unbuffered=unbuffered)
[Sun Jun 28 20:11:36.482964 2026] [wsgi:error] [pid 11:tid 140091309737664] [remote 10.0.0.35:36474] 2026-06-28 20:11:36.465 11 ERROR keystone.server.flask.application ^^^^^^^^^^^^^^^^^^^^^^^^^^^^^^^^^^^^^^^^^^^^^^
[Sun Jun 28 20:11:36.482983 2026] [wsgi:error] [pid 11:tid 140091309737664] [remote 10.0.0.35:36474] 2026-06-28 20:11:36.465 11 ERROR keystone.server.flask.application
File "/var/lib/openstack/lib/python3.12/site-packages/pymysql/connections.py", line 847, in _read_query_result
[Sun Jun 28 20:11:36.483002 2026] [wsgi:error] [pid 11:tid 140091309737664] [remote 10.0.0.35:36474] 2026-06-28 20:11:36.465 11 ERROR keystone.server.flask.application result.read()
[Sun Jun 28 20:11:36.483018 2026] [wsgi:error] [pid 11:tid 140091309737664] [remote 10.0.0.35:36474] 2026-06-28 20:11:36.465 11 ERROR keystone.server.flask.application
File "/var/lib/openstack/lib/python3.12/site-packages/pymysql/connections.py", line 1245, in read
[Sun Jun 28 20:11:36.483031 2026] [wsgi:error] [pid 11:tid 140091309737664] [remote 10.0.0.35:36474] 2026-06-28 20:11:36.465 11 ERROR keystone.server.flask.application first_packet = self.connection._read_packet()
[Sun Jun 28 20:11:36.483049 2026] [wsgi:error] [pid 11:tid 140091309737664] [remote 10.0.0.35:36474] 2026-06-28 20:11:36.465 11 ERROR keystone.server.flask.application ^^^^^^^^^^^^^^^^^^^^^^^^^^^^^^
[Sun Jun 28 20:11:36.483064 2026] [wsgi:error] [pid 11:tid 140091309737664] [remote 10.0.0.35:36474] 2026-06-28 20:11:36.465 11 ERROR keystone.server.flask.application
File "/var/lib/openstack/lib/python3.12/site-packages/pymysql/connections.py", line 803, in _read_packet
[Sun Jun 28 20:11:36.483082 2026] [wsgi:error] [pid 11:tid 140091309737664] [remote 10.0.0.35:36474] 2026-06-28 20:11:36.465 11 ERROR keystone.server.flask.application packet.raise_for_error()
[Sun Jun 28 20:11:36.483097 2026] [wsgi:error] [pid 11:tid 140091309737664] [remote 10.0.0.35:36474] 2026-06-28 20:11:36.465 11 ERROR keystone.server.flask.application
File "/var/lib/openstack/lib/python3.12/site-packages/pymysql/protocol.py", line 219, in raise_for_error
[Sun Jun 28 20:11:36.483115 2026] [wsgi:error] [pid 11:tid 140091309737664] [remote 10.0.0.35:36474] 2026-06-28 20:11:36.465 11 ERROR keystone.server.flask.application err.raise_mysql_exception(self._data)
[Sun Jun 28 20:11:36.483138 2026] [wsgi:error] [pid 11:tid 140091309737664] [remote 10.0.0.35:36474] 2026-06-28 20:11:36.465 11 ERROR keystone.server.flask.application
File "/var/lib/openstack/lib/python3.12/site-packages/pymysql/err.py", line 154, in raise_mysql_exception
[Sun Jun 28 20:11:36.483161 2026] [wsgi:error] [pid 11:tid 140091309737664] [remote 10.0.0.35:36474] 2026-06-28 20:11:36.465 11 ERROR keystone.server.flask.application raise errorclass(errno, errval, sqlstate=sqlstate)
[Sun Jun 28 20:11:36.483176 2026] [wsgi:error] [pid 11:tid 140091309737664] [remote 10.0.0.35:36474] 2026-06-28 20:11:36.465 11 ERROR keystone.server.flask.application pymysql.err.IntegrityError: (1062, "Duplicate entry '<>-service' for key 'project.ixu_project_name_domain_id'")
[Sun Jun 28 20:11:36.483189 2026] [wsgi:error] [pid 11:tid 140091309737664] [remote 10.0.0.35:36474] 2026-06-28 20:11:36.465 11 ERROR keystone.server.flask.application
[Sun Jun 28 20:11:36.483202 2026] [wsgi:error] [pid 11:tid 140091309737664] [remote 10.0.0.35:36474] 2026-06-28 20:11:36.465 11 ERROR keystone.server.flask.application The above exception was the direct cause of the following exception:
[Sun Jun 28 20:11:36.483216 2026] [wsgi:error] [pid 11:tid 140091309737664] [remote 10.0.0.35:36474] 2026-06-28 20:11:36.465 11 ERROR keystone.server.flask.application
[Sun Jun 28 20:11:36.483236 2026] [wsgi:error] [pid 11:tid 140091309737664] [remote 10.0.0.35:36474] 2026-06-28 20:11:36.465 11 ERROR keystone.server.flask.application
Traceback (most recent call last):
[Sun Jun 28 20:11:36.483254 2026] [wsgi:error] [pid 11:tid 140091309737664] [remote 10.0.0.35:36474] 2026-06-28 20:11:36.465 11 ERROR keystone.server.flask.application
File "/var/lib/openstack/lib/python3.12/site-packages/keystone/common/sql/core.py", line 575, in wrapper
[Sun Jun 28 20:11:36.483270 2026] [wsgi:error] [pid 11:tid 140091309737664] [remote 10.0.0.35:36474] 2026-06-28 20:11:36.465 11 ERROR keystone.server.flask.application return method(*args, **kwargs)
[Sun Jun 28 20:11:36.483288 2026] [wsgi:error] [pid 11:tid 140091309737664] [remote 10.0.0.35:36474] 2026-06-28 20:11:36.465 11 ERROR keystone.server.flask.application ^^^^^^^^^^^^^^^^^^^^^^^
[Sun Jun 28 20:11:36.483307 2026] [wsgi:error] [pid 11:tid 140091309737664] [remote 10.0.0.35:36474] 2026-06-28 20:11:36.465 11 ERROR keystone.server.flask.application
File "/var/lib/openstack/lib/python3.12/site-packages/keystone/resource/backends/sql.py", line 278, in create_project
[Sun Jun 28 20:11:36.483328 2026] [wsgi:error] [pid 11:tid 140091309737664] [remote 10.0.0.35:36474] 2026-06-28 20:11:36.465 11 ERROR keystone.server.flask.application with sql.session_for_write() as session:
[Sun Jun 28 20:11:36.483342 2026] [wsgi:error] [pid 11:tid 140091309737664] [remote 10.0.0.35:36474] 2026-06-28 20:11:36.465 11 ERROR keystone.server.flask.application
File "/usr/lib/python3.12/contextlib.py", line 144, in __exit__
[Sun Jun 28 20:11:36.483356 2026] [wsgi:error] [pid 11:tid 140091309737664] [remote 10.0.0.35:36474] 2026-06-28 20:11:36.465 11 ERROR keystone.server.flask.application next(self.gen)
[Sun Jun 28 20:11:36.483373 2026] [wsgi:error] [pid 11:tid 140091309737664] [remote 10.0.0.35:36474] 2026-06-28 20:11:36.465 11 ERROR keystone.server.flask.application
File "/var/lib/openstack/lib/python3.12/site-packages/oslo_db/sqlalchemy/enginefacade.py", line 1175, in _transaction_scope
[Sun Jun 28 20:11:36.483391 2026] [wsgi:error] [pid 11:tid 140091309737664] [remote 10.0.0.35:36474] 2026-06-28 20:11:36.465 11 ERROR keystone.server.flask.application with current._produce_block(
[Sun Jun 28 20:11:36.483405 2026] [wsgi:error] [pid 11:tid 140091309737664] [remote 10.0.0.35:36474] 2026-06-28 20:11:36.465 11 ERROR keystone.server.flask.application
File "/usr/lib/python3.12/contextlib.py", line 144, in __exit__
[Sun Jun 28 20:11:36.483425 2026] [wsgi:error] [pid 11:tid 140091309737664] [remote 10.0.0.35:36474] 2026-06-28 20:11:36.465 11 ERROR keystone.server.flask.application next(self.gen)
[Sun Jun 28 20:11:36.483440 2026] [wsgi:error] [pid 11:tid 140091309737664] [remote 10.0.0.35:36474] 2026-06-28 20:11:36.465 11 ERROR keystone.server.flask.application
File "/var/lib/openstack/lib/python3.12/site-packages/oslo_db/sqlalchemy/enginefacade.py", line 837, in _session
[Sun Jun 28 20:11:36.483458 2026] [wsgi:error] [pid 11:tid 140091309737664] [remote 10.0.0.35:36474] 2026-06-28 20:11:36.465 11 ERROR keystone.server.flask.application with excutils.save_and_reraise_exception():
[Sun Jun 28 20:11:36.483473 2026] [wsgi:error] [pid 11:tid 140091309737664] [remote 10.0.0.35:36474] 2026-06-28 20:11:36.465 11 ERROR keystone.server.flask.application
File "/var/lib/openstack/lib/python3.12/site-packages/oslo_utils/excutils.py", line 266, in __exit__
[Sun Jun 28 20:11:36.483491 2026] [wsgi:error] [pid 11:tid 140091309737664] [remote 10.0.0.35:36474] 2026-06-28 20:11:36.465 11 ERROR keystone.server.flask.application self.force_reraise()
[Sun Jun 28 20:11:36.483505 2026] [wsgi:error] [pid 11:tid 140091309737664] [remote 10.0.0.35:36474] 2026-06-28 20:11:36.465 11 ERROR keystone.server.flask.application
File "/var/lib/openstack/lib/python3.12/site-packages/oslo_utils/excutils.py", line 232, in force_reraise
[Sun Jun 28 20:11:36.483531 2026] [wsgi:error] [pid 11:tid 140091309737664] [remote 10.0.0.35:36474] 2026-06-28 20:11:36.465 11 ERROR keystone.server.flask.application raise self.value
[Sun Jun 28 20:11:36.483550 2026] [wsgi:error] [pid 11:tid 140091309737664] [remote 10.0.0.35:36474] 2026-06-28 20:11:36.465 11 ERROR keystone.server.flask.application
File "/var/lib/openstack/lib/python3.12/site-packages/oslo_db/sqlalchemy/enginefacade.py", line 835, in _session
[Sun Jun 28 20:11:36.483567 2026] [wsgi:error] [pid 11:tid 140091309737664] [remote 10.0.0.35:36474] 2026-06-28 20:11:36.465 11 ERROR keystone.server.flask.application self._end_session_transaction(self.session)
[Sun Jun 28 20:11:36.483581 2026] [wsgi:error] [pid 11:tid 140091309737664] [remote 10.0.0.35:36474] 2026-06-28 20:11:36.465 11 ERROR keystone.server.flask.application
File "/var/lib/openstack/lib/python3.12/site-packages/oslo_db/sqlalchemy/enginefacade.py", line 748, in _end_session_transaction
[Sun Jun 28 20:11:36.483603 2026] [wsgi:error] [pid 11:tid 140091309737664] [remote 10.0.0.35:36474] 2026-06-28 20:11:36.465 11 ERROR keystone.server.flask.application session.commit()
[Sun Jun 28 20:11:36.483629 2026] [wsgi:error] [pid 11:tid 140091309737664] [remote 10.0.0.35:36474] 2026-06-28 20:11:36.465 11 ERROR keystone.server.flask.application
File "/var/lib/openstack/lib/python3.12/site-packages/sqlalchemy/orm/session.py", line 2034, in commit
[Sun Jun 28 20:11:36.483648 2026] [wsgi:error] [pid 11:tid 140091309737664] [remote 10.0.0.35:36474] 2026-06-28 20:11:36.465 11 ERROR keystone.server.flask.application trans.commit(_to_root=True)
[Sun Jun 28 20:11:36.483660 2026] [wsgi:error] [pid 11:tid 140091309737664] [remote 10.0.0.35:36474] 2026-06-28 20:11:36.465 11 ERROR keystone.server.flask.application File "", line 2, in commit
[Sun Jun 28 20:11:36.483673 2026] [wsgi:error] [pid 11:tid 140091309737664] [remote 10.0.0.35:36474] 2026-06-28 20:11:36.465 11 ERROR keystone.server.flask.application
File "/var/lib/openstack/lib/python3.12/site-packages/sqlalchemy/orm/state_changes.py", line 137, in _go
[Sun Jun 28 20:11:36.483687 2026] [wsgi:error] [pid 11:tid 140091309737664] [remote 10.0.0.35:36474] 2026-06-28 20:11:36.465 11 ERROR keystone.server.flask.application ret_value = fn(self, *arg, **kw)
[Sun Jun 28 20:11:36.483700 2026] [wsgi:error] [pid 11:tid 140091309737664] [remote 10.0.0.35:36474] 2026-06-28 20:11:36.465 11 ERROR keystone.server.flask.application ^^^^^^^^^^^^^^^^^^^^
[Sun Jun 28 20:11:36.483721 2026] [wsgi:error] [pid 11:tid 140091309737664] [remote 10.0.0.35:36474] 2026-06-28 20:11:36.465 11 ERROR keystone.server.flask.application
File "/var/lib/openstack/lib/python3.12/site-packages/sqlalchemy/orm/session.py", line 1315, in commit
[Sun Jun 28 20:11:36.483738 2026] [wsgi:error] [pid 11:tid 140091309737664] [remote 10.0.0.35:36474] 2026-06-28 20:11:36.465 11 ERROR keystone.server.flask.application self._prepare_impl()
[Sun Jun 28 20:11:36.483755 2026] [wsgi:error] [pid 11:tid 140091309737664] [remote 10.0.0.35:36474] 2026-06-28 20:11:36.465 11 ERROR keystone.server.flask.application File "", line 2, in _prepare_impl
[Sun Jun 28 20:11:36.483772 2026] [wsgi:error] [pid 11:tid 140091309737664] [remote 10.0.0.35:36474] 2026-06-28 20:11:36.465 11 ERROR keystone.server.flask.application
File "/var/lib/openstack/lib/python3.12/site-packages/sqlalchemy/orm/state_changes.py", line 137, in _go
[Sun Jun 28 20:11:36.483788 2026] [wsgi:error] [pid 11:tid 140091309737664] [remote 10.0.0.35:36474] 2026-06-28 20:11:36.465 11 ERROR keystone.server.flask.application ret_value = fn(self, *arg, **kw)
[Sun Jun 28 20:11:36.483802 2026] [wsgi:error] [pid 11:tid 140091309737664] [remote 10.0.0.35:36474] 2026-06-28 20:11:36.465 11 ERROR keystone.server.flask.application ^^^^^^^^^^^^^^^^^^^^
[Sun Jun 28 20:11:36.483821 2026] [wsgi:error] [pid 11:tid 140091309737664] [remote 10.0.0.35:36474] 2026-06-28 20:11:36.465 11 ERROR keystone.server.flask.application
File "/var/lib/openstack/lib/python3.12/site-packages/sqlalchemy/orm/session.py", line 1290, in _prepare_impl
[Sun Jun 28 20:11:36.483837 2026] [wsgi:error] [pid 11:tid 140091309737664] [remote 10.0.0.35:36474] 2026-06-28 20:11:36.465 11 ERROR keystone.server.flask.application self.session.flush()
[Sun Jun 28 20:11:36.483851 2026] [wsgi:error] [pid 11:tid 140091309737664] [remote 10.0.0.35:36474] 2026-06-28 20:11:36.465 11 ERROR keystone.server.flask.application
File "/var/lib/openstack/lib/python3.12/site-packages/sqlalchemy/orm/session.py", line 4352, in flush
[Sun Jun 28 20:11:36.483870 2026] [wsgi:error] [pid 11:tid 140091309737664] [remote 10.0.0.35:36474] 2026-06-28 20:11:36.465 11 ERROR keystone.server.flask.application self._flush(objects)
[Sun Jun 28 20:11:36.483888 2026] [wsgi:error] [pid 11:tid 140091309737664] [remote 10.0.0.35:36474] 2026-06-28 20:11:36.465 11 ERROR keystone.server.flask.application
File "/var/lib/openstack/lib/python3.12/site-packages/sqlalchemy/orm/session.py", line 4487, in _flush
[Sun Jun 28 20:11:36.483904 2026] [wsgi:error] [pid 11:tid 140091309737664] [remote 10.0.0.35:36474] 2026-06-28 20:11:36.465 11 ERROR keystone.server.flask.application with util.safe_reraise():
[Sun Jun 28 20:11:36.483919 2026] [wsgi:error] [pid 11:tid 140091309737664] [remote 10.0.0.35:36474] 2026-06-28 20:11:36.465 11 ERROR keystone.server.flask.application
File "/var/lib/openstack/lib/python3.12/site-packages/sqlalchemy/util/langhelpers.py", line 122, in __exit__
[Sun Jun 28 20:11:36.483932 2026] [wsgi:error] [pid 11:tid 140091309737664] [remote 10.0.0.35:36474] 2026-06-28 20:11:36.465 11 ERROR keystone.server.flask.application raise exc_value.with_traceback(exc_tb)
[Sun Jun 28 20:11:36.483951 2026] [wsgi:error] [pid 11:tid 140091309737664] [remote 10.0.0.35:36474] 2026-06-28 20:11:36.465 11 ERROR keystone.server.flask.application
File "/var/lib/openstack/lib/python3.12/site-packages/sqlalchemy/orm/session.py", line 4448, in _flush
[Sun Jun 28 20:11:36.483968 2026] [wsgi:error] [pid 11:tid 140091309737664] [remote 10.0.0.35:36474] 2026-06-28 20:11:36.465 11 ERROR keystone.server.flask.application flush_context.execute()
