2026-06-18 04:31:21.691 7 INFO placement.requestlog [None req-5be0d6a5-719c-494b-a2e5-94a7dbeae3dd - - - - - -] 10.0.0.18 "GET /" status: 200 len: 136 microversion: 1.0
2026-06-18 04:31:21.692 8 INFO placement.requestlog [None req-6bf0ac60-a01c-4842-9c5f-fc3a073c79e2 - - - - - -] 10.0.0.18 "GET /" status: 200 len: 136 microversion: 1.0
2026-06-18 04:31:31.691 7 INFO placement.requestlog [None req-63f64cdd-383e-4724-8009-2e13698ebddd - - - - - -] 10.0.0.18 "GET /" status: 200 len: 136 microversion: 1.0
2026-06-18 04:31:31.691 8 INFO placement.requestlog [None req-8425d7fd-6d88-4738-98a4-5e589d50fb29 - - - - - -] 10.0.0.18 "GET /" status: 200 len: 136 microversion: 1.0
2026-06-18 04:31:41.691 7 INFO placement.requestlog [None req-f2985679-9e64-4a2d-97b1-808597fd5fae - - - - - -] 10.0.0.18 "GET /" status: 200 len: 136 microversion: 1.0
2026-06-18 04:31:41.691 8 INFO placement.requestlog [None req-aec13a7d-2925-4bce-b97d-e0f6098b8977 - - - - - -] 10.0.0.18 "GET /" status: 200 len: 136 microversion: 1.0
2026-06-18 04:31:45.966 7 INFO placement.requestlog [req-97dfa22d-1bac-4e8c-9699-801fc56158bb req-1ce04a07-e1f4-4ca5-93cd-29aa9d36d91d 3ed3d82cd4c94d0ea044e9462f68a064 f498b8ff386b4f949cde99a1b9816788 - - 86a31006febf4def8d47f47d9cbe49c2 86a31006febf4def8d47f47d9cbe49c2] 199.204.45.65 "GET /resource_providers/1191e03c-952c-4ef4-ac68-fb59b1215463/allocations" status: 200 len: 54 microversion: 1.0 [pid: 7|app: 0|req: 296/590] 199.204.45.65 () {32 vars in 855 bytes} [Thu Jun 18 04:31:45 2026] GET /resource_providers/1191e03c-952c-4ef4-ac68-fb59b1215463/allocations => generated 54 bytes in 113 msecs (HTTP/1.1 200) 6 headers in 223 bytes (1 switches on core 0)
2026-06-18 04:31:45.992 8 INFO placement.requestlog [req-97dfa22d-1bac-4e8c-9699-801fc56158bb req-711d077f-b096-4988-bcd0-56c71144f26c 3ed3d82cd4c94d0ea044e9462f68a064 f498b8ff386b4f949cde99a1b9816788 - - 86a31006febf4def8d47f47d9cbe49c2 86a31006febf4def8d47f47d9cbe49c2] 199.204.45.65 "GET /resource_providers?in_tree=1191e03c-952c-4ef4-ac68-fb59b1215463" status: 200 len: 797 microversion: 1.14 [pid: 8|app: 0|req: 295/591] 199.204.45.65 () {34 vars in 890 bytes} [Thu Jun 18 04:31:45 2026] GET /resource_providers?in_tree=1191e03c-952c-4ef4-ac68-fb59b1215463 => generated 797 bytes in 20 msecs (HTTP/1.1 200) 6 headers in 225 bytes (1 switches on core 0)
2026-06-18 04:31:46.009 7 INFO placement.requestlog [req-97dfa22d-1bac-4e8c-9699-801fc56158bb req-1a6c9401-b612-462e-b099-f2b084c59c13 3ed3d82cd4c94d0ea044e9462f68a064 f498b8ff386b4f949cde99a1b9816788 - - 86a31006febf4def8d47f47d9cbe49c2 86a31006febf4def8d47f47d9cbe49c2] 199.204.45.65 "GET /resource_providers/1191e03c-952c-4ef4-ac68-fb59b1215463/inventories" status: 200 len: 400 microversion: 1.0 [pid: 7|app: 0|req: 297/592] 199.204.45.65 () {32 vars in 855 bytes} [Thu Jun 18 04:31:45 2026] GET /resource_providers/1191e03c-952c-4ef4-ac68-fb59b1215463/inventories => generated 400 bytes in 12 msecs (HTTP/1.1 200) 6 headers in 224 bytes (1 switches on core 0)
2026-06-18 04:31:46.025 8 INFO placement.requestlog [req-97dfa22d-1bac-4e8c-9699-801fc56158bb req-e096f299-1731-48d1-82b6-cf32e2e4f5d0 3ed3d82cd4c94d0ea044e9462f68a064 f498b8ff386b4f949cde99a1b9816788 - - 86a31006febf4def8d47f47d9cbe49c2 86a31006febf4def8d47f47d9cbe49c2] 199.204.45.65 "GET /resource_providers/1191e03c-952c-4ef4-ac68-fb59b1215463/aggregates" status: 200 len: 53 microversion: 1.19 [pid: 8|app: 0|req: 296/593] 199.204.45.65 () {34 vars in 897 bytes} [Thu Jun 18 04:31:46 2026] GET /resource_providers/1191e03c-952c-4ef4-ac68-fb59b1215463/aggregates => generated 53 bytes in 12 msecs (HTTP/1.1 200) 8 headers in 295 bytes (1 switches on core 0)
2026-06-18 04:31:46.051 7 INFO placement.requestlog [req-97dfa22d-1bac-4e8c-9699-801fc56158bb req-12dbcb6a-1ac0-4c34-bcde-473c4edab645 3ed3d82cd4c94d0ea044e9462f68a064 f498b8ff386b4f949cde99a1b9816788 - - 86a31006febf4def8d47f47d9cbe49c2 86a31006febf4def8d47f47d9cbe49c2] 199.204.45.65 "GET /resource_providers/1191e03c-952c-4ef4-ac68-fb59b1215463/traits" status: 200 len: 2316 microversion: 1.6 [pid: 7|app: 0|req: 298/594] 199.204.45.65 () {34 vars in 888 bytes} [Thu Jun 18 04:31:46 2026] GET /resource_providers/1191e03c-952c-4ef4-ac68-fb59b1215463/traits => generated 2316 bytes in 21 msecs (HTTP/1.1 200) 6 headers in 225 bytes (1 switches on core 0)
2026-06-18 04:31:46.071 8 INFO placement.requestlog [req-97dfa22d-1bac-4e8c-9699-801fc56158bb req-383a9a36-b80c-4cd1-bf4d-c9fddc02e039 3ed3d82cd4c94d0ea044e9462f68a064 f498b8ff386b4f949cde99a1b9816788 - - 86a31006febf4def8d47f47d9cbe49c2 86a31006febf4def8d47f47d9cbe49c2] 199.204.45.65 "GET /resource_providers/1191e03c-952c-4ef4-ac68-fb59b1215463/allocations" status: 200 len: 54 microversion: 1.0 [pid: 8|app: 0|req: 297/595] 199.204.45.65 () {32 vars in 855 bytes} [Thu Jun 18 04:31:46 2026] GET /resource_providers/1191e03c-952c-4ef4-ac68-fb59b1215463/allocations => generated 54 bytes in 17 msecs (HTTP/1.1 200) 6 headers in 223 bytes (1 switches on core 0)
2026-06-18 04:31:51.691 7 INFO placement.requestlog [None req-600f2832-e6c2-4a6e-86c2-1eaf6675e85e - - - - - -] 10.0.0.18 "GET /" status: 200 len: 136 microversion: 1.0
2026-06-18 04:31:51.692 8 INFO placement.requestlog [None req-f3dde94c-e719-4002-9c80-55dd368bb7e9 - - - - - -] 10.0.0.18 "GET /" status: 200 len: 136 microversion: 1.0
2026-06-18 04:32:01.692 7 INFO placement.requestlog [None req-039f114a-d4d7-4eaa-8c43-c438f6e0e99e - - - - - -] 10.0.0.18 "GET /" status: 200 len: 136 microversion: 1.0
2026-06-18 04:32:01.695 8 INFO placement.requestlog [None req-0f37452a-a7ec-4b51-8068-a4a77c68e10e - - - - - -] 10.0.0.18 "GET /" status: 200 len: 136 microversion: 1.0
2026-06-18 04:32:11.691 8 INFO placement.requestlog [None req-7868fb43-a49b-4b65-bf0c-28d90ce4617a - - - - - -] 10.0.0.18 "GET /" status: 200 len: 136 microversion: 1.0
2026-06-18 04:32:11.691 7 INFO placement.requestlog [None req-575e8334-882b-4a77-ae87-ce81feaf1624 - - - - - -] 10.0.0.18 "GET /" status: 200 len: 136 microversion: 1.0
2026-06-18 04:32:21.692 7 INFO placement.requestlog [None req-06146b42-e0d1-4fef-9ee3-fca41ac863cc - - - - - -] 10.0.0.18 "GET /" status: 200 len: 136 microversion: 1.0
2026-06-18 04:32:21.693 8 INFO placement.requestlog [None req-36cf944c-ac59-4461-bc24-e89dcd680ab4 - - - - - -] 10.0.0.18 "GET /" status: 200 len: 136 microversion: 1.0
2026-06-18 04:32:31.691 8 INFO placement.requestlog [None req-887b53f1-d3b7-41e4-b797-af58677be3c1 - - - - - -] 10.0.0.18 "GET /" status: 200 len: 136 microversion: 1.0
2026-06-18 04:32:31.692 7 INFO placement.requestlog [None req-5bfc12a3-ca53-449b-848c-02b88e2e3185 - - - - - -] 10.0.0.18 "GET /" status: 200 len: 136 microversion: 1.0
2026-06-18 04:32:41.692 8 INFO placement.requestlog [None req-053c954e-308c-4a56-ac95-d86298879503 - - - - - -] 10.0.0.18 "GET /" status: 200 len: 136 microversion: 1.0
2026-06-18 04:32:41.692 7 INFO placement.requestlog [None req-8e949d38-decd-48bc-b255-c40512c6bdaf - - - - - -] 10.0.0.18 "GET /" status: 200 len: 136 microversion: 1.0
2026-06-18 04:32:45.924 8 INFO placement.requestlog [req-077f525b-a1d3-4786-8b31-e8fb0d77948c req-fad2c1bf-4a6d-48b7-9bdc-6f202e4a8fbc 3ed3d82cd4c94d0ea044e9462f68a064 f498b8ff386b4f949cde99a1b9816788 - - 86a31006febf4def8d47f47d9cbe49c2 86a31006febf4def8d47f47d9cbe49c2] 199.204.45.65 "GET /resource_providers/1191e03c-952c-4ef4-ac68-fb59b1215463/allocations" status: 200 len: 54 microversion: 1.0 [pid: 8|app: 0|req: 304/608] 199.204.45.65 () {32 vars in 855 bytes} [Thu Jun 18 04:32:45 2026] GET /resource_providers/1191e03c-952c-4ef4-ac68-fb59b1215463/allocations => generated 54 bytes in 16 msecs (HTTP/1.1 200) 6 headers in 223 bytes (1 switches on core 0)
2026-06-18 04:32:45.944 7 INFO placement.requestlog [req-077f525b-a1d3-4786-8b31-e8fb0d77948c req-21f537aa-e446-4f3f-a0cf-0ef4c34f4477 3ed3d82cd4c94d0ea044e9462f68a064 f498b8ff386b4f949cde99a1b9816788 - - 86a31006febf4def8d47f47d9cbe49c2 86a31006febf4def8d47f47d9cbe49c2] 199.204.45.65 "GET /resource_providers/1191e03c-952c-4ef4-ac68-fb59b1215463/allocations" status: 200 len: 54 microversion: 1.0 [pid: 7|app: 0|req: 305/609] 199.204.45.65 () {32 vars in 855 bytes} [Thu Jun 18 04:32:45 2026] GET /resource_providers/1191e03c-952c-4ef4-ac68-fb59b1215463/allocations => generated 54 bytes in 14 msecs (HTTP/1.1 200) 6 headers in 223 bytes (1 switches on core 0)
2026-06-18 04:32:51.691 7 INFO placement.requestlog [None req-0dd08553-f84d-4a1c-9fba-2168d59be0ad - - - - - -] 10.0.0.18 "GET /" status: 200 len: 136 microversion: 1.0
2026-06-18 04:32:51.691 8 INFO placement.requestlog [None req-410f0b52-1922-4688-a9c6-e7218d10834f - - - - - -] 10.0.0.18 "GET /" status: 200 len: 136 microversion: 1.0
2026-06-18 04:33:01.691 7 INFO placement.requestlog [None req-d2540854-9857-4d3c-9440-fc79a44408c0 - - - - - -] 10.0.0.18 "GET /" status: 200 len: 136 microversion: 1.0
2026-06-18 04:33:01.691 8 INFO placement.requestlog [None req-278b49b6-7b29-45fc-8410-f0d5be81bad3 - - - - - -] 10.0.0.18 "GET /" status: 200 len: 136 microversion: 1.0
2026-06-18 04:33:11.691 8 INFO placement.requestlog [None req-06d90706-0ddf-4473-ba59-1e7c189a5e86 - - - - - -] 10.0.0.18 "GET /" status: 200 len: 136 microversion: 1.0
2026-06-18 04:33:11.692 7 INFO placement.requestlog [None req-4be43315-391e-4544-b839-ace7e678eec1 - - - - - -] 10.0.0.18 "GET /" status: 200 len: 136 microversion: 1.0
2026-06-18 04:33:21.691 8 INFO placement.requestlog [None req-15f1f946-6be8-427a-aadf-270bf9ee5ca2 - - - - - -] 10.0.0.18 "GET /" status: 200 len: 136 microversion: 1.0
2026-06-18 04:33:21.692 7 INFO placement.requestlog [None req-4fcf0a0e-49f7-429f-b870-368f7eb3def4 - - - - - -] 10.0.0.18 "GET /" status: 200 len: 136 microversion: 1.0
2026-06-18 04:33:31.692 7 INFO placement.requestlog [None req-8909fd5b-debf-446f-aad3-c35d44b53e16 - - - - - -] 10.0.0.18 "GET /" status: 200 len: 136 microversion: 1.0
2026-06-18 04:33:31.691 8 INFO placement.requestlog [None req-b40ced01-0e34-43ed-a167-da38d78092b4 - - - - - -] 10.0.0.18 "GET /" status: 200 len: 136 microversion: 1.0
2026-06-18 04:33:40.720 7 INFO placement.requestlog [req-4ca8953b-7e18-4a92-b725-a0ed6867b055 req-0fe96797-9e5a-4f3a-88c6-2769562b9bb5 3ed3d82cd4c94d0ea044e9462f68a064 f498b8ff386b4f949cde99a1b9816788 - - 86a31006febf4def8d47f47d9cbe49c2 86a31006febf4def8d47f47d9cbe49c2] 10.0.0.147 "GET /allocation_candidates?limit=1000&resources=DISK_GB%3A1%2CMEMORY_MB%3A512%2CVCPU%3A1&root_required=%21COMPUTE_STATUS_DISABLED" status: 200 len: 2781 microversion: 1.36 [pid: 7|app: 0|req: 311/620] 10.0.0.147 () {34 vars in 1011 bytes} [Thu Jun 18 04:33:40 2026] GET /allocation_candidates?limit=1000&resources=DISK_GB%3A1%2CMEMORY_MB%3A512%2CVCPU%3A1&root_required=%21COMPUTE_STATUS_DISABLED => generated 2781 bytes in 172 msecs (HTTP/1.1 200) 8 headers in 297 bytes (1 switches on core 0)
2026-06-18 04:33:40.763 8 INFO placement.requestlog [req-4ca8953b-7e18-4a92-b725-a0ed6867b055 req-44213e32-f83c-4961-9711-05f82177abbd 3ed3d82cd4c94d0ea044e9462f68a064 f498b8ff386b4f949cde99a1b9816788 - - 86a31006febf4def8d47f47d9cbe49c2 86a31006febf4def8d47f47d9cbe49c2] 10.0.0.147 "GET /allocations/660957bd-64f0-497c-99d2-240612768da6" status: 200 len: 19 microversion: 1.28 [pid: 8|app: 0|req: 310/621] 10.0.0.147 () {34 vars in 860 bytes} [Thu Jun 18 04:33:40 2026] GET /allocations/660957bd-64f0-497c-99d2-240612768da6 => generated 19 bytes in 18 msecs (HTTP/1.1 200) 8 headers in 295 bytes (1 switches on core 0)
2026-06-18 04:33:40.845 7 INFO placement.requestlog [req-4ca8953b-7e18-4a92-b725-a0ed6867b055 req-bd49e844-9c33-4a7f-bf51-a56c00215823 3ed3d82cd4c94d0ea044e9462f68a064 f498b8ff386b4f949cde99a1b9816788 - - 86a31006febf4def8d47f47d9cbe49c2 86a31006febf4def8d47f47d9cbe49c2] 10.0.0.147 "PUT /allocations/660957bd-64f0-497c-99d2-240612768da6" status: 204 len: 0 microversion: 1.36 [pid: 7|app: 0|req: 312/622] 10.0.0.147 () {38 vars in 913 bytes} [Thu Jun 18 04:33:40 2026] PUT /allocations/660957bd-64f0-497c-99d2-240612768da6 => generated 0 bytes in 77 msecs (HTTP/1.1 204) 5 headers in 199 bytes (1 switches on core 0)
2026-06-18 04:33:41.085 8 INFO placement.requestlog [req-ac7bd521-46c7-4952-bf7f-6cb84ae71ea2 req-a7ae021a-c764-4848-97ad-f5a2b7540a5a 3ed3d82cd4c94d0ea044e9462f68a064 f498b8ff386b4f949cde99a1b9816788 - - 86a31006febf4def8d47f47d9cbe49c2 86a31006febf4def8d47f47d9cbe49c2] 10.0.0.147 "GET /allocation_candidates?limit=1000&resources=DISK_GB%3A1%2CMEMORY_MB%3A512%2CVCPU%3A1&root_required=%21COMPUTE_STATUS_DISABLED" status: 200 len: 2783 microversion: 1.36 [pid: 8|app: 0|req: 311/623] 10.0.0.147 () {34 vars in 1011 bytes} [Thu Jun 18 04:33:41 2026] GET /allocation_candidates?limit=1000&resources=DISK_GB%3A1%2CMEMORY_MB%3A512%2CVCPU%3A1&root_required=%21COMPUTE_STATUS_DISABLED => generated 2783 bytes in 62 msecs (HTTP/1.1 200) 8 headers in 297 bytes (1 switches on core 0)
2026-06-18 04:33:41.126 7 INFO placement.requestlog [req-ac7bd521-46c7-4952-bf7f-6cb84ae71ea2 req-8c425910-e95c-4415-8859-df35538ef89f 3ed3d82cd4c94d0ea044e9462f68a064 f498b8ff386b4f949cde99a1b9816788 - - 86a31006febf4def8d47f47d9cbe49c2 86a31006febf4def8d47f47d9cbe49c2] 10.0.0.147 "GET /allocations/5cc14a57-62be-425f-9028-073ca4766958" status: 200 len: 19 microversion: 1.28 [pid: 7|app: 0|req: 313/624] 10.0.0.147 () {34 vars in 860 bytes} [Thu Jun 18 04:33:41 2026] GET /allocations/5cc14a57-62be-425f-9028-073ca4766958 => generated 19 bytes in 15 msecs (HTTP/1.1 200) 8 headers in 295 bytes (1 switches on core 0)
2026-06-18 04:33:41.219 8 INFO placement.requestlog [req-ac7bd521-46c7-4952-bf7f-6cb84ae71ea2 req-af83a60d-b37d-4625-b9fc-93a851eff4d5 3ed3d82cd4c94d0ea044e9462f68a064 f498b8ff386b4f949cde99a1b9816788 - - 86a31006febf4def8d47f47d9cbe49c2 86a31006febf4def8d47f47d9cbe49c2] 10.0.0.147 "PUT /allocations/5cc14a57-62be-425f-9028-073ca4766958" status: 204 len: 0 microversion: 1.36 [pid: 8|app: 0|req: 312/625] 10.0.0.147 () {38 vars in 913 bytes} [Thu Jun 18 04:33:41 2026] PUT /allocations/5cc14a57-62be-425f-9028-073ca4766958 => generated 0 bytes in 85 msecs (HTTP/1.1 204) 5 headers in 199 bytes (1 switches on core 0)
2026-06-18 04:33:41.692 7 INFO placement.requestlog [None req-5ac95569-a522-4a3e-9da4-5696c116292f - - - - - -] 10.0.0.18 "GET /" status: 200 len: 136 microversion: 1.0
2026-06-18 04:33:41.694 8 INFO placement.requestlog [None req-130ceced-d520-423a-8ec6-9a3a4e6d8a32 - - - - - -] 10.0.0.18 "GET /" status: 200 len: 136 microversion: 1.0
2026-06-18 04:33:42.453 7 INFO placement.requestlog [req-4ca8953b-7e18-4a92-b725-a0ed6867b055 req-139e8c22-0d81-4d5c-aace-d8be97eb07a4 3ed3d82cd4c94d0ea044e9462f68a064 f498b8ff386b4f949cde99a1b9816788 - - 86a31006febf4def8d47f47d9cbe49c2 86a31006febf4def8d47f47d9cbe49c2] 199.204.45.65 "GET /allocations/660957bd-64f0-497c-99d2-240612768da6" status: 200 len: 257 microversion: 1.28 [pid: 7|app: 0|req: 315/628] 199.204.45.65 () {34 vars in 861 bytes} [Thu Jun 18 04:33:42 2026] GET /allocations/660957bd-64f0-497c-99d2-240612768da6 => generated 257 bytes in 13 msecs (HTTP/1.1 200) 8 headers in 296 bytes (1 switches on core 0)
2026-06-18 04:33:42.892 8 INFO placement.requestlog [req-ac7bd521-46c7-4952-bf7f-6cb84ae71ea2 req-f2a77b80-a3bd-44f7-822f-c302f5e38718 3ed3d82cd4c94d0ea044e9462f68a064 f498b8ff386b4f949cde99a1b9816788 - - 86a31006febf4def8d47f47d9cbe49c2 86a31006febf4def8d47f47d9cbe49c2] 199.204.45.65 "GET /allocations/5cc14a57-62be-425f-9028-073ca4766958" status: 200 len: 257 microversion: 1.28 [pid: 8|app: 0|req: 314/629] 199.204.45.65 () {34 vars in 861 bytes} [Thu Jun 18 04:33:42 2026] GET /allocations/5cc14a57-62be-425f-9028-073ca4766958 => generated 257 bytes in 19 msecs (HTTP/1.1 200) 8 headers in 296 bytes (1 switches on core 0)
2026-06-18 04:33:43.501 7 INFO placement.requestlog [req-4ca8953b-7e18-4a92-b725-a0ed6867b055 req-028fc85d-253c-41d4-9a29-9daf801559fe 3ed3d82cd4c94d0ea044e9462f68a064 f498b8ff386b4f949cde99a1b9816788 - - 86a31006febf4def8d47f47d9cbe49c2 86a31006febf4def8d47f47d9cbe49c2] 199.204.45.65 "GET /resource_providers/1191e03c-952c-4ef4-ac68-fb59b1215463/allocations" status: 200 len: 252 microversion: 1.0 [pid: 7|app: 0|req: 316/630] 199.204.45.65 () {32 vars in 855 bytes} [Thu Jun 18 04:33:43 2026] GET /resource_providers/1191e03c-952c-4ef4-ac68-fb59b1215463/allocations => generated 252 bytes in 24 msecs (HTTP/1.1 200) 6 headers in 224 bytes (1 switches on core 0)
2026-06-18 04:33:43.530 8 INFO placement.requestlog [req-4ca8953b-7e18-4a92-b725-a0ed6867b055 req-e7a58832-d36e-475c-a992-2bdfd5307a0b 3ed3d82cd4c94d0ea044e9462f68a064 f498b8ff386b4f949cde99a1b9816788 - - 86a31006febf4def8d47f47d9cbe49c2 86a31006febf4def8d47f47d9cbe49c2] 199.204.45.65 "GET /allocations/660957bd-64f0-497c-99d2-240612768da6" status: 200 len: 257 microversion: 1.28 [pid: 8|app: 0|req: 315/631] 199.204.45.65 () {34 vars in 861 bytes} [Thu Jun 18 04:33:43 2026] GET /allocations/660957bd-64f0-497c-99d2-240612768da6 => generated 257 bytes in 17 msecs (HTTP/1.1 200) 8 headers in 296 bytes (1 switches on core 0)
2026-06-18 04:33:43.565 7 INFO placement.requestlog [req-4ca8953b-7e18-4a92-b725-a0ed6867b055 req-71625f80-58b3-4988-bae5-0fab6047bbab 3ed3d82cd4c94d0ea044e9462f68a064 f498b8ff386b4f949cde99a1b9816788 - - 86a31006febf4def8d47f47d9cbe49c2 86a31006febf4def8d47f47d9cbe49c2] 199.204.45.65 "GET /allocations/5cc14a57-62be-425f-9028-073ca4766958" status: 200 len: 257 microversion: 1.28 [pid: 7|app: 0|req: 317/632] 199.204.45.65 () {34 vars in 861 bytes} [Thu Jun 18 04:33:43 2026] GET /allocations/5cc14a57-62be-425f-9028-073ca4766958 => generated 257 bytes in 27 msecs (HTTP/1.1 200) 8 headers in 296 bytes (1 switches on core 0)
2026-06-18 04:33:44.615 8 INFO placement.requestlog [None req-dd2c2df7-6bb0-46fe-a433-2f546e1c5c06 d636f22f49874329a95f5f39b892d54e f498b8ff386b4f949cde99a1b9816788 - - 86a31006febf4def8d47f47d9cbe49c2 86a31006febf4def8d47f47d9cbe49c2] 10.0.0.33 "GET /resource_providers/bbd93120-186e-4f58-b01a-841a0f20e7d5/aggregates" status: 404 len: 235 microversion: 1.1 [pid: 8|app: 0|req: 316/633] 10.0.0.33 () {32 vars in 814 bytes} [Thu Jun 18 04:33:44 2026] GET /resource_providers/bbd93120-186e-4f58-b01a-841a0f20e7d5/aggregates => generated 235 bytes in 102 msecs (HTTP/1.1 404) 5 headers in 202 bytes (1 switches on core 0)
2026-06-18 04:33:44.622 7 INFO placement.requestlog [None req-54aac8f9-bdd8-4876-af92-c9caed38fe40 d636f22f49874329a95f5f39b892d54e f498b8ff386b4f949cde99a1b9816788 - - 86a31006febf4def8d47f47d9cbe49c2 86a31006febf4def8d47f47d9cbe49c2] 10.0.0.33 "GET /resource_providers/bbd93120-186e-4f58-b01a-841a0f20e7d5/aggregates" status: 404 len: 235 microversion: 1.1 [pid: 7|app: 0|req: 318/634] 10.0.0.33 () {32 vars in 814 bytes} [Thu Jun 18 04:33:44 2026] GET /resource_providers/bbd93120-186e-4f58-b01a-841a0f20e7d5/aggregates => generated 235 bytes in 77 msecs (HTTP/1.1 404) 5 headers in 202 bytes (1 switches on core 0)
2026-06-18 04:33:44.647 8 INFO placement.requestlog [None req-777439b9-c044-4b28-b25b-858a4430d8cc d636f22f49874329a95f5f39b892d54e f498b8ff386b4f949cde99a1b9816788 - - 86a31006febf4def8d47f47d9cbe49c2 86a31006febf4def8d47f47d9cbe49c2] 10.0.0.33 "DELETE /resource_providers/bbd93120-186e-4f58-b01a-841a0f20e7d5" status: 404 len: 246 microversion: 1.1 [pid: 8|app: 0|req: 317/635] 10.0.0.33 () {34 vars in 814 bytes} [Thu Jun 18 04:33:44 2026] DELETE /resource_providers/bbd93120-186e-4f58-b01a-841a0f20e7d5 => generated 246 bytes in 18 msecs (HTTP/1.1 404) 6 headers in 231 bytes (1 switches on core 0)
2026-06-18 04:33:44.655 7 INFO placement.requestlog [None req-dfe0ac38-b24f-4ef0-acfd-24283bae2255 d636f22f49874329a95f5f39b892d54e f498b8ff386b4f949cde99a1b9816788 - - 86a31006febf4def8d47f47d9cbe49c2 86a31006febf4def8d47f47d9cbe49c2] 10.0.0.33 "DELETE /resource_providers/bbd93120-186e-4f58-b01a-841a0f20e7d5" status: 404 len: 246 microversion: 1.1 [pid: 7|app: 0|req: 319/636] 10.0.0.33 () {34 vars in 814 bytes} [Thu Jun 18 04:33:44 2026] DELETE /resource_providers/bbd93120-186e-4f58-b01a-841a0f20e7d5 => generated 246 bytes in 22 msecs (HTTP/1.1 404) 6 headers in 231 bytes (1 switches on core 0)
2026-06-18 04:33:45.648 8 INFO placement.requestlog [req-ac7bd521-46c7-4952-bf7f-6cb84ae71ea2 req-358a140a-1b64-41b9-a506-ad74240ed53a 3ed3d82cd4c94d0ea044e9462f68a064 f498b8ff386b4f949cde99a1b9816788 - - 86a31006febf4def8d47f47d9cbe49c2 86a31006febf4def8d47f47d9cbe49c2] 199.204.45.65 "GET /resource_providers/1191e03c-952c-4ef4-ac68-fb59b1215463/allocations" status: 200 len: 252 microversion: 1.0 [pid: 8|app: 0|req: 318/637] 199.204.45.65 () {32 vars in 855 bytes} [Thu Jun 18 04:33:45 2026] GET /resource_providers/1191e03c-952c-4ef4-ac68-fb59b1215463/allocations => generated 252 bytes in 20 msecs (HTTP/1.1 200) 6 headers in 224 bytes (1 switches on core 0)
2026-06-18 04:33:45.667 7 INFO placement.requestlog [req-ac7bd521-46c7-4952-bf7f-6cb84ae71ea2 req-40d61b80-9054-4d81-8389-ba8a82e5f585 3ed3d82cd4c94d0ea044e9462f68a064 f498b8ff386b4f949cde99a1b9816788 - - 86a31006febf4def8d47f47d9cbe49c2 86a31006febf4def8d47f47d9cbe49c2] 199.204.45.65 "GET /allocations/660957bd-64f0-497c-99d2-240612768da6" status: 200 len: 257 microversion: 1.28 [pid: 7|app: 0|req: 320/638] 199.204.45.65 () {34 vars in 861 bytes} [Thu Jun 18 04:33:45 2026] GET /allocations/660957bd-64f0-497c-99d2-240612768da6 => generated 257 bytes in 12 msecs (HTTP/1.1 200) 8 headers in 296 bytes (1 switches on core 0)
2026-06-18 04:33:45.687 8 INFO placement.requestlog [req-ac7bd521-46c7-4952-bf7f-6cb84ae71ea2 req-c02c82e5-6f14-423a-b82d-f576af738e43 3ed3d82cd4c94d0ea044e9462f68a064 f498b8ff386b4f949cde99a1b9816788 - - 86a31006febf4def8d47f47d9cbe49c2 86a31006febf4def8d47f47d9cbe49c2] 199.204.45.65 "GET /allocations/5cc14a57-62be-425f-9028-073ca4766958" status: 200 len: 257 microversion: 1.28 [pid: 8|app: 0|req: 319/639] 199.204.45.65 () {34 vars in 861 bytes} [Thu Jun 18 04:33:45 2026] GET /allocations/5cc14a57-62be-425f-9028-073ca4766958 => generated 257 bytes in 13 msecs (HTTP/1.1 200) 8 headers in 296 bytes (1 switches on core 0)
2026-06-18 04:33:46.669 7 INFO placement.requestlog [None req-a3e1b798-6546-4900-b78d-b0acd7d3490a d636f22f49874329a95f5f39b892d54e f498b8ff386b4f949cde99a1b9816788 - - 86a31006febf4def8d47f47d9cbe49c2 86a31006febf4def8d47f47d9cbe49c2] 10.0.0.33 "GET /resource_providers/3734a96b-f14d-4549-9d0a-eb133c9f34f9/aggregates" status: 404 len: 235 microversion: 1.1 [pid: 7|app: 0|req: 321/640] 10.0.0.33 () {32 vars in 814 bytes} [Thu Jun 18 04:33:46 2026] GET /resource_providers/3734a96b-f14d-4549-9d0a-eb133c9f34f9/aggregates => generated 235 bytes in 7 msecs (HTTP/1.1 404) 5 headers in 202 bytes (1 switches on core 0)
2026-06-18 04:33:46.672 8 INFO placement.requestlog [None req-b53b2e88-557d-467f-94ed-1bb5ff03ed88 d636f22f49874329a95f5f39b892d54e f498b8ff386b4f949cde99a1b9816788 - - 86a31006febf4def8d47f47d9cbe49c2 86a31006febf4def8d47f47d9cbe49c2] 10.0.0.33 "GET /resource_providers/3734a96b-f14d-4549-9d0a-eb133c9f34f9/aggregates" status: 404 len: 235 microversion: 1.1 [pid: 8|app: 0|req: 320/641] 10.0.0.33 () {32 vars in 814 bytes} [Thu Jun 18 04:33:46 2026] GET /resource_providers/3734a96b-f14d-4549-9d0a-eb133c9f34f9/aggregates => generated 235 bytes in 8 msecs (HTTP/1.1 404) 5 headers in 202 bytes (1 switches on core 0)
2026-06-18 04:33:46.693 7 INFO placement.requestlog [None req-8d95f5a2-f000-4fc6-af21-137ca7b38561 d636f22f49874329a95f5f39b892d54e f498b8ff386b4f949cde99a1b9816788 - - 86a31006febf4def8d47f47d9cbe49c2 86a31006febf4def8d47f47d9cbe49c2] 10.0.0.33 "DELETE /resource_providers/3734a96b-f14d-4549-9d0a-eb133c9f34f9" status: 404 len: 246 microversion: 1.1 [pid: 7|app: 0|req: 322/642] 10.0.0.33 () {34 vars in 814 bytes} [Thu Jun 18 04:33:46 2026] DELETE /resource_providers/3734a96b-f14d-4549-9d0a-eb133c9f34f9 => generated 246 bytes in 10 msecs (HTTP/1.1 404) 6 headers in 231 bytes (1 switches on core 0)
2026-06-18 04:33:46.695 8 INFO placement.requestlog [None req-ab79434c-d24a-48b2-827a-8dd831b141b3 d636f22f49874329a95f5f39b892d54e f498b8ff386b4f949cde99a1b9816788 - - 86a31006febf4def8d47f47d9cbe49c2 86a31006febf4def8d47f47d9cbe49c2] 10.0.0.33 "DELETE /resource_providers/3734a96b-f14d-4549-9d0a-eb133c9f34f9" status: 404 len: 246 microversion: 1.1 [pid: 8|app: 0|req: 321/643] 10.0.0.33 () {34 vars in 814 bytes} [Thu Jun 18 04:33:46 2026] DELETE /resource_providers/3734a96b-f14d-4549-9d0a-eb133c9f34f9 => generated 246 bytes in 12 msecs (HTTP/1.1 404) 6 headers in 231 bytes (1 switches on core 0)
2026-06-18 04:33:48.684 7 INFO placement.requestlog [req-f3d6747f-d90f-4cb8-be04-d4d430027d99 req-b93ff408-2bc2-40ba-9e6c-853548937421 3ed3d82cd4c94d0ea044e9462f68a064 f498b8ff386b4f949cde99a1b9816788 - - 86a31006febf4def8d47f47d9cbe49c2 86a31006febf4def8d47f47d9cbe49c2] 10.0.0.147 "GET /allocation_candidates?limit=1000&resources=MEMORY_MB%3A512%2CVCPU%3A1&root_required=%21COMPUTE_STATUS_DISABLED" status: 200 len: 2770 microversion: 1.36 [pid: 7|app: 0|req: 323/644] 10.0.0.147 () {34 vars in 983 bytes} [Thu Jun 18 04:33:48 2026] GET /allocation_candidates?limit=1000&resources=MEMORY_MB%3A512%2CVCPU%3A1&root_required=%21COMPUTE_STATUS_DISABLED => generated 2770 bytes in 43 msecs (HTTP/1.1 200) 8 headers in 297 bytes (1 switches on core 0)
2026-06-18 04:33:48.724 8 INFO placement.requestlog [req-f3d6747f-d90f-4cb8-be04-d4d430027d99 req-43eee202-aa5c-492c-a0f9-5aa165151fdc 3ed3d82cd4c94d0ea044e9462f68a064 f498b8ff386b4f949cde99a1b9816788 - - 86a31006febf4def8d47f47d9cbe49c2 86a31006febf4def8d47f47d9cbe49c2] 10.0.0.147 "GET /allocations/2fe227a0-5b98-4cf1-ab20-45fa882a7554" status: 200 len: 19 microversion: 1.28 [pid: 8|app: 0|req: 322/645] 10.0.0.147 () {34 vars in 860 bytes} [Thu Jun 18 04:33:48 2026] GET /allocations/2fe227a0-5b98-4cf1-ab20-45fa882a7554 => generated 19 bytes in 13 msecs (HTTP/1.1 200) 8 headers in 295 bytes (1 switches on core 0)
2026-06-18 04:33:48.808 7 INFO placement.requestlog [req-f3d6747f-d90f-4cb8-be04-d4d430027d99 req-09e5e0c5-0bae-4da6-bff7-13c96d2c791f 3ed3d82cd4c94d0ea044e9462f68a064 f498b8ff386b4f949cde99a1b9816788 - - 86a31006febf4def8d47f47d9cbe49c2 86a31006febf4def8d47f47d9cbe49c2] 10.0.0.147 "PUT /allocations/2fe227a0-5b98-4cf1-ab20-45fa882a7554" status: 204 len: 0 microversion: 1.36 [pid: 7|app: 0|req: 324/646] 10.0.0.147 () {38 vars in 913 bytes} [Thu Jun 18 04:33:48 2026] PUT /allocations/2fe227a0-5b98-4cf1-ab20-45fa882a7554 => generated 0 bytes in 76 msecs (HTTP/1.1 204) 5 headers in 199 bytes (1 switches on core 0)
2026-06-18 04:33:49.063 8 INFO placement.requestlog [req-61781637-aa93-4664-9d95-568f512300d8 req-da3d6ac6-25a5-4965-a193-1486b3cb29be 3ed3d82cd4c94d0ea044e9462f68a064 f498b8ff386b4f949cde99a1b9816788 - - 86a31006febf4def8d47f47d9cbe49c2 86a31006febf4def8d47f47d9cbe49c2] 199.204.45.65 "GET /resource_providers/1191e03c-952c-4ef4-ac68-fb59b1215463/allocations" status: 200 len: 338 microversion: 1.0 [pid: 8|app: 0|req: 323/647] 199.204.45.65 () {32 vars in 855 bytes} [Thu Jun 18 04:33:49 2026] GET /resource_providers/1191e03c-952c-4ef4-ac68-fb59b1215463/allocations => generated 338 bytes in 16 msecs (HTTP/1.1 200) 6 headers in 224 bytes (1 switches on core 0)
2026-06-18 04:33:49.598 7 INFO placement.requestlog [req-61781637-aa93-4664-9d95-568f512300d8 req-70c0d4ac-88c3-4c9e-949b-d8669384dab1 3ed3d82cd4c94d0ea044e9462f68a064 f498b8ff386b4f949cde99a1b9816788 - - 86a31006febf4def8d47f47d9cbe49c2 86a31006febf4def8d47f47d9cbe49c2] 199.204.45.65 "GET /resource_providers/1191e03c-952c-4ef4-ac68-fb59b1215463/allocations" status: 200 len: 338 microversion: 1.0 [pid: 7|app: 0|req: 325/648] 199.204.45.65 () {32 vars in 855 bytes} [Thu Jun 18 04:33:49 2026] GET /resource_providers/1191e03c-952c-4ef4-ac68-fb59b1215463/allocations => generated 338 bytes in 22 msecs (HTTP/1.1 200) 6 headers in 224 bytes (1 switches on core 0)
2026-06-18 04:33:49.624 8 INFO placement.requestlog [req-61781637-aa93-4664-9d95-568f512300d8 req-eac563f9-55cb-4b3d-a39d-38f118c47feb 3ed3d82cd4c94d0ea044e9462f68a064 f498b8ff386b4f949cde99a1b9816788 - - 86a31006febf4def8d47f47d9cbe49c2 86a31006febf4def8d47f47d9cbe49c2] 199.204.45.65 "GET /allocations/660957bd-64f0-497c-99d2-240612768da6" status: 200 len: 257 microversion: 1.28 [pid: 8|app: 0|req: 324/649] 199.204.45.65 () {34 vars in 861 bytes} [Thu Jun 18 04:33:49 2026] GET /allocations/660957bd-64f0-497c-99d2-240612768da6 => generated 257 bytes in 22 msecs (HTTP/1.1 200) 8 headers in 296 bytes (1 switches on core 0)
2026-06-18 04:33:49.655 7 INFO placement.requestlog [req-61781637-aa93-4664-9d95-568f512300d8 req-f555ae3e-5240-4f4d-9040-3c98ed713610 3ed3d82cd4c94d0ea044e9462f68a064 f498b8ff386b4f949cde99a1b9816788 - - 86a31006febf4def8d47f47d9cbe49c2 86a31006febf4def8d47f47d9cbe49c2] 199.204.45.65 "GET /allocations/2fe227a0-5b98-4cf1-ab20-45fa882a7554" status: 200 len: 243 microversion: 1.28 [pid: 7|app: 0|req: 326/650] 199.204.45.65 () {34 vars in 861 bytes} [Thu Jun 18 04:33:49 2026] GET /allocations/2fe227a0-5b98-4cf1-ab20-45fa882a7554 => generated 243 bytes in 13 msecs (HTTP/1.1 200) 8 headers in 296 bytes (1 switches on core 0)
2026-06-18 04:33:49.673 8 INFO placement.requestlog [req-61781637-aa93-4664-9d95-568f512300d8 req-5bf5f222-daf9-43d5-895f-d860098398f5 3ed3d82cd4c94d0ea044e9462f68a064 f498b8ff386b4f949cde99a1b9816788 - - 86a31006febf4def8d47f47d9cbe49c2 86a31006febf4def8d47f47d9cbe49c2] 199.204.45.65 "GET /allocations/5cc14a57-62be-425f-9028-073ca4766958" status: 200 len: 257 microversion: 1.28 [pid: 8|app: 0|req: 325/651] 199.204.45.65 () {34 vars in 861 bytes} [Thu Jun 18 04:33:49 2026] GET /allocations/5cc14a57-62be-425f-9028-073ca4766958 => generated 257 bytes in 14 msecs (HTTP/1.1 200) 8 headers in 296 bytes (1 switches on core 0)
2026-06-18 04:33:50.502 7 INFO placement.requestlog [req-f3d6747f-d90f-4cb8-be04-d4d430027d99 req-acbb4aef-3f51-4405-829c-773a6f28e0b5 3ed3d82cd4c94d0ea044e9462f68a064 f498b8ff386b4f949cde99a1b9816788 - - 86a31006febf4def8d47f47d9cbe49c2 86a31006febf4def8d47f47d9cbe49c2] 199.204.45.65 "GET /allocations/2fe227a0-5b98-4cf1-ab20-45fa882a7554" status: 200 len: 243 microversion: 1.28 [pid: 7|app: 0|req: 327/652] 199.204.45.65 () {34 vars in 861 bytes} [Thu Jun 18 04:33:50 2026] GET /allocations/2fe227a0-5b98-4cf1-ab20-45fa882a7554 => generated 243 bytes in 14 msecs (HTTP/1.1 200) 8 headers in 296 bytes (1 switches on core 0)
2026-06-18 04:33:51.691 8 INFO placement.requestlog [None req-a42bedba-c982-4221-ac8d-4a9d12b839fa - - - - - -] 10.0.0.18 "GET /" status: 200 len: 136 microversion: 1.0
2026-06-18 04:33:51.695 7 INFO placement.requestlog [None req-19e5fc2f-c03d-4006-ad07-d92e792ff940 - - - - - -] 10.0.0.18 "GET /" status: 200 len: 136 microversion: 1.0
2026-06-18 04:33:51.742 8 INFO placement.requestlog [req-f3d6747f-d90f-4cb8-be04-d4d430027d99 req-7923e20f-f3f8-4efd-a2a3-d5adc0e8bb8c 3ed3d82cd4c94d0ea044e9462f68a064 f498b8ff386b4f949cde99a1b9816788 - - 86a31006febf4def8d47f47d9cbe49c2 86a31006febf4def8d47f47d9cbe49c2] 199.204.45.65 "GET /resource_providers/1191e03c-952c-4ef4-ac68-fb59b1215463/allocations" status: 200 len: 338 microversion: 1.0 [pid: 8|app: 0|req: 327/655] 199.204.45.65 () {32 vars in 855 bytes} [Thu Jun 18 04:33:51 2026] GET /resource_providers/1191e03c-952c-4ef4-ac68-fb59b1215463/allocations => generated 338 bytes in 29 msecs (HTTP/1.1 200) 6 headers in 224 bytes (1 switches on core 0)
2026-06-18 04:33:51.759 7 INFO placement.requestlog [req-f3d6747f-d90f-4cb8-be04-d4d430027d99 req-b68a1b66-db2a-4493-91e5-92392cc45083 3ed3d82cd4c94d0ea044e9462f68a064 f498b8ff386b4f949cde99a1b9816788 - - 86a31006febf4def8d47f47d9cbe49c2 86a31006febf4def8d47f47d9cbe49c2] 199.204.45.65 "GET /allocations/660957bd-64f0-497c-99d2-240612768da6" status: 200 len: 257 microversion: 1.28 [pid: 7|app: 0|req: 329/656] 199.204.45.65 () {34 vars in 861 bytes} [Thu Jun 18 04:33:51 2026] GET /allocations/660957bd-64f0-497c-99d2-240612768da6 => generated 257 bytes in 13 msecs (HTTP/1.1 200) 8 headers in 296 bytes (1 switches on core 0)
2026-06-18 04:33:51.777 8 INFO placement.requestlog [req-f3d6747f-d90f-4cb8-be04-d4d430027d99 req-0e5ddb8f-be66-4473-b777-efe14d29ed5a 3ed3d82cd4c94d0ea044e9462f68a064 f498b8ff386b4f949cde99a1b9816788 - - 86a31006febf4def8d47f47d9cbe49c2 86a31006febf4def8d47f47d9cbe49c2] 199.204.45.65 "GET /allocations/2fe227a0-5b98-4cf1-ab20-45fa882a7554" status: 200 len: 243 microversion: 1.28 [pid: 8|app: 0|req: 328/657] 199.204.45.65 () {34 vars in 861 bytes} [Thu Jun 18 04:33:51 2026] GET /allocations/2fe227a0-5b98-4cf1-ab20-45fa882a7554 => generated 243 bytes in 16 msecs (HTTP/1.1 200) 8 headers in 296 bytes (1 switches on core 0)
2026-06-18 04:33:51.793 7 INFO placement.requestlog [req-f3d6747f-d90f-4cb8-be04-d4d430027d99 req-28f61c99-3f58-4f6b-bad3-182ca12b4eff 3ed3d82cd4c94d0ea044e9462f68a064 f498b8ff386b4f949cde99a1b9816788 - - 86a31006febf4def8d47f47d9cbe49c2 86a31006febf4def8d47f47d9cbe49c2] 199.204.45.65 "GET /allocations/5cc14a57-62be-425f-9028-073ca4766958" status: 200 len: 257 microversion: 1.28 [pid: 7|app: 0|req: 330/658] 199.204.45.65 () {34 vars in 861 bytes} [Thu Jun 18 04:33:51 2026] GET /allocations/5cc14a57-62be-425f-9028-073ca4766958 => generated 257 bytes in 13 msecs (HTTP/1.1 200) 8 headers in 296 bytes (1 switches on core 0)
2026-06-18 04:33:55.038 7 INFO placement.requestlog [None req-01d0e662-d3c5-4ebc-b535-066fdb8f007d d636f22f49874329a95f5f39b892d54e f498b8ff386b4f949cde99a1b9816788 - - 86a31006febf4def8d47f47d9cbe49c2 86a31006febf4def8d47f47d9cbe49c2] 10.0.0.33 "GET /resource_providers/1c7c9fd3-0a9a-477f-a185-6dbe850de3f4/aggregates" status: 404 len: 235 microversion: 1.1 [pid: 7|app: 0|req: 331/659] 10.0.0.33 () {32 vars in 814 bytes} [Thu Jun 18 04:33:55 2026] GET /resource_providers/1c7c9fd3-0a9a-477f-a185-6dbe850de3f4/aggregates => generated 235 bytes in 7 msecs (HTTP/1.1 404) 5 headers in 202 bytes (1 switches on core 0)
2026-06-18 04:33:55.041 8 INFO placement.requestlog [None req-ee7d17dd-ac35-4f12-8ec9-696cc317770e d636f22f49874329a95f5f39b892d54e f498b8ff386b4f949cde99a1b9816788 - - 86a31006febf4def8d47f47d9cbe49c2 86a31006febf4def8d47f47d9cbe49c2] 10.0.0.33 "GET /resource_providers/1c7c9fd3-0a9a-477f-a185-6dbe850de3f4/aggregates" status: 404 len: 235 microversion: 1.1 [pid: 8|app: 0|req: 329/660] 10.0.0.33 () {32 vars in 814 bytes} [Thu Jun 18 04:33:55 2026] GET /resource_providers/1c7c9fd3-0a9a-477f-a185-6dbe850de3f4/aggregates => generated 235 bytes in 12 msecs (HTTP/1.1 404) 5 headers in 202 bytes (1 switches on core 0)
2026-06-18 04:33:55.052 7 INFO placement.requestlog [None req-ed7487ad-8b46-4f6d-98ba-185496845730 d636f22f49874329a95f5f39b892d54e f498b8ff386b4f949cde99a1b9816788 - - 86a31006febf4def8d47f47d9cbe49c2 86a31006febf4def8d47f47d9cbe49c2] 10.0.0.33 "DELETE /resource_providers/1c7c9fd3-0a9a-477f-a185-6dbe850de3f4" status: 404 len: 246 microversion: 1.1 [pid: 7|app: 0|req: 332/661] 10.0.0.33 () {34 vars in 814 bytes} [Thu Jun 18 04:33:55 2026] DELETE /resource_providers/1c7c9fd3-0a9a-477f-a185-6dbe850de3f4 => generated 246 bytes in 7 msecs (HTTP/1.1 404) 6 headers in 231 bytes (1 switches on core 0)
2026-06-18 04:33:55.065 8 INFO placement.requestlog [None req-a5445478-6375-45ce-8d71-face16966abc d636f22f49874329a95f5f39b892d54e f498b8ff386b4f949cde99a1b9816788 - - 86a31006febf4def8d47f47d9cbe49c2 86a31006febf4def8d47f47d9cbe49c2] 10.0.0.33 "DELETE /resource_providers/1c7c9fd3-0a9a-477f-a185-6dbe850de3f4" status: 404 len: 246 microversion: 1.1 [pid: 8|app: 0|req: 330/662] 10.0.0.33 () {34 vars in 814 bytes} [Thu Jun 18 04:33:55 2026] DELETE /resource_providers/1c7c9fd3-0a9a-477f-a185-6dbe850de3f4 => generated 246 bytes in 11 msecs (HTTP/1.1 404) 6 headers in 231 bytes (1 switches on core 0)
2026-06-18 04:33:57.069 7 INFO placement.requestlog [None req-6aeaf651-8a3b-4d65-a810-cd40a4b6e8d6 d636f22f49874329a95f5f39b892d54e f498b8ff386b4f949cde99a1b9816788 - - 86a31006febf4def8d47f47d9cbe49c2 86a31006febf4def8d47f47d9cbe49c2] 10.0.0.33 "GET /resource_providers/21c8fb68-95cb-4460-8091-35576947440a/aggregates" status: 404 len: 235 microversion: 1.1 [pid: 7|app: 0|req: 333/663] 10.0.0.33 () {32 vars in 814 bytes} [Thu Jun 18 04:33:57 2026] GET /resource_providers/21c8fb68-95cb-4460-8091-35576947440a/aggregates => generated 235 bytes in 9 msecs (HTTP/1.1 404) 5 headers in 202 bytes (1 switches on core 0)
2026-06-18 04:33:57.089 8 INFO placement.requestlog [None req-481255cf-9bac-4313-9a3d-ce79b3d3ecdd d636f22f49874329a95f5f39b892d54e f498b8ff386b4f949cde99a1b9816788 - - 86a31006febf4def8d47f47d9cbe49c2 86a31006febf4def8d47f47d9cbe49c2] 10.0.0.33 "DELETE /resource_providers/21c8fb68-95cb-4460-8091-35576947440a" status: 404 len: 246 microversion: 1.1 [pid: 8|app: 0|req: 331/664] 10.0.0.33 () {34 vars in 814 bytes} [Thu Jun 18 04:33:57 2026] DELETE /resource_providers/21c8fb68-95cb-4460-8091-35576947440a => generated 246 bytes in 12 msecs (HTTP/1.1 404) 6 headers in 231 bytes (1 switches on core 0)
2026-06-18 04:33:57.096 7 INFO placement.requestlog [None req-cfdd9e29-4a7b-4e30-a6a4-a5e662fc8ccf d636f22f49874329a95f5f39b892d54e f498b8ff386b4f949cde99a1b9816788 - - 86a31006febf4def8d47f47d9cbe49c2 86a31006febf4def8d47f47d9cbe49c2] 10.0.0.33 "GET /resource_providers/21c8fb68-95cb-4460-8091-35576947440a/aggregates" status: 404 len: 235 microversion: 1.1 [pid: 7|app: 0|req: 334/665] 10.0.0.33 () {32 vars in 814 bytes} [Thu Jun 18 04:33:57 2026] GET /resource_providers/21c8fb68-95cb-4460-8091-35576947440a/aggregates => generated 235 bytes in 12 msecs (HTTP/1.1 404) 5 headers in 202 bytes (1 switches on core 0)
2026-06-18 04:33:57.115 8 INFO placement.requestlog [None req-b840d914-d33d-4d5a-9791-6caae976aa26 d636f22f49874329a95f5f39b892d54e f498b8ff386b4f949cde99a1b9816788 - - 86a31006febf4def8d47f47d9cbe49c2 86a31006febf4def8d47f47d9cbe49c2] 10.0.0.33 "DELETE /resource_providers/21c8fb68-95cb-4460-8091-35576947440a" status: 404 len: 246 microversion: 1.1 [pid: 8|app: 0|req: 332/666] 10.0.0.33 () {34 vars in 814 bytes} [Thu Jun 18 04:33:57 2026] DELETE /resource_providers/21c8fb68-95cb-4460-8091-35576947440a => generated 246 bytes in 11 msecs (HTTP/1.1 404) 6 headers in 231 bytes (1 switches on core 0)
2026-06-18 04:34:01.692 7 INFO placement.requestlog [None req-da88ba0b-a47d-4074-b9e2-52737b22d982 - - - - - -] 10.0.0.18 "GET /" status: 200 len: 136 microversion: 1.0
2026-06-18 04:34:01.693 8 INFO placement.requestlog [None req-ecf65153-e6fe-42ef-aab9-0090a84ed8fb - - - - - -] 10.0.0.18 "GET /" status: 200 len: 136 microversion: 1.0
2026-06-18 04:34:04.906 7 INFO placement.requestlog [req-5ef38050-4eb2-497c-b90e-bd6ce563f8a0 req-fd9af890-dd81-4435-b002-5ed28404883b 3ed3d82cd4c94d0ea044e9462f68a064 f498b8ff386b4f949cde99a1b9816788 - - 86a31006febf4def8d47f47d9cbe49c2 86a31006febf4def8d47f47d9cbe49c2] 10.0.0.147 "GET /allocation_candidates?limit=1000&resources=DISK_GB%3A1%2CMEMORY_MB%3A512%2CVCPU%3A1&root_required=%21COMPUTE_STATUS_DISABLED" status: 200 len: 2784 microversion: 1.36 [pid: 7|app: 0|req: 336/669] 10.0.0.147 () {34 vars in 1011 bytes} [Thu Jun 18 04:34:04 2026] GET /allocation_candidates?limit=1000&resources=DISK_GB%3A1%2CMEMORY_MB%3A512%2CVCPU%3A1&root_required=%21COMPUTE_STATUS_DISABLED => generated 2784 bytes in 43 msecs (HTTP/1.1 200) 8 headers in 297 bytes (1 switches on core 0)
2026-06-18 04:34:04.946 8 INFO placement.requestlog [req-5ef38050-4eb2-497c-b90e-bd6ce563f8a0 req-cca89378-f4f9-4fb9-982d-25838e34d005 3ed3d82cd4c94d0ea044e9462f68a064 f498b8ff386b4f949cde99a1b9816788 - - 86a31006febf4def8d47f47d9cbe49c2 86a31006febf4def8d47f47d9cbe49c2] 10.0.0.147 "GET /allocations/f453d437-1f26-4434-8062-62f34a606cd4" status: 200 len: 19 microversion: 1.28 [pid: 8|app: 0|req: 334/670] 10.0.0.147 () {34 vars in 860 bytes} [Thu Jun 18 04:34:04 2026] GET /allocations/f453d437-1f26-4434-8062-62f34a606cd4 => generated 19 bytes in 11 msecs (HTTP/1.1 200) 8 headers in 295 bytes (1 switches on core 0)
2026-06-18 04:34:05.015 7 INFO placement.requestlog [req-5ef38050-4eb2-497c-b90e-bd6ce563f8a0 req-ff810c2b-b738-41db-896b-78c93bcc7996 3ed3d82cd4c94d0ea044e9462f68a064 f498b8ff386b4f949cde99a1b9816788 - - 86a31006febf4def8d47f47d9cbe49c2 86a31006febf4def8d47f47d9cbe49c2] 10.0.0.147 "PUT /allocations/f453d437-1f26-4434-8062-62f34a606cd4" status: 204 len: 0 microversion: 1.36 [pid: 7|app: 0|req: 337/671] 10.0.0.147 () {38 vars in 913 bytes} [Thu Jun 18 04:34:04 2026] PUT /allocations/f453d437-1f26-4434-8062-62f34a606cd4 => generated 0 bytes in 63 msecs (HTTP/1.1 204) 5 headers in 199 bytes (1 switches on core 0)
2026-06-18 04:34:06.599 8 INFO placement.requestlog [req-5ef38050-4eb2-497c-b90e-bd6ce563f8a0 req-92746ff0-6776-4944-b4fb-a680098d2d1b 3ed3d82cd4c94d0ea044e9462f68a064 f498b8ff386b4f949cde99a1b9816788 - - 86a31006febf4def8d47f47d9cbe49c2 86a31006febf4def8d47f47d9cbe49c2] 199.204.45.65 "GET /allocations/f453d437-1f26-4434-8062-62f34a606cd4" status: 200 len: 257 microversion: 1.28 [pid: 8|app: 0|req: 335/672] 199.204.45.65 () {34 vars in 861 bytes} [Thu Jun 18 04:34:06 2026] GET /allocations/f453d437-1f26-4434-8062-62f34a606cd4 => generated 257 bytes in 15 msecs (HTTP/1.1 200) 8 headers in 296 bytes (1 switches on core 0)
2026-06-18 04:34:07.640 7 INFO placement.requestlog [req-5ef38050-4eb2-497c-b90e-bd6ce563f8a0 req-af862aa6-c9ef-49a7-9a65-98ed85b578a8 3ed3d82cd4c94d0ea044e9462f68a064 f498b8ff386b4f949cde99a1b9816788 - - 86a31006febf4def8d47f47d9cbe49c2 86a31006febf4def8d47f47d9cbe49c2] 199.204.45.65 "GET /resource_providers/1191e03c-952c-4ef4-ac68-fb59b1215463/allocations" status: 200 len: 438 microversion: 1.0 [pid: 7|app: 0|req: 338/673] 199.204.45.65 () {32 vars in 855 bytes} [Thu Jun 18 04:34:07 2026] GET /resource_providers/1191e03c-952c-4ef4-ac68-fb59b1215463/allocations => generated 438 bytes in 18 msecs (HTTP/1.1 200) 6 headers in 224 bytes (1 switches on core 0)
2026-06-18 04:34:07.662 8 INFO placement.requestlog [req-5ef38050-4eb2-497c-b90e-bd6ce563f8a0 req-79d8577b-170c-497b-99a2-c98aeb4f9a3d 3ed3d82cd4c94d0ea044e9462f68a064 f498b8ff386b4f949cde99a1b9816788 - - 86a31006febf4def8d47f47d9cbe49c2 86a31006febf4def8d47f47d9cbe49c2] 199.204.45.65 "GET /allocations/660957bd-64f0-497c-99d2-240612768da6" status: 200 len: 257 microversion: 1.28 [pid: 8|app: 0|req: 336/674] 199.204.45.65 () {34 vars in 861 bytes} [Thu Jun 18 04:34:07 2026] GET /allocations/660957bd-64f0-497c-99d2-240612768da6 => generated 257 bytes in 13 msecs (HTTP/1.1 200) 8 headers in 296 bytes (1 switches on core 0)
2026-06-18 04:34:07.697 7 INFO placement.requestlog [req-5ef38050-4eb2-497c-b90e-bd6ce563f8a0 req-5f0db442-7ab9-49a7-ac08-4a9a236c0db8 3ed3d82cd4c94d0ea044e9462f68a064 f498b8ff386b4f949cde99a1b9816788 - - 86a31006febf4def8d47f47d9cbe49c2 86a31006febf4def8d47f47d9cbe49c2] 199.204.45.65 "GET /allocations/f453d437-1f26-4434-8062-62f34a606cd4" status: 200 len: 257 microversion: 1.28 [pid: 7|app: 0|req: 339/675] 199.204.45.65 () {34 vars in 861 bytes} [Thu Jun 18 04:34:07 2026] GET /allocations/f453d437-1f26-4434-8062-62f34a606cd4 => generated 257 bytes in 25 msecs (HTTP/1.1 200) 8 headers in 296 bytes (1 switches on core 0)
2026-06-18 04:34:07.722 8 INFO placement.requestlog [req-5ef38050-4eb2-497c-b90e-bd6ce563f8a0 req-4e9c5c84-fbeb-415c-b6a0-51475767798d 3ed3d82cd4c94d0ea044e9462f68a064 f498b8ff386b4f949cde99a1b9816788 - - 86a31006febf4def8d47f47d9cbe49c2 86a31006febf4def8d47f47d9cbe49c2] 199.204.45.65 "GET /allocations/2fe227a0-5b98-4cf1-ab20-45fa882a7554" status: 200 len: 243 microversion: 1.28 [pid: 8|app: 0|req: 337/676] 199.204.45.65 () {34 vars in 861 bytes} [Thu Jun 18 04:34:07 2026] GET /allocations/2fe227a0-5b98-4cf1-ab20-45fa882a7554 => generated 243 bytes in 14 msecs (HTTP/1.1 200) 8 headers in 296 bytes (1 switches on core 0)
2026-06-18 04:34:07.748 7 INFO placement.requestlog [req-5ef38050-4eb2-497c-b90e-bd6ce563f8a0 req-dbbab968-3eac-43fd-ae15-1597f0207c67 3ed3d82cd4c94d0ea044e9462f68a064 f498b8ff386b4f949cde99a1b9816788 - - 86a31006febf4def8d47f47d9cbe49c2 86a31006febf4def8d47f47d9cbe49c2] 199.204.45.65 "GET /allocations/5cc14a57-62be-425f-9028-073ca4766958" status: 200 len: 257 microversion: 1.28 [pid: 7|app: 0|req: 340/677] 199.204.45.65 () {34 vars in 861 bytes} [Thu Jun 18 04:34:07 2026] GET /allocations/5cc14a57-62be-425f-9028-073ca4766958 => generated 257 bytes in 19 msecs (HTTP/1.1 200) 8 headers in 296 bytes (1 switches on core 0)
2026-06-18 04:34:08.808 8 INFO placement.requestlog [req-87e7c115-7a16-4182-b06f-04e5edd5e2ab req-d93c44d1-514d-44dd-a115-ec78382cafe6 3ed3d82cd4c94d0ea044e9462f68a064 f498b8ff386b4f949cde99a1b9816788 - - 86a31006febf4def8d47f47d9cbe49c2 86a31006febf4def8d47f47d9cbe49c2] 199.204.45.65 "GET /resource_providers/1191e03c-952c-4ef4-ac68-fb59b1215463/allocations" status: 200 len: 438 microversion: 1.0 [pid: 8|app: 0|req: 338/678] 199.204.45.65 () {32 vars in 855 bytes} [Thu Jun 18 04:34:08 2026] GET /resource_providers/1191e03c-952c-4ef4-ac68-fb59b1215463/allocations => generated 438 bytes in 20 msecs (HTTP/1.1 200) 6 headers in 224 bytes (1 switches on core 0)
2026-06-18 04:34:08.825 7 INFO placement.requestlog [req-87e7c115-7a16-4182-b06f-04e5edd5e2ab req-beff3d5a-9f55-400a-a0a3-0e3633fd7c89 3ed3d82cd4c94d0ea044e9462f68a064 f498b8ff386b4f949cde99a1b9816788 - - 86a31006febf4def8d47f47d9cbe49c2 86a31006febf4def8d47f47d9cbe49c2] 199.204.45.65 "GET /allocations/660957bd-64f0-497c-99d2-240612768da6" status: 200 len: 257 microversion: 1.28 [pid: 7|app: 0|req: 341/679] 199.204.45.65 () {34 vars in 861 bytes} [Thu Jun 18 04:34:08 2026] GET /allocations/660957bd-64f0-497c-99d2-240612768da6 => generated 257 bytes in 12 msecs (HTTP/1.1 200) 8 headers in 296 bytes (1 switches on core 0)
2026-06-18 04:34:08.848 8 INFO placement.requestlog [req-87e7c115-7a16-4182-b06f-04e5edd5e2ab req-57c25847-696a-48c7-a97a-3034fc7db6cf 3ed3d82cd4c94d0ea044e9462f68a064 f498b8ff386b4f949cde99a1b9816788 - - 86a31006febf4def8d47f47d9cbe49c2 86a31006febf4def8d47f47d9cbe49c2] 199.204.45.65 "GET /allocations/f453d437-1f26-4434-8062-62f34a606cd4" status: 200 len: 257 microversion: 1.28 [pid: 8|app: 0|req: 339/680] 199.204.45.65 () {34 vars in 861 bytes} [Thu Jun 18 04:34:08 2026] GET /allocations/f453d437-1f26-4434-8062-62f34a606cd4 => generated 257 bytes in 17 msecs (HTTP/1.1 200) 8 headers in 296 bytes (1 switches on core 0)
2026-06-18 04:34:08.868 7 INFO placement.requestlog [req-87e7c115-7a16-4182-b06f-04e5edd5e2ab req-54a44fb1-b2ec-4c9c-841a-9ab11bc0cae9 3ed3d82cd4c94d0ea044e9462f68a064 f498b8ff386b4f949cde99a1b9816788 - - 86a31006febf4def8d47f47d9cbe49c2 86a31006febf4def8d47f47d9cbe49c2] 199.204.45.65 "GET /allocations/2fe227a0-5b98-4cf1-ab20-45fa882a7554" status: 200 len: 243 microversion: 1.28 [pid: 7|app: 0|req: 342/681] 199.204.45.65 () {34 vars in 861 bytes} [Thu Jun 18 04:34:08 2026] GET /allocations/2fe227a0-5b98-4cf1-ab20-45fa882a7554 => generated 243 bytes in 14 msecs (HTTP/1.1 200) 8 headers in 296 bytes (1 switches on core 0)
2026-06-18 04:34:08.887 8 INFO placement.requestlog [req-87e7c115-7a16-4182-b06f-04e5edd5e2ab req-5618f520-a78d-44a0-b4d6-fab4bfc86614 3ed3d82cd4c94d0ea044e9462f68a064 f498b8ff386b4f949cde99a1b9816788 - - 86a31006febf4def8d47f47d9cbe49c2 86a31006febf4def8d47f47d9cbe49c2] 199.204.45.65 "GET /allocations/5cc14a57-62be-425f-9028-073ca4766958" status: 200 len: 257 microversion: 1.28 [pid: 8|app: 0|req: 340/682] 199.204.45.65 () {34 vars in 861 bytes} [Thu Jun 18 04:34:08 2026] GET /allocations/5cc14a57-62be-425f-9028-073ca4766958 => generated 257 bytes in 15 msecs (HTTP/1.1 200) 8 headers in 296 bytes (1 switches on core 0)
2026-06-18 04:34:09.983 7 INFO placement.requestlog [req-87e7c115-7a16-4182-b06f-04e5edd5e2ab req-2a70fd2a-f64f-4681-b924-15c0c78cf9b0 3ed3d82cd4c94d0ea044e9462f68a064 f498b8ff386b4f949cde99a1b9816788 - - 86a31006febf4def8d47f47d9cbe49c2 86a31006febf4def8d47f47d9cbe49c2] 199.204.45.65 "DELETE /allocations/5cc14a57-62be-425f-9028-073ca4766958" status: 204 len: 0 microversion: 1.0 [pid: 7|app: 0|req: 343/683] 199.204.45.65 () {34 vars in 839 bytes} [Thu Jun 18 04:34:09 2026] DELETE /allocations/5cc14a57-62be-425f-9028-073ca4766958 => generated 0 bytes in 67 msecs (HTTP/1.1 204) 5 headers in 198 bytes (1 switches on core 0)
2026-06-18 04:34:11.691 7 INFO placement.requestlog [None req-3a9f023a-361c-481b-aa91-f381525baa3b - - - - - -] 10.0.0.18 "GET /" status: 200 len: 136 microversion: 1.0
2026-06-18 04:34:11.692 8 INFO placement.requestlog [None req-99f45758-8844-420e-a9c1-8d7fb4b44c7b - - - - - -] 10.0.0.18 "GET /" status: 200 len: 136 microversion: 1.0
2026-06-18 04:34:11.782 7 INFO placement.requestlog [req-4ce89592-45d7-4dfc-be7d-62068f938808 req-1f900c3a-9c76-4330-91ff-d6c26f3acaaf 3ed3d82cd4c94d0ea044e9462f68a064 f498b8ff386b4f949cde99a1b9816788 - - 86a31006febf4def8d47f47d9cbe49c2 86a31006febf4def8d47f47d9cbe49c2] 199.204.45.65 "GET /resource_providers/1191e03c-952c-4ef4-ac68-fb59b1215463/allocations" status: 200 len: 338 microversion: 1.0 [pid: 7|app: 0|req: 345/686] 199.204.45.65 () {32 vars in 855 bytes} [Thu Jun 18 04:34:11 2026] GET /resource_providers/1191e03c-952c-4ef4-ac68-fb59b1215463/allocations => generated 338 bytes in 19 msecs (HTTP/1.1 200) 6 headers in 224 bytes (1 switches on core 0)
2026-06-18 04:34:11.802 8 INFO placement.requestlog [req-4ce89592-45d7-4dfc-be7d-62068f938808 req-939485d5-407f-486f-a6cb-7fbda721c1cd 3ed3d82cd4c94d0ea044e9462f68a064 f498b8ff386b4f949cde99a1b9816788 - - 86a31006febf4def8d47f47d9cbe49c2 86a31006febf4def8d47f47d9cbe49c2] 199.204.45.65 "GET /allocations/660957bd-64f0-497c-99d2-240612768da6" status: 200 len: 257 microversion: 1.28 [pid: 8|app: 0|req: 342/687] 199.204.45.65 () {34 vars in 861 bytes} [Thu Jun 18 04:34:11 2026] GET /allocations/660957bd-64f0-497c-99d2-240612768da6 => generated 257 bytes in 13 msecs (HTTP/1.1 200) 8 headers in 296 bytes (1 switches on core 0)
