2026-06-18 04:38:01.001 8 INFO cinder.api.openstack.wsgi [None req-641ef781-28b7-4ef1-ad30-b3327de377f1 55c7e25be8184982b3dca13ca702e21a 83b0599c3ddb4eb284ea3581ca128e4f - - default default] GET http://10.0.0.251:8776/
2026-06-18 04:38:01.001 7 INFO cinder.api.openstack.wsgi [None req-40b971f0-e136-42ee-ad60-318605727e89 55c7e25be8184982b3dca13ca702e21a 83b0599c3ddb4eb284ea3581ca128e4f - - default default] GET http://10.0.0.251:8776/
2026-06-18 04:38:01.002 7 INFO cinder.api.openstack.wsgi [None req-40b971f0-e136-42ee-ad60-318605727e89 55c7e25be8184982b3dca13ca702e21a 83b0599c3ddb4eb284ea3581ca128e4f - - default default] http://10.0.0.251:8776/ returned with HTTP 300
2026-06-18 04:38:01.003 8 INFO cinder.api.openstack.wsgi [None req-641ef781-28b7-4ef1-ad30-b3327de377f1 55c7e25be8184982b3dca13ca702e21a 83b0599c3ddb4eb284ea3581ca128e4f - - default default] http://10.0.0.251:8776/ returned with HTTP 300
2026-06-18 04:38:11.002 7 INFO cinder.api.openstack.wsgi [None req-40b971f0-e136-42ee-ad60-318605727e89 55c7e25be8184982b3dca13ca702e21a 83b0599c3ddb4eb284ea3581ca128e4f - - default default] GET http://10.0.0.251:8776/
2026-06-18 04:38:11.002 8 INFO cinder.api.openstack.wsgi [None req-641ef781-28b7-4ef1-ad30-b3327de377f1 55c7e25be8184982b3dca13ca702e21a 83b0599c3ddb4eb284ea3581ca128e4f - - default default] GET http://10.0.0.251:8776/
2026-06-18 04:38:11.002 7 INFO cinder.api.openstack.wsgi [None req-40b971f0-e136-42ee-ad60-318605727e89 55c7e25be8184982b3dca13ca702e21a 83b0599c3ddb4eb284ea3581ca128e4f - - default default] http://10.0.0.251:8776/ returned with HTTP 300
2026-06-18 04:38:11.003 8 INFO cinder.api.openstack.wsgi [None req-641ef781-28b7-4ef1-ad30-b3327de377f1 55c7e25be8184982b3dca13ca702e21a 83b0599c3ddb4eb284ea3581ca128e4f - - default default] http://10.0.0.251:8776/ returned with HTTP 300
2026-06-18 04:38:21.002 8 INFO cinder.api.openstack.wsgi [None req-641ef781-28b7-4ef1-ad30-b3327de377f1 55c7e25be8184982b3dca13ca702e21a 83b0599c3ddb4eb284ea3581ca128e4f - - default default] GET http://10.0.0.251:8776/
2026-06-18 04:38:21.002 7 INFO cinder.api.openstack.wsgi [None req-40b971f0-e136-42ee-ad60-318605727e89 55c7e25be8184982b3dca13ca702e21a 83b0599c3ddb4eb284ea3581ca128e4f - - default default] GET http://10.0.0.251:8776/
2026-06-18 04:38:21.003 8 INFO cinder.api.openstack.wsgi [None req-641ef781-28b7-4ef1-ad30-b3327de377f1 55c7e25be8184982b3dca13ca702e21a 83b0599c3ddb4eb284ea3581ca128e4f - - default default] http://10.0.0.251:8776/ returned with HTTP 300
2026-06-18 04:38:21.003 7 INFO cinder.api.openstack.wsgi [None req-40b971f0-e136-42ee-ad60-318605727e89 55c7e25be8184982b3dca13ca702e21a 83b0599c3ddb4eb284ea3581ca128e4f - - default default] http://10.0.0.251:8776/ returned with HTTP 300
2026-06-18 04:38:31.003 7 INFO cinder.api.openstack.wsgi [None req-40b971f0-e136-42ee-ad60-318605727e89 55c7e25be8184982b3dca13ca702e21a 83b0599c3ddb4eb284ea3581ca128e4f - - default default] GET http://10.0.0.251:8776/
2026-06-18 04:38:31.004 8 INFO cinder.api.openstack.wsgi [None req-641ef781-28b7-4ef1-ad30-b3327de377f1 55c7e25be8184982b3dca13ca702e21a 83b0599c3ddb4eb284ea3581ca128e4f - - default default] GET http://10.0.0.251:8776/
2026-06-18 04:38:31.004 7 INFO cinder.api.openstack.wsgi [None req-40b971f0-e136-42ee-ad60-318605727e89 55c7e25be8184982b3dca13ca702e21a 83b0599c3ddb4eb284ea3581ca128e4f - - default default] http://10.0.0.251:8776/ returned with HTTP 300
2026-06-18 04:38:31.006 8 INFO cinder.api.openstack.wsgi [None req-641ef781-28b7-4ef1-ad30-b3327de377f1 55c7e25be8184982b3dca13ca702e21a 83b0599c3ddb4eb284ea3581ca128e4f - - default default] http://10.0.0.251:8776/ returned with HTTP 300
2026-06-18 04:38:36.878 7 INFO cinder.api.openstack.wsgi [None req-1ce7f68c-c680-4a19-870a-37b9ba10cdf7 55c7e25be8184982b3dca13ca702e21a 83b0599c3ddb4eb284ea3581ca128e4f - - default default] GET http://cinder-api.openstack.svc.cluster.local:8776/v3/83b0599c3ddb4eb284ea3581ca128e4f/volumes/detail?all_tenants=true
2026-06-18 04:38:36.889 7 INFO cinder.volume.api [None req-1ce7f68c-c680-4a19-870a-37b9ba10cdf7 55c7e25be8184982b3dca13ca702e21a 83b0599c3ddb4eb284ea3581ca128e4f - - default default] Get all volumes completed successfully.
2026-06-18 04:38:36.891 7 INFO cinder.api.openstack.wsgi [None req-1ce7f68c-c680-4a19-870a-37b9ba10cdf7 55c7e25be8184982b3dca13ca702e21a 83b0599c3ddb4eb284ea3581ca128e4f - - default default] http://cinder-api.openstack.svc.cluster.local:8776/v3/83b0599c3ddb4eb284ea3581ca128e4f/volumes/detail?all_tenants=true returned with HTTP 200 [pid: 7|app: 0|req: 463/921] 10.0.0.61 () {28 vars in 683 bytes} [Thu Jun 18 04:38:36 2026] GET /v3/83b0599c3ddb4eb284ea3581ca128e4f/volumes/detail?all_tenants=true => generated 15 bytes in 133 msecs (HTTP/1.1 200) 7 headers in 284 bytes (1 switches on core 0)
2026-06-18 04:38:36.902 8 INFO cinder.api.openstack.wsgi [None req-c2aaaca2-d62b-440b-8e15-266ab3a3e08f 55c7e25be8184982b3dca13ca702e21a 83b0599c3ddb4eb284ea3581ca128e4f - - default default] GET http://cinder-api.openstack.svc.cluster.local:8776/v3/83b0599c3ddb4eb284ea3581ca128e4f/volumes/detail?all_tenants=true
2026-06-18 04:38:36.912 8 INFO cinder.volume.api [None req-c2aaaca2-d62b-440b-8e15-266ab3a3e08f 55c7e25be8184982b3dca13ca702e21a 83b0599c3ddb4eb284ea3581ca128e4f - - default default] Get all volumes completed successfully.
2026-06-18 04:38:36.913 8 INFO cinder.api.openstack.wsgi [None req-c2aaaca2-d62b-440b-8e15-266ab3a3e08f 55c7e25be8184982b3dca13ca702e21a 83b0599c3ddb4eb284ea3581ca128e4f - - default default] http://cinder-api.openstack.svc.cluster.local:8776/v3/83b0599c3ddb4eb284ea3581ca128e4f/volumes/detail?all_tenants=true returned with HTTP 200 [pid: 8|app: 0|req: 459/922] 10.0.0.61 () {28 vars in 683 bytes} [Thu Jun 18 04:38:36 2026] GET /v3/83b0599c3ddb4eb284ea3581ca128e4f/volumes/detail?all_tenants=true => generated 15 bytes in 18 msecs (HTTP/1.1 200) 7 headers in 284 bytes (1 switches on core 0)
2026-06-18 04:38:36.925 7 INFO cinder.api.openstack.wsgi [None req-9c9297cd-223b-49a7-8773-13b0a447f48a 55c7e25be8184982b3dca13ca702e21a 83b0599c3ddb4eb284ea3581ca128e4f - - default default] GET http://cinder-api.openstack.svc.cluster.local:8776/v3/83b0599c3ddb4eb284ea3581ca128e4f/os-services
2026-06-18 04:38:36.940 7 INFO cinder.api.openstack.wsgi [None req-9c9297cd-223b-49a7-8773-13b0a447f48a 55c7e25be8184982b3dca13ca702e21a 83b0599c3ddb4eb284ea3581ca128e4f - - default default] http://cinder-api.openstack.svc.cluster.local:8776/v3/83b0599c3ddb4eb284ea3581ca128e4f/os-services returned with HTTP 200 [pid: 7|app: 0|req: 464/923] 10.0.0.61 () {28 vars in 644 bytes} [Thu Jun 18 04:38:36 2026] GET /v3/83b0599c3ddb4eb284ea3581ca128e4f/os-services => generated 646 bytes in 23 msecs (HTTP/1.1 200) 7 headers in 285 bytes (1 switches on core 0)
2026-06-18 04:38:36.953 8 INFO cinder.api.openstack.wsgi [None req-54e41099-d69e-4909-99cd-2a89a3562631 55c7e25be8184982b3dca13ca702e21a 83b0599c3ddb4eb284ea3581ca128e4f - - default default] GET http://cinder-api.openstack.svc.cluster.local:8776/v3/83b0599c3ddb4eb284ea3581ca128e4f/snapshots?all_tenants=true
2026-06-18 04:38:36.959 8 INFO cinder.volume.api [None req-54e41099-d69e-4909-99cd-2a89a3562631 55c7e25be8184982b3dca13ca702e21a 83b0599c3ddb4eb284ea3581ca128e4f - - default default] Get all snapshots completed successfully.
2026-06-18 04:38:36.960 8 INFO cinder.api.openstack.wsgi [None req-54e41099-d69e-4909-99cd-2a89a3562631 55c7e25be8184982b3dca13ca702e21a 83b0599c3ddb4eb284ea3581ca128e4f - - default default] http://cinder-api.openstack.svc.cluster.local:8776/v3/83b0599c3ddb4eb284ea3581ca128e4f/snapshots?all_tenants=true returned with HTTP 200 [pid: 8|app: 0|req: 460/924] 10.0.0.61 () {28 vars in 673 bytes} [Thu Jun 18 04:38:36 2026] GET /v3/83b0599c3ddb4eb284ea3581ca128e4f/snapshots?all_tenants=true => generated 17 bytes in 14 msecs (HTTP/1.1 200) 7 headers in 284 bytes (1 switches on core 0)
2026-06-18 04:38:36.971 7 INFO cinder.api.openstack.wsgi [None req-2e34787f-074b-4c5d-a30a-bf6968d70227 55c7e25be8184982b3dca13ca702e21a 83b0599c3ddb4eb284ea3581ca128e4f - - default default] GET http://cinder-api.openstack.svc.cluster.local:8776/v3/83b0599c3ddb4eb284ea3581ca128e4f/scheduler-stats/get_pools?detail=true
2026-06-18 04:38:37.475 7 INFO cinder.api.openstack.wsgi [None req-2e34787f-074b-4c5d-a30a-bf6968d70227 55c7e25be8184982b3dca13ca702e21a 83b0599c3ddb4eb284ea3581ca128e4f - - default default] http://cinder-api.openstack.svc.cluster.local:8776/v3/83b0599c3ddb4eb284ea3581ca128e4f/scheduler-stats/get_pools?detail=true returned with HTTP 200 [pid: 7|app: 0|req: 465/925] 10.0.0.61 () {28 vars in 695 bytes} [Thu Jun 18 04:38:36 2026] GET /v3/83b0599c3ddb4eb284ea3581ca128e4f/scheduler-stats/get_pools?detail=true => generated 668 bytes in 513 msecs (HTTP/1.1 200) 7 headers in 285 bytes (1 switches on core 0)
2026-06-18 04:38:37.515 8 INFO cinder.api.openstack.wsgi [None req-98fa4c62-d305-4b8a-b647-e6072f0ed3bf 55c7e25be8184982b3dca13ca702e21a 83b0599c3ddb4eb284ea3581ca128e4f - - default default] GET http://cinder-api.openstack.svc.cluster.local:8776/v3/83b0599c3ddb4eb284ea3581ca128e4f/os-quota-sets/040f3951624f4cdea178fae4da9ed73f?usage=true
2026-06-18 04:38:37.574 8 INFO cinder.api.openstack.wsgi [None req-98fa4c62-d305-4b8a-b647-e6072f0ed3bf 55c7e25be8184982b3dca13ca702e21a 83b0599c3ddb4eb284ea3581ca128e4f - - default default] http://cinder-api.openstack.svc.cluster.local:8776/v3/83b0599c3ddb4eb284ea3581ca128e4f/os-quota-sets/040f3951624f4cdea178fae4da9ed73f?usage=true returned with HTTP 200 [pid: 8|app: 0|req: 461/926] 10.0.0.61 () {28 vars in 735 bytes} [Thu Jun 18 04:38:37 2026] GET /v3/83b0599c3ddb4eb284ea3581ca128e4f/os-quota-sets/040f3951624f4cdea178fae4da9ed73f?usage=true => generated 847 bytes in 66 msecs (HTTP/1.1 200) 7 headers in 285 bytes (1 switches on core 0)
2026-06-18 04:38:37.587 7 INFO cinder.api.openstack.wsgi [None req-82b9fe2f-2e41-4e26-8829-8c7a524ef6af 55c7e25be8184982b3dca13ca702e21a 83b0599c3ddb4eb284ea3581ca128e4f - - default default] GET http://cinder-api.openstack.svc.cluster.local:8776/v3/83b0599c3ddb4eb284ea3581ca128e4f/os-quota-sets/052b97b99234416288e95db5aedfa90c?usage=true
2026-06-18 04:38:37.611 7 INFO cinder.api.openstack.wsgi [None req-82b9fe2f-2e41-4e26-8829-8c7a524ef6af 55c7e25be8184982b3dca13ca702e21a 83b0599c3ddb4eb284ea3581ca128e4f - - default default] http://cinder-api.openstack.svc.cluster.local:8776/v3/83b0599c3ddb4eb284ea3581ca128e4f/os-quota-sets/052b97b99234416288e95db5aedfa90c?usage=true returned with HTTP 200 [pid: 7|app: 0|req: 466/927] 10.0.0.61 () {28 vars in 735 bytes} [Thu Jun 18 04:38:37 2026] GET /v3/83b0599c3ddb4eb284ea3581ca128e4f/os-quota-sets/052b97b99234416288e95db5aedfa90c?usage=true => generated 847 bytes in 32 msecs (HTTP/1.1 200) 7 headers in 285 bytes (1 switches on core 0)
2026-06-18 04:38:37.626 8 INFO cinder.api.openstack.wsgi [None req-a924b516-b201-4393-90b4-a9db795d7f38 55c7e25be8184982b3dca13ca702e21a 83b0599c3ddb4eb284ea3581ca128e4f - - default default] GET http://cinder-api.openstack.svc.cluster.local:8776/v3/83b0599c3ddb4eb284ea3581ca128e4f/os-quota-sets/57d468e5f949423a834cf5f2abe5e25e?usage=true
2026-06-18 04:38:37.656 8 INFO cinder.api.openstack.wsgi [None req-a924b516-b201-4393-90b4-a9db795d7f38 55c7e25be8184982b3dca13ca702e21a 83b0599c3ddb4eb284ea3581ca128e4f - - default default] http://cinder-api.openstack.svc.cluster.local:8776/v3/83b0599c3ddb4eb284ea3581ca128e4f/os-quota-sets/57d468e5f949423a834cf5f2abe5e25e?usage=true returned with HTTP 200 [pid: 8|app: 0|req: 462/928] 10.0.0.61 () {28 vars in 735 bytes} [Thu Jun 18 04:38:37 2026] GET /v3/83b0599c3ddb4eb284ea3581ca128e4f/os-quota-sets/57d468e5f949423a834cf5f2abe5e25e?usage=true => generated 847 bytes in 39 msecs (HTTP/1.1 200) 7 headers in 285 bytes (1 switches on core 0)
2026-06-18 04:38:37.669 7 INFO cinder.api.openstack.wsgi [None req-0a5caa5a-ac67-483d-afed-129ef2190169 55c7e25be8184982b3dca13ca702e21a 83b0599c3ddb4eb284ea3581ca128e4f - - default default] GET http://cinder-api.openstack.svc.cluster.local:8776/v3/83b0599c3ddb4eb284ea3581ca128e4f/os-quota-sets/5c4f6e70c6d94fb4a70d5e3625048f27?usage=true
2026-06-18 04:38:37.697 7 INFO cinder.api.openstack.wsgi [None req-0a5caa5a-ac67-483d-afed-129ef2190169 55c7e25be8184982b3dca13ca702e21a 83b0599c3ddb4eb284ea3581ca128e4f - - default default] http://cinder-api.openstack.svc.cluster.local:8776/v3/83b0599c3ddb4eb284ea3581ca128e4f/os-quota-sets/5c4f6e70c6d94fb4a70d5e3625048f27?usage=true returned with HTTP 200 [pid: 7|app: 0|req: 467/929] 10.0.0.61 () {28 vars in 735 bytes} [Thu Jun 18 04:38:37 2026] GET /v3/83b0599c3ddb4eb284ea3581ca128e4f/os-quota-sets/5c4f6e70c6d94fb4a70d5e3625048f27?usage=true => generated 847 bytes in 36 msecs (HTTP/1.1 200) 7 headers in 285 bytes (1 switches on core 0)
2026-06-18 04:38:37.710 8 INFO cinder.api.openstack.wsgi [None req-fb476be8-b855-48b3-933b-6e56d8960cc9 55c7e25be8184982b3dca13ca702e21a 83b0599c3ddb4eb284ea3581ca128e4f - - default default] GET http://cinder-api.openstack.svc.cluster.local:8776/v3/83b0599c3ddb4eb284ea3581ca128e4f/os-quota-sets/5ef1898218b74f1dbf6c47befd1d034a?usage=true
2026-06-18 04:38:37.729 8 INFO cinder.api.openstack.wsgi [None req-fb476be8-b855-48b3-933b-6e56d8960cc9 55c7e25be8184982b3dca13ca702e21a 83b0599c3ddb4eb284ea3581ca128e4f - - default default] http://cinder-api.openstack.svc.cluster.local:8776/v3/83b0599c3ddb4eb284ea3581ca128e4f/os-quota-sets/5ef1898218b74f1dbf6c47befd1d034a?usage=true returned with HTTP 200 [pid: 8|app: 0|req: 463/930] 10.0.0.61 () {28 vars in 735 bytes} [Thu Jun 18 04:38:37 2026] GET /v3/83b0599c3ddb4eb284ea3581ca128e4f/os-quota-sets/5ef1898218b74f1dbf6c47befd1d034a?usage=true => generated 847 bytes in 28 msecs (HTTP/1.1 200) 7 headers in 285 bytes (1 switches on core 0)
2026-06-18 04:38:37.740 7 INFO cinder.api.openstack.wsgi [None req-3c26efdf-d62e-4daa-b88a-5e0a3df94c31 55c7e25be8184982b3dca13ca702e21a 83b0599c3ddb4eb284ea3581ca128e4f - - default default] GET http://cinder-api.openstack.svc.cluster.local:8776/v3/83b0599c3ddb4eb284ea3581ca128e4f/os-quota-sets/83b0599c3ddb4eb284ea3581ca128e4f?usage=true
2026-06-18 04:38:37.759 7 INFO cinder.api.openstack.wsgi [None req-3c26efdf-d62e-4daa-b88a-5e0a3df94c31 55c7e25be8184982b3dca13ca702e21a 83b0599c3ddb4eb284ea3581ca128e4f - - default default] http://cinder-api.openstack.svc.cluster.local:8776/v3/83b0599c3ddb4eb284ea3581ca128e4f/os-quota-sets/83b0599c3ddb4eb284ea3581ca128e4f?usage=true returned with HTTP 200 [pid: 7|app: 0|req: 468/931] 10.0.0.61 () {28 vars in 735 bytes} [Thu Jun 18 04:38:37 2026] GET /v3/83b0599c3ddb4eb284ea3581ca128e4f/os-quota-sets/83b0599c3ddb4eb284ea3581ca128e4f?usage=true => generated 845 bytes in 25 msecs (HTTP/1.1 200) 7 headers in 285 bytes (1 switches on core 0)
2026-06-18 04:38:37.772 8 INFO cinder.api.openstack.wsgi [None req-a20b34e5-8040-4ae3-853b-f71de1f2bd91 55c7e25be8184982b3dca13ca702e21a 83b0599c3ddb4eb284ea3581ca128e4f - - default default] GET http://cinder-api.openstack.svc.cluster.local:8776/v3/83b0599c3ddb4eb284ea3581ca128e4f/os-quota-sets/8be23d95eff74d2b9dfc332d53c22a08?usage=true
2026-06-18 04:38:37.802 8 INFO cinder.api.openstack.wsgi [None req-a20b34e5-8040-4ae3-853b-f71de1f2bd91 55c7e25be8184982b3dca13ca702e21a 83b0599c3ddb4eb284ea3581ca128e4f - - default default] http://cinder-api.openstack.svc.cluster.local:8776/v3/83b0599c3ddb4eb284ea3581ca128e4f/os-quota-sets/8be23d95eff74d2b9dfc332d53c22a08?usage=true returned with HTTP 200 [pid: 8|app: 0|req: 464/932] 10.0.0.61 () {28 vars in 735 bytes} [Thu Jun 18 04:38:37 2026] GET /v3/83b0599c3ddb4eb284ea3581ca128e4f/os-quota-sets/8be23d95eff74d2b9dfc332d53c22a08?usage=true => generated 847 bytes in 39 msecs (HTTP/1.1 200) 7 headers in 285 bytes (1 switches on core 0)
2026-06-18 04:38:37.816 7 INFO cinder.api.openstack.wsgi [None req-85b4506a-7894-490c-bcde-32a1949be714 55c7e25be8184982b3dca13ca702e21a 83b0599c3ddb4eb284ea3581ca128e4f - - default default] GET http://cinder-api.openstack.svc.cluster.local:8776/v3/83b0599c3ddb4eb284ea3581ca128e4f/os-quota-sets/8d5872c0427d4ca3b153a1a2e096f34d?usage=true
2026-06-18 04:38:37.837 7 INFO cinder.api.openstack.wsgi [None req-85b4506a-7894-490c-bcde-32a1949be714 55c7e25be8184982b3dca13ca702e21a 83b0599c3ddb4eb284ea3581ca128e4f - - default default] http://cinder-api.openstack.svc.cluster.local:8776/v3/83b0599c3ddb4eb284ea3581ca128e4f/os-quota-sets/8d5872c0427d4ca3b153a1a2e096f34d?usage=true returned with HTTP 200 [pid: 7|app: 0|req: 469/933] 10.0.0.61 () {28 vars in 735 bytes} [Thu Jun 18 04:38:37 2026] GET /v3/83b0599c3ddb4eb284ea3581ca128e4f/os-quota-sets/8d5872c0427d4ca3b153a1a2e096f34d?usage=true => generated 847 bytes in 31 msecs (HTTP/1.1 200) 7 headers in 285 bytes (1 switches on core 0)
2026-06-18 04:38:37.849 8 INFO cinder.api.openstack.wsgi [None req-3618b870-c5d5-4d9e-a4ad-2c3a96f58dfc 55c7e25be8184982b3dca13ca702e21a 83b0599c3ddb4eb284ea3581ca128e4f - - default default] GET http://cinder-api.openstack.svc.cluster.local:8776/v3/83b0599c3ddb4eb284ea3581ca128e4f/os-quota-sets/b14bca49e0594314891bf23ae18aa646?usage=true
2026-06-18 04:38:37.871 8 INFO cinder.api.openstack.wsgi [None req-3618b870-c5d5-4d9e-a4ad-2c3a96f58dfc 55c7e25be8184982b3dca13ca702e21a 83b0599c3ddb4eb284ea3581ca128e4f - - default default] http://cinder-api.openstack.svc.cluster.local:8776/v3/83b0599c3ddb4eb284ea3581ca128e4f/os-quota-sets/b14bca49e0594314891bf23ae18aa646?usage=true returned with HTTP 200 [pid: 8|app: 0|req: 465/934] 10.0.0.61 () {28 vars in 735 bytes} [Thu Jun 18 04:38:37 2026] GET /v3/83b0599c3ddb4eb284ea3581ca128e4f/os-quota-sets/b14bca49e0594314891bf23ae18aa646?usage=true => generated 847 bytes in 30 msecs (HTTP/1.1 200) 7 headers in 285 bytes (1 switches on core 0)
2026-06-18 04:38:37.883 7 INFO cinder.api.openstack.wsgi [None req-30f4f3c8-c601-48a3-b404-521de35b7407 55c7e25be8184982b3dca13ca702e21a 83b0599c3ddb4eb284ea3581ca128e4f - - default default] GET http://cinder-api.openstack.svc.cluster.local:8776/v3/83b0599c3ddb4eb284ea3581ca128e4f/os-quota-sets/ba9318d44eec449bb29d17d606d5cfb8?usage=true
2026-06-18 04:38:37.903 7 INFO cinder.api.openstack.wsgi [None req-30f4f3c8-c601-48a3-b404-521de35b7407 55c7e25be8184982b3dca13ca702e21a 83b0599c3ddb4eb284ea3581ca128e4f - - default default] http://cinder-api.openstack.svc.cluster.local:8776/v3/83b0599c3ddb4eb284ea3581ca128e4f/os-quota-sets/ba9318d44eec449bb29d17d606d5cfb8?usage=true returned with HTTP 200 [pid: 7|app: 0|req: 470/935] 10.0.0.61 () {28 vars in 735 bytes} [Thu Jun 18 04:38:37 2026] GET /v3/83b0599c3ddb4eb284ea3581ca128e4f/os-quota-sets/ba9318d44eec449bb29d17d606d5cfb8?usage=true => generated 847 bytes in 27 msecs (HTTP/1.1 200) 7 headers in 285 bytes (1 switches on core 0)
2026-06-18 04:38:37.916 8 INFO cinder.api.openstack.wsgi [None req-0a0327e2-7375-4625-8eea-44bd357c3b2d 55c7e25be8184982b3dca13ca702e21a 83b0599c3ddb4eb284ea3581ca128e4f - - default default] GET http://cinder-api.openstack.svc.cluster.local:8776/v3/83b0599c3ddb4eb284ea3581ca128e4f/os-quota-sets/ea56268ab704465eaa5d0598b3d3743d?usage=true
2026-06-18 04:38:37.942 8 INFO cinder.api.openstack.wsgi [None req-0a0327e2-7375-4625-8eea-44bd357c3b2d 55c7e25be8184982b3dca13ca702e21a 83b0599c3ddb4eb284ea3581ca128e4f - - default default] http://cinder-api.openstack.svc.cluster.local:8776/v3/83b0599c3ddb4eb284ea3581ca128e4f/os-quota-sets/ea56268ab704465eaa5d0598b3d3743d?usage=true returned with HTTP 200 [pid: 8|app: 0|req: 466/936] 10.0.0.61 () {28 vars in 735 bytes} [Thu Jun 18 04:38:37 2026] GET /v3/83b0599c3ddb4eb284ea3581ca128e4f/os-quota-sets/ea56268ab704465eaa5d0598b3d3743d?usage=true => generated 847 bytes in 35 msecs (HTTP/1.1 200) 7 headers in 285 bytes (1 switches on core 0)
2026-06-18 04:38:37.958 7 INFO cinder.api.openstack.wsgi [None req-1c671e71-2b85-4a52-944c-7a55c0250e36 55c7e25be8184982b3dca13ca702e21a 83b0599c3ddb4eb284ea3581ca128e4f - - default default] GET http://cinder-api.openstack.svc.cluster.local:8776/v3/83b0599c3ddb4eb284ea3581ca128e4f/os-quota-sets/f498b8ff386b4f949cde99a1b9816788?usage=true
2026-06-18 04:38:37.988 7 INFO cinder.api.openstack.wsgi [None req-1c671e71-2b85-4a52-944c-7a55c0250e36 55c7e25be8184982b3dca13ca702e21a 83b0599c3ddb4eb284ea3581ca128e4f - - default default] http://cinder-api.openstack.svc.cluster.local:8776/v3/83b0599c3ddb4eb284ea3581ca128e4f/os-quota-sets/f498b8ff386b4f949cde99a1b9816788?usage=true returned with HTTP 200 [pid: 7|app: 0|req: 471/937] 10.0.0.61 () {28 vars in 735 bytes} [Thu Jun 18 04:38:37 2026] GET /v3/83b0599c3ddb4eb284ea3581ca128e4f/os-quota-sets/f498b8ff386b4f949cde99a1b9816788?usage=true => generated 845 bytes in 41 msecs (HTTP/1.1 200) 7 headers in 285 bytes (1 switches on core 0)
2026-06-18 04:38:41.001 7 INFO cinder.api.openstack.wsgi [None req-1c671e71-2b85-4a52-944c-7a55c0250e36 55c7e25be8184982b3dca13ca702e21a 83b0599c3ddb4eb284ea3581ca128e4f - - default default] GET http://10.0.0.251:8776/
2026-06-18 04:38:41.001 8 INFO cinder.api.openstack.wsgi [None req-0a0327e2-7375-4625-8eea-44bd357c3b2d 55c7e25be8184982b3dca13ca702e21a 83b0599c3ddb4eb284ea3581ca128e4f - - default default] GET http://10.0.0.251:8776/
2026-06-18 04:38:41.002 7 INFO cinder.api.openstack.wsgi [None req-1c671e71-2b85-4a52-944c-7a55c0250e36 55c7e25be8184982b3dca13ca702e21a 83b0599c3ddb4eb284ea3581ca128e4f - - default default] http://10.0.0.251:8776/ returned with HTTP 300
2026-06-18 04:38:41.002 8 INFO cinder.api.openstack.wsgi [None req-0a0327e2-7375-4625-8eea-44bd357c3b2d 55c7e25be8184982b3dca13ca702e21a 83b0599c3ddb4eb284ea3581ca128e4f - - default default] http://10.0.0.251:8776/ returned with HTTP 300
2026-06-18 04:38:51.001 7 INFO cinder.api.openstack.wsgi [None req-1c671e71-2b85-4a52-944c-7a55c0250e36 55c7e25be8184982b3dca13ca702e21a 83b0599c3ddb4eb284ea3581ca128e4f - - default default] GET http://10.0.0.251:8776/
2026-06-18 04:38:51.001 7 INFO cinder.api.openstack.wsgi [None req-1c671e71-2b85-4a52-944c-7a55c0250e36 55c7e25be8184982b3dca13ca702e21a 83b0599c3ddb4eb284ea3581ca128e4f - - default default] http://10.0.0.251:8776/ returned with HTTP 300
2026-06-18 04:38:51.001 8 INFO cinder.api.openstack.wsgi [None req-0a0327e2-7375-4625-8eea-44bd357c3b2d 55c7e25be8184982b3dca13ca702e21a 83b0599c3ddb4eb284ea3581ca128e4f - - default default] GET http://10.0.0.251:8776/
2026-06-18 04:38:51.002 8 INFO cinder.api.openstack.wsgi [None req-0a0327e2-7375-4625-8eea-44bd357c3b2d 55c7e25be8184982b3dca13ca702e21a 83b0599c3ddb4eb284ea3581ca128e4f - - default default] http://10.0.0.251:8776/ returned with HTTP 300
2026-06-18 04:39:01.001 7 INFO cinder.api.openstack.wsgi [None req-1c671e71-2b85-4a52-944c-7a55c0250e36 55c7e25be8184982b3dca13ca702e21a 83b0599c3ddb4eb284ea3581ca128e4f - - default default] GET http://10.0.0.251:8776/
2026-06-18 04:39:01.002 7 INFO cinder.api.openstack.wsgi [None req-1c671e71-2b85-4a52-944c-7a55c0250e36 55c7e25be8184982b3dca13ca702e21a 83b0599c3ddb4eb284ea3581ca128e4f - - default default] http://10.0.0.251:8776/ returned with HTTP 300
2026-06-18 04:39:01.002 8 INFO cinder.api.openstack.wsgi [None req-0a0327e2-7375-4625-8eea-44bd357c3b2d 55c7e25be8184982b3dca13ca702e21a 83b0599c3ddb4eb284ea3581ca128e4f - - default default] GET http://10.0.0.251:8776/
2026-06-18 04:39:01.002 8 INFO cinder.api.openstack.wsgi [None req-0a0327e2-7375-4625-8eea-44bd357c3b2d 55c7e25be8184982b3dca13ca702e21a 83b0599c3ddb4eb284ea3581ca128e4f - - default default] http://10.0.0.251:8776/ returned with HTTP 300
2026-06-18 04:39:02.104 7 INFO cinder.api.openstack.wsgi [None req-381a6071-eeb7-4086-bace-89f7e8c5104c 55c7e25be8184982b3dca13ca702e21a 83b0599c3ddb4eb284ea3581ca128e4f - - default default] POST http://cinder-api.openstack.svc.cluster.local:8776/v3/83b0599c3ddb4eb284ea3581ca128e4f/volumes
2026-06-18 04:39:02.721 7 INFO cinder.api.v3.volumes [None req-381a6071-eeb7-4086-bace-89f7e8c5104c 55c7e25be8184982b3dca13ca702e21a 83b0599c3ddb4eb284ea3581ca128e4f - - default default] Create volume of 16 GB
2026-06-18 04:39:02.727 7 INFO cinder.volume.api [None req-381a6071-eeb7-4086-bace-89f7e8c5104c 55c7e25be8184982b3dca13ca702e21a 83b0599c3ddb4eb284ea3581ca128e4f - - default default] Availability Zones retrieved successfully.
2026-06-18 04:39:02.945 7 INFO cinder.volume.api [None req-381a6071-eeb7-4086-bace-89f7e8c5104c 55c7e25be8184982b3dca13ca702e21a 83b0599c3ddb4eb284ea3581ca128e4f - - default default] Create volume request issued successfully.
2026-06-18 04:39:02.946 7 INFO cinder.api.openstack.wsgi [None req-381a6071-eeb7-4086-bace-89f7e8c5104c 55c7e25be8184982b3dca13ca702e21a 83b0599c3ddb4eb284ea3581ca128e4f - - default default] http://cinder-api.openstack.svc.cluster.local:8776/v3/83b0599c3ddb4eb284ea3581ca128e4f/volumes returned with HTTP 202 [pid: 7|app: 0|req: 475/944] 199.204.45.65 () {34 vars in 733 bytes} [Thu Jun 18 04:39:01 2026] POST /v3/83b0599c3ddb4eb284ea3581ca128e4f/volumes => generated 846 bytes in 1036 msecs (HTTP/1.1 202) 7 headers in 291 bytes (1 switches on core 0)
2026-06-18 04:39:02.961 8 INFO cinder.api.openstack.wsgi [req-381a6071-eeb7-4086-bace-89f7e8c5104c req-79667ad3-8e03-4fab-bb1f-9b87a7ef86cf 55c7e25be8184982b3dca13ca702e21a 83b0599c3ddb4eb284ea3581ca128e4f - - default default] GET http://cinder-api.openstack.svc.cluster.local:8776/v3/83b0599c3ddb4eb284ea3581ca128e4f/volumes/8b0fff1c-bcc9-4c4b-ac11-20d1552a71ab /var/lib/openstack/lib/python3.12/site-packages/oslo_context/context.py:101: DeprecationWarning: Policy enforcement is depending on the value of is_admin. This key is deprecated. Please update your policy file to use the standard policy values. warnings.warn(
2026-06-18 04:39:03.001 8 INFO cinder.volume.api [req-381a6071-eeb7-4086-bace-89f7e8c5104c req-79667ad3-8e03-4fab-bb1f-9b87a7ef86cf 55c7e25be8184982b3dca13ca702e21a 83b0599c3ddb4eb284ea3581ca128e4f - - default default] Volume info retrieved successfully.
2026-06-18 04:39:03.005 8 INFO cinder.api.openstack.wsgi [req-381a6071-eeb7-4086-bace-89f7e8c5104c req-79667ad3-8e03-4fab-bb1f-9b87a7ef86cf 55c7e25be8184982b3dca13ca702e21a 83b0599c3ddb4eb284ea3581ca128e4f - - default default] http://cinder-api.openstack.svc.cluster.local:8776/v3/83b0599c3ddb4eb284ea3581ca128e4f/volumes/8b0fff1c-bcc9-4c4b-ac11-20d1552a71ab returned with HTTP 200 [pid: 8|app: 0|req: 470/945] 199.204.45.65 () {32 vars in 824 bytes} [Thu Jun 18 04:39:02 2026] GET /v3/83b0599c3ddb4eb284ea3581ca128e4f/volumes/8b0fff1c-bcc9-4c4b-ac11-20d1552a71ab => generated 1025 bytes in 51 msecs (HTTP/1.1 200) 7 headers in 286 bytes (1 switches on core 0) /var/lib/openstack/lib/python3.12/site-packages/pycadf/identifier.py:70: UserWarning: Invalid uuid: cinderv3. To ensure interoperability, identifiers should be a valid uuid. warnings.warn(('Invalid uuid: %s. To ensure interoperability, '
2026-06-18 04:39:08.020 7 INFO cinder.api.openstack.wsgi [req-381a6071-eeb7-4086-bace-89f7e8c5104c req-fe124b8e-8012-4cf8-91bc-ab691282f894 55c7e25be8184982b3dca13ca702e21a 83b0599c3ddb4eb284ea3581ca128e4f - - default default] GET http://cinder-api.openstack.svc.cluster.local:8776/v3/83b0599c3ddb4eb284ea3581ca128e4f/volumes/8b0fff1c-bcc9-4c4b-ac11-20d1552a71ab /var/lib/openstack/lib/python3.12/site-packages/oslo_context/context.py:101: DeprecationWarning: Policy enforcement is depending on the value of is_admin. This key is deprecated. Please update your policy file to use the standard policy values. warnings.warn(
2026-06-18 04:39:08.036 7 INFO cinder.volume.api [req-381a6071-eeb7-4086-bace-89f7e8c5104c req-fe124b8e-8012-4cf8-91bc-ab691282f894 55c7e25be8184982b3dca13ca702e21a 83b0599c3ddb4eb284ea3581ca128e4f - - default default] Volume info retrieved successfully.
2026-06-18 04:39:08.042 7 INFO cinder.api.openstack.wsgi [req-381a6071-eeb7-4086-bace-89f7e8c5104c req-fe124b8e-8012-4cf8-91bc-ab691282f894 55c7e25be8184982b3dca13ca702e21a 83b0599c3ddb4eb284ea3581ca128e4f - - default default] http://cinder-api.openstack.svc.cluster.local:8776/v3/83b0599c3ddb4eb284ea3581ca128e4f/volumes/8b0fff1c-bcc9-4c4b-ac11-20d1552a71ab returned with HTTP 200 [pid: 7|app: 0|req: 476/946] 199.204.45.65 () {32 vars in 824 bytes} [Thu Jun 18 04:39:08 2026] GET /v3/83b0599c3ddb4eb284ea3581ca128e4f/volumes/8b0fff1c-bcc9-4c4b-ac11-20d1552a71ab => generated 1675 bytes in 27 msecs (HTTP/1.1 200) 7 headers in 286 bytes (1 switches on core 0) /var/lib/openstack/lib/python3.12/site-packages/pycadf/identifier.py:70: UserWarning: Invalid uuid: cinderv3. To ensure interoperability, identifiers should be a valid uuid. warnings.warn(('Invalid uuid: %s. To ensure interoperability, '
2026-06-18 04:39:08.709 8 INFO cinder.api.openstack.wsgi [req-3debbe32-3dfd-4ad5-ad2d-3ab16eb2f353 req-1b83ca11-dd9c-40a2-b8b7-7dfe504338af 55c7e25be8184982b3dca13ca702e21a 83b0599c3ddb4eb284ea3581ca128e4f - - default default] GET http://cinder-api.openstack.svc.cluster.local:8776/v3/83b0599c3ddb4eb284ea3581ca128e4f/volumes/8b0fff1c-bcc9-4c4b-ac11-20d1552a71ab /var/lib/openstack/lib/python3.12/site-packages/oslo_context/context.py:101: DeprecationWarning: Policy enforcement is depending on the value of is_admin. This key is deprecated. Please update your policy file to use the standard policy values. warnings.warn(
2026-06-18 04:39:08.725 8 INFO cinder.volume.api [req-3debbe32-3dfd-4ad5-ad2d-3ab16eb2f353 req-1b83ca11-dd9c-40a2-b8b7-7dfe504338af 55c7e25be8184982b3dca13ca702e21a 83b0599c3ddb4eb284ea3581ca128e4f - - default default] Volume info retrieved successfully.
2026-06-18 04:39:08.730 8 INFO cinder.api.openstack.wsgi [req-3debbe32-3dfd-4ad5-ad2d-3ab16eb2f353 req-1b83ca11-dd9c-40a2-b8b7-7dfe504338af 55c7e25be8184982b3dca13ca702e21a 83b0599c3ddb4eb284ea3581ca128e4f - - default default] http://cinder-api.openstack.svc.cluster.local:8776/v3/83b0599c3ddb4eb284ea3581ca128e4f/volumes/8b0fff1c-bcc9-4c4b-ac11-20d1552a71ab returned with HTTP 200 [pid: 8|app: 0|req: 471/947] 10.0.0.4 () {34 vars in 1026 bytes} [Thu Jun 18 04:39:08 2026] GET /v3/83b0599c3ddb4eb284ea3581ca128e4f/volumes/8b0fff1c-bcc9-4c4b-ac11-20d1552a71ab => generated 1675 bytes in 122 msecs (HTTP/1.1 200) 7 headers in 286 bytes (1 switches on core 0) /var/lib/openstack/lib/python3.12/site-packages/pycadf/identifier.py:70: UserWarning: Invalid uuid: cinderv3. To ensure interoperability, identifiers should be a valid uuid. warnings.warn(('Invalid uuid: %s. To ensure interoperability, '
2026-06-18 04:39:09.200 7 INFO cinder.api.openstack.wsgi [req-3debbe32-3dfd-4ad5-ad2d-3ab16eb2f353 req-0acbeaf6-b6ee-4c56-977c-44fc45b104fa 55c7e25be8184982b3dca13ca702e21a 83b0599c3ddb4eb284ea3581ca128e4f - - default default] GET http://cinder-api.openstack.svc.cluster.local:8776/v3/83b0599c3ddb4eb284ea3581ca128e4f/volumes/8b0fff1c-bcc9-4c4b-ac11-20d1552a71ab /var/lib/openstack/lib/python3.12/site-packages/oslo_context/context.py:101: DeprecationWarning: Policy enforcement is depending on the value of is_admin. This key is deprecated. Please update your policy file to use the standard policy values. warnings.warn(
2026-06-18 04:39:09.215 7 INFO cinder.volume.api [req-3debbe32-3dfd-4ad5-ad2d-3ab16eb2f353 req-0acbeaf6-b6ee-4c56-977c-44fc45b104fa 55c7e25be8184982b3dca13ca702e21a 83b0599c3ddb4eb284ea3581ca128e4f - - default default] Volume info retrieved successfully.
2026-06-18 04:39:09.219 7 INFO cinder.api.openstack.wsgi [req-3debbe32-3dfd-4ad5-ad2d-3ab16eb2f353 req-0acbeaf6-b6ee-4c56-977c-44fc45b104fa 55c7e25be8184982b3dca13ca702e21a 83b0599c3ddb4eb284ea3581ca128e4f - - default default] http://cinder-api.openstack.svc.cluster.local:8776/v3/83b0599c3ddb4eb284ea3581ca128e4f/volumes/8b0fff1c-bcc9-4c4b-ac11-20d1552a71ab returned with HTTP 200 [pid: 7|app: 0|req: 477/948] 10.0.0.4 () {34 vars in 1026 bytes} [Thu Jun 18 04:39:09 2026] GET /v3/83b0599c3ddb4eb284ea3581ca128e4f/volumes/8b0fff1c-bcc9-4c4b-ac11-20d1552a71ab => generated 1675 bytes in 24 msecs (HTTP/1.1 200) 7 headers in 286 bytes (1 switches on core 0)
2026-06-18 04:39:09.230 8 INFO cinder.api.openstack.wsgi [req-3debbe32-3dfd-4ad5-ad2d-3ab16eb2f353 req-1b83ca11-dd9c-40a2-b8b7-7dfe504338af 55c7e25be8184982b3dca13ca702e21a 83b0599c3ddb4eb284ea3581ca128e4f - - default default] GET http://cinder-api.openstack.svc.cluster.local:8776/
2026-06-18 04:39:09.231 8 INFO cinder.api.openstack.wsgi [req-3debbe32-3dfd-4ad5-ad2d-3ab16eb2f353 req-1b83ca11-dd9c-40a2-b8b7-7dfe504338af 55c7e25be8184982b3dca13ca702e21a 83b0599c3ddb4eb284ea3581ca128e4f - - default default] http://cinder-api.openstack.svc.cluster.local:8776/ returned with HTTP 300 [pid: 8|app: 0|req: 472/949] 10.0.0.4 () {32 vars in 827 bytes} [Thu Jun 18 04:39:09 2026] GET / => generated 411 bytes in 2 msecs (HTTP/1.1 300) 5 headers in 169 bytes (1 switches on core 0) /var/lib/openstack/lib/python3.12/site-packages/pycadf/identifier.py:70: UserWarning: Invalid uuid: cinderv3. To ensure interoperability, identifiers should be a valid uuid. warnings.warn(('Invalid uuid: %s. To ensure interoperability, '
2026-06-18 04:39:09.246 7 INFO cinder.api.openstack.wsgi [req-3debbe32-3dfd-4ad5-ad2d-3ab16eb2f353 req-c3d99de7-f556-4b20-be12-71d275e33ee5 55c7e25be8184982b3dca13ca702e21a 83b0599c3ddb4eb284ea3581ca128e4f - - default default] POST http://cinder-api.openstack.svc.cluster.local:8776/v3/83b0599c3ddb4eb284ea3581ca128e4f/attachments /var/lib/openstack/lib/python3.12/site-packages/oslo_context/context.py:101: DeprecationWarning: Policy enforcement is depending on the value of is_admin. This key is deprecated. Please update your policy file to use the standard policy values. warnings.warn(
2026-06-18 04:39:09.288 7 INFO cinder.api.openstack.wsgi [req-3debbe32-3dfd-4ad5-ad2d-3ab16eb2f353 req-c3d99de7-f556-4b20-be12-71d275e33ee5 55c7e25be8184982b3dca13ca702e21a 83b0599c3ddb4eb284ea3581ca128e4f - - default default] http://cinder-api.openstack.svc.cluster.local:8776/v3/83b0599c3ddb4eb284ea3581ca128e4f/attachments returned with HTTP 200 [pid: 7|app: 0|req: 478/950] 10.0.0.4 () {40 vars in 1055 bytes} [Thu Jun 18 04:39:09 2026] POST /v3/83b0599c3ddb4eb284ea3581ca128e4f/attachments => generated 273 bytes in 51 msecs (HTTP/1.1 200) 7 headers in 286 bytes (1 switches on core 0)
2026-06-18 04:39:11.002 7 INFO cinder.api.openstack.wsgi [req-3debbe32-3dfd-4ad5-ad2d-3ab16eb2f353 req-c3d99de7-f556-4b20-be12-71d275e33ee5 55c7e25be8184982b3dca13ca702e21a 83b0599c3ddb4eb284ea3581ca128e4f - - default default] GET http://10.0.0.251:8776/
2026-06-18 04:39:11.002 8 INFO cinder.api.openstack.wsgi [req-3debbe32-3dfd-4ad5-ad2d-3ab16eb2f353 req-1b83ca11-dd9c-40a2-b8b7-7dfe504338af 55c7e25be8184982b3dca13ca702e21a 83b0599c3ddb4eb284ea3581ca128e4f - - default default] GET http://10.0.0.251:8776/
2026-06-18 04:39:11.003 7 INFO cinder.api.openstack.wsgi [req-3debbe32-3dfd-4ad5-ad2d-3ab16eb2f353 req-c3d99de7-f556-4b20-be12-71d275e33ee5 55c7e25be8184982b3dca13ca702e21a 83b0599c3ddb4eb284ea3581ca128e4f - - default default] http://10.0.0.251:8776/ returned with HTTP 300
2026-06-18 04:39:11.003 8 INFO cinder.api.openstack.wsgi [req-3debbe32-3dfd-4ad5-ad2d-3ab16eb2f353 req-1b83ca11-dd9c-40a2-b8b7-7dfe504338af 55c7e25be8184982b3dca13ca702e21a 83b0599c3ddb4eb284ea3581ca128e4f - - default default] http://10.0.0.251:8776/ returned with HTTP 300 /var/lib/openstack/lib/python3.12/site-packages/pycadf/identifier.py:70: UserWarning: Invalid uuid: cinderv3. To ensure interoperability, identifiers should be a valid uuid. warnings.warn(('Invalid uuid: %s. To ensure interoperability, '
2026-06-18 04:39:12.717 7 INFO cinder.api.openstack.wsgi [req-381a6071-eeb7-4086-bace-89f7e8c5104c req-5a919e78-1d4a-4b49-b46d-6d1e63a31c3b 55c7e25be8184982b3dca13ca702e21a 83b0599c3ddb4eb284ea3581ca128e4f - - default default] GET http://cinder-api.openstack.svc.cluster.local:8776/v3/83b0599c3ddb4eb284ea3581ca128e4f/volumes/8b0fff1c-bcc9-4c4b-ac11-20d1552a71ab /var/lib/openstack/lib/python3.12/site-packages/oslo_context/context.py:101: DeprecationWarning: Policy enforcement is depending on the value of is_admin. This key is deprecated. Please update your policy file to use the standard policy values. warnings.warn(
2026-06-18 04:39:12.732 7 INFO cinder.volume.api [req-381a6071-eeb7-4086-bace-89f7e8c5104c req-5a919e78-1d4a-4b49-b46d-6d1e63a31c3b 55c7e25be8184982b3dca13ca702e21a 83b0599c3ddb4eb284ea3581ca128e4f - - default default] Volume info retrieved successfully.
2026-06-18 04:39:12.736 7 INFO cinder.api.openstack.wsgi [req-381a6071-eeb7-4086-bace-89f7e8c5104c req-5a919e78-1d4a-4b49-b46d-6d1e63a31c3b 55c7e25be8184982b3dca13ca702e21a 83b0599c3ddb4eb284ea3581ca128e4f - - default default] http://cinder-api.openstack.svc.cluster.local:8776/v3/83b0599c3ddb4eb284ea3581ca128e4f/volumes/8b0fff1c-bcc9-4c4b-ac11-20d1552a71ab returned with HTTP 200 [pid: 7|app: 0|req: 480/953] 199.204.45.65 () {32 vars in 824 bytes} [Thu Jun 18 04:39:12 2026] GET /v3/83b0599c3ddb4eb284ea3581ca128e4f/volumes/8b0fff1c-bcc9-4c4b-ac11-20d1552a71ab => generated 1674 bytes in 24 msecs (HTTP/1.1 200) 7 headers in 286 bytes (1 switches on core 0)
2026-06-18 04:39:14.649 8 INFO cinder.api.openstack.wsgi [req-3debbe32-3dfd-4ad5-ad2d-3ab16eb2f353 req-1b83ca11-dd9c-40a2-b8b7-7dfe504338af 55c7e25be8184982b3dca13ca702e21a 83b0599c3ddb4eb284ea3581ca128e4f - - default default] GET http://cinder-api.openstack.svc.cluster.local:8776/
2026-06-18 04:39:14.650 8 INFO cinder.api.openstack.wsgi [req-3debbe32-3dfd-4ad5-ad2d-3ab16eb2f353 req-1b83ca11-dd9c-40a2-b8b7-7dfe504338af 55c7e25be8184982b3dca13ca702e21a 83b0599c3ddb4eb284ea3581ca128e4f - - default default] http://cinder-api.openstack.svc.cluster.local:8776/ returned with HTTP 300 [pid: 8|app: 0|req: 474/954] 199.204.45.65 () {32 vars in 839 bytes} [Thu Jun 18 04:39:14 2026] GET / => generated 411 bytes in 2 msecs (HTTP/1.1 300) 5 headers in 169 bytes (1 switches on core 0) /var/lib/openstack/lib/python3.12/site-packages/pycadf/identifier.py:70: UserWarning: Invalid uuid: cinderv3. To ensure interoperability, identifiers should be a valid uuid. warnings.warn(('Invalid uuid: %s. To ensure interoperability, '
2026-06-18 04:39:14.661 7 INFO cinder.api.openstack.wsgi [req-3debbe32-3dfd-4ad5-ad2d-3ab16eb2f353 req-3d1c12a3-c9b3-4cad-af7e-df789825ea63 55c7e25be8184982b3dca13ca702e21a 83b0599c3ddb4eb284ea3581ca128e4f - - default default] GET http://cinder-api.openstack.svc.cluster.local:8776/v3/83b0599c3ddb4eb284ea3581ca128e4f/volumes/8b0fff1c-bcc9-4c4b-ac11-20d1552a71ab /var/lib/openstack/lib/python3.12/site-packages/oslo_context/context.py:101: DeprecationWarning: Policy enforcement is depending on the value of is_admin. This key is deprecated. Please update your policy file to use the standard policy values. warnings.warn(
2026-06-18 04:39:14.677 7 INFO cinder.volume.api [req-3debbe32-3dfd-4ad5-ad2d-3ab16eb2f353 req-3d1c12a3-c9b3-4cad-af7e-df789825ea63 55c7e25be8184982b3dca13ca702e21a 83b0599c3ddb4eb284ea3581ca128e4f - - default default] Volume info retrieved successfully.
2026-06-18 04:39:14.681 7 INFO cinder.api.openstack.wsgi [req-3debbe32-3dfd-4ad5-ad2d-3ab16eb2f353 req-3d1c12a3-c9b3-4cad-af7e-df789825ea63 55c7e25be8184982b3dca13ca702e21a 83b0599c3ddb4eb284ea3581ca128e4f - - default default] http://cinder-api.openstack.svc.cluster.local:8776/v3/83b0599c3ddb4eb284ea3581ca128e4f/volumes/8b0fff1c-bcc9-4c4b-ac11-20d1552a71ab returned with HTTP 200 [pid: 7|app: 0|req: 481/955] 199.204.45.65 () {36 vars in 1072 bytes} [Thu Jun 18 04:39:14 2026] GET /v3/83b0599c3ddb4eb284ea3581ca128e4f/volumes/8b0fff1c-bcc9-4c4b-ac11-20d1552a71ab => generated 1898 bytes in 28 msecs (HTTP/1.1 200) 7 headers in 287 bytes (1 switches on core 0) /var/lib/openstack/lib/python3.12/site-packages/pycadf/identifier.py:70: UserWarning: Invalid uuid: cinderv3. To ensure interoperability, identifiers should be a valid uuid. warnings.warn(('Invalid uuid: %s. To ensure interoperability, '
2026-06-18 04:39:14.757 8 INFO cinder.api.openstack.wsgi [req-3debbe32-3dfd-4ad5-ad2d-3ab16eb2f353 req-6ff2ee11-1ea9-4509-aa0f-be35e4203170 55c7e25be8184982b3dca13ca702e21a 83b0599c3ddb4eb284ea3581ca128e4f - - default default] PUT http://cinder-api.openstack.svc.cluster.local:8776/v3/83b0599c3ddb4eb284ea3581ca128e4f/attachments/13412d67-4a35-457d-ac53-37b78b602da5 /var/lib/openstack/lib/python3.12/site-packages/oslo_context/context.py:101: DeprecationWarning: Policy enforcement is depending on the value of is_admin. This key is deprecated. Please update your policy file to use the standard policy values. warnings.warn(
2026-06-18 04:39:15.802 8 INFO cinder.api.openstack.wsgi [req-3debbe32-3dfd-4ad5-ad2d-3ab16eb2f353 req-6ff2ee11-1ea9-4509-aa0f-be35e4203170 55c7e25be8184982b3dca13ca702e21a 83b0599c3ddb4eb284ea3581ca128e4f - - default default] http://cinder-api.openstack.svc.cluster.local:8776/v3/83b0599c3ddb4eb284ea3581ca128e4f/attachments/13412d67-4a35-457d-ac53-37b78b602da5 returned with HTTP 200 [pid: 8|app: 0|req: 475/956] 199.204.45.65 () {40 vars in 1134 bytes} [Thu Jun 18 04:39:14 2026] PUT /v3/83b0599c3ddb4eb284ea3581ca128e4f/attachments/13412d67-4a35-457d-ac53-37b78b602da5 => generated 802 bytes in 1052 msecs (HTTP/1.1 200) 7 headers in 286 bytes (1 switches on core 0) /var/lib/openstack/lib/python3.12/site-packages/pycadf/identifier.py:70: UserWarning: Invalid uuid: cinderv3. To ensure interoperability, identifiers should be a valid uuid. warnings.warn(('Invalid uuid: %s. To ensure interoperability, '
2026-06-18 04:39:16.202 7 INFO cinder.api.openstack.wsgi [req-381a6071-eeb7-4086-bace-89f7e8c5104c req-9f97d742-780d-43b7-8611-01250db0dbd1 55c7e25be8184982b3dca13ca702e21a 83b0599c3ddb4eb284ea3581ca128e4f - - default default] GET http://cinder-api.openstack.svc.cluster.local:8776/v3/83b0599c3ddb4eb284ea3581ca128e4f/volumes/8b0fff1c-bcc9-4c4b-ac11-20d1552a71ab /var/lib/openstack/lib/python3.12/site-packages/oslo_context/context.py:101: DeprecationWarning: Policy enforcement is depending on the value of is_admin. This key is deprecated. Please update your policy file to use the standard policy values. warnings.warn(
2026-06-18 04:39:16.220 7 INFO cinder.volume.api [req-381a6071-eeb7-4086-bace-89f7e8c5104c req-9f97d742-780d-43b7-8611-01250db0dbd1 55c7e25be8184982b3dca13ca702e21a 83b0599c3ddb4eb284ea3581ca128e4f - - default default] Volume info retrieved successfully.
2026-06-18 04:39:16.224 7 INFO cinder.api.openstack.wsgi [req-381a6071-eeb7-4086-bace-89f7e8c5104c req-9f97d742-780d-43b7-8611-01250db0dbd1 55c7e25be8184982b3dca13ca702e21a 83b0599c3ddb4eb284ea3581ca128e4f - - default default] http://cinder-api.openstack.svc.cluster.local:8776/v3/83b0599c3ddb4eb284ea3581ca128e4f/volumes/8b0fff1c-bcc9-4c4b-ac11-20d1552a71ab returned with HTTP 200 [pid: 7|app: 0|req: 482/957] 199.204.45.65 () {32 vars in 824 bytes} [Thu Jun 18 04:39:16 2026] GET /v3/83b0599c3ddb4eb284ea3581ca128e4f/volumes/8b0fff1c-bcc9-4c4b-ac11-20d1552a71ab => generated 1675 bytes in 30 msecs (HTTP/1.1 200) 7 headers in 286 bytes (1 switches on core 0) /var/lib/openstack/lib/python3.12/site-packages/pycadf/identifier.py:70: UserWarning: Invalid uuid: cinderv3. To ensure interoperability, identifiers should be a valid uuid. warnings.warn(('Invalid uuid: %s. To ensure interoperability, '
2026-06-18 04:39:16.323 8 INFO cinder.api.openstack.wsgi [req-3debbe32-3dfd-4ad5-ad2d-3ab16eb2f353 req-e59d4212-1e6f-4b00-9426-10d4c56d5bde 55c7e25be8184982b3dca13ca702e21a 83b0599c3ddb4eb284ea3581ca128e4f - - default default] POST http://cinder-api.openstack.svc.cluster.local:8776/v3/83b0599c3ddb4eb284ea3581ca128e4f/attachments/13412d67-4a35-457d-ac53-37b78b602da5/action /var/lib/openstack/lib/python3.12/site-packages/oslo_context/context.py:101: DeprecationWarning: Policy enforcement is depending on the value of is_admin. This key is deprecated. Please update your policy file to use the standard policy values. warnings.warn(
2026-06-18 04:39:16.359 8 INFO cinder.api.openstack.wsgi [req-3debbe32-3dfd-4ad5-ad2d-3ab16eb2f353 req-e59d4212-1e6f-4b00-9426-10d4c56d5bde 55c7e25be8184982b3dca13ca702e21a 83b0599c3ddb4eb284ea3581ca128e4f - - default default] http://cinder-api.openstack.svc.cluster.local:8776/v3/83b0599c3ddb4eb284ea3581ca128e4f/attachments/13412d67-4a35-457d-ac53-37b78b602da5/action returned with HTTP 204 [pid: 8|app: 0|req: 476/958] 199.204.45.65 () {40 vars in 1147 bytes} [Thu Jun 18 04:39:16 2026] POST /v3/83b0599c3ddb4eb284ea3581ca128e4f/attachments/13412d67-4a35-457d-ac53-37b78b602da5/action => generated 0 bytes in 46 msecs (HTTP/1.1 204) 7 headers in 292 bytes (1 switches on core 0) /var/lib/openstack/lib/python3.12/site-packages/pycadf/identifier.py:70: UserWarning: Invalid uuid: cinderv3. To ensure interoperability, identifiers should be a valid uuid. warnings.warn(('Invalid uuid: %s. To ensure interoperability, '
2026-06-18 04:39:19.250 7 INFO cinder.api.openstack.wsgi [req-381a6071-eeb7-4086-bace-89f7e8c5104c req-2e4272cb-bda6-4070-930b-6a106a900881 55c7e25be8184982b3dca13ca702e21a 83b0599c3ddb4eb284ea3581ca128e4f - - default default] GET http://cinder-api.openstack.svc.cluster.local:8776/v3/83b0599c3ddb4eb284ea3581ca128e4f/volumes/8b0fff1c-bcc9-4c4b-ac11-20d1552a71ab /var/lib/openstack/lib/python3.12/site-packages/oslo_context/context.py:101: DeprecationWarning: Policy enforcement is depending on the value of is_admin. This key is deprecated. Please update your policy file to use the standard policy values. warnings.warn(
2026-06-18 04:39:19.267 7 INFO cinder.volume.api [req-381a6071-eeb7-4086-bace-89f7e8c5104c req-2e4272cb-bda6-4070-930b-6a106a900881 55c7e25be8184982b3dca13ca702e21a 83b0599c3ddb4eb284ea3581ca128e4f - - default default] Volume info retrieved successfully.
2026-06-18 04:39:19.272 7 INFO cinder.api.openstack.wsgi [req-381a6071-eeb7-4086-bace-89f7e8c5104c req-2e4272cb-bda6-4070-930b-6a106a900881 55c7e25be8184982b3dca13ca702e21a 83b0599c3ddb4eb284ea3581ca128e4f - - default default] http://cinder-api.openstack.svc.cluster.local:8776/v3/83b0599c3ddb4eb284ea3581ca128e4f/volumes/8b0fff1c-bcc9-4c4b-ac11-20d1552a71ab returned with HTTP 200 [pid: 7|app: 0|req: 483/959] 199.204.45.65 () {32 vars in 824 bytes} [Thu Jun 18 04:39:19 2026] GET /v3/83b0599c3ddb4eb284ea3581ca128e4f/volumes/8b0fff1c-bcc9-4c4b-ac11-20d1552a71ab => generated 1973 bytes in 26 msecs (HTTP/1.1 200) 7 headers in 286 bytes (1 switches on core 0)
2026-06-18 04:39:21.002 7 INFO cinder.api.openstack.wsgi [req-381a6071-eeb7-4086-bace-89f7e8c5104c req-2e4272cb-bda6-4070-930b-6a106a900881 55c7e25be8184982b3dca13ca702e21a 83b0599c3ddb4eb284ea3581ca128e4f - - default default] GET http://10.0.0.251:8776/
2026-06-18 04:39:21.002 8 INFO cinder.api.openstack.wsgi [req-3debbe32-3dfd-4ad5-ad2d-3ab16eb2f353 req-e59d4212-1e6f-4b00-9426-10d4c56d5bde 55c7e25be8184982b3dca13ca702e21a 83b0599c3ddb4eb284ea3581ca128e4f - - default default] GET http://10.0.0.251:8776/
2026-06-18 04:39:21.003 7 INFO cinder.api.openstack.wsgi [req-381a6071-eeb7-4086-bace-89f7e8c5104c req-2e4272cb-bda6-4070-930b-6a106a900881 55c7e25be8184982b3dca13ca702e21a 83b0599c3ddb4eb284ea3581ca128e4f - - default default] http://10.0.0.251:8776/ returned with HTTP 300
2026-06-18 04:39:21.003 8 INFO cinder.api.openstack.wsgi [req-3debbe32-3dfd-4ad5-ad2d-3ab16eb2f353 req-e59d4212-1e6f-4b00-9426-10d4c56d5bde 55c7e25be8184982b3dca13ca702e21a 83b0599c3ddb4eb284ea3581ca128e4f - - default default] http://10.0.0.251:8776/ returned with HTTP 300 /var/lib/openstack/lib/python3.12/site-packages/pycadf/identifier.py:70: UserWarning: Invalid uuid: cinderv3. To ensure interoperability, identifiers should be a valid uuid. warnings.warn(('Invalid uuid: %s. To ensure interoperability, '
2026-06-18 04:39:22.406 7 INFO cinder.api.openstack.wsgi [req-381a6071-eeb7-4086-bace-89f7e8c5104c req-eb748af7-41df-4aef-9f47-242b3e6c9e22 55c7e25be8184982b3dca13ca702e21a 83b0599c3ddb4eb284ea3581ca128e4f - - default default] GET http://cinder-api.openstack.svc.cluster.local:8776/v3/83b0599c3ddb4eb284ea3581ca128e4f/volumes/8b0fff1c-bcc9-4c4b-ac11-20d1552a71ab /var/lib/openstack/lib/python3.12/site-packages/oslo_context/context.py:101: DeprecationWarning: Policy enforcement is depending on the value of is_admin. This key is deprecated. Please update your policy file to use the standard policy values. warnings.warn(
2026-06-18 04:39:22.423 7 INFO cinder.volume.api [req-381a6071-eeb7-4086-bace-89f7e8c5104c req-eb748af7-41df-4aef-9f47-242b3e6c9e22 55c7e25be8184982b3dca13ca702e21a 83b0599c3ddb4eb284ea3581ca128e4f - - default default] Volume info retrieved successfully.
2026-06-18 04:39:22.428 7 INFO cinder.api.openstack.wsgi [req-381a6071-eeb7-4086-bace-89f7e8c5104c req-eb748af7-41df-4aef-9f47-242b3e6c9e22 55c7e25be8184982b3dca13ca702e21a 83b0599c3ddb4eb284ea3581ca128e4f - - default default] http://cinder-api.openstack.svc.cluster.local:8776/v3/83b0599c3ddb4eb284ea3581ca128e4f/volumes/8b0fff1c-bcc9-4c4b-ac11-20d1552a71ab returned with HTTP 200 [pid: 7|app: 0|req: 485/962] 199.204.45.65 () {32 vars in 824 bytes} [Thu Jun 18 04:39:22 2026] GET /v3/83b0599c3ddb4eb284ea3581ca128e4f/volumes/8b0fff1c-bcc9-4c4b-ac11-20d1552a71ab => generated 1973 bytes in 27 msecs (HTTP/1.1 200) 7 headers in 286 bytes (1 switches on core 0) /var/lib/openstack/lib/python3.12/site-packages/pycadf/identifier.py:70: UserWarning: Invalid uuid: cinderv3. To ensure interoperability, identifiers should be a valid uuid. warnings.warn(('Invalid uuid: %s. To ensure interoperability, '
2026-06-18 04:39:25.404 8 INFO cinder.api.openstack.wsgi [req-381a6071-eeb7-4086-bace-89f7e8c5104c req-d4bed36d-b86f-4e2a-b90c-30dc36367cf3 55c7e25be8184982b3dca13ca702e21a 83b0599c3ddb4eb284ea3581ca128e4f - - default default] GET http://cinder-api.openstack.svc.cluster.local:8776/v3/83b0599c3ddb4eb284ea3581ca128e4f/volumes/8b0fff1c-bcc9-4c4b-ac11-20d1552a71ab /var/lib/openstack/lib/python3.12/site-packages/oslo_context/context.py:101: DeprecationWarning: Policy enforcement is depending on the value of is_admin. This key is deprecated. Please update your policy file to use the standard policy values. warnings.warn(
2026-06-18 04:39:25.426 8 INFO cinder.volume.api [req-381a6071-eeb7-4086-bace-89f7e8c5104c req-d4bed36d-b86f-4e2a-b90c-30dc36367cf3 55c7e25be8184982b3dca13ca702e21a 83b0599c3ddb4eb284ea3581ca128e4f - - default default] Volume info retrieved successfully.
