2026-03-11 18:00:45.804 7 INFO placement.requestlog [req-d94e7cd1-213d-4f85-a467-e9ee94df41ba req-66545e11-3f41-40f1-b975-feb9b870604c b2c034bc64804cdea0ca47f7bbc3056a f88539908b914622b96091fd145818a7 - - c51175e5b6f2485f9853a8cb3164407e c51175e5b6f2485f9853a8cb3164407e] 162.253.55.110 "GET /resource_providers/73be7604-7bf5-4462-9a16-36c8360883b1/traits" status: 200 len: 2316 microversion: 1.6 [pid: 7|app: 0|req: 273/547] 162.253.55.110 () {34 vars in 890 bytes} [Wed Mar 11 18:00:45 2026] GET /resource_providers/73be7604-7bf5-4462-9a16-36c8360883b1/traits => generated 2316 bytes in 19 msecs (HTTP/1.1 200) 6 headers in 225 bytes (1 switches on core 0)
2026-03-11 18:00:45.819 8 INFO placement.requestlog [req-d94e7cd1-213d-4f85-a467-e9ee94df41ba req-a7dad509-5d74-4070-af83-ece64c5a5037 b2c034bc64804cdea0ca47f7bbc3056a f88539908b914622b96091fd145818a7 - - c51175e5b6f2485f9853a8cb3164407e c51175e5b6f2485f9853a8cb3164407e] 162.253.55.110 "GET /resource_providers/73be7604-7bf5-4462-9a16-36c8360883b1/allocations" status: 200 len: 54 microversion: 1.0 [pid: 8|app: 0|req: 275/548] 162.253.55.110 () {32 vars in 857 bytes} [Wed Mar 11 18:00:45 2026] GET /resource_providers/73be7604-7bf5-4462-9a16-36c8360883b1/allocations => generated 54 bytes in 12 msecs (HTTP/1.1 200) 6 headers in 223 bytes (1 switches on core 0)
2026-03-11 18:00:48.085 7 INFO placement.requestlog [None req-1079f197-8bf9-4c39-9f69-b45ef907fa9e - - - - - -] 10.0.0.135 "GET /" status: 200 len: 136 microversion: 1.0
2026-03-11 18:00:48.085 8 INFO placement.requestlog [None req-fd914e64-3eb9-4fdc-82e3-073140763766 - - - - - -] 10.0.0.135 "GET /" status: 200 len: 136 microversion: 1.0
2026-03-11 18:00:58.085 7 INFO placement.requestlog [None req-08e27fb8-6327-4a5f-a25b-660653f15c66 - - - - - -] 10.0.0.135 "GET /" status: 200 len: 136 microversion: 1.0
2026-03-11 18:00:58.085 8 INFO placement.requestlog [None req-5c912bea-b6df-452c-a712-ee606ff8fcb7 - - - - - -] 10.0.0.135 "GET /" status: 200 len: 136 microversion: 1.0
2026-03-11 18:01:08.085 7 INFO placement.requestlog [None req-d4495e81-7a78-471b-ab8d-2ee447787846 - - - - - -] 10.0.0.135 "GET /" status: 200 len: 136 microversion: 1.0
2026-03-11 18:01:08.091 8 INFO placement.requestlog [None req-d2d4352f-fbcd-460c-8c17-734bf1426607 - - - - - -] 10.0.0.135 "GET /" status: 200 len: 136 microversion: 1.0
2026-03-11 18:01:18.074 7 INFO placement.requestlog [None req-504b1d84-9d97-40fe-9001-fbbf4ea4cec4 a3e8f77dc5a34e33aa8ee7498ff034a1 21f8773b968a4070894ae7ef6d1fae11 - - default default] 10.0.0.215 "GET /resource_providers" status: 200 len: 405 microversion: 1.0 [pid: 7|app: 0|req: 277/555] 10.0.0.215 () {28 vars in 593 bytes} [Wed Mar 11 18:01:18 2026] GET /resource_providers => generated 405 bytes in 67 msecs (HTTP/1.1 200) 6 headers in 224 bytes (1 switches on core 0)
2026-03-11 18:01:18.085 7 INFO placement.requestlog [None req-aaf20527-7b57-4fff-b829-7493bcc57bbf - - - - - -] 10.0.0.135 "GET /" status: 200 len: 136 microversion: 1.0
2026-03-11 18:01:18.086 7 INFO placement.requestlog [None req-e1a0e3fe-d9eb-4a76-adff-5fe826d62495 - - - - - -] 10.0.0.135 "GET /" status: 200 len: 136 microversion: 1.0
2026-03-11 18:01:18.095 8 INFO placement.requestlog [None req-a74f3b00-7b03-4908-b04d-a00732341d67 a3e8f77dc5a34e33aa8ee7498ff034a1 21f8773b968a4070894ae7ef6d1fae11 - - default default] 10.0.0.215 "GET /resource_providers/73be7604-7bf5-4462-9a16-36c8360883b1/inventories" status: 200 len: 400 microversion: 1.0 [pid: 8|app: 0|req: 279/558] 10.0.0.215 () {28 vars in 691 bytes} [Wed Mar 11 18:01:18 2026] GET /resource_providers/73be7604-7bf5-4462-9a16-36c8360883b1/inventories => generated 400 bytes in 12 msecs (HTTP/1.1 200) 6 headers in 224 bytes (1 switches on core 0)
2026-03-11 18:01:18.113 7 INFO placement.requestlog [None req-2a9394a5-181e-48d3-8c63-62c87401299c a3e8f77dc5a34e33aa8ee7498ff034a1 21f8773b968a4070894ae7ef6d1fae11 - - default default] 10.0.0.215 "GET /resource_providers/73be7604-7bf5-4462-9a16-36c8360883b1/usages" status: 200 len: 88 microversion: 1.0 [pid: 7|app: 0|req: 280/559] 10.0.0.215 () {28 vars in 681 bytes} [Wed Mar 11 18:01:18 2026] GET /resource_providers/73be7604-7bf5-4462-9a16-36c8360883b1/usages => generated 88 bytes in 14 msecs (HTTP/1.1 200) 6 headers in 223 bytes (1 switches on core 0)
2026-03-11 18:01:28.085 8 INFO placement.requestlog [None req-e7b12fac-d081-4be3-9f23-f50451af0a08 - - - - - -] 10.0.0.135 "GET /" status: 200 len: 136 microversion: 1.0
2026-03-11 18:01:28.085 7 INFO placement.requestlog [None req-b432c47b-de16-4d89-a173-b1c706267bad - - - - - -] 10.0.0.135 "GET /" status: 200 len: 136 microversion: 1.0
2026-03-11 18:01:38.085 7 INFO placement.requestlog [None req-7e24cfe0-b87f-4a2e-ab3d-a4bdd9281a7e - - - - - -] 10.0.0.135 "GET /" status: 200 len: 136 microversion: 1.0
2026-03-11 18:01:38.086 8 INFO placement.requestlog [None req-f1bac468-afaf-4702-b47a-b0faf152ae72 - - - - - -] 10.0.0.135 "GET /" status: 200 len: 136 microversion: 1.0
2026-03-11 18:01:45.718 7 INFO placement.requestlog [req-4ce53b58-2020-4ba2-8544-cc6fbbdc6498 req-aaa24331-a222-4fab-96be-42abbc1cdc49 b2c034bc64804cdea0ca47f7bbc3056a f88539908b914622b96091fd145818a7 - - c51175e5b6f2485f9853a8cb3164407e c51175e5b6f2485f9853a8cb3164407e] 162.253.55.110 "GET /resource_providers/73be7604-7bf5-4462-9a16-36c8360883b1/allocations" status: 200 len: 54 microversion: 1.0 [pid: 7|app: 0|req: 283/564] 162.253.55.110 () {32 vars in 857 bytes} [Wed Mar 11 18:01:45 2026] GET /resource_providers/73be7604-7bf5-4462-9a16-36c8360883b1/allocations => generated 54 bytes in 11 msecs (HTTP/1.1 200) 6 headers in 223 bytes (1 switches on core 0)
2026-03-11 18:01:45.741 8 INFO placement.requestlog [req-4ce53b58-2020-4ba2-8544-cc6fbbdc6498 req-9386d1a1-f68e-413b-8e85-993f60114e46 b2c034bc64804cdea0ca47f7bbc3056a f88539908b914622b96091fd145818a7 - - c51175e5b6f2485f9853a8cb3164407e c51175e5b6f2485f9853a8cb3164407e] 162.253.55.110 "GET /resource_providers/73be7604-7bf5-4462-9a16-36c8360883b1/allocations" status: 200 len: 54 microversion: 1.0 [pid: 8|app: 0|req: 282/565] 162.253.55.110 () {32 vars in 857 bytes} [Wed Mar 11 18:01:45 2026] GET /resource_providers/73be7604-7bf5-4462-9a16-36c8360883b1/allocations => generated 54 bytes in 15 msecs (HTTP/1.1 200) 6 headers in 223 bytes (1 switches on core 0)
2026-03-11 18:01:48.085 7 INFO placement.requestlog [None req-d550a8c5-7849-4d0f-89c9-12542f6de00a - - - - - -] 10.0.0.135 "GET /" status: 200 len: 136 microversion: 1.0
2026-03-11 18:01:48.085 8 INFO placement.requestlog [None req-11c05b7a-6c37-4162-9219-c8bbd1f5eecb - - - - - -] 10.0.0.135 "GET /" status: 200 len: 136 microversion: 1.0
2026-03-11 18:01:58.085 7 INFO placement.requestlog [None req-b9f5a9eb-f9cc-46d1-9958-828b251daff3 - - - - - -] 10.0.0.135 "GET /" status: 200 len: 136 microversion: 1.0
2026-03-11 18:01:58.086 8 INFO placement.requestlog [None req-54e8363b-fff9-4d1b-b147-3800198b2112 - - - - - -] 10.0.0.135 "GET /" status: 200 len: 136 microversion: 1.0
2026-03-11 18:02:08.085 7 INFO placement.requestlog [None req-deb64702-3a6b-4458-bca3-74bdbca6daa5 - - - - - -] 10.0.0.135 "GET /" status: 200 len: 136 microversion: 1.0
2026-03-11 18:02:08.085 8 INFO placement.requestlog [None req-e3964c4e-80e9-4770-b828-b228fb93eb74 - - - - - -] 10.0.0.135 "GET /" status: 200 len: 136 microversion: 1.0
2026-03-11 18:02:17.925 7 INFO placement.requestlog [None req-3c0ec4e4-fec7-4bb4-aa88-2444a62357fa a3e8f77dc5a34e33aa8ee7498ff034a1 21f8773b968a4070894ae7ef6d1fae11 - - default default] 10.0.0.215 "GET /resource_providers" status: 200 len: 405 microversion: 1.0 [pid: 7|app: 0|req: 287/572] 10.0.0.215 () {28 vars in 593 bytes} [Wed Mar 11 18:02:17 2026] GET /resource_providers => generated 405 bytes in 48 msecs (HTTP/1.1 200) 6 headers in 224 bytes (1 switches on core 0)
2026-03-11 18:02:17.949 8 INFO placement.requestlog [None req-fea39d59-3128-40f7-af0c-69de6b266d0c a3e8f77dc5a34e33aa8ee7498ff034a1 21f8773b968a4070894ae7ef6d1fae11 - - default default] 10.0.0.215 "GET /resource_providers/73be7604-7bf5-4462-9a16-36c8360883b1/inventories" status: 200 len: 400 microversion: 1.0 [pid: 8|app: 0|req: 286/573] 10.0.0.215 () {28 vars in 691 bytes} [Wed Mar 11 18:02:17 2026] GET /resource_providers/73be7604-7bf5-4462-9a16-36c8360883b1/inventories => generated 400 bytes in 19 msecs (HTTP/1.1 200) 6 headers in 224 bytes (1 switches on core 0)
2026-03-11 18:02:17.966 7 INFO placement.requestlog [None req-f2e86a35-7915-49ed-8495-744006fe8e71 a3e8f77dc5a34e33aa8ee7498ff034a1 21f8773b968a4070894ae7ef6d1fae11 - - default default] 10.0.0.215 "GET /resource_providers/73be7604-7bf5-4462-9a16-36c8360883b1/usages" status: 200 len: 88 microversion: 1.0 [pid: 7|app: 0|req: 288/574] 10.0.0.215 () {28 vars in 681 bytes} [Wed Mar 11 18:02:17 2026] GET /resource_providers/73be7604-7bf5-4462-9a16-36c8360883b1/usages => generated 88 bytes in 12 msecs (HTTP/1.1 200) 6 headers in 223 bytes (1 switches on core 0)
2026-03-11 18:02:18.084 8 INFO placement.requestlog [None req-59ef25ad-392a-4d11-9f6b-c30bf1538108 - - - - - -] 10.0.0.135 "GET /" status: 200 len: 136 microversion: 1.0
2026-03-11 18:02:18.085 7 INFO placement.requestlog [None req-ba8f26cf-284d-478b-a155-4a451db2df20 - - - - - -] 10.0.0.135 "GET /" status: 200 len: 136 microversion: 1.0
2026-03-11 18:02:28.085 8 INFO placement.requestlog [None req-8f105206-f8af-491f-8c1c-bec2136e15fd - - - - - -] 10.0.0.135 "GET /" status: 200 len: 136 microversion: 1.0
2026-03-11 18:02:28.085 7 INFO placement.requestlog [None req-4de686d6-d17b-4347-85a8-9d855a659b82 - - - - - -] 10.0.0.135 "GET /" status: 200 len: 136 microversion: 1.0
2026-03-11 18:02:38.085 7 INFO placement.requestlog [None req-78b731e6-04d5-41f3-8c31-e594cd143ca8 - - - - - -] 10.0.0.135 "GET /" status: 200 len: 136 microversion: 1.0
2026-03-11 18:02:38.085 8 INFO placement.requestlog [None req-6f59dd20-5c05-4101-9236-571cec106824 - - - - - -] 10.0.0.135 "GET /" status: 200 len: 136 microversion: 1.0
2026-03-11 18:02:47.583 7 INFO placement.requestlog [req-ea403ebb-5068-4c69-b435-65d0ef243e72 req-3a682520-963f-492a-9114-8663166534d9 b2c034bc64804cdea0ca47f7bbc3056a f88539908b914622b96091fd145818a7 - - c51175e5b6f2485f9853a8cb3164407e c51175e5b6f2485f9853a8cb3164407e] 162.253.55.110 "GET /resource_providers/73be7604-7bf5-4462-9a16-36c8360883b1/allocations" status: 200 len: 54 microversion: 1.0 [pid: 7|app: 0|req: 292/581] 162.253.55.110 () {32 vars in 857 bytes} [Wed Mar 11 18:02:47 2026] GET /resource_providers/73be7604-7bf5-4462-9a16-36c8360883b1/allocations => generated 54 bytes in 16 msecs (HTTP/1.1 200) 6 headers in 223 bytes (1 switches on core 0)
2026-03-11 18:02:47.605 8 INFO placement.requestlog [req-ea403ebb-5068-4c69-b435-65d0ef243e72 req-8ca9cdd2-4c5b-494d-9dd6-d0f0c9f5d02a b2c034bc64804cdea0ca47f7bbc3056a f88539908b914622b96091fd145818a7 - - c51175e5b6f2485f9853a8cb3164407e c51175e5b6f2485f9853a8cb3164407e] 162.253.55.110 "GET /resource_providers/73be7604-7bf5-4462-9a16-36c8360883b1/allocations" status: 200 len: 54 microversion: 1.0 [pid: 8|app: 0|req: 290/582] 162.253.55.110 () {32 vars in 857 bytes} [Wed Mar 11 18:02:47 2026] GET /resource_providers/73be7604-7bf5-4462-9a16-36c8360883b1/allocations => generated 54 bytes in 13 msecs (HTTP/1.1 200) 6 headers in 223 bytes (1 switches on core 0)
2026-03-11 18:02:48.085 7 INFO placement.requestlog [None req-452544a9-3b4b-431e-8bc8-2ee0c263b121 - - - - - -] 10.0.0.135 "GET /" status: 200 len: 136 microversion: 1.0
2026-03-11 18:02:48.086 8 INFO placement.requestlog [None req-ce7f9cc3-09a3-425a-8d51-de6b972467a5 - - - - - -] 10.0.0.135 "GET /" status: 200 len: 136 microversion: 1.0
2026-03-11 18:02:58.085 8 INFO placement.requestlog [None req-2eb66d85-dcf2-4611-bf98-aedbd0274d30 - - - - - -] 10.0.0.135 "GET /" status: 200 len: 136 microversion: 1.0
2026-03-11 18:02:58.086 7 INFO placement.requestlog [None req-e8eee2da-d3f8-4444-8a00-7309fc39213b - - - - - -] 10.0.0.135 "GET /" status: 200 len: 136 microversion: 1.0
2026-03-11 18:03:08.086 8 INFO placement.requestlog [None req-6cf1a96b-8476-484c-8e89-63a4c3366de4 - - - - - -] 10.0.0.135 "GET /" status: 200 len: 136 microversion: 1.0
2026-03-11 18:03:08.086 7 INFO placement.requestlog [None req-9d9a94d6-bad4-4d25-b6a0-542e5f8f3089 - - - - - -] 10.0.0.135 "GET /" status: 200 len: 136 microversion: 1.0
2026-03-11 18:03:18.084 8 INFO placement.requestlog [None req-41403ab3-521e-41e6-b626-a746eabd01f6 - - - - - -] 10.0.0.135 "GET /" status: 200 len: 136 microversion: 1.0
2026-03-11 18:03:18.085 7 INFO placement.requestlog [None req-6f0a959a-d342-4f58-8c5b-f7bb3886d749 a3e8f77dc5a34e33aa8ee7498ff034a1 21f8773b968a4070894ae7ef6d1fae11 - - default default] 10.0.0.215 "GET /resource_providers" status: 200 len: 405 microversion: 1.0
2026-03-11 18:03:18.085 8 INFO placement.requestlog [None req-40bbc868-1805-4d83-9eaf-03b4e2af53f7 - - - - - -] 10.0.0.135 "GET /" status: 200 len: 136 microversion: 1.0 [pid: 7|app: 0|req: 296/590] 10.0.0.215 () {28 vars in 593 bytes} [Wed Mar 11 18:03:18 2026] GET /resource_providers => generated 405 bytes in 72 msecs (HTTP/1.1 200) 6 headers in 224 bytes (1 switches on core 0)
2026-03-11 18:03:18.107 7 INFO placement.requestlog [None req-4e431814-cd6d-4c1e-9be4-7adc8204875b a3e8f77dc5a34e33aa8ee7498ff034a1 21f8773b968a4070894ae7ef6d1fae11 - - default default] 10.0.0.215 "GET /resource_providers/73be7604-7bf5-4462-9a16-36c8360883b1/inventories" status: 200 len: 400 microversion: 1.0 [pid: 7|app: 0|req: 297/592] 10.0.0.215 () {28 vars in 691 bytes} [Wed Mar 11 18:03:18 2026] GET /resource_providers/73be7604-7bf5-4462-9a16-36c8360883b1/inventories => generated 400 bytes in 19 msecs (HTTP/1.1 200) 6 headers in 224 bytes (1 switches on core 0)
2026-03-11 18:03:18.136 8 INFO placement.requestlog [None req-c7668966-816e-49bc-9573-72b05b733347 a3e8f77dc5a34e33aa8ee7498ff034a1 21f8773b968a4070894ae7ef6d1fae11 - - default default] 10.0.0.215 "GET /resource_providers/73be7604-7bf5-4462-9a16-36c8360883b1/usages" status: 200 len: 88 microversion: 1.0 [pid: 8|app: 0|req: 296/593] 10.0.0.215 () {28 vars in 681 bytes} [Wed Mar 11 18:03:18 2026] GET /resource_providers/73be7604-7bf5-4462-9a16-36c8360883b1/usages => generated 88 bytes in 17 msecs (HTTP/1.1 200) 6 headers in 223 bytes (1 switches on core 0)
2026-03-11 18:03:28.085 8 INFO placement.requestlog [None req-13c723ed-e2ae-4ff9-b826-be8cb8eae004 - - - - - -] 10.0.0.135 "GET /" status: 200 len: 136 microversion: 1.0
2026-03-11 18:03:28.085 7 INFO placement.requestlog [None req-a1a419b4-b714-4e6d-8a47-090c81e6e79b - - - - - -] 10.0.0.135 "GET /" status: 200 len: 136 microversion: 1.0
2026-03-11 18:03:38.085 8 INFO placement.requestlog [None req-3ed97299-8682-4366-b89e-a26f58a501ac - - - - - -] 10.0.0.135 "GET /" status: 200 len: 136 microversion: 1.0
2026-03-11 18:03:38.085 7 INFO placement.requestlog [None req-9bcf651f-9f42-45b7-a204-9f317ffa06ea - - - - - -] 10.0.0.135 "GET /" status: 200 len: 136 microversion: 1.0
2026-03-11 18:03:47.593 8 INFO placement.requestlog [req-ca767b59-e509-4530-8f5f-cca93002fa2b req-2e3c632f-7137-4877-aa68-0ce8a088086b b2c034bc64804cdea0ca47f7bbc3056a f88539908b914622b96091fd145818a7 - - c51175e5b6f2485f9853a8cb3164407e c51175e5b6f2485f9853a8cb3164407e] 162.253.55.110 "GET /resource_providers/73be7604-7bf5-4462-9a16-36c8360883b1/allocations" status: 200 len: 54 microversion: 1.0 [pid: 8|app: 0|req: 299/598] 162.253.55.110 () {32 vars in 857 bytes} [Wed Mar 11 18:03:47 2026] GET /resource_providers/73be7604-7bf5-4462-9a16-36c8360883b1/allocations => generated 54 bytes in 13 msecs (HTTP/1.1 200) 6 headers in 223 bytes (1 switches on core 0)
2026-03-11 18:03:47.615 7 INFO placement.requestlog [req-ca767b59-e509-4530-8f5f-cca93002fa2b req-09779577-e849-458f-b4fe-8e3eadad27a4 b2c034bc64804cdea0ca47f7bbc3056a f88539908b914622b96091fd145818a7 - - c51175e5b6f2485f9853a8cb3164407e c51175e5b6f2485f9853a8cb3164407e] 162.253.55.110 "GET /resource_providers/73be7604-7bf5-4462-9a16-36c8360883b1/allocations" status: 200 len: 54 microversion: 1.0 [pid: 7|app: 0|req: 300/599] 162.253.55.110 () {32 vars in 857 bytes} [Wed Mar 11 18:03:47 2026] GET /resource_providers/73be7604-7bf5-4462-9a16-36c8360883b1/allocations => generated 54 bytes in 15 msecs (HTTP/1.1 200) 6 headers in 223 bytes (1 switches on core 0)
2026-03-11 18:03:48.085 8 INFO placement.requestlog [None req-b35faa31-4496-4a85-a062-1eb9000310ab - - - - - -] 10.0.0.135 "GET /" status: 200 len: 136 microversion: 1.0
2026-03-11 18:03:48.085 7 INFO placement.requestlog [None req-5f11604e-e925-4426-997a-31a87cdf9a59 - - - - - -] 10.0.0.135 "GET /" status: 200 len: 136 microversion: 1.0
2026-03-11 18:03:58.084 8 INFO placement.requestlog [None req-f7264025-69b0-4d52-8923-e02fe538f03f - - - - - -] 10.0.0.135 "GET /" status: 200 len: 136 microversion: 1.0
2026-03-11 18:03:58.085 7 INFO placement.requestlog [None req-a225407b-a4ea-417c-abfc-19aec0928aa7 - - - - - -] 10.0.0.135 "GET /" status: 200 len: 136 microversion: 1.0
2026-03-11 18:04:08.085 8 INFO placement.requestlog [None req-ef4e3427-9f97-4cc4-84f2-8fd9affe203a - - - - - -] 10.0.0.135 "GET /" status: 200 len: 136 microversion: 1.0
2026-03-11 18:04:08.085 7 INFO placement.requestlog [None req-20884d7d-3fe1-41aa-9376-0aba2390dd0b - - - - - -] 10.0.0.135 "GET /" status: 200 len: 136 microversion: 1.0
2026-03-11 18:04:17.954 8 INFO placement.requestlog [None req-47b47650-54b0-4616-9c6e-7ec9dea4ea03 a3e8f77dc5a34e33aa8ee7498ff034a1 21f8773b968a4070894ae7ef6d1fae11 - - default default] 10.0.0.215 "GET /resource_providers" status: 200 len: 405 microversion: 1.0 [pid: 8|app: 0|req: 303/606] 10.0.0.215 () {28 vars in 593 bytes} [Wed Mar 11 18:04:17 2026] GET /resource_providers => generated 405 bytes in 59 msecs (HTTP/1.1 200) 6 headers in 224 bytes (1 switches on core 0)
2026-03-11 18:04:17.978 7 INFO placement.requestlog [None req-37bdc609-db1d-4590-ac08-c2ac1348ffe6 a3e8f77dc5a34e33aa8ee7498ff034a1 21f8773b968a4070894ae7ef6d1fae11 - - default default] 10.0.0.215 "GET /resource_providers/73be7604-7bf5-4462-9a16-36c8360883b1/inventories" status: 200 len: 400 microversion: 1.0 [pid: 7|app: 0|req: 304/607] 10.0.0.215 () {28 vars in 691 bytes} [Wed Mar 11 18:04:17 2026] GET /resource_providers/73be7604-7bf5-4462-9a16-36c8360883b1/inventories => generated 400 bytes in 17 msecs (HTTP/1.1 200) 6 headers in 224 bytes (1 switches on core 0)
2026-03-11 18:04:18.000 8 INFO placement.requestlog [None req-8c2aa06a-850b-4006-ab93-94a9617b096b a3e8f77dc5a34e33aa8ee7498ff034a1 21f8773b968a4070894ae7ef6d1fae11 - - default default] 10.0.0.215 "GET /resource_providers/73be7604-7bf5-4462-9a16-36c8360883b1/usages" status: 200 len: 88 microversion: 1.0 [pid: 8|app: 0|req: 304/608] 10.0.0.215 () {28 vars in 681 bytes} [Wed Mar 11 18:04:17 2026] GET /resource_providers/73be7604-7bf5-4462-9a16-36c8360883b1/usages => generated 88 bytes in 19 msecs (HTTP/1.1 200) 6 headers in 223 bytes (1 switches on core 0)
2026-03-11 18:04:18.085 8 INFO placement.requestlog [None req-83ee935a-1bd4-40cc-9ca4-27e61ad99524 - - - - - -] 10.0.0.135 "GET /" status: 200 len: 136 microversion: 1.0
2026-03-11 18:04:18.085 7 INFO placement.requestlog [None req-00d1479a-753f-4df2-b592-2fea3c334734 - - - - - -] 10.0.0.135 "GET /" status: 200 len: 136 microversion: 1.0
2026-03-11 18:04:28.085 8 INFO placement.requestlog [None req-f3aedc51-4256-4453-a4a2-e760ad70bc83 - - - - - -] 10.0.0.135 "GET /" status: 200 len: 136 microversion: 1.0
2026-03-11 18:04:28.087 7 INFO placement.requestlog [None req-2ce9f872-c9bd-4907-a9bb-576d17455be6 - - - - - -] 10.0.0.135 "GET /" status: 200 len: 136 microversion: 1.0
2026-03-11 18:04:38.084 7 INFO placement.requestlog [None req-2d3a5887-ad03-41aa-8436-c1d23a063ef9 - - - - - -] 10.0.0.135 "GET /" status: 200 len: 136 microversion: 1.0
2026-03-11 18:04:38.085 8 INFO placement.requestlog [None req-6974aeed-70b3-4831-b715-b5c6c8694b92 - - - - - -] 10.0.0.135 "GET /" status: 200 len: 136 microversion: 1.0
2026-03-11 18:04:48.085 7 INFO placement.requestlog [None req-f83abc16-1bfa-4adf-923d-1b84cd05af97 - - - - - -] 10.0.0.135 "GET /" status: 200 len: 136 microversion: 1.0
2026-03-11 18:04:48.086 8 INFO placement.requestlog [None req-11432288-477d-4876-b6db-1bfee857a892 - - - - - -] 10.0.0.135 "GET /" status: 200 len: 136 microversion: 1.0
2026-03-11 18:04:48.631 7 INFO placement.requestlog [req-364aae41-b8a0-446c-8497-743783877f0d req-8a681824-aaaf-469c-a1ea-dd17fa543584 b2c034bc64804cdea0ca47f7bbc3056a f88539908b914622b96091fd145818a7 - - c51175e5b6f2485f9853a8cb3164407e c51175e5b6f2485f9853a8cb3164407e] 162.253.55.110 "GET /resource_providers/73be7604-7bf5-4462-9a16-36c8360883b1/allocations" status: 200 len: 54 microversion: 1.0 [pid: 7|app: 0|req: 309/617] 162.253.55.110 () {32 vars in 857 bytes} [Wed Mar 11 18:04:48 2026] GET /resource_providers/73be7604-7bf5-4462-9a16-36c8360883b1/allocations => generated 54 bytes in 14 msecs (HTTP/1.1 200) 6 headers in 223 bytes (1 switches on core 0)
2026-03-11 18:04:48.653 8 INFO placement.requestlog [req-364aae41-b8a0-446c-8497-743783877f0d req-3c89e895-da27-4090-90a8-1f010e8b489f b2c034bc64804cdea0ca47f7bbc3056a f88539908b914622b96091fd145818a7 - - c51175e5b6f2485f9853a8cb3164407e c51175e5b6f2485f9853a8cb3164407e] 162.253.55.110 "GET /resource_providers/73be7604-7bf5-4462-9a16-36c8360883b1/allocations" status: 200 len: 54 microversion: 1.0 [pid: 8|app: 0|req: 309/618] 162.253.55.110 () {32 vars in 857 bytes} [Wed Mar 11 18:04:48 2026] GET /resource_providers/73be7604-7bf5-4462-9a16-36c8360883b1/allocations => generated 54 bytes in 14 msecs (HTTP/1.1 200) 6 headers in 223 bytes (1 switches on core 0)
2026-03-11 18:04:58.085 8 INFO placement.requestlog [None req-6ec3c898-c3cb-48a5-8c13-2a007ecdb126 - - - - - -] 10.0.0.135 "GET /" status: 200 len: 136 microversion: 1.0
2026-03-11 18:04:58.085 7 INFO placement.requestlog [None req-7421c130-acfe-43bd-8dac-d53563ceecbe - - - - - -] 10.0.0.135 "GET /" status: 200 len: 136 microversion: 1.0
2026-03-11 18:05:08.085 7 INFO placement.requestlog [None req-409b5f89-7954-478d-b8a4-c5bc58c3ef3b - - - - - -] 10.0.0.135 "GET /" status: 200 len: 136 microversion: 1.0
2026-03-11 18:05:08.085 8 INFO placement.requestlog [None req-9d3fcd00-728b-4c82-b288-4a3814286644 - - - - - -] 10.0.0.135 "GET /" status: 200 len: 136 microversion: 1.0
2026-03-11 18:05:17.999 7 INFO placement.requestlog [None req-64f942e2-a0bc-4870-8850-0ed6080b5e69 a3e8f77dc5a34e33aa8ee7498ff034a1 21f8773b968a4070894ae7ef6d1fae11 - - default default] 10.0.0.215 "GET /resource_providers" status: 200 len: 405 microversion: 1.0 [pid: 7|app: 0|req: 312/623] 10.0.0.215 () {28 vars in 593 bytes} [Wed Mar 11 18:05:17 2026] GET /resource_providers => generated 405 bytes in 65 msecs (HTTP/1.1 200) 6 headers in 224 bytes (1 switches on core 0)
2026-03-11 18:05:18.031 8 INFO placement.requestlog [None req-3c208805-f75e-458e-9e86-7fb3a73a0778 a3e8f77dc5a34e33aa8ee7498ff034a1 21f8773b968a4070894ae7ef6d1fae11 - - default default] 10.0.0.215 "GET /resource_providers/73be7604-7bf5-4462-9a16-36c8360883b1/inventories" status: 200 len: 400 microversion: 1.0 [pid: 8|app: 0|req: 312/624] 10.0.0.215 () {28 vars in 691 bytes} [Wed Mar 11 18:05:18 2026] GET /resource_providers/73be7604-7bf5-4462-9a16-36c8360883b1/inventories => generated 400 bytes in 26 msecs (HTTP/1.1 200) 6 headers in 224 bytes (1 switches on core 0)
2026-03-11 18:05:18.058 7 INFO placement.requestlog [None req-ed1ee44c-3204-432b-a437-e45c4e05fc21 a3e8f77dc5a34e33aa8ee7498ff034a1 21f8773b968a4070894ae7ef6d1fae11 - - default default] 10.0.0.215 "GET /resource_providers/73be7604-7bf5-4462-9a16-36c8360883b1/usages" status: 200 len: 88 microversion: 1.0 [pid: 7|app: 0|req: 313/625] 10.0.0.215 () {28 vars in 681 bytes} [Wed Mar 11 18:05:18 2026] GET /resource_providers/73be7604-7bf5-4462-9a16-36c8360883b1/usages => generated 88 bytes in 23 msecs (HTTP/1.1 200) 6 headers in 223 bytes (1 switches on core 0)
2026-03-11 18:05:18.085 8 INFO placement.requestlog [None req-003b9946-a3fe-400b-a5a8-40b5c35222d1 - - - - - -] 10.0.0.135 "GET /" status: 200 len: 136 microversion: 1.0
2026-03-11 18:05:18.086 7 INFO placement.requestlog [None req-33f25abd-a956-48f7-9bdd-320ae5051285 - - - - - -] 10.0.0.135 "GET /" status: 200 len: 136 microversion: 1.0
2026-03-11 18:05:28.085 8 INFO placement.requestlog [None req-2aee4d98-2ff4-40ab-9b45-0805ed5adbfc - - - - - -] 10.0.0.135 "GET /" status: 200 len: 136 microversion: 1.0
2026-03-11 18:05:28.085 7 INFO placement.requestlog [None req-6570e23a-9485-4263-af79-f6b03e6b6839 - - - - - -] 10.0.0.135 "GET /" status: 200 len: 136 microversion: 1.0
2026-03-11 18:05:38.085 7 INFO placement.requestlog [None req-609fa175-e016-4d75-a82c-1bb882240252 - - - - - -] 10.0.0.135 "GET /" status: 200 len: 136 microversion: 1.0
2026-03-11 18:05:38.085 8 INFO placement.requestlog [None req-7c317cb4-9bd1-4d97-93dc-14e6e80689aa - - - - - -] 10.0.0.135 "GET /" status: 200 len: 136 microversion: 1.0
2026-03-11 18:05:48.085 7 INFO placement.requestlog [None req-ec4976cd-0490-4d86-8b57-e90c149f65b6 - - - - - -] 10.0.0.135 "GET /" status: 200 len: 136 microversion: 1.0
2026-03-11 18:05:48.085 8 INFO placement.requestlog [None req-98a43bee-9a54-4ff1-91b3-34fbe2403ff9 - - - - - -] 10.0.0.135 "GET /" status: 200 len: 136 microversion: 1.0
2026-03-11 18:05:48.742 8 INFO placement.requestlog [req-9d734c9b-564b-4374-80d0-8c925ea30919 req-7bc8574b-861a-40a5-920c-210ea6bc988a b2c034bc64804cdea0ca47f7bbc3056a f88539908b914622b96091fd145818a7 - - c51175e5b6f2485f9853a8cb3164407e c51175e5b6f2485f9853a8cb3164407e] 162.253.55.110 "GET /resource_providers/73be7604-7bf5-4462-9a16-36c8360883b1/allocations" status: 200 len: 54 microversion: 1.0 [pid: 8|app: 0|req: 317/634] 162.253.55.110 () {32 vars in 857 bytes} [Wed Mar 11 18:05:48 2026] GET /resource_providers/73be7604-7bf5-4462-9a16-36c8360883b1/allocations => generated 54 bytes in 184 msecs (HTTP/1.1 200) 6 headers in 223 bytes (1 switches on core 0)
2026-03-11 18:05:48.765 7 INFO placement.requestlog [req-9d734c9b-564b-4374-80d0-8c925ea30919 req-de87eab5-f850-4593-81ff-7e8ff409c589 b2c034bc64804cdea0ca47f7bbc3056a f88539908b914622b96091fd145818a7 - - c51175e5b6f2485f9853a8cb3164407e c51175e5b6f2485f9853a8cb3164407e] 162.253.55.110 "GET /resource_providers?in_tree=73be7604-7bf5-4462-9a16-36c8360883b1" status: 200 len: 797 microversion: 1.14 [pid: 7|app: 0|req: 318/635] 162.253.55.110 () {34 vars in 892 bytes} [Wed Mar 11 18:05:48 2026] GET /resource_providers?in_tree=73be7604-7bf5-4462-9a16-36c8360883b1 => generated 797 bytes in 17 msecs (HTTP/1.1 200) 6 headers in 225 bytes (1 switches on core 0)
2026-03-11 18:05:48.787 8 INFO placement.requestlog [req-9d734c9b-564b-4374-80d0-8c925ea30919 req-79df52ba-43df-41c1-acbf-d6c59514d130 b2c034bc64804cdea0ca47f7bbc3056a f88539908b914622b96091fd145818a7 - - c51175e5b6f2485f9853a8cb3164407e c51175e5b6f2485f9853a8cb3164407e] 162.253.55.110 "GET /resource_providers/73be7604-7bf5-4462-9a16-36c8360883b1/inventories" status: 200 len: 400 microversion: 1.0 [pid: 8|app: 0|req: 318/636] 162.253.55.110 () {32 vars in 857 bytes} [Wed Mar 11 18:05:48 2026] GET /resource_providers/73be7604-7bf5-4462-9a16-36c8360883b1/inventories => generated 400 bytes in 18 msecs (HTTP/1.1 200) 6 headers in 224 bytes (1 switches on core 0)
2026-03-11 18:05:48.813 7 INFO placement.requestlog [req-9d734c9b-564b-4374-80d0-8c925ea30919 req-2ab4e1f6-bc8a-42c9-afe2-50ad18c84fb6 b2c034bc64804cdea0ca47f7bbc3056a f88539908b914622b96091fd145818a7 - - c51175e5b6f2485f9853a8cb3164407e c51175e5b6f2485f9853a8cb3164407e] 162.253.55.110 "GET /resource_providers/73be7604-7bf5-4462-9a16-36c8360883b1/aggregates" status: 200 len: 53 microversion: 1.19 [pid: 7|app: 0|req: 319/637] 162.253.55.110 () {34 vars in 899 bytes} [Wed Mar 11 18:05:48 2026] GET /resource_providers/73be7604-7bf5-4462-9a16-36c8360883b1/aggregates => generated 53 bytes in 19 msecs (HTTP/1.1 200) 8 headers in 295 bytes (1 switches on core 0)
2026-03-11 18:05:48.836 8 INFO placement.requestlog [req-9d734c9b-564b-4374-80d0-8c925ea30919 req-9b92ca9b-e7bb-4848-9cd0-78e97f4dcfe4 b2c034bc64804cdea0ca47f7bbc3056a f88539908b914622b96091fd145818a7 - - c51175e5b6f2485f9853a8cb3164407e c51175e5b6f2485f9853a8cb3164407e] 162.253.55.110 "GET /resource_providers/73be7604-7bf5-4462-9a16-36c8360883b1/traits" status: 200 len: 2316 microversion: 1.6 [pid: 8|app: 0|req: 319/638] 162.253.55.110 () {34 vars in 890 bytes} [Wed Mar 11 18:05:48 2026] GET /resource_providers/73be7604-7bf5-4462-9a16-36c8360883b1/traits => generated 2316 bytes in 18 msecs (HTTP/1.1 200) 6 headers in 225 bytes (1 switches on core 0)
2026-03-11 18:05:48.854 7 INFO placement.requestlog [req-9d734c9b-564b-4374-80d0-8c925ea30919 req-fd2ef4d3-b80e-4446-9439-07d63c71b903 b2c034bc64804cdea0ca47f7bbc3056a f88539908b914622b96091fd145818a7 - - c51175e5b6f2485f9853a8cb3164407e c51175e5b6f2485f9853a8cb3164407e] 162.253.55.110 "GET /resource_providers/73be7604-7bf5-4462-9a16-36c8360883b1/allocations" status: 200 len: 54 microversion: 1.0 [pid: 7|app: 0|req: 320/639] 162.253.55.110 () {32 vars in 857 bytes} [Wed Mar 11 18:05:48 2026] GET /resource_providers/73be7604-7bf5-4462-9a16-36c8360883b1/allocations => generated 54 bytes in 14 msecs (HTTP/1.1 200) 6 headers in 223 bytes (1 switches on core 0)
2026-03-11 18:05:58.085 8 INFO placement.requestlog [None req-58c60bb3-6c83-41d7-9b5a-f248bf6bad7f - - - - - -] 10.0.0.135 "GET /" status: 200 len: 136 microversion: 1.0
2026-03-11 18:05:58.085 7 INFO placement.requestlog [None req-805eae0d-f233-4f4f-bf7b-be8e09375066 - - - - - -] 10.0.0.135 "GET /" status: 200 len: 136 microversion: 1.0
2026-03-11 18:06:08.085 8 INFO placement.requestlog [None req-2c7846c9-31f7-4e0e-b7b2-87d8b4d70f48 - - - - - -] 10.0.0.135 "GET /" status: 200 len: 136 microversion: 1.0
2026-03-11 18:06:08.085 7 INFO placement.requestlog [None req-625cf370-15f2-4411-ab02-97db18f71c95 - - - - - -] 10.0.0.135 "GET /" status: 200 len: 136 microversion: 1.0
2026-03-11 18:06:18.059 8 INFO placement.requestlog [None req-643f1785-140d-4032-9185-5344fec848fa 438e80ebe4ad4e5ab20a0b6714078d75 f88539908b914622b96091fd145818a7 - - c51175e5b6f2485f9853a8cb3164407e c51175e5b6f2485f9853a8cb3164407e] 10.0.0.100 "GET /resource_providers/3e6bcb1d-65d8-4be2-86d2-6729fffc47cf/aggregates" status: 404 len: 235 microversion: 1.1 [pid: 8|app: 0|req: 322/644] 10.0.0.100 () {32 vars in 816 bytes} [Wed Mar 11 18:06:17 2026] GET /resource_providers/3e6bcb1d-65d8-4be2-86d2-6729fffc47cf/aggregates => generated 235 bytes in 116 msecs (HTTP/1.1 404) 5 headers in 202 bytes (1 switches on core 0)
2026-03-11 18:06:18.104 7 INFO placement.requestlog [None req-7c643862-7652-4125-a71b-e62d778b6a20 438e80ebe4ad4e5ab20a0b6714078d75 f88539908b914622b96091fd145818a7 - - c51175e5b6f2485f9853a8cb3164407e c51175e5b6f2485f9853a8cb3164407e] 10.0.0.100 "GET /resource_providers/3e6bcb1d-65d8-4be2-86d2-6729fffc47cf/aggregates" status: 404 len: 235 microversion: 1.1 [pid: 7|app: 0|req: 323/645] 10.0.0.100 () {32 vars in 816 bytes} [Wed Mar 11 18:06:18 2026] GET /resource_providers/3e6bcb1d-65d8-4be2-86d2-6729fffc47cf/aggregates => generated 235 bytes in 88 msecs (HTTP/1.1 404) 5 headers in 202 bytes (1 switches on core 0)
2026-03-11 18:06:18.120 7 INFO placement.requestlog [None req-7a1638cf-7a46-4018-b6b3-b2ffccdf6486 438e80ebe4ad4e5ab20a0b6714078d75 f88539908b914622b96091fd145818a7 - - c51175e5b6f2485f9853a8cb3164407e c51175e5b6f2485f9853a8cb3164407e] 10.0.0.100 "DELETE /resource_providers/3e6bcb1d-65d8-4be2-86d2-6729fffc47cf" status: 404 len: 246 microversion: 1.1 [pid: 7|app: 0|req: 324/646] 10.0.0.100 () {34 vars in 816 bytes} [Wed Mar 11 18:06:18 2026] DELETE /resource_providers/3e6bcb1d-65d8-4be2-86d2-6729fffc47cf => generated 246 bytes in 15 msecs (HTTP/1.1 404) 6 headers in 231 bytes (1 switches on core 0)
2026-03-11 18:06:18.122 7 INFO placement.requestlog [None req-bf61b694-f6cd-4632-bc02-7836df3b48b2 - - - - - -] 10.0.0.135 "GET /" status: 200 len: 136 microversion: 1.0
2026-03-11 18:06:18.124 7 INFO placement.requestlog [None req-9c13213b-bdaa-4a3c-9095-27a83f432111 - - - - - -] 10.0.0.135 "GET /" status: 200 len: 136 microversion: 1.0
2026-03-11 18:06:18.131 7 INFO placement.requestlog [None req-986021f5-d7f0-4e10-bf48-d3a99d1f0202 438e80ebe4ad4e5ab20a0b6714078d75 f88539908b914622b96091fd145818a7 - - c51175e5b6f2485f9853a8cb3164407e c51175e5b6f2485f9853a8cb3164407e] 10.0.0.100 "DELETE /resource_providers/3e6bcb1d-65d8-4be2-86d2-6729fffc47cf" status: 404 len: 246 microversion: 1.1 [pid: 7|app: 0|req: 327/649] 10.0.0.100 () {34 vars in 816 bytes} [Wed Mar 11 18:06:18 2026] DELETE /resource_providers/3e6bcb1d-65d8-4be2-86d2-6729fffc47cf => generated 246 bytes in 6 msecs (HTTP/1.1 404) 6 headers in 231 bytes (1 switches on core 0)
2026-03-11 18:06:18.135 8 INFO placement.requestlog [None req-ecf86d26-22c8-4178-baa0-0a731f090ca1 a3e8f77dc5a34e33aa8ee7498ff034a1 21f8773b968a4070894ae7ef6d1fae11 - - default default] 10.0.0.215 "GET /resource_providers" status: 200 len: 405 microversion: 1.0 [pid: 8|app: 0|req: 323/650] 10.0.0.215 () {28 vars in 593 bytes} [Wed Mar 11 18:06:18 2026] GET /resource_providers => generated 405 bytes in 76 msecs (HTTP/1.1 200) 6 headers in 224 bytes (1 switches on core 0)
2026-03-11 18:06:18.152 7 INFO placement.requestlog [None req-8888d300-6def-4cef-a5ee-5496c3fc7154 a3e8f77dc5a34e33aa8ee7498ff034a1 21f8773b968a4070894ae7ef6d1fae11 - - default default] 10.0.0.215 "GET /resource_providers/73be7604-7bf5-4462-9a16-36c8360883b1/inventories" status: 200 len: 400 microversion: 1.0 [pid: 7|app: 0|req: 328/651] 10.0.0.215 () {28 vars in 691 bytes} [Wed Mar 11 18:06:18 2026] GET /resource_providers/73be7604-7bf5-4462-9a16-36c8360883b1/inventories => generated 400 bytes in 14 msecs (HTTP/1.1 200) 6 headers in 224 bytes (1 switches on core 0)
2026-03-11 18:06:18.171 8 INFO placement.requestlog [None req-a10c5ff5-2595-42d3-acb7-93adf8500290 a3e8f77dc5a34e33aa8ee7498ff034a1 21f8773b968a4070894ae7ef6d1fae11 - - default default] 10.0.0.215 "GET /resource_providers/73be7604-7bf5-4462-9a16-36c8360883b1/usages" status: 200 len: 88 microversion: 1.0 [pid: 8|app: 0|req: 324/652] 10.0.0.215 () {28 vars in 681 bytes} [Wed Mar 11 18:06:18 2026] GET /resource_providers/73be7604-7bf5-4462-9a16-36c8360883b1/usages => generated 88 bytes in 15 msecs (HTTP/1.1 200) 6 headers in 223 bytes (1 switches on core 0)
2026-03-11 18:06:18.638 8 INFO placement.requestlog [None req-0f0e4092-0607-451d-9406-0db8aca01082 438e80ebe4ad4e5ab20a0b6714078d75 f88539908b914622b96091fd145818a7 - - c51175e5b6f2485f9853a8cb3164407e c51175e5b6f2485f9853a8cb3164407e] 10.0.0.100 "GET /resource_providers/684a7763-ae17-404f-8342-0ce1d018d9a3/aggregates" status: 404 len: 235 microversion: 1.1 [pid: 8|app: 0|req: 325/653] 10.0.0.100 () {32 vars in 816 bytes} [Wed Mar 11 18:06:18 2026] GET /resource_providers/684a7763-ae17-404f-8342-0ce1d018d9a3/aggregates => generated 235 bytes in 159 msecs (HTTP/1.1 404) 5 headers in 202 bytes (1 switches on core 0)
2026-03-11 18:06:18.657 7 INFO placement.requestlog [None req-e4dd421e-79e7-499a-b012-7a003716db66 438e80ebe4ad4e5ab20a0b6714078d75 f88539908b914622b96091fd145818a7 - - c51175e5b6f2485f9853a8cb3164407e c51175e5b6f2485f9853a8cb3164407e] 10.0.0.100 "GET /resource_providers/684a7763-ae17-404f-8342-0ce1d018d9a3/aggregates" status: 404 len: 235 microversion: 1.1 [pid: 7|app: 0|req: 329/654] 10.0.0.100 () {32 vars in 816 bytes} [Wed Mar 11 18:06:18 2026] GET /resource_providers/684a7763-ae17-404f-8342-0ce1d018d9a3/aggregates => generated 235 bytes in 182 msecs (HTTP/1.1 404) 5 headers in 202 bytes (1 switches on core 0)
2026-03-11 18:06:18.664 8 INFO placement.requestlog [None req-cbdd9309-1f50-4f84-8e52-c38816f2a505 438e80ebe4ad4e5ab20a0b6714078d75 f88539908b914622b96091fd145818a7 - - c51175e5b6f2485f9853a8cb3164407e c51175e5b6f2485f9853a8cb3164407e] 10.0.0.100 "DELETE /resource_providers/684a7763-ae17-404f-8342-0ce1d018d9a3" status: 404 len: 246 microversion: 1.1 [pid: 8|app: 0|req: 326/655] 10.0.0.100 () {34 vars in 816 bytes} [Wed Mar 11 18:06:18 2026] DELETE /resource_providers/684a7763-ae17-404f-8342-0ce1d018d9a3 => generated 246 bytes in 12 msecs (HTTP/1.1 404) 6 headers in 231 bytes (1 switches on core 0)
2026-03-11 18:06:18.691 7 INFO placement.requestlog [None req-326ce37c-f1ca-4bb3-95f7-0b349c16f858 438e80ebe4ad4e5ab20a0b6714078d75 f88539908b914622b96091fd145818a7 - - c51175e5b6f2485f9853a8cb3164407e c51175e5b6f2485f9853a8cb3164407e] 10.0.0.100 "DELETE /resource_providers/684a7763-ae17-404f-8342-0ce1d018d9a3" status: 404 len: 246 microversion: 1.1 [pid: 7|app: 0|req: 330/656] 10.0.0.100 () {34 vars in 816 bytes} [Wed Mar 11 18:06:18 2026] DELETE /resource_providers/684a7763-ae17-404f-8342-0ce1d018d9a3 => generated 246 bytes in 25 msecs (HTTP/1.1 404) 6 headers in 231 bytes (1 switches on core 0)
2026-03-11 18:06:20.144 8 INFO placement.requestlog [None req-aeef4e3e-8dd7-4e53-a135-c42d28ddf172 438e80ebe4ad4e5ab20a0b6714078d75 f88539908b914622b96091fd145818a7 - - c51175e5b6f2485f9853a8cb3164407e c51175e5b6f2485f9853a8cb3164407e] 10.0.0.100 "GET /resource_providers/14a3c188-bb84-4c52-8f54-d733248e06b0/aggregates" status: 404 len: 235 microversion: 1.1 [pid: 8|app: 0|req: 327/657] 10.0.0.100 () {32 vars in 816 bytes} [Wed Mar 11 18:06:20 2026] GET /resource_providers/14a3c188-bb84-4c52-8f54-d733248e06b0/aggregates => generated 235 bytes in 13 msecs (HTTP/1.1 404) 5 headers in 202 bytes (1 switches on core 0)
2026-03-11 18:06:20.155 7 INFO placement.requestlog [None req-b3b659db-543c-4329-a59c-a1449aca96e2 438e80ebe4ad4e5ab20a0b6714078d75 f88539908b914622b96091fd145818a7 - - c51175e5b6f2485f9853a8cb3164407e c51175e5b6f2485f9853a8cb3164407e] 10.0.0.100 "GET /resource_providers/14a3c188-bb84-4c52-8f54-d733248e06b0/aggregates" status: 404 len: 235 microversion: 1.1 [pid: 7|app: 0|req: 331/658] 10.0.0.100 () {32 vars in 816 bytes} [Wed Mar 11 18:06:20 2026] GET /resource_providers/14a3c188-bb84-4c52-8f54-d733248e06b0/aggregates => generated 235 bytes in 11 msecs (HTTP/1.1 404) 5 headers in 202 bytes (1 switches on core 0)
2026-03-11 18:06:20.163 8 INFO placement.requestlog [None req-465ccca6-d87a-465f-a959-5222fbb51e62 438e80ebe4ad4e5ab20a0b6714078d75 f88539908b914622b96091fd145818a7 - - c51175e5b6f2485f9853a8cb3164407e c51175e5b6f2485f9853a8cb3164407e] 10.0.0.100 "DELETE /resource_providers/14a3c188-bb84-4c52-8f54-d733248e06b0" status: 404 len: 246 microversion: 1.1 [pid: 8|app: 0|req: 328/659] 10.0.0.100 () {34 vars in 816 bytes} [Wed Mar 11 18:06:20 2026] DELETE /resource_providers/14a3c188-bb84-4c52-8f54-d733248e06b0 => generated 246 bytes in 9 msecs (HTTP/1.1 404) 6 headers in 231 bytes (1 switches on core 0)
2026-03-11 18:06:20.179 7 INFO placement.requestlog [None req-b54c046b-f0a5-4045-a71a-215c6afd09cd 438e80ebe4ad4e5ab20a0b6714078d75 f88539908b914622b96091fd145818a7 - - c51175e5b6f2485f9853a8cb3164407e c51175e5b6f2485f9853a8cb3164407e] 10.0.0.100 "DELETE /resource_providers/14a3c188-bb84-4c52-8f54-d733248e06b0" status: 404 len: 246 microversion: 1.1 [pid: 7|app: 0|req: 332/660] 10.0.0.100 () {34 vars in 816 bytes} [Wed Mar 11 18:06:20 2026] DELETE /resource_providers/14a3c188-bb84-4c52-8f54-d733248e06b0 => generated 246 bytes in 8 msecs (HTTP/1.1 404) 6 headers in 231 bytes (1 switches on core 0)
2026-03-11 18:06:20.189 8 INFO placement.requestlog [None req-84d986a0-e6fa-4a71-a2b5-c863a1beea21 438e80ebe4ad4e5ab20a0b6714078d75 f88539908b914622b96091fd145818a7 - - c51175e5b6f2485f9853a8cb3164407e c51175e5b6f2485f9853a8cb3164407e] 10.0.0.100 "GET /resource_providers/8ae7fc5e-826a-413b-93fa-214eeb404b10/aggregates" status: 404 len: 235 microversion: 1.1 [pid: 8|app: 0|req: 329/661] 10.0.0.100 () {32 vars in 816 bytes} [Wed Mar 11 18:06:20 2026] GET /resource_providers/8ae7fc5e-826a-413b-93fa-214eeb404b10/aggregates => generated 235 bytes in 15 msecs (HTTP/1.1 404) 5 headers in 202 bytes (1 switches on core 0)
2026-03-11 18:06:20.191 7 INFO placement.requestlog [None req-0a76267e-5652-4fa4-b354-bd6418f95d4c 438e80ebe4ad4e5ab20a0b6714078d75 f88539908b914622b96091fd145818a7 - - c51175e5b6f2485f9853a8cb3164407e c51175e5b6f2485f9853a8cb3164407e] 10.0.0.100 "GET /resource_providers/8ae7fc5e-826a-413b-93fa-214eeb404b10/aggregates" status: 404 len: 235 microversion: 1.1 [pid: 7|app: 0|req: 333/662] 10.0.0.100 () {32 vars in 816 bytes} [Wed Mar 11 18:06:20 2026] GET /resource_providers/8ae7fc5e-826a-413b-93fa-214eeb404b10/aggregates => generated 235 bytes in 5 msecs (HTTP/1.1 404) 5 headers in 202 bytes (1 switches on core 0)
2026-03-11 18:06:20.206 8 INFO placement.requestlog [None req-1adff88c-4937-4f7e-a485-dba065426827 438e80ebe4ad4e5ab20a0b6714078d75 f88539908b914622b96091fd145818a7 - - c51175e5b6f2485f9853a8cb3164407e c51175e5b6f2485f9853a8cb3164407e] 10.0.0.100 "DELETE /resource_providers/8ae7fc5e-826a-413b-93fa-214eeb404b10" status: 404 len: 246 microversion: 1.1 [pid: 8|app: 0|req: 330/663] 10.0.0.100 () {34 vars in 816 bytes} [Wed Mar 11 18:06:20 2026] DELETE /resource_providers/8ae7fc5e-826a-413b-93fa-214eeb404b10 => generated 246 bytes in 8 msecs (HTTP/1.1 404) 6 headers in 231 bytes (1 switches on core 0)
2026-03-11 18:06:20.208 7 INFO placement.requestlog [None req-30c7863d-5152-445c-8cee-8620e8ec4350 438e80ebe4ad4e5ab20a0b6714078d75 f88539908b914622b96091fd145818a7 - - c51175e5b6f2485f9853a8cb3164407e c51175e5b6f2485f9853a8cb3164407e] 10.0.0.100 "DELETE /resource_providers/8ae7fc5e-826a-413b-93fa-214eeb404b10" status: 404 len: 246 microversion: 1.1 [pid: 7|app: 0|req: 334/664] 10.0.0.100 () {34 vars in 816 bytes} [Wed Mar 11 18:06:20 2026] DELETE /resource_providers/8ae7fc5e-826a-413b-93fa-214eeb404b10 => generated 246 bytes in 6 msecs (HTTP/1.1 404) 6 headers in 231 bytes (1 switches on core 0)
2026-03-11 18:06:20.572 8 INFO placement.requestlog [req-67c13b3e-4281-40f1-9473-8da159eea684 req-9d0800fc-c7ff-4471-b4a6-5476f4aee67d b2c034bc64804cdea0ca47f7bbc3056a f88539908b914622b96091fd145818a7 - - c51175e5b6f2485f9853a8cb3164407e c51175e5b6f2485f9853a8cb3164407e] 10.0.0.230 "GET /allocation_candidates?limit=1000&resources=DISK_GB%3A1%2CMEMORY_MB%3A512%2CVCPU%3A1&root_required=%21COMPUTE_STATUS_DISABLED" status: 200 len: 2781 microversion: 1.36 [pid: 8|app: 0|req: 331/665] 10.0.0.230 () {34 vars in 1012 bytes} [Wed Mar 11 18:06:20 2026] GET /allocation_candidates?limit=1000&resources=DISK_GB%3A1%2CMEMORY_MB%3A512%2CVCPU%3A1&root_required=%21COMPUTE_STATUS_DISABLED => generated 2781 bytes in 243 msecs (HTTP/1.1 200) 8 headers in 297 bytes (1 switches on core 0)
2026-03-11 18:06:20.628 8 INFO placement.requestlog [req-67c13b3e-4281-40f1-9473-8da159eea684 req-c6330fcf-603d-4185-ab65-ad1add7002fa b2c034bc64804cdea0ca47f7bbc3056a f88539908b914622b96091fd145818a7 - - c51175e5b6f2485f9853a8cb3164407e c51175e5b6f2485f9853a8cb3164407e] 10.0.0.230 "GET /allocations/103ce275-1662-4308-b4d2-39c3acaa6997" status: 200 len: 19 microversion: 1.28 [pid: 8|app: 0|req: 332/666] 10.0.0.230 () {34 vars in 861 bytes} [Wed Mar 11 18:06:20 2026] GET /allocations/103ce275-1662-4308-b4d2-39c3acaa6997 => generated 19 bytes in 15 msecs (HTTP/1.1 200) 8 headers in 295 bytes (1 switches on core 0)
2026-03-11 18:06:20.661 7 INFO placement.requestlog [req-1e8dff58-6122-40af-926c-fac02c077562 req-f29940b5-a1e1-4f8e-87ec-e8ec7c643426 b2c034bc64804cdea0ca47f7bbc3056a f88539908b914622b96091fd145818a7 - - c51175e5b6f2485f9853a8cb3164407e c51175e5b6f2485f9853a8cb3164407e] 10.0.0.230 "GET /allocation_candidates?limit=1000&resources=MEMORY_MB%3A512%2CVCPU%3A1&root_required=%21COMPUTE_STATUS_DISABLED" status: 200 len: 2767 microversion: 1.36 [pid: 7|app: 0|req: 335/667] 10.0.0.230 () {34 vars in 984 bytes} [Wed Mar 11 18:06:20 2026] GET /allocation_candidates?limit=1000&resources=MEMORY_MB%3A512%2CVCPU%3A1&root_required=%21COMPUTE_STATUS_DISABLED => generated 2767 bytes in 76 msecs (HTTP/1.1 200) 8 headers in 297 bytes (1 switches on core 0)
2026-03-11 18:06:20.704 7 INFO placement.requestlog [req-1e8dff58-6122-40af-926c-fac02c077562 req-6a95fc8a-4d19-46ba-910d-3a6782a06f2d b2c034bc64804cdea0ca47f7bbc3056a f88539908b914622b96091fd145818a7 - - c51175e5b6f2485f9853a8cb3164407e c51175e5b6f2485f9853a8cb3164407e] 10.0.0.230 "GET /allocations/9bd637c7-d9d6-4873-96cc-477c789d9bed" status: 200 len: 19 microversion: 1.28 [pid: 7|app: 0|req: 336/668] 10.0.0.230 () {34 vars in 861 bytes} [Wed Mar 11 18:06:20 2026] GET /allocations/9bd637c7-d9d6-4873-96cc-477c789d9bed => generated 19 bytes in 13 msecs (HTTP/1.1 200) 8 headers in 295 bytes (1 switches on core 0)
2026-03-11 18:06:20.706 8 INFO placement.requestlog [req-67c13b3e-4281-40f1-9473-8da159eea684 req-ad503208-33cd-4fbe-a84a-a4107baaf4c1 b2c034bc64804cdea0ca47f7bbc3056a f88539908b914622b96091fd145818a7 - - c51175e5b6f2485f9853a8cb3164407e c51175e5b6f2485f9853a8cb3164407e] 10.0.0.230 "PUT /allocations/103ce275-1662-4308-b4d2-39c3acaa6997" status: 204 len: 0 microversion: 1.36 [pid: 8|app: 0|req: 333/669] 10.0.0.230 () {38 vars in 914 bytes} [Wed Mar 11 18:06:20 2026] PUT /allocations/103ce275-1662-4308-b4d2-39c3acaa6997 => generated 0 bytes in 71 msecs (HTTP/1.1 204) 5 headers in 199 bytes (1 switches on core 0)
2026-03-11 18:06:20.809 7 INFO placement.requestlog [req-1e8dff58-6122-40af-926c-fac02c077562 req-a75a17b4-6083-45e0-a369-1cbe3db22dc1 b2c034bc64804cdea0ca47f7bbc3056a f88539908b914622b96091fd145818a7 - - c51175e5b6f2485f9853a8cb3164407e c51175e5b6f2485f9853a8cb3164407e] 10.0.0.230 "PUT /allocations/9bd637c7-d9d6-4873-96cc-477c789d9bed" status: 204 len: 0 microversion: 1.36 [pid: 7|app: 0|req: 337/670] 10.0.0.230 () {38 vars in 914 bytes} [Wed Mar 11 18:06:20 2026] PUT /allocations/9bd637c7-d9d6-4873-96cc-477c789d9bed => generated 0 bytes in 101 msecs (HTTP/1.1 204) 5 headers in 199 bytes (1 switches on core 0)
2026-03-11 18:06:22.144 8 INFO placement.requestlog [req-67c13b3e-4281-40f1-9473-8da159eea684 req-8db63c31-2c9c-40fb-afdd-0186084a68f0 b2c034bc64804cdea0ca47f7bbc3056a f88539908b914622b96091fd145818a7 - - c51175e5b6f2485f9853a8cb3164407e c51175e5b6f2485f9853a8cb3164407e] 162.253.55.110 "GET /allocations/103ce275-1662-4308-b4d2-39c3acaa6997" status: 200 len: 257 microversion: 1.28 [pid: 8|app: 0|req: 334/671] 162.253.55.110 () {34 vars in 863 bytes} [Wed Mar 11 18:06:22 2026] GET /allocations/103ce275-1662-4308-b4d2-39c3acaa6997 => generated 257 bytes in 26 msecs (HTTP/1.1 200) 8 headers in 296 bytes (1 switches on core 0)
2026-03-11 18:06:22.364 7 INFO placement.requestlog [req-1e8dff58-6122-40af-926c-fac02c077562 req-e6cc94d1-4631-4680-bc4b-8d195508ec4a b2c034bc64804cdea0ca47f7bbc3056a f88539908b914622b96091fd145818a7 - - c51175e5b6f2485f9853a8cb3164407e c51175e5b6f2485f9853a8cb3164407e] 162.253.55.110 "GET /allocations/9bd637c7-d9d6-4873-96cc-477c789d9bed" status: 200 len: 243 microversion: 1.28 [pid: 7|app: 0|req: 338/672] 162.253.55.110 () {34 vars in 863 bytes} [Wed Mar 11 18:06:22 2026] GET /allocations/9bd637c7-d9d6-4873-96cc-477c789d9bed => generated 243 bytes in 15 msecs (HTTP/1.1 200) 8 headers in 296 bytes (1 switches on core 0)
2026-03-11 18:06:23.191 8 INFO placement.requestlog [req-67c13b3e-4281-40f1-9473-8da159eea684 req-c5234dbb-f360-4d2f-be5d-3d05aed58224 b2c034bc64804cdea0ca47f7bbc3056a f88539908b914622b96091fd145818a7 - - c51175e5b6f2485f9853a8cb3164407e c51175e5b6f2485f9853a8cb3164407e] 162.253.55.110 "GET /resource_providers/73be7604-7bf5-4462-9a16-36c8360883b1/allocations" status: 200 len: 238 microversion: 1.0 [pid: 8|app: 0|req: 335/673] 162.253.55.110 () {32 vars in 857 bytes} [Wed Mar 11 18:06:23 2026] GET /resource_providers/73be7604-7bf5-4462-9a16-36c8360883b1/allocations => generated 238 bytes in 23 msecs (HTTP/1.1 200) 6 headers in 224 bytes (1 switches on core 0)
2026-03-11 18:06:23.217 7 INFO placement.requestlog [req-67c13b3e-4281-40f1-9473-8da159eea684 req-03b8ec59-cad2-4b12-8ebd-9bd09101e027 b2c034bc64804cdea0ca47f7bbc3056a f88539908b914622b96091fd145818a7 - - c51175e5b6f2485f9853a8cb3164407e c51175e5b6f2485f9853a8cb3164407e] 162.253.55.110 "GET /allocations/103ce275-1662-4308-b4d2-39c3acaa6997" status: 200 len: 257 microversion: 1.28 [pid: 7|app: 0|req: 339/674] 162.253.55.110 () {34 vars in 863 bytes} [Wed Mar 11 18:06:23 2026] GET /allocations/103ce275-1662-4308-b4d2-39c3acaa6997 => generated 257 bytes in 17 msecs (HTTP/1.1 200) 8 headers in 296 bytes (1 switches on core 0)
2026-03-11 18:06:23.241 8 INFO placement.requestlog [req-67c13b3e-4281-40f1-9473-8da159eea684 req-b73d220e-9404-4e01-b92f-c1f99c6b5e71 b2c034bc64804cdea0ca47f7bbc3056a f88539908b914622b96091fd145818a7 - - c51175e5b6f2485f9853a8cb3164407e c51175e5b6f2485f9853a8cb3164407e] 162.253.55.110 "GET /allocations/9bd637c7-d9d6-4873-96cc-477c789d9bed" status: 200 len: 243 microversion: 1.28 [pid: 8|app: 0|req: 336/675] 162.253.55.110 () {34 vars in 863 bytes} [Wed Mar 11 18:06:23 2026] GET /allocations/9bd637c7-d9d6-4873-96cc-477c789d9bed => generated 243 bytes in 17 msecs (HTTP/1.1 200) 8 headers in 296 bytes (1 switches on core 0)
2026-03-11 18:06:25.321 7 INFO placement.requestlog [req-1e8dff58-6122-40af-926c-fac02c077562 req-7d397eb7-937a-4f12-8fb6-60b5beecc262 b2c034bc64804cdea0ca47f7bbc3056a f88539908b914622b96091fd145818a7 - - c51175e5b6f2485f9853a8cb3164407e c51175e5b6f2485f9853a8cb3164407e] 162.253.55.110 "GET /resource_providers/73be7604-7bf5-4462-9a16-36c8360883b1/allocations" status: 200 len: 238 microversion: 1.0 [pid: 7|app: 0|req: 340/676] 162.253.55.110 () {32 vars in 857 bytes} [Wed Mar 11 18:06:25 2026] GET /resource_providers/73be7604-7bf5-4462-9a16-36c8360883b1/allocations => generated 238 bytes in 23 msecs (HTTP/1.1 200) 6 headers in 224 bytes (1 switches on core 0)
