2026-03-11 18:07:21.328 8 INFO placement.requestlog [req-1a06a6a4-e90a-4d4f-8fc8-7343bb74ab4d req-5d2be2ac-5224-4dc4-82ca-9234fcfbab52 b2c034bc64804cdea0ca47f7bbc3056a f88539908b914622b96091fd145818a7 - - c51175e5b6f2485f9853a8cb3164407e c51175e5b6f2485f9853a8cb3164407e] 162.253.55.110 "GET /allocations/103ce275-1662-4308-b4d2-39c3acaa6997" status: 200 len: 257 microversion: 1.28 [pid: 8|app: 0|req: 382/765] 162.253.55.110 () {34 vars in 863 bytes} [Wed Mar 11 18:07:21 2026] GET /allocations/103ce275-1662-4308-b4d2-39c3acaa6997 => generated 257 bytes in 12 msecs (HTTP/1.1 200) 8 headers in 296 bytes (1 switches on core 0)
2026-03-11 18:07:21.345 7 INFO placement.requestlog [req-1a06a6a4-e90a-4d4f-8fc8-7343bb74ab4d req-78b121dc-433d-43e0-8604-b88346d593d5 b2c034bc64804cdea0ca47f7bbc3056a f88539908b914622b96091fd145818a7 - - c51175e5b6f2485f9853a8cb3164407e c51175e5b6f2485f9853a8cb3164407e] 162.253.55.110 "GET /allocations/96f34fc8-8511-45be-9b7e-c7fa821baa45" status: 200 len: 257 microversion: 1.28 [pid: 7|app: 0|req: 384/766] 162.253.55.110 () {34 vars in 863 bytes} [Wed Mar 11 18:07:21 2026] GET /allocations/96f34fc8-8511-45be-9b7e-c7fa821baa45 => generated 257 bytes in 13 msecs (HTTP/1.1 200) 8 headers in 296 bytes (1 switches on core 0)
2026-03-11 18:07:22.369 8 INFO placement.requestlog [None req-0076fae6-cdb7-4c76-b36e-9ff71a093ae5 438e80ebe4ad4e5ab20a0b6714078d75 f88539908b914622b96091fd145818a7 - - c51175e5b6f2485f9853a8cb3164407e c51175e5b6f2485f9853a8cb3164407e] 10.0.0.100 "GET /resource_providers/a29f4e16-429d-42ea-b5f6-33ff35529ab5/aggregates" status: 404 len: 235 microversion: 1.1 [pid: 8|app: 0|req: 383/767] 10.0.0.100 () {32 vars in 816 bytes} [Wed Mar 11 18:07:22 2026] GET /resource_providers/a29f4e16-429d-42ea-b5f6-33ff35529ab5/aggregates => generated 235 bytes in 11 msecs (HTTP/1.1 404) 5 headers in 202 bytes (1 switches on core 0)
2026-03-11 18:07:22.371 7 INFO placement.requestlog [None req-9d68a10e-2364-4e1f-b88f-e55531666c84 438e80ebe4ad4e5ab20a0b6714078d75 f88539908b914622b96091fd145818a7 - - c51175e5b6f2485f9853a8cb3164407e c51175e5b6f2485f9853a8cb3164407e] 10.0.0.100 "GET /resource_providers/a29f4e16-429d-42ea-b5f6-33ff35529ab5/aggregates" status: 404 len: 235 microversion: 1.1 [pid: 7|app: 0|req: 385/768] 10.0.0.100 () {32 vars in 816 bytes} [Wed Mar 11 18:07:22 2026] GET /resource_providers/a29f4e16-429d-42ea-b5f6-33ff35529ab5/aggregates => generated 235 bytes in 10 msecs (HTTP/1.1 404) 5 headers in 202 bytes (1 switches on core 0)
2026-03-11 18:07:22.391 7 INFO placement.requestlog [None req-c7218368-1789-4843-a950-ae824db9033d 438e80ebe4ad4e5ab20a0b6714078d75 f88539908b914622b96091fd145818a7 - - c51175e5b6f2485f9853a8cb3164407e c51175e5b6f2485f9853a8cb3164407e] 10.0.0.100 "DELETE /resource_providers/a29f4e16-429d-42ea-b5f6-33ff35529ab5" status: 404 len: 246 microversion: 1.1 [pid: 7|app: 0|req: 386/769] 10.0.0.100 () {34 vars in 816 bytes} [Wed Mar 11 18:07:22 2026] DELETE /resource_providers/a29f4e16-429d-42ea-b5f6-33ff35529ab5 => generated 246 bytes in 9 msecs (HTTP/1.1 404) 6 headers in 231 bytes (1 switches on core 0)
2026-03-11 18:07:22.396 7 INFO placement.requestlog [None req-e90da2a5-d100-4f89-94df-bc20ae4fa977 438e80ebe4ad4e5ab20a0b6714078d75 f88539908b914622b96091fd145818a7 - - c51175e5b6f2485f9853a8cb3164407e c51175e5b6f2485f9853a8cb3164407e] 10.0.0.100 "DELETE /resource_providers/a29f4e16-429d-42ea-b5f6-33ff35529ab5" status: 404 len: 246 microversion: 1.1 [pid: 7|app: 0|req: 387/770] 10.0.0.100 () {34 vars in 816 bytes} [Wed Mar 11 18:07:22 2026] DELETE /resource_providers/a29f4e16-429d-42ea-b5f6-33ff35529ab5 => generated 246 bytes in 4 msecs (HTTP/1.1 404) 6 headers in 231 bytes (1 switches on core 0)
2026-03-11 18:07:22.396 8 INFO placement.requestlog [req-1a06a6a4-e90a-4d4f-8fc8-7343bb74ab4d req-d0d01566-bcdd-474b-a054-4844225ad25f b2c034bc64804cdea0ca47f7bbc3056a f88539908b914622b96091fd145818a7 - - c51175e5b6f2485f9853a8cb3164407e c51175e5b6f2485f9853a8cb3164407e] 162.253.55.110 "DELETE /allocations/96f34fc8-8511-45be-9b7e-c7fa821baa45" status: 204 len: 0 microversion: 1.0 [pid: 8|app: 0|req: 384/771] 162.253.55.110 () {34 vars in 841 bytes} [Wed Mar 11 18:07:22 2026] DELETE /allocations/96f34fc8-8511-45be-9b7e-c7fa821baa45 => generated 0 bytes in 26 msecs (HTTP/1.1 204) 5 headers in 198 bytes (1 switches on core 0)
2026-03-11 18:07:22.413 7 INFO placement.requestlog [None req-8a736536-6188-4dc3-b67f-ac767734d0f4 438e80ebe4ad4e5ab20a0b6714078d75 f88539908b914622b96091fd145818a7 - - c51175e5b6f2485f9853a8cb3164407e c51175e5b6f2485f9853a8cb3164407e] 10.0.0.100 "GET /resource_providers/18e02df8-8efa-40e1-b4e8-8be840621abe/aggregates" status: 404 len: 235 microversion: 1.1 [pid: 7|app: 0|req: 388/772] 10.0.0.100 () {32 vars in 816 bytes} [Wed Mar 11 18:07:22 2026] GET /resource_providers/18e02df8-8efa-40e1-b4e8-8be840621abe/aggregates => generated 235 bytes in 9 msecs (HTTP/1.1 404) 5 headers in 202 bytes (1 switches on core 0)
2026-03-11 18:07:22.418 8 INFO placement.requestlog [None req-ad6c6c9f-12f1-40d5-8a40-867d56ddc8f4 438e80ebe4ad4e5ab20a0b6714078d75 f88539908b914622b96091fd145818a7 - - c51175e5b6f2485f9853a8cb3164407e c51175e5b6f2485f9853a8cb3164407e] 10.0.0.100 "GET /resource_providers/18e02df8-8efa-40e1-b4e8-8be840621abe/aggregates" status: 404 len: 235 microversion: 1.1 [pid: 8|app: 0|req: 385/773] 10.0.0.100 () {32 vars in 816 bytes} [Wed Mar 11 18:07:22 2026] GET /resource_providers/18e02df8-8efa-40e1-b4e8-8be840621abe/aggregates => generated 235 bytes in 11 msecs (HTTP/1.1 404) 5 headers in 202 bytes (1 switches on core 0)
2026-03-11 18:07:22.442 7 INFO placement.requestlog [None req-d0975e3d-97ab-4027-8134-76a696834de5 438e80ebe4ad4e5ab20a0b6714078d75 f88539908b914622b96091fd145818a7 - - c51175e5b6f2485f9853a8cb3164407e c51175e5b6f2485f9853a8cb3164407e] 10.0.0.100 "DELETE /resource_providers/18e02df8-8efa-40e1-b4e8-8be840621abe" status: 404 len: 246 microversion: 1.1 [pid: 7|app: 0|req: 389/774] 10.0.0.100 () {34 vars in 816 bytes} [Wed Mar 11 18:07:22 2026] DELETE /resource_providers/18e02df8-8efa-40e1-b4e8-8be840621abe => generated 246 bytes in 13 msecs (HTTP/1.1 404) 6 headers in 231 bytes (1 switches on core 0)
2026-03-11 18:07:22.447 8 INFO placement.requestlog [None req-ffc1fa34-09a7-4350-a876-6d8afa639999 438e80ebe4ad4e5ab20a0b6714078d75 f88539908b914622b96091fd145818a7 - - c51175e5b6f2485f9853a8cb3164407e c51175e5b6f2485f9853a8cb3164407e] 10.0.0.100 "DELETE /resource_providers/18e02df8-8efa-40e1-b4e8-8be840621abe" status: 404 len: 246 microversion: 1.1 [pid: 8|app: 0|req: 386/775] 10.0.0.100 () {34 vars in 816 bytes} [Wed Mar 11 18:07:22 2026] DELETE /resource_providers/18e02df8-8efa-40e1-b4e8-8be840621abe => generated 246 bytes in 17 msecs (HTTP/1.1 404) 6 headers in 231 bytes (1 switches on core 0)
2026-03-11 18:07:24.477 7 INFO placement.requestlog [None req-44cfa99c-be57-43cf-b5b4-f00dd0eaae70 438e80ebe4ad4e5ab20a0b6714078d75 f88539908b914622b96091fd145818a7 - - c51175e5b6f2485f9853a8cb3164407e c51175e5b6f2485f9853a8cb3164407e] 10.0.0.100 "GET /resource_providers/7b1478b9-3a30-40b4-a226-dac5ab10e5a6/aggregates" status: 404 len: 235 microversion: 1.1
2026-03-11 18:07:24.477 8 INFO placement.requestlog [None req-c1c5483e-225f-46c9-86a0-64d726610d7b 438e80ebe4ad4e5ab20a0b6714078d75 f88539908b914622b96091fd145818a7 - - c51175e5b6f2485f9853a8cb3164407e c51175e5b6f2485f9853a8cb3164407e] 10.0.0.100 "GET /resource_providers/7b1478b9-3a30-40b4-a226-dac5ab10e5a6/aggregates" status: 404 len: 235 microversion: 1.1 [pid: 7|app: 0|req: 390/776] 10.0.0.100 () {32 vars in 816 bytes} [Wed Mar 11 18:07:24 2026] GET /resource_providers/7b1478b9-3a30-40b4-a226-dac5ab10e5a6/aggregates => generated 235 bytes in 22 msecs (HTTP/1.1 404) 5 headers in 202 bytes (1 switches on core 0) [pid: 8|app: 0|req: 387/777] 10.0.0.100 () {32 vars in 816 bytes} [Wed Mar 11 18:07:24 2026] GET /resource_providers/7b1478b9-3a30-40b4-a226-dac5ab10e5a6/aggregates => generated 235 bytes in 15 msecs (HTTP/1.1 404) 5 headers in 202 bytes (1 switches on core 0)
2026-03-11 18:07:24.497 8 INFO placement.requestlog [None req-5c3b9e06-92c0-47bf-833a-2f4051ebd22f 438e80ebe4ad4e5ab20a0b6714078d75 f88539908b914622b96091fd145818a7 - - c51175e5b6f2485f9853a8cb3164407e c51175e5b6f2485f9853a8cb3164407e] 10.0.0.100 "DELETE /resource_providers/7b1478b9-3a30-40b4-a226-dac5ab10e5a6" status: 404 len: 246 microversion: 1.1 [pid: 8|app: 0|req: 388/778] 10.0.0.100 () {34 vars in 816 bytes} [Wed Mar 11 18:07:24 2026] DELETE /resource_providers/7b1478b9-3a30-40b4-a226-dac5ab10e5a6 => generated 246 bytes in 10 msecs (HTTP/1.1 404) 6 headers in 231 bytes (1 switches on core 0)
2026-03-11 18:07:24.502 7 INFO placement.requestlog [None req-600e2e8e-8de0-433a-a6f5-cafdf813420b 438e80ebe4ad4e5ab20a0b6714078d75 f88539908b914622b96091fd145818a7 - - c51175e5b6f2485f9853a8cb3164407e c51175e5b6f2485f9853a8cb3164407e] 10.0.0.100 "DELETE /resource_providers/7b1478b9-3a30-40b4-a226-dac5ab10e5a6" status: 404 len: 246 microversion: 1.1 [pid: 7|app: 0|req: 391/779] 10.0.0.100 () {34 vars in 816 bytes} [Wed Mar 11 18:07:24 2026] DELETE /resource_providers/7b1478b9-3a30-40b4-a226-dac5ab10e5a6 => generated 246 bytes in 16 msecs (HTTP/1.1 404) 6 headers in 231 bytes (1 switches on core 0)
2026-03-11 18:07:24.517 8 INFO placement.requestlog [None req-a459bcde-fcfd-406a-afa3-217bef0e5e45 438e80ebe4ad4e5ab20a0b6714078d75 f88539908b914622b96091fd145818a7 - - c51175e5b6f2485f9853a8cb3164407e c51175e5b6f2485f9853a8cb3164407e] 10.0.0.100 "GET /resource_providers/2d058ada-007c-499b-b5ed-782e3fdb9e3c/aggregates" status: 404 len: 235 microversion: 1.1 [pid: 8|app: 0|req: 389/780] 10.0.0.100 () {32 vars in 816 bytes} [Wed Mar 11 18:07:24 2026] GET /resource_providers/2d058ada-007c-499b-b5ed-782e3fdb9e3c/aggregates => generated 235 bytes in 9 msecs (HTTP/1.1 404) 5 headers in 202 bytes (1 switches on core 0)
2026-03-11 18:07:24.523 7 INFO placement.requestlog [None req-35c9742c-d279-42ef-9a79-5e4e7076a293 438e80ebe4ad4e5ab20a0b6714078d75 f88539908b914622b96091fd145818a7 - - c51175e5b6f2485f9853a8cb3164407e c51175e5b6f2485f9853a8cb3164407e] 10.0.0.100 "GET /resource_providers/2d058ada-007c-499b-b5ed-782e3fdb9e3c/aggregates" status: 404 len: 235 microversion: 1.1 [pid: 7|app: 0|req: 392/781] 10.0.0.100 () {32 vars in 816 bytes} [Wed Mar 11 18:07:24 2026] GET /resource_providers/2d058ada-007c-499b-b5ed-782e3fdb9e3c/aggregates => generated 235 bytes in 8 msecs (HTTP/1.1 404) 5 headers in 202 bytes (1 switches on core 0)
2026-03-11 18:07:24.534 8 INFO placement.requestlog [None req-b84fdb67-ac62-4622-9d0e-b38d68eb0756 438e80ebe4ad4e5ab20a0b6714078d75 f88539908b914622b96091fd145818a7 - - c51175e5b6f2485f9853a8cb3164407e c51175e5b6f2485f9853a8cb3164407e] 10.0.0.100 "DELETE /resource_providers/2d058ada-007c-499b-b5ed-782e3fdb9e3c" status: 404 len: 246 microversion: 1.1 [pid: 8|app: 0|req: 390/782] 10.0.0.100 () {34 vars in 816 bytes} [Wed Mar 11 18:07:24 2026] DELETE /resource_providers/2d058ada-007c-499b-b5ed-782e3fdb9e3c => generated 246 bytes in 8 msecs (HTTP/1.1 404) 6 headers in 231 bytes (1 switches on core 0)
2026-03-11 18:07:24.547 7 INFO placement.requestlog [None req-3a4f4f2c-b0c4-4f02-a759-436e39ac9d74 438e80ebe4ad4e5ab20a0b6714078d75 f88539908b914622b96091fd145818a7 - - c51175e5b6f2485f9853a8cb3164407e c51175e5b6f2485f9853a8cb3164407e] 10.0.0.100 "DELETE /resource_providers/2d058ada-007c-499b-b5ed-782e3fdb9e3c" status: 404 len: 246 microversion: 1.1 [pid: 7|app: 0|req: 393/783] 10.0.0.100 () {34 vars in 816 bytes} [Wed Mar 11 18:07:24 2026] DELETE /resource_providers/2d058ada-007c-499b-b5ed-782e3fdb9e3c => generated 246 bytes in 14 msecs (HTTP/1.1 404) 6 headers in 231 bytes (1 switches on core 0)
2026-03-11 18:07:24.550 8 INFO placement.requestlog [None req-2d1fe574-0a97-430c-ba23-55e6458123a5 438e80ebe4ad4e5ab20a0b6714078d75 f88539908b914622b96091fd145818a7 - - c51175e5b6f2485f9853a8cb3164407e c51175e5b6f2485f9853a8cb3164407e] 10.0.0.100 "GET /resource_providers/2dbac6fe-7ca3-4853-bc2f-e0d0977cda8a/aggregates" status: 404 len: 235 microversion: 1.1 [pid: 8|app: 0|req: 391/784] 10.0.0.100 () {32 vars in 816 bytes} [Wed Mar 11 18:07:24 2026] GET /resource_providers/2dbac6fe-7ca3-4853-bc2f-e0d0977cda8a/aggregates => generated 235 bytes in 8 msecs (HTTP/1.1 404) 5 headers in 202 bytes (1 switches on core 0)
2026-03-11 18:07:24.569 7 INFO placement.requestlog [None req-cee314ee-b248-417c-85d7-1ffb65d4e8b3 438e80ebe4ad4e5ab20a0b6714078d75 f88539908b914622b96091fd145818a7 - - c51175e5b6f2485f9853a8cb3164407e c51175e5b6f2485f9853a8cb3164407e] 10.0.0.100 "DELETE /resource_providers/2dbac6fe-7ca3-4853-bc2f-e0d0977cda8a" status: 404 len: 246 microversion: 1.1
2026-03-11 18:07:24.569 8 INFO placement.requestlog [None req-821fced8-e8b1-4c46-88a4-66c3a3600f30 438e80ebe4ad4e5ab20a0b6714078d75 f88539908b914622b96091fd145818a7 - - c51175e5b6f2485f9853a8cb3164407e c51175e5b6f2485f9853a8cb3164407e] 10.0.0.100 "GET /resource_providers/2dbac6fe-7ca3-4853-bc2f-e0d0977cda8a/aggregates" status: 404 len: 235 microversion: 1.1 [pid: 7|app: 0|req: 394/785] 10.0.0.100 () {34 vars in 816 bytes} [Wed Mar 11 18:07:24 2026] DELETE /resource_providers/2dbac6fe-7ca3-4853-bc2f-e0d0977cda8a => generated 246 bytes in 9 msecs (HTTP/1.1 404) 6 headers in 231 bytes (1 switches on core 0) [pid: 8|app: 0|req: 392/786] 10.0.0.100 () {32 vars in 816 bytes} [Wed Mar 11 18:07:24 2026] GET /resource_providers/2dbac6fe-7ca3-4853-bc2f-e0d0977cda8a/aggregates => generated 235 bytes in 8 msecs (HTTP/1.1 404) 5 headers in 202 bytes (1 switches on core 0)
2026-03-11 18:07:24.581 7 INFO placement.requestlog [None req-c2497526-fcc0-4166-8ee0-8f438735ec8d 438e80ebe4ad4e5ab20a0b6714078d75 f88539908b914622b96091fd145818a7 - - c51175e5b6f2485f9853a8cb3164407e c51175e5b6f2485f9853a8cb3164407e] 10.0.0.100 "DELETE /resource_providers/2dbac6fe-7ca3-4853-bc2f-e0d0977cda8a" status: 404 len: 246 microversion: 1.1 [pid: 7|app: 0|req: 395/787] 10.0.0.100 () {34 vars in 816 bytes} [Wed Mar 11 18:07:24 2026] DELETE /resource_providers/2dbac6fe-7ca3-4853-bc2f-e0d0977cda8a => generated 246 bytes in 6 msecs (HTTP/1.1 404) 6 headers in 231 bytes (1 switches on core 0)
2026-03-11 18:07:26.595 8 INFO placement.requestlog [None req-05982f41-12b1-4279-b053-72bea76ec1f3 438e80ebe4ad4e5ab20a0b6714078d75 f88539908b914622b96091fd145818a7 - - c51175e5b6f2485f9853a8cb3164407e c51175e5b6f2485f9853a8cb3164407e] 10.0.0.100 "GET /resource_providers/c07aa659-155d-4755-814e-48c1056e34fb/aggregates" status: 404 len: 235 microversion: 1.1 [pid: 8|app: 0|req: 393/788] 10.0.0.100 () {32 vars in 816 bytes} [Wed Mar 11 18:07:26 2026] GET /resource_providers/c07aa659-155d-4755-814e-48c1056e34fb/aggregates => generated 235 bytes in 16 msecs (HTTP/1.1 404) 5 headers in 202 bytes (1 switches on core 0)
2026-03-11 18:07:26.604 7 INFO placement.requestlog [None req-2fddd37b-c7e6-40d4-b31f-4105268dab77 438e80ebe4ad4e5ab20a0b6714078d75 f88539908b914622b96091fd145818a7 - - c51175e5b6f2485f9853a8cb3164407e c51175e5b6f2485f9853a8cb3164407e] 10.0.0.100 "GET /resource_providers/c07aa659-155d-4755-814e-48c1056e34fb/aggregates" status: 404 len: 235 microversion: 1.1 [pid: 7|app: 0|req: 396/789] 10.0.0.100 () {32 vars in 816 bytes} [Wed Mar 11 18:07:26 2026] GET /resource_providers/c07aa659-155d-4755-814e-48c1056e34fb/aggregates => generated 235 bytes in 11 msecs (HTTP/1.1 404) 5 headers in 202 bytes (1 switches on core 0)
2026-03-11 18:07:26.621 8 INFO placement.requestlog [None req-94188bd0-2ef4-445e-8fe5-fbf1ce7dfa7f 438e80ebe4ad4e5ab20a0b6714078d75 f88539908b914622b96091fd145818a7 - - c51175e5b6f2485f9853a8cb3164407e c51175e5b6f2485f9853a8cb3164407e] 10.0.0.100 "DELETE /resource_providers/c07aa659-155d-4755-814e-48c1056e34fb" status: 404 len: 246 microversion: 1.1 [pid: 8|app: 0|req: 394/790] 10.0.0.100 () {34 vars in 816 bytes} [Wed Mar 11 18:07:26 2026] DELETE /resource_providers/c07aa659-155d-4755-814e-48c1056e34fb => generated 246 bytes in 15 msecs (HTTP/1.1 404) 6 headers in 231 bytes (1 switches on core 0)
2026-03-11 18:07:26.625 7 INFO placement.requestlog [None req-dbbbde32-e622-433a-ba45-16702fac7e96 438e80ebe4ad4e5ab20a0b6714078d75 f88539908b914622b96091fd145818a7 - - c51175e5b6f2485f9853a8cb3164407e c51175e5b6f2485f9853a8cb3164407e] 10.0.0.100 "DELETE /resource_providers/c07aa659-155d-4755-814e-48c1056e34fb" status: 404 len: 246 microversion: 1.1 [pid: 7|app: 0|req: 397/791] 10.0.0.100 () {34 vars in 816 bytes} [Wed Mar 11 18:07:26 2026] DELETE /resource_providers/c07aa659-155d-4755-814e-48c1056e34fb => generated 246 bytes in 9 msecs (HTTP/1.1 404) 6 headers in 231 bytes (1 switches on core 0)
2026-03-11 18:07:26.639 7 INFO placement.requestlog [None req-eb2c0d72-f0dd-4634-8e00-98b83878586e 438e80ebe4ad4e5ab20a0b6714078d75 f88539908b914622b96091fd145818a7 - - c51175e5b6f2485f9853a8cb3164407e c51175e5b6f2485f9853a8cb3164407e] 10.0.0.100 "GET /resource_providers/0e0d2655-cee3-47f7-924a-b05f3fafaede/aggregates" status: 404 len: 235 microversion: 1.1 [pid: 7|app: 0|req: 398/792] 10.0.0.100 () {32 vars in 816 bytes} [Wed Mar 11 18:07:26 2026] GET /resource_providers/0e0d2655-cee3-47f7-924a-b05f3fafaede/aggregates => generated 235 bytes in 6 msecs (HTTP/1.1 404) 5 headers in 202 bytes (1 switches on core 0)
2026-03-11 18:07:26.646 8 INFO placement.requestlog [None req-b6672828-6630-48fe-a981-1d116932e229 438e80ebe4ad4e5ab20a0b6714078d75 f88539908b914622b96091fd145818a7 - - c51175e5b6f2485f9853a8cb3164407e c51175e5b6f2485f9853a8cb3164407e] 10.0.0.100 "GET /resource_providers/0e0d2655-cee3-47f7-924a-b05f3fafaede/aggregates" status: 404 len: 235 microversion: 1.1 [pid: 8|app: 0|req: 395/793] 10.0.0.100 () {32 vars in 816 bytes} [Wed Mar 11 18:07:26 2026] GET /resource_providers/0e0d2655-cee3-47f7-924a-b05f3fafaede/aggregates => generated 235 bytes in 15 msecs (HTTP/1.1 404) 5 headers in 202 bytes (1 switches on core 0)
2026-03-11 18:07:26.655 7 INFO placement.requestlog [None req-89ec3133-845a-48e7-aa68-2c82fbba22f7 438e80ebe4ad4e5ab20a0b6714078d75 f88539908b914622b96091fd145818a7 - - c51175e5b6f2485f9853a8cb3164407e c51175e5b6f2485f9853a8cb3164407e] 10.0.0.100 "DELETE /resource_providers/0e0d2655-cee3-47f7-924a-b05f3fafaede" status: 404 len: 246 microversion: 1.1 [pid: 7|app: 0|req: 399/794] 10.0.0.100 () {34 vars in 816 bytes} [Wed Mar 11 18:07:26 2026] DELETE /resource_providers/0e0d2655-cee3-47f7-924a-b05f3fafaede => generated 246 bytes in 9 msecs (HTTP/1.1 404) 6 headers in 231 bytes (1 switches on core 0)
2026-03-11 18:07:26.665 8 INFO placement.requestlog [None req-b374cfe0-c01f-4385-8a7f-8fb59927f799 438e80ebe4ad4e5ab20a0b6714078d75 f88539908b914622b96091fd145818a7 - - c51175e5b6f2485f9853a8cb3164407e c51175e5b6f2485f9853a8cb3164407e] 10.0.0.100 "DELETE /resource_providers/0e0d2655-cee3-47f7-924a-b05f3fafaede" status: 404 len: 246 microversion: 1.1 [pid: 8|app: 0|req: 396/795] 10.0.0.100 () {34 vars in 816 bytes} [Wed Mar 11 18:07:26 2026] DELETE /resource_providers/0e0d2655-cee3-47f7-924a-b05f3fafaede => generated 246 bytes in 11 msecs (HTTP/1.1 404) 6 headers in 231 bytes (1 switches on core 0)
2026-03-11 18:07:26.666 7 INFO placement.requestlog [None req-a1086ff4-6ddc-4749-a791-d8cf5d297382 438e80ebe4ad4e5ab20a0b6714078d75 f88539908b914622b96091fd145818a7 - - c51175e5b6f2485f9853a8cb3164407e c51175e5b6f2485f9853a8cb3164407e] 10.0.0.100 "GET /resource_providers/0552309d-627d-4562-8876-159d7d762b8b/aggregates" status: 404 len: 235 microversion: 1.1 [pid: 7|app: 0|req: 400/796] 10.0.0.100 () {32 vars in 816 bytes} [Wed Mar 11 18:07:26 2026] GET /resource_providers/0552309d-627d-4562-8876-159d7d762b8b/aggregates => generated 235 bytes in 5 msecs (HTTP/1.1 404) 5 headers in 202 bytes (1 switches on core 0)
2026-03-11 18:07:26.687 8 INFO placement.requestlog [None req-0fe64f0d-430b-4463-96c0-b32fcdc3b390 438e80ebe4ad4e5ab20a0b6714078d75 f88539908b914622b96091fd145818a7 - - c51175e5b6f2485f9853a8cb3164407e c51175e5b6f2485f9853a8cb3164407e] 10.0.0.100 "GET /resource_providers/0552309d-627d-4562-8876-159d7d762b8b/aggregates" status: 404 len: 235 microversion: 1.1 [pid: 8|app: 0|req: 397/797] 10.0.0.100 () {32 vars in 816 bytes} [Wed Mar 11 18:07:26 2026] GET /resource_providers/0552309d-627d-4562-8876-159d7d762b8b/aggregates => generated 235 bytes in 9 msecs (HTTP/1.1 404) 5 headers in 202 bytes (1 switches on core 0)
2026-03-11 18:07:26.688 7 INFO placement.requestlog [None req-1d14e7f2-84a6-4290-8393-ae3af124dc63 438e80ebe4ad4e5ab20a0b6714078d75 f88539908b914622b96091fd145818a7 - - c51175e5b6f2485f9853a8cb3164407e c51175e5b6f2485f9853a8cb3164407e] 10.0.0.100 "DELETE /resource_providers/0552309d-627d-4562-8876-159d7d762b8b" status: 404 len: 246 microversion: 1.1 [pid: 7|app: 0|req: 401/798] 10.0.0.100 () {34 vars in 816 bytes} [Wed Mar 11 18:07:26 2026] DELETE /resource_providers/0552309d-627d-4562-8876-159d7d762b8b => generated 246 bytes in 8 msecs (HTTP/1.1 404) 6 headers in 231 bytes (1 switches on core 0)
2026-03-11 18:07:26.710 8 INFO placement.requestlog [None req-7daceb91-0a13-4809-96bd-e7f209eba26d 438e80ebe4ad4e5ab20a0b6714078d75 f88539908b914622b96091fd145818a7 - - c51175e5b6f2485f9853a8cb3164407e c51175e5b6f2485f9853a8cb3164407e] 10.0.0.100 "DELETE /resource_providers/0552309d-627d-4562-8876-159d7d762b8b" status: 404 len: 246 microversion: 1.1 [pid: 8|app: 0|req: 398/799] 10.0.0.100 () {34 vars in 816 bytes} [Wed Mar 11 18:07:26 2026] DELETE /resource_providers/0552309d-627d-4562-8876-159d7d762b8b => generated 246 bytes in 14 msecs (HTTP/1.1 404) 6 headers in 231 bytes (1 switches on core 0)
2026-03-11 18:07:28.084 7 INFO placement.requestlog [None req-2bfc39a7-4001-452c-aaa5-98d81cdff2e0 - - - - - -] 10.0.0.135 "GET /" status: 200 len: 136 microversion: 1.0
2026-03-11 18:07:28.085 8 INFO placement.requestlog [None req-9aad937e-2a71-4cb7-b47e-5cf54c021a5f - - - - - -] 10.0.0.135 "GET /" status: 200 len: 136 microversion: 1.0
2026-03-11 18:07:31.641 8 INFO placement.requestlog [None req-c58201a4-60a8-4ed4-a368-6a72f9b9f37a 438e80ebe4ad4e5ab20a0b6714078d75 f88539908b914622b96091fd145818a7 - - c51175e5b6f2485f9853a8cb3164407e c51175e5b6f2485f9853a8cb3164407e] 10.0.0.100 "GET /resource_providers/083b7d95-fcb2-431e-96e2-786749df044a/aggregates" status: 404 len: 235 microversion: 1.1 [pid: 8|app: 0|req: 400/802] 10.0.0.100 () {32 vars in 816 bytes} [Wed Mar 11 18:07:31 2026] GET /resource_providers/083b7d95-fcb2-431e-96e2-786749df044a/aggregates => generated 235 bytes in 12 msecs (HTTP/1.1 404) 5 headers in 202 bytes (1 switches on core 0)
2026-03-11 18:07:31.643 7 INFO placement.requestlog [None req-915be262-6d82-46aa-8a58-3f46487087cf 438e80ebe4ad4e5ab20a0b6714078d75 f88539908b914622b96091fd145818a7 - - c51175e5b6f2485f9853a8cb3164407e c51175e5b6f2485f9853a8cb3164407e] 10.0.0.100 "GET /resource_providers/083b7d95-fcb2-431e-96e2-786749df044a/aggregates" status: 404 len: 235 microversion: 1.1 [pid: 7|app: 0|req: 403/803] 10.0.0.100 () {32 vars in 816 bytes} [Wed Mar 11 18:07:31 2026] GET /resource_providers/083b7d95-fcb2-431e-96e2-786749df044a/aggregates => generated 235 bytes in 13 msecs (HTTP/1.1 404) 5 headers in 202 bytes (1 switches on core 0)
2026-03-11 18:07:31.669 8 INFO placement.requestlog [None req-502fc5d1-3f96-4152-9fa9-38d882b49790 438e80ebe4ad4e5ab20a0b6714078d75 f88539908b914622b96091fd145818a7 - - c51175e5b6f2485f9853a8cb3164407e c51175e5b6f2485f9853a8cb3164407e] 10.0.0.100 "DELETE /resource_providers/083b7d95-fcb2-431e-96e2-786749df044a" status: 404 len: 246 microversion: 1.1 [pid: 8|app: 0|req: 401/804] 10.0.0.100 () {34 vars in 816 bytes} [Wed Mar 11 18:07:31 2026] DELETE /resource_providers/083b7d95-fcb2-431e-96e2-786749df044a => generated 246 bytes in 13 msecs (HTTP/1.1 404) 6 headers in 231 bytes (1 switches on core 0)
2026-03-11 18:07:31.670 7 INFO placement.requestlog [None req-7cfb5ff3-d188-4a54-b21a-c94c9348ac71 438e80ebe4ad4e5ab20a0b6714078d75 f88539908b914622b96091fd145818a7 - - c51175e5b6f2485f9853a8cb3164407e c51175e5b6f2485f9853a8cb3164407e] 10.0.0.100 "DELETE /resource_providers/083b7d95-fcb2-431e-96e2-786749df044a" status: 404 len: 246 microversion: 1.1 [pid: 7|app: 0|req: 404/805] 10.0.0.100 () {34 vars in 816 bytes} [Wed Mar 11 18:07:31 2026] DELETE /resource_providers/083b7d95-fcb2-431e-96e2-786749df044a => generated 246 bytes in 11 msecs (HTTP/1.1 404) 6 headers in 231 bytes (1 switches on core 0)
2026-03-11 18:07:33.697 8 INFO placement.requestlog [None req-80054436-465d-4ec9-a681-5b15ea9462fd 438e80ebe4ad4e5ab20a0b6714078d75 f88539908b914622b96091fd145818a7 - - c51175e5b6f2485f9853a8cb3164407e c51175e5b6f2485f9853a8cb3164407e] 10.0.0.100 "GET /resource_providers/039a6efd-e344-46e6-8369-4fce9129420c/aggregates" status: 404 len: 235 microversion: 1.1 [pid: 8|app: 0|req: 402/806] 10.0.0.100 () {32 vars in 816 bytes} [Wed Mar 11 18:07:33 2026] GET /resource_providers/039a6efd-e344-46e6-8369-4fce9129420c/aggregates => generated 235 bytes in 12 msecs (HTTP/1.1 404) 5 headers in 202 bytes (1 switches on core 0)
2026-03-11 18:07:33.699 7 INFO placement.requestlog [None req-0754a8f8-d96a-49e8-ba6f-9b4fb14affbe 438e80ebe4ad4e5ab20a0b6714078d75 f88539908b914622b96091fd145818a7 - - c51175e5b6f2485f9853a8cb3164407e c51175e5b6f2485f9853a8cb3164407e] 10.0.0.100 "GET /resource_providers/039a6efd-e344-46e6-8369-4fce9129420c/aggregates" status: 404 len: 235 microversion: 1.1 [pid: 7|app: 0|req: 405/807] 10.0.0.100 () {32 vars in 816 bytes} [Wed Mar 11 18:07:33 2026] GET /resource_providers/039a6efd-e344-46e6-8369-4fce9129420c/aggregates => generated 235 bytes in 11 msecs (HTTP/1.1 404) 5 headers in 202 bytes (1 switches on core 0)
2026-03-11 18:07:33.723 7 INFO placement.requestlog [None req-0a809a87-579b-4d90-8431-fefba6eb2239 438e80ebe4ad4e5ab20a0b6714078d75 f88539908b914622b96091fd145818a7 - - c51175e5b6f2485f9853a8cb3164407e c51175e5b6f2485f9853a8cb3164407e] 10.0.0.100 "DELETE /resource_providers/039a6efd-e344-46e6-8369-4fce9129420c" status: 404 len: 246 microversion: 1.1 [pid: 7|app: 0|req: 406/808] 10.0.0.100 () {34 vars in 816 bytes} [Wed Mar 11 18:07:33 2026] DELETE /resource_providers/039a6efd-e344-46e6-8369-4fce9129420c => generated 246 bytes in 13 msecs (HTTP/1.1 404) 6 headers in 231 bytes (1 switches on core 0)
2026-03-11 18:07:33.724 8 INFO placement.requestlog [None req-cc8483d0-ab57-489b-8999-5e68a303548c 438e80ebe4ad4e5ab20a0b6714078d75 f88539908b914622b96091fd145818a7 - - c51175e5b6f2485f9853a8cb3164407e c51175e5b6f2485f9853a8cb3164407e] 10.0.0.100 "DELETE /resource_providers/039a6efd-e344-46e6-8369-4fce9129420c" status: 404 len: 246 microversion: 1.1 [pid: 8|app: 0|req: 403/809] 10.0.0.100 () {34 vars in 816 bytes} [Wed Mar 11 18:07:33 2026] DELETE /resource_providers/039a6efd-e344-46e6-8369-4fce9129420c => generated 246 bytes in 15 msecs (HTTP/1.1 404) 6 headers in 231 bytes (1 switches on core 0)
2026-03-11 18:07:34.314 7 INFO placement.requestlog [req-58d0fbeb-01f9-4ccf-bf8a-e0ab550d41a4 req-4a9897e9-a7ef-4113-abfc-ed0bde32fe01 b2c034bc64804cdea0ca47f7bbc3056a f88539908b914622b96091fd145818a7 - - c51175e5b6f2485f9853a8cb3164407e c51175e5b6f2485f9853a8cb3164407e] 10.0.0.230 "GET /allocation_candidates?limit=1000&resources=DISK_GB%3A1%2CMEMORY_MB%3A512%2CVCPU%3A1&root_required=%21COMPUTE_STATUS_DISABLED" status: 200 len: 2783 microversion: 1.36 [pid: 7|app: 0|req: 407/810] 10.0.0.230 () {34 vars in 1012 bytes} [Wed Mar 11 18:07:34 2026] GET /allocation_candidates?limit=1000&resources=DISK_GB%3A1%2CMEMORY_MB%3A512%2CVCPU%3A1&root_required=%21COMPUTE_STATUS_DISABLED => generated 2783 bytes in 59 msecs (HTTP/1.1 200) 8 headers in 297 bytes (1 switches on core 0)
2026-03-11 18:07:34.354 8 INFO placement.requestlog [req-58d0fbeb-01f9-4ccf-bf8a-e0ab550d41a4 req-c6e06705-f2cb-4ed8-9b1e-e5ed39be3de5 b2c034bc64804cdea0ca47f7bbc3056a f88539908b914622b96091fd145818a7 - - c51175e5b6f2485f9853a8cb3164407e c51175e5b6f2485f9853a8cb3164407e] 10.0.0.230 "GET /allocations/0a38d11b-86eb-4632-bcf6-07b4aebd002d" status: 200 len: 19 microversion: 1.28 [pid: 8|app: 0|req: 404/811] 10.0.0.230 () {34 vars in 861 bytes} [Wed Mar 11 18:07:34 2026] GET /allocations/0a38d11b-86eb-4632-bcf6-07b4aebd002d => generated 19 bytes in 12 msecs (HTTP/1.1 200) 8 headers in 295 bytes (1 switches on core 0)
2026-03-11 18:07:34.438 7 INFO placement.requestlog [req-58d0fbeb-01f9-4ccf-bf8a-e0ab550d41a4 req-e0d3d7f7-b9b5-4952-bc5f-1f4455d5c8ad b2c034bc64804cdea0ca47f7bbc3056a f88539908b914622b96091fd145818a7 - - c51175e5b6f2485f9853a8cb3164407e c51175e5b6f2485f9853a8cb3164407e] 10.0.0.230 "PUT /allocations/0a38d11b-86eb-4632-bcf6-07b4aebd002d" status: 204 len: 0 microversion: 1.36 [pid: 7|app: 0|req: 408/812] 10.0.0.230 () {38 vars in 914 bytes} [Wed Mar 11 18:07:34 2026] PUT /allocations/0a38d11b-86eb-4632-bcf6-07b4aebd002d => generated 0 bytes in 79 msecs (HTTP/1.1 204) 5 headers in 199 bytes (1 switches on core 0)
2026-03-11 18:07:35.952 8 INFO placement.requestlog [req-58d0fbeb-01f9-4ccf-bf8a-e0ab550d41a4 req-4d23ca4b-aebe-4883-8d0a-0e0884e0ca0a b2c034bc64804cdea0ca47f7bbc3056a f88539908b914622b96091fd145818a7 - - c51175e5b6f2485f9853a8cb3164407e c51175e5b6f2485f9853a8cb3164407e] 162.253.55.110 "GET /allocations/0a38d11b-86eb-4632-bcf6-07b4aebd002d" status: 200 len: 257 microversion: 1.28 [pid: 8|app: 0|req: 405/813] 162.253.55.110 () {34 vars in 863 bytes} [Wed Mar 11 18:07:35 2026] GET /allocations/0a38d11b-86eb-4632-bcf6-07b4aebd002d => generated 257 bytes in 21 msecs (HTTP/1.1 200) 8 headers in 296 bytes (1 switches on core 0)
2026-03-11 18:07:37.017 7 INFO placement.requestlog [req-58d0fbeb-01f9-4ccf-bf8a-e0ab550d41a4 req-669f8b82-29e8-46d8-87c4-e92b9c9ba50d b2c034bc64804cdea0ca47f7bbc3056a f88539908b914622b96091fd145818a7 - - c51175e5b6f2485f9853a8cb3164407e c51175e5b6f2485f9853a8cb3164407e] 162.253.55.110 "GET /resource_providers/73be7604-7bf5-4462-9a16-36c8360883b1/allocations" status: 200 len: 252 microversion: 1.0 [pid: 7|app: 0|req: 409/814] 162.253.55.110 () {32 vars in 857 bytes} [Wed Mar 11 18:07:36 2026] GET /resource_providers/73be7604-7bf5-4462-9a16-36c8360883b1/allocations => generated 252 bytes in 32 msecs (HTTP/1.1 200) 6 headers in 224 bytes (1 switches on core 0)
2026-03-11 18:07:37.050 8 INFO placement.requestlog [req-58d0fbeb-01f9-4ccf-bf8a-e0ab550d41a4 req-e345d8a5-5ef1-431d-8d5a-9a8b23829f32 b2c034bc64804cdea0ca47f7bbc3056a f88539908b914622b96091fd145818a7 - - c51175e5b6f2485f9853a8cb3164407e c51175e5b6f2485f9853a8cb3164407e] 162.253.55.110 "GET /allocations/0a38d11b-86eb-4632-bcf6-07b4aebd002d" status: 200 len: 257 microversion: 1.28 [pid: 8|app: 0|req: 406/815] 162.253.55.110 () {34 vars in 863 bytes} [Wed Mar 11 18:07:37 2026] GET /allocations/0a38d11b-86eb-4632-bcf6-07b4aebd002d => generated 257 bytes in 27 msecs (HTTP/1.1 200) 8 headers in 296 bytes (1 switches on core 0)
2026-03-11 18:07:37.068 7 INFO placement.requestlog [req-58d0fbeb-01f9-4ccf-bf8a-e0ab550d41a4 req-881f04a1-3989-4afd-bbd4-d315985e2c15 b2c034bc64804cdea0ca47f7bbc3056a f88539908b914622b96091fd145818a7 - - c51175e5b6f2485f9853a8cb3164407e c51175e5b6f2485f9853a8cb3164407e] 162.253.55.110 "GET /allocations/103ce275-1662-4308-b4d2-39c3acaa6997" status: 200 len: 257 microversion: 1.28 [pid: 7|app: 0|req: 410/816] 162.253.55.110 () {34 vars in 863 bytes} [Wed Mar 11 18:07:37 2026] GET /allocations/103ce275-1662-4308-b4d2-39c3acaa6997 => generated 257 bytes in 10 msecs (HTTP/1.1 200) 8 headers in 296 bytes (1 switches on core 0)
2026-03-11 18:07:37.293 8 INFO placement.requestlog [None req-72d29797-a621-4db4-a482-af0f69aaafd2 438e80ebe4ad4e5ab20a0b6714078d75 f88539908b914622b96091fd145818a7 - - c51175e5b6f2485f9853a8cb3164407e c51175e5b6f2485f9853a8cb3164407e] 10.0.0.100 "GET /resource_providers/8f9df5a7-9ef6-4901-a8f9-e58aca0d96c3/aggregates" status: 404 len: 235 microversion: 1.1 [pid: 8|app: 0|req: 407/817] 10.0.0.100 () {32 vars in 816 bytes} [Wed Mar 11 18:07:37 2026] GET /resource_providers/8f9df5a7-9ef6-4901-a8f9-e58aca0d96c3/aggregates => generated 235 bytes in 16 msecs (HTTP/1.1 404) 5 headers in 202 bytes (1 switches on core 0)
2026-03-11 18:07:37.304 7 INFO placement.requestlog [None req-cb64dc3c-1c82-47f7-b56d-d49ab1e6916a 438e80ebe4ad4e5ab20a0b6714078d75 f88539908b914622b96091fd145818a7 - - c51175e5b6f2485f9853a8cb3164407e c51175e5b6f2485f9853a8cb3164407e] 10.0.0.100 "GET /resource_providers/8f9df5a7-9ef6-4901-a8f9-e58aca0d96c3/aggregates" status: 404 len: 235 microversion: 1.1 [pid: 7|app: 0|req: 411/818] 10.0.0.100 () {32 vars in 816 bytes} [Wed Mar 11 18:07:37 2026] GET /resource_providers/8f9df5a7-9ef6-4901-a8f9-e58aca0d96c3/aggregates => generated 235 bytes in 13 msecs (HTTP/1.1 404) 5 headers in 202 bytes (1 switches on core 0)
2026-03-11 18:07:37.314 8 INFO placement.requestlog [None req-893544e7-a2fb-470c-beee-0af1a55c6778 438e80ebe4ad4e5ab20a0b6714078d75 f88539908b914622b96091fd145818a7 - - c51175e5b6f2485f9853a8cb3164407e c51175e5b6f2485f9853a8cb3164407e] 10.0.0.100 "DELETE /resource_providers/8f9df5a7-9ef6-4901-a8f9-e58aca0d96c3" status: 404 len: 246 microversion: 1.1 [pid: 8|app: 0|req: 408/819] 10.0.0.100 () {34 vars in 816 bytes} [Wed Mar 11 18:07:37 2026] DELETE /resource_providers/8f9df5a7-9ef6-4901-a8f9-e58aca0d96c3 => generated 246 bytes in 11 msecs (HTTP/1.1 404) 6 headers in 231 bytes (1 switches on core 0)
2026-03-11 18:07:37.331 7 INFO placement.requestlog [None req-2c5820a7-b254-41c5-ab4a-b686dc83d33b 438e80ebe4ad4e5ab20a0b6714078d75 f88539908b914622b96091fd145818a7 - - c51175e5b6f2485f9853a8cb3164407e c51175e5b6f2485f9853a8cb3164407e] 10.0.0.100 "DELETE /resource_providers/8f9df5a7-9ef6-4901-a8f9-e58aca0d96c3" status: 404 len: 246 microversion: 1.1 [pid: 7|app: 0|req: 412/820] 10.0.0.100 () {34 vars in 816 bytes} [Wed Mar 11 18:07:37 2026] DELETE /resource_providers/8f9df5a7-9ef6-4901-a8f9-e58aca0d96c3 => generated 246 bytes in 12 msecs (HTTP/1.1 404) 6 headers in 231 bytes (1 switches on core 0)
2026-03-11 18:07:38.085 8 INFO placement.requestlog [None req-cedd3a42-172d-4808-bb62-d0a4dc49db49 - - - - - -] 10.0.0.135 "GET /" status: 200 len: 136 microversion: 1.0
2026-03-11 18:07:38.086 7 INFO placement.requestlog [None req-b5bb7fb3-3184-4525-aee0-52a3227d5eac - - - - - -] 10.0.0.135 "GET /" status: 200 len: 136 microversion: 1.0
2026-03-11 18:07:39.336 8 INFO placement.requestlog [None req-d7d5b50c-df77-4d9b-9db0-19ca024c4645 438e80ebe4ad4e5ab20a0b6714078d75 f88539908b914622b96091fd145818a7 - - c51175e5b6f2485f9853a8cb3164407e c51175e5b6f2485f9853a8cb3164407e] 10.0.0.100 "GET /resource_providers/ae506f62-f23a-4e1c-87e9-89222a7d2f7e/aggregates" status: 404 len: 235 microversion: 1.1 [pid: 8|app: 0|req: 410/823] 10.0.0.100 () {32 vars in 816 bytes} [Wed Mar 11 18:07:39 2026] GET /resource_providers/ae506f62-f23a-4e1c-87e9-89222a7d2f7e/aggregates => generated 235 bytes in 12 msecs (HTTP/1.1 404) 5 headers in 202 bytes (1 switches on core 0)
2026-03-11 18:07:39.358 7 INFO placement.requestlog [None req-a65dce04-3246-47b5-8146-78ff7e616b17 438e80ebe4ad4e5ab20a0b6714078d75 f88539908b914622b96091fd145818a7 - - c51175e5b6f2485f9853a8cb3164407e c51175e5b6f2485f9853a8cb3164407e] 10.0.0.100 "GET /resource_providers/ae506f62-f23a-4e1c-87e9-89222a7d2f7e/aggregates" status: 404 len: 235 microversion: 1.1 [pid: 7|app: 0|req: 414/824] 10.0.0.100 () {32 vars in 816 bytes} [Wed Mar 11 18:07:39 2026] GET /resource_providers/ae506f62-f23a-4e1c-87e9-89222a7d2f7e/aggregates => generated 235 bytes in 10 msecs (HTTP/1.1 404) 5 headers in 202 bytes (1 switches on core 0)
2026-03-11 18:07:39.360 8 INFO placement.requestlog [None req-9988c410-cee3-425b-ac02-7a6ed8dd26b6 438e80ebe4ad4e5ab20a0b6714078d75 f88539908b914622b96091fd145818a7 - - c51175e5b6f2485f9853a8cb3164407e c51175e5b6f2485f9853a8cb3164407e] 10.0.0.100 "DELETE /resource_providers/ae506f62-f23a-4e1c-87e9-89222a7d2f7e" status: 404 len: 246 microversion: 1.1 [pid: 8|app: 0|req: 411/825] 10.0.0.100 () {34 vars in 816 bytes} [Wed Mar 11 18:07:39 2026] DELETE /resource_providers/ae506f62-f23a-4e1c-87e9-89222a7d2f7e => generated 246 bytes in 10 msecs (HTTP/1.1 404) 6 headers in 231 bytes (1 switches on core 0)
2026-03-11 18:07:39.379 7 INFO placement.requestlog [None req-a8ae8658-e427-431b-ba3e-c7cfe1c29ea7 438e80ebe4ad4e5ab20a0b6714078d75 f88539908b914622b96091fd145818a7 - - c51175e5b6f2485f9853a8cb3164407e c51175e5b6f2485f9853a8cb3164407e] 10.0.0.100 "DELETE /resource_providers/ae506f62-f23a-4e1c-87e9-89222a7d2f7e" status: 404 len: 246 microversion: 1.1 [pid: 7|app: 0|req: 415/826] 10.0.0.100 () {34 vars in 816 bytes} [Wed Mar 11 18:07:39 2026] DELETE /resource_providers/ae506f62-f23a-4e1c-87e9-89222a7d2f7e => generated 246 bytes in 6 msecs (HTTP/1.1 404) 6 headers in 231 bytes (1 switches on core 0)
2026-03-11 18:07:41.380 8 INFO placement.requestlog [None req-5c72a989-d27a-4290-9a80-f40ab43dadaf 438e80ebe4ad4e5ab20a0b6714078d75 f88539908b914622b96091fd145818a7 - - c51175e5b6f2485f9853a8cb3164407e c51175e5b6f2485f9853a8cb3164407e] 10.0.0.100 "GET /resource_providers/e44daea7-b5e4-46da-8e1f-e493e3fc17d3/aggregates" status: 404 len: 235 microversion: 1.1 [pid: 8|app: 0|req: 412/827] 10.0.0.100 () {32 vars in 816 bytes} [Wed Mar 11 18:07:41 2026] GET /resource_providers/e44daea7-b5e4-46da-8e1f-e493e3fc17d3/aggregates => generated 235 bytes in 10 msecs (HTTP/1.1 404) 5 headers in 202 bytes (1 switches on core 0)
2026-03-11 18:07:41.399 8 INFO placement.requestlog [None req-9acf3b5e-eb2c-44da-9c86-0592f1ac44ce 438e80ebe4ad4e5ab20a0b6714078d75 f88539908b914622b96091fd145818a7 - - c51175e5b6f2485f9853a8cb3164407e c51175e5b6f2485f9853a8cb3164407e] 10.0.0.100 "GET /resource_providers/e44daea7-b5e4-46da-8e1f-e493e3fc17d3/aggregates" status: 404 len: 235 microversion: 1.1 [pid: 8|app: 0|req: 413/828] 10.0.0.100 () {32 vars in 816 bytes} [Wed Mar 11 18:07:41 2026] GET /resource_providers/e44daea7-b5e4-46da-8e1f-e493e3fc17d3/aggregates => generated 235 bytes in 9 msecs (HTTP/1.1 404) 5 headers in 202 bytes (1 switches on core 0)
2026-03-11 18:07:41.402 7 INFO placement.requestlog [None req-c2160436-6ccc-4168-8bf1-5644fdfc8a48 438e80ebe4ad4e5ab20a0b6714078d75 f88539908b914622b96091fd145818a7 - - c51175e5b6f2485f9853a8cb3164407e c51175e5b6f2485f9853a8cb3164407e] 10.0.0.100 "DELETE /resource_providers/e44daea7-b5e4-46da-8e1f-e493e3fc17d3" status: 404 len: 246 microversion: 1.1 [pid: 7|app: 0|req: 416/829] 10.0.0.100 () {34 vars in 816 bytes} [Wed Mar 11 18:07:41 2026] DELETE /resource_providers/e44daea7-b5e4-46da-8e1f-e493e3fc17d3 => generated 246 bytes in 12 msecs (HTTP/1.1 404) 6 headers in 231 bytes (1 switches on core 0)
2026-03-11 18:07:41.424 8 INFO placement.requestlog [None req-bf9aff11-33b2-46f9-9f09-17d6bb09900a 438e80ebe4ad4e5ab20a0b6714078d75 f88539908b914622b96091fd145818a7 - - c51175e5b6f2485f9853a8cb3164407e c51175e5b6f2485f9853a8cb3164407e] 10.0.0.100 "DELETE /resource_providers/e44daea7-b5e4-46da-8e1f-e493e3fc17d3" status: 404 len: 246 microversion: 1.1 [pid: 8|app: 0|req: 414/830] 10.0.0.100 () {34 vars in 816 bytes} [Wed Mar 11 18:07:41 2026] DELETE /resource_providers/e44daea7-b5e4-46da-8e1f-e493e3fc17d3 => generated 246 bytes in 15 msecs (HTTP/1.1 404) 6 headers in 231 bytes (1 switches on core 0)
2026-03-11 18:07:44.012 7 INFO placement.requestlog [req-024eb280-530b-474b-aa74-f66beff360b7 req-44bf1cbc-a253-4b1a-926c-5ec44f59dff9 b2c034bc64804cdea0ca47f7bbc3056a f88539908b914622b96091fd145818a7 - - c51175e5b6f2485f9853a8cb3164407e c51175e5b6f2485f9853a8cb3164407e] 10.0.0.230 "GET /allocation_candidates?limit=1000&resources=DISK_GB%3A1%2CMEMORY_MB%3A512%2CVCPU%3A1&root_required=%21COMPUTE_STATUS_DISABLED" status: 200 len: 2784 microversion: 1.36 [pid: 7|app: 0|req: 417/831] 10.0.0.230 () {34 vars in 1012 bytes} [Wed Mar 11 18:07:43 2026] GET /allocation_candidates?limit=1000&resources=DISK_GB%3A1%2CMEMORY_MB%3A512%2CVCPU%3A1&root_required=%21COMPUTE_STATUS_DISABLED => generated 2784 bytes in 42 msecs (HTTP/1.1 200) 8 headers in 297 bytes (1 switches on core 0)
2026-03-11 18:07:44.044 8 INFO placement.requestlog [req-024eb280-530b-474b-aa74-f66beff360b7 req-118b0e63-724c-46d0-858e-4f496c1eedfd b2c034bc64804cdea0ca47f7bbc3056a f88539908b914622b96091fd145818a7 - - c51175e5b6f2485f9853a8cb3164407e c51175e5b6f2485f9853a8cb3164407e] 10.0.0.230 "GET /allocations/5a0d500e-366a-4044-9865-c6cd76064da1" status: 200 len: 19 microversion: 1.28 [pid: 8|app: 0|req: 415/832] 10.0.0.230 () {34 vars in 861 bytes} [Wed Mar 11 18:07:44 2026] GET /allocations/5a0d500e-366a-4044-9865-c6cd76064da1 => generated 19 bytes in 12 msecs (HTTP/1.1 200) 8 headers in 295 bytes (1 switches on core 0)
2026-03-11 18:07:44.100 7 INFO placement.requestlog [req-024eb280-530b-474b-aa74-f66beff360b7 req-93befdff-69f8-4996-b799-d454eb841134 b2c034bc64804cdea0ca47f7bbc3056a f88539908b914622b96091fd145818a7 - - c51175e5b6f2485f9853a8cb3164407e c51175e5b6f2485f9853a8cb3164407e] 10.0.0.230 "PUT /allocations/5a0d500e-366a-4044-9865-c6cd76064da1" status: 204 len: 0 microversion: 1.36 [pid: 7|app: 0|req: 418/833] 10.0.0.230 () {38 vars in 914 bytes} [Wed Mar 11 18:07:44 2026] PUT /allocations/5a0d500e-366a-4044-9865-c6cd76064da1 => generated 0 bytes in 51 msecs (HTTP/1.1 204) 5 headers in 199 bytes (1 switches on core 0)
2026-03-11 18:07:45.666 8 INFO placement.requestlog [req-024eb280-530b-474b-aa74-f66beff360b7 req-bd2e0968-8f4a-4f28-b1dd-440503f40fa1 b2c034bc64804cdea0ca47f7bbc3056a f88539908b914622b96091fd145818a7 - - c51175e5b6f2485f9853a8cb3164407e c51175e5b6f2485f9853a8cb3164407e] 162.253.55.110 "GET /allocations/5a0d500e-366a-4044-9865-c6cd76064da1" status: 200 len: 257 microversion: 1.28 [pid: 8|app: 0|req: 416/834] 162.253.55.110 () {34 vars in 863 bytes} [Wed Mar 11 18:07:45 2026] GET /allocations/5a0d500e-366a-4044-9865-c6cd76064da1 => generated 257 bytes in 13 msecs (HTTP/1.1 200) 8 headers in 296 bytes (1 switches on core 0)
2026-03-11 18:07:46.710 7 INFO placement.requestlog [req-024eb280-530b-474b-aa74-f66beff360b7 req-115a510a-f466-42c6-8c52-e19597e33dad b2c034bc64804cdea0ca47f7bbc3056a f88539908b914622b96091fd145818a7 - - c51175e5b6f2485f9853a8cb3164407e c51175e5b6f2485f9853a8cb3164407e] 162.253.55.110 "GET /resource_providers/73be7604-7bf5-4462-9a16-36c8360883b1/allocations" status: 200 len: 352 microversion: 1.0 [pid: 7|app: 0|req: 419/835] 162.253.55.110 () {32 vars in 857 bytes} [Wed Mar 11 18:07:46 2026] GET /resource_providers/73be7604-7bf5-4462-9a16-36c8360883b1/allocations => generated 352 bytes in 21 msecs (HTTP/1.1 200) 6 headers in 224 bytes (1 switches on core 0)
2026-03-11 18:07:46.728 8 INFO placement.requestlog [req-024eb280-530b-474b-aa74-f66beff360b7 req-60cafef9-aeac-492a-a72c-7330a01e544e b2c034bc64804cdea0ca47f7bbc3056a f88539908b914622b96091fd145818a7 - - c51175e5b6f2485f9853a8cb3164407e c51175e5b6f2485f9853a8cb3164407e] 162.253.55.110 "GET /allocations/0a38d11b-86eb-4632-bcf6-07b4aebd002d" status: 200 len: 257 microversion: 1.28 [pid: 8|app: 0|req: 417/836] 162.253.55.110 () {34 vars in 863 bytes} [Wed Mar 11 18:07:46 2026] GET /allocations/0a38d11b-86eb-4632-bcf6-07b4aebd002d => generated 257 bytes in 14 msecs (HTTP/1.1 200) 8 headers in 296 bytes (1 switches on core 0)
2026-03-11 18:07:46.743 7 INFO placement.requestlog [req-024eb280-530b-474b-aa74-f66beff360b7 req-6d9fe766-e52b-41a9-b667-b01c54ae5ba8 b2c034bc64804cdea0ca47f7bbc3056a f88539908b914622b96091fd145818a7 - - c51175e5b6f2485f9853a8cb3164407e c51175e5b6f2485f9853a8cb3164407e] 162.253.55.110 "GET /allocations/103ce275-1662-4308-b4d2-39c3acaa6997" status: 200 len: 257 microversion: 1.28 [pid: 7|app: 0|req: 420/837] 162.253.55.110 () {34 vars in 863 bytes} [Wed Mar 11 18:07:46 2026] GET /allocations/103ce275-1662-4308-b4d2-39c3acaa6997 => generated 257 bytes in 7 msecs (HTTP/1.1 200) 8 headers in 296 bytes (1 switches on core 0)
2026-03-11 18:07:46.769 8 INFO placement.requestlog [req-024eb280-530b-474b-aa74-f66beff360b7 req-201f7373-4083-4595-b849-d87f1b7da3ee b2c034bc64804cdea0ca47f7bbc3056a f88539908b914622b96091fd145818a7 - - c51175e5b6f2485f9853a8cb3164407e c51175e5b6f2485f9853a8cb3164407e] 162.253.55.110 "GET /allocations/5a0d500e-366a-4044-9865-c6cd76064da1" status: 200 len: 257 microversion: 1.28 [pid: 8|app: 0|req: 418/838] 162.253.55.110 () {34 vars in 863 bytes} [Wed Mar 11 18:07:46 2026] GET /allocations/5a0d500e-366a-4044-9865-c6cd76064da1 => generated 257 bytes in 22 msecs (HTTP/1.1 200) 8 headers in 296 bytes (1 switches on core 0)
2026-03-11 18:07:48.085 8 INFO placement.requestlog [None req-db1a2ae1-51c0-45f6-b66d-479e088c63a2 - - - - - -] 10.0.0.135 "GET /" status: 200 len: 136 microversion: 1.0
2026-03-11 18:07:48.085 7 INFO placement.requestlog [None req-a5a65a91-07b6-42b2-8272-d49e23585d3f - - - - - -] 10.0.0.135 "GET /" status: 200 len: 136 microversion: 1.0
2026-03-11 18:07:49.977 7 INFO placement.requestlog [None req-2a5dc8d2-a00e-4727-be22-a61dce2f62d8 438e80ebe4ad4e5ab20a0b6714078d75 f88539908b914622b96091fd145818a7 - - c51175e5b6f2485f9853a8cb3164407e c51175e5b6f2485f9853a8cb3164407e] 10.0.0.100 "GET /resource_providers/3eddcafb-8423-4396-a9c3-a1cbb10edf92/aggregates" status: 404 len: 235 microversion: 1.1 [pid: 7|app: 0|req: 422/841] 10.0.0.100 () {32 vars in 816 bytes} [Wed Mar 11 18:07:49 2026] GET /resource_providers/3eddcafb-8423-4396-a9c3-a1cbb10edf92/aggregates => generated 235 bytes in 10 msecs (HTTP/1.1 404) 5 headers in 202 bytes (1 switches on core 0)
2026-03-11 18:07:49.982 8 INFO placement.requestlog [None req-c68dc9aa-b8d1-45d2-8e54-608a0b6bd968 438e80ebe4ad4e5ab20a0b6714078d75 f88539908b914622b96091fd145818a7 - - c51175e5b6f2485f9853a8cb3164407e c51175e5b6f2485f9853a8cb3164407e] 10.0.0.100 "GET /resource_providers/3eddcafb-8423-4396-a9c3-a1cbb10edf92/aggregates" status: 404 len: 235 microversion: 1.1 [pid: 8|app: 0|req: 420/842] 10.0.0.100 () {32 vars in 816 bytes} [Wed Mar 11 18:07:49 2026] GET /resource_providers/3eddcafb-8423-4396-a9c3-a1cbb10edf92/aggregates => generated 235 bytes in 9 msecs (HTTP/1.1 404) 5 headers in 202 bytes (1 switches on core 0)
2026-03-11 18:07:50.003 8 INFO placement.requestlog [None req-d68b4365-3990-49ec-9674-a8ab15b615c4 438e80ebe4ad4e5ab20a0b6714078d75 f88539908b914622b96091fd145818a7 - - c51175e5b6f2485f9853a8cb3164407e c51175e5b6f2485f9853a8cb3164407e] 10.0.0.100 "DELETE /resource_providers/3eddcafb-8423-4396-a9c3-a1cbb10edf92" status: 404 len: 246 microversion: 1.1 [pid: 8|app: 0|req: 421/843] 10.0.0.100 () {34 vars in 816 bytes} [Wed Mar 11 18:07:49 2026] DELETE /resource_providers/3eddcafb-8423-4396-a9c3-a1cbb10edf92 => generated 246 bytes in 8 msecs (HTTP/1.1 404) 6 headers in 231 bytes (1 switches on core 0)
2026-03-11 18:07:50.006 7 INFO placement.requestlog [None req-65128118-0db9-4ee0-a9b5-beac586eb2ba 438e80ebe4ad4e5ab20a0b6714078d75 f88539908b914622b96091fd145818a7 - - c51175e5b6f2485f9853a8cb3164407e c51175e5b6f2485f9853a8cb3164407e] 10.0.0.100 "DELETE /resource_providers/3eddcafb-8423-4396-a9c3-a1cbb10edf92" status: 404 len: 246 microversion: 1.1 [pid: 7|app: 0|req: 423/844] 10.0.0.100 () {34 vars in 816 bytes} [Wed Mar 11 18:07:49 2026] DELETE /resource_providers/3eddcafb-8423-4396-a9c3-a1cbb10edf92 => generated 246 bytes in 14 msecs (HTTP/1.1 404) 6 headers in 231 bytes (1 switches on core 0)
2026-03-11 18:07:50.365 8 INFO placement.requestlog [None req-10bfe819-eeac-48ed-bd4f-79797355623e 438e80ebe4ad4e5ab20a0b6714078d75 f88539908b914622b96091fd145818a7 - - c51175e5b6f2485f9853a8cb3164407e c51175e5b6f2485f9853a8cb3164407e] 10.0.0.100 "GET /resource_providers/1bcba302-dc50-4ad7-b89f-1e90010e4109/aggregates" status: 404 len: 235 microversion: 1.1 [pid: 8|app: 0|req: 422/845] 10.0.0.100 () {32 vars in 816 bytes} [Wed Mar 11 18:07:50 2026] GET /resource_providers/1bcba302-dc50-4ad7-b89f-1e90010e4109/aggregates => generated 235 bytes in 9 msecs (HTTP/1.1 404) 5 headers in 202 bytes (1 switches on core 0)
2026-03-11 18:07:50.366 7 INFO placement.requestlog [None req-787b92ac-dde7-4ab6-8b3f-28ce138eac82 438e80ebe4ad4e5ab20a0b6714078d75 f88539908b914622b96091fd145818a7 - - c51175e5b6f2485f9853a8cb3164407e c51175e5b6f2485f9853a8cb3164407e] 10.0.0.100 "GET /resource_providers/1bcba302-dc50-4ad7-b89f-1e90010e4109/aggregates" status: 404 len: 235 microversion: 1.1 [pid: 7|app: 0|req: 424/846] 10.0.0.100 () {32 vars in 816 bytes} [Wed Mar 11 18:07:50 2026] GET /resource_providers/1bcba302-dc50-4ad7-b89f-1e90010e4109/aggregates => generated 235 bytes in 10 msecs (HTTP/1.1 404) 5 headers in 202 bytes (1 switches on core 0)
2026-03-11 18:07:50.385 8 INFO placement.requestlog [None req-9230c481-0309-4861-8516-0464db6b719d 438e80ebe4ad4e5ab20a0b6714078d75 f88539908b914622b96091fd145818a7 - - c51175e5b6f2485f9853a8cb3164407e c51175e5b6f2485f9853a8cb3164407e] 10.0.0.100 "DELETE /resource_providers/1bcba302-dc50-4ad7-b89f-1e90010e4109" status: 404 len: 246 microversion: 1.1 [pid: 8|app: 0|req: 423/847] 10.0.0.100 () {34 vars in 816 bytes} [Wed Mar 11 18:07:50 2026] DELETE /resource_providers/1bcba302-dc50-4ad7-b89f-1e90010e4109 => generated 246 bytes in 7 msecs (HTTP/1.1 404) 6 headers in 231 bytes (1 switches on core 0)
2026-03-11 18:07:50.389 7 INFO placement.requestlog [None req-256accd2-f10a-46b9-8cdb-9d7ad3715dfe 438e80ebe4ad4e5ab20a0b6714078d75 f88539908b914622b96091fd145818a7 - - c51175e5b6f2485f9853a8cb3164407e c51175e5b6f2485f9853a8cb3164407e] 10.0.0.100 "DELETE /resource_providers/1bcba302-dc50-4ad7-b89f-1e90010e4109" status: 404 len: 246 microversion: 1.1 [pid: 7|app: 0|req: 425/848] 10.0.0.100 () {34 vars in 816 bytes} [Wed Mar 11 18:07:50 2026] DELETE /resource_providers/1bcba302-dc50-4ad7-b89f-1e90010e4109 => generated 246 bytes in 8 msecs (HTTP/1.1 404) 6 headers in 231 bytes (1 switches on core 0)
2026-03-11 18:07:52.036 8 INFO placement.requestlog [None req-d229affb-3511-42ae-8b40-a31e3e3b8cb5 438e80ebe4ad4e5ab20a0b6714078d75 f88539908b914622b96091fd145818a7 - - c51175e5b6f2485f9853a8cb3164407e c51175e5b6f2485f9853a8cb3164407e] 10.0.0.100 "GET /resource_providers/74c691cc-057e-45fc-92c5-265df0513601/aggregates" status: 404 len: 235 microversion: 1.1
