2026-04-21 04:47:35.729 8 INFO placement.requestlog [req-981ce1eb-1dbc-4493-93e1-98e98a0e7aa5 req-aeb08576-5b85-4d7a-a2ab-0f5a92c7eb45 aec18fbfe3be4bd7aba8d2043b15ada4 699fae8a4e4a4c40b1e335a503e0ed69 - - 4fa2635914054fd3ac5d92e6d70117e7 4fa2635914054fd3ac5d92e6d70117e7] 199.204.45.4 "GET /resource_providers/9f412e05-3b51-4695-9738-f34d32e2e967/allocations" status: 200 len: 253 microversion: 1.0 [pid: 8|app: 0|req: 555/1113] 199.204.45.4 () {32 vars in 854 bytes} [Tue Apr 21 04:47:35 2026] GET /resource_providers/9f412e05-3b51-4695-9738-f34d32e2e967/allocations => generated 253 bytes in 15 msecs (HTTP/1.1 200) 6 headers in 224 bytes (1 switches on core 0)
2026-04-21 04:47:35.746 7 INFO placement.requestlog [req-981ce1eb-1dbc-4493-93e1-98e98a0e7aa5 req-65e5b944-2239-42b1-9b67-ccecb825e82d aec18fbfe3be4bd7aba8d2043b15ada4 699fae8a4e4a4c40b1e335a503e0ed69 - - 4fa2635914054fd3ac5d92e6d70117e7 4fa2635914054fd3ac5d92e6d70117e7] 199.204.45.4 "GET /allocations/aadf9406-4bde-4b10-83c5-fdf6303421fc" status: 200 len: 258 microversion: 1.28 [pid: 7|app: 0|req: 559/1114] 199.204.45.4 () {34 vars in 860 bytes} [Tue Apr 21 04:47:35 2026] GET /allocations/aadf9406-4bde-4b10-83c5-fdf6303421fc => generated 258 bytes in 11 msecs (HTTP/1.1 200) 8 headers in 296 bytes (1 switches on core 0)
2026-04-21 04:47:35.763 8 INFO placement.requestlog [req-981ce1eb-1dbc-4493-93e1-98e98a0e7aa5 req-082001b1-1031-44ec-a120-d41122c4cfd7 aec18fbfe3be4bd7aba8d2043b15ada4 699fae8a4e4a4c40b1e335a503e0ed69 - - 4fa2635914054fd3ac5d92e6d70117e7 4fa2635914054fd3ac5d92e6d70117e7] 199.204.45.4 "GET /allocations/9f8b9791-acaf-4ba2-b728-4bbaf7ab209c" status: 200 len: 258 microversion: 1.28 [pid: 8|app: 0|req: 556/1115] 199.204.45.4 () {34 vars in 860 bytes} [Tue Apr 21 04:47:35 2026] GET /allocations/9f8b9791-acaf-4ba2-b728-4bbaf7ab209c => generated 258 bytes in 12 msecs (HTTP/1.1 200) 8 headers in 296 bytes (1 switches on core 0)
2026-04-21 04:47:36.660 7 INFO placement.requestlog [None req-cae2bc82-4cf6-4ca1-97e3-5ec84a1b7063 - - - - - -] 10.0.0.123 "GET /" status: 200 len: 136 microversion: 1.0
2026-04-21 04:47:36.660 8 INFO placement.requestlog [None req-0c09a0f1-696a-4ceb-9992-d773758e7d47 - - - - - -] 10.0.0.123 "GET /" status: 200 len: 136 microversion: 1.0
2026-04-21 04:47:46.660 8 INFO placement.requestlog [None req-477a8977-b655-447a-a57f-c9f51f18f894 - - - - - -] 10.0.0.123 "GET /" status: 200 len: 136 microversion: 1.0
2026-04-21 04:47:46.660 7 INFO placement.requestlog [None req-cc3f59ff-479d-46ef-9755-a5c69857ef61 - - - - - -] 10.0.0.123 "GET /" status: 200 len: 136 microversion: 1.0
2026-04-21 04:47:51.157 7 INFO placement.requestlog [None req-d05fd7ea-af21-466e-b439-844f64b82262 40cb02f98cdd48648e87ecc64ced38ff 699fae8a4e4a4c40b1e335a503e0ed69 - - 4fa2635914054fd3ac5d92e6d70117e7 4fa2635914054fd3ac5d92e6d70117e7] 10.0.0.203 "GET /resource_providers/cb9fb47c-9e59-4938-b07d-3ec868a7dd0d/aggregates" status: 404 len: 235 microversion: 1.1 [pid: 7|app: 0|req: 562/1120] 10.0.0.203 () {32 vars in 815 bytes} [Tue Apr 21 04:47:51 2026] GET /resource_providers/cb9fb47c-9e59-4938-b07d-3ec868a7dd0d/aggregates => generated 235 bytes in 9 msecs (HTTP/1.1 404) 5 headers in 202 bytes (1 switches on core 0)
2026-04-21 04:47:51.159 8 INFO placement.requestlog [None req-df6d250e-21ca-4f01-892e-cefc48a6f585 40cb02f98cdd48648e87ecc64ced38ff 699fae8a4e4a4c40b1e335a503e0ed69 - - 4fa2635914054fd3ac5d92e6d70117e7 4fa2635914054fd3ac5d92e6d70117e7] 10.0.0.203 "GET /resource_providers/cb9fb47c-9e59-4938-b07d-3ec868a7dd0d/aggregates" status: 404 len: 235 microversion: 1.1 [pid: 8|app: 0|req: 559/1121] 10.0.0.203 () {32 vars in 815 bytes} [Tue Apr 21 04:47:51 2026] GET /resource_providers/cb9fb47c-9e59-4938-b07d-3ec868a7dd0d/aggregates => generated 235 bytes in 9 msecs (HTTP/1.1 404) 5 headers in 202 bytes (1 switches on core 0)
2026-04-21 04:47:51.180 8 INFO placement.requestlog [None req-a1cfa2f8-6ef0-4f86-b559-11a74dd8c6a3 40cb02f98cdd48648e87ecc64ced38ff 699fae8a4e4a4c40b1e335a503e0ed69 - - 4fa2635914054fd3ac5d92e6d70117e7 4fa2635914054fd3ac5d92e6d70117e7] 10.0.0.203 "DELETE /resource_providers/cb9fb47c-9e59-4938-b07d-3ec868a7dd0d" status: 404 len: 246 microversion: 1.1 [pid: 8|app: 0|req: 560/1122] 10.0.0.203 () {34 vars in 815 bytes} [Tue Apr 21 04:47:51 2026] DELETE /resource_providers/cb9fb47c-9e59-4938-b07d-3ec868a7dd0d => generated 246 bytes in 8 msecs (HTTP/1.1 404) 6 headers in 231 bytes (1 switches on core 0)
2026-04-21 04:47:51.184 7 INFO placement.requestlog [None req-b16d3eab-c3cb-418d-8abc-27ac3fe66ea9 40cb02f98cdd48648e87ecc64ced38ff 699fae8a4e4a4c40b1e335a503e0ed69 - - 4fa2635914054fd3ac5d92e6d70117e7 4fa2635914054fd3ac5d92e6d70117e7] 10.0.0.203 "DELETE /resource_providers/cb9fb47c-9e59-4938-b07d-3ec868a7dd0d" status: 404 len: 246 microversion: 1.1 [pid: 7|app: 0|req: 563/1123] 10.0.0.203 () {34 vars in 815 bytes} [Tue Apr 21 04:47:51 2026] DELETE /resource_providers/cb9fb47c-9e59-4938-b07d-3ec868a7dd0d => generated 246 bytes in 14 msecs (HTTP/1.1 404) 6 headers in 231 bytes (1 switches on core 0)
2026-04-21 04:47:56.659 8 INFO placement.requestlog [None req-0f459391-82ca-4cea-86bd-602aa589bf06 - - - - - -] 10.0.0.123 "GET /" status: 200 len: 136 microversion: 1.0
2026-04-21 04:47:56.659 7 INFO placement.requestlog [None req-fe69a637-8bf5-4840-802a-d799e2c99994 - - - - - -] 10.0.0.123 "GET /" status: 200 len: 136 microversion: 1.0
2026-04-21 04:48:03.889 8 INFO placement.requestlog [None req-422b06ef-8dda-4e7e-80f7-ee91704e1f99 40cb02f98cdd48648e87ecc64ced38ff 699fae8a4e4a4c40b1e335a503e0ed69 - - 4fa2635914054fd3ac5d92e6d70117e7 4fa2635914054fd3ac5d92e6d70117e7] 10.0.0.203 "GET /resource_providers/4060eb1c-86ad-49bb-a4ac-350fa747b38d/aggregates" status: 404 len: 235 microversion: 1.1 [pid: 8|app: 0|req: 562/1126] 10.0.0.203 () {32 vars in 815 bytes} [Tue Apr 21 04:48:03 2026] GET /resource_providers/4060eb1c-86ad-49bb-a4ac-350fa747b38d/aggregates => generated 235 bytes in 8 msecs (HTTP/1.1 404) 5 headers in 202 bytes (1 switches on core 0)
2026-04-21 04:48:03.890 7 INFO placement.requestlog [None req-1bf2c056-d38e-437b-a94d-834974ca33d0 40cb02f98cdd48648e87ecc64ced38ff 699fae8a4e4a4c40b1e335a503e0ed69 - - 4fa2635914054fd3ac5d92e6d70117e7 4fa2635914054fd3ac5d92e6d70117e7] 10.0.0.203 "GET /resource_providers/4060eb1c-86ad-49bb-a4ac-350fa747b38d/aggregates" status: 404 len: 235 microversion: 1.1 [pid: 7|app: 0|req: 565/1127] 10.0.0.203 () {32 vars in 815 bytes} [Tue Apr 21 04:48:03 2026] GET /resource_providers/4060eb1c-86ad-49bb-a4ac-350fa747b38d/aggregates => generated 235 bytes in 9 msecs (HTTP/1.1 404) 5 headers in 202 bytes (1 switches on core 0)
2026-04-21 04:48:03.918 7 INFO placement.requestlog [None req-589e9bbd-a160-406b-a6ed-fd715b1b2ce2 40cb02f98cdd48648e87ecc64ced38ff 699fae8a4e4a4c40b1e335a503e0ed69 - - 4fa2635914054fd3ac5d92e6d70117e7 4fa2635914054fd3ac5d92e6d70117e7] 10.0.0.203 "DELETE /resource_providers/4060eb1c-86ad-49bb-a4ac-350fa747b38d" status: 404 len: 246 microversion: 1.1 [pid: 7|app: 0|req: 566/1128] 10.0.0.203 () {34 vars in 815 bytes} [Tue Apr 21 04:48:03 2026] DELETE /resource_providers/4060eb1c-86ad-49bb-a4ac-350fa747b38d => generated 246 bytes in 10 msecs (HTTP/1.1 404) 6 headers in 231 bytes (1 switches on core 0)
2026-04-21 04:48:03.924 8 INFO placement.requestlog [None req-2db71e2a-8947-49a6-b6a1-8c6c9302a297 40cb02f98cdd48648e87ecc64ced38ff 699fae8a4e4a4c40b1e335a503e0ed69 - - 4fa2635914054fd3ac5d92e6d70117e7 4fa2635914054fd3ac5d92e6d70117e7] 10.0.0.203 "DELETE /resource_providers/4060eb1c-86ad-49bb-a4ac-350fa747b38d" status: 404 len: 246 microversion: 1.1 [pid: 8|app: 0|req: 563/1129] 10.0.0.203 () {34 vars in 815 bytes} [Tue Apr 21 04:48:03 2026] DELETE /resource_providers/4060eb1c-86ad-49bb-a4ac-350fa747b38d => generated 246 bytes in 17 msecs (HTTP/1.1 404) 6 headers in 231 bytes (1 switches on core 0)
2026-04-21 04:48:04.372 8 INFO placement.requestlog [None req-d0734f55-f92e-4e1d-bf2e-3383cf97b464 40cb02f98cdd48648e87ecc64ced38ff 699fae8a4e4a4c40b1e335a503e0ed69 - - 4fa2635914054fd3ac5d92e6d70117e7 4fa2635914054fd3ac5d92e6d70117e7] 10.0.0.203 "GET /resource_providers/f58147fa-4126-40f2-98b6-3cf178a8c29d/aggregates" status: 404 len: 235 microversion: 1.1 [pid: 8|app: 0|req: 564/1130] 10.0.0.203 () {32 vars in 815 bytes} [Tue Apr 21 04:48:04 2026] GET /resource_providers/f58147fa-4126-40f2-98b6-3cf178a8c29d/aggregates => generated 235 bytes in 111 msecs (HTTP/1.1 404) 5 headers in 202 bytes (1 switches on core 0)
2026-04-21 04:48:04.376 7 INFO placement.requestlog [None req-3a1907e4-91d8-493e-b117-067ac590d9be 40cb02f98cdd48648e87ecc64ced38ff 699fae8a4e4a4c40b1e335a503e0ed69 - - 4fa2635914054fd3ac5d92e6d70117e7 4fa2635914054fd3ac5d92e6d70117e7] 10.0.0.203 "GET /resource_providers/f58147fa-4126-40f2-98b6-3cf178a8c29d/aggregates" status: 404 len: 235 microversion: 1.1 [pid: 7|app: 0|req: 567/1131] 10.0.0.203 () {32 vars in 815 bytes} [Tue Apr 21 04:48:04 2026] GET /resource_providers/f58147fa-4126-40f2-98b6-3cf178a8c29d/aggregates => generated 235 bytes in 117 msecs (HTTP/1.1 404) 5 headers in 202 bytes (1 switches on core 0)
2026-04-21 04:48:04.394 8 INFO placement.requestlog [None req-9d1dd5ed-918d-43ea-976f-1e2e7006506d 40cb02f98cdd48648e87ecc64ced38ff 699fae8a4e4a4c40b1e335a503e0ed69 - - 4fa2635914054fd3ac5d92e6d70117e7 4fa2635914054fd3ac5d92e6d70117e7] 10.0.0.203 "DELETE /resource_providers/f58147fa-4126-40f2-98b6-3cf178a8c29d" status: 404 len: 246 microversion: 1.1 [pid: 8|app: 0|req: 565/1132] 10.0.0.203 () {34 vars in 815 bytes} [Tue Apr 21 04:48:04 2026] DELETE /resource_providers/f58147fa-4126-40f2-98b6-3cf178a8c29d => generated 246 bytes in 9 msecs (HTTP/1.1 404) 6 headers in 231 bytes (1 switches on core 0)
2026-04-21 04:48:04.397 7 INFO placement.requestlog [None req-7a333a68-6103-4e19-b8f4-36cedae1b7b3 40cb02f98cdd48648e87ecc64ced38ff 699fae8a4e4a4c40b1e335a503e0ed69 - - 4fa2635914054fd3ac5d92e6d70117e7 4fa2635914054fd3ac5d92e6d70117e7] 10.0.0.203 "DELETE /resource_providers/f58147fa-4126-40f2-98b6-3cf178a8c29d" status: 404 len: 246 microversion: 1.1 [pid: 7|app: 0|req: 568/1133] 10.0.0.203 () {34 vars in 815 bytes} [Tue Apr 21 04:48:04 2026] DELETE /resource_providers/f58147fa-4126-40f2-98b6-3cf178a8c29d => generated 246 bytes in 9 msecs (HTTP/1.1 404) 6 headers in 231 bytes (1 switches on core 0)
2026-04-21 04:48:06.660 8 INFO placement.requestlog [None req-b6fca3d4-ed2c-40b4-a6aa-c82f0ad0ea90 - - - - - -] 10.0.0.123 "GET /" status: 200 len: 136 microversion: 1.0
2026-04-21 04:48:06.660 7 INFO placement.requestlog [None req-bf6a9ff2-70ce-4260-89ba-abc203d67843 - - - - - -] 10.0.0.123 "GET /" status: 200 len: 136 microversion: 1.0
2026-04-21 04:48:14.194 8 INFO placement.requestlog [req-7b3d6e26-a935-4838-814a-caeb83bb735f req-2c23e824-ef36-443e-9055-d979cdf43794 aec18fbfe3be4bd7aba8d2043b15ada4 699fae8a4e4a4c40b1e335a503e0ed69 - - 4fa2635914054fd3ac5d92e6d70117e7 4fa2635914054fd3ac5d92e6d70117e7] 10.0.0.78 "GET /allocation_candidates?limit=1000&resources=MEMORY_MB%3A2048%2CVCPU%3A2&root_required=%21COMPUTE_STATUS_DISABLED" status: 200 len: 2771 microversion: 1.36 [pid: 8|app: 0|req: 567/1136] 10.0.0.78 () {34 vars in 984 bytes} [Tue Apr 21 04:48:14 2026] GET /allocation_candidates?limit=1000&resources=MEMORY_MB%3A2048%2CVCPU%3A2&root_required=%21COMPUTE_STATUS_DISABLED => generated 2771 bytes in 41 msecs (HTTP/1.1 200) 8 headers in 297 bytes (1 switches on core 0)
2026-04-21 04:48:14.228 7 INFO placement.requestlog [req-7b3d6e26-a935-4838-814a-caeb83bb735f req-a625d77b-5ceb-498f-becb-a9a968d2fa31 aec18fbfe3be4bd7aba8d2043b15ada4 699fae8a4e4a4c40b1e335a503e0ed69 - - 4fa2635914054fd3ac5d92e6d70117e7 4fa2635914054fd3ac5d92e6d70117e7] 10.0.0.78 "GET /allocations/38923b0a-adc6-491b-8c19-155f3d5871b2" status: 200 len: 19 microversion: 1.28 [pid: 7|app: 0|req: 570/1137] 10.0.0.78 () {34 vars in 859 bytes} [Tue Apr 21 04:48:14 2026] GET /allocations/38923b0a-adc6-491b-8c19-155f3d5871b2 => generated 19 bytes in 12 msecs (HTTP/1.1 200) 8 headers in 295 bytes (1 switches on core 0)
2026-04-21 04:48:14.304 8 INFO placement.requestlog [req-7b3d6e26-a935-4838-814a-caeb83bb735f req-c498f2e3-b312-4743-931f-cd9abb645185 aec18fbfe3be4bd7aba8d2043b15ada4 699fae8a4e4a4c40b1e335a503e0ed69 - - 4fa2635914054fd3ac5d92e6d70117e7 4fa2635914054fd3ac5d92e6d70117e7] 10.0.0.78 "PUT /allocations/38923b0a-adc6-491b-8c19-155f3d5871b2" status: 204 len: 0 microversion: 1.36 [pid: 8|app: 0|req: 568/1138] 10.0.0.78 () {38 vars in 912 bytes} [Tue Apr 21 04:48:14 2026] PUT /allocations/38923b0a-adc6-491b-8c19-155f3d5871b2 => generated 0 bytes in 68 msecs (HTTP/1.1 204) 5 headers in 199 bytes (1 switches on core 0)
2026-04-21 04:48:15.804 7 INFO placement.requestlog [req-7b3d6e26-a935-4838-814a-caeb83bb735f req-96059eb2-92a7-4021-a35d-00a023d33e3b aec18fbfe3be4bd7aba8d2043b15ada4 699fae8a4e4a4c40b1e335a503e0ed69 - - 4fa2635914054fd3ac5d92e6d70117e7 4fa2635914054fd3ac5d92e6d70117e7] 199.204.45.4 "GET /allocations/38923b0a-adc6-491b-8c19-155f3d5871b2" status: 200 len: 245 microversion: 1.28 [pid: 7|app: 0|req: 571/1139] 199.204.45.4 () {34 vars in 860 bytes} [Tue Apr 21 04:48:15 2026] GET /allocations/38923b0a-adc6-491b-8c19-155f3d5871b2 => generated 245 bytes in 15 msecs (HTTP/1.1 200) 8 headers in 296 bytes (1 switches on core 0)
2026-04-21 04:48:16.659 8 INFO placement.requestlog [None req-4acbb7e6-615e-4b9d-a955-0d1ad4d20fb0 - - - - - -] 10.0.0.123 "GET /" status: 200 len: 136 microversion: 1.0
2026-04-21 04:48:16.660 7 INFO placement.requestlog [None req-39f0cc09-f8e3-4099-bdee-2ea320be8721 - - - - - -] 10.0.0.123 "GET /" status: 200 len: 136 microversion: 1.0
2026-04-21 04:48:16.847 8 INFO placement.requestlog [req-7b3d6e26-a935-4838-814a-caeb83bb735f req-a391e2c6-ce5c-475b-883c-c121284e63f9 aec18fbfe3be4bd7aba8d2043b15ada4 699fae8a4e4a4c40b1e335a503e0ed69 - - 4fa2635914054fd3ac5d92e6d70117e7 4fa2635914054fd3ac5d92e6d70117e7] 199.204.45.4 "GET /resource_providers/9f412e05-3b51-4695-9738-f34d32e2e967/allocations" status: 200 len: 340 microversion: 1.0 [pid: 8|app: 0|req: 570/1142] 199.204.45.4 () {32 vars in 854 bytes} [Tue Apr 21 04:48:16 2026] GET /resource_providers/9f412e05-3b51-4695-9738-f34d32e2e967/allocations => generated 340 bytes in 16 msecs (HTTP/1.1 200) 6 headers in 224 bytes (1 switches on core 0)
2026-04-21 04:48:16.865 7 INFO placement.requestlog [req-7b3d6e26-a935-4838-814a-caeb83bb735f req-90ae41c5-9f6f-4343-9d66-a0236fbd5c5a aec18fbfe3be4bd7aba8d2043b15ada4 699fae8a4e4a4c40b1e335a503e0ed69 - - 4fa2635914054fd3ac5d92e6d70117e7 4fa2635914054fd3ac5d92e6d70117e7] 199.204.45.4 "GET /allocations/38923b0a-adc6-491b-8c19-155f3d5871b2" status: 200 len: 245 microversion: 1.28 [pid: 7|app: 0|req: 573/1143] 199.204.45.4 () {34 vars in 860 bytes} [Tue Apr 21 04:48:16 2026] GET /allocations/38923b0a-adc6-491b-8c19-155f3d5871b2 => generated 245 bytes in 11 msecs (HTTP/1.1 200) 8 headers in 296 bytes (1 switches on core 0)
2026-04-21 04:48:16.882 8 INFO placement.requestlog [req-7b3d6e26-a935-4838-814a-caeb83bb735f req-cfc58d91-d189-409b-a240-0c15598f07f9 aec18fbfe3be4bd7aba8d2043b15ada4 699fae8a4e4a4c40b1e335a503e0ed69 - - 4fa2635914054fd3ac5d92e6d70117e7 4fa2635914054fd3ac5d92e6d70117e7] 199.204.45.4 "GET /allocations/aadf9406-4bde-4b10-83c5-fdf6303421fc" status: 200 len: 258 microversion: 1.28 [pid: 8|app: 0|req: 571/1144] 199.204.45.4 () {34 vars in 860 bytes} [Tue Apr 21 04:48:16 2026] GET /allocations/aadf9406-4bde-4b10-83c5-fdf6303421fc => generated 258 bytes in 12 msecs (HTTP/1.1 200) 8 headers in 296 bytes (1 switches on core 0)
2026-04-21 04:48:16.902 7 INFO placement.requestlog [req-7b3d6e26-a935-4838-814a-caeb83bb735f req-fd34c02e-459e-4151-a6de-9336b7abcfb2 aec18fbfe3be4bd7aba8d2043b15ada4 699fae8a4e4a4c40b1e335a503e0ed69 - - 4fa2635914054fd3ac5d92e6d70117e7 4fa2635914054fd3ac5d92e6d70117e7] 199.204.45.4 "GET /allocations/9f8b9791-acaf-4ba2-b728-4bbaf7ab209c" status: 200 len: 258 microversion: 1.28 [pid: 7|app: 0|req: 574/1145] 199.204.45.4 () {34 vars in 860 bytes} [Tue Apr 21 04:48:16 2026] GET /allocations/9f8b9791-acaf-4ba2-b728-4bbaf7ab209c => generated 258 bytes in 12 msecs (HTTP/1.1 200) 8 headers in 296 bytes (1 switches on core 0)
2026-04-21 04:48:26.660 7 INFO placement.requestlog [None req-3b89b1dd-7d95-4140-9f77-bbd6346e8e3e - - - - - -] 10.0.0.123 "GET /" status: 200 len: 136 microversion: 1.0
2026-04-21 04:48:26.660 8 INFO placement.requestlog [None req-48099a95-5786-4c3b-a68f-77b55c0bc2d8 - - - - - -] 10.0.0.123 "GET /" status: 200 len: 136 microversion: 1.0
2026-04-21 04:48:28.004 7 INFO placement.requestlog [req-8365184c-bfd0-4b85-9122-59c9aa1b9727 req-569712ba-5b09-4cf5-8434-818e83118b75 aec18fbfe3be4bd7aba8d2043b15ada4 699fae8a4e4a4c40b1e335a503e0ed69 - - 4fa2635914054fd3ac5d92e6d70117e7 4fa2635914054fd3ac5d92e6d70117e7] 199.204.45.4 "GET /resource_providers/9f412e05-3b51-4695-9738-f34d32e2e967/allocations" status: 200 len: 340 microversion: 1.0 [pid: 7|app: 0|req: 576/1148] 199.204.45.4 () {32 vars in 854 bytes} [Tue Apr 21 04:48:27 2026] GET /resource_providers/9f412e05-3b51-4695-9738-f34d32e2e967/allocations => generated 340 bytes in 15 msecs (HTTP/1.1 200) 6 headers in 224 bytes (1 switches on core 0)
2026-04-21 04:48:28.026 8 INFO placement.requestlog [req-8365184c-bfd0-4b85-9122-59c9aa1b9727 req-afb14960-289d-4392-b5bb-0eacae064a67 aec18fbfe3be4bd7aba8d2043b15ada4 699fae8a4e4a4c40b1e335a503e0ed69 - - 4fa2635914054fd3ac5d92e6d70117e7 4fa2635914054fd3ac5d92e6d70117e7] 199.204.45.4 "GET /resource_providers/9f412e05-3b51-4695-9738-f34d32e2e967/allocations" status: 200 len: 340 microversion: 1.0 [pid: 8|app: 0|req: 573/1149] 199.204.45.4 () {32 vars in 854 bytes} [Tue Apr 21 04:48:28 2026] GET /resource_providers/9f412e05-3b51-4695-9738-f34d32e2e967/allocations => generated 340 bytes in 16 msecs (HTTP/1.1 200) 6 headers in 224 bytes (1 switches on core 0)
2026-04-21 04:48:28.044 7 INFO placement.requestlog [req-8365184c-bfd0-4b85-9122-59c9aa1b9727 req-4a66f2d1-069c-42d0-8105-d5993107863b aec18fbfe3be4bd7aba8d2043b15ada4 699fae8a4e4a4c40b1e335a503e0ed69 - - 4fa2635914054fd3ac5d92e6d70117e7 4fa2635914054fd3ac5d92e6d70117e7] 199.204.45.4 "GET /allocations/38923b0a-adc6-491b-8c19-155f3d5871b2" status: 200 len: 245 microversion: 1.28 [pid: 7|app: 0|req: 577/1150] 199.204.45.4 () {34 vars in 860 bytes} [Tue Apr 21 04:48:28 2026] GET /allocations/38923b0a-adc6-491b-8c19-155f3d5871b2 => generated 245 bytes in 12 msecs (HTTP/1.1 200) 8 headers in 296 bytes (1 switches on core 0)
2026-04-21 04:48:28.062 8 INFO placement.requestlog [req-8365184c-bfd0-4b85-9122-59c9aa1b9727 req-5eaa8231-420e-4258-b855-df1f20632a58 aec18fbfe3be4bd7aba8d2043b15ada4 699fae8a4e4a4c40b1e335a503e0ed69 - - 4fa2635914054fd3ac5d92e6d70117e7 4fa2635914054fd3ac5d92e6d70117e7] 199.204.45.4 "GET /allocations/aadf9406-4bde-4b10-83c5-fdf6303421fc" status: 200 len: 258 microversion: 1.28 [pid: 8|app: 0|req: 574/1151] 199.204.45.4 () {34 vars in 860 bytes} [Tue Apr 21 04:48:28 2026] GET /allocations/aadf9406-4bde-4b10-83c5-fdf6303421fc => generated 258 bytes in 14 msecs (HTTP/1.1 200) 8 headers in 296 bytes (1 switches on core 0)
2026-04-21 04:48:28.077 7 INFO placement.requestlog [req-8365184c-bfd0-4b85-9122-59c9aa1b9727 req-27b0db53-8c38-486e-a044-0f5d04f31b94 aec18fbfe3be4bd7aba8d2043b15ada4 699fae8a4e4a4c40b1e335a503e0ed69 - - 4fa2635914054fd3ac5d92e6d70117e7 4fa2635914054fd3ac5d92e6d70117e7] 199.204.45.4 "GET /allocations/9f8b9791-acaf-4ba2-b728-4bbaf7ab209c" status: 200 len: 258 microversion: 1.28 [pid: 7|app: 0|req: 578/1152] 199.204.45.4 () {34 vars in 860 bytes} [Tue Apr 21 04:48:28 2026] GET /allocations/9f8b9791-acaf-4ba2-b728-4bbaf7ab209c => generated 258 bytes in 9 msecs (HTTP/1.1 200) 8 headers in 296 bytes (1 switches on core 0)
2026-04-21 04:48:36.660 7 INFO placement.requestlog [None req-95193c82-c9ca-46f9-b40c-dc2abfaf4d87 - - - - - -] 10.0.0.123 "GET /" status: 200 len: 136 microversion: 1.0
2026-04-21 04:48:36.661 8 INFO placement.requestlog [None req-ada73374-0536-4c89-8cbb-f100b12ab562 - - - - - -] 10.0.0.123 "GET /" status: 200 len: 136 microversion: 1.0
2026-04-21 04:48:46.660 8 INFO placement.requestlog [None req-f4645271-0798-4d1c-9d06-bf91e7660d1a - - - - - -] 10.0.0.123 "GET /" status: 200 len: 136 microversion: 1.0
2026-04-21 04:48:46.660 7 INFO placement.requestlog [None req-8caf8dcd-370a-4146-a358-47bc09538c68 - - - - - -] 10.0.0.123 "GET /" status: 200 len: 136 microversion: 1.0
2026-04-21 04:48:56.660 8 INFO placement.requestlog [None req-6d94bc44-62e2-46b0-ac1c-d89c7653b4c5 - - - - - -] 10.0.0.123 "GET /" status: 200 len: 136 microversion: 1.0
2026-04-21 04:48:56.660 7 INFO placement.requestlog [None req-c7b4b8a0-0bda-4ad2-9a4c-971f9a7f1b6c - - - - - -] 10.0.0.123 "GET /" status: 200 len: 136 microversion: 1.0
2026-04-21 04:49:06.662 8 INFO placement.requestlog [None req-e99c89fa-061d-44c5-bdb9-84ea160c9c24 - - - - - -] 10.0.0.123 "GET /" status: 200 len: 136 microversion: 1.0
2026-04-21 04:49:06.662 7 INFO placement.requestlog [None req-9a58a82b-e55e-4c73-8b58-985776c8ac65 - - - - - -] 10.0.0.123 "GET /" status: 200 len: 136 microversion: 1.0
2026-04-21 04:49:16.660 8 INFO placement.requestlog [None req-d3b4a502-9d6f-4f14-bd64-f08d2bd50fcc - - - - - -] 10.0.0.123 "GET /" status: 200 len: 136 microversion: 1.0
2026-04-21 04:49:16.660 7 INFO placement.requestlog [None req-ae23faa5-4aa5-4981-a4c4-4a2702e68d9c - - - - - -] 10.0.0.123 "GET /" status: 200 len: 136 microversion: 1.0
2026-04-21 04:49:26.660 8 INFO placement.requestlog [None req-68faf2d1-71f3-45fb-9590-3bb10a319945 - - - - - -] 10.0.0.123 "GET /" status: 200 len: 136 microversion: 1.0
2026-04-21 04:49:26.660 7 INFO placement.requestlog [None req-f6e90099-7a26-4ffb-ac1f-adb75d5cdc45 - - - - - -] 10.0.0.123 "GET /" status: 200 len: 136 microversion: 1.0
2026-04-21 04:49:27.424 7 INFO placement.requestlog [req-15e5625e-6df1-4ba5-aacb-b7259ec8e1ba req-8202f6e2-48fd-4b70-a016-3f8f81108136 aec18fbfe3be4bd7aba8d2043b15ada4 699fae8a4e4a4c40b1e335a503e0ed69 - - 4fa2635914054fd3ac5d92e6d70117e7 4fa2635914054fd3ac5d92e6d70117e7] 199.204.45.4 "GET /resource_providers/9f412e05-3b51-4695-9738-f34d32e2e967/allocations" status: 200 len: 340 microversion: 1.0 [pid: 7|app: 0|req: 585/1165] 199.204.45.4 () {32 vars in 854 bytes} [Tue Apr 21 04:49:27 2026] GET /resource_providers/9f412e05-3b51-4695-9738-f34d32e2e967/allocations => generated 340 bytes in 15 msecs (HTTP/1.1 200) 6 headers in 224 bytes (1 switches on core 0)
2026-04-21 04:49:27.451 8 INFO placement.requestlog [req-15e5625e-6df1-4ba5-aacb-b7259ec8e1ba req-e6bab950-8665-430a-bf13-19b61413a722 aec18fbfe3be4bd7aba8d2043b15ada4 699fae8a4e4a4c40b1e335a503e0ed69 - - 4fa2635914054fd3ac5d92e6d70117e7 4fa2635914054fd3ac5d92e6d70117e7] 199.204.45.4 "GET /resource_providers/9f412e05-3b51-4695-9738-f34d32e2e967/allocations" status: 200 len: 340 microversion: 1.0 [pid: 8|app: 0|req: 581/1166] 199.204.45.4 () {32 vars in 854 bytes} [Tue Apr 21 04:49:27 2026] GET /resource_providers/9f412e05-3b51-4695-9738-f34d32e2e967/allocations => generated 340 bytes in 20 msecs (HTTP/1.1 200) 6 headers in 224 bytes (1 switches on core 0)
2026-04-21 04:49:27.468 7 INFO placement.requestlog [req-15e5625e-6df1-4ba5-aacb-b7259ec8e1ba req-315e1c23-a939-46b2-8c40-b3cd7231468b aec18fbfe3be4bd7aba8d2043b15ada4 699fae8a4e4a4c40b1e335a503e0ed69 - - 4fa2635914054fd3ac5d92e6d70117e7 4fa2635914054fd3ac5d92e6d70117e7] 199.204.45.4 "GET /allocations/38923b0a-adc6-491b-8c19-155f3d5871b2" status: 200 len: 245 microversion: 1.28 [pid: 7|app: 0|req: 586/1167] 199.204.45.4 () {34 vars in 860 bytes} [Tue Apr 21 04:49:27 2026] GET /allocations/38923b0a-adc6-491b-8c19-155f3d5871b2 => generated 245 bytes in 10 msecs (HTTP/1.1 200) 8 headers in 296 bytes (1 switches on core 0)
2026-04-21 04:49:27.486 8 INFO placement.requestlog [req-15e5625e-6df1-4ba5-aacb-b7259ec8e1ba req-1c84a2d9-1727-48fa-84f5-1ff792dcd5fb aec18fbfe3be4bd7aba8d2043b15ada4 699fae8a4e4a4c40b1e335a503e0ed69 - - 4fa2635914054fd3ac5d92e6d70117e7 4fa2635914054fd3ac5d92e6d70117e7] 199.204.45.4 "GET /allocations/aadf9406-4bde-4b10-83c5-fdf6303421fc" status: 200 len: 258 microversion: 1.28 [pid: 8|app: 0|req: 582/1168] 199.204.45.4 () {34 vars in 860 bytes} [Tue Apr 21 04:49:27 2026] GET /allocations/aadf9406-4bde-4b10-83c5-fdf6303421fc => generated 258 bytes in 14 msecs (HTTP/1.1 200) 8 headers in 296 bytes (1 switches on core 0)
2026-04-21 04:49:27.503 7 INFO placement.requestlog [req-15e5625e-6df1-4ba5-aacb-b7259ec8e1ba req-b64edb5b-ff44-466f-9f3e-8731c8567aef aec18fbfe3be4bd7aba8d2043b15ada4 699fae8a4e4a4c40b1e335a503e0ed69 - - 4fa2635914054fd3ac5d92e6d70117e7 4fa2635914054fd3ac5d92e6d70117e7] 199.204.45.4 "GET /allocations/9f8b9791-acaf-4ba2-b728-4bbaf7ab209c" status: 200 len: 258 microversion: 1.28 [pid: 7|app: 0|req: 587/1169] 199.204.45.4 () {34 vars in 860 bytes} [Tue Apr 21 04:49:27 2026] GET /allocations/9f8b9791-acaf-4ba2-b728-4bbaf7ab209c => generated 258 bytes in 13 msecs (HTTP/1.1 200) 8 headers in 296 bytes (1 switches on core 0)
2026-04-21 04:49:36.660 8 INFO placement.requestlog [None req-a848d150-5c0a-4566-9810-13808b7bfc7f - - - - - -] 10.0.0.123 "GET /" status: 200 len: 136 microversion: 1.0
2026-04-21 04:49:36.660 7 INFO placement.requestlog [None req-e95f3f04-2b6e-4cf0-8cee-5b39dceb0b04 - - - - - -] 10.0.0.123 "GET /" status: 200 len: 136 microversion: 1.0
2026-04-21 04:49:46.660 8 INFO placement.requestlog [None req-9a19d2d4-a9ba-4f9e-8c8d-619be76d98bb - - - - - -] 10.0.0.123 "GET /" status: 200 len: 136 microversion: 1.0
2026-04-21 04:49:46.660 7 INFO placement.requestlog [None req-23b0f971-f77c-419b-8723-d1e2c28bc213 - - - - - -] 10.0.0.123 "GET /" status: 200 len: 136 microversion: 1.0
2026-04-21 04:49:56.659 8 INFO placement.requestlog [None req-18ee44fc-a4d9-4ed5-b3c4-63058487a2f6 - - - - - -] 10.0.0.123 "GET /" status: 200 len: 136 microversion: 1.0
2026-04-21 04:49:56.659 7 INFO placement.requestlog [None req-cac30ee4-f7c0-45bb-90d9-340c3014016c - - - - - -] 10.0.0.123 "GET /" status: 200 len: 136 microversion: 1.0
2026-04-21 04:50:06.660 8 INFO placement.requestlog [None req-1dec4b40-e7b8-42d9-b29d-6af5d13776c0 - - - - - -] 10.0.0.123 "GET /" status: 200 len: 136 microversion: 1.0
2026-04-21 04:50:06.660 7 INFO placement.requestlog [None req-d0a598e7-9753-44c6-a802-fdd5c1ccfeb3 - - - - - -] 10.0.0.123 "GET /" status: 200 len: 136 microversion: 1.0
2026-04-21 04:50:16.660 7 INFO placement.requestlog [None req-dc855532-d678-4da1-ac63-abaecd9243c4 - - - - - -] 10.0.0.123 "GET /" status: 200 len: 136 microversion: 1.0
2026-04-21 04:50:16.662 8 INFO placement.requestlog [None req-a3d56d72-668b-44e1-8d58-9e1baefc26e7 - - - - - -] 10.0.0.123 "GET /" status: 200 len: 136 microversion: 1.0
2026-04-21 04:50:26.660 7 INFO placement.requestlog [None req-308b35cd-bf95-4de2-8685-7d5564e27f9b - - - - - -] 10.0.0.123 "GET /" status: 200 len: 136 microversion: 1.0
2026-04-21 04:50:26.660 8 INFO placement.requestlog [None req-0ba8756b-b6a4-47fc-89c3-5be16788216d - - - - - -] 10.0.0.123 "GET /" status: 200 len: 136 microversion: 1.0
2026-04-21 04:50:27.439 7 INFO placement.requestlog [req-49d11fef-a01c-477a-bf48-e4ba446a3f09 req-39d93442-0290-4ef0-b528-523488581dd1 aec18fbfe3be4bd7aba8d2043b15ada4 699fae8a4e4a4c40b1e335a503e0ed69 - - 4fa2635914054fd3ac5d92e6d70117e7 4fa2635914054fd3ac5d92e6d70117e7] 199.204.45.4 "GET /resource_providers/9f412e05-3b51-4695-9738-f34d32e2e967/allocations" status: 200 len: 340 microversion: 1.0 [pid: 7|app: 0|req: 594/1182] 199.204.45.4 () {32 vars in 854 bytes} [Tue Apr 21 04:50:27 2026] GET /resource_providers/9f412e05-3b51-4695-9738-f34d32e2e967/allocations => generated 340 bytes in 19 msecs (HTTP/1.1 200) 6 headers in 224 bytes (1 switches on core 0)
2026-04-21 04:50:27.462 8 INFO placement.requestlog [req-49d11fef-a01c-477a-bf48-e4ba446a3f09 req-931fd59c-ab7c-452d-ac3d-07f07802b5dd aec18fbfe3be4bd7aba8d2043b15ada4 699fae8a4e4a4c40b1e335a503e0ed69 - - 4fa2635914054fd3ac5d92e6d70117e7 4fa2635914054fd3ac5d92e6d70117e7] 199.204.45.4 "GET /resource_providers/9f412e05-3b51-4695-9738-f34d32e2e967/allocations" status: 200 len: 340 microversion: 1.0 [pid: 8|app: 0|req: 589/1183] 199.204.45.4 () {32 vars in 854 bytes} [Tue Apr 21 04:50:27 2026] GET /resource_providers/9f412e05-3b51-4695-9738-f34d32e2e967/allocations => generated 340 bytes in 14 msecs (HTTP/1.1 200) 6 headers in 224 bytes (1 switches on core 0)
2026-04-21 04:50:27.483 7 INFO placement.requestlog [req-49d11fef-a01c-477a-bf48-e4ba446a3f09 req-8163c55e-0085-4757-8152-991b45d863fa aec18fbfe3be4bd7aba8d2043b15ada4 699fae8a4e4a4c40b1e335a503e0ed69 - - 4fa2635914054fd3ac5d92e6d70117e7 4fa2635914054fd3ac5d92e6d70117e7] 199.204.45.4 "GET /allocations/38923b0a-adc6-491b-8c19-155f3d5871b2" status: 200 len: 245 microversion: 1.28 [pid: 7|app: 0|req: 595/1184] 199.204.45.4 () {34 vars in 860 bytes} [Tue Apr 21 04:50:27 2026] GET /allocations/38923b0a-adc6-491b-8c19-155f3d5871b2 => generated 245 bytes in 12 msecs (HTTP/1.1 200) 8 headers in 296 bytes (1 switches on core 0)
2026-04-21 04:50:27.503 8 INFO placement.requestlog [req-49d11fef-a01c-477a-bf48-e4ba446a3f09 req-2e299aa5-279f-4517-96fc-f90ac9000165 aec18fbfe3be4bd7aba8d2043b15ada4 699fae8a4e4a4c40b1e335a503e0ed69 - - 4fa2635914054fd3ac5d92e6d70117e7 4fa2635914054fd3ac5d92e6d70117e7] 199.204.45.4 "GET /allocations/aadf9406-4bde-4b10-83c5-fdf6303421fc" status: 200 len: 258 microversion: 1.28 [pid: 8|app: 0|req: 590/1185] 199.204.45.4 () {34 vars in 860 bytes} [Tue Apr 21 04:50:27 2026] GET /allocations/aadf9406-4bde-4b10-83c5-fdf6303421fc => generated 258 bytes in 14 msecs (HTTP/1.1 200) 8 headers in 296 bytes (1 switches on core 0)
2026-04-21 04:50:27.522 7 INFO placement.requestlog [req-49d11fef-a01c-477a-bf48-e4ba446a3f09 req-d8c5f30a-d422-4b95-9b7b-4244fcefa174 aec18fbfe3be4bd7aba8d2043b15ada4 699fae8a4e4a4c40b1e335a503e0ed69 - - 4fa2635914054fd3ac5d92e6d70117e7 4fa2635914054fd3ac5d92e6d70117e7] 199.204.45.4 "GET /allocations/9f8b9791-acaf-4ba2-b728-4bbaf7ab209c" status: 200 len: 258 microversion: 1.28 [pid: 7|app: 0|req: 596/1186] 199.204.45.4 () {34 vars in 860 bytes} [Tue Apr 21 04:50:27 2026] GET /allocations/9f8b9791-acaf-4ba2-b728-4bbaf7ab209c => generated 258 bytes in 14 msecs (HTTP/1.1 200) 8 headers in 296 bytes (1 switches on core 0)
2026-04-21 04:50:36.660 7 INFO placement.requestlog [None req-537b3236-733c-47cf-88d6-aa54a697eb0a - - - - - -] 10.0.0.123 "GET /" status: 200 len: 136 microversion: 1.0
2026-04-21 04:50:36.660 8 INFO placement.requestlog [None req-978394aa-3919-4fb4-b2b0-3abf885af447 - - - - - -] 10.0.0.123 "GET /" status: 200 len: 136 microversion: 1.0
2026-04-21 04:50:46.660 7 INFO placement.requestlog [None req-0edf4fcf-83ee-4aa0-9c16-d3d55fcd8b40 - - - - - -] 10.0.0.123 "GET /" status: 200 len: 136 microversion: 1.0
2026-04-21 04:50:46.661 8 INFO placement.requestlog [None req-d80c00fd-996a-4baa-a890-1598b2781486 - - - - - -] 10.0.0.123 "GET /" status: 200 len: 136 microversion: 1.0
2026-04-21 04:50:56.660 7 INFO placement.requestlog [None req-1310f9e8-abfa-4215-9783-3a73c7ac5c0c - - - - - -] 10.0.0.123 "GET /" status: 200 len: 136 microversion: 1.0
2026-04-21 04:50:56.660 8 INFO placement.requestlog [None req-fb5f17f7-551e-469a-b9d2-d3c85f2d7b43 - - - - - -] 10.0.0.123 "GET /" status: 200 len: 136 microversion: 1.0
2026-04-21 04:51:03.945 8 INFO placement.requestlog [req-affb1fd4-79ea-4a18-8a2b-6e3bdb383f92 req-e7a5da7d-39dc-4838-b4d7-33b01820dfc0 aec18fbfe3be4bd7aba8d2043b15ada4 699fae8a4e4a4c40b1e335a503e0ed69 - - 4fa2635914054fd3ac5d92e6d70117e7 4fa2635914054fd3ac5d92e6d70117e7] 199.204.45.4 "GET /resource_providers/9f412e05-3b51-4695-9738-f34d32e2e967/allocations" status: 200 len: 340 microversion: 1.0 [pid: 8|app: 0|req: 594/1193] 199.204.45.4 () {32 vars in 854 bytes} [Tue Apr 21 04:51:03 2026] GET /resource_providers/9f412e05-3b51-4695-9738-f34d32e2e967/allocations => generated 340 bytes in 16 msecs (HTTP/1.1 200) 6 headers in 224 bytes (1 switches on core 0)
2026-04-21 04:51:03.964 7 INFO placement.requestlog [req-affb1fd4-79ea-4a18-8a2b-6e3bdb383f92 req-6961046e-5338-434d-bff5-811fdbac0226 aec18fbfe3be4bd7aba8d2043b15ada4 699fae8a4e4a4c40b1e335a503e0ed69 - - 4fa2635914054fd3ac5d92e6d70117e7 4fa2635914054fd3ac5d92e6d70117e7] 199.204.45.4 "GET /allocations/38923b0a-adc6-491b-8c19-155f3d5871b2" status: 200 len: 245 microversion: 1.28 [pid: 7|app: 0|req: 600/1194] 199.204.45.4 () {34 vars in 860 bytes} [Tue Apr 21 04:51:03 2026] GET /allocations/38923b0a-adc6-491b-8c19-155f3d5871b2 => generated 245 bytes in 15 msecs (HTTP/1.1 200) 8 headers in 296 bytes (1 switches on core 0)
2026-04-21 04:51:03.981 8 INFO placement.requestlog [req-affb1fd4-79ea-4a18-8a2b-6e3bdb383f92 req-1c0de00c-5a6a-4a1f-b769-425368317f79 aec18fbfe3be4bd7aba8d2043b15ada4 699fae8a4e4a4c40b1e335a503e0ed69 - - 4fa2635914054fd3ac5d92e6d70117e7 4fa2635914054fd3ac5d92e6d70117e7] 199.204.45.4 "GET /allocations/aadf9406-4bde-4b10-83c5-fdf6303421fc" status: 200 len: 258 microversion: 1.28 [pid: 8|app: 0|req: 595/1195] 199.204.45.4 () {34 vars in 860 bytes} [Tue Apr 21 04:51:03 2026] GET /allocations/aadf9406-4bde-4b10-83c5-fdf6303421fc => generated 258 bytes in 13 msecs (HTTP/1.1 200) 8 headers in 296 bytes (1 switches on core 0)
2026-04-21 04:51:03.999 7 INFO placement.requestlog [req-affb1fd4-79ea-4a18-8a2b-6e3bdb383f92 req-81996963-5361-490e-a383-fec421b844c1 aec18fbfe3be4bd7aba8d2043b15ada4 699fae8a4e4a4c40b1e335a503e0ed69 - - 4fa2635914054fd3ac5d92e6d70117e7 4fa2635914054fd3ac5d92e6d70117e7] 199.204.45.4 "GET /allocations/9f8b9791-acaf-4ba2-b728-4bbaf7ab209c" status: 200 len: 258 microversion: 1.28 [pid: 7|app: 0|req: 601/1196] 199.204.45.4 () {34 vars in 860 bytes} [Tue Apr 21 04:51:03 2026] GET /allocations/9f8b9791-acaf-4ba2-b728-4bbaf7ab209c => generated 258 bytes in 12 msecs (HTTP/1.1 200) 8 headers in 296 bytes (1 switches on core 0)
2026-04-21 04:51:05.050 8 INFO placement.requestlog [req-affb1fd4-79ea-4a18-8a2b-6e3bdb383f92 req-d6fcceb9-aaba-43e2-b0ed-5ace3d08c0f5 aec18fbfe3be4bd7aba8d2043b15ada4 699fae8a4e4a4c40b1e335a503e0ed69 - - 4fa2635914054fd3ac5d92e6d70117e7 4fa2635914054fd3ac5d92e6d70117e7] 199.204.45.4 "DELETE /allocations/38923b0a-adc6-491b-8c19-155f3d5871b2" status: 204 len: 0 microversion: 1.0 [pid: 8|app: 0|req: 596/1197] 199.204.45.4 () {34 vars in 838 bytes} [Tue Apr 21 04:51:05 2026] DELETE /allocations/38923b0a-adc6-491b-8c19-155f3d5871b2 => generated 0 bytes in 28 msecs (HTTP/1.1 204) 5 headers in 198 bytes (1 switches on core 0)
2026-04-21 04:51:06.660 8 INFO placement.requestlog [None req-3a6995da-5889-4893-993f-034c8f67a705 - - - - - -] 10.0.0.123 "GET /" status: 200 len: 136 microversion: 1.0
2026-04-21 04:51:06.660 7 INFO placement.requestlog [None req-cbd04fd7-4ffd-4fbf-9fa1-edaa6756aee1 - - - - - -] 10.0.0.123 "GET /" status: 200 len: 136 microversion: 1.0
2026-04-21 04:51:07.495 8 INFO placement.requestlog [req-75d84e73-c27c-448c-8470-0696d47b2843 req-6700bd65-6fb6-46fc-bebd-5699954494aa aec18fbfe3be4bd7aba8d2043b15ada4 699fae8a4e4a4c40b1e335a503e0ed69 - - 4fa2635914054fd3ac5d92e6d70117e7 4fa2635914054fd3ac5d92e6d70117e7] 199.204.45.4 "GET /resource_providers/9f412e05-3b51-4695-9738-f34d32e2e967/allocations" status: 200 len: 253 microversion: 1.0 [pid: 8|app: 0|req: 598/1200] 199.204.45.4 () {32 vars in 854 bytes} [Tue Apr 21 04:51:07 2026] GET /resource_providers/9f412e05-3b51-4695-9738-f34d32e2e967/allocations => generated 253 bytes in 15 msecs (HTTP/1.1 200) 6 headers in 224 bytes (1 switches on core 0)
2026-04-21 04:51:07.513 7 INFO placement.requestlog [req-75d84e73-c27c-448c-8470-0696d47b2843 req-12113ba2-51fc-452c-9c56-198e2118471a aec18fbfe3be4bd7aba8d2043b15ada4 699fae8a4e4a4c40b1e335a503e0ed69 - - 4fa2635914054fd3ac5d92e6d70117e7 4fa2635914054fd3ac5d92e6d70117e7] 199.204.45.4 "GET /allocations/aadf9406-4bde-4b10-83c5-fdf6303421fc" status: 200 len: 258 microversion: 1.28 [pid: 7|app: 0|req: 603/1201] 199.204.45.4 () {34 vars in 860 bytes} [Tue Apr 21 04:51:07 2026] GET /allocations/aadf9406-4bde-4b10-83c5-fdf6303421fc => generated 258 bytes in 11 msecs (HTTP/1.1 200) 8 headers in 296 bytes (1 switches on core 0)
2026-04-21 04:51:07.531 8 INFO placement.requestlog [req-75d84e73-c27c-448c-8470-0696d47b2843 req-542436a8-58ee-42fb-84d6-e709178c9693 aec18fbfe3be4bd7aba8d2043b15ada4 699fae8a4e4a4c40b1e335a503e0ed69 - - 4fa2635914054fd3ac5d92e6d70117e7 4fa2635914054fd3ac5d92e6d70117e7] 199.204.45.4 "GET /allocations/9f8b9791-acaf-4ba2-b728-4bbaf7ab209c" status: 200 len: 258 microversion: 1.28 [pid: 8|app: 0|req: 599/1202] 199.204.45.4 () {34 vars in 860 bytes} [Tue Apr 21 04:51:07 2026] GET /allocations/9f8b9791-acaf-4ba2-b728-4bbaf7ab209c => generated 258 bytes in 10 msecs (HTTP/1.1 200) 8 headers in 296 bytes (1 switches on core 0)
2026-04-21 04:51:08.576 7 INFO placement.requestlog [req-75d84e73-c27c-448c-8470-0696d47b2843 req-eeb41cb6-d1b2-4909-a7f6-59c2b236b213 aec18fbfe3be4bd7aba8d2043b15ada4 699fae8a4e4a4c40b1e335a503e0ed69 - - 4fa2635914054fd3ac5d92e6d70117e7 4fa2635914054fd3ac5d92e6d70117e7] 199.204.45.4 "DELETE /allocations/9f8b9791-acaf-4ba2-b728-4bbaf7ab209c" status: 204 len: 0 microversion: 1.0 [pid: 7|app: 0|req: 604/1203] 199.204.45.4 () {34 vars in 838 bytes} [Tue Apr 21 04:51:08 2026] DELETE /allocations/9f8b9791-acaf-4ba2-b728-4bbaf7ab209c => generated 0 bytes in 21 msecs (HTTP/1.1 204) 5 headers in 198 bytes (1 switches on core 0)
2026-04-21 04:51:16.659 8 INFO placement.requestlog [None req-2f461b85-9a20-464e-b2ee-2f843f928c6b - - - - - -] 10.0.0.123 "GET /" status: 200 len: 136 microversion: 1.0
2026-04-21 04:51:16.659 7 INFO placement.requestlog [None req-876040ac-6a70-4efe-a9b2-2b7618dc0c3f - - - - - -] 10.0.0.123 "GET /" status: 200 len: 136 microversion: 1.0
2026-04-21 04:51:18.283 8 INFO placement.requestlog [req-173ae0bc-165d-45e5-a552-e19f1b399f55 req-ecafb22d-4c84-43e5-b731-09c8d14504bd aec18fbfe3be4bd7aba8d2043b15ada4 699fae8a4e4a4c40b1e335a503e0ed69 - - 4fa2635914054fd3ac5d92e6d70117e7 4fa2635914054fd3ac5d92e6d70117e7] 199.204.45.4 "GET /resource_providers/9f412e05-3b51-4695-9738-f34d32e2e967/allocations" status: 200 len: 153 microversion: 1.0 [pid: 8|app: 0|req: 601/1206] 199.204.45.4 () {32 vars in 854 bytes} [Tue Apr 21 04:51:18 2026] GET /resource_providers/9f412e05-3b51-4695-9738-f34d32e2e967/allocations => generated 153 bytes in 16 msecs (HTTP/1.1 200) 6 headers in 224 bytes (1 switches on core 0)
2026-04-21 04:51:18.302 7 INFO placement.requestlog [req-173ae0bc-165d-45e5-a552-e19f1b399f55 req-2ee8420f-db82-456d-af68-c6950c1e93c3 aec18fbfe3be4bd7aba8d2043b15ada4 699fae8a4e4a4c40b1e335a503e0ed69 - - 4fa2635914054fd3ac5d92e6d70117e7 4fa2635914054fd3ac5d92e6d70117e7] 199.204.45.4 "GET /allocations/aadf9406-4bde-4b10-83c5-fdf6303421fc" status: 200 len: 258 microversion: 1.28 [pid: 7|app: 0|req: 606/1207] 199.204.45.4 () {34 vars in 860 bytes} [Tue Apr 21 04:51:18 2026] GET /allocations/aadf9406-4bde-4b10-83c5-fdf6303421fc => generated 258 bytes in 13 msecs (HTTP/1.1 200) 8 headers in 296 bytes (1 switches on core 0)
2026-04-21 04:51:19.353 8 INFO placement.requestlog [req-173ae0bc-165d-45e5-a552-e19f1b399f55 req-20913778-2790-4899-9c08-427d1373f235 aec18fbfe3be4bd7aba8d2043b15ada4 699fae8a4e4a4c40b1e335a503e0ed69 - - 4fa2635914054fd3ac5d92e6d70117e7 4fa2635914054fd3ac5d92e6d70117e7] 199.204.45.4 "DELETE /allocations/aadf9406-4bde-4b10-83c5-fdf6303421fc" status: 204 len: 0 microversion: 1.0 [pid: 8|app: 0|req: 602/1208] 199.204.45.4 () {34 vars in 838 bytes} [Tue Apr 21 04:51:19 2026] DELETE /allocations/aadf9406-4bde-4b10-83c5-fdf6303421fc => generated 0 bytes in 26 msecs (HTTP/1.1 204) 5 headers in 198 bytes (1 switches on core 0)
2026-04-21 04:51:26.660 7 INFO placement.requestlog [None req-76ba0118-ef2a-4c2f-9ff1-b96eada99468 - - - - - -] 10.0.0.123 "GET /" status: 200 len: 136 microversion: 1.0
2026-04-21 04:51:26.660 8 INFO placement.requestlog [None req-b05ed50b-f59a-44dd-9ca5-d1a307bf7ff6 - - - - - -] 10.0.0.123 "GET /" status: 200 len: 136 microversion: 1.0
2026-04-21 04:51:28.017 7 INFO placement.requestlog [req-77106e04-0002-4ba0-9d48-4cb9825cd3de req-aa12ca7b-f3ab-4e1b-ab71-350a0ebc512a aec18fbfe3be4bd7aba8d2043b15ada4 699fae8a4e4a4c40b1e335a503e0ed69 - - 4fa2635914054fd3ac5d92e6d70117e7 4fa2635914054fd3ac5d92e6d70117e7] 199.204.45.4 "GET /resource_providers/9f412e05-3b51-4695-9738-f34d32e2e967/allocations" status: 200 len: 55 microversion: 1.0 [pid: 7|app: 0|req: 608/1211] 199.204.45.4 () {32 vars in 854 bytes} [Tue Apr 21 04:51:27 2026] GET /resource_providers/9f412e05-3b51-4695-9738-f34d32e2e967/allocations => generated 55 bytes in 141 msecs (HTTP/1.1 200) 6 headers in 223 bytes (1 switches on core 0)
2026-04-21 04:51:28.044 8 INFO placement.requestlog [req-77106e04-0002-4ba0-9d48-4cb9825cd3de req-f08892f5-e8d8-4885-bda3-bf0443564f42 aec18fbfe3be4bd7aba8d2043b15ada4 699fae8a4e4a4c40b1e335a503e0ed69 - - 4fa2635914054fd3ac5d92e6d70117e7 4fa2635914054fd3ac5d92e6d70117e7] 199.204.45.4 "GET /resource_providers?in_tree=9f412e05-3b51-4695-9738-f34d32e2e967" status: 200 len: 798 microversion: 1.14 [pid: 8|app: 0|req: 604/1212] 199.204.45.4 () {34 vars in 889 bytes} [Tue Apr 21 04:51:28 2026] GET /resource_providers?in_tree=9f412e05-3b51-4695-9738-f34d32e2e967 => generated 798 bytes in 20 msecs (HTTP/1.1 200) 6 headers in 225 bytes (1 switches on core 0)
2026-04-21 04:51:28.065 7 INFO placement.requestlog [req-77106e04-0002-4ba0-9d48-4cb9825cd3de req-786ac0db-df8d-4614-a14e-7a0028472479 aec18fbfe3be4bd7aba8d2043b15ada4 699fae8a4e4a4c40b1e335a503e0ed69 - - 4fa2635914054fd3ac5d92e6d70117e7 4fa2635914054fd3ac5d92e6d70117e7] 199.204.45.4 "GET /resource_providers/9f412e05-3b51-4695-9738-f34d32e2e967/inventories" status: 200 len: 401 microversion: 1.0 [pid: 7|app: 0|req: 609/1213] 199.204.45.4 () {32 vars in 854 bytes} [Tue Apr 21 04:51:28 2026] GET /resource_providers/9f412e05-3b51-4695-9738-f34d32e2e967/inventories => generated 401 bytes in 15 msecs (HTTP/1.1 200) 6 headers in 224 bytes (1 switches on core 0)
2026-04-21 04:51:28.084 8 INFO placement.requestlog [req-77106e04-0002-4ba0-9d48-4cb9825cd3de req-0ac75e28-0aeb-43fe-8109-45c55b7c897e aec18fbfe3be4bd7aba8d2043b15ada4 699fae8a4e4a4c40b1e335a503e0ed69 - - 4fa2635914054fd3ac5d92e6d70117e7 4fa2635914054fd3ac5d92e6d70117e7] 199.204.45.4 "GET /resource_providers/9f412e05-3b51-4695-9738-f34d32e2e967/aggregates" status: 200 len: 54 microversion: 1.19 [pid: 8|app: 0|req: 605/1214] 199.204.45.4 () {34 vars in 896 bytes} [Tue Apr 21 04:51:28 2026] GET /resource_providers/9f412e05-3b51-4695-9738-f34d32e2e967/aggregates => generated 54 bytes in 11 msecs (HTTP/1.1 200) 8 headers in 295 bytes (1 switches on core 0)
2026-04-21 04:51:28.109 7 INFO placement.requestlog [req-77106e04-0002-4ba0-9d48-4cb9825cd3de req-58aa6b8e-ba88-4dfc-83bb-6bb92bf1be5f aec18fbfe3be4bd7aba8d2043b15ada4 699fae8a4e4a4c40b1e335a503e0ed69 - - 4fa2635914054fd3ac5d92e6d70117e7 4fa2635914054fd3ac5d92e6d70117e7] 199.204.45.4 "GET /resource_providers/9f412e05-3b51-4695-9738-f34d32e2e967/traits" status: 200 len: 2317 microversion: 1.6 [pid: 7|app: 0|req: 610/1215] 199.204.45.4 () {34 vars in 887 bytes} [Tue Apr 21 04:51:28 2026] GET /resource_providers/9f412e05-3b51-4695-9738-f34d32e2e967/traits => generated 2317 bytes in 21 msecs (HTTP/1.1 200) 6 headers in 225 bytes (1 switches on core 0)
2026-04-21 04:51:28.129 8 INFO placement.requestlog [req-77106e04-0002-4ba0-9d48-4cb9825cd3de req-76eef64c-935e-49ac-aeb1-0eb377702db5 aec18fbfe3be4bd7aba8d2043b15ada4 699fae8a4e4a4c40b1e335a503e0ed69 - - 4fa2635914054fd3ac5d92e6d70117e7 4fa2635914054fd3ac5d92e6d70117e7] 199.204.45.4 "GET /resource_providers/9f412e05-3b51-4695-9738-f34d32e2e967/allocations" status: 200 len: 55 microversion: 1.0 [pid: 8|app: 0|req: 606/1216] 199.204.45.4 () {32 vars in 854 bytes} [Tue Apr 21 04:51:28 2026] GET /resource_providers/9f412e05-3b51-4695-9738-f34d32e2e967/allocations => generated 55 bytes in 14 msecs (HTTP/1.1 200) 6 headers in 223 bytes (1 switches on core 0)
2026-04-21 04:51:31.047 7 INFO placement.requestlog [None req-62469bc3-22d5-4b15-a6e5-c1a4b242ad03 40cb02f98cdd48648e87ecc64ced38ff 699fae8a4e4a4c40b1e335a503e0ed69 - - 4fa2635914054fd3ac5d92e6d70117e7 4fa2635914054fd3ac5d92e6d70117e7] 10.0.0.203 "GET /resource_providers/cad836c9-305a-4b29-b4d8-3dbb92c8517b/aggregates" status: 404 len: 235 microversion: 1.1 [pid: 7|app: 0|req: 611/1217] 10.0.0.203 () {32 vars in 815 bytes} [Tue Apr 21 04:51:31 2026] GET /resource_providers/cad836c9-305a-4b29-b4d8-3dbb92c8517b/aggregates => generated 235 bytes in 11 msecs (HTTP/1.1 404) 5 headers in 202 bytes (1 switches on core 0)
2026-04-21 04:51:31.050 8 INFO placement.requestlog [None req-4345ef48-1744-4b56-9bc4-ae1cd6e7a2ab 40cb02f98cdd48648e87ecc64ced38ff 699fae8a4e4a4c40b1e335a503e0ed69 - - 4fa2635914054fd3ac5d92e6d70117e7 4fa2635914054fd3ac5d92e6d70117e7] 10.0.0.203 "GET /resource_providers/cad836c9-305a-4b29-b4d8-3dbb92c8517b/aggregates" status: 404 len: 235 microversion: 1.1 [pid: 8|app: 0|req: 607/1218] 10.0.0.203 () {32 vars in 815 bytes} [Tue Apr 21 04:51:31 2026] GET /resource_providers/cad836c9-305a-4b29-b4d8-3dbb92c8517b/aggregates => generated 235 bytes in 10 msecs (HTTP/1.1 404) 5 headers in 202 bytes (1 switches on core 0)
2026-04-21 04:51:31.065 7 INFO placement.requestlog [None req-2fdb0a49-6778-40bc-8a66-d6949068b61e 40cb02f98cdd48648e87ecc64ced38ff 699fae8a4e4a4c40b1e335a503e0ed69 - - 4fa2635914054fd3ac5d92e6d70117e7 4fa2635914054fd3ac5d92e6d70117e7] 10.0.0.203 "DELETE /resource_providers/cad836c9-305a-4b29-b4d8-3dbb92c8517b" status: 404 len: 246 microversion: 1.1 [pid: 7|app: 0|req: 612/1219] 10.0.0.203 () {34 vars in 815 bytes} [Tue Apr 21 04:51:31 2026] DELETE /resource_providers/cad836c9-305a-4b29-b4d8-3dbb92c8517b => generated 246 bytes in 6 msecs (HTTP/1.1 404) 6 headers in 231 bytes (1 switches on core 0)
2026-04-21 04:51:31.068 8 INFO placement.requestlog [None req-de0e70af-1a33-49bd-8691-03bb139482c8 40cb02f98cdd48648e87ecc64ced38ff 699fae8a4e4a4c40b1e335a503e0ed69 - - 4fa2635914054fd3ac5d92e6d70117e7 4fa2635914054fd3ac5d92e6d70117e7] 10.0.0.203 "DELETE /resource_providers/cad836c9-305a-4b29-b4d8-3dbb92c8517b" status: 404 len: 246 microversion: 1.1 [pid: 8|app: 0|req: 608/1220] 10.0.0.203 () {34 vars in 815 bytes} [Tue Apr 21 04:51:31 2026] DELETE /resource_providers/cad836c9-305a-4b29-b4d8-3dbb92c8517b => generated 246 bytes in 9 msecs (HTTP/1.1 404) 6 headers in 231 bytes (1 switches on core 0)
2026-04-21 04:51:33.084 8 INFO placement.requestlog [None req-4a2352ac-f41d-4cbf-8881-88e239398b62 40cb02f98cdd48648e87ecc64ced38ff 699fae8a4e4a4c40b1e335a503e0ed69 - - 4fa2635914054fd3ac5d92e6d70117e7 4fa2635914054fd3ac5d92e6d70117e7] 10.0.0.203 "GET /resource_providers/70761ff9-3e3b-4efe-b7ec-f84079820ec3/aggregates" status: 404 len: 235 microversion: 1.1 [pid: 8|app: 0|req: 609/1221] 10.0.0.203 () {32 vars in 815 bytes} [Tue Apr 21 04:51:33 2026] GET /resource_providers/70761ff9-3e3b-4efe-b7ec-f84079820ec3/aggregates => generated 235 bytes in 7 msecs (HTTP/1.1 404) 5 headers in 202 bytes (1 switches on core 0)
2026-04-21 04:51:33.086 7 INFO placement.requestlog [None req-5313e720-2344-442d-9bcb-983ca2fa819b 40cb02f98cdd48648e87ecc64ced38ff 699fae8a4e4a4c40b1e335a503e0ed69 - - 4fa2635914054fd3ac5d92e6d70117e7 4fa2635914054fd3ac5d92e6d70117e7] 10.0.0.203 "GET /resource_providers/70761ff9-3e3b-4efe-b7ec-f84079820ec3/aggregates" status: 404 len: 235 microversion: 1.1 [pid: 7|app: 0|req: 613/1222] 10.0.0.203 () {32 vars in 815 bytes} [Tue Apr 21 04:51:33 2026] GET /resource_providers/70761ff9-3e3b-4efe-b7ec-f84079820ec3/aggregates => generated 235 bytes in 10 msecs (HTTP/1.1 404) 5 headers in 202 bytes (1 switches on core 0)
2026-04-21 04:51:33.103 8 INFO placement.requestlog [None req-772d2c43-fcbc-4848-9752-3ee5dac4b157 40cb02f98cdd48648e87ecc64ced38ff 699fae8a4e4a4c40b1e335a503e0ed69 - - 4fa2635914054fd3ac5d92e6d70117e7 4fa2635914054fd3ac5d92e6d70117e7] 10.0.0.203 "DELETE /resource_providers/70761ff9-3e3b-4efe-b7ec-f84079820ec3" status: 404 len: 246 microversion: 1.1 [pid: 8|app: 0|req: 610/1223] 10.0.0.203 () {34 vars in 815 bytes} [Tue Apr 21 04:51:33 2026] DELETE /resource_providers/70761ff9-3e3b-4efe-b7ec-f84079820ec3 => generated 246 bytes in 9 msecs (HTTP/1.1 404) 6 headers in 231 bytes (1 switches on core 0)
2026-04-21 04:51:33.104 7 INFO placement.requestlog [None req-ff9a543a-ec09-49bc-a60d-a03e2c0febd4 40cb02f98cdd48648e87ecc64ced38ff 699fae8a4e4a4c40b1e335a503e0ed69 - - 4fa2635914054fd3ac5d92e6d70117e7 4fa2635914054fd3ac5d92e6d70117e7] 10.0.0.203 "DELETE /resource_providers/70761ff9-3e3b-4efe-b7ec-f84079820ec3" status: 404 len: 246 microversion: 1.1 [pid: 7|app: 0|req: 614/1224] 10.0.0.203 () {34 vars in 815 bytes} [Tue Apr 21 04:51:33 2026] DELETE /resource_providers/70761ff9-3e3b-4efe-b7ec-f84079820ec3 => generated 246 bytes in 8 msecs (HTTP/1.1 404) 6 headers in 231 bytes (1 switches on core 0)
2026-04-21 04:51:33.122 8 INFO placement.requestlog [None req-c551c8e2-cb23-4ea3-a956-2252fcb128b4 40cb02f98cdd48648e87ecc64ced38ff 699fae8a4e4a4c40b1e335a503e0ed69 - - 4fa2635914054fd3ac5d92e6d70117e7 4fa2635914054fd3ac5d92e6d70117e7] 10.0.0.203 "GET /resource_providers/353df0a8-f593-4591-b844-475e3ecd8d01/aggregates" status: 404 len: 235 microversion: 1.1 [pid: 8|app: 0|req: 611/1225] 10.0.0.203 () {32 vars in 815 bytes} [Tue Apr 21 04:51:33 2026] GET /resource_providers/353df0a8-f593-4591-b844-475e3ecd8d01/aggregates => generated 235 bytes in 7 msecs (HTTP/1.1 404) 5 headers in 202 bytes (1 switches on core 0)
2026-04-21 04:51:33.123 7 INFO placement.requestlog [None req-a2c1f384-bb44-4afc-bf77-c3ed49b0b8ab 40cb02f98cdd48648e87ecc64ced38ff 699fae8a4e4a4c40b1e335a503e0ed69 - - 4fa2635914054fd3ac5d92e6d70117e7 4fa2635914054fd3ac5d92e6d70117e7] 10.0.0.203 "GET /resource_providers/353df0a8-f593-4591-b844-475e3ecd8d01/aggregates" status: 404 len: 235 microversion: 1.1 [pid: 7|app: 0|req: 615/1226] 10.0.0.203 () {32 vars in 815 bytes} [Tue Apr 21 04:51:33 2026] GET /resource_providers/353df0a8-f593-4591-b844-475e3ecd8d01/aggregates => generated 235 bytes in 6 msecs (HTTP/1.1 404) 5 headers in 202 bytes (1 switches on core 0)
