2026-04-21 04:46:56.534 8 INFO neutron.db.ovn_revision_numbers_db [None req-9be0a6d5-632e-400d-bbcc-0d49a8c5f8f9 595d4503c9e240cdbb5a9fe7f4160ac9 21b84ea7ce864d34903874d7e7414a88 - - default default] Successfully bumped revision number for resource 19f647e0-f771-42e6-a808-193de8e9cdf2 (type: security_group_rules) to 0
2026-04-21 04:46:56.545 8 INFO neutron.db.ovn_revision_numbers_db [None req-9be0a6d5-632e-400d-bbcc-0d49a8c5f8f9 595d4503c9e240cdbb5a9fe7f4160ac9 21b84ea7ce864d34903874d7e7414a88 - - default default] Successfully bumped revision number for resource f74ff9fe-ec73-4f6c-a4b6-1337ad51165c (type: security_group_rules) to 0
2026-04-21 04:46:56.556 8 INFO neutron.db.ovn_revision_numbers_db [None req-9be0a6d5-632e-400d-bbcc-0d49a8c5f8f9 595d4503c9e240cdbb5a9fe7f4160ac9 21b84ea7ce864d34903874d7e7414a88 - - default default] Successfully bumped revision number for resource fdeb7ec3-59a0-4396-9ac8-fb8a7886e072 (type: security_group_rules) to 0
2026-04-21 04:46:56.559 7 INFO neutron.db.ovn_revision_numbers_db [None req-5e2967b3-9c7c-4698-a6d2-7d2f6c28e852 5341f8dd543f4d78aedc9e8744323212 79e4b5558d194ee2ac5946c8fc20eae6 - - default default] Successfully bumped revision number for resource 4a22a93d-c97a-43bb-be47-ff6748aeb119 (type: subnets) to 0 [pid: 7|app: 0|req: 1372/2662] 10.0.0.205 () {34 vars in 669 bytes} [Tue Apr 21 04:46:56 2026] POST /v2.0/subnets => generated 728 bytes in 308 msecs (HTTP/1.1 201) 4 headers in 162 bytes (1 switches on core 0) [pid: 8|app: 0|req: 1291/2663] 10.0.0.205 () {32 vars in 774 bytes} [Tue Apr 21 04:46:56 2026] GET /v2.0/security-groups?tenant_id=54e82644b60044249bee71759515bd0a&name=default => generated 2929 bytes in 356 msecs (HTTP/1.1 200) 4 headers in 158 bytes (1 switches on core 0)
2026-04-21 04:46:56.801 7 WARNING neutron.scheduler.dhcp_agent_scheduler [None req-e7c3118f-415e-4b5e-a947-23bd4d0b2c4d 2cbed6262ada4096a9d006fd100044a2 422d761c945a46d5a5261c038cbb2785 - - default default] No more DHCP agents
2026-04-21 04:46:56.802 7 WARNING neutron.api.rpc.agentnotifiers.dhcp_rpc_agent_api [None req-e7c3118f-415e-4b5e-a947-23bd4d0b2c4d 2cbed6262ada4096a9d006fd100044a2 422d761c945a46d5a5261c038cbb2785 - - default default] Unable to schedule network d048841b-edf6-45ec-ae53-6c60bde873b6: no agents available; will retry on subsequent port and subnet creation events.
2026-04-21 04:46:57.058 8 WARNING neutron.scheduler.dhcp_agent_scheduler [None req-84d54ace-1784-44e0-8dd5-9142a4bbf417 5341f8dd543f4d78aedc9e8744323212 79e4b5558d194ee2ac5946c8fc20eae6 - - default default] No more DHCP agents
2026-04-21 04:46:57.060 8 WARNING neutron.api.rpc.agentnotifiers.dhcp_rpc_agent_api [None req-84d54ace-1784-44e0-8dd5-9142a4bbf417 5341f8dd543f4d78aedc9e8744323212 79e4b5558d194ee2ac5946c8fc20eae6 - - default default] Unable to schedule network 76bf5e94-1478-4ac0-8d46-27a7b6904038: no agents available; will retry on subsequent port and subnet creation events.
2026-04-21 04:46:57.158 8 INFO neutron.plugins.ml2.drivers.ovn.mech_driver.mech_driver [None req-69bcc51d-a2e5-4d63-8643-c9bd147378f7 - - - - - -] OVN reports status down for port: 790a53f7-cb16-4225-9607-377aa50a57db
2026-04-21 04:46:57.214 7 INFO neutron.db.ovn_revision_numbers_db [None req-0cd9c277-2a38-458e-9838-c42371ae5e4f - - - - - -] Successfully bumped revision number for resource 915b5113-8268-458b-ae54-a3135c25759f (type: ports) to 2
2026-04-21 04:46:57.218 8 INFO neutron.db.ovn_revision_numbers_db [None req-84d54ace-1784-44e0-8dd5-9142a4bbf417 5341f8dd543f4d78aedc9e8744323212 79e4b5558d194ee2ac5946c8fc20eae6 - - default default] Successfully bumped revision number for resource 790a53f7-cb16-4225-9607-377aa50a57db (type: ports) to 1
2026-04-21 04:46:57.243 7 INFO neutron.db.ovn_revision_numbers_db [None req-0cd9c277-2a38-458e-9838-c42371ae5e4f - - - - - -] Successfully bumped revision number for resource e63ba4dc-6c57-46e7-bd78-8bdd97a6fef6 (type: subnets) to 0 [pid: 7|app: 0|req: 1373/2664] 10.0.0.205 () {34 vars in 669 bytes} [Tue Apr 21 04:46:56 2026] POST /v2.0/subnets => generated 629 bytes in 681 msecs (HTTP/1.1 201) 4 headers in 162 bytes (1 switches on core 0) [pid: 7|app: 0|req: 1374/2665] 10.0.0.205 () {32 vars in 740 bytes} [Tue Apr 21 04:46:57 2026] DELETE /v2.0/security-groups/2fcd3aec-83cb-4232-a0ac-0814d237d7b6 => generated 0 bytes in 207 msecs (HTTP/1.1 204) 2 headers in 112 bytes (1 switches on core 0)
2026-04-21 04:46:57.813 8 INFO neutron.plugins.ml2.drivers.ovn.mech_driver.ovsdb.commands [None req-93ac6bac-bd47-43f5-a4c2-4f40b39547d2 - - - - - -] Schedule LRP lrp-790a53f7-cb16-4225-9607-377aa50a57db on gateway 9583ee6a-a8ce-4370-898e-207b511bdad9 with priority 1
2026-04-21 04:46:57.826 8 INFO neutron.plugins.ml2.drivers.ovn.mech_driver.mech_driver [None req-69bcc51d-a2e5-4d63-8643-c9bd147378f7 - - - - - -] OVN reports status up for port: 790a53f7-cb16-4225-9607-377aa50a57db
2026-04-21 04:46:57.882 7 WARNING neutron.scheduler.dhcp_agent_scheduler [None req-135ece2b-1680-493b-96c1-b438727e3885 2cbed6262ada4096a9d006fd100044a2 422d761c945a46d5a5261c038cbb2785 - - default default] No more DHCP agents
2026-04-21 04:46:57.883 7 WARNING neutron.api.rpc.agentnotifiers.dhcp_rpc_agent_api [None req-135ece2b-1680-493b-96c1-b438727e3885 2cbed6262ada4096a9d006fd100044a2 422d761c945a46d5a5261c038cbb2785 - - default default] Unable to schedule network 76bf5e94-1478-4ac0-8d46-27a7b6904038: no agents available; will retry on subsequent port and subnet creation events.
2026-04-21 04:46:57.887 8 INFO neutron.plugins.ml2.plugin [None req-69bcc51d-a2e5-4d63-8643-c9bd147378f7 - - - - - -] Attempt 1 to provision port 790a53f7-cb16-4225-9607-377aa50a57db
2026-04-21 04:46:57.895 8 INFO neutron.plugins.ml2.drivers.ovn.mech_driver.ovsdb.ovsdb_monitor [None req-c59975bd-82ae-439c-adcd-56c8da42477a - - - - - -] Router deab9ecb-7d60-4766-b5d5-2cf9f79dd8ff is bound to host instance
2026-04-21 04:46:57.912 8 INFO neutron.db.ovn_revision_numbers_db [None req-84d54ace-1784-44e0-8dd5-9142a4bbf417 5341f8dd543f4d78aedc9e8744323212 79e4b5558d194ee2ac5946c8fc20eae6 - - default default] Successfully bumped revision number for resource 790a53f7-cb16-4225-9607-377aa50a57db (type: router_ports) to 1
2026-04-21 04:46:57.994 7 INFO neutron.plugins.ml2.drivers.ovn.mech_driver.mech_driver [None req-2b3495f7-4d50-413a-887f-a6412301d2bc - - - - - -] OVN reports status down for port: 27254219-8929-45f9-b756-ea7c9d74e944
2026-04-21 04:46:58.048 7 INFO neutron.db.ovn_revision_numbers_db [None req-135ece2b-1680-493b-96c1-b438727e3885 2cbed6262ada4096a9d006fd100044a2 422d761c945a46d5a5261c038cbb2785 - - default default] Successfully bumped revision number for resource 27254219-8929-45f9-b756-ea7c9d74e944 (type: ports) to 1
2026-04-21 04:46:58.140 8 INFO neutron.db.ovn_revision_numbers_db [None req-84d54ace-1784-44e0-8dd5-9142a4bbf417 5341f8dd543f4d78aedc9e8744323212 79e4b5558d194ee2ac5946c8fc20eae6 - - default default] Successfully bumped revision number for resource deab9ecb-7d60-4766-b5d5-2cf9f79dd8ff (type: routers) to 2 [pid: 8|app: 0|req: 1292/2666] 10.0.0.205 () {34 vars in 669 bytes} [Tue Apr 21 04:46:56 2026] POST /v2.0/routers => generated 944 bytes in 1581 msecs (HTTP/1.1 201) 4 headers in 162 bytes (1 switches on core 0)
2026-04-21 04:46:58.421 8 INFO neutron.db.ovn_revision_numbers_db [None req-c71010f4-0f83-4e88-8d13-bdbbe181215a 595d4503c9e240cdbb5a9fe7f4160ac9 21b84ea7ce864d34903874d7e7414a88 - - default default] Successfully bumped revision number for resource 3bfd61b8-8270-41c7-9420-5482483e4080 (type: security_groups) to 1
2026-04-21 04:46:58.451 8 INFO neutron.db.ovn_revision_numbers_db [None req-c71010f4-0f83-4e88-8d13-bdbbe181215a 595d4503c9e240cdbb5a9fe7f4160ac9 21b84ea7ce864d34903874d7e7414a88 - - default default] Successfully bumped revision number for resource 2dfbb203-5b62-4833-80a3-2af1259377d7 (type: security_group_rules) to 0
2026-04-21 04:46:58.477 8 INFO neutron.db.ovn_revision_numbers_db [None req-c71010f4-0f83-4e88-8d13-bdbbe181215a 595d4503c9e240cdbb5a9fe7f4160ac9 21b84ea7ce864d34903874d7e7414a88 - - default default] Successfully bumped revision number for resource 6ad35f44-4b85-4b92-b2dc-1ae8b3cf99d6 (type: security_group_rules) to 0
2026-04-21 04:46:58.493 8 INFO neutron.db.ovn_revision_numbers_db [None req-c71010f4-0f83-4e88-8d13-bdbbe181215a 595d4503c9e240cdbb5a9fe7f4160ac9 21b84ea7ce864d34903874d7e7414a88 - - default default] Successfully bumped revision number for resource b50ac9e0-b4f0-4a98-9d4f-fe9662839950 (type: security_group_rules) to 0
2026-04-21 04:46:58.517 8 INFO neutron.db.ovn_revision_numbers_db [None req-c71010f4-0f83-4e88-8d13-bdbbe181215a 595d4503c9e240cdbb5a9fe7f4160ac9 21b84ea7ce864d34903874d7e7414a88 - - default default] Successfully bumped revision number for resource b6711ceb-65a7-435f-962b-d3c2019ee217 (type: security_group_rules) to 0 [pid: 8|app: 0|req: 1293/2667] 10.0.0.205 () {32 vars in 774 bytes} [Tue Apr 21 04:46:58 2026] GET /v2.0/security-groups?tenant_id=610f4f7b6d81474c99fe3abd7a2c0a93&name=default => generated 2929 bytes in 389 msecs (HTTP/1.1 200) 4 headers in 158 bytes (1 switches on core 0)
2026-04-21 04:46:58.758 7 INFO neutron.plugins.ml2.drivers.ovn.mech_driver.ovsdb.commands [None req-79f266ee-6e9b-4231-a59b-4f2f4e324498 - - - - - -] Schedule LRP lrp-27254219-8929-45f9-b756-ea7c9d74e944 on gateway 9583ee6a-a8ce-4370-898e-207b511bdad9 with priority 1
2026-04-21 04:46:58.822 7 INFO neutron.plugins.ml2.drivers.ovn.mech_driver.mech_driver [None req-2b3495f7-4d50-413a-887f-a6412301d2bc - - - - - -] OVN reports status up for port: 27254219-8929-45f9-b756-ea7c9d74e944
2026-04-21 04:46:58.853 7 INFO neutron.plugins.ml2.plugin [None req-2b3495f7-4d50-413a-887f-a6412301d2bc - - - - - -] Attempt 1 to provision port 27254219-8929-45f9-b756-ea7c9d74e944
2026-04-21 04:46:58.880 7 INFO neutron.db.ovn_revision_numbers_db [None req-135ece2b-1680-493b-96c1-b438727e3885 2cbed6262ada4096a9d006fd100044a2 422d761c945a46d5a5261c038cbb2785 - - default default] Successfully bumped revision number for resource 27254219-8929-45f9-b756-ea7c9d74e944 (type: router_ports) to 1
2026-04-21 04:46:59.017 7 INFO neutron.db.ovn_revision_numbers_db [None req-135ece2b-1680-493b-96c1-b438727e3885 2cbed6262ada4096a9d006fd100044a2 422d761c945a46d5a5261c038cbb2785 - - default default] Successfully bumped revision number for resource d1f7e57a-fb81-45e0-bb54-28dc624b14d2 (type: routers) to 2 [pid: 7|app: 0|req: 1375/2668] 10.0.0.205 () {34 vars in 669 bytes} [Tue Apr 21 04:46:57 2026] POST /v2.0/routers => generated 936 bytes in 1569 msecs (HTTP/1.1 201) 4 headers in 162 bytes (1 switches on core 0) [pid: 7|app: 0|req: 1376/2669] 10.0.0.205 () {32 vars in 740 bytes} [Tue Apr 21 04:46:59 2026] DELETE /v2.0/security-groups/3bfd61b8-8270-41c7-9420-5482483e4080 => generated 0 bytes in 218 msecs (HTTP/1.1 204) 2 headers in 112 bytes (1 switches on core 0)
2026-04-21 04:46:59.589 8 WARNING neutron.scheduler.dhcp_agent_scheduler [None req-d11f1927-a94d-446e-a6a6-297b2fac2507 5341f8dd543f4d78aedc9e8744323212 79e4b5558d194ee2ac5946c8fc20eae6 - - default default] No more DHCP agents
2026-04-21 04:46:59.596 8 WARNING neutron.api.rpc.agentnotifiers.dhcp_rpc_agent_api [None req-d11f1927-a94d-446e-a6a6-297b2fac2507 5341f8dd543f4d78aedc9e8744323212 79e4b5558d194ee2ac5946c8fc20eae6 - - default default] Unable to schedule network 2c9a5462-c9a0-4dc3-bdcd-7b4d4688274d: no agents available; will retry on subsequent port and subnet creation events.
2026-04-21 04:46:59.687 8 INFO neutron.db.ovn_revision_numbers_db [None req-66a6d4ff-450e-49bb-aa0a-22748ddea131 - - - - - -] Successfully bumped revision number for resource 790a53f7-cb16-4225-9607-377aa50a57db (type: ports) to 4
2026-04-21 04:46:59.852 7 WARNING neutron.scheduler.dhcp_agent_scheduler [None req-42142ebd-5788-46ff-835e-03cde36f3db6 2cbed6262ada4096a9d006fd100044a2 422d761c945a46d5a5261c038cbb2785 - - default default] No more DHCP agents
2026-04-21 04:46:59.854 7 WARNING neutron.api.rpc.agentnotifiers.dhcp_rpc_agent_api [None req-42142ebd-5788-46ff-835e-03cde36f3db6 2cbed6262ada4096a9d006fd100044a2 422d761c945a46d5a5261c038cbb2785 - - default default] Unable to schedule network d048841b-edf6-45ec-ae53-6c60bde873b6: no agents available; will retry on subsequent port and subnet creation events.
2026-04-21 04:46:59.905 8 INFO neutron.db.ovn_revision_numbers_db [None req-d11f1927-a94d-446e-a6a6-297b2fac2507 5341f8dd543f4d78aedc9e8744323212 79e4b5558d194ee2ac5946c8fc20eae6 - - default default] Successfully bumped revision number for resource df2355e3-0076-4934-8120-9b5a90047645 (type: ports) to 1
2026-04-21 04:47:00.007 7 INFO neutron.db.ovn_revision_numbers_db [None req-42142ebd-5788-46ff-835e-03cde36f3db6 2cbed6262ada4096a9d006fd100044a2 422d761c945a46d5a5261c038cbb2785 - - default default] Successfully bumped revision number for resource 23dbcfeb-6d60-4eb1-952b-f8c8bf81925f (type: ports) to 1
2026-04-21 04:47:00.352 8 INFO neutron.plugins.ml2.drivers.ovn.mech_driver.mech_driver [None req-69bcc51d-a2e5-4d63-8643-c9bd147378f7 - - - - - -] OVN reports status down for port: 23dbcfeb-6d60-4eb1-952b-f8c8bf81925f
2026-04-21 04:47:00.360 8 INFO neutron.db.ovn_revision_numbers_db [None req-66a6d4ff-450e-49bb-aa0a-22748ddea131 - - - - - -] Successfully bumped revision number for resource 790a53f7-cb16-4225-9607-377aa50a57db (type: ports) to 5
2026-04-21 04:47:00.654 8 INFO neutron.plugins.ml2.drivers.ovn.mech_driver.mech_driver [None req-69bcc51d-a2e5-4d63-8643-c9bd147378f7 - - - - - -] OVN reports status up for port: 23dbcfeb-6d60-4eb1-952b-f8c8bf81925f
2026-04-21 04:47:00.677 7 WARNING neutron.scheduler.dhcp_agent_scheduler [None req-42142ebd-5788-46ff-835e-03cde36f3db6 2cbed6262ada4096a9d006fd100044a2 422d761c945a46d5a5261c038cbb2785 - - default default] No more DHCP agents
2026-04-21 04:47:00.678 7 WARNING neutron.api.rpc.agentnotifiers.dhcp_rpc_agent_api [None req-42142ebd-5788-46ff-835e-03cde36f3db6 2cbed6262ada4096a9d006fd100044a2 422d761c945a46d5a5261c038cbb2785 - - default default] Unable to schedule network d048841b-edf6-45ec-ae53-6c60bde873b6: no agents available; will retry on subsequent port and subnet creation events.
2026-04-21 04:47:00.679 8 INFO neutron.plugins.ml2.plugin [None req-69bcc51d-a2e5-4d63-8643-c9bd147378f7 - - - - - -] Attempt 1 to provision port 23dbcfeb-6d60-4eb1-952b-f8c8bf81925f
2026-04-21 04:47:01.000 7 INFO neutron.db.ovn_revision_numbers_db [None req-42142ebd-5788-46ff-835e-03cde36f3db6 2cbed6262ada4096a9d006fd100044a2 422d761c945a46d5a5261c038cbb2785 - - default default] Successfully bumped revision number for resource 23dbcfeb-6d60-4eb1-952b-f8c8bf81925f (type: router_ports) to 1 [pid: 7|app: 0|req: 1377/2670] 10.0.0.205 () {34 vars in 783 bytes} [Tue Apr 21 04:46:59 2026] PUT /v2.0/routers/d1f7e57a-fb81-45e0-bb54-28dc624b14d2/add_router_interface => generated 309 bytes in 1752 msecs (HTTP/1.1 200) 4 headers in 157 bytes (1 switches on core 0)
2026-04-21 04:47:01.098 7 INFO neutron.db.ovn_revision_numbers_db [None req-5898ba11-5077-4b3c-8460-67417f60c0ac 595d4503c9e240cdbb5a9fe7f4160ac9 21b84ea7ce864d34903874d7e7414a88 - - default default] Successfully bumped revision number for resource 542a5db1-9c7a-4673-9fd9-a8045302731c (type: security_groups) to 1
2026-04-21 04:47:01.110 7 INFO neutron.db.ovn_revision_numbers_db [None req-5898ba11-5077-4b3c-8460-67417f60c0ac 595d4503c9e240cdbb5a9fe7f4160ac9 21b84ea7ce864d34903874d7e7414a88 - - default default] Successfully bumped revision number for resource c342f6cb-2808-49d7-9c4d-fd999adc5838 (type: security_group_rules) to 0
2026-04-21 04:47:01.120 7 INFO neutron.db.ovn_revision_numbers_db [None req-5898ba11-5077-4b3c-8460-67417f60c0ac 595d4503c9e240cdbb5a9fe7f4160ac9 21b84ea7ce864d34903874d7e7414a88 - - default default] Successfully bumped revision number for resource dc7c68a4-e047-4cf3-8273-301e301ad5a9 (type: security_group_rules) to 0
2026-04-21 04:47:01.130 7 INFO neutron.db.ovn_revision_numbers_db [None req-5898ba11-5077-4b3c-8460-67417f60c0ac 595d4503c9e240cdbb5a9fe7f4160ac9 21b84ea7ce864d34903874d7e7414a88 - - default default] Successfully bumped revision number for resource f0a1c2a8-3ae9-412f-af26-3296f3cd2564 (type: security_group_rules) to 0
2026-04-21 04:47:01.141 7 INFO neutron.db.ovn_revision_numbers_db [None req-5898ba11-5077-4b3c-8460-67417f60c0ac 595d4503c9e240cdbb5a9fe7f4160ac9 21b84ea7ce864d34903874d7e7414a88 - - default default] Successfully bumped revision number for resource f539fee4-3b10-43d0-9a37-e0ccc35dcc4b (type: security_group_rules) to 0 [pid: 7|app: 0|req: 1378/2671] 10.0.0.205 () {32 vars in 774 bytes} [Tue Apr 21 04:47:01 2026] GET /v2.0/security-groups?tenant_id=18b5dce4af9c4db9aa20aca79d691dd6&name=default => generated 2929 bytes in 164 msecs (HTTP/1.1 200) 4 headers in 158 bytes (1 switches on core 0)
2026-04-21 04:47:01.615 8 WARNING neutron.scheduler.dhcp_agent_scheduler [None req-d11f1927-a94d-446e-a6a6-297b2fac2507 5341f8dd543f4d78aedc9e8744323212 79e4b5558d194ee2ac5946c8fc20eae6 - - default default] No more DHCP agents
2026-04-21 04:47:01.618 8 WARNING neutron.api.rpc.agentnotifiers.dhcp_rpc_agent_api [None req-d11f1927-a94d-446e-a6a6-297b2fac2507 5341f8dd543f4d78aedc9e8744323212 79e4b5558d194ee2ac5946c8fc20eae6 - - default default] Unable to schedule network 2c9a5462-c9a0-4dc3-bdcd-7b4d4688274d: no agents available; will retry on subsequent port and subnet creation events.
2026-04-21 04:47:01.636 8 INFO neutron.db.ovn_revision_numbers_db [None req-69bcc51d-a2e5-4d63-8643-c9bd147378f7 - - - - - -] Successfully bumped revision number for resource 23dbcfeb-6d60-4eb1-952b-f8c8bf81925f (type: ports) to 2
2026-04-21 04:47:01.671 7 WARNING neutron.scheduler.dhcp_agent_scheduler [None req-4f8e97a7-1188-456e-bae6-97fa2c8365c1 - - - - - -] No more DHCP agents
2026-04-21 04:47:01.673 7 WARNING neutron.api.rpc.agentnotifiers.dhcp_rpc_agent_api [None req-4f8e97a7-1188-456e-bae6-97fa2c8365c1 - - - - - -] Unable to schedule network 76bf5e94-1478-4ac0-8d46-27a7b6904038: no agents available; will retry on subsequent port and subnet creation events.
2026-04-21 04:47:01.838 7 INFO neutron.db.ovn_revision_numbers_db [None req-4f8e97a7-1188-456e-bae6-97fa2c8365c1 - - - - - -] Successfully bumped revision number for resource 7f4cfa6e-11c5-469f-bdf3-7ac4a696a5c9 (type: ports) to 1
2026-04-21 04:47:02.078 8 INFO neutron.db.ovn_revision_numbers_db [None req-d11f1927-a94d-446e-a6a6-297b2fac2507 5341f8dd543f4d78aedc9e8744323212 79e4b5558d194ee2ac5946c8fc20eae6 - - default default] Successfully bumped revision number for resource df2355e3-0076-4934-8120-9b5a90047645 (type: router_ports) to 1 [pid: 8|app: 0|req: 1294/2672] 10.0.0.205 () {34 vars in 783 bytes} [Tue Apr 21 04:46:58 2026] PUT /v2.0/routers/deab9ecb-7d60-4766-b5d5-2cf9f79dd8ff/add_router_interface => generated 309 bytes in 3508 msecs (HTTP/1.1 200) 4 headers in 157 bytes (1 switches on core 0)
2026-04-21 04:47:02.151 7 INFO neutron.db.ovn_revision_numbers_db [None req-4f8e97a7-1188-456e-bae6-97fa2c8365c1 - - - - - -] Successfully bumped revision number for resource 7f4cfa6e-11c5-469f-bdf3-7ac4a696a5c9 (type: ports) to 3
2026-04-21 04:47:02.219 7 INFO neutron.db.segments_db [None req-4f8e97a7-1188-456e-bae6-97fa2c8365c1 - - - - - -] Added segment c732f8f3-0e23-42d1-82c5-923e18d83e88 of type geneve for network 72d2ccd6-64d4-4057-9c9c-2fc179239b23 [pid: 8|app: 0|req: 1295/2673] 10.0.0.205 () {32 vars in 740 bytes} [Tue Apr 21 04:47:02 2026] DELETE /v2.0/security-groups/542a5db1-9c7a-4673-9fd9-a8045302731c => generated 0 bytes in 259 msecs (HTTP/1.1 204) 2 headers in 112 bytes (1 switches on core 0)
2026-04-21 04:47:02.356 7 INFO neutron.db.ovn_revision_numbers_db [None req-64597662-cd18-46ed-b6df-4dc9723f221f - - - - - -] Successfully bumped revision number for resource 72d2ccd6-64d4-4057-9c9c-2fc179239b23 (type: networks) to 1
2026-04-21 04:47:02.518 7 WARNING neutron.scheduler.dhcp_agent_scheduler [None req-64597662-cd18-46ed-b6df-4dc9723f221f - - - - - -] No more DHCP agents
2026-04-21 04:47:02.519 7 WARNING neutron.api.rpc.agentnotifiers.dhcp_rpc_agent_api [None req-64597662-cd18-46ed-b6df-4dc9723f221f - - - - - -] Unable to schedule network 72d2ccd6-64d4-4057-9c9c-2fc179239b23: no agents available; will retry on subsequent port and subnet creation events.
2026-04-21 04:47:02.619 7 INFO neutron.db.ovn_revision_numbers_db [None req-64597662-cd18-46ed-b6df-4dc9723f221f - - - - - -] Successfully bumped revision number for resource 23fae6cb-8fb1-4292-b5e7-2d1908e9e4aa (type: ports) to 1
2026-04-21 04:47:02.752 7 WARNING neutron.scheduler.dhcp_agent_scheduler [None req-64597662-cd18-46ed-b6df-4dc9723f221f - - - - - -] No more DHCP agents
2026-04-21 04:47:02.753 7 WARNING neutron.api.rpc.agentnotifiers.dhcp_rpc_agent_api [None req-64597662-cd18-46ed-b6df-4dc9723f221f - - - - - -] Unable to schedule network 72d2ccd6-64d4-4057-9c9c-2fc179239b23: no agents available; will retry on subsequent port and subnet creation events.
2026-04-21 04:47:02.777 7 INFO neutron.db.ovn_revision_numbers_db [None req-64597662-cd18-46ed-b6df-4dc9723f221f - - - - - -] Successfully bumped revision number for resource cd75801c-588e-4ccb-929e-3631bc0dd2f3 (type: subnets) to 0
2026-04-21 04:47:02.863 8 WARNING neutron.scheduler.dhcp_agent_scheduler [None req-6aed38f3-472d-4bc8-bf58-da796ba220c7 5341f8dd543f4d78aedc9e8744323212 79e4b5558d194ee2ac5946c8fc20eae6 - - default default] No more DHCP agents
2026-04-21 04:47:02.865 8 WARNING neutron.api.rpc.agentnotifiers.dhcp_rpc_agent_api [None req-6aed38f3-472d-4bc8-bf58-da796ba220c7 5341f8dd543f4d78aedc9e8744323212 79e4b5558d194ee2ac5946c8fc20eae6 - - default default] Unable to schedule network cdcd57e3-6840-412f-a9a1-33332dc47ace: no agents available; will retry on subsequent port and subnet creation events.
2026-04-21 04:47:03.021 8 INFO neutron.db.ovn_revision_numbers_db [None req-6aed38f3-472d-4bc8-bf58-da796ba220c7 5341f8dd543f4d78aedc9e8744323212 79e4b5558d194ee2ac5946c8fc20eae6 - - default default] Successfully bumped revision number for resource 4ce15b45-4781-4f47-8ffb-61af2cbc8cec (type: ports) to 1
2026-04-21 04:47:03.222 7 WARNING neutron.scheduler.dhcp_agent_scheduler [None req-64597662-cd18-46ed-b6df-4dc9723f221f - - - - - -] No more DHCP agents
2026-04-21 04:47:03.224 7 WARNING neutron.api.rpc.agentnotifiers.dhcp_rpc_agent_api [None req-64597662-cd18-46ed-b6df-4dc9723f221f - - - - - -] Unable to schedule network 72d2ccd6-64d4-4057-9c9c-2fc179239b23: no agents available; will retry on subsequent port and subnet creation events.
2026-04-21 04:47:03.376 7 INFO neutron.db.ovn_revision_numbers_db [None req-64597662-cd18-46ed-b6df-4dc9723f221f - - - - - -] Successfully bumped revision number for resource 3d6823d1-246c-4fe1-b9ea-54f1af120a5f (type: ports) to 1
2026-04-21 04:47:03.803 8 WARNING neutron.scheduler.dhcp_agent_scheduler [None req-6aed38f3-472d-4bc8-bf58-da796ba220c7 5341f8dd543f4d78aedc9e8744323212 79e4b5558d194ee2ac5946c8fc20eae6 - - default default] No more DHCP agents
2026-04-21 04:47:03.804 8 WARNING neutron.api.rpc.agentnotifiers.dhcp_rpc_agent_api [None req-6aed38f3-472d-4bc8-bf58-da796ba220c7 5341f8dd543f4d78aedc9e8744323212 79e4b5558d194ee2ac5946c8fc20eae6 - - default default] Unable to schedule network cdcd57e3-6840-412f-a9a1-33332dc47ace: no agents available; will retry on subsequent port and subnet creation events.
2026-04-21 04:47:04.009 7 WARNING neutron.scheduler.dhcp_agent_scheduler [None req-64597662-cd18-46ed-b6df-4dc9723f221f - - - - - -] No more DHCP agents
2026-04-21 04:47:04.010 7 WARNING neutron.api.rpc.agentnotifiers.dhcp_rpc_agent_api [None req-64597662-cd18-46ed-b6df-4dc9723f221f - - - - - -] Unable to schedule network 72d2ccd6-64d4-4057-9c9c-2fc179239b23: no agents available; will retry on subsequent port and subnet creation events.
2026-04-21 04:47:04.151 8 INFO neutron.db.ovn_revision_numbers_db [None req-6aed38f3-472d-4bc8-bf58-da796ba220c7 5341f8dd543f4d78aedc9e8744323212 79e4b5558d194ee2ac5946c8fc20eae6 - - default default] Successfully bumped revision number for resource 4ce15b45-4781-4f47-8ffb-61af2cbc8cec (type: router_ports) to 1 [pid: 8|app: 0|req: 1296/2674] 10.0.0.205 () {34 vars in 783 bytes} [Tue Apr 21 04:47:02 2026] PUT /v2.0/routers/deab9ecb-7d60-4766-b5d5-2cf9f79dd8ff/add_router_interface => generated 309 bytes in 1811 msecs (HTTP/1.1 200) 4 headers in 157 bytes (1 switches on core 0)
2026-04-21 04:47:04.524 7 WARNING neutron.plugins.ml2.drivers.ovn.mech_driver.ovsdb.ovn_client [None req-2b3495f7-4d50-413a-887f-a6412301d2bc - - - - - -] No hosting information found for port 27254219-8929-45f9-b756-ea7c9d74e944: RuntimeError: No hosting information found for port 27254219-8929-45f9-b756-ea7c9d74e944
2026-04-21 04:47:04.525 7 INFO neutron.plugins.ml2.drivers.ovn.mech_driver.mech_driver [None req-2b3495f7-4d50-413a-887f-a6412301d2bc - - - - - -] OVN reports status down for port: df2355e3-0076-4934-8120-9b5a90047645
2026-04-21 04:47:04.743 8 WARNING neutron.scheduler.dhcp_agent_scheduler [None req-341d6fd3-da5e-4ac5-8068-cd9b670ad965 5341f8dd543f4d78aedc9e8744323212 79e4b5558d194ee2ac5946c8fc20eae6 - - default default] No more DHCP agents
2026-04-21 04:47:04.745 8 WARNING neutron.api.rpc.agentnotifiers.dhcp_rpc_agent_api [None req-341d6fd3-da5e-4ac5-8068-cd9b670ad965 5341f8dd543f4d78aedc9e8744323212 79e4b5558d194ee2ac5946c8fc20eae6 - - default default] Unable to schedule network efb67d75-e48e-4b1a-bb10-0abe14b338bb: no agents available; will retry on subsequent port and subnet creation events.
2026-04-21 04:47:04.899 8 INFO neutron.db.ovn_revision_numbers_db [None req-341d6fd3-da5e-4ac5-8068-cd9b670ad965 5341f8dd543f4d78aedc9e8744323212 79e4b5558d194ee2ac5946c8fc20eae6 - - default default] Successfully bumped revision number for resource f9bba96b-28ea-48e7-a99d-393bf6d84e51 (type: ports) to 1
2026-04-21 04:47:05.203 7 WARNING neutron.plugins.ml2.drivers.ovn.mech_driver.ovsdb.ovn_client [None req-2b3495f7-4d50-413a-887f-a6412301d2bc - - - - - -] Logical_Switch_Port %s host information not removed, the port state is up
2026-04-21 04:47:05.204 7 INFO neutron.plugins.ml2.drivers.ovn.mech_driver.mech_driver [None req-2b3495f7-4d50-413a-887f-a6412301d2bc - - - - - -] OVN reports status up for port: df2355e3-0076-4934-8120-9b5a90047645
2026-04-21 04:47:05.233 7 INFO neutron.plugins.ml2.plugin [None req-2b3495f7-4d50-413a-887f-a6412301d2bc - - - - - -] Attempt 1 to provision port df2355e3-0076-4934-8120-9b5a90047645
2026-04-21 04:47:05.269 7 INFO neutron.db.ovn_revision_numbers_db [None req-64597662-cd18-46ed-b6df-4dc9723f221f - - - - - -] Successfully bumped revision number for resource 3d6823d1-246c-4fe1-b9ea-54f1af120a5f (type: router_ports) to 1
2026-04-21 04:47:05.689 7 WARNING neutron.scheduler.dhcp_agent_scheduler [None req-64597662-cd18-46ed-b6df-4dc9723f221f - - - - - -] No more DHCP agents
2026-04-21 04:47:05.691 7 WARNING neutron.api.rpc.agentnotifiers.dhcp_rpc_agent_api [None req-64597662-cd18-46ed-b6df-4dc9723f221f - - - - - -] Unable to schedule network 72d2ccd6-64d4-4057-9c9c-2fc179239b23: no agents available; will retry on subsequent port and subnet creation events.
2026-04-21 04:47:05.918 7 INFO neutron.db.ovn_revision_numbers_db [None req-2b3495f7-4d50-413a-887f-a6412301d2bc - - - - - -] Successfully bumped revision number for resource df2355e3-0076-4934-8120-9b5a90047645 (type: ports) to 2
2026-04-21 04:47:06.042 7 INFO neutron.db.ovn_revision_numbers_db [None req-64597662-cd18-46ed-b6df-4dc9723f221f - - - - - -] Successfully bumped revision number for resource efde2f97-292d-4b9e-bdbe-c4f48e2b3081 (type: ports) to 1
2026-04-21 04:47:06.330 8 WARNING neutron.scheduler.dhcp_agent_scheduler [None req-341d6fd3-da5e-4ac5-8068-cd9b670ad965 5341f8dd543f4d78aedc9e8744323212 79e4b5558d194ee2ac5946c8fc20eae6 - - default default] No more DHCP agents
2026-04-21 04:47:06.332 8 WARNING neutron.api.rpc.agentnotifiers.dhcp_rpc_agent_api [None req-341d6fd3-da5e-4ac5-8068-cd9b670ad965 5341f8dd543f4d78aedc9e8744323212 79e4b5558d194ee2ac5946c8fc20eae6 - - default default] Unable to schedule network efb67d75-e48e-4b1a-bb10-0abe14b338bb: no agents available; will retry on subsequent port and subnet creation events.
2026-04-21 04:47:06.404 7 INFO neutron.db.ovn_revision_numbers_db [None req-64597662-cd18-46ed-b6df-4dc9723f221f - - - - - -] Successfully bumped revision number for resource efde2f97-292d-4b9e-bdbe-c4f48e2b3081 (type: ports) to 3 [pid: 7|app: 0|req: 1379/2677] 10.0.0.205 () {34 vars in 685 bytes} [Tue Apr 21 04:47:01 2026] POST /v2.0/vpn/vpnservices => generated 459 bytes in 5443 msecs (HTTP/1.1 201) 4 headers in 162 bytes (1 switches on core 0)
2026-04-21 04:47:06.727 8 INFO neutron.db.ovn_revision_numbers_db [None req-341d6fd3-da5e-4ac5-8068-cd9b670ad965 5341f8dd543f4d78aedc9e8744323212 79e4b5558d194ee2ac5946c8fc20eae6 - - default default] Successfully bumped revision number for resource f9bba96b-28ea-48e7-a99d-393bf6d84e51 (type: router_ports) to 1 [pid: 8|app: 0|req: 1299/2678] 10.0.0.205 () {34 vars in 783 bytes} [Tue Apr 21 04:47:04 2026] PUT /v2.0/routers/deab9ecb-7d60-4766-b5d5-2cf9f79dd8ff/add_router_interface => generated 309 bytes in 2574 msecs (HTTP/1.1 200) 4 headers in 157 bytes (1 switches on core 0) [pid: 8|app: 0|req: 1300/2679] 10.0.0.205 () {32 vars in 663 bytes} [Tue Apr 21 04:47:06 2026] GET /v2.0/vpn/vpnservices => generated 1315 bytes in 13 msecs (HTTP/1.1 200) 4 headers in 158 bytes (1 switches on core 0)
2026-04-21 04:47:06.972 7 INFO neutron.db.ovn_revision_numbers_db [None req-2aed9b97-2732-4c7a-882b-fb978823db5e f2783d1caad74f9f8b21752fb574d5c8 2b83ce3abbb944cfaaba10dc7fad777c - - default default] Successfully bumped revision number for resource 3c979654-e833-4a61-a3ba-09ab556570c9 (type: security_groups) to 1
2026-04-21 04:47:06.985 7 INFO neutron.db.ovn_revision_numbers_db [None req-2aed9b97-2732-4c7a-882b-fb978823db5e f2783d1caad74f9f8b21752fb574d5c8 2b83ce3abbb944cfaaba10dc7fad777c - - default default] Successfully bumped revision number for resource 6733e6e9-4c1c-48b3-a450-141c5d1f11cb (type: security_group_rules) to 0
2026-04-21 04:47:06.998 7 INFO neutron.db.ovn_revision_numbers_db [None req-2aed9b97-2732-4c7a-882b-fb978823db5e f2783d1caad74f9f8b21752fb574d5c8 2b83ce3abbb944cfaaba10dc7fad777c - - default default] Successfully bumped revision number for resource 78b84b89-e232-444a-9b07-e9de7dfb4851 (type: security_group_rules) to 0
2026-04-21 04:47:07.012 7 INFO neutron.db.ovn_revision_numbers_db [None req-2aed9b97-2732-4c7a-882b-fb978823db5e f2783d1caad74f9f8b21752fb574d5c8 2b83ce3abbb944cfaaba10dc7fad777c - - default default] Successfully bumped revision number for resource bd6f659b-d85c-411a-a461-efbce6d133b2 (type: security_group_rules) to 0
2026-04-21 04:47:07.025 7 INFO neutron.db.ovn_revision_numbers_db [None req-2aed9b97-2732-4c7a-882b-fb978823db5e f2783d1caad74f9f8b21752fb574d5c8 2b83ce3abbb944cfaaba10dc7fad777c - - default default] Successfully bumped revision number for resource c6164346-c641-4892-93b8-871d09d56dde (type: security_group_rules) to 0
2026-04-21 04:47:07.029 8 INFO neutron_taas.services.taas.taas_plugin [None req-e74e0e11-2b87-48cb-8019-9391ba1bd984 2cbed6262ada4096a9d006fd100044a2 422d761c945a46d5a5261c038cbb2785 - - default default] TaaS: Handle Delete Port: 7f4cfa6e-11c5-469f-bdf3-7ac4a696a5c9
2026-04-21 04:47:07.032 8 INFO neutron_taas.services.taas.tap_mirror_plugin [None req-e74e0e11-2b87-48cb-8019-9391ba1bd984 2cbed6262ada4096a9d006fd100044a2 422d761c945a46d5a5261c038cbb2785 - - default default] Tap Mirror: Handle Delete Port: 7f4cfa6e-11c5-469f-bdf3-7ac4a696a5c9
2026-04-21 04:47:07.121 7 INFO neutron.db.segments_db [None req-2aed9b97-2732-4c7a-882b-fb978823db5e f2783d1caad74f9f8b21752fb574d5c8 2b83ce3abbb944cfaaba10dc7fad777c - - default default] Added segment 2ab6742e-f216-45cc-8c4b-aa0a14b73240 of type geneve for network 508689b1-1760-47da-9710-fd732df3caac
2026-04-21 04:47:07.245 7 INFO neutron.db.ovn_revision_numbers_db [None req-2aed9b97-2732-4c7a-882b-fb978823db5e f2783d1caad74f9f8b21752fb574d5c8 2b83ce3abbb944cfaaba10dc7fad777c - - default default] Successfully bumped revision number for resource 508689b1-1760-47da-9710-fd732df3caac (type: networks) to 1
2026-04-21 04:47:07.271 8 WARNING neutron.plugins.ml2.drivers.ovn.mech_driver.ovsdb.ovn_client [None req-199000e7-e39c-425f-aae4-de7adc1e7f8c - - - - - -] No hosting information found for port 23dbcfeb-6d60-4eb1-952b-f8c8bf81925f: RuntimeError: No hosting information found for port 23dbcfeb-6d60-4eb1-952b-f8c8bf81925f
2026-04-21 04:47:07.371 8 INFO neutron_taas.services.taas.taas_plugin [None req-c196edf2-a857-4c62-8713-f9ce513d06c8 - - - - - -] TaaS: Handle Delete Port: efde2f97-292d-4b9e-bdbe-c4f48e2b3081
2026-04-21 04:47:07.375 8 INFO neutron_taas.services.taas.tap_mirror_plugin [None req-c196edf2-a857-4c62-8713-f9ce513d06c8 - - - - - -] Tap Mirror: Handle Delete Port: efde2f97-292d-4b9e-bdbe-c4f48e2b3081
2026-04-21 04:47:07.434 8 INFO neutron.db.ovn_revision_numbers_db [None req-199000e7-e39c-425f-aae4-de7adc1e7f8c - - - - - -] Successfully bumped revision number for resource 23dbcfeb-6d60-4eb1-952b-f8c8bf81925f (type: router_ports) to 2
2026-04-21 04:47:07.439 7 WARNING neutron.scheduler.dhcp_agent_scheduler [None req-2aed9b97-2732-4c7a-882b-fb978823db5e f2783d1caad74f9f8b21752fb574d5c8 2b83ce3abbb944cfaaba10dc7fad777c - - default default] No more DHCP agents
2026-04-21 04:47:07.441 7 WARNING neutron.api.rpc.agentnotifiers.dhcp_rpc_agent_api [None req-2aed9b97-2732-4c7a-882b-fb978823db5e f2783d1caad74f9f8b21752fb574d5c8 2b83ce3abbb944cfaaba10dc7fad777c - - default default] Unable to schedule network 508689b1-1760-47da-9710-fd732df3caac: no agents available; will retry on subsequent port and subnet creation events.
2026-04-21 04:47:07.524 7 INFO neutron.db.ovn_revision_numbers_db [None req-2aed9b97-2732-4c7a-882b-fb978823db5e f2783d1caad74f9f8b21752fb574d5c8 2b83ce3abbb944cfaaba10dc7fad777c - - default default] Successfully bumped revision number for resource 7ace742b-a12c-4fcd-97b0-6254d00e3445 (type: ports) to 1
2026-04-21 04:47:07.544 8 INFO neutron.plugins.ml2.drivers.ovn.mech_driver.mech_driver [None req-199000e7-e39c-425f-aae4-de7adc1e7f8c - - - - - -] OVN reports status down for port: 7ace742b-a12c-4fcd-97b0-6254d00e3445 [pid: 7|app: 0|req: 1380/2680] 10.0.0.205 () {34 vars in 670 bytes} [Tue Apr 21 04:47:06 2026] POST /v2.0/networks => generated 651 bytes in 942 msecs (HTTP/1.1 201) 4 headers in 162 bytes (1 switches on core 0)
2026-04-21 04:47:07.720 7 INFO neutron.db.ovn_revision_numbers_db [None req-7723d470-fa16-481d-8db4-70bfe925781d 5341f8dd543f4d78aedc9e8744323212 79e4b5558d194ee2ac5946c8fc20eae6 - - default default] Successfully bumped revision number for resource 62d9e0ec-64f8-45ca-a912-a986a3ee06d0 (type: security_groups) to 1
2026-04-21 04:47:07.733 7 INFO neutron.db.ovn_revision_numbers_db [None req-7723d470-fa16-481d-8db4-70bfe925781d 5341f8dd543f4d78aedc9e8744323212 79e4b5558d194ee2ac5946c8fc20eae6 - - default default] Successfully bumped revision number for resource 1aaa2644-5471-4942-9bd6-ead221708947 (type: security_group_rules) to 0
2026-04-21 04:47:07.746 7 INFO neutron.db.ovn_revision_numbers_db [None req-7723d470-fa16-481d-8db4-70bfe925781d 5341f8dd543f4d78aedc9e8744323212 79e4b5558d194ee2ac5946c8fc20eae6 - - default default] Successfully bumped revision number for resource f8d28e11-c907-4aa8-b616-d5d9e675959c (type: security_group_rules) to 0 [pid: 7|app: 0|req: 1381/2681] 10.0.0.205 () {34 vars in 684 bytes} [Tue Apr 21 04:47:07 2026] POST /v2.0/security-groups => generated 1629 bytes in 224 msecs (HTTP/1.1 201) 4 headers in 163 bytes (1 switches on core 0)
2026-04-21 04:47:07.907 7 INFO neutron.db.segments_db [None req-a45e9bff-3771-4721-ba7b-814eeaecc18e f2783d1caad74f9f8b21752fb574d5c8 2b83ce3abbb944cfaaba10dc7fad777c - - default default] Added segment b5d87d7c-20ac-4f15-bb78-2839e3a5df46 of type geneve for network 98531650-21a1-428d-a2ba-c2063f96c3cf
2026-04-21 04:47:07.991 8 INFO neutron_taas.services.taas.taas_plugin [None req-b44dbb04-a234-4a23-a285-7e431df1a9f1 - - - - - -] TaaS: Handle Delete Port: 3d6823d1-246c-4fe1-b9ea-54f1af120a5f
2026-04-21 04:47:07.994 8 INFO neutron_taas.services.taas.tap_mirror_plugin [None req-b44dbb04-a234-4a23-a285-7e431df1a9f1 - - - - - -] Tap Mirror: Handle Delete Port: 3d6823d1-246c-4fe1-b9ea-54f1af120a5f
2026-04-21 04:47:08.044 7 INFO neutron.db.ovn_revision_numbers_db [None req-a45e9bff-3771-4721-ba7b-814eeaecc18e f2783d1caad74f9f8b21752fb574d5c8 2b83ce3abbb944cfaaba10dc7fad777c - - default default] Successfully bumped revision number for resource 98531650-21a1-428d-a2ba-c2063f96c3cf (type: networks) to 1
2026-04-21 04:47:08.233 7 WARNING neutron.scheduler.dhcp_agent_scheduler [None req-a45e9bff-3771-4721-ba7b-814eeaecc18e f2783d1caad74f9f8b21752fb574d5c8 2b83ce3abbb944cfaaba10dc7fad777c - - default default] No more DHCP agents
2026-04-21 04:47:08.235 7 WARNING neutron.api.rpc.agentnotifiers.dhcp_rpc_agent_api [None req-a45e9bff-3771-4721-ba7b-814eeaecc18e f2783d1caad74f9f8b21752fb574d5c8 2b83ce3abbb944cfaaba10dc7fad777c - - default default] Unable to schedule network 98531650-21a1-428d-a2ba-c2063f96c3cf: no agents available; will retry on subsequent port and subnet creation events.
2026-04-21 04:47:08.359 7 INFO neutron.db.ovn_revision_numbers_db [None req-a45e9bff-3771-4721-ba7b-814eeaecc18e f2783d1caad74f9f8b21752fb574d5c8 2b83ce3abbb944cfaaba10dc7fad777c - - default default] Successfully bumped revision number for resource a2beebad-e730-4d06-8f5b-58b8b14e21d7 (type: ports) to 1 [pid: 7|app: 0|req: 1382/2682] 10.0.0.205 () {34 vars in 670 bytes} [Tue Apr 21 04:47:07 2026] POST /v2.0/networks => generated 650 bytes in 635 msecs (HTTP/1.1 201) 4 headers in 162 bytes (1 switches on core 0)
2026-04-21 04:47:08.604 7 INFO neutron.db.ovn_revision_numbers_db [None req-b162861e-142c-4684-b527-397be6ef5255 5341f8dd543f4d78aedc9e8744323212 79e4b5558d194ee2ac5946c8fc20eae6 - - default default] Successfully bumped revision number for resource e3c9520c-3c06-48fe-8478-030e93d3cc1d (type: security_group_rules) to 0 [pid: 7|app: 0|req: 1383/2683] 10.0.0.205 () {34 vars in 695 bytes} [Tue Apr 21 04:47:08 2026] POST /v2.0/security-group-rules => generated 597 bytes in 223 msecs (HTTP/1.1 201) 4 headers in 162 bytes (1 switches on core 0)
2026-04-21 04:47:08.742 7 INFO neutron.db.segments_db [None req-644a22a3-9f07-4f9b-a562-e6034af3cb0f f2783d1caad74f9f8b21752fb574d5c8 2b83ce3abbb944cfaaba10dc7fad777c - - default default] Added segment d3c44058-9ba5-4904-96f7-914d87369f4a of type geneve for network e190c158-fcf4-4191-b486-1a0495853735
2026-04-21 04:47:08.856 7 INFO neutron.db.ovn_revision_numbers_db [None req-644a22a3-9f07-4f9b-a562-e6034af3cb0f f2783d1caad74f9f8b21752fb574d5c8 2b83ce3abbb944cfaaba10dc7fad777c - - default default] Successfully bumped revision number for resource e190c158-fcf4-4191-b486-1a0495853735 (type: networks) to 1
2026-04-21 04:47:08.870 8 INFO neutron_taas.services.taas.taas_plugin [None req-b44dbb04-a234-4a23-a285-7e431df1a9f1 - - - - - -] TaaS: Handle Delete Port: 23fae6cb-8fb1-4292-b5e7-2d1908e9e4aa
2026-04-21 04:47:08.874 8 INFO neutron_taas.services.taas.tap_mirror_plugin [None req-b44dbb04-a234-4a23-a285-7e431df1a9f1 - - - - - -] Tap Mirror: Handle Delete Port: 23fae6cb-8fb1-4292-b5e7-2d1908e9e4aa
2026-04-21 04:47:09.075 7 WARNING neutron.scheduler.dhcp_agent_scheduler [None req-644a22a3-9f07-4f9b-a562-e6034af3cb0f f2783d1caad74f9f8b21752fb574d5c8 2b83ce3abbb944cfaaba10dc7fad777c - - default default] No more DHCP agents
2026-04-21 04:47:09.076 7 WARNING neutron.api.rpc.agentnotifiers.dhcp_rpc_agent_api [None req-644a22a3-9f07-4f9b-a562-e6034af3cb0f f2783d1caad74f9f8b21752fb574d5c8 2b83ce3abbb944cfaaba10dc7fad777c - - default default] Unable to schedule network e190c158-fcf4-4191-b486-1a0495853735: no agents available; will retry on subsequent port and subnet creation events.
2026-04-21 04:47:09.100 8 INFO neutron.services.segments.plugin [-] Segment c732f8f3-0e23-42d1-82c5-923e18d83e88 resource provider aggregate not found
2026-04-21 04:47:09.103 8 INFO neutron.services.segments.plugin [-] Segment c732f8f3-0e23-42d1-82c5-923e18d83e88 resource provider aggregate not found
2026-04-21 04:47:09.127 8 INFO neutron.services.segments.plugin [-] Segment c732f8f3-0e23-42d1-82c5-923e18d83e88 resource provider not found; error: Placement Client Error (4xx): {"errors": [{"status": 404, "title": "Not Found", "detail": "The resource could not be found.\n\n No resource provider with uuid c732f8f3-0e23-42d1-82c5-923e18d83e88 found for delete ", "request_id": "req-88d02af6-dabd-4141-831f-4deb0f6f14f5"}]}
2026-04-21 04:47:09.130 8 INFO neutron.services.segments.plugin [-] Segment c732f8f3-0e23-42d1-82c5-923e18d83e88 resource provider not found; error: Placement Client Error (4xx): {"errors": [{"status": 404, "title": "Not Found", "detail": "The resource could not be found.\n\n No resource provider with uuid c732f8f3-0e23-42d1-82c5-923e18d83e88 found for delete ", "request_id": "req-6cb02814-8fb3-4591-a2ec-7057951fe0e8"}]}
2026-04-21 04:47:09.172 7 INFO neutron.db.ovn_revision_numbers_db [None req-644a22a3-9f07-4f9b-a562-e6034af3cb0f f2783d1caad74f9f8b21752fb574d5c8 2b83ce3abbb944cfaaba10dc7fad777c - - default default] Successfully bumped revision number for resource 7b7575ee-79ac-42da-83a1-b62f49608f57 (type: ports) to 1 [pid: 8|app: 0|req: 1301/2684] 10.0.0.205 () {32 vars in 740 bytes} [Tue Apr 21 04:47:06 2026] DELETE /v2.0/vpn/vpnservices/94e47526-b72f-49ab-ae7a-de3b54be7317 => generated 0 bytes in 2430 msecs (HTTP/1.1 204) 2 headers in 112 bytes (1 switches on core 0) /var/lib/openstack/lib/python3.12/site-packages/pycadf/identifier.py:70: UserWarning: Invalid uuid: neutron. To ensure interoperability, identifiers should be a valid uuid. warnings.warn(('Invalid uuid: %s. To ensure interoperability, ' [pid: 7|app: 0|req: 1384/2685] 10.0.0.205 () {34 vars in 670 bytes} [Tue Apr 21 04:47:08 2026] POST /v2.0/networks => generated 651 bytes in 551 msecs (HTTP/1.1 201) 4 headers in 162 bytes (1 switches on core 0) [pid: 7|app: 0|req: 1385/2686] 10.0.0.205 () {32 vars in 663 bytes} [Tue Apr 21 04:47:09 2026] GET /v2.0/vpn/vpnservices => generated 870 bytes in 14 msecs (HTTP/1.1 200) 4 headers in 157 bytes (1 switches on core 0)
2026-04-21 04:47:09.293 7 INFO neutron.db.segments_db [None req-7b5a2b85-83fc-49ac-88e9-37e3be18d627 f2783d1caad74f9f8b21752fb574d5c8 2b83ce3abbb944cfaaba10dc7fad777c - - default default] Added segment 9bd5e28a-689c-4649-848d-a78ed112df5f of type geneve for network 28aba328-ceb5-4e25-bba1-1abfdde51e33
2026-04-21 04:47:09.334 8 INFO neutron.db.ovn_revision_numbers_db [None req-0e0cec75-b982-4a36-9a95-0a6df5eb2db4 5341f8dd543f4d78aedc9e8744323212 79e4b5558d194ee2ac5946c8fc20eae6 - - default default] Successfully bumped revision number for resource bb464f22-47fb-48d4-9918-a1d2c381b8ae (type: security_group_rules) to 0 [pid: 8|app: 0|req: 1302/2687] 10.0.0.205 () {34 vars in 695 bytes} [Tue Apr 21 04:47:09 2026] POST /v2.0/security-group-rules => generated 597 bytes in 195 msecs (HTTP/1.1 201) 4 headers in 162 bytes (1 switches on core 0)
2026-04-21 04:47:09.389 7 INFO neutron.db.ovn_revision_numbers_db [None req-7b5a2b85-83fc-49ac-88e9-37e3be18d627 f2783d1caad74f9f8b21752fb574d5c8 2b83ce3abbb944cfaaba10dc7fad777c - - default default] Successfully bumped revision number for resource 28aba328-ceb5-4e25-bba1-1abfdde51e33 (type: networks) to 1
2026-04-21 04:47:09.454 8 INFO neutron.api.v2.resource [None req-bd63f472-7610-4b53-a990-0bfec98893d2 2cbed6262ada4096a9d006fd100044a2 422d761c945a46d5a5261c038cbb2785 - - default default] create failed (client error): The server could not comply with the request since it is either malformed or otherwise incorrect. [pid: 8|app: 0|req: 1303/2688] 10.0.0.205 () {34 vars in 707 bytes} [Tue Apr 21 04:47:09 2026] POST /v2.0/vpn/ipsec-site-connections => generated 127 bytes in 80 msecs (HTTP/1.1 400) 4 headers in 166 bytes (1 switches on core 0)
2026-04-21 04:47:09.539 7 WARNING neutron.scheduler.dhcp_agent_scheduler [None req-7b5a2b85-83fc-49ac-88e9-37e3be18d627 f2783d1caad74f9f8b21752fb574d5c8 2b83ce3abbb944cfaaba10dc7fad777c - - default default] No more DHCP agents
2026-04-21 04:47:09.540 7 WARNING neutron.api.rpc.agentnotifiers.dhcp_rpc_agent_api [None req-7b5a2b85-83fc-49ac-88e9-37e3be18d627 f2783d1caad74f9f8b21752fb574d5c8 2b83ce3abbb944cfaaba10dc7fad777c - - default default] Unable to schedule network 28aba328-ceb5-4e25-bba1-1abfdde51e33: no agents available; will retry on subsequent port and subnet creation events.
2026-04-21 04:47:09.617 8 INFO neutron.plugins.ml2.drivers.ovn.mech_driver.mech_driver [None req-199000e7-e39c-425f-aae4-de7adc1e7f8c - - - - - -] OVN reports status down for port: 91965e76-b29d-463c-b129-10e1c16f03a6
2026-04-21 04:47:09.628 7 INFO neutron.db.ovn_revision_numbers_db [None req-7b5a2b85-83fc-49ac-88e9-37e3be18d627 f2783d1caad74f9f8b21752fb574d5c8 2b83ce3abbb944cfaaba10dc7fad777c - - default default] Successfully bumped revision number for resource 91965e76-b29d-463c-b129-10e1c16f03a6 (type: ports) to 1
2026-04-21 04:47:09.650 8 INFO neutron.db.ovn_revision_numbers_db [None req-4953b9e1-da1d-4452-a2b8-a3bcce006833 5341f8dd543f4d78aedc9e8744323212 79e4b5558d194ee2ac5946c8fc20eae6 - - default default] Successfully bumped revision number for resource b973182f-2249-4fd3-ae26-242301ecffcf (type: security_group_rules) to 0 [pid: 7|app: 0|req: 1386/2689] 10.0.0.205 () {34 vars in 670 bytes} [Tue Apr 21 04:47:09 2026] POST /v2.0/networks => generated 650 bytes in 446 msecs (HTTP/1.1 201) 4 headers in 162 bytes (1 switches on core 0)
2026-04-21 04:47:09.710 7 INFO neutron.api.v2.resource [None req-194b4fe8-6e37-4e57-bba1-5f9873c3f032 2cbed6262ada4096a9d006fd100044a2 422d761c945a46d5a5261c038cbb2785 - - default default] create failed (client error): The server could not comply with the request since it is either malformed or otherwise incorrect. [pid: 7|app: 0|req: 1387/2690] 10.0.0.205 () {34 vars in 707 bytes} [Tue Apr 21 04:47:09 2026] POST /v2.0/vpn/ipsec-site-connections => generated 136 bytes in 57 msecs (HTTP/1.1 400) 4 headers in 166 bytes (1 switches on core 0) [pid: 8|app: 0|req: 1304/2691] 10.0.0.205 () {34 vars in 695 bytes} [Tue Apr 21 04:47:09 2026] POST /v2.0/security-group-rules => generated 599 bytes in 274 msecs (HTTP/1.1 201) 4 headers in 162 bytes (1 switches on core 0)
2026-04-21 04:47:09.743 8 WARNING neutron.api.v2.base [None req-7b99fa15-ebdf-4c3f-9231-00ccd935a1c1 2cbed6262ada4096a9d006fd100044a2 422d761c945a46d5a5261c038cbb2785 - - default default] An exception happened while processing the request body. The exception message is [Invalid input for dpd. Reason: '59' is not a dictionary.].: webob.exc.HTTPBadRequest: Invalid input for dpd. Reason: '59' is not a dictionary.
2026-04-21 04:47:09.743 8 INFO neutron.api.v2.resource [None req-7b99fa15-ebdf-4c3f-9231-00ccd935a1c1 2cbed6262ada4096a9d006fd100044a2 422d761c945a46d5a5261c038cbb2785 - - default default] create failed (client error): Invalid input for dpd. Reason: '59' is not a dictionary. [pid: 8|app: 0|req: 1305/2692] 10.0.0.205 () {34 vars in 707 bytes} [Tue Apr 21 04:47:09 2026] POST /v2.0/vpn/ipsec-site-connections => generated 129 bytes in 15 msecs (HTTP/1.1 400) 4 headers in 166 bytes (1 switches on core 0)
2026-04-21 04:47:09.829 7 INFO neutron.db.segments_db [None req-817f6482-d0c1-48ff-9cc3-a0bc3fe98302 f2783d1caad74f9f8b21752fb574d5c8 2b83ce3abbb944cfaaba10dc7fad777c - - default default] Added segment eba19d76-4cfc-4304-b5fd-278c872ff504 of type geneve for network 74bd667d-c7b9-4844-a882-cd98fea2dc8f
2026-04-21 04:47:09.906 8 INFO neutron.db.ovn_revision_numbers_db [None req-59ca2a6e-35e6-42b1-adb8-4dee3a53ba3e 5341f8dd543f4d78aedc9e8744323212 79e4b5558d194ee2ac5946c8fc20eae6 - - default default] Successfully bumped revision number for resource 8c98759e-2119-4862-b07d-c993c25d5248 (type: security_group_rules) to 0 [pid: 8|app: 0|req: 1306/2693] 10.0.0.205 () {34 vars in 695 bytes} [Tue Apr 21 04:47:09 2026] POST /v2.0/security-group-rules => generated 601 bytes in 224 msecs (HTTP/1.1 201) 4 headers in 162 bytes (1 switches on core 0)
2026-04-21 04:47:09.993 7 INFO neutron.db.ovn_revision_numbers_db [None req-817f6482-d0c1-48ff-9cc3-a0bc3fe98302 f2783d1caad74f9f8b21752fb574d5c8 2b83ce3abbb944cfaaba10dc7fad777c - - default default] Successfully bumped revision number for resource 74bd667d-c7b9-4844-a882-cd98fea2dc8f (type: networks) to 1 [pid: 8|app: 0|req: 1307/2694] 10.0.0.205 () {34 vars in 693 bytes} [Tue Apr 21 04:47:09 2026] POST /v2.0/vpn/endpoint-groups => generated 294 bytes in 46 msecs (HTTP/1.1 201) 4 headers in 162 bytes (1 switches on core 0)
2026-04-21 04:47:10.153 8 INFO neutron.db.ovn_revision_numbers_db [None req-4c4e71d5-257b-4b4a-a877-4a255352e092 5341f8dd543f4d78aedc9e8744323212 79e4b5558d194ee2ac5946c8fc20eae6 - - default default] Successfully bumped revision number for resource 98bf5cdd-5768-4bff-b4ec-ca9ec29a9ba0 (type: security_group_rules) to 0
2026-04-21 04:47:10.178 7 WARNING neutron.scheduler.dhcp_agent_scheduler [None req-817f6482-d0c1-48ff-9cc3-a0bc3fe98302 f2783d1caad74f9f8b21752fb574d5c8 2b83ce3abbb944cfaaba10dc7fad777c - - default default] No more DHCP agents
2026-04-21 04:47:10.180 7 WARNING neutron.api.rpc.agentnotifiers.dhcp_rpc_agent_api [None req-817f6482-d0c1-48ff-9cc3-a0bc3fe98302 f2783d1caad74f9f8b21752fb574d5c8 2b83ce3abbb944cfaaba10dc7fad777c - - default default] Unable to schedule network 74bd667d-c7b9-4844-a882-cd98fea2dc8f: no agents available; will retry on subsequent port and subnet creation events. [pid: 8|app: 0|req: 1308/2695] 10.0.0.205 () {34 vars in 695 bytes} [Tue Apr 21 04:47:10 2026] POST /v2.0/security-group-rules => generated 601 bytes in 185 msecs (HTTP/1.1 201) 4 headers in 162 bytes (1 switches on core 0)
