2026-05-09 18:08:18.393 10 ERROR neutron.plugins.ml2.managers [None req-2f02279a-02d6-4357-910c-d0fca1b2ef05 - - - - - -] Mechanism driver openvswitch failed in bind_port: neutron_lib.exceptions.SubnetNotFound: Subnet 262a86a4-39d9-4afa-8644-f3be4b48d9f9 could not be found.
2026-05-09 18:08:18.393 10 ERROR neutron.plugins.ml2.managers
Traceback (most recent call last):
2026-05-09 18:08:18.393 10 ERROR neutron.plugins.ml2.managers
File "/var/lib/openstack/lib/python3.10/site-packages/neutron/plugins/ml2/managers.py", line 850, in _bind_port_level
2026-05-09 18:08:18.393 10 ERROR neutron.plugins.ml2.managers driver.obj.bind_port(context)
2026-05-09 18:08:18.393 10 ERROR neutron.plugins.ml2.managers
File "/var/lib/openstack/lib/python3.10/site-packages/neutron/plugins/ml2/drivers/openvswitch/mech_driver/mech_openvswitch.py", line 133, in bind_port
2026-05-09 18:08:18.393 10 ERROR neutron.plugins.ml2.managers super(OpenvswitchMechanismDriver, self).bind_port(context)
2026-05-09 18:08:18.393 10 ERROR neutron.plugins.ml2.managers
File "/var/lib/openstack/lib/python3.10/site-packages/neutron/plugins/ml2/drivers/mech_agent.py", line 104, in bind_port
2026-05-09 18:08:18.393 10 ERROR neutron.plugins.ml2.managers subnets = self.get_subnets_from_fixed_ips(context)
2026-05-09 18:08:18.393 10 ERROR neutron.plugins.ml2.managers
File "/var/lib/openstack/lib/python3.10/site-packages/neutron/plugins/ml2/drivers/mech_agent.py", line 149, in get_subnets_from_fixed_ips
2026-05-09 18:08:18.393 10 ERROR neutron.plugins.ml2.managers subnets.append(context._plugin.get_subnet(
2026-05-09 18:08:18.393 10 ERROR neutron.plugins.ml2.managers
File "/var/lib/openstack/lib/python3.10/site-packages/neutron_lib/db/api.py", line 223, in wrapped
2026-05-09 18:08:18.393 10 ERROR neutron.plugins.ml2.managers return f_with_retry(*args, **kwargs,
2026-05-09 18:08:18.393 10 ERROR neutron.plugins.ml2.managers
File "/var/lib/openstack/lib/python3.10/site-packages/neutron_lib/db/api.py", line 137, in wrapped
2026-05-09 18:08:18.393 10 ERROR neutron.plugins.ml2.managers with excutils.save_and_reraise_exception():
2026-05-09 18:08:18.393 10 ERROR neutron.plugins.ml2.managers
File "/var/lib/openstack/lib/python3.10/site-packages/oslo_utils/excutils.py", line 227, in __exit__
2026-05-09 18:08:18.393 10 ERROR neutron.plugins.ml2.managers self.force_reraise()
2026-05-09 18:08:18.393 10 ERROR neutron.plugins.ml2.managers
File "/var/lib/openstack/lib/python3.10/site-packages/oslo_utils/excutils.py", line 200, in force_reraise
2026-05-09 18:08:18.393 10 ERROR neutron.plugins.ml2.managers raise self.value
2026-05-09 18:08:18.393 10 ERROR neutron.plugins.ml2.managers
File "/var/lib/openstack/lib/python3.10/site-packages/neutron_lib/db/api.py", line 135, in wrapped
2026-05-09 18:08:18.393 10 ERROR neutron.plugins.ml2.managers return f(*args, **kwargs)
2026-05-09 18:08:18.393 10 ERROR neutron.plugins.ml2.managers
File "/var/lib/openstack/lib/python3.10/site-packages/oslo_db/api.py", line 144, in wrapper
2026-05-09 18:08:18.393 10 ERROR neutron.plugins.ml2.managers with excutils.save_and_reraise_exception() as ectxt:
2026-05-09 18:08:18.393 10 ERROR neutron.plugins.ml2.managers
File "/var/lib/openstack/lib/python3.10/site-packages/oslo_utils/excutils.py", line 227, in __exit__
2026-05-09 18:08:18.393 10 ERROR neutron.plugins.ml2.managers self.force_reraise()
2026-05-09 18:08:18.393 10 ERROR neutron.plugins.ml2.managers
File "/var/lib/openstack/lib/python3.10/site-packages/oslo_utils/excutils.py", line 200, in force_reraise
2026-05-09 18:08:18.393 10 ERROR neutron.plugins.ml2.managers raise self.value
2026-05-09 18:08:18.393 10 ERROR neutron.plugins.ml2.managers
File "/var/lib/openstack/lib/python3.10/site-packages/oslo_db/api.py", line 142, in wrapper
2026-05-09 18:08:18.393 10 ERROR neutron.plugins.ml2.managers return f(*args, **kwargs)
2026-05-09 18:08:18.393 10 ERROR neutron.plugins.ml2.managers
File "/var/lib/openstack/lib/python3.10/site-packages/neutron_lib/db/api.py", line 183, in wrapped
2026-05-09 18:08:18.393 10 ERROR neutron.plugins.ml2.managers with excutils.save_and_reraise_exception():
2026-05-09 18:08:18.393 10 ERROR neutron.plugins.ml2.managers
File "/var/lib/openstack/lib/python3.10/site-packages/oslo_utils/excutils.py", line 227, in __exit__
2026-05-09 18:08:18.393 10 ERROR neutron.plugins.ml2.managers self.force_reraise()
2026-05-09 18:08:18.393 10 ERROR neutron.plugins.ml2.managers
File "/var/lib/openstack/lib/python3.10/site-packages/oslo_utils/excutils.py", line 200, in force_reraise
2026-05-09 18:08:18.393 10 ERROR neutron.plugins.ml2.managers raise self.value
2026-05-09 18:08:18.393 10 ERROR neutron.plugins.ml2.managers
File "/var/lib/openstack/lib/python3.10/site-packages/neutron_lib/db/api.py", line 181, in wrapped
2026-05-09 18:08:18.393 10 ERROR neutron.plugins.ml2.managers return f(*dup_args, **dup_kwargs)
2026-05-09 18:08:18.393 10 ERROR neutron.plugins.ml2.managers
File "/var/lib/openstack/lib/python3.10/site-packages/neutron/db/db_base_plugin_v2.py", line 1233, in get_subnet
2026-05-09 18:08:18.393 10 ERROR neutron.plugins.ml2.managers subnet_obj = self._get_subnet_object(context, id)
2026-05-09 18:08:18.393 10 ERROR neutron.plugins.ml2.managers
File "/var/lib/openstack/lib/python3.10/site-packages/neutron/db/db_base_plugin_common.py", line 282, in _get_subnet_object
2026-05-09 18:08:18.393 10 ERROR neutron.plugins.ml2.managers raise exceptions.SubnetNotFound(subnet_id=id)
2026-05-09 18:08:18.393 10 ERROR neutron.plugins.ml2.managers neutron_lib.exceptions.SubnetNotFound: Subnet 262a86a4-39d9-4afa-8644-f3be4b48d9f9 could not be found.
2026-05-09 18:08:18.393 10 ERROR neutron.plugins.ml2.managers 
2026-05-09 18:08:18.394 10 ERROR neutron.plugins.ml2.managers [None req-2f02279a-02d6-4357-910c-d0fca1b2ef05 - - - - - -] Failed to bind port fdbc52b8-fcc5-4570-b188-73e3436bfb9a on host instance for vnic_type normal using segments [{'id': '7ed364e1-3075-41c5-b7c6-02f5468f96e8', 'network_type': 'vxlan', 'physical_network': None, 'segmentation_id': 708, 'network_id': 'a447d886-b560-44bb-8586-5923af944f1b'}]
2026-05-09 18:08:19.211 10 INFO neutron.plugins.ml2.plugin [None req-aa3bf3be-aeb2-48e2-be44-5dd0db1d7e87 - - - - - -] Attempt 1 to provision port b1da8ab3-b920-4e20-b65c-968888eb11b8
2026-05-09 18:08:20.830 10 INFO neutron.plugins.ml2.plugin [None req-44772c37-dfd1-49bf-9f0a-257650031820 - - - - - -] Attempt 1 to provision port 7282f332-b2cc-47f5-aede-533c298161de /var/lib/openstack/lib/python3.10/site-packages/oslo_db/sqlalchemy/enginefacade.py:664: SAWarning: DELETE statement on table 'portsecuritybindings' expected to delete 1 row(s); 0 were matched. Please set confirm_deleted_rows=False within the mapper configuration to prevent this warning. self.session.flush() /var/lib/openstack/lib/python3.10/site-packages/oslo_db/sqlalchemy/enginefacade.py:664: SAWarning: DELETE statement on table 'ml2_port_bindings' expected to delete 1 row(s); 0 were matched. Please set confirm_deleted_rows=False within the mapper configuration to prevent this warning. self.session.flush() /var/lib/openstack/lib/python3.10/site-packages/oslo_db/sqlalchemy/enginefacade.py:664: SAWarning: DELETE statement on table 'ml2_port_binding_levels' expected to delete 1 row(s); 0 were matched. Please set confirm_deleted_rows=False within the mapper configuration to prevent this warning. self.session.flush() /var/lib/openstack/lib/python3.10/site-packages/oslo_db/sqlalchemy/enginefacade.py:664: SAWarning: DELETE statement on table 'ports' expected to delete 1 row(s); 0 were matched. Please set confirm_deleted_rows=False within the mapper configuration to prevent this warning. self.session.flush()
2026-05-09 18:08:25.247 9 INFO neutron.plugins.ml2.plugin [None req-aa3bf3be-aeb2-48e2-be44-5dd0db1d7e87 - - - - - -] Attempt 1 to provision port 1992faca-7200-48eb-8ac9-7bfe8f20b6bc
2026-05-09 18:08:25.522 9 INFO neutron.plugins.ml2.plugin [None req-d31f62ac-3b82-4496-9b30-a347aa3d05fb - - - - - -] Attempt 1 to provision port 1992faca-7200-48eb-8ac9-7bfe8f20b6bc
2026-05-09 18:08:25.645 9 INFO neutron.plugins.ml2.plugin [None req-d31f62ac-3b82-4496-9b30-a347aa3d05fb - - - - - -] Attempt 1 to provision port ef78bc2c-3218-41f7-973b-32cee7ebfa10
2026-05-09 18:08:25.799 9 INFO neutron.plugins.ml2.plugin [None req-f4c60e12-db48-4c8f-82e9-c8f0067f8cb8 - - - - - -] Attempt 1 to provision port ef78bc2c-3218-41f7-973b-32cee7ebfa10
2026-05-09 18:08:25.822 9 INFO neutron.plugins.ml2.plugin [None req-aa3bf3be-aeb2-48e2-be44-5dd0db1d7e87 - - - - - -] Attempt 1 to provision port 9491412d-9457-4085-8b24-9b23fafe8c74
2026-05-09 18:08:26.042 10 INFO neutron.plugins.ml2.plugin [None req-8f713428-9b05-429f-b329-9d1b83921f2e - - - - - -] Attempt 1 to provision port ef78bc2c-3218-41f7-973b-32cee7ebfa10
2026-05-09 18:08:27.235 9 INFO neutron.plugins.ml2.plugin [None req-aa3bf3be-aeb2-48e2-be44-5dd0db1d7e87 - - - - - -] Attempt 1 to provision port 1992faca-7200-48eb-8ac9-7bfe8f20b6bc
2026-05-09 18:08:27.581 9 INFO neutron.plugins.ml2.plugin [None req-aa3bf3be-aeb2-48e2-be44-5dd0db1d7e87 - - - - - -] Attempt 1 to provision port 9491412d-9457-4085-8b24-9b23fafe8c74
2026-05-09 18:08:30.633 10 INFO neutron.plugins.ml2.plugin [None req-de12a01a-ad0a-4df8-9a5a-db7564443495 - - - - - -] Attempt 1 to provision port f3333bdc-0f95-4207-92bf-a5edf12d5651
2026-05-09 18:08:31.122 9 INFO neutron.plugins.ml2.plugin [None req-35bc9aa1-549a-45de-a2ef-1ae41e984999 - - - - - -] Attempt 1 to provision port b6cb3319-890b-4767-8540-07985a434519
2026-05-09 18:08:31.197 10 INFO neutron.plugins.ml2.plugin [None req-aa3bf3be-aeb2-48e2-be44-5dd0db1d7e87 - - - - - -] Attempt 1 to provision port 9b84d4e7-2808-4e26-b924-e5729d626ae3
2026-05-09 18:08:31.364 10 INFO neutron.plugins.ml2.plugin [None req-046e9078-4d1a-4d46-bcaf-ef63dc57088e - - - - - -] Attempt 1 to provision port 9b84d4e7-2808-4e26-b924-e5729d626ae3
2026-05-09 18:08:31.755 10 INFO neutron.plugins.ml2.plugin [None req-aa3bf3be-aeb2-48e2-be44-5dd0db1d7e87 - - - - - -] Attempt 1 to provision port f3333bdc-0f95-4207-92bf-a5edf12d5651
2026-05-09 18:08:32.165 9 INFO neutron.plugins.ml2.plugin [None req-f755710d-ff70-4222-b11b-248c821dfa56 - - - - - -] Attempt 1 to provision port ad011cad-908f-4a5b-8682-9fcda7186e9c
2026-05-09 18:08:33.000 9 INFO neutron.plugins.ml2.plugin [None req-a0d1b612-0ba1-4ed9-a298-be99fd5de040 - - - - - -] Attempt 1 to provision port ad011cad-908f-4a5b-8682-9fcda7186e9c
2026-05-09 18:08:33.337 9 INFO neutron.plugins.ml2.plugin [None req-aa3bf3be-aeb2-48e2-be44-5dd0db1d7e87 - - - - - -] Attempt 1 to provision port b6cb3319-890b-4767-8540-07985a434519
2026-05-09 18:08:33.467 9 INFO neutron.notifiers.nova [-] Nova event matching ['req-a6583803-6376-4b13-8be6-37f1d0f94810'] response: {'server_uuid': '60349831-1571-4b9c-a842-a1a2add3e0ce', 'name': 'network-vif-plugged', 'status': 'completed', 'tag': 'b6cb3319-890b-4767-8540-07985a434519', 'code': 200}
2026-05-09 18:08:33.814 9 INFO neutron.plugins.ml2.plugin [None req-aa3bf3be-aeb2-48e2-be44-5dd0db1d7e87 - - - - - -] Attempt 1 to provision port f3333bdc-0f95-4207-92bf-a5edf12d5651
2026-05-09 18:08:34.110 9 INFO neutron.plugins.ml2.plugin [None req-aa3bf3be-aeb2-48e2-be44-5dd0db1d7e87 - - - - - -] Attempt 1 to provision port 9b84d4e7-2808-4e26-b924-e5729d626ae3
2026-05-09 18:08:34.673 10 INFO neutron.plugins.ml2.plugin [None req-f75362b3-f9c3-4e36-8d2c-7ba2c4e4cfca - - - - - -] Attempt 1 to provision port 04e36823-2462-4de0-9fc7-04101191f52c
2026-05-09 18:08:35.166 9 INFO neutron.plugins.ml2.plugin [None req-aa3bf3be-aeb2-48e2-be44-5dd0db1d7e87 - - - - - -] Attempt 1 to provision port b6cb3319-890b-4767-8540-07985a434519
2026-05-09 18:08:35.423 9 INFO neutron.plugins.ml2.plugin [None req-63c568ca-b3c0-44e2-bdf5-5bf68657118b - - - - - -] Attempt 1 to provision port 04e36823-2462-4de0-9fc7-04101191f52c
2026-05-09 18:08:41.235 10 INFO neutron.plugins.ml2.plugin [None req-aa3bf3be-aeb2-48e2-be44-5dd0db1d7e87 - - - - - -] Attempt 1 to provision port 7282f332-b2cc-47f5-aede-533c298161de
2026-05-09 18:08:41.704 10 INFO neutron.plugins.ml2.plugin [None req-aa3bf3be-aeb2-48e2-be44-5dd0db1d7e87 - - - - - -] Attempt 1 to provision port ef78bc2c-3218-41f7-973b-32cee7ebfa10
2026-05-09 18:08:43.332 10 INFO neutron.plugins.ml2.plugin [None req-aa3bf3be-aeb2-48e2-be44-5dd0db1d7e87 - - - - - -] Attempt 1 to provision port ef78bc2c-3218-41f7-973b-32cee7ebfa10
2026-05-09 18:08:43.423 10 INFO neutron.plugins.ml2.plugin [None req-1b7dc835-a489-4143-ada9-73aa8a08862e - - - - - -] Attempt 1 to provision port 74857fb8-cdf0-48c2-b0a1-d97dc913d57a
2026-05-09 18:08:43.477 10 INFO neutron.plugins.ml2.plugin [None req-1b7dc835-a489-4143-ada9-73aa8a08862e - - - - - -] Attempt 1 to provision port 04e23db4-2db7-42bf-bfbd-8ad9dece6e45
2026-05-09 18:08:43.748 10 INFO neutron.plugins.ml2.plugin [None req-aa3bf3be-aeb2-48e2-be44-5dd0db1d7e87 - - - - - -] Attempt 1 to provision port 7282f332-b2cc-47f5-aede-533c298161de
2026-05-09 18:08:43.990 9 INFO neutron.plugins.ml2.plugin [None req-4285f062-d4c3-4cdf-95e4-36e639270f63 - - - - - -] Attempt 1 to provision port 74857fb8-cdf0-48c2-b0a1-d97dc913d57a
2026-05-09 18:08:44.020 10 INFO neutron.plugins.ml2.plugin [None req-aa3bf3be-aeb2-48e2-be44-5dd0db1d7e87 - - - - - -] Attempt 1 to provision port 04e23db4-2db7-42bf-bfbd-8ad9dece6e45
2026-05-09 18:08:44.947 9 INFO neutron.plugins.ml2.plugin [None req-aff06349-08ec-4433-bd3a-9f284edefa41 - - - - - -] Attempt 1 to provision port 74857fb8-cdf0-48c2-b0a1-d97dc913d57a
2026-05-09 18:08:45.158 10 INFO neutron.plugins.ml2.plugin [None req-aa3bf3be-aeb2-48e2-be44-5dd0db1d7e87 - - - - - -] Attempt 1 to provision port 04e23db4-2db7-42bf-bfbd-8ad9dece6e45
2026-05-09 18:08:50.343 9 INFO neutron.plugins.ml2.plugin [None req-c1b09370-6e0f-4187-9cc6-24644db47291 - - - - - -] Attempt 1 to provision port c288abfd-d128-40df-896c-dc6ab13c44f9
2026-05-09 18:08:50.893 9 INFO neutron.plugins.ml2.plugin [None req-acb089c5-5f5b-4b11-8821-7dcccf18beda - - - - - -] Attempt 1 to provision port 433acd12-d896-4f24-8ce0-0f13c386b553
2026-05-09 18:08:51.178 10 INFO neutron.plugins.ml2.plugin [None req-aa3bf3be-aeb2-48e2-be44-5dd0db1d7e87 - - - - - -] Attempt 1 to provision port c288abfd-d128-40df-896c-dc6ab13c44f9
2026-05-09 18:08:51.502 10 INFO neutron.plugins.ml2.plugin [None req-bacbc9e0-ad4d-4f11-a417-baa1e7092853 - - - - - -] Attempt 1 to provision port 433acd12-d896-4f24-8ce0-0f13c386b553 /var/lib/openstack/lib/python3.10/site-packages/oslo_db/sqlalchemy/enginefacade.py:664: SAWarning: DELETE statement on table 'portsecuritybindings' expected to delete 1 row(s); 0 were matched. Please set confirm_deleted_rows=False within the mapper configuration to prevent this warning. self.session.flush() /var/lib/openstack/lib/python3.10/site-packages/oslo_db/sqlalchemy/enginefacade.py:664: SAWarning: DELETE statement on table 'ml2_port_bindings' expected to delete 1 row(s); 0 were matched. Please set confirm_deleted_rows=False within the mapper configuration to prevent this warning. self.session.flush() /var/lib/openstack/lib/python3.10/site-packages/oslo_db/sqlalchemy/enginefacade.py:664: SAWarning: DELETE statement on table 'ml2_port_binding_levels' expected to delete 1 row(s); 0 were matched. Please set confirm_deleted_rows=False within the mapper configuration to prevent this warning. self.session.flush() /var/lib/openstack/lib/python3.10/site-packages/oslo_db/sqlalchemy/enginefacade.py:664: SAWarning: DELETE statement on table 'ports' expected to delete 1 row(s); 0 were matched. Please set confirm_deleted_rows=False within the mapper configuration to prevent this warning. self.session.flush()
2026-05-09 18:08:55.978 9 INFO neutron.plugins.ml2.plugin [None req-cca88ea4-fb2c-41b0-bc3e-2d3a00252368 - - - - - -] Attempt 1 to provision port 53b72bb1-bf49-409d-9cae-15e605d1e3e1
2026-05-09 18:09:01.059 10 INFO neutron.plugins.ml2.plugin [None req-0c1a4574-42a9-4d1c-8831-d2be675996bb - - - - - -] Attempt 1 to provision port 9697d89f-2c80-4d7a-9a59-baf47f9a9727
2026-05-09 18:09:03.268 10 INFO neutron.plugins.ml2.plugin [None req-aa3bf3be-aeb2-48e2-be44-5dd0db1d7e87 - - - - - -] Attempt 1 to provision port 9697d89f-2c80-4d7a-9a59-baf47f9a9727
2026-05-09 18:09:03.444 10 INFO neutron.notifiers.nova [-] Nova event matching ['req-2f8bfd97-89df-471c-ab45-20af259b2786'] response: {'server_uuid': '4b4d6eef-5b6d-4b10-9927-27895a8486e0', 'name': 'network-vif-plugged', 'status': 'completed', 'tag': '9697d89f-2c80-4d7a-9a59-baf47f9a9727', 'code': 200}
2026-05-09 18:09:05.207 9 INFO neutron.plugins.ml2.plugin [None req-aa3bf3be-aeb2-48e2-be44-5dd0db1d7e87 - - - - - -] Attempt 1 to provision port 9697d89f-2c80-4d7a-9a59-baf47f9a9727
2026-05-09 18:09:21.361 9 INFO neutron.plugins.ml2.plugin [None req-aa3bf3be-aeb2-48e2-be44-5dd0db1d7e87 - - - - - -] Attempt 1 to provision port 2ab58547-8fe7-4283-899d-121531127072
2026-05-09 18:09:22.488 9 INFO neutron.plugins.ml2.plugin [None req-7f279a5e-7175-4f71-8775-c154a180af15 - - - - - -] Attempt 1 to provision port 2ab58547-8fe7-4283-899d-121531127072
2026-05-09 18:09:23.163 9 INFO neutron.plugins.ml2.plugin [None req-1ae3baa1-708f-45a7-aa98-5334d83b036e - - - - - -] Attempt 1 to provision port 205e8324-1902-4351-ba6e-cbe212770ec5
2026-05-09 18:09:23.599 9 INFO neutron.plugins.ml2.plugin [None req-aa3bf3be-aeb2-48e2-be44-5dd0db1d7e87 - - - - - -] Attempt 1 to provision port 2ab58547-8fe7-4283-899d-121531127072
2026-05-09 18:09:23.755 9 INFO neutron.plugins.ml2.plugin [None req-e82661a9-7978-43f2-b058-d837a136d411 - - - - - -] Attempt 1 to provision port ee100800-7492-40cf-a9eb-4b463e1721be
2026-05-09 18:09:24.039 9 INFO neutron.plugins.ml2.plugin [None req-aa3bf3be-aeb2-48e2-be44-5dd0db1d7e87 - - - - - -] Attempt 1 to provision port ac3cc0e7-8ee1-4836-af71-e488b1e6b354
2026-05-09 18:09:24.599 10 INFO neutron.plugins.ml2.plugin [None req-afdc816f-ffa3-4dfd-9836-d24835b3096f - - - - - -] Attempt 1 to provision port ac3cc0e7-8ee1-4836-af71-e488b1e6b354
2026-05-09 18:09:24.927 10 INFO neutron.plugins.ml2.plugin [None req-c6d2bea0-05f0-490e-8bc1-87955165bd82 - - - - - -] Attempt 1 to provision port 8f568baa-0db5-458a-a056-e9f4473c1ee6
2026-05-09 18:09:35.328 9 INFO neutron.plugins.ml2.plugin [None req-aa3bf3be-aeb2-48e2-be44-5dd0db1d7e87 - - - - - -] Attempt 1 to provision port dffb8361-9998-4782-9fc9-caa21809006d
2026-05-09 18:09:36.182 9 INFO neutron.plugins.ml2.plugin [None req-aa3bf3be-aeb2-48e2-be44-5dd0db1d7e87 - - - - - -] Attempt 1 to provision port f29f2666-9d08-4ab1-b466-c1fdd6dfc0b0
2026-05-09 18:09:36.259 9 INFO neutron.plugins.ml2.plugin [None req-31b71140-c5f0-45b1-9900-70ba766d21b0 - - - - - -] Attempt 1 to provision port dffb8361-9998-4782-9fc9-caa21809006d
2026-05-09 18:09:37.304 9 INFO neutron.plugins.ml2.plugin [None req-aa3bf3be-aeb2-48e2-be44-5dd0db1d7e87 - - - - - -] Attempt 1 to provision port dffb8361-9998-4782-9fc9-caa21809006d
2026-05-09 18:09:37.428 10 INFO neutron.plugins.ml2.plugin [None req-7aca3a42-5ec9-4276-866d-070193a0869c - - - - - -] Attempt 1 to provision port f29f2666-9d08-4ab1-b466-c1fdd6dfc0b0
2026-05-09 18:09:37.625 9 INFO neutron.plugins.ml2.plugin [None req-aa3bf3be-aeb2-48e2-be44-5dd0db1d7e87 - - - - - -] Attempt 1 to provision port f52e29f7-8976-4d3b-aa2d-974f7dc5461f
2026-05-09 18:09:37.630 10 INFO neutron.plugins.ml2.plugin [None req-dc9374c8-0690-4016-a043-67dc63dd9132 - - - - - -] Attempt 1 to provision port 6d9b0fea-6680-4620-8b4d-28f6a4e66b0b
2026-05-09 18:09:38.131 9 INFO neutron.plugins.ml2.plugin [None req-aa3bf3be-aeb2-48e2-be44-5dd0db1d7e87 - - - - - -] Attempt 1 to provision port f29f2666-9d08-4ab1-b466-c1fdd6dfc0b0
2026-05-09 18:09:38.290 10 INFO neutron.plugins.ml2.plugin [None req-de7c2b2a-1d81-4786-a475-d3aed98ed254 - - - - - -] Attempt 1 to provision port dffb8361-9998-4782-9fc9-caa21809006d
2026-05-09 18:09:38.472 10 INFO neutron.plugins.ml2.plugin [None req-fb686707-2e12-480a-b15f-733642eecf80 - - - - - -] Attempt 1 to provision port f52e29f7-8976-4d3b-aa2d-974f7dc5461f
2026-05-09 18:09:39.191 9 INFO neutron.plugins.ml2.plugin [None req-aa3bf3be-aeb2-48e2-be44-5dd0db1d7e87 - - - - - -] Attempt 1 to provision port f52e29f7-8976-4d3b-aa2d-974f7dc5461f
2026-05-09 18:09:39.281 10 INFO neutron.plugins.ml2.plugin [None req-44dbc498-b465-486c-9fd3-8176dfd792cf - - - - - -] Attempt 1 to provision port f29f2666-9d08-4ab1-b466-c1fdd6dfc0b0
2026-05-09 18:09:39.893 9 INFO neutron.plugins.ml2.plugin [None req-0ffe8263-def4-4071-b6dc-08224d5414b9 - - - - - -] Attempt 1 to provision port f52e29f7-8976-4d3b-aa2d-974f7dc5461f
2026-05-09 18:09:40.393 9 INFO neutron.plugins.ml2.plugin [None req-f15a3b57-aa24-47c2-be2c-12a128fcef99 - - - - - -] Attempt 1 to provision port dfd8ffae-7f09-4f1f-97ca-62b750f1ba1d
2026-05-09 18:09:41.150 9 INFO neutron.plugins.ml2.plugin [None req-f76e50fb-c856-4ee3-bbc2-aa06f00d79ac - - - - - -] Attempt 1 to provision port dfd8ffae-7f09-4f1f-97ca-62b750f1ba1d
2026-05-09 18:09:41.232 10 INFO neutron.plugins.ml2.plugin [None req-aa3bf3be-aeb2-48e2-be44-5dd0db1d7e87 - - - - - -] Attempt 1 to provision port f09ae22d-5e16-4c91-af6f-21204f888119
2026-05-09 18:09:42.224 10 INFO neutron.plugins.ml2.plugin [None req-1082f1a5-7a89-4fb0-9854-bd125436fbd4 - - - - - -] Attempt 1 to provision port 9186c5a7-31fc-49b5-bbe3-ed472e3de34c
2026-05-09 18:09:42.877 10 INFO neutron.plugins.ml2.plugin [None req-e7bf5f92-0422-4da1-a948-79183efa0e09 - - - - - -] Attempt 1 to provision port 9186c5a7-31fc-49b5-bbe3-ed472e3de34c
2026-05-09 18:09:43.183 10 INFO neutron.plugins.ml2.plugin [None req-aa3bf3be-aeb2-48e2-be44-5dd0db1d7e87 - - - - - -] Attempt 1 to provision port f09ae22d-5e16-4c91-af6f-21204f888119
2026-05-09 18:09:43.922 10 INFO neutron.plugins.ml2.plugin [None req-bfa2a2cd-1319-4ada-893f-856fe107a873 - - - - - -] Attempt 1 to provision port c49e2c6f-5e4e-486b-b6a6-6641ffbb32e0
2026-05-09 18:09:45.185 9 INFO neutron.plugins.ml2.plugin [None req-86bf4b97-506f-41d5-8049-71f9afcd9661 - - - - - -] Attempt 1 to provision port c49e2c6f-5e4e-486b-b6a6-6641ffbb32e0
2026-05-09 18:09:45.248 10 INFO neutron.plugins.ml2.plugin [None req-aa3bf3be-aeb2-48e2-be44-5dd0db1d7e87 - - - - - -] Attempt 1 to provision port ed1bbf95-86df-4d56-9f88-c39d3ff9bb49
2026-05-09 18:09:53.400 9 INFO neutron.plugins.ml2.plugin [None req-aa3bf3be-aeb2-48e2-be44-5dd0db1d7e87 - - - - - -] Attempt 1 to provision port 36d35690-2752-4b23-b451-c425b568aa56
2026-05-09 18:09:53.560 9 INFO neutron.notifiers.nova [-] Nova event matching ['req-2ed1d1f3-21f2-4c87-9293-3b169ed41a5e'] response: {'server_uuid': 'efe6cb05-ffde-44a2-85d8-455d97c6eb54', 'name': 'network-vif-plugged', 'status': 'completed', 'tag': '36d35690-2752-4b23-b451-c425b568aa56', 'code': 200}
2026-05-09 18:09:55.216 10 INFO neutron.plugins.ml2.plugin [None req-aa3bf3be-aeb2-48e2-be44-5dd0db1d7e87 - - - - - -] Attempt 1 to provision port 36d35690-2752-4b23-b451-c425b568aa56
2026-05-09 18:09:59.247 9 INFO neutron.plugins.ml2.plugin [None req-aa3bf3be-aeb2-48e2-be44-5dd0db1d7e87 - - - - - -] Attempt 1 to provision port 9186c5a7-31fc-49b5-bbe3-ed472e3de34c
2026-05-09 18:09:59.652 9 INFO neutron.plugins.ml2.plugin [None req-aa3bf3be-aeb2-48e2-be44-5dd0db1d7e87 - - - - - -] Attempt 1 to provision port 6d9b0fea-6680-4620-8b4d-28f6a4e66b0b
2026-05-09 18:10:00.024 9 INFO neutron.plugins.ml2.plugin [None req-aa3bf3be-aeb2-48e2-be44-5dd0db1d7e87 - - - - - -] Attempt 1 to provision port c49e2c6f-5e4e-486b-b6a6-6641ffbb32e0
2026-05-09 18:10:00.498 9 INFO neutron.plugins.ml2.plugin [None req-aa3bf3be-aeb2-48e2-be44-5dd0db1d7e87 - - - - - -] Attempt 1 to provision port dfd8ffae-7f09-4f1f-97ca-62b750f1ba1d
2026-05-09 18:10:01.377 10 INFO neutron.plugins.ml2.plugin [None req-aa3bf3be-aeb2-48e2-be44-5dd0db1d7e87 - - - - - -] Attempt 1 to provision port 7a701b12-5784-48a8-8c0b-00dd82132f1e
2026-05-09 18:10:01.524 10 INFO neutron.notifiers.nova [-] Nova event matching ['req-10e0cb73-03bb-4400-a916-6da81bc42284'] response: {'server_uuid': '981e591b-39d2-4e1e-b468-2aa4dcffb0b2', 'name': 'network-vif-plugged', 'status': 'completed', 'tag': '7a701b12-5784-48a8-8c0b-00dd82132f1e', 'code': 200}
2026-05-09 18:10:01.794 10 INFO neutron.plugins.ml2.plugin [None req-aa3bf3be-aeb2-48e2-be44-5dd0db1d7e87 - - - - - -] Attempt 1 to provision port 9186c5a7-31fc-49b5-bbe3-ed472e3de34c
2026-05-09 18:10:02.090 10 INFO neutron.plugins.ml2.plugin [None req-aa3bf3be-aeb2-48e2-be44-5dd0db1d7e87 - - - - - -] Attempt 1 to provision port 6d9b0fea-6680-4620-8b4d-28f6a4e66b0b
2026-05-09 18:10:02.272 10 INFO neutron.plugins.ml2.plugin [None req-aa3bf3be-aeb2-48e2-be44-5dd0db1d7e87 - - - - - -] Attempt 1 to provision port c49e2c6f-5e4e-486b-b6a6-6641ffbb32e0
2026-05-09 18:10:02.520 10 INFO neutron.plugins.ml2.plugin [None req-aa3bf3be-aeb2-48e2-be44-5dd0db1d7e87 - - - - - -] Attempt 1 to provision port dfd8ffae-7f09-4f1f-97ca-62b750f1ba1d
2026-05-09 18:10:03.216 9 INFO neutron.plugins.ml2.plugin [None req-aa3bf3be-aeb2-48e2-be44-5dd0db1d7e87 - - - - - -] Attempt 1 to provision port 7a701b12-5784-48a8-8c0b-00dd82132f1e
2026-05-09 18:10:20.291 9 INFO neutron.plugins.ml2.plugin [None req-433997bc-5885-47c1-9dd7-24285141f91e - - - - - -] Attempt 1 to provision port 2578d04b-02ce-479e-a256-eb61146fad4d
2026-05-09 18:10:33.464 9 INFO neutron.plugins.ml2.plugin [None req-3158238f-8ba1-4a65-8e28-47df34f12068 - - - - - -] Attempt 1 to provision port decc70bb-571f-4632-b3c0-43f3f3b33f47
2026-05-09 18:10:35.308 9 INFO neutron.plugins.ml2.plugin [None req-aa3bf3be-aeb2-48e2-be44-5dd0db1d7e87 - - - - - -] Attempt 1 to provision port decc70bb-571f-4632-b3c0-43f3f3b33f47
2026-05-09 18:10:35.454 9 INFO neutron.notifiers.nova [-] Nova event matching ['req-2bdfad2d-9ab4-4fc7-a29c-2afa6ed7e602'] response: {'server_uuid': '090f4340-e3a2-4cb0-bc31-f467fd06d25e', 'name': 'network-vif-plugged', 'status': 'completed', 'tag': 'decc70bb-571f-4632-b3c0-43f3f3b33f47', 'code': 200}
2026-05-09 18:10:37.267 10 INFO neutron.plugins.ml2.plugin [None req-aa3bf3be-aeb2-48e2-be44-5dd0db1d7e87 - - - - - -] Attempt 1 to provision port decc70bb-571f-4632-b3c0-43f3f3b33f47
2026-05-09 18:11:14.436 10 INFO neutron.plugins.ml2.plugin [None req-20c99c1b-3190-4a36-a27e-3461f96451bf - - - - - -] Attempt 1 to provision port f77f861f-b287-48ae-bf7f-c563918788b3
2026-05-09 18:11:17.337 10 INFO neutron.plugins.ml2.plugin [None req-aa3bf3be-aeb2-48e2-be44-5dd0db1d7e87 - - - - - -] Attempt 1 to provision port f77f861f-b287-48ae-bf7f-c563918788b3
2026-05-09 18:11:17.564 10 INFO neutron.notifiers.nova [-] Nova event matching ['req-99671e7b-6bf1-40a5-be33-043a9149ad1c'] response: {'server_uuid': '090f4340-e3a2-4cb0-bc31-f467fd06d25e', 'name': 'network-vif-plugged', 'status': 'completed', 'tag': 'f77f861f-b287-48ae-bf7f-c563918788b3', 'code': 200}
2026-05-09 18:11:19.285 9 INFO neutron.plugins.ml2.plugin [None req-aa3bf3be-aeb2-48e2-be44-5dd0db1d7e87 - - - - - -] Attempt 1 to provision port f77f861f-b287-48ae-bf7f-c563918788b3
2026-05-09 18:11:38.654 9 INFO neutron.plugins.ml2.plugin [None req-84477aed-2bb9-4780-a216-21d1c09e34d5 - - - - - -] Attempt 1 to provision port eba0c50e-c169-43ed-8a12-6990f3074275
2026-05-09 18:11:43.318 10 INFO neutron.plugins.ml2.plugin [None req-aa3bf3be-aeb2-48e2-be44-5dd0db1d7e87 - - - - - -] Attempt 1 to provision port eba0c50e-c169-43ed-8a12-6990f3074275
2026-05-09 18:11:43.449 10 INFO neutron.notifiers.nova [-] Nova event matching ['req-8e630ac9-664b-4cab-9132-6985b5341cdc'] response: {'server_uuid': '090f4340-e3a2-4cb0-bc31-f467fd06d25e', 'name': 'network-vif-plugged', 'status': 'completed', 'tag': 'eba0c50e-c169-43ed-8a12-6990f3074275', 'code': 200}
2026-05-09 18:11:45.288 9 INFO neutron.plugins.ml2.plugin [None req-aa3bf3be-aeb2-48e2-be44-5dd0db1d7e87 - - - - - -] Attempt 1 to provision port eba0c50e-c169-43ed-8a12-6990f3074275
2026-05-09 18:11:55.325 10 INFO neutron.plugins.ml2.plugin [None req-aa3bf3be-aeb2-48e2-be44-5dd0db1d7e87 - - - - - -] Attempt 1 to provision port dcbba4d0-956a-4369-89fd-76629208c189
2026-05-09 18:11:55.868 10 INFO neutron.plugins.ml2.plugin [None req-1af555f2-fdb5-444b-aa79-482ff297075e - - - - - -] Attempt 1 to provision port dcbba4d0-956a-4369-89fd-76629208c189
2026-05-09 18:11:56.009 10 INFO neutron.notifiers.nova [-] Nova event matching ['req-b997b695-e6c7-4502-b198-f9dac56f3cde'] response: {'server_uuid': '090f4340-e3a2-4cb0-bc31-f467fd06d25e', 'name': 'network-vif-plugged', 'status': 'completed', 'tag': 'dcbba4d0-956a-4369-89fd-76629208c189', 'code': 200}
2026-05-09 18:11:57.369 9 INFO neutron.plugins.ml2.plugin [None req-aa3bf3be-aeb2-48e2-be44-5dd0db1d7e87 - - - - - -] Attempt 1 to provision port dcbba4d0-956a-4369-89fd-76629208c189
2026-05-09 18:12:05.949 9 INFO neutron.plugins.ml2.plugin [None req-0b998d4e-3032-4e3d-9671-9888193f141e - - - - - -] Attempt 1 to provision port dcbba4d0-956a-4369-89fd-76629208c189
2026-05-09 18:12:07.402 10 INFO neutron.plugins.ml2.plugin [None req-aa3bf3be-aeb2-48e2-be44-5dd0db1d7e87 - - - - - -] Attempt 1 to provision port dcbba4d0-956a-4369-89fd-76629208c189
2026-05-09 18:12:36.797 10 INFO neutron.plugins.ml2.plugin [None req-aefe7b7b-b89d-44b8-a554-1bb5e6e93637 - - - - - -] Attempt 1 to provision port eba0c50e-c169-43ed-8a12-6990f3074275
2026-05-09 18:12:37.373 9 INFO neutron.plugins.ml2.plugin [None req-aa3bf3be-aeb2-48e2-be44-5dd0db1d7e87 - - - - - -] Attempt 1 to provision port eba0c50e-c169-43ed-8a12-6990f3074275
2026-05-09 18:12:57.603 10 INFO neutron.notifiers.nova [-] Nova event matching ['req-b4fc2f09-1b38-4f7c-b939-4d57c244c315'] response: {'server_uuid': '090f4340-e3a2-4cb0-bc31-f467fd06d25e', 'name': 'network-vif-unplugged', 'status': 'completed', 'tag': 'eba0c50e-c169-43ed-8a12-6990f3074275', 'code': 200}