2026-09-19 18:21:51.361 8 INFO placement.requestlog [None req-962ade64-329d-49eb-9e80-e24e9cdc5119 - - - - - -] 10.0.0.48 "GET /" status: 200 len: 136 microversion: 1.0
2026-09-19 18:21:51.361 7 INFO placement.requestlog [None req-b0fabd71-6b06-44bb-9220-5b775162f46e - - - - - -] 10.0.0.48 "GET /" status: 200 len: 136 microversion: 1.0
2026-09-19 18:22:01.361 8 INFO placement.requestlog [None req-99c934c9-04f6-4ec5-9650-8891f70d34f9 - - - - - -] 10.0.0.48 "GET /" status: 200 len: 136 microversion: 1.0
2026-09-19 18:22:01.361 7 INFO placement.requestlog [None req-26eda779-89f9-405e-9b51-6cd75f5d3484 - - - - - -] 10.0.0.48 "GET /" status: 200 len: 136 microversion: 1.0
2026-09-19 18:22:11.361 8 INFO placement.requestlog [None req-87d77620-5f14-43b7-bae7-bad4a70d5d2e - - - - - -] 10.0.0.48 "GET /" status: 200 len: 136 microversion: 1.0
2026-09-19 18:22:11.361 7 INFO placement.requestlog [None req-1cb602b7-2c88-4c88-8e4d-03947053b9e1 - - - - - -] 10.0.0.48 "GET /" status: 200 len: 136 microversion: 1.0
2026-09-19 18:22:21.362 7 INFO placement.requestlog [None req-f6038e8e-3d69-4976-858b-06b0a2f545c1 - - - - - -] 10.0.0.48 "GET /" status: 200 len: 136 microversion: 1.0
2026-09-19 18:22:21.364 8 INFO placement.requestlog [None req-405c83fc-9479-4eca-adbb-62318fc4d0d6 - - - - - -] 10.0.0.48 "GET /" status: 200 len: 136 microversion: 1.0
2026-09-19 18:22:31.361 7 INFO placement.requestlog [None req-93601de2-4006-40b0-9533-7e058ca33bcb - - - - - -] 10.0.0.48 "GET /" status: 200 len: 136 microversion: 1.0
2026-09-19 18:22:31.361 8 INFO placement.requestlog [None req-b3c8808f-c5ae-4dcc-b722-76cb0c3a71a9 - - - - - -] 10.0.0.48 "GET /" status: 200 len: 136 microversion: 1.0
2026-09-19 18:22:34.743 7 INFO placement.requestlog [req-0a4a2b65-d7d9-42df-93c8-b3f7b03bee89 req-87f7cc2b-37fa-42bf-9603-731a228b4e09 16c3c8faff134acdb2026d6176311868 a779e2c302934e42acfd0eed113402a1 - - 59efac4db3ad48058599b4df15e3845e 59efac4db3ad48058599b4df15e3845e] 162.253.55.123 "GET /resource_providers/dd47e6c4-ad6f-4d21-8dc0-07c8300ea158/allocations" status: 200 len: 54 microversion: 1.0 [pid: 7|app: 0|req: 297/595] 162.253.55.123 () {32 vars in 856 bytes} [Sat Sep 19 18:22:34 2026] GET /resource_providers/dd47e6c4-ad6f-4d21-8dc0-07c8300ea158/allocations => generated 54 bytes in 171 msecs (HTTP/1.1 200) 6 headers in 223 bytes (1 switches on core 0)
2026-09-19 18:22:34.781 8 INFO placement.requestlog [req-0a4a2b65-d7d9-42df-93c8-b3f7b03bee89 req-0f95661a-4730-4df2-aa4d-df01ed81342d 16c3c8faff134acdb2026d6176311868 a779e2c302934e42acfd0eed113402a1 - - 59efac4db3ad48058599b4df15e3845e 59efac4db3ad48058599b4df15e3845e] 162.253.55.123 "GET /resource_providers?in_tree=dd47e6c4-ad6f-4d21-8dc0-07c8300ea158" status: 200 len: 797 microversion: 1.14 [pid: 8|app: 0|req: 299/596] 162.253.55.123 () {34 vars in 891 bytes} [Sat Sep 19 18:22:34 2026] GET /resource_providers?in_tree=dd47e6c4-ad6f-4d21-8dc0-07c8300ea158 => generated 797 bytes in 31 msecs (HTTP/1.1 200) 6 headers in 225 bytes (1 switches on core 0)
2026-09-19 18:22:34.802 7 INFO placement.requestlog [req-0a4a2b65-d7d9-42df-93c8-b3f7b03bee89 req-72ab5e60-1a2f-484a-a2c5-e58f9893f60a 16c3c8faff134acdb2026d6176311868 a779e2c302934e42acfd0eed113402a1 - - 59efac4db3ad48058599b4df15e3845e 59efac4db3ad48058599b4df15e3845e] 162.253.55.123 "GET /resource_providers/dd47e6c4-ad6f-4d21-8dc0-07c8300ea158/inventories" status: 200 len: 400 microversion: 1.0 [pid: 7|app: 0|req: 298/597] 162.253.55.123 () {32 vars in 856 bytes} [Sat Sep 19 18:22:34 2026] GET /resource_providers/dd47e6c4-ad6f-4d21-8dc0-07c8300ea158/inventories => generated 400 bytes in 14 msecs (HTTP/1.1 200) 6 headers in 224 bytes (1 switches on core 0)
2026-09-19 18:22:34.821 8 INFO placement.requestlog [req-0a4a2b65-d7d9-42df-93c8-b3f7b03bee89 req-01950126-88c2-496e-b76d-a36c9bde6f24 16c3c8faff134acdb2026d6176311868 a779e2c302934e42acfd0eed113402a1 - - 59efac4db3ad48058599b4df15e3845e 59efac4db3ad48058599b4df15e3845e] 162.253.55.123 "GET /resource_providers/dd47e6c4-ad6f-4d21-8dc0-07c8300ea158/aggregates" status: 200 len: 53 microversion: 1.19 [pid: 8|app: 0|req: 300/598] 162.253.55.123 () {34 vars in 898 bytes} [Sat Sep 19 18:22:34 2026] GET /resource_providers/dd47e6c4-ad6f-4d21-8dc0-07c8300ea158/aggregates => generated 53 bytes in 14 msecs (HTTP/1.1 200) 8 headers in 295 bytes (1 switches on core 0)
2026-09-19 18:22:34.853 7 INFO placement.requestlog [req-0a4a2b65-d7d9-42df-93c8-b3f7b03bee89 req-9d8e025b-90c8-4103-b410-510401d13963 16c3c8faff134acdb2026d6176311868 a779e2c302934e42acfd0eed113402a1 - - 59efac4db3ad48058599b4df15e3845e 59efac4db3ad48058599b4df15e3845e] 162.253.55.123 "GET /resource_providers/dd47e6c4-ad6f-4d21-8dc0-07c8300ea158/traits" status: 200 len: 2175 microversion: 1.6 [pid: 7|app: 0|req: 299/599] 162.253.55.123 () {34 vars in 889 bytes} [Sat Sep 19 18:22:34 2026] GET /resource_providers/dd47e6c4-ad6f-4d21-8dc0-07c8300ea158/traits => generated 2175 bytes in 27 msecs (HTTP/1.1 200) 6 headers in 225 bytes (1 switches on core 0)
2026-09-19 18:22:34.874 8 INFO placement.requestlog [req-0a4a2b65-d7d9-42df-93c8-b3f7b03bee89 req-848e2439-ccca-47d6-aded-0dca5a92a4b3 16c3c8faff134acdb2026d6176311868 a779e2c302934e42acfd0eed113402a1 - - 59efac4db3ad48058599b4df15e3845e 59efac4db3ad48058599b4df15e3845e] 162.253.55.123 "GET /resource_providers/dd47e6c4-ad6f-4d21-8dc0-07c8300ea158/allocations" status: 200 len: 54 microversion: 1.0 [pid: 8|app: 0|req: 301/600] 162.253.55.123 () {32 vars in 856 bytes} [Sat Sep 19 18:22:34 2026] GET /resource_providers/dd47e6c4-ad6f-4d21-8dc0-07c8300ea158/allocations => generated 54 bytes in 15 msecs (HTTP/1.1 200) 6 headers in 223 bytes (1 switches on core 0)
2026-09-19 18:22:41.360 7 INFO placement.requestlog [None req-cb967b4f-7b26-4ea6-afb6-4c25cc549921 - - - - - -] 10.0.0.48 "GET /" status: 200 len: 136 microversion: 1.0
2026-09-19 18:22:41.360 8 INFO placement.requestlog [None req-473681d4-73ca-4af2-bddb-f2e23f3cba97 - - - - - -] 10.0.0.48 "GET /" status: 200 len: 136 microversion: 1.0
2026-09-19 18:22:51.361 7 INFO placement.requestlog [None req-fcf44a38-0167-46b9-9be4-d9550a5ad669 - - - - - -] 10.0.0.48 "GET /" status: 200 len: 136 microversion: 1.0
2026-09-19 18:22:51.361 8 INFO placement.requestlog [None req-06ac06c0-bc03-4ef2-b651-d68f1241e947 - - - - - -] 10.0.0.48 "GET /" status: 200 len: 136 microversion: 1.0
2026-09-19 18:23:01.360 8 INFO placement.requestlog [None req-551c9b9e-f497-4cd4-8ee5-11cea2cf8362 - - - - - -] 10.0.0.48 "GET /" status: 200 len: 136 microversion: 1.0
2026-09-19 18:23:01.361 7 INFO placement.requestlog [None req-2130ae74-3943-4ea5-8f35-f1b44dc89543 - - - - - -] 10.0.0.48 "GET /" status: 200 len: 136 microversion: 1.0
2026-09-19 18:23:11.361 8 INFO placement.requestlog [None req-6d3c9074-4e29-48eb-a83b-389b5e54d4a4 - - - - - -] 10.0.0.48 "GET /" status: 200 len: 136 microversion: 1.0
2026-09-19 18:23:11.361 7 INFO placement.requestlog [None req-4a006582-9867-4693-8a97-62b2da2e6d64 - - - - - -] 10.0.0.48 "GET /" status: 200 len: 136 microversion: 1.0
2026-09-19 18:23:21.360 8 INFO placement.requestlog [None req-8abf9392-7efa-44c2-ad66-a469790f818d - - - - - -] 10.0.0.48 "GET /" status: 200 len: 136 microversion: 1.0
2026-09-19 18:23:21.361 7 INFO placement.requestlog [None req-b477a7a1-8bfa-4135-9524-294ea517fd9c - - - - - -] 10.0.0.48 "GET /" status: 200 len: 136 microversion: 1.0
2026-09-19 18:23:31.360 8 INFO placement.requestlog [None req-77dcef2e-8856-4d9e-8574-9d6dc17683f6 - - - - - -] 10.0.0.48 "GET /" status: 200 len: 136 microversion: 1.0
2026-09-19 18:23:31.360 7 INFO placement.requestlog [None req-87206395-6a9d-416e-99c4-aac185ffbe9f - - - - - -] 10.0.0.48 "GET /" status: 200 len: 136 microversion: 1.0
2026-09-19 18:23:34.639 7 INFO placement.requestlog [req-e935c512-45d0-41cd-8d10-b977c241af40 req-35add67d-ac2a-47ff-a9b8-55630eb45c6e 16c3c8faff134acdb2026d6176311868 a779e2c302934e42acfd0eed113402a1 - - 59efac4db3ad48058599b4df15e3845e 59efac4db3ad48058599b4df15e3845e] 162.253.55.123 "GET /resource_providers/dd47e6c4-ad6f-4d21-8dc0-07c8300ea158/allocations" status: 200 len: 54 microversion: 1.0 [pid: 7|app: 0|req: 306/613] 162.253.55.123 () {32 vars in 856 bytes} [Sat Sep 19 18:23:34 2026] GET /resource_providers/dd47e6c4-ad6f-4d21-8dc0-07c8300ea158/allocations => generated 54 bytes in 19 msecs (HTTP/1.1 200) 6 headers in 223 bytes (1 switches on core 0)
2026-09-19 18:23:34.666 8 INFO placement.requestlog [req-e935c512-45d0-41cd-8d10-b977c241af40 req-ad2e675c-fc2a-4080-9ab0-36b28e401769 16c3c8faff134acdb2026d6176311868 a779e2c302934e42acfd0eed113402a1 - - 59efac4db3ad48058599b4df15e3845e 59efac4db3ad48058599b4df15e3845e] 162.253.55.123 "GET /resource_providers/dd47e6c4-ad6f-4d21-8dc0-07c8300ea158/allocations" status: 200 len: 54 microversion: 1.0 [pid: 8|app: 0|req: 308/614] 162.253.55.123 () {32 vars in 856 bytes} [Sat Sep 19 18:23:34 2026] GET /resource_providers/dd47e6c4-ad6f-4d21-8dc0-07c8300ea158/allocations => generated 54 bytes in 18 msecs (HTTP/1.1 200) 6 headers in 223 bytes (1 switches on core 0)
2026-09-19 18:23:41.363 8 INFO placement.requestlog [None req-6004da07-1e09-40d6-b17d-5ee7426969f6 - - - - - -] 10.0.0.48 "GET /" status: 200 len: 136 microversion: 1.0
2026-09-19 18:23:41.364 7 INFO placement.requestlog [None req-50f8cb4f-c19f-4a13-b2bd-aa7875456842 - - - - - -] 10.0.0.48 "GET /" status: 200 len: 136 microversion: 1.0
2026-09-19 18:23:51.360 8 INFO placement.requestlog [None req-d7dccda0-cc50-4a68-86db-b61c0380c545 - - - - - -] 10.0.0.48 "GET /" status: 200 len: 136 microversion: 1.0
2026-09-19 18:23:51.361 7 INFO placement.requestlog [None req-010db257-c161-4ab1-8478-c68b48a4f110 - - - - - -] 10.0.0.48 "GET /" status: 200 len: 136 microversion: 1.0
2026-09-19 18:24:01.360 8 INFO placement.requestlog [None req-19b3c5de-cf0e-4563-9518-e9a2e90c931f - - - - - -] 10.0.0.48 "GET /" status: 200 len: 136 microversion: 1.0
2026-09-19 18:24:01.361 7 INFO placement.requestlog [None req-f7c023a6-648c-4623-b63c-5feee1594f26 - - - - - -] 10.0.0.48 "GET /" status: 200 len: 136 microversion: 1.0
2026-09-19 18:24:11.361 8 INFO placement.requestlog [None req-f2cf0d4f-430f-42a9-a48f-1c1650c1c66f - - - - - -] 10.0.0.48 "GET /" status: 200 len: 136 microversion: 1.0
2026-09-19 18:24:11.361 7 INFO placement.requestlog [None req-c4bf2d69-b720-4694-b07b-33d42f94d531 - - - - - -] 10.0.0.48 "GET /" status: 200 len: 136 microversion: 1.0
2026-09-19 18:24:21.361 8 INFO placement.requestlog [None req-93a89a4b-0314-43f8-aa46-8e3857ff6c27 - - - - - -] 10.0.0.48 "GET /" status: 200 len: 136 microversion: 1.0
2026-09-19 18:24:21.361 7 INFO placement.requestlog [None req-63793c6f-7031-4b97-8401-c9c21dfbfbfd - - - - - -] 10.0.0.48 "GET /" status: 200 len: 136 microversion: 1.0
2026-09-19 18:24:31.361 7 INFO placement.requestlog [None req-1675cd20-44a8-4610-9f2a-29ad77fb7ad0 - - - - - -] 10.0.0.48 "GET /" status: 200 len: 136 microversion: 1.0
2026-09-19 18:24:31.361 8 INFO placement.requestlog [None req-2396c799-ad28-4efa-bb45-a7b327c50ee3 - - - - - -] 10.0.0.48 "GET /" status: 200 len: 136 microversion: 1.0
2026-09-19 18:24:36.571 8 INFO placement.requestlog [req-5575faf7-3f1f-4daa-ace4-da3ad7aacb78 req-790e6c08-aeae-447b-b143-8e3e98aff828 16c3c8faff134acdb2026d6176311868 a779e2c302934e42acfd0eed113402a1 - - 59efac4db3ad48058599b4df15e3845e 59efac4db3ad48058599b4df15e3845e] 162.253.55.123 "GET /resource_providers/dd47e6c4-ad6f-4d21-8dc0-07c8300ea158/allocations" status: 200 len: 54 microversion: 1.0 [pid: 8|app: 0|req: 315/627] 162.253.55.123 () {32 vars in 856 bytes} [Sat Sep 19 18:24:36 2026] GET /resource_providers/dd47e6c4-ad6f-4d21-8dc0-07c8300ea158/allocations => generated 54 bytes in 26 msecs (HTTP/1.1 200) 6 headers in 223 bytes (1 switches on core 0)
2026-09-19 18:24:36.602 7 INFO placement.requestlog [req-5575faf7-3f1f-4daa-ace4-da3ad7aacb78 req-a76328dd-520f-4267-8940-52938393e6fa 16c3c8faff134acdb2026d6176311868 a779e2c302934e42acfd0eed113402a1 - - 59efac4db3ad48058599b4df15e3845e 59efac4db3ad48058599b4df15e3845e] 162.253.55.123 "GET /resource_providers/dd47e6c4-ad6f-4d21-8dc0-07c8300ea158/allocations" status: 200 len: 54 microversion: 1.0 [pid: 7|app: 0|req: 313/628] 162.253.55.123 () {32 vars in 856 bytes} [Sat Sep 19 18:24:36 2026] GET /resource_providers/dd47e6c4-ad6f-4d21-8dc0-07c8300ea158/allocations => generated 54 bytes in 20 msecs (HTTP/1.1 200) 6 headers in 223 bytes (1 switches on core 0)
2026-09-19 18:24:41.361 8 INFO placement.requestlog [None req-6f0be838-d30d-4a70-adda-d3588b52bfb1 - - - - - -] 10.0.0.48 "GET /" status: 200 len: 136 microversion: 1.0
2026-09-19 18:24:41.362 7 INFO placement.requestlog [None req-5646da5c-9d0f-4e9b-b93b-eeec55e1dfaf - - - - - -] 10.0.0.48 "GET /" status: 200 len: 136 microversion: 1.0
2026-09-19 18:24:51.361 8 INFO placement.requestlog [None req-d25e0391-4ca2-4bb4-8bee-b1b494746bde - - - - - -] 10.0.0.48 "GET /" status: 200 len: 136 microversion: 1.0
2026-09-19 18:24:51.362 7 INFO placement.requestlog [None req-d35a7378-5c60-4e1b-a406-91a76516ccec - - - - - -] 10.0.0.48 "GET /" status: 200 len: 136 microversion: 1.0
2026-09-19 18:25:01.361 8 INFO placement.requestlog [None req-0c726fa9-510c-4c37-9562-2d5e9d608bd5 - - - - - -] 10.0.0.48 "GET /" status: 200 len: 136 microversion: 1.0
2026-09-19 18:25:01.361 7 INFO placement.requestlog [None req-885d5f9e-7600-4d42-a72d-007c1d67f053 - - - - - -] 10.0.0.48 "GET /" status: 200 len: 136 microversion: 1.0
2026-09-19 18:25:11.361 8 INFO placement.requestlog [None req-0dc8f952-e0bc-49a8-97d2-7ced2785b6ab - - - - - -] 10.0.0.48 "GET /" status: 200 len: 136 microversion: 1.0
2026-09-19 18:25:11.361 7 INFO placement.requestlog [None req-85a34afd-b0f5-483d-92de-b3b548cd9315 - - - - - -] 10.0.0.48 "GET /" status: 200 len: 136 microversion: 1.0
2026-09-19 18:25:21.361 8 INFO placement.requestlog [None req-a302de51-7889-4520-9538-de5ad5f4d49a - - - - - -] 10.0.0.48 "GET /" status: 200 len: 136 microversion: 1.0
2026-09-19 18:25:21.361 7 INFO placement.requestlog [None req-fbf1c0de-053c-4c0b-b5f5-a427ca41a654 - - - - - -] 10.0.0.48 "GET /" status: 200 len: 136 microversion: 1.0
2026-09-19 18:25:31.360 8 INFO placement.requestlog [None req-d2d3af82-0792-4818-bca3-c324d31a3254 - - - - - -] 10.0.0.48 "GET /" status: 200 len: 136 microversion: 1.0
2026-09-19 18:25:31.360 7 INFO placement.requestlog [None req-2ebe410c-b64a-4679-8c5d-54a420c4d23e - - - - - -] 10.0.0.48 "GET /" status: 200 len: 136 microversion: 1.0
2026-09-19 18:25:38.607 8 INFO placement.requestlog [req-866131d6-c322-4d3b-95ce-d4b928f518da req-de29cda3-158e-4ef1-a140-a24439b0a4b2 16c3c8faff134acdb2026d6176311868 a779e2c302934e42acfd0eed113402a1 - - 59efac4db3ad48058599b4df15e3845e 59efac4db3ad48058599b4df15e3845e] 162.253.55.123 "GET /resource_providers/dd47e6c4-ad6f-4d21-8dc0-07c8300ea158/allocations" status: 200 len: 54 microversion: 1.0 [pid: 8|app: 0|req: 322/641] 162.253.55.123 () {32 vars in 856 bytes} [Sat Sep 19 18:25:38 2026] GET /resource_providers/dd47e6c4-ad6f-4d21-8dc0-07c8300ea158/allocations => generated 54 bytes in 25 msecs (HTTP/1.1 200) 6 headers in 223 bytes (1 switches on core 0)
2026-09-19 18:25:38.641 7 INFO placement.requestlog [req-866131d6-c322-4d3b-95ce-d4b928f518da req-8eb84391-258f-4c61-bf9e-81d2f7ba84fd 16c3c8faff134acdb2026d6176311868 a779e2c302934e42acfd0eed113402a1 - - 59efac4db3ad48058599b4df15e3845e 59efac4db3ad48058599b4df15e3845e] 162.253.55.123 "GET /resource_providers/dd47e6c4-ad6f-4d21-8dc0-07c8300ea158/allocations" status: 200 len: 54 microversion: 1.0 [pid: 7|app: 0|req: 320/642] 162.253.55.123 () {32 vars in 856 bytes} [Sat Sep 19 18:25:38 2026] GET /resource_providers/dd47e6c4-ad6f-4d21-8dc0-07c8300ea158/allocations => generated 54 bytes in 34 msecs (HTTP/1.1 200) 6 headers in 223 bytes (1 switches on core 0)
2026-09-19 18:25:41.361 8 INFO placement.requestlog [None req-d8caaf8c-0c50-4cb0-bf25-6332ec2f653e - - - - - -] 10.0.0.48 "GET /" status: 200 len: 136 microversion: 1.0
2026-09-19 18:25:41.361 7 INFO placement.requestlog [None req-0e1afa5c-6244-4d9b-9ee7-5015e2ef91f9 - - - - - -] 10.0.0.48 "GET /" status: 200 len: 136 microversion: 1.0
2026-09-19 18:25:51.361 7 INFO placement.requestlog [None req-a62eba1b-3079-499d-893a-1d3eaa87612f - - - - - -] 10.0.0.48 "GET /" status: 200 len: 136 microversion: 1.0
2026-09-19 18:25:51.361 8 INFO placement.requestlog [None req-d72ee227-e2d2-4106-8581-6395ab767556 - - - - - -] 10.0.0.48 "GET /" status: 200 len: 136 microversion: 1.0
2026-09-19 18:26:01.360 7 INFO placement.requestlog [None req-db6b2c98-6881-40a9-ae31-0881e0e57030 - - - - - -] 10.0.0.48 "GET /" status: 200 len: 136 microversion: 1.0
2026-09-19 18:26:01.360 8 INFO placement.requestlog [None req-4a44d499-d120-4d2a-ac5a-79321e5f627f - - - - - -] 10.0.0.48 "GET /" status: 200 len: 136 microversion: 1.0
2026-09-19 18:26:11.360 7 INFO placement.requestlog [None req-78c488f8-7931-444a-bc5c-40bab56b84a0 - - - - - -] 10.0.0.48 "GET /" status: 200 len: 136 microversion: 1.0
2026-09-19 18:26:11.361 8 INFO placement.requestlog [None req-93791457-beec-4644-87cf-9c006d739c2d - - - - - -] 10.0.0.48 "GET /" status: 200 len: 136 microversion: 1.0
2026-09-19 18:26:21.361 7 INFO placement.requestlog [None req-c0ebe03e-1da4-41a6-96fe-8697557e5a45 - - - - - -] 10.0.0.48 "GET /" status: 200 len: 136 microversion: 1.0
2026-09-19 18:26:21.361 8 INFO placement.requestlog [None req-52515f49-4693-4160-b188-53c2d3269e83 - - - - - -] 10.0.0.48 "GET /" status: 200 len: 136 microversion: 1.0
2026-09-19 18:26:31.360 8 INFO placement.requestlog [None req-72523cde-c3e9-4ae3-a129-48c01b758584 - - - - - -] 10.0.0.48 "GET /" status: 200 len: 136 microversion: 1.0
2026-09-19 18:26:31.361 7 INFO placement.requestlog [None req-c5daf76a-059a-4515-b1b7-2544fa5dceaf - - - - - -] 10.0.0.48 "GET /" status: 200 len: 136 microversion: 1.0
2026-09-19 18:26:39.757 7 INFO placement.requestlog [req-65b8ea4f-927f-4927-841b-2f1d0762328d req-b7e6a34e-f528-42a0-aff7-a6a60a71eb4f 16c3c8faff134acdb2026d6176311868 a779e2c302934e42acfd0eed113402a1 - - 59efac4db3ad48058599b4df15e3845e 59efac4db3ad48058599b4df15e3845e] 162.253.55.123 "GET /resource_providers/dd47e6c4-ad6f-4d21-8dc0-07c8300ea158/allocations" status: 200 len: 54 microversion: 1.0 [pid: 7|app: 0|req: 327/655] 162.253.55.123 () {32 vars in 856 bytes} [Sat Sep 19 18:26:39 2026] GET /resource_providers/dd47e6c4-ad6f-4d21-8dc0-07c8300ea158/allocations => generated 54 bytes in 20 msecs (HTTP/1.1 200) 6 headers in 223 bytes (1 switches on core 0)
2026-09-19 18:26:39.782 8 INFO placement.requestlog [req-65b8ea4f-927f-4927-841b-2f1d0762328d req-e7451e84-6311-4d65-b8ea-fa02ed2d28fa 16c3c8faff134acdb2026d6176311868 a779e2c302934e42acfd0eed113402a1 - - 59efac4db3ad48058599b4df15e3845e 59efac4db3ad48058599b4df15e3845e] 162.253.55.123 "GET /resource_providers/dd47e6c4-ad6f-4d21-8dc0-07c8300ea158/allocations" status: 200 len: 54 microversion: 1.0 [pid: 8|app: 0|req: 329/656] 162.253.55.123 () {32 vars in 856 bytes} [Sat Sep 19 18:26:39 2026] GET /resource_providers/dd47e6c4-ad6f-4d21-8dc0-07c8300ea158/allocations => generated 54 bytes in 18 msecs (HTTP/1.1 200) 6 headers in 223 bytes (1 switches on core 0)
2026-09-19 18:26:41.361 7 INFO placement.requestlog [None req-46214311-4721-4c49-8c6c-52eea7e4f35d - - - - - -] 10.0.0.48 "GET /" status: 200 len: 136 microversion: 1.0
2026-09-19 18:26:41.361 8 INFO placement.requestlog [None req-cce7763e-077e-4201-84d1-98dee1a50bcc - - - - - -] 10.0.0.48 "GET /" status: 200 len: 136 microversion: 1.0
2026-09-19 18:26:51.360 7 INFO placement.requestlog [None req-8e249a0a-ced0-4069-aa61-b8641add3c7a - - - - - -] 10.0.0.48 "GET /" status: 200 len: 136 microversion: 1.0
2026-09-19 18:26:51.361 8 INFO placement.requestlog [None req-e4ace151-7b78-48aa-86bb-e5da933527c3 - - - - - -] 10.0.0.48 "GET /" status: 200 len: 136 microversion: 1.0
2026-09-19 18:26:58.210 8 INFO placement.requestlog [req-c11b5bdd-501e-4ee0-b61a-18229facd5f7 req-0e49e2d2-26a2-4183-bc62-56c33e53930a 16c3c8faff134acdb2026d6176311868 a779e2c302934e42acfd0eed113402a1 - - 59efac4db3ad48058599b4df15e3845e 59efac4db3ad48058599b4df15e3845e] 10.0.0.191 "GET /allocation_candidates?limit=1000&resources=DISK_GB%3A1%2CMEMORY_MB%3A512%2CVCPU%3A1&root_required=%21COMPUTE_STATUS_DISABLED" status: 200 len: 2640 microversion: 1.36 [pid: 8|app: 0|req: 332/661] 10.0.0.191 () {34 vars in 1011 bytes} [Sat Sep 19 18:26:57 2026] GET /allocation_candidates?limit=1000&resources=DISK_GB%3A1%2CMEMORY_MB%3A512%2CVCPU%3A1&root_required=%21COMPUTE_STATUS_DISABLED => generated 2640 bytes in 261 msecs (HTTP/1.1 200) 8 headers in 297 bytes (1 switches on core 0)
2026-09-19 18:26:58.264 7 INFO placement.requestlog [req-c11b5bdd-501e-4ee0-b61a-18229facd5f7 req-f51c6c1e-a5cf-4ae9-9f6c-cb999348e503 16c3c8faff134acdb2026d6176311868 a779e2c302934e42acfd0eed113402a1 - - 59efac4db3ad48058599b4df15e3845e 59efac4db3ad48058599b4df15e3845e] 10.0.0.191 "GET /allocations/8d3d3e0b-af9f-4ced-abbd-1022c9958b80" status: 200 len: 19 microversion: 1.28 [pid: 7|app: 0|req: 330/662] 10.0.0.191 () {34 vars in 860 bytes} [Sat Sep 19 18:26:58 2026] GET /allocations/8d3d3e0b-af9f-4ced-abbd-1022c9958b80 => generated 19 bytes in 19 msecs (HTTP/1.1 200) 8 headers in 295 bytes (1 switches on core 0)
2026-09-19 18:26:58.363 8 INFO placement.requestlog [req-c11b5bdd-501e-4ee0-b61a-18229facd5f7 req-4fb0e47a-adc8-4962-ac10-be1a61162c03 16c3c8faff134acdb2026d6176311868 a779e2c302934e42acfd0eed113402a1 - - 59efac4db3ad48058599b4df15e3845e 59efac4db3ad48058599b4df15e3845e] 10.0.0.191 "PUT /allocations/8d3d3e0b-af9f-4ced-abbd-1022c9958b80" status: 204 len: 0 microversion: 1.36 [pid: 8|app: 0|req: 333/663] 10.0.0.191 () {38 vars in 913 bytes} [Sat Sep 19 18:26:58 2026] PUT /allocations/8d3d3e0b-af9f-4ced-abbd-1022c9958b80 => generated 0 bytes in 93 msecs (HTTP/1.1 204) 5 headers in 199 bytes (1 switches on core 0)
2026-09-19 18:26:59.310 7 INFO placement.requestlog [None req-9badaca8-b9cc-4f86-85f3-d99e717c204e 2d9b7f297f3f4cada29fc89a31ddfb3e a779e2c302934e42acfd0eed113402a1 - - 59efac4db3ad48058599b4df15e3845e 59efac4db3ad48058599b4df15e3845e] 10.0.0.140 "GET /resource_providers/63c632ea-0b1e-4eae-9a74-07c3f3d73433/aggregates" status: 404 len: 235 microversion: 1.1 [pid: 7|app: 0|req: 331/664] 10.0.0.140 () {32 vars in 815 bytes} [Sat Sep 19 18:26:59 2026] GET /resource_providers/63c632ea-0b1e-4eae-9a74-07c3f3d73433/aggregates => generated 235 bytes in 96 msecs (HTTP/1.1 404) 5 headers in 202 bytes (1 switches on core 0)
2026-09-19 18:26:59.326 7 INFO placement.requestlog [None req-6c065904-416e-415a-afff-c2a9b78ddd01 2d9b7f297f3f4cada29fc89a31ddfb3e a779e2c302934e42acfd0eed113402a1 - - 59efac4db3ad48058599b4df15e3845e 59efac4db3ad48058599b4df15e3845e] 10.0.0.140 "DELETE /resource_providers/63c632ea-0b1e-4eae-9a74-07c3f3d73433" status: 404 len: 246 microversion: 1.1 [pid: 7|app: 0|req: 332/665] 10.0.0.140 () {34 vars in 815 bytes} [Sat Sep 19 18:26:59 2026] DELETE /resource_providers/63c632ea-0b1e-4eae-9a74-07c3f3d73433 => generated 246 bytes in 8 msecs (HTTP/1.1 404) 6 headers in 231 bytes (1 switches on core 0)
2026-09-19 18:26:59.387 8 INFO placement.requestlog [None req-78bdc5d1-a072-4d49-b90e-33d100fdceb7 2d9b7f297f3f4cada29fc89a31ddfb3e a779e2c302934e42acfd0eed113402a1 - - 59efac4db3ad48058599b4df15e3845e 59efac4db3ad48058599b4df15e3845e] 10.0.0.140 "GET /resource_providers/63c632ea-0b1e-4eae-9a74-07c3f3d73433/aggregates" status: 404 len: 235 microversion: 1.1 [pid: 8|app: 0|req: 334/666] 10.0.0.140 () {32 vars in 815 bytes} [Sat Sep 19 18:26:59 2026] GET /resource_providers/63c632ea-0b1e-4eae-9a74-07c3f3d73433/aggregates => generated 235 bytes in 171 msecs (HTTP/1.1 404) 5 headers in 202 bytes (1 switches on core 0)
2026-09-19 18:26:59.413 7 INFO placement.requestlog [None req-562aea61-997d-4e30-82e4-52281b1d2778 2d9b7f297f3f4cada29fc89a31ddfb3e a779e2c302934e42acfd0eed113402a1 - - 59efac4db3ad48058599b4df15e3845e 59efac4db3ad48058599b4df15e3845e] 10.0.0.140 "DELETE /resource_providers/63c632ea-0b1e-4eae-9a74-07c3f3d73433" status: 404 len: 246 microversion: 1.1 [pid: 7|app: 0|req: 333/667] 10.0.0.140 () {34 vars in 815 bytes} [Sat Sep 19 18:26:59 2026] DELETE /resource_providers/63c632ea-0b1e-4eae-9a74-07c3f3d73433 => generated 246 bytes in 14 msecs (HTTP/1.1 404) 6 headers in 231 bytes (1 switches on core 0)
2026-09-19 18:26:59.850 8 INFO placement.requestlog [req-c11b5bdd-501e-4ee0-b61a-18229facd5f7 req-4ad8236e-5522-4eec-8728-af2a2f6006f6 16c3c8faff134acdb2026d6176311868 a779e2c302934e42acfd0eed113402a1 - - 59efac4db3ad48058599b4df15e3845e 59efac4db3ad48058599b4df15e3845e] 162.253.55.123 "GET /allocations/8d3d3e0b-af9f-4ced-abbd-1022c9958b80" status: 200 len: 257 microversion: 1.28 [pid: 8|app: 0|req: 335/668] 162.253.55.123 () {34 vars in 862 bytes} [Sat Sep 19 18:26:59 2026] GET /allocations/8d3d3e0b-af9f-4ced-abbd-1022c9958b80 => generated 257 bytes in 23 msecs (HTTP/1.1 200) 8 headers in 296 bytes (1 switches on core 0)
2026-09-19 18:27:00.334 7 INFO placement.requestlog [None req-7e71f0ac-ebba-4673-813e-a5acc3ff7d27 2d9b7f297f3f4cada29fc89a31ddfb3e a779e2c302934e42acfd0eed113402a1 - - 59efac4db3ad48058599b4df15e3845e 59efac4db3ad48058599b4df15e3845e] 10.0.0.140 "GET /resource_providers/18d905fa-2e5f-44f2-b03d-9679c9228690/aggregates" status: 404 len: 235 microversion: 1.1 [pid: 7|app: 0|req: 334/669] 10.0.0.140 () {32 vars in 815 bytes} [Sat Sep 19 18:27:00 2026] GET /resource_providers/18d905fa-2e5f-44f2-b03d-9679c9228690/aggregates => generated 235 bytes in 124 msecs (HTTP/1.1 404) 5 headers in 202 bytes (1 switches on core 0)
2026-09-19 18:27:00.347 8 INFO placement.requestlog [None req-d8f609cd-2db9-4c09-87c4-ee4ab78b9ccb 2d9b7f297f3f4cada29fc89a31ddfb3e a779e2c302934e42acfd0eed113402a1 - - 59efac4db3ad48058599b4df15e3845e 59efac4db3ad48058599b4df15e3845e] 10.0.0.140 "GET /resource_providers/18d905fa-2e5f-44f2-b03d-9679c9228690/aggregates" status: 404 len: 235 microversion: 1.1 [pid: 8|app: 0|req: 336/670] 10.0.0.140 () {32 vars in 815 bytes} [Sat Sep 19 18:27:00 2026] GET /resource_providers/18d905fa-2e5f-44f2-b03d-9679c9228690/aggregates => generated 235 bytes in 134 msecs (HTTP/1.1 404) 5 headers in 202 bytes (1 switches on core 0)
2026-09-19 18:27:00.364 7 INFO placement.requestlog [None req-4ac2e966-d370-4eb2-a2f8-159a2bcf01d9 2d9b7f297f3f4cada29fc89a31ddfb3e a779e2c302934e42acfd0eed113402a1 - - 59efac4db3ad48058599b4df15e3845e 59efac4db3ad48058599b4df15e3845e] 10.0.0.140 "DELETE /resource_providers/18d905fa-2e5f-44f2-b03d-9679c9228690" status: 404 len: 246 microversion: 1.1 [pid: 7|app: 0|req: 335/671] 10.0.0.140 () {34 vars in 815 bytes} [Sat Sep 19 18:27:00 2026] DELETE /resource_providers/18d905fa-2e5f-44f2-b03d-9679c9228690 => generated 246 bytes in 13 msecs (HTTP/1.1 404) 6 headers in 231 bytes (1 switches on core 0)
2026-09-19 18:27:00.382 8 INFO placement.requestlog [None req-6584a6f4-6919-4195-aa3c-fc8d8e0386de 2d9b7f297f3f4cada29fc89a31ddfb3e a779e2c302934e42acfd0eed113402a1 - - 59efac4db3ad48058599b4df15e3845e 59efac4db3ad48058599b4df15e3845e] 10.0.0.140 "DELETE /resource_providers/18d905fa-2e5f-44f2-b03d-9679c9228690" status: 404 len: 246 microversion: 1.1 [pid: 8|app: 0|req: 337/672] 10.0.0.140 () {34 vars in 815 bytes} [Sat Sep 19 18:27:00 2026] DELETE /resource_providers/18d905fa-2e5f-44f2-b03d-9679c9228690 => generated 246 bytes in 24 msecs (HTTP/1.1 404) 6 headers in 231 bytes (1 switches on core 0)
2026-09-19 18:27:00.904 7 INFO placement.requestlog [req-c11b5bdd-501e-4ee0-b61a-18229facd5f7 req-2c136422-01e7-4fa5-8833-577b54bc0042 16c3c8faff134acdb2026d6176311868 a779e2c302934e42acfd0eed113402a1 - - 59efac4db3ad48058599b4df15e3845e 59efac4db3ad48058599b4df15e3845e] 162.253.55.123 "GET /resource_providers/dd47e6c4-ad6f-4d21-8dc0-07c8300ea158/allocations" status: 200 len: 152 microversion: 1.0 [pid: 7|app: 0|req: 336/673] 162.253.55.123 () {32 vars in 856 bytes} [Sat Sep 19 18:27:00 2026] GET /resource_providers/dd47e6c4-ad6f-4d21-8dc0-07c8300ea158/allocations => generated 152 bytes in 24 msecs (HTTP/1.1 200) 6 headers in 224 bytes (1 switches on core 0)
2026-09-19 18:27:00.929 8 INFO placement.requestlog [req-c11b5bdd-501e-4ee0-b61a-18229facd5f7 req-15b22e12-a884-48d2-9a44-242016f9fac9 16c3c8faff134acdb2026d6176311868 a779e2c302934e42acfd0eed113402a1 - - 59efac4db3ad48058599b4df15e3845e 59efac4db3ad48058599b4df15e3845e] 162.253.55.123 "GET /allocations/8d3d3e0b-af9f-4ced-abbd-1022c9958b80" status: 200 len: 257 microversion: 1.28 [pid: 8|app: 0|req: 338/674] 162.253.55.123 () {34 vars in 862 bytes} [Sat Sep 19 18:27:00 2026] GET /allocations/8d3d3e0b-af9f-4ced-abbd-1022c9958b80 => generated 257 bytes in 18 msecs (HTTP/1.1 200) 8 headers in 296 bytes (1 switches on core 0)
2026-09-19 18:27:01.345 7 INFO placement.requestlog [None req-7befc567-fafb-422e-9ea0-8b6ced76a53a 2d9b7f297f3f4cada29fc89a31ddfb3e a779e2c302934e42acfd0eed113402a1 - - 59efac4db3ad48058599b4df15e3845e 59efac4db3ad48058599b4df15e3845e] 10.0.0.140 "GET /resource_providers/3bdc11d0-07d2-4b82-b2d9-33d541ff547a/aggregates" status: 404 len: 235 microversion: 1.1 [pid: 7|app: 0|req: 337/675] 10.0.0.140 () {32 vars in 815 bytes} [Sat Sep 19 18:27:01 2026] GET /resource_providers/3bdc11d0-07d2-4b82-b2d9-33d541ff547a/aggregates => generated 235 bytes in 11 msecs (HTTP/1.1 404) 5 headers in 202 bytes (1 switches on core 0)
2026-09-19 18:27:01.360 7 INFO placement.requestlog [None req-fe8a9b80-8d69-4767-b026-20d5ff4d2c26 - - - - - -] 10.0.0.48 "GET /" status: 200 len: 136 microversion: 1.0
2026-09-19 18:27:01.361 7 INFO placement.requestlog [None req-c6d1b72b-a342-45f4-b6e7-ba03d1be8e3e - - - - - -] 10.0.0.48 "GET /" status: 200 len: 136 microversion: 1.0
2026-09-19 18:27:01.365 8 INFO placement.requestlog [None req-c44a72be-3bf8-4bf9-b622-7aa290da8726 2d9b7f297f3f4cada29fc89a31ddfb3e a779e2c302934e42acfd0eed113402a1 - - 59efac4db3ad48058599b4df15e3845e 59efac4db3ad48058599b4df15e3845e] 10.0.0.140 "DELETE /resource_providers/3bdc11d0-07d2-4b82-b2d9-33d541ff547a" status: 404 len: 246 microversion: 1.1 [pid: 8|app: 0|req: 339/678] 10.0.0.140 () {34 vars in 815 bytes} [Sat Sep 19 18:27:01 2026] DELETE /resource_providers/3bdc11d0-07d2-4b82-b2d9-33d541ff547a => generated 246 bytes in 12 msecs (HTTP/1.1 404) 6 headers in 231 bytes (1 switches on core 0)
2026-09-19 18:27:01.381 7 INFO placement.requestlog [None req-b57fdf5a-e5e2-4c0f-85f7-fae3815c791f 2d9b7f297f3f4cada29fc89a31ddfb3e a779e2c302934e42acfd0eed113402a1 - - 59efac4db3ad48058599b4df15e3845e 59efac4db3ad48058599b4df15e3845e] 10.0.0.140 "GET /resource_providers/dad2a683-d3f7-47a3-afab-35750046cae2/aggregates" status: 404 len: 235 microversion: 1.1 [pid: 7|app: 0|req: 340/679] 10.0.0.140 () {32 vars in 815 bytes} [Sat Sep 19 18:27:01 2026] GET /resource_providers/dad2a683-d3f7-47a3-afab-35750046cae2/aggregates => generated 235 bytes in 9 msecs (HTTP/1.1 404) 5 headers in 202 bytes (1 switches on core 0)
2026-09-19 18:27:01.400 8 INFO placement.requestlog [None req-484bf6aa-e012-4411-9c92-4f3fda36708e 2d9b7f297f3f4cada29fc89a31ddfb3e a779e2c302934e42acfd0eed113402a1 - - 59efac4db3ad48058599b4df15e3845e 59efac4db3ad48058599b4df15e3845e] 10.0.0.140 "DELETE /resource_providers/dad2a683-d3f7-47a3-afab-35750046cae2" status: 404 len: 246 microversion: 1.1 [pid: 8|app: 0|req: 340/680] 10.0.0.140 () {34 vars in 815 bytes} [Sat Sep 19 18:27:01 2026] DELETE /resource_providers/dad2a683-d3f7-47a3-afab-35750046cae2 => generated 246 bytes in 9 msecs (HTTP/1.1 404) 6 headers in 231 bytes (1 switches on core 0)
2026-09-19 18:27:01.436 7 INFO placement.requestlog [None req-99053f02-07db-41e7-82fd-2af7da94fbdc 2d9b7f297f3f4cada29fc89a31ddfb3e a779e2c302934e42acfd0eed113402a1 - - 59efac4db3ad48058599b4df15e3845e 59efac4db3ad48058599b4df15e3845e] 10.0.0.140 "GET /resource_providers/3bdc11d0-07d2-4b82-b2d9-33d541ff547a/aggregates" status: 404 len: 235 microversion: 1.1 [pid: 7|app: 0|req: 341/681] 10.0.0.140 () {32 vars in 815 bytes} [Sat Sep 19 18:27:01 2026] GET /resource_providers/3bdc11d0-07d2-4b82-b2d9-33d541ff547a/aggregates => generated 235 bytes in 11 msecs (HTTP/1.1 404) 5 headers in 202 bytes (1 switches on core 0)
2026-09-19 18:27:01.466 8 INFO placement.requestlog [None req-af0e81c7-80de-433c-8682-588d3cf8236a 2d9b7f297f3f4cada29fc89a31ddfb3e a779e2c302934e42acfd0eed113402a1 - - 59efac4db3ad48058599b4df15e3845e 59efac4db3ad48058599b4df15e3845e] 10.0.0.140 "DELETE /resource_providers/3bdc11d0-07d2-4b82-b2d9-33d541ff547a" status: 404 len: 246 microversion: 1.1 [pid: 8|app: 0|req: 341/682] 10.0.0.140 () {34 vars in 815 bytes} [Sat Sep 19 18:27:01 2026] DELETE /resource_providers/3bdc11d0-07d2-4b82-b2d9-33d541ff547a => generated 246 bytes in 19 msecs (HTTP/1.1 404) 6 headers in 231 bytes (1 switches on core 0)
2026-09-19 18:27:01.484 7 INFO placement.requestlog [None req-ae2d1b97-840c-4a0b-ae65-169522e8d883 2d9b7f297f3f4cada29fc89a31ddfb3e a779e2c302934e42acfd0eed113402a1 - - 59efac4db3ad48058599b4df15e3845e 59efac4db3ad48058599b4df15e3845e] 10.0.0.140 "GET /resource_providers/dad2a683-d3f7-47a3-afab-35750046cae2/aggregates" status: 404 len: 235 microversion: 1.1 [pid: 7|app: 0|req: 342/683] 10.0.0.140 () {32 vars in 815 bytes} [Sat Sep 19 18:27:01 2026] GET /resource_providers/dad2a683-d3f7-47a3-afab-35750046cae2/aggregates => generated 235 bytes in 13 msecs (HTTP/1.1 404) 5 headers in 202 bytes (1 switches on core 0)
2026-09-19 18:27:01.499 8 INFO placement.requestlog [None req-f3c55507-b6af-42ac-a3bb-fa56485c515f 2d9b7f297f3f4cada29fc89a31ddfb3e a779e2c302934e42acfd0eed113402a1 - - 59efac4db3ad48058599b4df15e3845e 59efac4db3ad48058599b4df15e3845e] 10.0.0.140 "DELETE /resource_providers/dad2a683-d3f7-47a3-afab-35750046cae2" status: 404 len: 246 microversion: 1.1 [pid: 8|app: 0|req: 342/684] 10.0.0.140 () {34 vars in 815 bytes} [Sat Sep 19 18:27:01 2026] DELETE /resource_providers/dad2a683-d3f7-47a3-afab-35750046cae2 => generated 246 bytes in 9 msecs (HTTP/1.1 404) 6 headers in 231 bytes (1 switches on core 0)
2026-09-19 18:27:09.926 7 INFO placement.requestlog [req-33649159-bfb5-4724-b690-2c27d0e2afb6 req-02cf7d39-875c-4bf0-84ad-e23c528cbbbd 16c3c8faff134acdb2026d6176311868 a779e2c302934e42acfd0eed113402a1 - - 59efac4db3ad48058599b4df15e3845e 59efac4db3ad48058599b4df15e3845e] 10.0.0.191 "GET /allocation_candidates?limit=1000&resources=DISK_GB%3A1%2CMEMORY_MB%3A512%2CVCPU%3A1&root_required=%21COMPUTE_STATUS_DISABLED" status: 200 len: 2642 microversion: 1.36 [pid: 7|app: 0|req: 343/685] 10.0.0.191 () {34 vars in 1011 bytes} [Sat Sep 19 18:27:09 2026] GET /allocation_candidates?limit=1000&resources=DISK_GB%3A1%2CMEMORY_MB%3A512%2CVCPU%3A1&root_required=%21COMPUTE_STATUS_DISABLED => generated 2642 bytes in 72 msecs (HTTP/1.1 200) 8 headers in 297 bytes (1 switches on core 0)
2026-09-19 18:27:09.972 8 INFO placement.requestlog [req-33649159-bfb5-4724-b690-2c27d0e2afb6 req-900ab376-b7ef-48f0-a912-9c5a236a57e1 16c3c8faff134acdb2026d6176311868 a779e2c302934e42acfd0eed113402a1 - - 59efac4db3ad48058599b4df15e3845e 59efac4db3ad48058599b4df15e3845e] 10.0.0.191 "GET /allocations/acd92a2b-22e5-4325-886c-8692096ed3e5" status: 200 len: 19 microversion: 1.28 [pid: 8|app: 0|req: 343/686] 10.0.0.191 () {34 vars in 860 bytes} [Sat Sep 19 18:27:09 2026] GET /allocations/acd92a2b-22e5-4325-886c-8692096ed3e5 => generated 19 bytes in 18 msecs (HTTP/1.1 200) 8 headers in 295 bytes (1 switches on core 0)
2026-09-19 18:27:10.077 7 INFO placement.requestlog [req-33649159-bfb5-4724-b690-2c27d0e2afb6 req-b2df2a42-0eba-45aa-8bd7-f79adeb2d08e 16c3c8faff134acdb2026d6176311868 a779e2c302934e42acfd0eed113402a1 - - 59efac4db3ad48058599b4df15e3845e 59efac4db3ad48058599b4df15e3845e] 10.0.0.191 "PUT /allocations/acd92a2b-22e5-4325-886c-8692096ed3e5" status: 204 len: 0 microversion: 1.36 [pid: 7|app: 0|req: 344/687] 10.0.0.191 () {38 vars in 913 bytes} [Sat Sep 19 18:27:09 2026] PUT /allocations/acd92a2b-22e5-4325-886c-8692096ed3e5 => generated 0 bytes in 101 msecs (HTTP/1.1 204) 5 headers in 199 bytes (1 switches on core 0)
2026-09-19 18:27:10.214 8 INFO placement.requestlog [req-7df313dd-ef57-4992-a156-0faac0468e36 req-06898614-c2c4-4b85-b3f0-e69720f69618 16c3c8faff134acdb2026d6176311868 a779e2c302934e42acfd0eed113402a1 - - 59efac4db3ad48058599b4df15e3845e 59efac4db3ad48058599b4df15e3845e] 10.0.0.191 "GET /allocation_candidates?limit=1000&resources=DISK_GB%3A1%2CMEMORY_MB%3A512%2CVCPU%3A1&root_required=%21COMPUTE_STATUS_DISABLED" status: 200 len: 2643 microversion: 1.36 [pid: 8|app: 0|req: 344/688] 10.0.0.191 () {34 vars in 1011 bytes} [Sat Sep 19 18:27:10 2026] GET /allocation_candidates?limit=1000&resources=DISK_GB%3A1%2CMEMORY_MB%3A512%2CVCPU%3A1&root_required=%21COMPUTE_STATUS_DISABLED => generated 2643 bytes in 58 msecs (HTTP/1.1 200) 8 headers in 297 bytes (1 switches on core 0)
2026-09-19 18:27:10.255 7 INFO placement.requestlog [req-7df313dd-ef57-4992-a156-0faac0468e36 req-57a1975e-6ffc-4a85-b1c4-6ad41a35e24c 16c3c8faff134acdb2026d6176311868 a779e2c302934e42acfd0eed113402a1 - - 59efac4db3ad48058599b4df15e3845e 59efac4db3ad48058599b4df15e3845e] 10.0.0.191 "GET /allocations/1ce42678-a2c2-4955-b4c7-bd9989715ad4" status: 200 len: 19 microversion: 1.28 [pid: 7|app: 0|req: 345/689] 10.0.0.191 () {34 vars in 860 bytes} [Sat Sep 19 18:27:10 2026] GET /allocations/1ce42678-a2c2-4955-b4c7-bd9989715ad4 => generated 19 bytes in 18 msecs (HTTP/1.1 200) 8 headers in 295 bytes (1 switches on core 0)
2026-09-19 18:27:10.354 8 INFO placement.requestlog [req-7df313dd-ef57-4992-a156-0faac0468e36 req-14592ff3-d117-43a5-98d4-1b2c3958b3d2 16c3c8faff134acdb2026d6176311868 a779e2c302934e42acfd0eed113402a1 - - 59efac4db3ad48058599b4df15e3845e 59efac4db3ad48058599b4df15e3845e] 10.0.0.191 "PUT /allocations/1ce42678-a2c2-4955-b4c7-bd9989715ad4" status: 204 len: 0 microversion: 1.36 [pid: 8|app: 0|req: 345/690] 10.0.0.191 () {38 vars in 913 bytes} [Sat Sep 19 18:27:10 2026] PUT /allocations/1ce42678-a2c2-4955-b4c7-bd9989715ad4 => generated 0 bytes in 93 msecs (HTTP/1.1 204) 5 headers in 199 bytes (1 switches on core 0)
2026-09-19 18:27:11.361 7 INFO placement.requestlog [None req-6f86f11f-2faa-44e2-9630-0cf943b223d4 - - - - - -] 10.0.0.48 "GET /" status: 200 len: 136 microversion: 1.0
2026-09-19 18:27:11.363 8 INFO placement.requestlog [None req-f3fa64ee-23df-4394-b1ec-3c1c3a34522b - - - - - -] 10.0.0.48 "GET /" status: 200 len: 136 microversion: 1.0
2026-09-19 18:27:11.521 7 INFO placement.requestlog [req-33649159-bfb5-4724-b690-2c27d0e2afb6 req-9e46d274-201d-4545-8f63-7bf9c0bf5481 16c3c8faff134acdb2026d6176311868 a779e2c302934e42acfd0eed113402a1 - - 59efac4db3ad48058599b4df15e3845e 59efac4db3ad48058599b4df15e3845e] 162.253.55.123 "GET /allocations/acd92a2b-22e5-4325-886c-8692096ed3e5" status: 200 len: 257 microversion: 1.28 [pid: 7|app: 0|req: 347/693] 162.253.55.123 () {34 vars in 862 bytes} [Sat Sep 19 18:27:11 2026] GET /allocations/acd92a2b-22e5-4325-886c-8692096ed3e5 => generated 257 bytes in 16 msecs (HTTP/1.1 200) 8 headers in 296 bytes (1 switches on core 0)
2026-09-19 18:27:11.942 8 INFO placement.requestlog [req-7df313dd-ef57-4992-a156-0faac0468e36 req-1f2c79bf-9c5e-4458-a0d4-1447e5c43ec8 16c3c8faff134acdb2026d6176311868 a779e2c302934e42acfd0eed113402a1 - - 59efac4db3ad48058599b4df15e3845e 59efac4db3ad48058599b4df15e3845e] 162.253.55.123 "GET /allocations/1ce42678-a2c2-4955-b4c7-bd9989715ad4" status: 200 len: 257 microversion: 1.28 [pid: 8|app: 0|req: 347/694] 162.253.55.123 () {34 vars in 862 bytes} [Sat Sep 19 18:27:11 2026] GET /allocations/1ce42678-a2c2-4955-b4c7-bd9989715ad4 => generated 257 bytes in 24 msecs (HTTP/1.1 200) 8 headers in 296 bytes (1 switches on core 0)
2026-09-19 18:27:12.680 7 INFO placement.requestlog [req-33649159-bfb5-4724-b690-2c27d0e2afb6 req-83a43726-ee27-4675-ac9f-0a948ef0a3f9 16c3c8faff134acdb2026d6176311868 a779e2c302934e42acfd0eed113402a1 - - 59efac4db3ad48058599b4df15e3845e 59efac4db3ad48058599b4df15e3845e] 162.253.55.123 "GET /resource_providers/dd47e6c4-ad6f-4d21-8dc0-07c8300ea158/allocations" status: 200 len: 352 microversion: 1.0 [pid: 7|app: 0|req: 348/695] 162.253.55.123 () {32 vars in 856 bytes} [Sat Sep 19 18:27:12 2026] GET /resource_providers/dd47e6c4-ad6f-4d21-8dc0-07c8300ea158/allocations => generated 352 bytes in 24 msecs (HTTP/1.1 200) 6 headers in 224 bytes (1 switches on core 0)
2026-09-19 18:27:12.727 8 INFO placement.requestlog [req-33649159-bfb5-4724-b690-2c27d0e2afb6 req-f4bf5f5e-aa97-4ae4-ab07-d221cdaa46c1 16c3c8faff134acdb2026d6176311868 a779e2c302934e42acfd0eed113402a1 - - 59efac4db3ad48058599b4df15e3845e 59efac4db3ad48058599b4df15e3845e] 162.253.55.123 "GET /allocations/acd92a2b-22e5-4325-886c-8692096ed3e5" status: 200 len: 257 microversion: 1.28 [pid: 8|app: 0|req: 348/696] 162.253.55.123 () {34 vars in 862 bytes} [Sat Sep 19 18:27:12 2026] GET /allocations/acd92a2b-22e5-4325-886c-8692096ed3e5 => generated 257 bytes in 27 msecs (HTTP/1.1 200) 8 headers in 296 bytes (1 switches on core 0)
2026-09-19 18:27:12.756 7 INFO placement.requestlog [req-33649159-bfb5-4724-b690-2c27d0e2afb6 req-60a8f485-01ea-4115-b23c-de80fd1cc81a 16c3c8faff134acdb2026d6176311868 a779e2c302934e42acfd0eed113402a1 - - 59efac4db3ad48058599b4df15e3845e 59efac4db3ad48058599b4df15e3845e] 162.253.55.123 "GET /allocations/8d3d3e0b-af9f-4ced-abbd-1022c9958b80" status: 200 len: 257 microversion: 1.28 [pid: 7|app: 0|req: 349/697] 162.253.55.123 () {34 vars in 862 bytes} [Sat Sep 19 18:27:12 2026] GET /allocations/8d3d3e0b-af9f-4ced-abbd-1022c9958b80 => generated 257 bytes in 25 msecs (HTTP/1.1 200) 8 headers in 296 bytes (1 switches on core 0)
2026-09-19 18:27:12.776 8 INFO placement.requestlog [req-33649159-bfb5-4724-b690-2c27d0e2afb6 req-0d62325d-094d-4339-90c2-f23c40fcc4f8 16c3c8faff134acdb2026d6176311868 a779e2c302934e42acfd0eed113402a1 - - 59efac4db3ad48058599b4df15e3845e 59efac4db3ad48058599b4df15e3845e] 162.253.55.123 "GET /allocations/1ce42678-a2c2-4955-b4c7-bd9989715ad4" status: 200 len: 257 microversion: 1.28 [pid: 8|app: 0|req: 349/698] 162.253.55.123 () {34 vars in 862 bytes} [Sat Sep 19 18:27:12 2026] GET /allocations/1ce42678-a2c2-4955-b4c7-bd9989715ad4 => generated 257 bytes in 17 msecs (HTTP/1.1 200) 8 headers in 296 bytes (1 switches on core 0)
2026-09-19 18:27:14.848 7 INFO placement.requestlog [req-7df313dd-ef57-4992-a156-0faac0468e36 req-e7ff62ff-c11c-48ca-8a36-23c05aae7fb6 16c3c8faff134acdb2026d6176311868 a779e2c302934e42acfd0eed113402a1 - - 59efac4db3ad48058599b4df15e3845e 59efac4db3ad48058599b4df15e3845e] 162.253.55.123 "GET /resource_providers/dd47e6c4-ad6f-4d21-8dc0-07c8300ea158/allocations" status: 200 len: 352 microversion: 1.0 [pid: 7|app: 0|req: 350/699] 162.253.55.123 () {32 vars in 856 bytes} [Sat Sep 19 18:27:14 2026] GET /resource_providers/dd47e6c4-ad6f-4d21-8dc0-07c8300ea158/allocations => generated 352 bytes in 23 msecs (HTTP/1.1 200) 6 headers in 224 bytes (1 switches on core 0)
2026-09-19 18:27:14.877 8 INFO placement.requestlog [req-7df313dd-ef57-4992-a156-0faac0468e36 req-723e3af1-6c19-4be4-a909-eb044124e057 16c3c8faff134acdb2026d6176311868 a779e2c302934e42acfd0eed113402a1 - - 59efac4db3ad48058599b4df15e3845e 59efac4db3ad48058599b4df15e3845e] 162.253.55.123 "GET /allocations/acd92a2b-22e5-4325-886c-8692096ed3e5" status: 200 len: 257 microversion: 1.28 [pid: 8|app: 0|req: 350/700] 162.253.55.123 () {34 vars in 862 bytes} [Sat Sep 19 18:27:14 2026] GET /allocations/acd92a2b-22e5-4325-886c-8692096ed3e5 => generated 257 bytes in 24 msecs (HTTP/1.1 200) 8 headers in 296 bytes (1 switches on core 0)
2026-09-19 18:27:14.905 7 INFO placement.requestlog [req-7df313dd-ef57-4992-a156-0faac0468e36 req-5daeaa9d-c529-4c99-bede-5a1720863fd3 16c3c8faff134acdb2026d6176311868 a779e2c302934e42acfd0eed113402a1 - - 59efac4db3ad48058599b4df15e3845e 59efac4db3ad48058599b4df15e3845e] 162.253.55.123 "GET /allocations/8d3d3e0b-af9f-4ced-abbd-1022c9958b80" status: 200 len: 257 microversion: 1.28 [pid: 7|app: 0|req: 351/701] 162.253.55.123 () {34 vars in 862 bytes} [Sat Sep 19 18:27:14 2026] GET /allocations/8d3d3e0b-af9f-4ced-abbd-1022c9958b80 => generated 257 bytes in 21 msecs (HTTP/1.1 200) 8 headers in 296 bytes (1 switches on core 0)
2026-09-19 18:27:14.926 8 INFO placement.requestlog [req-7df313dd-ef57-4992-a156-0faac0468e36 req-66ee7035-0bf4-4a44-b00b-50beb7df89de 16c3c8faff134acdb2026d6176311868 a779e2c302934e42acfd0eed113402a1 - - 59efac4db3ad48058599b4df15e3845e 59efac4db3ad48058599b4df15e3845e] 162.253.55.123 "GET /allocations/1ce42678-a2c2-4955-b4c7-bd9989715ad4" status: 200 len: 257 microversion: 1.28 [pid: 8|app: 0|req: 351/702] 162.253.55.123 () {34 vars in 862 bytes} [Sat Sep 19 18:27:14 2026] GET /allocations/1ce42678-a2c2-4955-b4c7-bd9989715ad4 => generated 257 bytes in 17 msecs (HTTP/1.1 200) 8 headers in 296 bytes (1 switches on core 0)
2026-09-19 18:27:21.364 7 INFO placement.requestlog [None req-618c7426-8374-40d8-93e0-246f11de21fa - - - - - -] 10.0.0.48 "GET /" status: 200 len: 136 microversion: 1.0
2026-09-19 18:27:21.365 8 INFO placement.requestlog [None req-1d04663b-b90c-44cb-bef9-5b42ca26d736 - - - - - -] 10.0.0.48 "GET /" status: 200 len: 136 microversion: 1.0
2026-09-19 18:27:23.708 7 INFO placement.requestlog [req-5c7db671-8dfd-4dc7-8182-2dfbccb7944d req-767c3ed9-1431-4f96-8e16-cec64ee0e704 16c3c8faff134acdb2026d6176311868 a779e2c302934e42acfd0eed113402a1 - - 59efac4db3ad48058599b4df15e3845e 59efac4db3ad48058599b4df15e3845e] 162.253.55.123 "GET /resource_providers/dd47e6c4-ad6f-4d21-8dc0-07c8300ea158/allocations" status: 200 len: 352 microversion: 1.0 [pid: 7|app: 0|req: 353/705] 162.253.55.123 () {32 vars in 856 bytes} [Sat Sep 19 18:27:23 2026] GET /resource_providers/dd47e6c4-ad6f-4d21-8dc0-07c8300ea158/allocations => generated 352 bytes in 13 msecs (HTTP/1.1 200) 6 headers in 224 bytes (1 switches on core 0)
2026-09-19 18:27:23.732 8 INFO placement.requestlog [req-5c7db671-8dfd-4dc7-8182-2dfbccb7944d req-f2ec8832-4947-4ed9-9495-75a3de547576 16c3c8faff134acdb2026d6176311868 a779e2c302934e42acfd0eed113402a1 - - 59efac4db3ad48058599b4df15e3845e 59efac4db3ad48058599b4df15e3845e] 162.253.55.123 "GET /allocations/acd92a2b-22e5-4325-886c-8692096ed3e5" status: 200 len: 257 microversion: 1.28 [pid: 8|app: 0|req: 353/706] 162.253.55.123 () {34 vars in 862 bytes} [Sat Sep 19 18:27:23 2026] GET /allocations/acd92a2b-22e5-4325-886c-8692096ed3e5 => generated 257 bytes in 17 msecs (HTTP/1.1 200) 8 headers in 296 bytes (1 switches on core 0)
2026-09-19 18:27:23.746 7 INFO placement.requestlog [req-5c7db671-8dfd-4dc7-8182-2dfbccb7944d req-bc6fb5fd-6d34-49c3-bb24-122e4ab64276 16c3c8faff134acdb2026d6176311868 a779e2c302934e42acfd0eed113402a1 - - 59efac4db3ad48058599b4df15e3845e 59efac4db3ad48058599b4df15e3845e] 162.253.55.123 "GET /allocations/8d3d3e0b-af9f-4ced-abbd-1022c9958b80" status: 200 len: 257 microversion: 1.28 [pid: 7|app: 0|req: 354/707] 162.253.55.123 () {34 vars in 862 bytes} [Sat Sep 19 18:27:23 2026] GET /allocations/8d3d3e0b-af9f-4ced-abbd-1022c9958b80 => generated 257 bytes in 7 msecs (HTTP/1.1 200) 8 headers in 296 bytes (1 switches on core 0)
2026-09-19 18:27:23.780 8 INFO placement.requestlog [req-5c7db671-8dfd-4dc7-8182-2dfbccb7944d req-64c6c074-a5a9-41ca-8382-7700571e5d82 16c3c8faff134acdb2026d6176311868 a779e2c302934e42acfd0eed113402a1 - - 59efac4db3ad48058599b4df15e3845e 59efac4db3ad48058599b4df15e3845e] 162.253.55.123 "GET /allocations/1ce42678-a2c2-4955-b4c7-bd9989715ad4" status: 200 len: 257 microversion: 1.28 [pid: 8|app: 0|req: 354/708] 162.253.55.123 () {34 vars in 862 bytes} [Sat Sep 19 18:27:23 2026] GET /allocations/1ce42678-a2c2-4955-b4c7-bd9989715ad4 => generated 257 bytes in 28 msecs (HTTP/1.1 200) 8 headers in 296 bytes (1 switches on core 0)
2026-09-19 18:27:24.850 7 INFO placement.requestlog [req-5c7db671-8dfd-4dc7-8182-2dfbccb7944d req-512d0302-6e3f-4ab0-8619-224d56d2ca65 16c3c8faff134acdb2026d6176311868 a779e2c302934e42acfd0eed113402a1 - - 59efac4db3ad48058599b4df15e3845e 59efac4db3ad48058599b4df15e3845e] 162.253.55.123 "DELETE /allocations/8d3d3e0b-af9f-4ced-abbd-1022c9958b80" status: 204 len: 0 microversion: 1.0 [pid: 7|app: 0|req: 355/709] 162.253.55.123 () {34 vars in 840 bytes} [Sat Sep 19 18:27:24 2026] DELETE /allocations/8d3d3e0b-af9f-4ced-abbd-1022c9958b80 => generated 0 bytes in 42 msecs (HTTP/1.1 204) 5 headers in 198 bytes (1 switches on core 0)
2026-09-19 18:27:26.564 8 INFO placement.requestlog [None req-471a7e8b-ed44-4a90-9338-e3868b7e61f7 2d9b7f297f3f4cada29fc89a31ddfb3e a779e2c302934e42acfd0eed113402a1 - - 59efac4db3ad48058599b4df15e3845e 59efac4db3ad48058599b4df15e3845e] 10.0.0.140 "GET /resource_providers/ba592ce0-ae24-4e3e-a799-861537e5efe0/aggregates" status: 404 len: 235 microversion: 1.1 [pid: 8|app: 0|req: 355/710] 10.0.0.140 () {32 vars in 815 bytes} [Sat Sep 19 18:27:26 2026] GET /resource_providers/ba592ce0-ae24-4e3e-a799-861537e5efe0/aggregates => generated 235 bytes in 17 msecs (HTTP/1.1 404) 5 headers in 202 bytes (1 switches on core 0)
2026-09-19 18:27:26.570 7 INFO placement.requestlog [None req-e4bad2d5-b583-4f40-b9c1-e037275ecafc 2d9b7f297f3f4cada29fc89a31ddfb3e a779e2c302934e42acfd0eed113402a1 - - 59efac4db3ad48058599b4df15e3845e 59efac4db3ad48058599b4df15e3845e] 10.0.0.140 "GET /resource_providers/ba592ce0-ae24-4e3e-a799-861537e5efe0/aggregates" status: 404 len: 235 microversion: 1.1 [pid: 7|app: 0|req: 356/711] 10.0.0.140 () {32 vars in 815 bytes} [Sat Sep 19 18:27:26 2026] GET /resource_providers/ba592ce0-ae24-4e3e-a799-861537e5efe0/aggregates => generated 235 bytes in 23 msecs (HTTP/1.1 404) 5 headers in 202 bytes (1 switches on core 0)
2026-09-19 18:27:26.583 8 INFO placement.requestlog [None req-9955bcb8-9fbb-452b-b0b2-77b4f4b46f75 2d9b7f297f3f4cada29fc89a31ddfb3e a779e2c302934e42acfd0eed113402a1 - - 59efac4db3ad48058599b4df15e3845e 59efac4db3ad48058599b4df15e3845e] 10.0.0.140 "DELETE /resource_providers/ba592ce0-ae24-4e3e-a799-861537e5efe0" status: 404 len: 246 microversion: 1.1 [pid: 8|app: 0|req: 356/712] 10.0.0.140 () {34 vars in 815 bytes} [Sat Sep 19 18:27:26 2026] DELETE /resource_providers/ba592ce0-ae24-4e3e-a799-861537e5efe0 => generated 246 bytes in 12 msecs (HTTP/1.1 404) 6 headers in 231 bytes (1 switches on core 0)
