2026-05-06 14:56:26.016 8 INFO neutron.api.extensions [None req-6f0766dc-1b8e-43f1-8b8d-6cbba029f118 - - - - - -] Extension floating-ip-port-forwarding-description not supported by any of loaded plugins
2026-05-06 14:56:26.017 8 INFO neutron.api.extensions [None req-6f0766dc-1b8e-43f1-8b8d-6cbba029f118 - - - - - -] Loaded extension: floating-ip-port-forwarding-detail
2026-05-06 14:56:26.017 7 INFO neutron.quota.resource_registry [None req-6b283b9b-4ad7-43b1-8a96-05c94fed83f5 - - - - - -] Creating instance of TrackedResource for resource:router
2026-05-06 14:56:26.017 8 INFO neutron.api.extensions [None req-6f0766dc-1b8e-43f1-8b8d-6cbba029f118 - - - - - -] Extension floating-ip-port-forwarding-port-ranges not supported by any of loaded plugins
2026-05-06 14:56:26.018 7 WARNING neutron.quota.resource_registry [None req-6b283b9b-4ad7-43b1-8a96-05c94fed83f5 - - - - - -] router is already registered
2026-05-06 14:56:26.018 7 INFO neutron.quota.resource_registry [None req-6b283b9b-4ad7-43b1-8a96-05c94fed83f5 - - - - - -] Creating instance of TrackedResource for resource:floatingip
2026-05-06 14:56:26.018 8 INFO neutron.api.extensions [None req-6f0766dc-1b8e-43f1-8b8d-6cbba029f118 - - - - - -] Loaded extension: fip-port-details
2026-05-06 14:56:26.018 7 WARNING neutron.quota.resource_registry [None req-6b283b9b-4ad7-43b1-8a96-05c94fed83f5 - - - - - -] floatingip is already registered
2026-05-06 14:56:26.019 8 INFO neutron.api.extensions [None req-6f0766dc-1b8e-43f1-8b8d-6cbba029f118 - - - - - -] Loaded extension: flavors
2026-05-06 14:56:26.020 8 INFO neutron.api.extensions [None req-6f0766dc-1b8e-43f1-8b8d-6cbba029f118 - - - - - -] Extension floating-ip-port-forwarding not supported by any of loaded plugins
2026-05-06 14:56:26.020 8 INFO neutron.api.extensions [None req-6f0766dc-1b8e-43f1-8b8d-6cbba029f118 - - - - - -] Loaded extension: floatingip-pools
2026-05-06 14:56:26.021 8 INFO neutron.api.extensions [None req-6f0766dc-1b8e-43f1-8b8d-6cbba029f118 - - - - - -] Loaded extension: ip_allocation
2026-05-06 14:56:26.022 8 INFO neutron.api.extensions [None req-6f0766dc-1b8e-43f1-8b8d-6cbba029f118 - - - - - -] Extension ip-substring-filtering not supported by any of loaded plugins
2026-05-06 14:56:26.022 8 INFO neutron.api.extensions [None req-6f0766dc-1b8e-43f1-8b8d-6cbba029f118 - - - - - -] Loaded extension: l2_adjacency
2026-05-06 14:56:26.023 8 INFO neutron.api.extensions [None req-6f0766dc-1b8e-43f1-8b8d-6cbba029f118 - - - - - -] Loaded extension: router
2026-05-06 14:56:26.023 7 INFO neutron.quota.resource_registry [None req-6b283b9b-4ad7-43b1-8a96-05c94fed83f5 - - - - - -] Creating instance of CountableResource for resource:rbac_policy
2026-05-06 14:56:26.024 7 WARNING neutron.quota.resource_registry [None req-6b283b9b-4ad7-43b1-8a96-05c94fed83f5 - - - - - -] rbac_policy is already registered
2026-05-06 14:56:26.024 7 INFO neutron.quota.resource_registry [None req-6b283b9b-4ad7-43b1-8a96-05c94fed83f5 - - - - - -] Creating instance of TrackedResource for resource:security_group
2026-05-06 14:56:26.024 7 WARNING neutron.quota.resource_registry [None req-6b283b9b-4ad7-43b1-8a96-05c94fed83f5 - - - - - -] security_group is already registered
2026-05-06 14:56:26.025 7 INFO neutron.quota.resource_registry [None req-6b283b9b-4ad7-43b1-8a96-05c94fed83f5 - - - - - -] Creating instance of TrackedResource for resource:security_group_rule
2026-05-06 14:56:26.025 7 WARNING neutron.quota.resource_registry [None req-6b283b9b-4ad7-43b1-8a96-05c94fed83f5 - - - - - -] security_group_rule is already registered
2026-05-06 14:56:26.025 8 INFO neutron.api.extensions [None req-6f0766dc-1b8e-43f1-8b8d-6cbba029f118 - - - - - -] Extension l3-conntrack-helper not supported by any of loaded plugins
2026-05-06 14:56:26.026 8 INFO neutron.api.extensions [None req-6f0766dc-1b8e-43f1-8b8d-6cbba029f118 - - - - - -] Loaded extension: enable-default-route-bfd
2026-05-06 14:56:26.026 7 INFO neutron.quota.resource_registry [None req-6b283b9b-4ad7-43b1-8a96-05c94fed83f5 - - - - - -] Creating instance of TrackedResource for resource:subnetpool
2026-05-06 14:56:26.026 7 WARNING neutron.quota.resource_registry [None req-6b283b9b-4ad7-43b1-8a96-05c94fed83f5 - - - - - -] subnetpool is already registered
2026-05-06 14:56:26.026 8 INFO neutron.api.extensions [None req-6f0766dc-1b8e-43f1-8b8d-6cbba029f118 - - - - - -] Loaded extension: enable-default-route-ecmp
2026-05-06 14:56:26.026 7 INFO neutron.quota.resource_registry [None req-6b283b9b-4ad7-43b1-8a96-05c94fed83f5 - - - - - -] Creating instance of CountableResource for resource:trunk
2026-05-06 14:56:26.027 7 WARNING neutron.quota.resource_registry [None req-6b283b9b-4ad7-43b1-8a96-05c94fed83f5 - - - - - -] trunk is already registered
2026-05-06 14:56:26.027 8 INFO neutron.api.extensions [None req-6f0766dc-1b8e-43f1-8b8d-6cbba029f118 - - - - - -] Loaded extension: ext-gw-mode
2026-05-06 14:56:26.027 7 INFO neutron.quota.resource_registry [None req-6b283b9b-4ad7-43b1-8a96-05c94fed83f5 - - - - - -] Creating instance of CountableResource for resource:ikepolicy
2026-05-06 14:56:26.027 8 INFO neutron.api.extensions [None req-6f0766dc-1b8e-43f1-8b8d-6cbba029f118 - - - - - -] Loaded extension: l3-ha
2026-05-06 14:56:26.027 7 WARNING neutron.quota.resource_registry [None req-6b283b9b-4ad7-43b1-8a96-05c94fed83f5 - - - - - -] ikepolicy is already registered
2026-05-06 14:56:26.028 8 INFO neutron.api.extensions [None req-6f0766dc-1b8e-43f1-8b8d-6cbba029f118 - - - - - -] Extension l3-ext-ndp-proxy not supported by any of loaded plugins
2026-05-06 14:56:26.027 7 INFO neutron.quota.resource_registry [None req-6b283b9b-4ad7-43b1-8a96-05c94fed83f5 - - - - - -] Creating instance of CountableResource for resource:ipsecpolicy
2026-05-06 14:56:26.028 7 WARNING neutron.quota.resource_registry [None req-6b283b9b-4ad7-43b1-8a96-05c94fed83f5 - - - - - -] ipsecpolicy is already registered
2026-05-06 14:56:26.028 8 INFO neutron.api.extensions [None req-6f0766dc-1b8e-43f1-8b8d-6cbba029f118 - - - - - -] Loaded extension: external-gateway-multihoming
2026-05-06 14:56:26.028 7 INFO neutron.quota.resource_registry [None req-6b283b9b-4ad7-43b1-8a96-05c94fed83f5 - - - - - -] Creating instance of CountableResource for resource:endpoint_group
2026-05-06 14:56:26.028 7 WARNING neutron.quota.resource_registry [None req-6b283b9b-4ad7-43b1-8a96-05c94fed83f5 - - - - - -] endpoint_group is already registered
2026-05-06 14:56:26.028 8 INFO neutron.api.extensions [None req-6f0766dc-1b8e-43f1-8b8d-6cbba029f118 - - - - - -] Loaded extension: l3-flavors
2026-05-06 14:56:26.029 7 INFO neutron.quota.resource_registry [None req-6b283b9b-4ad7-43b1-8a96-05c94fed83f5 - - - - - -] Creating instance of CountableResource for resource:vpnservice
2026-05-06 14:56:26.029 7 WARNING neutron.quota.resource_registry [None req-6b283b9b-4ad7-43b1-8a96-05c94fed83f5 - - - - - -] vpnservice is already registered
2026-05-06 14:56:26.029 7 INFO neutron.quota.resource_registry [None req-6b283b9b-4ad7-43b1-8a96-05c94fed83f5 - - - - - -] Creating instance of CountableResource for resource:ipsec_site_connection
2026-05-06 14:56:26.029 7 WARNING neutron.quota.resource_registry [None req-6b283b9b-4ad7-43b1-8a96-05c94fed83f5 - - - - - -] ipsec_site_connection is already registered
2026-05-06 14:56:26.029 8 INFO neutron.api.extensions [None req-6f0766dc-1b8e-43f1-8b8d-6cbba029f118 - - - - - -] Extension l3-ndp-proxy not supported by any of loaded plugins
2026-05-06 14:56:26.030 7 INFO neutron.quota.resource_registry [None req-6b283b9b-4ad7-43b1-8a96-05c94fed83f5 - - - - - -] Creating instance of CountableResource for resource:ipsecpolicy
2026-05-06 14:56:26.030 7 WARNING neutron.quota.resource_registry [None req-6b283b9b-4ad7-43b1-8a96-05c94fed83f5 - - - - - -] ipsecpolicy is already registered
2026-05-06 14:56:26.030 8 INFO neutron.api.extensions [None req-6f0766dc-1b8e-43f1-8b8d-6cbba029f118 - - - - - -] Extension l3-port-ip-change-not-allowed not supported by any of loaded plugins
2026-05-06 14:56:26.030 7 INFO neutron.quota.resource_registry [None req-6b283b9b-4ad7-43b1-8a96-05c94fed83f5 - - - - - -] Creating instance of CountableResource for resource:ikepolicy
2026-05-06 14:56:26.030 7 WARNING neutron.quota.resource_registry [None req-6b283b9b-4ad7-43b1-8a96-05c94fed83f5 - - - - - -] ikepolicy is already registered
2026-05-06 14:56:26.032 8 INFO neutron.api.extensions [None req-6f0766dc-1b8e-43f1-8b8d-6cbba029f118 - - - - - -] Extension l3_agent_scheduler not supported by any of loaded plugins
2026-05-06 14:56:26.033 8 INFO neutron.api.extensions [None req-6f0766dc-1b8e-43f1-8b8d-6cbba029f118 - - - - - -] Extension local_ip not supported by any of loaded plugins
2026-05-06 14:56:26.034 8 INFO neutron.api.extensions [None req-6f0766dc-1b8e-43f1-8b8d-6cbba029f118 - - - - - -] Loaded extension: logging
2026-05-06 14:56:26.035 8 INFO neutron.api.extensions [None req-6f0766dc-1b8e-43f1-8b8d-6cbba029f118 - - - - - -] Extension metering not supported by any of loaded plugins
2026-05-06 14:56:26.036 8 INFO neutron.api.extensions [None req-6f0766dc-1b8e-43f1-8b8d-6cbba029f118 - - - - - -] Extension metering_source_and_destination_fields not supported by any of loaded plugins
2026-05-06 14:56:26.037 8 INFO neutron.api.extensions [None req-6f0766dc-1b8e-43f1-8b8d-6cbba029f118 - - - - - -] Loaded extension: multi-provider
2026-05-06 14:56:26.037 8 INFO neutron.api.extensions [None req-6f0766dc-1b8e-43f1-8b8d-6cbba029f118 - - - - - -] Loaded extension: net-mtu
2026-05-06 14:56:26.038 8 INFO neutron.api.extensions [None req-6f0766dc-1b8e-43f1-8b8d-6cbba029f118 - - - - - -] Loaded extension: net-mtu-writable
2026-05-06 14:56:26.038 8 INFO neutron.api.extensions [None req-6f0766dc-1b8e-43f1-8b8d-6cbba029f118 - - - - - -] Loaded extension: network_availability_zone
2026-05-06 14:56:26.039 8 INFO neutron.api.extensions [None req-6f0766dc-1b8e-43f1-8b8d-6cbba029f118 - - - - - -] Extension network_ha not supported by any of loaded plugins
2026-05-06 14:56:26.040 8 INFO neutron.api.extensions [None req-6f0766dc-1b8e-43f1-8b8d-6cbba029f118 - - - - - -] Loaded extension: network-ip-availability
2026-05-06 14:56:26.041 8 INFO neutron.api.extensions [None req-6f0766dc-1b8e-43f1-8b8d-6cbba029f118 - - - - - -] Extension network-segment-range not supported by any of loaded plugins
2026-05-06 14:56:26.041 8 INFO neutron.api.extensions [None req-6f0766dc-1b8e-43f1-8b8d-6cbba029f118 - - - - - -] Loaded extension: pagination
2026-05-06 14:56:26.042 8 INFO neutron.api.extensions [None req-6f0766dc-1b8e-43f1-8b8d-6cbba029f118 - - - - - -] Loaded extension: port-device-profile
2026-05-06 14:56:26.042 8 INFO neutron.api.extensions [None req-6f0766dc-1b8e-43f1-8b8d-6cbba029f118 - - - - - -] Extension port-hardware-offload-type not supported by any of loaded plugins
2026-05-06 14:56:26.043 8 INFO neutron.api.extensions [None req-6f0766dc-1b8e-43f1-8b8d-6cbba029f118 - - - - - -] Extension port-hint-ovs-tx-steering not supported by any of loaded plugins
2026-05-06 14:56:26.043 8 INFO neutron.api.extensions [None req-6f0766dc-1b8e-43f1-8b8d-6cbba029f118 - - - - - -] Extension port-hints not supported by any of loaded plugins
2026-05-06 14:56:26.044 8 INFO neutron.api.extensions [None req-6f0766dc-1b8e-43f1-8b8d-6cbba029f118 - - - - - -] Extension port-mac-override not supported by any of loaded plugins
2026-05-06 14:56:26.044 8 INFO neutron.api.extensions [None req-6f0766dc-1b8e-43f1-8b8d-6cbba029f118 - - - - - -] Loaded extension: port-mac-address-regenerate
2026-05-06 14:56:26.045 8 INFO neutron.api.extensions [None req-6f0766dc-1b8e-43f1-8b8d-6cbba029f118 - - - - - -] Loaded extension: port-numa-affinity-policy
2026-05-06 14:56:26.045 8 INFO neutron.api.extensions [None req-6f0766dc-1b8e-43f1-8b8d-6cbba029f118 - - - - - -] Loaded extension: port-numa-affinity-policy-socket
2026-05-06 14:56:26.046 8 INFO neutron.api.extensions [None req-6f0766dc-1b8e-43f1-8b8d-6cbba029f118 - - - - - -] Loaded extension: port-resource-request
2026-05-06 14:56:26.046 8 INFO neutron.api.extensions [None req-6f0766dc-1b8e-43f1-8b8d-6cbba029f118 - - - - - -] Loaded extension: port-resource-request-groups
2026-05-06 14:56:26.047 8 INFO neutron.api.extensions [None req-6f0766dc-1b8e-43f1-8b8d-6cbba029f118 - - - - - -] Extension port-trusted-vif not supported by any of loaded plugins
2026-05-06 14:56:26.047 8 INFO neutron.api.extensions [None req-6f0766dc-1b8e-43f1-8b8d-6cbba029f118 - - - - - -] Loaded extension: binding
2026-05-06 14:56:26.048 8 INFO neutron.api.extensions [None req-6f0766dc-1b8e-43f1-8b8d-6cbba029f118 - - - - - -] Loaded extension: binding-extended
2026-05-06 14:56:26.049 8 INFO neutron.api.extensions [None req-6f0766dc-1b8e-43f1-8b8d-6cbba029f118 - - - - - -] Loaded extension: port-security
2026-05-06 14:56:26.049 8 INFO neutron.api.extensions [None req-6f0766dc-1b8e-43f1-8b8d-6cbba029f118 - - - - - -] Loaded extension: project-id
2026-05-06 14:56:26.050 8 INFO neutron.api.extensions [None req-6f0766dc-1b8e-43f1-8b8d-6cbba029f118 - - - - - -] Loaded extension: provider
2026-05-06 14:56:26.050 8 INFO neutron.api.extensions [None req-6f0766dc-1b8e-43f1-8b8d-6cbba029f118 - - - - - -] Loaded extension: qinq
2026-05-06 14:56:26.052 8 INFO neutron.api.extensions [None req-6f0766dc-1b8e-43f1-8b8d-6cbba029f118 - - - - - -] Loaded extension: qos
2026-05-06 14:56:26.053 8 INFO neutron.api.extensions [None req-6f0766dc-1b8e-43f1-8b8d-6cbba029f118 - - - - - -] Loaded extension: qos-bw-limit-direction
2026-05-06 14:56:26.054 8 INFO neutron.api.extensions [None req-6f0766dc-1b8e-43f1-8b8d-6cbba029f118 - - - - - -] Loaded extension: qos-bw-minimum-ingress
2026-05-06 14:56:26.054 8 INFO neutron.api.extensions [None req-6f0766dc-1b8e-43f1-8b8d-6cbba029f118 - - - - - -] Loaded extension: qos-default
2026-05-06 14:56:26.055 8 INFO neutron.api.extensions [None req-6f0766dc-1b8e-43f1-8b8d-6cbba029f118 - - - - - -] Loaded extension: qos-fip
2026-05-06 14:56:26.055 8 INFO neutron.api.extensions [None req-6f0766dc-1b8e-43f1-8b8d-6cbba029f118 - - - - - -] Extension qos-fip-network-policy not supported by any of loaded plugins
2026-05-06 14:56:26.056 8 INFO neutron.api.extensions [None req-6f0766dc-1b8e-43f1-8b8d-6cbba029f118 - - - - - -] Loaded extension: qos-gateway-ip
2026-05-06 14:56:26.056 8 INFO neutron.api.extensions [None req-6f0766dc-1b8e-43f1-8b8d-6cbba029f118 - - - - - -] Loaded extension: qos-port-network-policy
2026-05-06 14:56:26.057 8 INFO neutron.api.extensions [None req-6f0766dc-1b8e-43f1-8b8d-6cbba029f118 - - - - - -] Loaded extension: qos-pps-minimum
2026-05-06 14:56:26.057 8 INFO neutron.api.extensions [None req-6f0766dc-1b8e-43f1-8b8d-6cbba029f118 - - - - - -] Loaded extension: qos-pps-minimum-rule-alias
2026-05-06 14:56:26.058 8 INFO neutron.api.extensions [None req-6f0766dc-1b8e-43f1-8b8d-6cbba029f118 - - - - - -] Loaded extension: qos-pps
2026-05-06 14:56:26.059 8 INFO neutron.api.extensions [None req-6f0766dc-1b8e-43f1-8b8d-6cbba029f118 - - - - - -] Loaded extension: qos-rule-type-details
2026-05-06 14:56:26.059 8 INFO neutron.api.extensions [None req-6f0766dc-1b8e-43f1-8b8d-6cbba029f118 - - - - - -] Loaded extension: qos-rule-type-filter
2026-05-06 14:56:26.060 8 INFO neutron.api.extensions [None req-6f0766dc-1b8e-43f1-8b8d-6cbba029f118 - - - - - -] Loaded extension: qos-rules-alias
2026-05-06 14:56:26.060 8 INFO neutron.api.extensions [None req-6f0766dc-1b8e-43f1-8b8d-6cbba029f118 - - - - - -] Loaded extension: quota-check-limit
2026-05-06 14:56:26.061 8 INFO neutron.api.extensions [None req-6f0766dc-1b8e-43f1-8b8d-6cbba029f118 - - - - - -] Loaded extension: quota-check-limit-default
2026-05-06 14:56:26.063 8 INFO neutron.api.extensions [None req-6f0766dc-1b8e-43f1-8b8d-6cbba029f118 - - - - - -] Loaded extension: quotas
2026-05-06 14:56:26.064 8 INFO neutron.api.extensions [None req-6f0766dc-1b8e-43f1-8b8d-6cbba029f118 - - - - - -] Loaded extension: quota_details
2026-05-06 14:56:26.065 8 INFO neutron.api.extensions [None req-6f0766dc-1b8e-43f1-8b8d-6cbba029f118 - - - - - -] Loaded extension: rbac-policies
2026-05-06 14:56:26.066 8 INFO neutron.api.extensions [None req-6f0766dc-1b8e-43f1-8b8d-6cbba029f118 - - - - - -] Extension rbac-address-group not supported by any of loaded plugins
2026-05-06 14:56:26.066 8 INFO neutron.api.extensions [None req-6f0766dc-1b8e-43f1-8b8d-6cbba029f118 - - - - - -] Loaded extension: rbac-address-scope
2026-05-06 14:56:26.067 8 INFO neutron.api.extensions [None req-6f0766dc-1b8e-43f1-8b8d-6cbba029f118 - - - - - -] Loaded extension: rbac-security-groups
2026-05-06 14:56:26.067 8 INFO neutron.api.extensions [None req-6f0766dc-1b8e-43f1-8b8d-6cbba029f118 - - - - - -] Extension rbac-subnetpool not supported by any of loaded plugins
2026-05-06 14:56:26.068 7 WARNING keystonemiddleware._common.config [None req-6b283b9b-4ad7-43b1-8a96-05c94fed83f5 - - - - - -] The option "audit_map_file" is not known to keystonemiddleware
2026-05-06 14:56:26.068 8 INFO neutron.api.extensions [None req-6f0766dc-1b8e-43f1-8b8d-6cbba029f118 - - - - - -] Loaded extension: revision-if-match
2026-05-06 14:56:26.069 8 INFO neutron.api.extensions [None req-6f0766dc-1b8e-43f1-8b8d-6cbba029f118 - - - - - -] Loaded extension: standard-attr-revisions
2026-05-06 14:56:26.069 8 INFO neutron.api.extensions [None req-6f0766dc-1b8e-43f1-8b8d-6cbba029f118 - - - - - -] Loaded extension: router_availability_zone
2026-05-06 14:56:26.070 8 INFO neutron.api.extensions [None req-6f0766dc-1b8e-43f1-8b8d-6cbba029f118 - - - - - -] Extension router-service-type not supported by any of loaded plugins
2026-05-06 14:56:26.071 8 INFO neutron.api.extensions [None req-6f0766dc-1b8e-43f1-8b8d-6cbba029f118 - - - - - -] Loaded extension: security-groups-default-rules
2026-05-06 14:56:26.072 8 INFO neutron.api.extensions [None req-6f0766dc-1b8e-43f1-8b8d-6cbba029f118 - - - - - -] Loaded extension: security-groups-normalized-cidr
2026-05-06 14:56:26.073 8 INFO neutron.api.extensions [None req-6f0766dc-1b8e-43f1-8b8d-6cbba029f118 - - - - - -] Extension port-security-groups-filtering not supported by any of loaded plugins
2026-05-06 14:56:26.073 8 INFO neutron.api.extensions [None req-6f0766dc-1b8e-43f1-8b8d-6cbba029f118 - - - - - -] Loaded extension: security-groups-remote-address-group
2026-05-06 14:56:26.074 8 INFO neutron.api.extensions [None req-6f0766dc-1b8e-43f1-8b8d-6cbba029f118 - - - - - -] Loaded extension: security-groups-rules-belongs-to-default-sg
2026-05-06 14:56:26.074 8 INFO neutron.api.extensions [None req-6f0766dc-1b8e-43f1-8b8d-6cbba029f118 - - - - - -] Loaded extension: security-groups-shared-filtering
2026-05-06 14:56:26.074 7 WARNING oslo_config.cfg [None req-6b283b9b-4ad7-43b1-8a96-05c94fed83f5 - - - - - -] Deprecated: Option "auth_uri" from group "keystone_authtoken" is deprecated. Use option "www_authenticate_uri" from group "keystone_authtoken".
2026-05-06 14:56:26.078 8 INFO neutron.api.extensions [None req-6f0766dc-1b8e-43f1-8b8d-6cbba029f118 - - - - - -] Loaded extension: security-group
2026-05-06 14:56:26.079 8 INFO neutron.api.extensions [None req-6f0766dc-1b8e-43f1-8b8d-6cbba029f118 - - - - - -] Loaded extension: segment
2026-05-06 14:56:26.080 8 INFO neutron.api.extensions [None req-6f0766dc-1b8e-43f1-8b8d-6cbba029f118 - - - - - -] Loaded extension: segments-peer-subnet-host-routes
2026-05-06 14:56:26.081 8 INFO neutron.api.extensions [None req-6f0766dc-1b8e-43f1-8b8d-6cbba029f118 - - - - - -] Loaded extension: service-type
2026-05-06 14:56:26.081 8 INFO neutron.api.extensions [None req-6f0766dc-1b8e-43f1-8b8d-6cbba029f118 - - - - - -] Loaded extension: sorting
2026-05-06 14:56:26.082 8 INFO neutron.api.extensions [None req-6f0766dc-1b8e-43f1-8b8d-6cbba029f118 - - - - - -] Loaded extension: standard-attr-segment
2026-05-06 14:56:26.082 8 INFO neutron.api.extensions [None req-6f0766dc-1b8e-43f1-8b8d-6cbba029f118 - - - - - -] Loaded extension: standard-attr-description
2026-05-06 14:56:26.083 8 INFO neutron.api.extensions [None req-6f0766dc-1b8e-43f1-8b8d-6cbba029f118 - - - - - -] Loaded extension: stateful-security-group
2026-05-06 14:56:26.083 8 WARNING neutron.api.extensions [None req-6f0766dc-1b8e-43f1-8b8d-6cbba029f118 - - - - - -] Did not find expected name "Stdattrs_common" in /var/lib/openstack/lib/python3.12/site-packages/neutron/extensions/stdattrs_common.py
2026-05-06 14:56:26.084 8 INFO neutron.api.extensions [None req-6f0766dc-1b8e-43f1-8b8d-6cbba029f118 - - - - - -] Loaded extension: subnet-dns-publish-fixed-ip
2026-05-06 14:56:26.084 8 INFO neutron.api.extensions [None req-6f0766dc-1b8e-43f1-8b8d-6cbba029f118 - - - - - -] Loaded extension: subnet-external-network
2026-05-06 14:56:26.085 8 INFO neutron.api.extensions [None req-6f0766dc-1b8e-43f1-8b8d-6cbba029f118 - - - - - -] Extension subnet_onboard not supported by any of loaded plugins
2026-05-06 14:56:26.085 8 INFO neutron.api.extensions [None req-6f0766dc-1b8e-43f1-8b8d-6cbba029f118 - - - - - -] Loaded extension: subnet-segmentid-writable
2026-05-06 14:56:26.086 8 INFO neutron.api.extensions [None req-6f0766dc-1b8e-43f1-8b8d-6cbba029f118 - - - - - -] Loaded extension: subnet-service-types
2026-05-06 14:56:26.086 8 INFO neutron.api.extensions [None req-6f0766dc-1b8e-43f1-8b8d-6cbba029f118 - - - - - -] Loaded extension: subnet_allocation
2026-05-06 14:56:26.087 8 INFO neutron.api.extensions [None req-6f0766dc-1b8e-43f1-8b8d-6cbba029f118 - - - - - -] Loaded extension: subnetpool-prefix-ops
2026-05-06 14:56:26.088 8 INFO neutron.api.extensions [None req-6f0766dc-1b8e-43f1-8b8d-6cbba029f118 - - - - - -] Loaded extension: tag-creation
2026-05-06 14:56:26.088 8 INFO neutron.api.extensions [None req-6f0766dc-1b8e-43f1-8b8d-6cbba029f118 - - - - - -] Extension tag-ports-during-bulk-creation not supported by any of loaded plugins
2026-05-06 14:56:26.092 8 INFO neutron.api.extensions [None req-6f0766dc-1b8e-43f1-8b8d-6cbba029f118 - - - - - -] Loaded extension: standard-attr-tag
2026-05-06 14:56:26.093 8 INFO neutron.api.extensions [None req-6f0766dc-1b8e-43f1-8b8d-6cbba029f118 - - - - - -] Loaded extension: standard-attr-timestamp
2026-05-06 14:56:26.093 8 INFO neutron.api.extensions [None req-6f0766dc-1b8e-43f1-8b8d-6cbba029f118 - - - - - -] Loaded extension: trunk
2026-05-06 14:56:26.094 8 INFO neutron.api.extensions [None req-6f0766dc-1b8e-43f1-8b8d-6cbba029f118 - - - - - -] Loaded extension: trunk-details
2026-05-06 14:56:26.094 8 INFO neutron.api.extensions [None req-6f0766dc-1b8e-43f1-8b8d-6cbba029f118 - - - - - -] Extension uplink-status-propagation not supported by any of loaded plugins
2026-05-06 14:56:26.094 7 WARNING neutron.plugins.ml2.drivers.ovn.mech_driver.mech_driver [None req-6b283b9b-4ad7-43b1-8a96-05c94fed83f5 - - - - - -] uWSGI must provide a start time using the configuration parameter "start-time %t" in the configuration file
2026-05-06 14:56:26.095 8 INFO neutron.api.extensions [None req-6f0766dc-1b8e-43f1-8b8d-6cbba029f118 - - - - - -] Extension uplink-status-propagation-updatable not supported by any of loaded plugins
2026-05-06 14:56:26.095 8 INFO neutron.api.extensions [None req-6f0766dc-1b8e-43f1-8b8d-6cbba029f118 - - - - - -] Loaded extension: vlan-transparent
2026-05-06 14:56:26.096 8 INFO neutron.api.extensions [None req-6f0766dc-1b8e-43f1-8b8d-6cbba029f118 - - - - - -] Loaded extension: vpn-aes-ctr
2026-05-06 14:56:26.098 8 INFO neutron.api.extensions [None req-6f0766dc-1b8e-43f1-8b8d-6cbba029f118 - - - - - -] Loaded extension: vpn-agent-scheduler
2026-05-06 14:56:26.099 8 INFO neutron.api.extensions [None req-6f0766dc-1b8e-43f1-8b8d-6cbba029f118 - - - - - -] Loaded extension: vpn-endpoint-groups
2026-05-06 14:56:26.100 8 INFO neutron.api.extensions [None req-6f0766dc-1b8e-43f1-8b8d-6cbba029f118 - - - - - -] Loaded extension: vpn-flavors
2026-05-06 14:56:26.101 8 INFO neutron.api.extensions [None req-6f0766dc-1b8e-43f1-8b8d-6cbba029f118 - - - - - -] Loaded extension: vpnaas
2026-05-06 14:56:26.102 8 INFO neutron.api.extensions [None req-6f0766dc-1b8e-43f1-8b8d-6cbba029f118 - - - - - -] Loaded extension: taas
2026-05-06 14:56:26.103 8 INFO neutron.api.extensions [None req-6f0766dc-1b8e-43f1-8b8d-6cbba029f118 - - - - - -] Loaded extension: tap-mirror
2026-05-06 14:56:26.104 8 INFO neutron.api.extensions [None req-6f0766dc-1b8e-43f1-8b8d-6cbba029f118 - - - - - -] Loaded extension: taas-vlan-filter
2026-05-06 14:56:26.106 8 INFO neutron.quota.resource_registry [None req-6f0766dc-1b8e-43f1-8b8d-6cbba029f118 - - - - - -] Creating instance of TrackedResource for resource:network
2026-05-06 14:56:26.107 8 INFO neutron.quota.resource_registry [None req-6f0766dc-1b8e-43f1-8b8d-6cbba029f118 - - - - - -] Creating instance of TrackedResource for resource:subnet
2026-05-06 14:56:26.107 8 INFO neutron.quota.resource_registry [None req-6f0766dc-1b8e-43f1-8b8d-6cbba029f118 - - - - - -] Creating instance of TrackedResource for resource:subnetpool
2026-05-06 14:56:26.107 8 INFO neutron.quota.resource_registry [None req-6f0766dc-1b8e-43f1-8b8d-6cbba029f118 - - - - - -] Creating instance of TrackedResource for resource:port
2026-05-06 14:56:26.108 7 INFO neutron.db.ovn_hash_ring_db [None req-6b283b9b-4ad7-43b1-8a96-05c94fed83f5 - - - - - -] Nodes from host "neutron-server-6644c94dd-qlgxp" and group "mechanism_driver" removed from the Hash Ring created at
2026-05-06 14:56:26+00:00
2026-05-06 14:56:26.110 8 INFO neutron.quota.resource_registry [None req-6f0766dc-1b8e-43f1-8b8d-6cbba029f118 - - - - - -] Creating instance of TrackedResource for resource:router
2026-05-06 14:56:26.110 8 INFO neutron.quota.resource_registry [None req-6f0766dc-1b8e-43f1-8b8d-6cbba029f118 - - - - - -] Creating instance of TrackedResource for resource:floatingip
2026-05-06 14:56:26.111 7 INFO neutron.db.ovn_hash_ring_db [None req-6b283b9b-4ad7-43b1-8a96-05c94fed83f5 - - - - - -] Node 3ac4dc1bf1a4570b9c72f5a6e549e30b from host "neutron-server-6644c94dd-qlgxp" and group "mechanism_driver" added to the Hash Ring
2026-05-06 14:56:26.115 8 INFO neutron.quota.resource_registry [None req-6f0766dc-1b8e-43f1-8b8d-6cbba029f118 - - - - - -] Creating instance of CountableResource for resource:rbac_policy
2026-05-06 14:56:26.116 8 INFO neutron.quota.resource_registry [None req-6f0766dc-1b8e-43f1-8b8d-6cbba029f118 - - - - - -] Creating instance of TrackedResource for resource:security_group
2026-05-06 14:56:26.116 8 INFO neutron.quota.resource_registry [None req-6f0766dc-1b8e-43f1-8b8d-6cbba029f118 - - - - - -] Creating instance of TrackedResource for resource:security_group_rule
2026-05-06 14:56:26.117 8 INFO neutron.quota.resource_registry [None req-6f0766dc-1b8e-43f1-8b8d-6cbba029f118 - - - - - -] Creating instance of TrackedResource for resource:subnetpool
2026-05-06 14:56:26.117 8 WARNING neutron.quota.resource_registry [None req-6f0766dc-1b8e-43f1-8b8d-6cbba029f118 - - - - - -] subnetpool is already registered
2026-05-06 14:56:26.118 8 INFO neutron.quota.resource_registry [None req-6f0766dc-1b8e-43f1-8b8d-6cbba029f118 - - - - - -] Creating instance of CountableResource for resource:trunk
2026-05-06 14:56:26.118 8 INFO neutron.quota.resource_registry [None req-6f0766dc-1b8e-43f1-8b8d-6cbba029f118 - - - - - -] Creating instance of CountableResource for resource:ikepolicy
2026-05-06 14:56:26.118 8 INFO neutron.quota.resource_registry [None req-6f0766dc-1b8e-43f1-8b8d-6cbba029f118 - - - - - -] Creating instance of CountableResource for resource:ipsecpolicy
2026-05-06 14:56:26.119 8 INFO neutron.quota.resource_registry [None req-6f0766dc-1b8e-43f1-8b8d-6cbba029f118 - - - - - -] Creating instance of CountableResource for resource:endpoint_group
2026-05-06 14:56:26.119 8 INFO neutron.quota.resource_registry [None req-6f0766dc-1b8e-43f1-8b8d-6cbba029f118 - - - - - -] Creating instance of CountableResource for resource:vpnservice
2026-05-06 14:56:26.120 8 INFO neutron.quota.resource_registry [None req-6f0766dc-1b8e-43f1-8b8d-6cbba029f118 - - - - - -] Creating instance of CountableResource for resource:ipsec_site_connection
2026-05-06 14:56:26.120 7 INFO neutron.plugins.ml2.drivers.ovn.mech_driver.mech_driver [None req-6b283b9b-4ad7-43b1-8a96-05c94fed83f5 - - - - - -] Hash Ring probing thread for node 3ac4dc1bf1a4570b9c72f5a6e549e30b has started
2026-05-06 14:56:26.120 8 INFO neutron.quota.resource_registry [None req-6f0766dc-1b8e-43f1-8b8d-6cbba029f118 - - - - - -] Creating instance of CountableResource for resource:ipsecpolicy
2026-05-06 14:56:26.120 8 WARNING neutron.quota.resource_registry [None req-6f0766dc-1b8e-43f1-8b8d-6cbba029f118 - - - - - -] ipsecpolicy is already registered
2026-05-06 14:56:26.121 8 INFO neutron.quota.resource_registry [None req-6f0766dc-1b8e-43f1-8b8d-6cbba029f118 - - - - - -] Creating instance of CountableResource for resource:ikepolicy
2026-05-06 14:56:26.121 7 INFO neutron.plugins.ml2.drivers.ovn.mech_driver.ovsdb.impl_idl_ovn [None req-6b283b9b-4ad7-43b1-8a96-05c94fed83f5 - - - - - -] Getting OvsdbNbOvnIdl for WorkerService with retry
2026-05-06 14:56:26.121 8 WARNING neutron.quota.resource_registry [None req-6f0766dc-1b8e-43f1-8b8d-6cbba029f118 - - - - - -] ikepolicy is already registered
2026-05-06 14:56:26.125 8 INFO neutron.quota.resource_registry [None req-6f0766dc-1b8e-43f1-8b8d-6cbba029f118 - - - - - -] Creating instance of TrackedResource for resource:router
2026-05-06 14:56:26.125 8 WARNING neutron.quota.resource_registry [None req-6f0766dc-1b8e-43f1-8b8d-6cbba029f118 - - - - - -] router is already registered
2026-05-06 14:56:26.126 8 INFO neutron.quota.resource_registry [None req-6f0766dc-1b8e-43f1-8b8d-6cbba029f118 - - - - - -] Creating instance of TrackedResource for resource:floatingip
2026-05-06 14:56:26.126 8 WARNING neutron.quota.resource_registry [None req-6f0766dc-1b8e-43f1-8b8d-6cbba029f118 - - - - - -] floatingip is already registered
2026-05-06 14:56:26.131 8 INFO neutron.quota.resource_registry [None req-6f0766dc-1b8e-43f1-8b8d-6cbba029f118 - - - - - -] Creating instance of CountableResource for resource:rbac_policy
2026-05-06 14:56:26.131 8 WARNING neutron.quota.resource_registry [None req-6f0766dc-1b8e-43f1-8b8d-6cbba029f118 - - - - - -] rbac_policy is already registered
2026-05-06 14:56:26.131 8 INFO neutron.quota.resource_registry [None req-6f0766dc-1b8e-43f1-8b8d-6cbba029f118 - - - - - -] Creating instance of TrackedResource for resource:security_group
2026-05-06 14:56:26.132 8 WARNING neutron.quota.resource_registry [None req-6f0766dc-1b8e-43f1-8b8d-6cbba029f118 - - - - - -] security_group is already registered
2026-05-06 14:56:26.132 8 INFO neutron.quota.resource_registry [None req-6f0766dc-1b8e-43f1-8b8d-6cbba029f118 - - - - - -] Creating instance of TrackedResource for resource:security_group_rule
2026-05-06 14:56:26.132 8 WARNING neutron.quota.resource_registry [None req-6f0766dc-1b8e-43f1-8b8d-6cbba029f118 - - - - - -] security_group_rule is already registered
2026-05-06 14:56:26.133 8 INFO neutron.quota.resource_registry [None req-6f0766dc-1b8e-43f1-8b8d-6cbba029f118 - - - - - -] Creating instance of TrackedResource for resource:subnetpool
2026-05-06 14:56:26.133 8 WARNING neutron.quota.resource_registry [None req-6f0766dc-1b8e-43f1-8b8d-6cbba029f118 - - - - - -] subnetpool is already registered
2026-05-06 14:56:26.134 8 INFO neutron.quota.resource_registry [None req-6f0766dc-1b8e-43f1-8b8d-6cbba029f118 - - - - - -] Creating instance of CountableResource for resource:trunk
2026-05-06 14:56:26.134 8 WARNING neutron.quota.resource_registry [None req-6f0766dc-1b8e-43f1-8b8d-6cbba029f118 - - - - - -] trunk is already registered
2026-05-06 14:56:26.134 8 INFO neutron.quota.resource_registry [None req-6f0766dc-1b8e-43f1-8b8d-6cbba029f118 - - - - - -] Creating instance of CountableResource for resource:ikepolicy
2026-05-06 14:56:26.134 8 WARNING neutron.quota.resource_registry [None req-6f0766dc-1b8e-43f1-8b8d-6cbba029f118 - - - - - -] ikepolicy is already registered
2026-05-06 14:56:26.135 8 INFO neutron.quota.resource_registry [None req-6f0766dc-1b8e-43f1-8b8d-6cbba029f118 - - - - - -] Creating instance of CountableResource for resource:ipsecpolicy
2026-05-06 14:56:26.135 8 WARNING neutron.quota.resource_registry [None req-6f0766dc-1b8e-43f1-8b8d-6cbba029f118 - - - - - -] ipsecpolicy is already registered
2026-05-06 14:56:26.135 8 INFO neutron.quota.resource_registry [None req-6f0766dc-1b8e-43f1-8b8d-6cbba029f118 - - - - - -] Creating instance of CountableResource for resource:endpoint_group
2026-05-06 14:56:26.135 8 WARNING neutron.quota.resource_registry [None req-6f0766dc-1b8e-43f1-8b8d-6cbba029f118 - - - - - -] endpoint_group is already registered
2026-05-06 14:56:26.136 8 INFO neutron.quota.resource_registry [None req-6f0766dc-1b8e-43f1-8b8d-6cbba029f118 - - - - - -] Creating instance of CountableResource for resource:vpnservice
2026-05-06 14:56:26.136 8 WARNING neutron.quota.resource_registry [None req-6f0766dc-1b8e-43f1-8b8d-6cbba029f118 - - - - - -] vpnservice is already registered
2026-05-06 14:56:26.136 8 INFO neutron.quota.resource_registry [None req-6f0766dc-1b8e-43f1-8b8d-6cbba029f118 - - - - - -] Creating instance of CountableResource for resource:ipsec_site_connection
2026-05-06 14:56:26.136 8 WARNING neutron.quota.resource_registry [None req-6f0766dc-1b8e-43f1-8b8d-6cbba029f118 - - - - - -] ipsec_site_connection is already registered
2026-05-06 14:56:26.137 8 INFO neutron.quota.resource_registry [None req-6f0766dc-1b8e-43f1-8b8d-6cbba029f118 - - - - - -] Creating instance of CountableResource for resource:ipsecpolicy
2026-05-06 14:56:26.137 8 WARNING neutron.quota.resource_registry [None req-6f0766dc-1b8e-43f1-8b8d-6cbba029f118 - - - - - -] ipsecpolicy is already registered
2026-05-06 14:56:26.138 8 INFO neutron.quota.resource_registry [None req-6f0766dc-1b8e-43f1-8b8d-6cbba029f118 - - - - - -] Creating instance of CountableResource for resource:ikepolicy
2026-05-06 14:56:26.138 8 WARNING neutron.quota.resource_registry [None req-6f0766dc-1b8e-43f1-8b8d-6cbba029f118 - - - - - -] ikepolicy is already registered
2026-05-06 14:56:26.150 7 INFO ovsdbapp.backend.ovs_idl.vlog [None req-6b283b9b-4ad7-43b1-8a96-05c94fed83f5 - - - - - -] tcp:10.108.207.101:6641: connecting...
2026-05-06 14:56:26.151 7 INFO ovsdbapp.backend.ovs_idl.vlog [None req-6b283b9b-4ad7-43b1-8a96-05c94fed83f5 - - - - - -] tcp:10.108.207.101:6641: connected
2026-05-06 14:56:26.175 8 WARNING keystonemiddleware._common.config [None req-6f0766dc-1b8e-43f1-8b8d-6cbba029f118 - - - - - -] The option "audit_map_file" is not known to keystonemiddleware
2026-05-06 14:56:26.181 8 WARNING oslo_config.cfg [None req-6f0766dc-1b8e-43f1-8b8d-6cbba029f118 - - - - - -] Deprecated: Option "auth_uri" from group "keystone_authtoken" is deprecated. Use option "www_authenticate_uri" from group "keystone_authtoken".
2026-05-06 14:56:26.200 8 WARNING neutron.plugins.ml2.drivers.ovn.mech_driver.mech_driver [None req-6f0766dc-1b8e-43f1-8b8d-6cbba029f118 - - - - - -] uWSGI must provide a start time using the configuration parameter "start-time %t" in the configuration file
2026-05-06 14:56:26.215 8 INFO neutron.db.ovn_hash_ring_db [None req-6f0766dc-1b8e-43f1-8b8d-6cbba029f118 - - - - - -] Nodes from host "neutron-server-6644c94dd-qlgxp" and group "mechanism_driver" removed from the Hash Ring created at
2026-05-06 14:56:26+00:00
2026-05-06 14:56:26.217 8 INFO neutron.db.ovn_hash_ring_db [None req-6f0766dc-1b8e-43f1-8b8d-6cbba029f118 - - - - - -] Node 7cf43916a4675224b3c9eb9d3f73f458 from host "neutron-server-6644c94dd-qlgxp" and group "mechanism_driver" added to the Hash Ring
2026-05-06 14:56:26.225 8 INFO neutron.plugins.ml2.drivers.ovn.mech_driver.mech_driver [None req-6f0766dc-1b8e-43f1-8b8d-6cbba029f118 - - - - - -] Hash Ring probing thread for node 7cf43916a4675224b3c9eb9d3f73f458 has started
2026-05-06 14:56:26.226 8 INFO neutron.plugins.ml2.drivers.ovn.mech_driver.ovsdb.impl_idl_ovn [None req-6f0766dc-1b8e-43f1-8b8d-6cbba029f118 - - - - - -] Getting OvsdbNbOvnIdl for WorkerService with retry
2026-05-06 14:56:26.231 7 INFO neutron.plugins.ml2.drivers.ovn.mech_driver.ovsdb.impl_idl_ovn [None req-6b283b9b-4ad7-43b1-8a96-05c94fed83f5 - - - - - -] Getting OvsdbSbOvnIdl for WorkerService with retry
2026-05-06 14:56:26.256 7 INFO ovsdbapp.backend.ovs_idl.vlog [None req-6b283b9b-4ad7-43b1-8a96-05c94fed83f5 - - - - - -] tcp:10.110.173.115:6642: connecting...
2026-05-06 14:56:26.256 7 INFO ovsdbapp.backend.ovs_idl.vlog [None req-6b283b9b-4ad7-43b1-8a96-05c94fed83f5 - - - - - -] tcp:10.110.173.115:6642: connected
2026-05-06 14:56:26.257 8 INFO ovsdbapp.backend.ovs_idl.vlog [None req-6f0766dc-1b8e-43f1-8b8d-6cbba029f118 - - - - - -] tcp:10.108.207.101:6641: connecting...
2026-05-06 14:56:26.257 8 INFO ovsdbapp.backend.ovs_idl.vlog [None req-6f0766dc-1b8e-43f1-8b8d-6cbba029f118 - - - - - -] tcp:10.108.207.101:6641: connected
2026-05-06 14:56:26.295 8 INFO neutron.plugins.ml2.drivers.ovn.mech_driver.ovsdb.impl_idl_ovn [None req-6f0766dc-1b8e-43f1-8b8d-6cbba029f118 - - - - - -] Getting OvsdbSbOvnIdl for WorkerService with retry
2026-05-06 14:56:26.297 7 INFO neutron.plugins.ml2.drivers.ovn.mech_driver.mech_driver [None req-6b283b9b-4ad7-43b1-8a96-05c94fed83f5 - - - - - -] WorkerService process has finished the post initialization
2026-05-06 14:56:26.313 8 INFO ovsdbapp.backend.ovs_idl.vlog [None req-6f0766dc-1b8e-43f1-8b8d-6cbba029f118 - - - - - -] tcp:10.110.173.115:6642: connecting...
2026-05-06 14:56:26.314 8 INFO ovsdbapp.backend.ovs_idl.vlog [None req-6f0766dc-1b8e-43f1-8b8d-6cbba029f118 - - - - - -] tcp:10.110.173.115:6642: connected
2026-05-06 14:56:26.344 8 INFO neutron.plugins.ml2.drivers.ovn.mech_driver.mech_driver [None req-6f0766dc-1b8e-43f1-8b8d-6cbba029f118 - - - - - -] WorkerService process has finished the post initialization
2026-05-06 14:56:26.345 8 INFO neutron.plugins.ml2.drivers.ovn.mech_driver.ovsdb.extensions.qos [-] Starting OVNClientQosExtension
2026-05-06 14:56:26.346 8 INFO neutron.plugins.ml2.drivers.ovn.mech_driver.ovsdb.extensions.placement [-] Starting OVNClientPlacementExtension
2026-05-06 14:56:26.531 7 INFO ovsdbapp.backend.ovs_idl.vlog [None req-6b283b9b-4ad7-43b1-8a96-05c94fed83f5 - - - - - -] tcp:10.108.207.101:6641: connecting...
2026-05-06 14:56:26.532 7 INFO ovsdbapp.backend.ovs_idl.vlog [None req-6b283b9b-4ad7-43b1-8a96-05c94fed83f5 - - - - - -] tcp:10.108.207.101:6641: connected
2026-05-06 14:56:26.548 8 INFO ovsdbapp.backend.ovs_idl.vlog [None req-6f0766dc-1b8e-43f1-8b8d-6cbba029f118 - - - - - -] tcp:10.108.207.101:6641: connecting...
2026-05-06 14:56:26.548 8 INFO ovsdbapp.backend.ovs_idl.vlog [None req-6f0766dc-1b8e-43f1-8b8d-6cbba029f118 - - - - - -] tcp:10.108.207.101:6641: connected
2026-05-06 14:56:26.581 7 INFO ovsdbapp.backend.ovs_idl.vlog [None req-6b283b9b-4ad7-43b1-8a96-05c94fed83f5 - - - - - -] tcp:10.108.207.101:6641: connecting...
2026-05-06 14:56:26.582 7 INFO ovsdbapp.backend.ovs_idl.vlog [None req-6b283b9b-4ad7-43b1-8a96-05c94fed83f5 - - - - - -] tcp:10.108.207.101:6641: connected
2026-05-06 14:56:26.591 8 INFO ovsdbapp.backend.ovs_idl.vlog [None req-6f0766dc-1b8e-43f1-8b8d-6cbba029f118 - - - - - -] tcp:10.108.207.101:6641: connecting...
2026-05-06 14:56:26.592 8 INFO ovsdbapp.backend.ovs_idl.vlog [None req-6f0766dc-1b8e-43f1-8b8d-6cbba029f118 - - - - - -] tcp:10.108.207.101:6641: connected WSGI app 0 (mountpoint='') ready in 10 seconds on interpreter 0x7f528c575668 pid: 7 (default app) WSGI app 0 (mountpoint='') ready in 10 seconds on interpreter 0x7f528c575668 pid: 8 (default app) /var/lib/openstack/lib/python3.12/site-packages/pycadf/identifier.py:70: UserWarning: Invalid uuid: unknown. To ensure interoperability, identifiers should be a valid uuid. warnings.warn(('Invalid uuid: %s. To ensure interoperability, '
2026-05-06 14:56:27.989 7 INFO neutron.pecan_wsgi.hooks.translation [None req-15fd0551-5116-4df4-bebe-50017da93e67 3eaab7241c294e7c8a9a3c84ba7bffb5 617d8a9f2d0345fe9d44ed182ac5d115 - - default default] GET failed (client error): The resource could not be found. [pid: 7|app: 0|req: 4/4] 199.19.213.25 () {44 vars in 922 bytes} [Wed May 6 14:56:27 2026] GET /v2.0/networks/public => generated 108 bytes in 639 msecs (HTTP/1.1 404) 4 headers in 164 bytes (1 switches on core 0) /var/lib/openstack/lib/python3.12/site-packages/pycadf/identifier.py:70: UserWarning: Invalid uuid: unknown. To ensure interoperability, identifiers should be a valid uuid. warnings.warn(('Invalid uuid: %s. To ensure interoperability, ' [pid: 8|app: 0|req: 1/5] 199.19.213.25 () {44 vars in 944 bytes} [Wed May 6 14:56:27 2026] GET /v2.0/networks?name=public => generated 15 bytes in 208 msecs (HTTP/1.1 200) 4 headers in 156 bytes (1 switches on core 0)
2026-05-06 14:56:28.524 7 INFO neutron.plugins.ml2.drivers.ovn.mech_driver.ovsdb.extensions.qos [None req-e874847f-685b-4307-ae32-df93f5946763 3eaab7241c294e7c8a9a3c84ba7bffb5 617d8a9f2d0345fe9d44ed182ac5d115 - - default default] Starting OVNClientQosExtension
2026-05-06 14:56:28.525 7 INFO neutron.plugins.ml2.drivers.ovn.mech_driver.ovsdb.extensions.placement [None req-e874847f-685b-4307-ae32-df93f5946763 3eaab7241c294e7c8a9a3c84ba7bffb5 617d8a9f2d0345fe9d44ed182ac5d115 - - default default] Starting OVNClientPlacementExtension
2026-05-06 14:56:28.561 7 INFO neutron.db.ovn_revision_numbers_db [None req-e874847f-685b-4307-ae32-df93f5946763 3eaab7241c294e7c8a9a3c84ba7bffb5 617d8a9f2d0345fe9d44ed182ac5d115 - - default default] Successfully bumped revision number for resource 21f58fdb-34c8-4cf0-bf9f-3b5dcda768f5 (type: security_groups) to 1
2026-05-06 14:56:28.576 7 INFO neutron.db.ovn_revision_numbers_db [None req-e874847f-685b-4307-ae32-df93f5946763 3eaab7241c294e7c8a9a3c84ba7bffb5 617d8a9f2d0345fe9d44ed182ac5d115 - - default default] Successfully bumped revision number for resource 66a7ab2e-5ec6-4634-b1ba-2870ed5f33ec (type: security_group_rules) to 0
2026-05-06 14:56:28.585 7 INFO neutron.db.ovn_revision_numbers_db [None req-e874847f-685b-4307-ae32-df93f5946763 3eaab7241c294e7c8a9a3c84ba7bffb5 617d8a9f2d0345fe9d44ed182ac5d115 - - default default] Successfully bumped revision number for resource 9def93e8-fa88-46a7-b8bc-633a616b44fa (type: security_group_rules) to 0
2026-05-06 14:56:28.596 7 INFO neutron.db.ovn_revision_numbers_db [None req-e874847f-685b-4307-ae32-df93f5946763 3eaab7241c294e7c8a9a3c84ba7bffb5 617d8a9f2d0345fe9d44ed182ac5d115 - - default default] Successfully bumped revision number for resource b3de1a77-1ac5-4dcc-bd57-e2a8cda71a61 (type: security_group_rules) to 0
2026-05-06 14:56:28.606 7 INFO neutron.db.ovn_revision_numbers_db [None req-e874847f-685b-4307-ae32-df93f5946763 3eaab7241c294e7c8a9a3c84ba7bffb5 617d8a9f2d0345fe9d44ed182ac5d115 - - default default] Successfully bumped revision number for resource c6418581-6842-4294-bfa0-4ee8dae8723e (type: security_group_rules) to 0
2026-05-06 14:56:28.680 7 WARNING neutron.services.revisions.revision_plugin [None req-e874847f-685b-4307-ae32-df93f5946763 3eaab7241c294e7c8a9a3c84ba7bffb5 617d8a9f2d0345fe9d44ed182ac5d115 - - default default] Could not find related network for resource to bump revision.
2026-05-06 14:56:28.717 7 INFO neutron.db.segments_db [None req-e874847f-685b-4307-ae32-df93f5946763 3eaab7241c294e7c8a9a3c84ba7bffb5 617d8a9f2d0345fe9d44ed182ac5d115 - - default default] Added segment 95de0d13-970f-4855-a386-a28b76a1fdae of type flat for network b83e8c3b-03b1-4af2-ad82-affac58c2c5c
2026-05-06 14:56:28.880 8 INFO neutron.plugins.ml2.drivers.ovn.mech_driver.mech_driver [-] OVN reports status down for port: provnet-95de0d13-970f-4855-a386-a28b76a1fdae
2026-05-06 14:56:28.908 7 INFO neutron.db.ovn_revision_numbers_db [None req-e874847f-685b-4307-ae32-df93f5946763 3eaab7241c294e7c8a9a3c84ba7bffb5 617d8a9f2d0345fe9d44ed182ac5d115 - - default default] Successfully bumped revision number for resource b83e8c3b-03b1-4af2-ad82-affac58c2c5c (type: networks) to 1
2026-05-06 14:56:29.402 7 WARNING neutron.scheduler.dhcp_agent_scheduler [None req-e874847f-685b-4307-ae32-df93f5946763 3eaab7241c294e7c8a9a3c84ba7bffb5 617d8a9f2d0345fe9d44ed182ac5d115 - - default default] No more DHCP agents
2026-05-06 14:56:29.403 7 WARNING neutron.api.rpc.agentnotifiers.dhcp_rpc_agent_api [None req-e874847f-685b-4307-ae32-df93f5946763 3eaab7241c294e7c8a9a3c84ba7bffb5 617d8a9f2d0345fe9d44ed182ac5d115 - - default default] Unable to schedule network b83e8c3b-03b1-4af2-ad82-affac58c2c5c: no agents available; will retry on subsequent port and subnet creation events.
2026-05-06 14:56:29.469 7 INFO neutron.plugins.ml2.drivers.ovn.mech_driver.mech_driver [-] OVN reports status down for port: 99961eb2-1327-4d75-a672-28c4a7689817
2026-05-06 14:56:29.570 7 INFO neutron.db.ovn_revision_numbers_db [None req-e874847f-685b-4307-ae32-df93f5946763 3eaab7241c294e7c8a9a3c84ba7bffb5 617d8a9f2d0345fe9d44ed182ac5d115 - - default default] Successfully bumped revision number for resource 99961eb2-1327-4d75-a672-28c4a7689817 (type: ports) to 1 [pid: 7|app: 0|req: 5/6] 199.19.213.25 () {48 vars in 962 bytes} [Wed May 6 14:56:28 2026] POST /v2.0/networks => generated 744 bytes in 1431 msecs (HTTP/1.1 201) 4 headers in 162 bytes (1 switches on core 0)
2026-05-06 14:56:31.012 8 INFO neutron.pecan_wsgi.hooks.translation [None req-d29cfc30-2c66-45dd-9168-0f2ca0807137 3eaab7241c294e7c8a9a3c84ba7bffb5 617d8a9f2d0345fe9d44ed182ac5d115 - - default default] GET failed (client error): The resource could not be found. [pid: 8|app: 0|req: 2/7] 199.19.213.25 () {44 vars in 922 bytes} [Wed May 6 14:56:30 2026] GET /v2.0/networks/public => generated 108 bytes in 394 msecs (HTTP/1.1 404) 4 headers in 164 bytes (1 switches on core 0) [pid: 7|app: 0|req: 6/8] 199.19.213.25 () {44 vars in 944 bytes} [Wed May 6 14:56:31 2026] GET /v2.0/networks?name=public => generated 753 bytes in 40 msecs (HTTP/1.1 200) 4 headers in 157 bytes (1 switches on core 0)
2026-05-06 14:56:31.097 8 INFO neutron.pecan_wsgi.hooks.translation [None req-f716ac67-a345-45a8-91ce-f4f0019bbc70 3eaab7241c294e7c8a9a3c84ba7bffb5 617d8a9f2d0345fe9d44ed182ac5d115 - - default default] GET failed (client error): The resource could not be found. [pid: 8|app: 0|req: 3/9] 199.19.213.25 () {44 vars in 1029 bytes} [Wed May 6 14:56:31 2026] GET /v2.0/subnets/public-subnet?network_id=b83e8c3b-03b1-4af2-ad82-affac58c2c5c => generated 113 bytes in 31 msecs (HTTP/1.1 404) 4 headers in 164 bytes (1 switches on core 0) [pid: 7|app: 0|req: 7/10] 199.19.213.25 () {44 vars in 1052 bytes} [Wed May 6 14:56:31 2026] GET /v2.0/subnets?name=public-subnet&network_id=b83e8c3b-03b1-4af2-ad82-affac58c2c5c => generated 14 bytes in 24 msecs (HTTP/1.1 200) 4 headers in 156 bytes (1 switches on core 0)
2026-05-06 14:56:31.618 8 WARNING neutron.scheduler.dhcp_agent_scheduler [None req-1f40304e-d51f-4c0f-ba62-b36f4d587b2a 3eaab7241c294e7c8a9a3c84ba7bffb5 617d8a9f2d0345fe9d44ed182ac5d115 - - default default] No more DHCP agents
2026-05-06 14:56:31.619 8 WARNING neutron.api.rpc.agentnotifiers.dhcp_rpc_agent_api [None req-1f40304e-d51f-4c0f-ba62-b36f4d587b2a 3eaab7241c294e7c8a9a3c84ba7bffb5 617d8a9f2d0345fe9d44ed182ac5d115 - - default default] Unable to schedule network b83e8c3b-03b1-4af2-ad82-affac58c2c5c: no agents available; will retry on subsequent port and subnet creation events.
2026-05-06 14:56:32.437 8 INFO neutron.db.ovn_revision_numbers_db [None req-9763ad47-1f68-45a9-9bc3-18fda7db35fa - - - - - -] Successfully bumped revision number for resource 99961eb2-1327-4d75-a672-28c4a7689817 (type: ports) to 2
2026-05-06 14:56:32.472 8 INFO neutron.db.ovn_revision_numbers_db [None req-9763ad47-1f68-45a9-9bc3-18fda7db35fa - - - - - -] Successfully bumped revision number for resource 8bd28424-0ad9-4ae5-b0d0-214fa3fe570d (type: subnets) to 0 [pid: 8|app: 0|req: 4/11] 199.19.213.25 () {48 vars in 960 bytes} [Wed May 6 14:56:31 2026] POST /v2.0/subnets => generated 664 bytes in 1357 msecs (HTTP/1.1 201) 4 headers in 162 bytes (1 switches on core 0)
2026-05-06 15:01:26.750 8 INFO neutron.pecan_wsgi.hooks.translation [None req-cb60f11f-b48b-42c3-b041-8dac071061bb 3eaab7241c294e7c8a9a3c84ba7bffb5 617d8a9f2d0345fe9d44ed182ac5d115 - - default default] GET failed (client error): The resource could not be found. [pid: 8|app: 0|req: 23/49] 199.19.213.25 () {44 vars in 932 bytes} [Wed May 6 15:01:26 2026] GET /v2.0/networks/lb-mgmt-net => generated 113 bytes in 128 msecs (HTTP/1.1 404) 4 headers in 164 bytes (1 switches on core 0) [pid: 7|app: 0|req: 27/50] 199.19.213.25 () {44 vars in 954 bytes} [Wed May 6 15:01:26 2026] GET /v2.0/networks?name=lb-mgmt-net => generated 15 bytes in 18 msecs (HTTP/1.1 200) 4 headers in 156 bytes (1 switches on core 0)
2026-05-06 15:01:26.880 8 INFO neutron.db.segments_db [None req-f6a6659b-1175-4576-a59e-399688559ae8 3eaab7241c294e7c8a9a3c84ba7bffb5 617d8a9f2d0345fe9d44ed182ac5d115 - - default default] Added segment af0609d4-849f-4f29-aedd-68532cc5564a of type geneve for network 68098f5b-018c-43a2-8e76-72e2c432aff9
2026-05-06 15:01:27.042 8 INFO neutron.db.ovn_revision_numbers_db [None req-f6a6659b-1175-4576-a59e-399688559ae8 3eaab7241c294e7c8a9a3c84ba7bffb5 617d8a9f2d0345fe9d44ed182ac5d115 - - default default] Successfully bumped revision number for resource 68098f5b-018c-43a2-8e76-72e2c432aff9 (type: networks) to 1
2026-05-06 15:01:27.235 8 WARNING neutron.scheduler.dhcp_agent_scheduler [None req-f6a6659b-1175-4576-a59e-399688559ae8 3eaab7241c294e7c8a9a3c84ba7bffb5 617d8a9f2d0345fe9d44ed182ac5d115 - - default default] No more DHCP agents
2026-05-06 15:01:27.236 8 WARNING neutron.api.rpc.agentnotifiers.dhcp_rpc_agent_api [None req-f6a6659b-1175-4576-a59e-399688559ae8 3eaab7241c294e7c8a9a3c84ba7bffb5 617d8a9f2d0345fe9d44ed182ac5d115 - - default default] Unable to schedule network 68098f5b-018c-43a2-8e76-72e2c432aff9: no agents available; will retry on subsequent port and subnet creation events.
2026-05-06 15:01:27.291 7 INFO neutron.plugins.ml2.drivers.ovn.mech_driver.mech_driver [None req-913e8c2c-ace5-4058-946a-a75f4fafab3f - - - - - -] OVN reports status down for port: 04851dd2-4b2a-4cc1-8559-bd70792af5ac
