2026-05-06 15:32:53.457 7 INFO neutron.db.ovn_revision_numbers_db [None req-dec875da-d9ec-4cb8-8d4e-e7d0b558bbea 3eaab7241c294e7c8a9a3c84ba7bffb5 617d8a9f2d0345fe9d44ed182ac5d115 - - default default] Successfully bumped revision number for resource 2321d76d-1110-4ce0-9a26-1aedddfd74ef (type: security_group_rules) to 0 [pid: 8|app: 0|req: 705/1413] 10.0.0.84 () {32 vars in 738 bytes} [Wed May 6 15:32:53 2026] DELETE /v2.0/security-groups/952f606d-6f46-4786-8f3f-624237c29dc3 => generated 0 bytes in 246 msecs (HTTP/1.1 204) 2 headers in 112 bytes (1 switches on core 0)
2026-05-06 15:32:53.470 7 INFO neutron.db.ovn_revision_numbers_db [None req-dec875da-d9ec-4cb8-8d4e-e7d0b558bbea 3eaab7241c294e7c8a9a3c84ba7bffb5 617d8a9f2d0345fe9d44ed182ac5d115 - - default default] Successfully bumped revision number for resource 5a3e0d95-dbdd-4075-96fa-25491541b08c (type: security_group_rules) to 0
2026-05-06 15:32:53.478 8 INFO neutron.api.v2.resource [None req-0e1ebe1d-bd02-497f-86af-5814e7a74f56 5002c0468fbe42edb18ebedc14820fbc 7aa06194f0664780b19fc4f92a67680a - - default default] show failed (client error): The resource could not be found. [pid: 8|app: 0|req: 706/1414] 10.0.0.84 () {32 vars in 735 bytes} [Wed May 6 15:32:53 2026] GET /v2.0/security-groups/f798cfb1-244c-44e6-b744-d38e99f29fe4 => generated 146 bytes in 12 msecs (HTTP/1.1 404) 4 headers in 164 bytes (1 switches on core 0)
2026-05-06 15:32:53.483 7 INFO neutron.db.ovn_revision_numbers_db [None req-dec875da-d9ec-4cb8-8d4e-e7d0b558bbea 3eaab7241c294e7c8a9a3c84ba7bffb5 617d8a9f2d0345fe9d44ed182ac5d115 - - default default] Successfully bumped revision number for resource db9f8f67-187d-400b-89c2-162c4c437ee9 (type: security_group_rules) to 0 [pid: 7|app: 0|req: 709/1415] 10.0.0.84 () {32 vars in 772 bytes} [Wed May 6 15:32:53 2026] GET /v2.0/security-groups?tenant_id=1f18a61015e844299c79e7133e436261&name=default => generated 2925 bytes in 314 msecs (HTTP/1.1 200) 4 headers in 158 bytes (1 switches on core 0)
2026-05-06 15:32:53.618 8 INFO neutron_taas.services.taas.taas_plugin [None req-a7b7a4c3-50c9-4395-bc09-bf5fe48da1c4 5002c0468fbe42edb18ebedc14820fbc 7aa06194f0664780b19fc4f92a67680a - - default default] TaaS: Handle Delete Port: 8b273d0c-9418-4249-bf3b-0d2a9bd6b8ff
2026-05-06 15:32:53.621 8 INFO neutron_taas.services.taas.tap_mirror_plugin [None req-a7b7a4c3-50c9-4395-bc09-bf5fe48da1c4 5002c0468fbe42edb18ebedc14820fbc 7aa06194f0664780b19fc4f92a67680a - - default default] Tap Mirror: Handle Delete Port: 8b273d0c-9418-4249-bf3b-0d2a9bd6b8ff [pid: 7|app: 0|req: 710/1416] 10.0.0.84 () {32 vars in 738 bytes} [Wed May 6 15:32:53 2026] DELETE /v2.0/security-groups/763dd1d7-1722-46b2-a2c9-cadf7a245943 => generated 0 bytes in 222 msecs (HTTP/1.1 204) 2 headers in 112 bytes (1 switches on core 0) [pid: 8|app: 0|req: 707/1417] 10.0.0.84 () {32 vars in 730 bytes} [Wed May 6 15:32:53 2026] DELETE /v2.0/floatingips/05b61192-3d2a-4ef6-883b-38fe793bb46a => generated 0 bytes in 316 msecs (HTTP/1.1 204) 2 headers in 112 bytes (1 switches on core 0)
2026-05-06 15:32:54.182 7 INFO neutron_taas.services.taas.taas_plugin [None req-4ee7d731-d342-44b0-a295-aa0f854e0d93 3eaab7241c294e7c8a9a3c84ba7bffb5 617d8a9f2d0345fe9d44ed182ac5d115 - - default default] TaaS: Handle Delete Port: dde88985-9b49-43c9-b9ae-a84241c4a8c9
2026-05-06 15:32:54.187 7 INFO neutron_taas.services.taas.tap_mirror_plugin [None req-4ee7d731-d342-44b0-a295-aa0f854e0d93 3eaab7241c294e7c8a9a3c84ba7bffb5 617d8a9f2d0345fe9d44ed182ac5d115 - - default default] Tap Mirror: Handle Delete Port: dde88985-9b49-43c9-b9ae-a84241c4a8c9 [pid: 8|app: 0|req: 708/1418] 10.0.0.29 () {28 vars in 597 bytes} [Wed May 6 15:32:54 2026] GET /v2.0/security-groups => generated 23205 bytes in 167 msecs (HTTP/1.1 200) 4 headers in 159 bytes (1 switches on core 0) [pid: 8|app: 0|req: 709/1419] 10.0.0.29 () {28 vars in 581 bytes} [Wed May 6 15:32:54 2026] GET /v2.0/routers => generated 1948 bytes in 73 msecs (HTTP/1.1 200) 4 headers in 158 bytes (1 switches on core 0)
2026-05-06 15:32:54.651 8 INFO neutron_taas.services.taas.taas_plugin [None req-6e9fb5e2-22b2-489a-9fe3-ce500ac5ac1e 3eaab7241c294e7c8a9a3c84ba7bffb5 617d8a9f2d0345fe9d44ed182ac5d115 - - default default] TaaS: Handle Delete Port: 9acf6e99-bda0-40f2-94c2-b4eeb51efd63
2026-05-06 15:32:54.654 8 INFO neutron_taas.services.taas.tap_mirror_plugin [None req-6e9fb5e2-22b2-489a-9fe3-ce500ac5ac1e 3eaab7241c294e7c8a9a3c84ba7bffb5 617d8a9f2d0345fe9d44ed182ac5d115 - - default default] Tap Mirror: Handle Delete Port: 9acf6e99-bda0-40f2-94c2-b4eeb51efd63 [pid: 7|app: 0|req: 711/1420] 10.0.0.84 () {34 vars in 787 bytes} [Wed May 6 15:32:53 2026] PUT /v2.0/routers/73de844a-617b-4915-82ec-1a7ad243709e/remove_router_interface => generated 309 bytes in 1098 msecs (HTTP/1.1 200) 4 headers in 157 bytes (1 switches on core 0) /var/lib/openstack/lib/python3.12/site-packages/pycadf/identifier.py:70: UserWarning: Invalid uuid: neutron. To ensure interoperability, identifiers should be a valid uuid. warnings.warn(('Invalid uuid: %s. To ensure interoperability, ' [pid: 7|app: 0|req: 712/1421] 10.0.0.29 () {28 vars in 622 bytes} [Wed May 6 15:32:54 2026] GET /v2.0/agents?binary=ovn-controller => generated 416 bytes in 24 msecs (HTTP/1.1 200) 4 headers in 157 bytes (1 switches on core 0)
2026-05-06 15:32:55.253 7 INFO neutron_taas.services.taas.taas_plugin [None req-2e46b574-0568-46ef-94d7-cb72f1d0e492 3eaab7241c294e7c8a9a3c84ba7bffb5 617d8a9f2d0345fe9d44ed182ac5d115 - - default default] TaaS: Handle Delete Port: 9ee9c04c-3bc5-4da3-a38d-7964ab217336
2026-05-06 15:32:55.256 7 INFO neutron_taas.services.taas.tap_mirror_plugin [None req-2e46b574-0568-46ef-94d7-cb72f1d0e492 3eaab7241c294e7c8a9a3c84ba7bffb5 617d8a9f2d0345fe9d44ed182ac5d115 - - default default] Tap Mirror: Handle Delete Port: 9ee9c04c-3bc5-4da3-a38d-7964ab217336 [pid: 8|app: 0|req: 710/1422] 10.0.0.84 () {34 vars in 787 bytes} [Wed May 6 15:32:54 2026] PUT /v2.0/routers/83eb6e56-a50f-45ac-9179-671861bba699/remove_router_interface => generated 309 bytes in 964 msecs (HTTP/1.1 200) 4 headers in 157 bytes (1 switches on core 0) /var/lib/openstack/lib/python3.12/site-packages/pycadf/identifier.py:70: UserWarning: Invalid uuid: neutron. To ensure interoperability, identifiers should be a valid uuid. warnings.warn(('Invalid uuid: %s. To ensure interoperability, ' [pid: 8|app: 0|req: 711/1423] 10.0.0.29 () {28 vars in 617 bytes} [Wed May 6 15:32:55 2026] GET /v2.0/network-ip-availabilities => generated 2070 bytes in 15 msecs (HTTP/1.1 200) 4 headers in 158 bytes (1 switches on core 0)
2026-05-06 15:32:55.661 8 INFO neutron_taas.services.taas.taas_plugin [None req-8e83d939-0669-47e4-ad8b-9d506d6c8fd5 3eaab7241c294e7c8a9a3c84ba7bffb5 617d8a9f2d0345fe9d44ed182ac5d115 - - default default] TaaS: Handle Delete Port: 234b0c76-6634-44e6-92f5-420ef33cbe00
2026-05-06 15:32:55.664 8 INFO neutron_taas.services.taas.tap_mirror_plugin [None req-8e83d939-0669-47e4-ad8b-9d506d6c8fd5 3eaab7241c294e7c8a9a3c84ba7bffb5 617d8a9f2d0345fe9d44ed182ac5d115 - - default default] Tap Mirror: Handle Delete Port: 234b0c76-6634-44e6-92f5-420ef33cbe00 [pid: 7|app: 0|req: 713/1424] 10.0.0.84 () {32 vars in 722 bytes} [Wed May 6 15:32:54 2026] DELETE /v2.0/routers/73de844a-617b-4915-82ec-1a7ad243709e => generated 0 bytes in 759 msecs (HTTP/1.1 204) 2 headers in 112 bytes (1 switches on core 0) [pid: 7|app: 0|req: 714/1425] 10.0.0.29 () {28 vars in 589 bytes} [Wed May 6 15:32:55 2026] GET /v2.0/floatingips => generated 19 bytes in 18 msecs (HTTP/1.1 200) 4 headers in 156 bytes (1 switches on core 0) [pid: 7|app: 0|req: 715/1426] 10.0.0.84 () {32 vars in 722 bytes} [Wed May 6 15:32:55 2026] DELETE /v2.0/subnets/82ee4cc0-cae5-4487-b0d6-1493f5b68623 => generated 0 bytes in 130 msecs (HTTP/1.1 204) 3 headers in 131 bytes (1 switches on core 0) [pid: 7|app: 0|req: 716/1427] 10.0.0.29 () {28 vars in 577 bytes} [Wed May 6 15:32:55 2026] GET /v2.0/ports => generated 7098 bytes in 69 msecs (HTTP/1.1 200) 4 headers in 158 bytes (1 switches on core 0)
2026-05-06 15:32:56.060 7 INFO neutron_taas.services.taas.taas_plugin [None req-7fbf415c-0152-4a6a-af71-0dbb86d34645 3eaab7241c294e7c8a9a3c84ba7bffb5 617d8a9f2d0345fe9d44ed182ac5d115 - - default default] TaaS: Handle Delete Port: e18104e3-4bc9-4d3e-9a81-5eba7817c90b
2026-05-06 15:32:56.063 7 INFO neutron_taas.services.taas.tap_mirror_plugin [None req-7fbf415c-0152-4a6a-af71-0dbb86d34645 3eaab7241c294e7c8a9a3c84ba7bffb5 617d8a9f2d0345fe9d44ed182ac5d115 - - default default] Tap Mirror: Handle Delete Port: e18104e3-4bc9-4d3e-9a81-5eba7817c90b [pid: 8|app: 0|req: 712/1430] 10.0.0.84 () {32 vars in 722 bytes} [Wed May 6 15:32:55 2026] DELETE /v2.0/routers/83eb6e56-a50f-45ac-9179-671861bba699 => generated 0 bytes in 805 msecs (HTTP/1.1 204) 2 headers in 112 bytes (1 switches on core 0) [pid: 8|app: 0|req: 713/1431] 10.0.0.29 () {28 vars in 581 bytes} [Wed May 6 15:32:56 2026] GET /v2.0/subnets => generated 1991 bytes in 33 msecs (HTTP/1.1 200) 4 headers in 158 bytes (1 switches on core 0)
2026-05-06 15:32:56.283 7 INFO neutron.services.segments.plugin [-] Segment a8c19186-eee6-4eb3-ad65-f2b82ffd07eb resource provider aggregate not found
2026-05-06 15:32:56.288 7 INFO neutron.services.segments.plugin [-] Segment a8c19186-eee6-4eb3-ad65-f2b82ffd07eb resource provider aggregate not found
2026-05-06 15:32:56.308 7 INFO neutron.services.segments.plugin [-] Segment a8c19186-eee6-4eb3-ad65-f2b82ffd07eb resource provider not found; error: Placement Client Error (4xx): {"errors": [{"status": 404, "title": "Not Found", "detail": "The resource could not be found.\n\n No resource provider with uuid a8c19186-eee6-4eb3-ad65-f2b82ffd07eb found for delete ", "request_id": "req-b69303ab-6ab7-4707-9ab6-cbe6251e11d7"}]}
2026-05-06 15:32:56.308 7 INFO neutron.services.segments.plugin [-] Segment a8c19186-eee6-4eb3-ad65-f2b82ffd07eb resource provider not found; error: Placement Client Error (4xx): {"errors": [{"status": 404, "title": "Not Found", "detail": "The resource could not be found.\n\n No resource provider with uuid a8c19186-eee6-4eb3-ad65-f2b82ffd07eb found for delete ", "request_id": "req-4d5046fe-e9be-4fe2-8122-b44f33cd0809"}]} [pid: 7|app: 0|req: 719/1432] 10.0.0.84 () {32 vars in 724 bytes} [Wed May 6 15:32:55 2026] DELETE /v2.0/networks/1ba8547e-de9a-4648-9d91-f560a4e2c710 => generated 0 bytes in 421 msecs (HTTP/1.1 204) 3 headers in 131 bytes (1 switches on core 0) [pid: 7|app: 0|req: 720/1433] 10.0.0.29 () {28 vars in 579 bytes} [Wed May 6 15:32:56 2026] GET /v2.0/agents => generated 1214 bytes in 15 msecs (HTTP/1.1 200) 4 headers in 158 bytes (1 switches on core 0) [pid: 7|app: 0|req: 721/1434] 10.0.0.29 () {28 vars in 581 bytes} [Wed May 6 15:32:56 2026] GET /v2.0/subnets => generated 1308 bytes in 33 msecs (HTTP/1.1 200) 4 headers in 158 bytes (1 switches on core 0) [pid: 7|app: 0|req: 722/1435] 10.0.0.29 () {28 vars in 589 bytes} [Wed May 6 15:32:56 2026] GET /v2.0/subnetpools => generated 19 bytes in 9 msecs (HTTP/1.1 200) 4 headers in 156 bytes (1 switches on core 0) [pid: 8|app: 0|req: 714/1436] 10.0.0.84 () {32 vars in 722 bytes} [Wed May 6 15:32:56 2026] DELETE /v2.0/subnets/d5ab92ef-3434-467f-b56e-81a477f37be9 => generated 0 bytes in 261 msecs (HTTP/1.1 204) 3 headers in 131 bytes (1 switches on core 0) [pid: 7|app: 0|req: 723/1437] 10.0.0.29 () {28 vars in 583 bytes} [Wed May 6 15:32:56 2026] GET /v2.0/networks => generated 3051 bytes in 59 msecs (HTTP/1.1 200) 4 headers in 158 bytes (1 switches on core 0) [pid: 7|app: 0|req: 724/1438] 10.0.0.84 () {32 vars in 772 bytes} [Wed May 6 15:32:56 2026] GET /v2.0/security-groups?tenant_id=7aa06194f0664780b19fc4f92a67680a&name=default => generated 2925 bytes in 31 msecs (HTTP/1.1 200) 4 headers in 158 bytes (1 switches on core 0)
2026-05-06 15:32:56.559 8 INFO neutron_taas.services.taas.taas_plugin [None req-382a3e71-08bd-473d-88cd-48ba1e69fdb3 3eaab7241c294e7c8a9a3c84ba7bffb5 617d8a9f2d0345fe9d44ed182ac5d115 - - default default] TaaS: Handle Delete Port: 8b2339e7-91ed-4bfa-abab-d76616f1dfbe
2026-05-06 15:32:56.561 8 INFO neutron_taas.services.taas.tap_mirror_plugin [None req-382a3e71-08bd-473d-88cd-48ba1e69fdb3 3eaab7241c294e7c8a9a3c84ba7bffb5 617d8a9f2d0345fe9d44ed182ac5d115 - - default default] Tap Mirror: Handle Delete Port: 8b2339e7-91ed-4bfa-abab-d76616f1dfbe
2026-05-06 15:32:56.758 8 INFO neutron.services.segments.plugin [-] Segment cfb0d3e8-538a-4fd5-be60-4f7c28e9ce37 resource provider aggregate not found
2026-05-06 15:32:56.759 8 INFO neutron.services.segments.plugin [-] Segment cfb0d3e8-538a-4fd5-be60-4f7c28e9ce37 resource provider aggregate not found
2026-05-06 15:32:56.785 8 INFO neutron.services.segments.plugin [-] Segment cfb0d3e8-538a-4fd5-be60-4f7c28e9ce37 resource provider not found; error: Placement Client Error (4xx): {"errors": [{"status": 404, "title": "Not Found", "detail": "The resource could not be found.\n\n No resource provider with uuid cfb0d3e8-538a-4fd5-be60-4f7c28e9ce37 found for delete ", "request_id": "req-3fe4691a-fbd0-47fd-be40-f739c3ac8ef2"}]}
2026-05-06 15:32:56.789 8 INFO neutron.services.segments.plugin [-] Segment cfb0d3e8-538a-4fd5-be60-4f7c28e9ce37 resource provider not found; error: Placement Client Error (4xx): {"errors": [{"status": 404, "title": "Not Found", "detail": "The resource could not be found.\n\n No resource provider with uuid cfb0d3e8-538a-4fd5-be60-4f7c28e9ce37 found for delete ", "request_id": "req-97d11771-21b2-4a30-88fd-d461375b7526"}]} [pid: 8|app: 0|req: 715/1439] 10.0.0.84 () {32 vars in 724 bytes} [Wed May 6 15:32:56 2026] DELETE /v2.0/networks/33302e6e-8557-4c21-ba73-0332db86b25d => generated 0 bytes in 374 msecs (HTTP/1.1 204) 3 headers in 131 bytes (1 switches on core 0)
2026-05-06 15:32:56.903 7 INFO neutron.db.ovn_revision_numbers_db [None req-ec18756a-fc90-4afc-9f76-84fb680868f5 8cda479429cb4621acfb4918f7c6deb3 531249e2f516411295446b45f7741258 - - default default] Successfully bumped revision number for resource 78335bde-2faf-4435-9377-de5d285a0597 (type: security_groups) to 1
2026-05-06 15:32:56.938 7 INFO neutron.db.ovn_revision_numbers_db [None req-ec18756a-fc90-4afc-9f76-84fb680868f5 8cda479429cb4621acfb4918f7c6deb3 531249e2f516411295446b45f7741258 - - default default] Successfully bumped revision number for resource 05153949-5ef8-4b70-bbc4-d2b1a84d9086 (type: security_group_rules) to 0
2026-05-06 15:32:56.955 7 INFO neutron.db.ovn_revision_numbers_db [None req-ec18756a-fc90-4afc-9f76-84fb680868f5 8cda479429cb4621acfb4918f7c6deb3 531249e2f516411295446b45f7741258 - - default default] Successfully bumped revision number for resource 0babc598-af66-4925-9113-1832ca78b450 (type: security_group_rules) to 0
2026-05-06 15:32:56.970 7 INFO neutron.db.ovn_revision_numbers_db [None req-ec18756a-fc90-4afc-9f76-84fb680868f5 8cda479429cb4621acfb4918f7c6deb3 531249e2f516411295446b45f7741258 - - default default] Successfully bumped revision number for resource 956b2081-3eca-45e2-aa86-6bdf8afa3f01 (type: security_group_rules) to 0
2026-05-06 15:32:56.991 7 INFO neutron.db.ovn_revision_numbers_db [None req-ec18756a-fc90-4afc-9f76-84fb680868f5 8cda479429cb4621acfb4918f7c6deb3 531249e2f516411295446b45f7741258 - - default default] Successfully bumped revision number for resource d969bd6b-4c66-43a8-9e64-490c7f7a0472 (type: security_group_rules) to 0 [pid: 8|app: 0|req: 716/1440] 10.0.0.84 () {32 vars in 738 bytes} [Wed May 6 15:32:56 2026] DELETE /v2.0/security-groups/4f6ae537-2e42-4b23-816b-3b5e7462ab48 => generated 0 bytes in 246 msecs (HTTP/1.1 204) 2 headers in 112 bytes (1 switches on core 0)
2026-05-06 15:32:57.067 7 INFO neutron.db.segments_db [None req-ec18756a-fc90-4afc-9f76-84fb680868f5 8cda479429cb4621acfb4918f7c6deb3 531249e2f516411295446b45f7741258 - - default default] Added segment 733a6420-440c-4ce1-b2cb-9c46fc87fe5a of type geneve for network 38548cf9-5df8-4813-8e7d-0e482e050674 [pid: 8|app: 0|req: 717/1441] 10.0.0.84 () {32 vars in 772 bytes} [Wed May 6 15:32:57 2026] GET /v2.0/security-groups?tenant_id=645530d8e5ac476284d859ddffe8f873&name=default => generated 2925 bytes in 24 msecs (HTTP/1.1 200) 4 headers in 158 bytes (1 switches on core 0)
2026-05-06 15:32:57.192 7 INFO neutron.db.ovn_revision_numbers_db [None req-ec18756a-fc90-4afc-9f76-84fb680868f5 8cda479429cb4621acfb4918f7c6deb3 531249e2f516411295446b45f7741258 - - default default] Successfully bumped revision number for resource 38548cf9-5df8-4813-8e7d-0e482e050674 (type: networks) to 1
2026-05-06 15:32:57.287 8 INFO neutron.db.ovn_revision_numbers_db [None req-cebe21af-76a6-4ca2-9190-c1160a1ba311 3eaab7241c294e7c8a9a3c84ba7bffb5 617d8a9f2d0345fe9d44ed182ac5d115 - - default default] Successfully bumped revision number for resource 26831d2f-5e71-46b9-a12b-23522186e139 (type: security_groups) to 1
2026-05-06 15:32:57.299 8 INFO neutron.db.ovn_revision_numbers_db [None req-cebe21af-76a6-4ca2-9190-c1160a1ba311 3eaab7241c294e7c8a9a3c84ba7bffb5 617d8a9f2d0345fe9d44ed182ac5d115 - - default default] Successfully bumped revision number for resource 672227a5-07ac-4602-a99a-55489e731782 (type: security_group_rules) to 0
2026-05-06 15:32:57.323 8 INFO neutron.db.ovn_revision_numbers_db [None req-cebe21af-76a6-4ca2-9190-c1160a1ba311 3eaab7241c294e7c8a9a3c84ba7bffb5 617d8a9f2d0345fe9d44ed182ac5d115 - - default default] Successfully bumped revision number for resource 7b8ecba0-0f2e-4e8d-864b-0d3971b5baa9 (type: security_group_rules) to 0
2026-05-06 15:32:57.348 8 INFO neutron.db.ovn_revision_numbers_db [None req-cebe21af-76a6-4ca2-9190-c1160a1ba311 3eaab7241c294e7c8a9a3c84ba7bffb5 617d8a9f2d0345fe9d44ed182ac5d115 - - default default] Successfully bumped revision number for resource 9150d74e-ec01-4def-90a6-1e7997cb5db5 (type: security_group_rules) to 0
2026-05-06 15:32:57.374 8 INFO neutron.db.ovn_revision_numbers_db [None req-cebe21af-76a6-4ca2-9190-c1160a1ba311 3eaab7241c294e7c8a9a3c84ba7bffb5 617d8a9f2d0345fe9d44ed182ac5d115 - - default default] Successfully bumped revision number for resource e326b8d1-5797-439a-9660-8cd239254474 (type: security_group_rules) to 0
2026-05-06 15:32:57.401 7 WARNING neutron.scheduler.dhcp_agent_scheduler [None req-ec18756a-fc90-4afc-9f76-84fb680868f5 8cda479429cb4621acfb4918f7c6deb3 531249e2f516411295446b45f7741258 - - default default] No more DHCP agents
2026-05-06 15:32:57.403 7 WARNING neutron.api.rpc.agentnotifiers.dhcp_rpc_agent_api [None req-ec18756a-fc90-4afc-9f76-84fb680868f5 8cda479429cb4621acfb4918f7c6deb3 531249e2f516411295446b45f7741258 - - default default] Unable to schedule network 38548cf9-5df8-4813-8e7d-0e482e050674: no agents available; will retry on subsequent port and subnet creation events. [pid: 8|app: 0|req: 718/1442] 10.0.0.84 () {32 vars in 772 bytes} [Wed May 6 15:32:57 2026] GET /v2.0/security-groups?tenant_id=f1096ab0dbce4041a66434e82fc3159d&name=default => generated 2925 bytes in 353 msecs (HTTP/1.1 200) 4 headers in 158 bytes (1 switches on core 0)
2026-05-06 15:32:57.456 8 INFO neutron.plugins.ml2.drivers.ovn.mech_driver.mech_driver [None req-9920680c-881a-4910-8090-6adac1810e36 - - - - - -] OVN reports status down for port: 142c58fa-18f9-4ab5-b2b1-5c4b40afa2da
2026-05-06 15:32:57.481 7 INFO neutron.db.ovn_revision_numbers_db [None req-ec18756a-fc90-4afc-9f76-84fb680868f5 8cda479429cb4621acfb4918f7c6deb3 531249e2f516411295446b45f7741258 - - default default] Successfully bumped revision number for resource 142c58fa-18f9-4ab5-b2b1-5c4b40afa2da (type: ports) to 1 [pid: 7|app: 0|req: 725/1443] 10.0.0.84 () {34 vars in 669 bytes} [Wed May 6 15:32:56 2026] POST /v2.0/networks => generated 670 bytes in 985 msecs (HTTP/1.1 201) 4 headers in 162 bytes (1 switches on core 0) [pid: 7|app: 0|req: 726/1444] 10.0.0.84 () {32 vars in 738 bytes} [Wed May 6 15:32:57 2026] DELETE /v2.0/security-groups/26831d2f-5e71-46b9-a12b-23522186e139 => generated 0 bytes in 201 msecs (HTTP/1.1 204) 2 headers in 112 bytes (1 switches on core 0) [pid: 8|app: 0|req: 719/1445] 10.0.0.84 () {32 vars in 738 bytes} [Wed May 6 15:32:57 2026] DELETE /v2.0/security-groups/9e8fb9dc-051e-4612-8b24-f4a6fcf569a9 => generated 0 bytes in 298 msecs (HTTP/1.1 204) 2 headers in 112 bytes (1 switches on core 0)
2026-05-06 15:32:58.109 7 WARNING neutron.scheduler.dhcp_agent_scheduler [None req-1bdb6887-bdb5-45db-a11b-f2bc8c860d21 8cda479429cb4621acfb4918f7c6deb3 531249e2f516411295446b45f7741258 - - default default] No more DHCP agents
2026-05-06 15:32:58.113 7 WARNING neutron.api.rpc.agentnotifiers.dhcp_rpc_agent_api [None req-1bdb6887-bdb5-45db-a11b-f2bc8c860d21 8cda479429cb4621acfb4918f7c6deb3 531249e2f516411295446b45f7741258 - - default default] Unable to schedule network b83e8c3b-03b1-4af2-ad82-affac58c2c5c: no agents available; will retry on subsequent port and subnet creation events.
2026-05-06 15:32:58.211 7 INFO neutron.plugins.ml2.drivers.ovn.mech_driver.mech_driver [None req-98fc90f4-ef0a-4764-a6ab-1572cb6364d6 - - - - - -] OVN reports status down for port: 7e79aad1-d196-4186-914c-4ab1f7db6c60
2026-05-06 15:32:58.262 7 INFO neutron.db.ovn_revision_numbers_db [None req-1bdb6887-bdb5-45db-a11b-f2bc8c860d21 8cda479429cb4621acfb4918f7c6deb3 531249e2f516411295446b45f7741258 - - default default] Successfully bumped revision number for resource 7e79aad1-d196-4186-914c-4ab1f7db6c60 (type: ports) to 1
2026-05-06 15:32:58.860 7 INFO neutron.plugins.ml2.drivers.ovn.mech_driver.ovsdb.commands [None req-3b99c1cf-d3ff-4734-bb05-2215b9b94ca4 - - - - - -] Schedule LRP lrp-7e79aad1-d196-4186-914c-4ab1f7db6c60 on gateway 7d9336ec-89fb-491e-a902-e01bbc44ca88 with priority 1
2026-05-06 15:32:58.872 7 INFO neutron.plugins.ml2.drivers.ovn.mech_driver.mech_driver [None req-98fc90f4-ef0a-4764-a6ab-1572cb6364d6 - - - - - -] OVN reports status up for port: 7e79aad1-d196-4186-914c-4ab1f7db6c60
2026-05-06 15:32:58.908 7 INFO neutron.plugins.ml2.drivers.ovn.mech_driver.ovsdb.ovsdb_monitor [None req-664bf53f-2807-4b2e-a1fe-dff0fff097af - - - - - -] Router 200d1939-bfed-4842-8d1c-4f98e47ef85f is bound to host instance
2026-05-06 15:32:58.934 7 INFO neutron.plugins.ml2.plugin [None req-98fc90f4-ef0a-4764-a6ab-1572cb6364d6 - - - - - -] Attempt 1 to provision port 7e79aad1-d196-4186-914c-4ab1f7db6c60
2026-05-06 15:32:58.962 7 INFO neutron.db.ovn_revision_numbers_db [None req-1bdb6887-bdb5-45db-a11b-f2bc8c860d21 8cda479429cb4621acfb4918f7c6deb3 531249e2f516411295446b45f7741258 - - default default] Successfully bumped revision number for resource 7e79aad1-d196-4186-914c-4ab1f7db6c60 (type: router_ports) to 1
2026-05-06 15:32:59.044 8 INFO neutron.db.ovn_revision_numbers_db [None req-c945956a-450d-4352-a41a-284c49888df8 3eaab7241c294e7c8a9a3c84ba7bffb5 617d8a9f2d0345fe9d44ed182ac5d115 - - default default] Successfully bumped revision number for resource 98fcb1a9-eef8-44de-80c4-499e3a32af1f (type: security_groups) to 1
2026-05-06 15:32:59.056 8 INFO neutron.db.ovn_revision_numbers_db [None req-c945956a-450d-4352-a41a-284c49888df8 3eaab7241c294e7c8a9a3c84ba7bffb5 617d8a9f2d0345fe9d44ed182ac5d115 - - default default] Successfully bumped revision number for resource 0972f5d1-4bfc-459f-9fc5-ee08e6d1d602 (type: security_group_rules) to 0
2026-05-06 15:32:59.068 8 INFO neutron.db.ovn_revision_numbers_db [None req-c945956a-450d-4352-a41a-284c49888df8 3eaab7241c294e7c8a9a3c84ba7bffb5 617d8a9f2d0345fe9d44ed182ac5d115 - - default default] Successfully bumped revision number for resource d5bb9697-7548-46fa-99fe-888a985bc460 (type: security_group_rules) to 0
2026-05-06 15:32:59.082 8 INFO neutron.db.ovn_revision_numbers_db [None req-c945956a-450d-4352-a41a-284c49888df8 3eaab7241c294e7c8a9a3c84ba7bffb5 617d8a9f2d0345fe9d44ed182ac5d115 - - default default] Successfully bumped revision number for resource e409c388-4a26-4c2b-a111-8d7ea34fdbc9 (type: security_group_rules) to 0
2026-05-06 15:32:59.095 8 INFO neutron.db.ovn_revision_numbers_db [None req-c945956a-450d-4352-a41a-284c49888df8 3eaab7241c294e7c8a9a3c84ba7bffb5 617d8a9f2d0345fe9d44ed182ac5d115 - - default default] Successfully bumped revision number for resource fd6e96e8-f097-40b2-8d58-9edcec616018 (type: security_group_rules) to 0
2026-05-06 15:32:59.163 7 INFO neutron.db.ovn_revision_numbers_db [None req-1bdb6887-bdb5-45db-a11b-f2bc8c860d21 8cda479429cb4621acfb4918f7c6deb3 531249e2f516411295446b45f7741258 - - default default] Successfully bumped revision number for resource 200d1939-bfed-4842-8d1c-4f98e47ef85f (type: routers) to 2
2026-05-06 15:32:59.177 8 INFO neutron.db.segments_db [None req-c945956a-450d-4352-a41a-284c49888df8 3eaab7241c294e7c8a9a3c84ba7bffb5 617d8a9f2d0345fe9d44ed182ac5d115 - - default default] Added segment d6e9d7c6-b5f9-4fc6-8b36-232d0fb41daf of type geneve for network dfbb3b56-2524-4853-9c76-06c698da8ca9 [pid: 7|app: 0|req: 727/1446] 10.0.0.84 () {34 vars in 667 bytes} [Wed May 6 15:32:57 2026] POST /v2.0/routers => generated 955 bytes in 1502 msecs (HTTP/1.1 201) 4 headers in 162 bytes (1 switches on core 0)
2026-05-06 15:32:59.292 8 INFO neutron.db.ovn_revision_numbers_db [None req-c945956a-450d-4352-a41a-284c49888df8 3eaab7241c294e7c8a9a3c84ba7bffb5 617d8a9f2d0345fe9d44ed182ac5d115 - - default default] Successfully bumped revision number for resource dfbb3b56-2524-4853-9c76-06c698da8ca9 (type: networks) to 1
2026-05-06 15:32:59.450 8 WARNING neutron.scheduler.dhcp_agent_scheduler [None req-c945956a-450d-4352-a41a-284c49888df8 3eaab7241c294e7c8a9a3c84ba7bffb5 617d8a9f2d0345fe9d44ed182ac5d115 - - default default] No more DHCP agents
2026-05-06 15:32:59.452 8 WARNING neutron.api.rpc.agentnotifiers.dhcp_rpc_agent_api [None req-c945956a-450d-4352-a41a-284c49888df8 3eaab7241c294e7c8a9a3c84ba7bffb5 617d8a9f2d0345fe9d44ed182ac5d115 - - default default] Unable to schedule network dfbb3b56-2524-4853-9c76-06c698da8ca9: no agents available; will retry on subsequent port and subnet creation events. [pid: 7|app: 0|req: 728/1447] 10.0.0.84 () {32 vars in 774 bytes} [Wed May 6 15:32:59 2026] GET /v2.0/subnets?project_id=531249e2f516411295446b45f7741258&cidr=10.100.0.0%2F28 => generated 14 bytes in 254 msecs (HTTP/1.1 200) 4 headers in 156 bytes (1 switches on core 0)
2026-05-06 15:32:59.495 8 INFO neutron.plugins.ml2.drivers.ovn.mech_driver.mech_driver [None req-9920680c-881a-4910-8090-6adac1810e36 - - - - - -] OVN reports status down for port: a7952100-7b4c-433b-a091-8d70984d8349
2026-05-06 15:32:59.543 8 INFO neutron.db.ovn_revision_numbers_db [None req-c945956a-450d-4352-a41a-284c49888df8 3eaab7241c294e7c8a9a3c84ba7bffb5 617d8a9f2d0345fe9d44ed182ac5d115 - - default default] Successfully bumped revision number for resource a7952100-7b4c-433b-a091-8d70984d8349 (type: ports) to 1 [pid: 8|app: 0|req: 720/1448] 10.0.0.84 () {34 vars in 669 bytes} [Wed May 6 15:32:58 2026] POST /v2.0/networks => generated 785 bytes in 831 msecs (HTTP/1.1 201) 4 headers in 162 bytes (1 switches on core 0) [pid: 7|app: 0|req: 729/1449] 10.0.0.84 () {32 vars in 692 bytes} [Wed May 6 15:32:59 2026] GET /v2.0/networks?router%3Aexternal=True => generated 791 bytes in 121 msecs (HTTP/1.1 200) 4 headers in 157 bytes (1 switches on core 0) [pid: 7|app: 0|req: 730/1450] 10.0.0.84 () {32 vars in 782 bytes} [Wed May 6 15:32:59 2026] GET /v2.0/subnets?network_id=b83e8c3b-03b1-4af2-ad82-affac58c2c5c&cidr=10.100.0.0%2F28 => generated 14 bytes in 43 msecs (HTTP/1.1 200) 4 headers in 156 bytes (1 switches on core 0)
2026-05-06 15:32:59.731 8 WARNING neutron.scheduler.dhcp_agent_scheduler [None req-ce3be357-b328-4671-a1a9-87a60f2b1781 3eaab7241c294e7c8a9a3c84ba7bffb5 617d8a9f2d0345fe9d44ed182ac5d115 - - default default] No more DHCP agents
2026-05-06 15:32:59.732 8 WARNING neutron.api.rpc.agentnotifiers.dhcp_rpc_agent_api [None req-ce3be357-b328-4671-a1a9-87a60f2b1781 3eaab7241c294e7c8a9a3c84ba7bffb5 617d8a9f2d0345fe9d44ed182ac5d115 - - default default] Unable to schedule network dfbb3b56-2524-4853-9c76-06c698da8ca9: no agents available; will retry on subsequent port and subnet creation events.
2026-05-06 15:33:00.028 7 WARNING neutron.scheduler.dhcp_agent_scheduler [None req-db891fbf-528a-4b48-818b-1e7a1418df35 8cda479429cb4621acfb4918f7c6deb3 531249e2f516411295446b45f7741258 - - default default] No more DHCP agents
2026-05-06 15:33:00.032 7 WARNING neutron.api.rpc.agentnotifiers.dhcp_rpc_agent_api [None req-db891fbf-528a-4b48-818b-1e7a1418df35 8cda479429cb4621acfb4918f7c6deb3 531249e2f516411295446b45f7741258 - - default default] Unable to schedule network 38548cf9-5df8-4813-8e7d-0e482e050674: no agents available; will retry on subsequent port and subnet creation events.
2026-05-06 15:33:00.155 8 INFO neutron.db.ovn_revision_numbers_db [None req-397d9f98-d5f4-4e8c-8629-0d3b4b75ae8a - - - - - -] Successfully bumped revision number for resource a7952100-7b4c-433b-a091-8d70984d8349 (type: ports) to 2
2026-05-06 15:33:00.188 8 INFO neutron.db.ovn_revision_numbers_db [None req-397d9f98-d5f4-4e8c-8629-0d3b4b75ae8a - - - - - -] Successfully bumped revision number for resource 518a7fbb-41cf-4db4-be77-df6252a47ee8 (type: subnets) to 0 [pid: 8|app: 0|req: 721/1451] 10.0.0.84 () {34 vars in 667 bytes} [Wed May 6 15:32:59 2026] POST /v2.0/subnets => generated 691 bytes in 609 msecs (HTTP/1.1 201) 4 headers in 162 bytes (1 switches on core 0)
2026-05-06 15:33:00.326 7 INFO neutron.db.ovn_revision_numbers_db [None req-0957ba0d-d8d5-4d46-95a8-26699399f167 - - - - - -] Successfully bumped revision number for resource 7e79aad1-d196-4186-914c-4ab1f7db6c60 (type: ports) to 4
2026-05-06 15:33:00.628 8 WARNING neutron.scheduler.dhcp_agent_scheduler [None req-1f1b6576-a397-4afe-8c2b-9bcaa19f2c70 3eaab7241c294e7c8a9a3c84ba7bffb5 617d8a9f2d0345fe9d44ed182ac5d115 - - default default] No more DHCP agents
2026-05-06 15:33:00.630 8 WARNING neutron.api.rpc.agentnotifiers.dhcp_rpc_agent_api [None req-1f1b6576-a397-4afe-8c2b-9bcaa19f2c70 3eaab7241c294e7c8a9a3c84ba7bffb5 617d8a9f2d0345fe9d44ed182ac5d115 - - default default] Unable to schedule network b83e8c3b-03b1-4af2-ad82-affac58c2c5c: no agents available; will retry on subsequent port and subnet creation events.
2026-05-06 15:33:00.748 8 INFO neutron.db.ovn_revision_numbers_db [None req-1f1b6576-a397-4afe-8c2b-9bcaa19f2c70 3eaab7241c294e7c8a9a3c84ba7bffb5 617d8a9f2d0345fe9d44ed182ac5d115 - - default default] Successfully bumped revision number for resource 37d1707d-e75f-40e7-9eed-e5d008d27cab (type: ports) to 1
2026-05-06 15:33:00.834 7 INFO neutron.db.ovn_revision_numbers_db [None req-d858b8d9-df54-4faa-878c-c2476cc8b5ac - - - - - -] Successfully bumped revision number for resource 142c58fa-18f9-4ab5-b2b1-5c4b40afa2da (type: ports) to 2
2026-05-06 15:33:00.890 7 INFO neutron.db.ovn_revision_numbers_db [None req-0957ba0d-d8d5-4d46-95a8-26699399f167 - - - - - -] Successfully bumped revision number for resource 7e79aad1-d196-4186-914c-4ab1f7db6c60 (type: ports) to 5
2026-05-06 15:33:00.903 7 INFO neutron.db.ovn_revision_numbers_db [None req-d858b8d9-df54-4faa-878c-c2476cc8b5ac - - - - - -] Successfully bumped revision number for resource 792c5642-f767-4bd9-8426-4ba64bff93cc (type: subnets) to 0 [pid: 7|app: 0|req: 731/1452] 10.0.0.84 () {34 vars in 667 bytes} [Wed May 6 15:32:59 2026] POST /v2.0/subnets => generated 657 bytes in 1278 msecs (HTTP/1.1 201) 4 headers in 162 bytes (1 switches on core 0)
2026-05-06 15:33:01.376 8 INFO neutron.plugins.ml2.drivers.ovn.mech_driver.ovsdb.commands [None req-0b6d496c-0a73-4c2d-9d0c-679092e85eea - - - - - -] Schedule LRP lrp-37d1707d-e75f-40e7-9eed-e5d008d27cab on gateway 7d9336ec-89fb-491e-a902-e01bbc44ca88 with priority 1
2026-05-06 15:33:01.411 7 INFO neutron.plugins.ml2.drivers.ovn.mech_driver.ovsdb.ovsdb_monitor [None req-0957ba0d-d8d5-4d46-95a8-26699399f167 - - - - - -] Router c5853602-1765-4eca-a667-55220b67172c is bound to host instance
2026-05-06 15:33:01.423 8 INFO neutron.db.ovn_revision_numbers_db [None req-1f1b6576-a397-4afe-8c2b-9bcaa19f2c70 3eaab7241c294e7c8a9a3c84ba7bffb5 617d8a9f2d0345fe9d44ed182ac5d115 - - default default] Successfully bumped revision number for resource 37d1707d-e75f-40e7-9eed-e5d008d27cab (type: router_ports) to 1
2026-05-06 15:33:01.490 8 INFO neutron.db.ovn_revision_numbers_db [None req-1f1b6576-a397-4afe-8c2b-9bcaa19f2c70 3eaab7241c294e7c8a9a3c84ba7bffb5 617d8a9f2d0345fe9d44ed182ac5d115 - - default default] Successfully bumped revision number for resource c5853602-1765-4eca-a667-55220b67172c (type: routers) to 2 [pid: 8|app: 0|req: 722/1453] 10.0.0.84 () {34 vars in 667 bytes} [Wed May 6 15:33:00 2026] POST /v2.0/routers => generated 969 bytes in 1302 msecs (HTTP/1.1 201) 4 headers in 162 bytes (1 switches on core 0)
2026-05-06 15:33:01.560 7 WARNING neutron.scheduler.dhcp_agent_scheduler [None req-deb2e3e1-39d2-483e-ae12-0bf4df479ea9 8cda479429cb4621acfb4918f7c6deb3 531249e2f516411295446b45f7741258 - - default default] No more DHCP agents
2026-05-06 15:33:01.563 7 WARNING neutron.api.rpc.agentnotifiers.dhcp_rpc_agent_api [None req-deb2e3e1-39d2-483e-ae12-0bf4df479ea9 8cda479429cb4621acfb4918f7c6deb3 531249e2f516411295446b45f7741258 - - default default] Unable to schedule network 38548cf9-5df8-4813-8e7d-0e482e050674: no agents available; will retry on subsequent port and subnet creation events.
2026-05-06 15:33:01.737 8 INFO neutron.plugins.ml2.drivers.ovn.mech_driver.mech_driver [None req-9920680c-881a-4910-8090-6adac1810e36 - - - - - -] OVN reports status down for port: 1415a066-4c7b-42f3-93b7-035beda5be68
2026-05-06 15:33:01.798 7 INFO neutron.db.ovn_revision_numbers_db [None req-deb2e3e1-39d2-483e-ae12-0bf4df479ea9 8cda479429cb4621acfb4918f7c6deb3 531249e2f516411295446b45f7741258 - - default default] Successfully bumped revision number for resource 1415a066-4c7b-42f3-93b7-035beda5be68 (type: ports) to 1
2026-05-06 15:33:01.945 8 WARNING neutron.scheduler.dhcp_agent_scheduler [None req-23d16a82-bba3-493d-a4b3-3df72ca30af6 3eaab7241c294e7c8a9a3c84ba7bffb5 617d8a9f2d0345fe9d44ed182ac5d115 - - default default] No more DHCP agents
2026-05-06 15:33:01.947 8 WARNING neutron.api.rpc.agentnotifiers.dhcp_rpc_agent_api [None req-23d16a82-bba3-493d-a4b3-3df72ca30af6 3eaab7241c294e7c8a9a3c84ba7bffb5 617d8a9f2d0345fe9d44ed182ac5d115 - - default default] Unable to schedule network dfbb3b56-2524-4853-9c76-06c698da8ca9: no agents available; will retry on subsequent port and subnet creation events.
2026-05-06 15:33:02.047 8 INFO neutron.plugins.ml2.drivers.ovn.mech_driver.mech_driver [None req-9920680c-881a-4910-8090-6adac1810e36 - - - - - -] OVN reports status down for port: 8d66b87e-ba39-4089-afc4-f0c89955b8bf
2026-05-06 15:33:02.103 8 INFO neutron.db.ovn_revision_numbers_db [None req-23d16a82-bba3-493d-a4b3-3df72ca30af6 3eaab7241c294e7c8a9a3c84ba7bffb5 617d8a9f2d0345fe9d44ed182ac5d115 - - default default] Successfully bumped revision number for resource 8d66b87e-ba39-4089-afc4-f0c89955b8bf (type: ports) to 1
2026-05-06 15:33:02.170 7 INFO neutron.plugins.ml2.drivers.ovn.mech_driver.mech_driver [None req-98fc90f4-ef0a-4764-a6ab-1572cb6364d6 - - - - - -] OVN reports status down for port: 37d1707d-e75f-40e7-9eed-e5d008d27cab
2026-05-06 15:33:02.396 7 WARNING neutron.plugins.ml2.drivers.ovn.mech_driver.ovsdb.ovn_client [None req-98fc90f4-ef0a-4764-a6ab-1572cb6364d6 - - - - - -] Logical_Switch_Port 37d1707d-e75f-40e7-9eed-e5d008d27cab host information not removed, the port state is up
2026-05-06 15:33:02.402 7 INFO neutron.plugins.ml2.drivers.ovn.mech_driver.mech_driver [None req-98fc90f4-ef0a-4764-a6ab-1572cb6364d6 - - - - - -] OVN reports status up for port: 37d1707d-e75f-40e7-9eed-e5d008d27cab
2026-05-06 15:33:02.555 7 INFO neutron.plugins.ml2.plugin [None req-98fc90f4-ef0a-4764-a6ab-1572cb6364d6 - - - - - -] Attempt 1 to provision port 37d1707d-e75f-40e7-9eed-e5d008d27cab
2026-05-06 15:33:02.637 8 INFO neutron.plugins.ml2.drivers.ovn.mech_driver.mech_driver [None req-9920680c-881a-4910-8090-6adac1810e36 - - - - - -] OVN reports status up for port: 8d66b87e-ba39-4089-afc4-f0c89955b8bf
2026-05-06 15:33:02.666 8 INFO neutron.plugins.ml2.plugin [None req-9920680c-881a-4910-8090-6adac1810e36 - - - - - -] Attempt 1 to provision port 8d66b87e-ba39-4089-afc4-f0c89955b8bf
2026-05-06 15:33:02.785 8 WARNING neutron.scheduler.dhcp_agent_scheduler [None req-23d16a82-bba3-493d-a4b3-3df72ca30af6 3eaab7241c294e7c8a9a3c84ba7bffb5 617d8a9f2d0345fe9d44ed182ac5d115 - - default default] No more DHCP agents
2026-05-06 15:33:02.789 8 WARNING neutron.api.rpc.agentnotifiers.dhcp_rpc_agent_api [None req-23d16a82-bba3-493d-a4b3-3df72ca30af6 3eaab7241c294e7c8a9a3c84ba7bffb5 617d8a9f2d0345fe9d44ed182ac5d115 - - default default] Unable to schedule network dfbb3b56-2524-4853-9c76-06c698da8ca9: no agents available; will retry on subsequent port and subnet creation events.
2026-05-06 15:33:03.336 8 INFO neutron.db.ovn_revision_numbers_db [None req-9920680c-881a-4910-8090-6adac1810e36 - - - - - -] Successfully bumped revision number for resource 8d66b87e-ba39-4089-afc4-f0c89955b8bf (type: ports) to 2
2026-05-06 15:33:03.628 8 INFO neutron.db.ovn_revision_numbers_db [None req-23d16a82-bba3-493d-a4b3-3df72ca30af6 3eaab7241c294e7c8a9a3c84ba7bffb5 617d8a9f2d0345fe9d44ed182ac5d115 - - default default] Successfully bumped revision number for resource 8d66b87e-ba39-4089-afc4-f0c89955b8bf (type: router_ports) to 1 [pid: 8|app: 0|req: 723/1454] 10.0.0.84 () {34 vars in 781 bytes} [Wed May 6 15:33:01 2026] PUT /v2.0/routers/c5853602-1765-4eca-a667-55220b67172c/add_router_interface => generated 309 bytes in 2119 msecs (HTTP/1.1 200) 4 headers in 157 bytes (1 switches on core 0)
2026-05-06 15:33:03.713 7 INFO neutron.db.ovn_revision_numbers_db [None req-2592c511-a1e9-4b16-97bc-b02a217a484d - - - - - -] Successfully bumped revision number for resource 37d1707d-e75f-40e7-9eed-e5d008d27cab (type: ports) to 4
2026-05-06 15:33:04.022 8 INFO neutron.db.ovn_revision_numbers_db [None req-2667fb10-162c-4ae6-a013-72c3f44f9e34 3eaab7241c294e7c8a9a3c84ba7bffb5 617d8a9f2d0345fe9d44ed182ac5d115 - - default default] Successfully bumped revision number for resource 6794ba23-6d5f-41ac-b2fc-e0735ae1da0f (type: security_groups) to 1
2026-05-06 15:33:04.039 8 INFO neutron.db.ovn_revision_numbers_db [None req-2667fb10-162c-4ae6-a013-72c3f44f9e34 3eaab7241c294e7c8a9a3c84ba7bffb5 617d8a9f2d0345fe9d44ed182ac5d115 - - default default] Successfully bumped revision number for resource 115d1456-4ed3-4af7-9ae3-e9a7db9fe9b9 (type: security_group_rules) to 0
2026-05-06 15:33:04.057 8 INFO neutron.db.ovn_revision_numbers_db [None req-2667fb10-162c-4ae6-a013-72c3f44f9e34 3eaab7241c294e7c8a9a3c84ba7bffb5 617d8a9f2d0345fe9d44ed182ac5d115 - - default default] Successfully bumped revision number for resource 20071dc9-73a0-4828-a2a1-f4d3e602cb2a (type: security_group_rules) to 0
2026-05-06 15:33:04.083 8 INFO neutron.db.ovn_revision_numbers_db [None req-2667fb10-162c-4ae6-a013-72c3f44f9e34 3eaab7241c294e7c8a9a3c84ba7bffb5 617d8a9f2d0345fe9d44ed182ac5d115 - - default default] Successfully bumped revision number for resource 858cd131-f702-4a1a-b7eb-4f3a1a9a4f9f (type: security_group_rules) to 0
2026-05-06 15:33:04.088 7 INFO neutron.db.ovn_revision_numbers_db [None req-98fc90f4-ef0a-4764-a6ab-1572cb6364d6 - - - - - -] Successfully bumped revision number for resource 37d1707d-e75f-40e7-9eed-e5d008d27cab (type: ports) to 5
2026-05-06 15:33:04.105 8 INFO neutron.db.ovn_revision_numbers_db [None req-2667fb10-162c-4ae6-a013-72c3f44f9e34 3eaab7241c294e7c8a9a3c84ba7bffb5 617d8a9f2d0345fe9d44ed182ac5d115 - - default default] Successfully bumped revision number for resource fe1b30d5-dc0b-4d76-a5b2-b17f1cf491f4 (type: security_group_rules) to 0
2026-05-06 15:33:04.122 7 WARNING neutron.scheduler.dhcp_agent_scheduler [None req-deb2e3e1-39d2-483e-ae12-0bf4df479ea9 8cda479429cb4621acfb4918f7c6deb3 531249e2f516411295446b45f7741258 - - default default] No more DHCP agents
2026-05-06 15:33:04.127 7 WARNING neutron.api.rpc.agentnotifiers.dhcp_rpc_agent_api [None req-deb2e3e1-39d2-483e-ae12-0bf4df479ea9 8cda479429cb4621acfb4918f7c6deb3 531249e2f516411295446b45f7741258 - - default default] Unable to schedule network 38548cf9-5df8-4813-8e7d-0e482e050674: no agents available; will retry on subsequent port and subnet creation events. [pid: 8|app: 0|req: 724/1455] 10.0.0.84 () {32 vars in 772 bytes} [Wed May 6 15:33:03 2026] GET /v2.0/security-groups?tenant_id=a2dd185c2a9b47d3a4ff7c5c5f18837c&name=default => generated 2925 bytes in 502 msecs (HTTP/1.1 200) 4 headers in 158 bytes (1 switches on core 0) [pid: 8|app: 0|req: 725/1456] 10.0.0.84 () {32 vars in 738 bytes} [Wed May 6 15:33:04 2026] DELETE /v2.0/security-groups/6794ba23-6d5f-41ac-b2fc-e0735ae1da0f => generated 0 bytes in 217 msecs (HTTP/1.1 204) 2 headers in 112 bytes (1 switches on core 0)
2026-05-06 15:33:04.474 8 INFO neutron.db.ovn_revision_numbers_db [None req-2c00e35d-39fa-4aa6-b259-9c44d08a70dd 698b5284f1894bbfa2bba05733f0aa78 ac5f39cc344d4b32ba8d20a5c774d24c - - default default] Successfully bumped revision number for resource f5977ef0-5fcd-407a-a853-63705f65f846 (type: security_groups) to 1
2026-05-06 15:33:04.489 8 INFO neutron.db.ovn_revision_numbers_db [None req-2c00e35d-39fa-4aa6-b259-9c44d08a70dd 698b5284f1894bbfa2bba05733f0aa78 ac5f39cc344d4b32ba8d20a5c774d24c - - default default] Successfully bumped revision number for resource d5996ce2-70b1-4379-b1aa-03a5cb7b1dab (type: security_group_rules) to 0
2026-05-06 15:33:04.498 8 INFO neutron.db.ovn_revision_numbers_db [None req-2c00e35d-39fa-4aa6-b259-9c44d08a70dd 698b5284f1894bbfa2bba05733f0aa78 ac5f39cc344d4b32ba8d20a5c774d24c - - default default] Successfully bumped revision number for resource ef550931-eec8-4e97-b86a-93e4a07ae20a (type: security_group_rules) to 0 [pid: 8|app: 0|req: 726/1457] 10.0.0.84 () {34 vars in 683 bytes} [Wed May 6 15:33:04 2026] POST /v2.0/security-groups => generated 1659 bytes in 194 msecs (HTTP/1.1 201) 4 headers in 163 bytes (1 switches on core 0)
2026-05-06 15:33:04.563 7 INFO neutron.db.ovn_revision_numbers_db [None req-deb2e3e1-39d2-483e-ae12-0bf4df479ea9 8cda479429cb4621acfb4918f7c6deb3 531249e2f516411295446b45f7741258 - - default default] Successfully bumped revision number for resource 1415a066-4c7b-42f3-93b7-035beda5be68 (type: router_ports) to 1 [pid: 7|app: 0|req: 732/1458] 10.0.0.84 () {34 vars in 781 bytes} [Wed May 6 15:33:00 2026] PUT /v2.0/routers/200d1939-bfed-4842-8d1c-4f98e47ef85f/add_router_interface => generated 309 bytes in 3625 msecs (HTTP/1.1 200) 4 headers in 157 bytes (1 switches on core 0)
2026-05-06 15:33:04.677 7 INFO neutron.db.ovn_revision_numbers_db [None req-62fa1ce6-e6ad-4940-88a7-c01dded56773 698b5284f1894bbfa2bba05733f0aa78 ac5f39cc344d4b32ba8d20a5c774d24c - - default default] Successfully bumped revision number for resource 9b3aa1f0-9ae8-43e0-95b5-eef7986c6486 (type: security_group_rules) to 0 [pid: 7|app: 0|req: 733/1459] 10.0.0.84 () {34 vars in 693 bytes} [Wed May 6 15:33:04 2026] POST /v2.0/security-group-rules => generated 597 bytes in 137 msecs (HTTP/1.1 201) 4 headers in 162 bytes (1 switches on core 0)
2026-05-06 15:33:04.742 8 INFO neutron.db.ovn_revision_numbers_db [None req-ae42ef58-c235-4222-8f8a-ab2819cf3e91 3eaab7241c294e7c8a9a3c84ba7bffb5 617d8a9f2d0345fe9d44ed182ac5d115 - - default default] Successfully bumped revision number for resource 43dd2044-5a09-41e7-b223-d9e1679ffdbd (type: security_groups) to 1
2026-05-06 15:33:04.756 8 INFO neutron.db.ovn_revision_numbers_db [None req-ae42ef58-c235-4222-8f8a-ab2819cf3e91 3eaab7241c294e7c8a9a3c84ba7bffb5 617d8a9f2d0345fe9d44ed182ac5d115 - - default default] Successfully bumped revision number for resource b02443d2-f3fd-44e1-993f-c34c4cd2a49a (type: security_group_rules) to 0
2026-05-06 15:33:04.767 8 INFO neutron.db.ovn_revision_numbers_db [None req-ae42ef58-c235-4222-8f8a-ab2819cf3e91 3eaab7241c294e7c8a9a3c84ba7bffb5 617d8a9f2d0345fe9d44ed182ac5d115 - - default default] Successfully bumped revision number for resource b229534c-225a-424d-abe6-b907de8b2fe3 (type: security_group_rules) to 0 [pid: 7|app: 0|req: 734/1460] 10.0.0.84 () {32 vars in 647 bytes} [Wed May 6 15:33:04 2026] GET /v2.0/networks => generated 3870 bytes in 63 msecs (HTTP/1.1 200) 4 headers in 158 bytes (1 switches on core 0)
2026-05-06 15:33:04.780 8 INFO neutron.db.ovn_revision_numbers_db [None req-ae42ef58-c235-4222-8f8a-ab2819cf3e91 3eaab7241c294e7c8a9a3c84ba7bffb5 617d8a9f2d0345fe9d44ed182ac5d115 - - default default] Successfully bumped revision number for resource c2740641-6f03-4f4d-9e79-e8bf8f9f9d28 (type: security_group_rules) to 0
2026-05-06 15:33:04.793 8 INFO neutron.db.ovn_revision_numbers_db [None req-ae42ef58-c235-4222-8f8a-ab2819cf3e91 3eaab7241c294e7c8a9a3c84ba7bffb5 617d8a9f2d0345fe9d44ed182ac5d115 - - default default] Successfully bumped revision number for resource c3020b68-191d-4f94-a0ce-69065e37dd4d (type: security_group_rules) to 0 [pid: 8|app: 0|req: 727/1461] 10.0.0.84 () {32 vars in 772 bytes} [Wed May 6 15:33:04 2026] GET /v2.0/security-groups?tenant_id=0390246895ad4d0c86b1667ca0cc29e9&name=default => generated 2925 bytes in 273 msecs (HTTP/1.1 200) 4 headers in 158 bytes (1 switches on core 0)
2026-05-06 15:33:04.861 7 INFO neutron.db.ovn_revision_numbers_db [None req-de718eab-dea1-41c8-bc53-b1285aac250f 698b5284f1894bbfa2bba05733f0aa78 ac5f39cc344d4b32ba8d20a5c774d24c - - default default] Successfully bumped revision number for resource fa7a4927-69a8-42fe-ad8f-731d393a07ca (type: security_group_rules) to 0 [pid: 8|app: 0|req: 728/1462] 10.0.0.84 () {32 vars in 645 bytes} [Wed May 6 15:33:04 2026] GET /v2.0/subnets => generated 2654 bytes in 41 msecs (HTTP/1.1 200) 4 headers in 158 bytes (1 switches on core 0) [pid: 7|app: 0|req: 735/1463] 10.0.0.84 () {34 vars in 693 bytes} [Wed May 6 15:33:04 2026] POST /v2.0/security-group-rules => generated 602 bytes in 121 msecs (HTTP/1.1 201) 4 headers in 162 bytes (1 switches on core 0) [pid: 7|app: 0|req: 736/1464] 10.0.0.84 () {32 vars in 645 bytes} [Wed May 6 15:33:04 2026] GET /v2.0/routers => generated 1941 bytes in 72 msecs (HTTP/1.1 200) 4 headers in 158 bytes (1 switches on core 0) [pid: 8|app: 0|req: 729/1465] 10.0.0.84 () {32 vars in 738 bytes} [Wed May 6 15:33:04 2026] DELETE /v2.0/security-groups/43dd2044-5a09-41e7-b223-d9e1679ffdbd => generated 0 bytes in 232 msecs (HTTP/1.1 204) 2 headers in 112 bytes (1 switches on core 0)
2026-05-06 15:33:05.213 7 WARNING neutron.scheduler.dhcp_agent_scheduler [None req-defaf977-b68f-4a97-add0-129da02f57a4 698b5284f1894bbfa2bba05733f0aa78 ac5f39cc344d4b32ba8d20a5c774d24c - - default default] No more DHCP agents
2026-05-06 15:33:05.214 8 INFO neutron.db.ovn_revision_numbers_db [None req-72d60d67-3cc6-497f-ac3c-a22168d3436b 8cda479429cb4621acfb4918f7c6deb3 531249e2f516411295446b45f7741258 - - default default] Successfully bumped revision number for resource d24bc181-a210-4c43-b62b-75116241c75b (type: security_groups) to 1
2026-05-06 15:33:05.215 7 WARNING neutron.api.rpc.agentnotifiers.dhcp_rpc_agent_api [None req-defaf977-b68f-4a97-add0-129da02f57a4 698b5284f1894bbfa2bba05733f0aa78 ac5f39cc344d4b32ba8d20a5c774d24c - - default default] Unable to schedule network b83e8c3b-03b1-4af2-ad82-affac58c2c5c: no agents available; will retry on subsequent port and subnet creation events.
2026-05-06 15:33:05.224 8 INFO neutron.db.ovn_revision_numbers_db [None req-72d60d67-3cc6-497f-ac3c-a22168d3436b 8cda479429cb4621acfb4918f7c6deb3 531249e2f516411295446b45f7741258 - - default default] Successfully bumped revision number for resource 3fe68f0a-4e0f-4138-b0d5-2276e29d50e7 (type: security_group_rules) to 0
2026-05-06 15:33:05.235 8 INFO neutron.db.ovn_revision_numbers_db [None req-72d60d67-3cc6-497f-ac3c-a22168d3436b 8cda479429cb4621acfb4918f7c6deb3 531249e2f516411295446b45f7741258 - - default default] Successfully bumped revision number for resource dcfc2c2d-cb5a-43de-8d9c-887692382af8 (type: security_group_rules) to 0 [pid: 8|app: 0|req: 730/1466] 10.0.0.84 () {34 vars in 683 bytes} [Wed May 6 15:33:05 2026] POST /v2.0/security-groups => generated 1673 bytes in 169 msecs (HTTP/1.1 201) 4 headers in 163 bytes (1 switches on core 0)
2026-05-06 15:33:05.420 8 INFO neutron.db.ovn_revision_numbers_db [None req-30966074-c3bc-4074-a9ae-fbef0d1a0c9d 8cda479429cb4621acfb4918f7c6deb3 531249e2f516411295446b45f7741258 - - default default] Successfully bumped revision number for resource a6827d66-f3ee-476e-99d1-687da0b20bae (type: security_group_rules) to 0 [pid: 8|app: 0|req: 731/1467] 10.0.0.84 () {34 vars in 693 bytes} [Wed May 6 15:33:05 2026] POST /v2.0/security-group-rules => generated 597 bytes in 178 msecs (HTTP/1.1 201) 4 headers in 162 bytes (1 switches on core 0) [pid: 7|app: 0|req: 737/1468] 10.0.0.84 () {34 vars in 674 bytes} [Wed May 6 15:33:04 2026] POST /v2.0/floatingips => generated 552 bytes in 523 msecs (HTTP/1.1 201) 4 headers in 162 bytes (1 switches on core 0)
2026-05-06 15:33:05.574 8 INFO neutron.db.ovn_revision_numbers_db [None req-024df49a-ce7b-49ca-b69b-64309b11a662 8cda479429cb4621acfb4918f7c6deb3 531249e2f516411295446b45f7741258 - - default default] Successfully bumped revision number for resource 43548ffa-d465-4ab8-89e1-2b541b00d7ba (type: security_group_rules) to 0 [pid: 8|app: 0|req: 732/1469] 10.0.0.84 () {34 vars in 693 bytes} [Wed May 6 15:33:05 2026] POST /v2.0/security-group-rules => generated 596 bytes in 143 msecs (HTTP/1.1 201) 4 headers in 162 bytes (1 switches on core 0)
2026-05-06 15:33:05.765 7 INFO neutron.db.ovn_revision_numbers_db [None req-1d9cb719-dba3-4d54-b45d-b973d527f774 8cda479429cb4621acfb4918f7c6deb3 531249e2f516411295446b45f7741258 - - default default] Successfully bumped revision number for resource 0a783ab3-7e47-4f22-a1ae-026a4f1f8e64 (type: security_group_rules) to 0 [pid: 7|app: 0|req: 738/1470] 10.0.0.84 () {34 vars in 693 bytes} [Wed May 6 15:33:05 2026] POST /v2.0/security-group-rules => generated 602 bytes in 181 msecs (HTTP/1.1 201) 4 headers in 162 bytes (1 switches on core 0)
