2026-05-06 15:31:38.494 8 INFO neutron.pecan_wsgi.hooks.translation [None req-339ba787-a4bb-48ce-97ac-9a50bf72b16b 69fa0142261040d698a940d9390b0128 03b9d6fe9c0944c19970a082c6fe7d93 - - default default] DELETE failed (client error): The resource could not be found. [pid: 8|app: 0|req: 426/870] 10.0.0.84 () {32 vars in 724 bytes} [Wed May 6 15:31:38 2026] DELETE /v2.0/networks/64465763-a109-4978-ae29-ca1d900608f3 => generated 138 bytes in 14 msecs (HTTP/1.1 404) 4 headers in 164 bytes (1 switches on core 0) [pid: 8|app: 0|req: 427/871] 10.0.0.84 () {32 vars in 692 bytes} [Wed May 6 15:31:38 2026] GET /v2.0/networks?router%3Aexternal=True => generated 689 bytes in 38 msecs (HTTP/1.1 200) 4 headers in 157 bytes (1 switches on core 0) [pid: 8|app: 0|req: 428/872] 10.0.0.84 () {32 vars in 740 bytes} [Wed May 6 15:31:38 2026] GET /v2.0/subnets?network_id=b83e8c3b-03b1-4af2-ad82-affac58c2c5c => generated 649 bytes in 48 msecs (HTTP/1.1 200) 4 headers in 157 bytes (1 switches on core 0) [pid: 8|app: 0|req: 429/873] 10.0.0.84 () {32 vars in 651 bytes} [Wed May 6 15:31:38 2026] GET /v2.0/extensions => generated 20541 bytes in 6 msecs (HTTP/1.1 200) 4 headers in 159 bytes (1 switches on core 0) [pid: 7|app: 0|req: 445/874] 10.0.0.84 () {32 vars in 722 bytes} [Wed May 6 15:31:37 2026] DELETE /v2.0/routers/c9b6eb04-8697-430c-abea-e317271d694a => generated 0 bytes in 683 msecs (HTTP/1.1 204) 2 headers in 112 bytes (1 switches on core 0) [pid: 8|app: 0|req: 430/875] 10.0.0.84 () {32 vars in 647 bytes} [Wed May 6 15:31:38 2026] GET /v2.0/networks => generated 1383 bytes in 90 msecs (HTTP/1.1 200) 4 headers in 158 bytes (1 switches on core 0) [pid: 8|app: 0|req: 431/876] 10.0.0.84 () {32 vars in 645 bytes} [Wed May 6 15:31:38 2026] GET /v2.0/subnets => generated 1280 bytes in 33 msecs (HTTP/1.1 200) 4 headers in 158 bytes (1 switches on core 0) [pid: 8|app: 0|req: 432/877] 10.0.0.84 () {32 vars in 721 bytes} [Wed May 6 15:31:38 2026] GET /v2.0/networks/aa166b03-5381-4171-9f08-9116de9f2186 => generated 705 bytes in 53 msecs (HTTP/1.1 200) 4 headers in 157 bytes (1 switches on core 0) [pid: 8|app: 0|req: 433/878] 10.0.0.84 () {32 vars in 719 bytes} [Wed May 6 15:31:38 2026] GET /v2.0/subnets/7c4c00d8-c30f-444f-90f0-a072b9ea9808 => generated 641 bytes in 28 msecs (HTTP/1.1 200) 4 headers in 157 bytes (1 switches on core 0) [pid: 7|app: 0|req: 446/879] 10.0.0.84 () {32 vars in 722 bytes} [Wed May 6 15:31:38 2026] DELETE /v2.0/subnets/6185cb7b-0aed-430c-bde4-d081f7d5a8f7 => generated 0 bytes in 178 msecs (HTTP/1.1 204) 3 headers in 131 bytes (1 switches on core 0)
2026-05-06 15:31:38.845 8 INFO neutron.pecan_wsgi.hooks.translation [None req-b4d17b9c-72da-48ea-8762-c5ffee67c1f5 69fa0142261040d698a940d9390b0128 03b9d6fe9c0944c19970a082c6fe7d93 - - default default] DELETE failed (client error): The resource could not be found. [pid: 8|app: 0|req: 434/880] 10.0.0.84 () {32 vars in 722 bytes} [Wed May 6 15:31:38 2026] DELETE /v2.0/subnets/2c318b1d-b914-4f0f-8784-daf01abcb993 => generated 136 bytes in 14 msecs (HTTP/1.1 404) 4 headers in 164 bytes (1 switches on core 0)
2026-05-06 15:31:38.862 8 INFO neutron.pecan_wsgi.hooks.translation [None req-4c05336d-f7b4-4aba-a5a6-841707af3c3c 69fa0142261040d698a940d9390b0128 03b9d6fe9c0944c19970a082c6fe7d93 - - default default] DELETE failed (client error): The resource could not be found. [pid: 8|app: 0|req: 435/881] 10.0.0.84 () {32 vars in 724 bytes} [Wed May 6 15:31:38 2026] DELETE /v2.0/networks/64465763-a109-4978-ae29-ca1d900608f3 => generated 138 bytes in 13 msecs (HTTP/1.1 404) 4 headers in 164 bytes (1 switches on core 0)
2026-05-06 15:31:38.941 7 INFO neutron_taas.services.taas.taas_plugin [None req-be7e67ff-f2fd-468f-a877-d39024a7a523 3eaab7241c294e7c8a9a3c84ba7bffb5 617d8a9f2d0345fe9d44ed182ac5d115 - - default default] TaaS: Handle Delete Port: bfecb811-ff90-40e9-ba83-93b834335f7a
2026-05-06 15:31:38.943 7 INFO neutron_taas.services.taas.tap_mirror_plugin [None req-be7e67ff-f2fd-468f-a877-d39024a7a523 3eaab7241c294e7c8a9a3c84ba7bffb5 617d8a9f2d0345fe9d44ed182ac5d115 - - default default] Tap Mirror: Handle Delete Port: bfecb811-ff90-40e9-ba83-93b834335f7a [pid: 8|app: 0|req: 436/882] 10.0.0.84 () {32 vars in 722 bytes} [Wed May 6 15:31:38 2026] DELETE /v2.0/subnets/7c4c00d8-c30f-444f-90f0-a072b9ea9808 => generated 0 bytes in 198 msecs (HTTP/1.1 204) 3 headers in 131 bytes (1 switches on core 0)
2026-05-06 15:31:39.122 7 INFO neutron.services.segments.plugin [-] Segment 8bb3d8d0-3b5a-4ad0-8fab-5d16ae5ba842 resource provider aggregate not found
2026-05-06 15:31:39.129 7 INFO neutron.services.segments.plugin [-] Segment 8bb3d8d0-3b5a-4ad0-8fab-5d16ae5ba842 resource provider aggregate not found
2026-05-06 15:31:39.143 7 INFO neutron.services.segments.plugin [-] Segment 8bb3d8d0-3b5a-4ad0-8fab-5d16ae5ba842 resource provider not found; error: Placement Client Error (4xx): {"errors": [{"status": 404, "title": "Not Found", "detail": "The resource could not be found.\n\n No resource provider with uuid 8bb3d8d0-3b5a-4ad0-8fab-5d16ae5ba842 found for delete ", "request_id": "req-8ef03c61-8360-4efb-9cd5-e64681bcafe9"}]}
2026-05-06 15:31:39.147 7 INFO neutron.services.segments.plugin [-] Segment 8bb3d8d0-3b5a-4ad0-8fab-5d16ae5ba842 resource provider not found; error: Placement Client Error (4xx): {"errors": [{"status": 404, "title": "Not Found", "detail": "The resource could not be found.\n\n No resource provider with uuid 8bb3d8d0-3b5a-4ad0-8fab-5d16ae5ba842 found for delete ", "request_id": "req-9fe2fbec-31e0-4c58-adad-df57af487b49"}]} [pid: 7|app: 0|req: 447/883] 10.0.0.84 () {32 vars in 724 bytes} [Wed May 6 15:31:38 2026] DELETE /v2.0/networks/509fa6bc-89d6-4c4d-b41a-b39b1ea71422 => generated 0 bytes in 330 msecs (HTTP/1.1 204) 3 headers in 131 bytes (1 switches on core 0)
2026-05-06 15:31:39.198 8 INFO neutron_taas.services.taas.taas_plugin [None req-b8291b76-a55a-4cef-ae04-555235236c0c 69fa0142261040d698a940d9390b0128 03b9d6fe9c0944c19970a082c6fe7d93 - - default default] TaaS: Handle Delete Port: 73196a68-5478-4ff5-a1a0-fe5eff9a3891
2026-05-06 15:31:39.200 8 INFO neutron_taas.services.taas.tap_mirror_plugin [None req-b8291b76-a55a-4cef-ae04-555235236c0c 69fa0142261040d698a940d9390b0128 03b9d6fe9c0944c19970a082c6fe7d93 - - default default] Tap Mirror: Handle Delete Port: 73196a68-5478-4ff5-a1a0-fe5eff9a3891 [pid: 7|app: 0|req: 448/884] 10.0.0.84 () {32 vars in 772 bytes} [Wed May 6 15:31:39 2026] GET /v2.0/security-groups?tenant_id=10821688ad34477d916a23766846927e&name=default => generated 2921 bytes in 34 msecs (HTTP/1.1 200) 4 headers in 158 bytes (1 switches on core 0) [pid: 8|app: 0|req: 437/885] 10.0.0.84 () {32 vars in 724 bytes} [Wed May 6 15:31:39 2026] DELETE /v2.0/networks/aa166b03-5381-4171-9f08-9116de9f2186 => generated 0 bytes in 347 msecs (HTTP/1.1 204) 3 headers in 131 bytes (1 switches on core 0) [pid: 7|app: 0|req: 449/886] 10.0.0.84 () {32 vars in 738 bytes} [Wed May 6 15:31:39 2026] DELETE /v2.0/security-groups/d2f2f846-fadc-49b7-a040-1270236b47df => generated 0 bytes in 239 msecs (HTTP/1.1 204) 2 headers in 112 bytes (1 switches on core 0)
2026-05-06 15:31:39.841 8 INFO neutron.db.ovn_revision_numbers_db [None req-6fe47b0c-86c3-41cb-b7ab-cc1f14c0e6d2 3eaab7241c294e7c8a9a3c84ba7bffb5 617d8a9f2d0345fe9d44ed182ac5d115 - - default default] Successfully bumped revision number for resource 18cb58fa-d28f-4c43-812c-d898b91c9477 (type: security_groups) to 1
2026-05-06 15:31:39.852 8 INFO neutron.db.ovn_revision_numbers_db [None req-6fe47b0c-86c3-41cb-b7ab-cc1f14c0e6d2 3eaab7241c294e7c8a9a3c84ba7bffb5 617d8a9f2d0345fe9d44ed182ac5d115 - - default default] Successfully bumped revision number for resource 0c4f4422-c9e3-4306-a1e2-691ac9c1fc8c (type: security_group_rules) to 0
2026-05-06 15:31:39.864 8 INFO neutron.db.ovn_revision_numbers_db [None req-6fe47b0c-86c3-41cb-b7ab-cc1f14c0e6d2 3eaab7241c294e7c8a9a3c84ba7bffb5 617d8a9f2d0345fe9d44ed182ac5d115 - - default default] Successfully bumped revision number for resource 0e87badb-4ba9-455f-aeb2-1dccfd3ed9f6 (type: security_group_rules) to 0
2026-05-06 15:31:39.873 8 INFO neutron.db.ovn_revision_numbers_db [None req-6fe47b0c-86c3-41cb-b7ab-cc1f14c0e6d2 3eaab7241c294e7c8a9a3c84ba7bffb5 617d8a9f2d0345fe9d44ed182ac5d115 - - default default] Successfully bumped revision number for resource 5f89bea4-5e62-47cd-905e-ab89b0d43a07 (type: security_group_rules) to 0
2026-05-06 15:31:39.884 8 INFO neutron.db.ovn_revision_numbers_db [None req-6fe47b0c-86c3-41cb-b7ab-cc1f14c0e6d2 3eaab7241c294e7c8a9a3c84ba7bffb5 617d8a9f2d0345fe9d44ed182ac5d115 - - default default] Successfully bumped revision number for resource 5f8a40e8-3a6a-4001-be78-1bd4dff9b982 (type: security_group_rules) to 0 [pid: 8|app: 0|req: 438/887] 10.0.0.84 () {32 vars in 772 bytes} [Wed May 6 15:31:39 2026] GET /v2.0/security-groups?tenant_id=6ad5e5918a0c4ba9869c81a65e98d756&name=default => generated 2925 bytes in 402 msecs (HTTP/1.1 200) 4 headers in 158 bytes (1 switches on core 0) [pid: 8|app: 0|req: 439/888] 10.0.0.84 () {32 vars in 772 bytes} [Wed May 6 15:31:39 2026] GET /v2.0/security-groups?tenant_id=03b9d6fe9c0944c19970a082c6fe7d93&name=default => generated 2925 bytes in 128 msecs (HTTP/1.1 200) 4 headers in 158 bytes (1 switches on core 0) [pid: 7|app: 0|req: 450/889] 10.0.0.84 () {32 vars in 738 bytes} [Wed May 6 15:31:39 2026] DELETE /v2.0/security-groups/18cb58fa-d28f-4c43-812c-d898b91c9477 => generated 0 bytes in 244 msecs (HTTP/1.1 204) 2 headers in 112 bytes (1 switches on core 0) [pid: 8|app: 0|req: 440/890] 10.0.0.84 () {32 vars in 738 bytes} [Wed May 6 15:31:40 2026] DELETE /v2.0/security-groups/09aa63a3-a414-46c7-b243-478963845394 => generated 0 bytes in 286 msecs (HTTP/1.1 204) 2 headers in 112 bytes (1 switches on core 0)
2026-05-06 15:31:40.423 7 INFO neutron.db.ovn_revision_numbers_db [None req-640cb894-3a24-487d-947b-7d3d7e58b7f8 3eaab7241c294e7c8a9a3c84ba7bffb5 617d8a9f2d0345fe9d44ed182ac5d115 - - default default] Successfully bumped revision number for resource ece6dc27-4859-4098-8331-303069877e60 (type: security_groups) to 1
2026-05-06 15:31:40.434 7 INFO neutron.db.ovn_revision_numbers_db [None req-640cb894-3a24-487d-947b-7d3d7e58b7f8 3eaab7241c294e7c8a9a3c84ba7bffb5 617d8a9f2d0345fe9d44ed182ac5d115 - - default default] Successfully bumped revision number for resource 31afaf4c-792e-44b1-8dba-e1b08aac449e (type: security_group_rules) to 0
2026-05-06 15:31:40.444 7 INFO neutron.db.ovn_revision_numbers_db [None req-640cb894-3a24-487d-947b-7d3d7e58b7f8 3eaab7241c294e7c8a9a3c84ba7bffb5 617d8a9f2d0345fe9d44ed182ac5d115 - - default default] Successfully bumped revision number for resource 7ecfaef8-b32b-4975-a442-2bcb555f1d26 (type: security_group_rules) to 0
2026-05-06 15:31:40.456 7 INFO neutron.db.ovn_revision_numbers_db [None req-640cb894-3a24-487d-947b-7d3d7e58b7f8 3eaab7241c294e7c8a9a3c84ba7bffb5 617d8a9f2d0345fe9d44ed182ac5d115 - - default default] Successfully bumped revision number for resource a8a04395-210f-414c-8e18-5d25ea14df50 (type: security_group_rules) to 0
2026-05-06 15:31:40.464 8 INFO neutron.services.segments.plugin [-] Segment 67af1f8d-4b14-4faf-abed-398e42e2003f resource provider aggregate not found
2026-05-06 15:31:40.468 8 INFO neutron.services.segments.plugin [-] Segment 67af1f8d-4b14-4faf-abed-398e42e2003f resource provider aggregate not found
2026-05-06 15:31:40.468 7 INFO neutron.db.ovn_revision_numbers_db [None req-640cb894-3a24-487d-947b-7d3d7e58b7f8 3eaab7241c294e7c8a9a3c84ba7bffb5 617d8a9f2d0345fe9d44ed182ac5d115 - - default default] Successfully bumped revision number for resource ae4406ab-36f6-46f3-b80a-babf3429ad30 (type: security_group_rules) to 0
2026-05-06 15:31:40.482 8 INFO neutron.services.segments.plugin [-] Segment 67af1f8d-4b14-4faf-abed-398e42e2003f resource provider not found; error: Placement Client Error (4xx): {"errors": [{"status": 404, "title": "Not Found", "detail": "The resource could not be found.\n\n No resource provider with uuid 67af1f8d-4b14-4faf-abed-398e42e2003f found for delete ", "request_id": "req-79dcb931-1c7d-4da6-8357-6a26cb4b768b"}]}
2026-05-06 15:31:40.488 8 INFO neutron.services.segments.plugin [-] Segment 67af1f8d-4b14-4faf-abed-398e42e2003f resource provider not found; error: Placement Client Error (4xx): {"errors": [{"status": 404, "title": "Not Found", "detail": "The resource could not be found.\n\n No resource provider with uuid 67af1f8d-4b14-4faf-abed-398e42e2003f found for delete ", "request_id": "req-305ffe98-4834-46d8-8931-869329193b87"}]} [pid: 7|app: 0|req: 451/891] 10.0.0.84 () {32 vars in 772 bytes} [Wed May 6 15:31:40 2026] GET /v2.0/security-groups?tenant_id=ccb9e2fcaca94adab321351fb813b15b&name=default => generated 2925 bytes in 249 msecs (HTTP/1.1 200) 4 headers in 158 bytes (1 switches on core 0) [pid: 8|app: 0|req: 441/892] 10.0.0.140 () {34 vars in 989 bytes} [Wed May 6 15:31:40 2026] GET /v2.0/ports?device_id=c5c6204d-e895-4959-9973-2e65deae1bdd => generated 1209 bytes in 171 msecs (HTTP/1.1 200) 4 headers in 158 bytes (1 switches on core 0) [pid: 8|app: 0|req: 442/893] 10.0.0.140 () {34 vars in 1039 bytes} [Wed May 6 15:31:40 2026] GET /v2.0/security-groups?id=19853c66-1bd8-4326-9f72-d3c1ad74c9ce&fields=id&fields=name => generated 114 bytes in 39 msecs (HTTP/1.1 200) 4 headers in 157 bytes (1 switches on core 0) [pid: 7|app: 0|req: 452/896] 10.0.0.84 () {32 vars in 738 bytes} [Wed May 6 15:31:40 2026] DELETE /v2.0/security-groups/ece6dc27-4859-4098-8331-303069877e60 => generated 0 bytes in 275 msecs (HTTP/1.1 204) 2 headers in 112 bytes (1 switches on core 0)
2026-05-06 15:31:41.627 8 INFO neutron.db.ovn_revision_numbers_db [None req-fe484316-0fb6-480b-8f69-bd208d3fdf84 3eaab7241c294e7c8a9a3c84ba7bffb5 617d8a9f2d0345fe9d44ed182ac5d115 - - default default] Successfully bumped revision number for resource 485dbfc2-3a46-4745-a555-bb37d0ccaec0 (type: security_groups) to 1
2026-05-06 15:31:41.641 8 INFO neutron.db.ovn_revision_numbers_db [None req-fe484316-0fb6-480b-8f69-bd208d3fdf84 3eaab7241c294e7c8a9a3c84ba7bffb5 617d8a9f2d0345fe9d44ed182ac5d115 - - default default] Successfully bumped revision number for resource 172334ee-c818-4e0d-ad06-47f7f9689648 (type: security_group_rules) to 0
2026-05-06 15:31:41.652 8 INFO neutron.db.ovn_revision_numbers_db [None req-fe484316-0fb6-480b-8f69-bd208d3fdf84 3eaab7241c294e7c8a9a3c84ba7bffb5 617d8a9f2d0345fe9d44ed182ac5d115 - - default default] Successfully bumped revision number for resource 65ce4e76-0ae4-45dd-a69a-aa3a951f657a (type: security_group_rules) to 0
2026-05-06 15:31:41.663 8 INFO neutron.db.ovn_revision_numbers_db [None req-fe484316-0fb6-480b-8f69-bd208d3fdf84 3eaab7241c294e7c8a9a3c84ba7bffb5 617d8a9f2d0345fe9d44ed182ac5d115 - - default default] Successfully bumped revision number for resource 86945474-a412-4c08-a34f-33c5127c4892 (type: security_group_rules) to 0
2026-05-06 15:31:41.673 8 INFO neutron.db.ovn_revision_numbers_db [None req-fe484316-0fb6-480b-8f69-bd208d3fdf84 3eaab7241c294e7c8a9a3c84ba7bffb5 617d8a9f2d0345fe9d44ed182ac5d115 - - default default] Successfully bumped revision number for resource af608a00-d7ad-40b0-b40a-78df49dced77 (type: security_group_rules) to 0
2026-05-06 15:31:41.744 8 INFO neutron.db.segments_db [None req-fe484316-0fb6-480b-8f69-bd208d3fdf84 3eaab7241c294e7c8a9a3c84ba7bffb5 617d8a9f2d0345fe9d44ed182ac5d115 - - default default] Added segment cd4871bf-a6a0-4dd9-be8f-a6085484e109 of type geneve for network 1f4a40b1-cd0c-4a82-b224-932ad46adb7c
2026-05-06 15:31:41.872 8 INFO neutron.db.ovn_revision_numbers_db [None req-fe484316-0fb6-480b-8f69-bd208d3fdf84 3eaab7241c294e7c8a9a3c84ba7bffb5 617d8a9f2d0345fe9d44ed182ac5d115 - - default default] Successfully bumped revision number for resource 1f4a40b1-cd0c-4a82-b224-932ad46adb7c (type: networks) to 1
2026-05-06 15:31:42.024 8 WARNING neutron.scheduler.dhcp_agent_scheduler [None req-fe484316-0fb6-480b-8f69-bd208d3fdf84 3eaab7241c294e7c8a9a3c84ba7bffb5 617d8a9f2d0345fe9d44ed182ac5d115 - - default default] No more DHCP agents
2026-05-06 15:31:42.026 8 WARNING neutron.api.rpc.agentnotifiers.dhcp_rpc_agent_api [None req-fe484316-0fb6-480b-8f69-bd208d3fdf84 3eaab7241c294e7c8a9a3c84ba7bffb5 617d8a9f2d0345fe9d44ed182ac5d115 - - default default] Unable to schedule network 1f4a40b1-cd0c-4a82-b224-932ad46adb7c: no agents available; will retry on subsequent port and subnet creation events.
2026-05-06 15:31:42.091 7 INFO neutron.plugins.ml2.drivers.ovn.mech_driver.mech_driver [None req-7ae583aa-2448-4005-921c-fffc91003522 - - - - - -] OVN reports status down for port: ab935200-818c-4483-8ed4-e3e54d7cac4d
2026-05-06 15:31:42.120 8 INFO neutron.db.ovn_revision_numbers_db [None req-fe484316-0fb6-480b-8f69-bd208d3fdf84 3eaab7241c294e7c8a9a3c84ba7bffb5 617d8a9f2d0345fe9d44ed182ac5d115 - - default default] Successfully bumped revision number for resource ab935200-818c-4483-8ed4-e3e54d7cac4d (type: ports) to 1 [pid: 8|app: 0|req: 445/897] 10.0.0.84 () {34 vars in 669 bytes} [Wed May 6 15:31:41 2026] POST /v2.0/networks => generated 784 bytes in 770 msecs (HTTP/1.1 201) 4 headers in 162 bytes (1 switches on core 0)
2026-05-06 15:31:42.265 8 WARNING neutron.scheduler.dhcp_agent_scheduler [None req-e2c150ef-474c-4d10-9275-8163c4a965ce 3eaab7241c294e7c8a9a3c84ba7bffb5 617d8a9f2d0345fe9d44ed182ac5d115 - - default default] No more DHCP agents
2026-05-06 15:31:42.266 8 WARNING neutron.api.rpc.agentnotifiers.dhcp_rpc_agent_api [None req-e2c150ef-474c-4d10-9275-8163c4a965ce 3eaab7241c294e7c8a9a3c84ba7bffb5 617d8a9f2d0345fe9d44ed182ac5d115 - - default default] Unable to schedule network 1f4a40b1-cd0c-4a82-b224-932ad46adb7c: no agents available; will retry on subsequent port and subnet creation events.
2026-05-06 15:31:42.397 7 INFO neutron.db.ovn_revision_numbers_db [None req-7afc5fc9-22f9-4f1b-9618-76c1d3ebf35c 92b50502e0b44ca38c8526fd70c8b3e6 e5ac830ac762468da1952d24c6fd3cdb - - default default] Successfully bumped revision number for resource f316176b-bab3-469b-bfb2-559d059d8750 (type: security_groups) to 1
2026-05-06 15:31:42.410 7 INFO neutron.db.ovn_revision_numbers_db [None req-7afc5fc9-22f9-4f1b-9618-76c1d3ebf35c 92b50502e0b44ca38c8526fd70c8b3e6 e5ac830ac762468da1952d24c6fd3cdb - - default default] Successfully bumped revision number for resource 08ed5f58-e820-4c41-8cb7-94f294aa0025 (type: security_group_rules) to 0
2026-05-06 15:31:42.426 7 INFO neutron.db.ovn_revision_numbers_db [None req-7afc5fc9-22f9-4f1b-9618-76c1d3ebf35c 92b50502e0b44ca38c8526fd70c8b3e6 e5ac830ac762468da1952d24c6fd3cdb - - default default] Successfully bumped revision number for resource 5d711e21-9820-42e1-abc5-0b3e117ebb2a (type: security_group_rules) to 0
2026-05-06 15:31:42.437 7 INFO neutron.db.ovn_revision_numbers_db [None req-7afc5fc9-22f9-4f1b-9618-76c1d3ebf35c 92b50502e0b44ca38c8526fd70c8b3e6 e5ac830ac762468da1952d24c6fd3cdb - - default default] Successfully bumped revision number for resource 75b3f4e4-908b-4f90-85d7-47c83579b32d (type: security_group_rules) to 0
2026-05-06 15:31:42.449 7 INFO neutron.db.ovn_revision_numbers_db [None req-7afc5fc9-22f9-4f1b-9618-76c1d3ebf35c 92b50502e0b44ca38c8526fd70c8b3e6 e5ac830ac762468da1952d24c6fd3cdb - - default default] Successfully bumped revision number for resource 80d0c56e-fabd-4425-b1ff-b2718ce9405d (type: security_group_rules) to 0
2026-05-06 15:31:42.525 7 INFO neutron.db.segments_db [None req-7afc5fc9-22f9-4f1b-9618-76c1d3ebf35c 92b50502e0b44ca38c8526fd70c8b3e6 e5ac830ac762468da1952d24c6fd3cdb - - default default] Added segment 11ba7680-9d34-4116-82c6-ce97bd1485cc of type geneve for network 222cbf27-2c65-4197-bd95-a44c99bfaae9
2026-05-06 15:31:42.665 7 INFO neutron.db.ovn_revision_numbers_db [None req-7afc5fc9-22f9-4f1b-9618-76c1d3ebf35c 92b50502e0b44ca38c8526fd70c8b3e6 e5ac830ac762468da1952d24c6fd3cdb - - default default] Successfully bumped revision number for resource 222cbf27-2c65-4197-bd95-a44c99bfaae9 (type: networks) to 1
2026-05-06 15:31:42.767 8 INFO neutron.db.ovn_revision_numbers_db [None req-66ce3be5-451c-4c91-924e-baabdd5e29e3 - - - - - -] Successfully bumped revision number for resource ab935200-818c-4483-8ed4-e3e54d7cac4d (type: ports) to 2
2026-05-06 15:31:42.808 8 INFO neutron.db.ovn_revision_numbers_db [None req-66ce3be5-451c-4c91-924e-baabdd5e29e3 - - - - - -] Successfully bumped revision number for resource a6165273-a462-4526-8a7b-31f725d26dbd (type: subnets) to 0
2026-05-06 15:31:42.841 7 WARNING neutron.scheduler.dhcp_agent_scheduler [None req-7afc5fc9-22f9-4f1b-9618-76c1d3ebf35c 92b50502e0b44ca38c8526fd70c8b3e6 e5ac830ac762468da1952d24c6fd3cdb - - default default] No more DHCP agents [pid: 8|app: 0|req: 446/898] 10.0.0.84 () {34 vars in 667 bytes} [Wed May 6 15:31:42 2026] POST /v2.0/subnets => generated 690 bytes in 696 msecs (HTTP/1.1 201) 4 headers in 162 bytes (1 switches on core 0)
2026-05-06 15:31:42.842 7 WARNING neutron.api.rpc.agentnotifiers.dhcp_rpc_agent_api [None req-7afc5fc9-22f9-4f1b-9618-76c1d3ebf35c 92b50502e0b44ca38c8526fd70c8b3e6 e5ac830ac762468da1952d24c6fd3cdb - - default default] Unable to schedule network 222cbf27-2c65-4197-bd95-a44c99bfaae9: no agents available; will retry on subsequent port and subnet creation events.
2026-05-06 15:31:42.909 7 INFO neutron.plugins.ml2.drivers.ovn.mech_driver.mech_driver [None req-7ae583aa-2448-4005-921c-fffc91003522 - - - - - -] OVN reports status down for port: b14ec978-ed3c-4391-888c-f3546a15cbed
2026-05-06 15:31:42.975 7 INFO neutron.db.ovn_revision_numbers_db [None req-7afc5fc9-22f9-4f1b-9618-76c1d3ebf35c 92b50502e0b44ca38c8526fd70c8b3e6 e5ac830ac762468da1952d24c6fd3cdb - - default default] Successfully bumped revision number for resource b14ec978-ed3c-4391-888c-f3546a15cbed (type: ports) to 1 [pid: 7|app: 0|req: 453/899] 10.0.0.84 () {34 vars in 668 bytes} [Wed May 6 15:31:42 2026] POST /v2.0/networks => generated 672 bytes in 909 msecs (HTTP/1.1 201) 4 headers in 162 bytes (1 switches on core 0)
2026-05-06 15:31:43.115 7 INFO neutron.db.segments_db [None req-2f449a86-7cba-44d7-a9da-169cd10b85be 92b50502e0b44ca38c8526fd70c8b3e6 e5ac830ac762468da1952d24c6fd3cdb - - default default] Added segment 3f372637-6e67-4cd4-ae49-13ada11da389 of type geneve for network ce160171-f10b-47a1-96c8-95dfa65d6e9f
2026-05-06 15:31:43.214 7 INFO neutron.db.ovn_revision_numbers_db [None req-2f449a86-7cba-44d7-a9da-169cd10b85be 92b50502e0b44ca38c8526fd70c8b3e6 e5ac830ac762468da1952d24c6fd3cdb - - default default] Successfully bumped revision number for resource ce160171-f10b-47a1-96c8-95dfa65d6e9f (type: networks) to 1
2026-05-06 15:31:43.228 8 WARNING neutron.scheduler.dhcp_agent_scheduler [None req-6880dda2-b018-415c-90e4-c8c07561d4d1 3eaab7241c294e7c8a9a3c84ba7bffb5 617d8a9f2d0345fe9d44ed182ac5d115 - - default default] No more DHCP agents
2026-05-06 15:31:43.230 8 WARNING neutron.api.rpc.agentnotifiers.dhcp_rpc_agent_api [None req-6880dda2-b018-415c-90e4-c8c07561d4d1 3eaab7241c294e7c8a9a3c84ba7bffb5 617d8a9f2d0345fe9d44ed182ac5d115 - - default default] Unable to schedule network b83e8c3b-03b1-4af2-ad82-affac58c2c5c: no agents available; will retry on subsequent port and subnet creation events.
2026-05-06 15:31:43.372 7 INFO neutron.plugins.ml2.drivers.ovn.mech_driver.mech_driver [None req-7ae583aa-2448-4005-921c-fffc91003522 - - - - - -] OVN reports status down for port: 1ada8901-39d7-4502-9d66-52130149843e
2026-05-06 15:31:43.380 8 INFO neutron.db.ovn_revision_numbers_db [None req-6880dda2-b018-415c-90e4-c8c07561d4d1 3eaab7241c294e7c8a9a3c84ba7bffb5 617d8a9f2d0345fe9d44ed182ac5d115 - - default default] Successfully bumped revision number for resource 1ada8901-39d7-4502-9d66-52130149843e (type: ports) to 1
2026-05-06 15:31:43.444 7 WARNING neutron.scheduler.dhcp_agent_scheduler [None req-2f449a86-7cba-44d7-a9da-169cd10b85be 92b50502e0b44ca38c8526fd70c8b3e6 e5ac830ac762468da1952d24c6fd3cdb - - default default] No more DHCP agents
2026-05-06 15:31:43.446 7 WARNING neutron.api.rpc.agentnotifiers.dhcp_rpc_agent_api [None req-2f449a86-7cba-44d7-a9da-169cd10b85be 92b50502e0b44ca38c8526fd70c8b3e6 e5ac830ac762468da1952d24c6fd3cdb - - default default] Unable to schedule network ce160171-f10b-47a1-96c8-95dfa65d6e9f: no agents available; will retry on subsequent port and subnet creation events.
2026-05-06 15:31:43.529 7 INFO neutron.db.ovn_revision_numbers_db [None req-2f449a86-7cba-44d7-a9da-169cd10b85be 92b50502e0b44ca38c8526fd70c8b3e6 e5ac830ac762468da1952d24c6fd3cdb - - default default] Successfully bumped revision number for resource 9cd3ca12-2f2d-4d5c-a8d2-d729db2228e8 (type: ports) to 1
2026-05-06 15:31:43.543 8 INFO neutron.plugins.ml2.drivers.ovn.mech_driver.mech_driver [None req-d5b29705-d0dd-4de0-be24-e0b5d7c09d74 - - - - - -] OVN reports status down for port: 9cd3ca12-2f2d-4d5c-a8d2-d729db2228e8 [pid: 7|app: 0|req: 454/900] 10.0.0.84 () {34 vars in 668 bytes} [Wed May 6 15:31:43 2026] POST /v2.0/networks => generated 671 bytes in 520 msecs (HTTP/1.1 201) 4 headers in 162 bytes (1 switches on core 0)
2026-05-06 15:31:43.740 7 WARNING neutron.scheduler.dhcp_agent_scheduler [None req-dd8362a7-3c0f-4f52-b2f4-e97fba6faae5 92b50502e0b44ca38c8526fd70c8b3e6 e5ac830ac762468da1952d24c6fd3cdb - - default default] No more DHCP agents
2026-05-06 15:31:43.741 7 WARNING neutron.api.rpc.agentnotifiers.dhcp_rpc_agent_api [None req-dd8362a7-3c0f-4f52-b2f4-e97fba6faae5 92b50502e0b44ca38c8526fd70c8b3e6 e5ac830ac762468da1952d24c6fd3cdb - - default default] Unable to schedule network 222cbf27-2c65-4197-bd95-a44c99bfaae9: no agents available; will retry on subsequent port and subnet creation events.
2026-05-06 15:31:43.782 7 INFO neutron.db.ovn_revision_numbers_db [None req-dd8362a7-3c0f-4f52-b2f4-e97fba6faae5 92b50502e0b44ca38c8526fd70c8b3e6 e5ac830ac762468da1952d24c6fd3cdb - - default default] Successfully bumped revision number for resource 5d094a0d-e4bf-4419-942d-6498201c4fcf (type: subnets) to 0 [pid: 7|app: 0|req: 455/901] 10.0.0.84 () {34 vars in 667 bytes} [Wed May 6 15:31:43 2026] POST /v2.0/subnets => generated 646 bytes in 242 msecs (HTTP/1.1 201) 4 headers in 162 bytes (1 switches on core 0)
2026-05-06 15:31:44.005 7 WARNING neutron.scheduler.dhcp_agent_scheduler [None req-90564093-fa35-427b-a4d9-5d4315c42d5e 92b50502e0b44ca38c8526fd70c8b3e6 e5ac830ac762468da1952d24c6fd3cdb - - default default] No more DHCP agents
2026-05-06 15:31:44.006 7 WARNING neutron.api.rpc.agentnotifiers.dhcp_rpc_agent_api [None req-90564093-fa35-427b-a4d9-5d4315c42d5e 92b50502e0b44ca38c8526fd70c8b3e6 e5ac830ac762468da1952d24c6fd3cdb - - default default] Unable to schedule network ce160171-f10b-47a1-96c8-95dfa65d6e9f: no agents available; will retry on subsequent port and subnet creation events.
2026-05-06 15:31:44.036 8 INFO neutron.plugins.ml2.drivers.ovn.mech_driver.ovsdb.commands [None req-0b6d496c-0a73-4c2d-9d0c-679092e85eea - - - - - -] Schedule LRP lrp-1ada8901-39d7-4502-9d66-52130149843e on gateway 7d9336ec-89fb-491e-a902-e01bbc44ca88 with priority 1
2026-05-06 15:31:44.044 7 INFO neutron.db.ovn_revision_numbers_db [None req-90564093-fa35-427b-a4d9-5d4315c42d5e 92b50502e0b44ca38c8526fd70c8b3e6 e5ac830ac762468da1952d24c6fd3cdb - - default default] Successfully bumped revision number for resource cd5070bc-ee24-4824-ac16-7440f41e22fb (type: subnets) to 0 [pid: 7|app: 0|req: 456/902] 10.0.0.84 () {34 vars in 667 bytes} [Wed May 6 15:31:43 2026] POST /v2.0/subnets => generated 655 bytes in 282 msecs (HTTP/1.1 201) 4 headers in 162 bytes (1 switches on core 0)
2026-05-06 15:31:44.100 7 INFO neutron.plugins.ml2.drivers.ovn.mech_driver.mech_driver [None req-7ae583aa-2448-4005-921c-fffc91003522 - - - - - -] OVN reports status up for port: 1ada8901-39d7-4502-9d66-52130149843e
2026-05-06 15:31:44.119 8 INFO neutron.plugins.ml2.drivers.ovn.mech_driver.ovsdb.ovsdb_monitor [None req-f463b94c-d5ef-4e07-9eea-0040b84da0b7 - - - - - -] Router 6f5f7692-10fd-4a47-b197-b0a1de09b664 is bound to host instance
2026-05-06 15:31:44.120 8 INFO neutron.db.ovn_revision_numbers_db [None req-6880dda2-b018-415c-90e4-c8c07561d4d1 3eaab7241c294e7c8a9a3c84ba7bffb5 617d8a9f2d0345fe9d44ed182ac5d115 - - default default] Successfully bumped revision number for resource 1ada8901-39d7-4502-9d66-52130149843e (type: router_ports) to 1
2026-05-06 15:31:44.144 7 INFO neutron.plugins.ml2.plugin [None req-7ae583aa-2448-4005-921c-fffc91003522 - - - - - -] Attempt 1 to provision port 1ada8901-39d7-4502-9d66-52130149843e
2026-05-06 15:31:44.235 8 INFO neutron.db.ovn_revision_numbers_db [None req-6880dda2-b018-415c-90e4-c8c07561d4d1 3eaab7241c294e7c8a9a3c84ba7bffb5 617d8a9f2d0345fe9d44ed182ac5d115 - - default default] Successfully bumped revision number for resource 6f5f7692-10fd-4a47-b197-b0a1de09b664 (type: routers) to 2 [pid: 8|app: 0|req: 447/903] 10.0.0.84 () {34 vars in 667 bytes} [Wed May 6 15:31:42 2026] POST /v2.0/routers => generated 968 bytes in 1424 msecs (HTTP/1.1 201) 4 headers in 162 bytes (1 switches on core 0)
2026-05-06 15:31:44.293 7 INFO neutron.db.ovn_revision_numbers_db [None req-d8ef47aa-c728-437e-9a6a-5fb442255842 92b50502e0b44ca38c8526fd70c8b3e6 e5ac830ac762468da1952d24c6fd3cdb - - default default] Successfully bumped revision number for resource edb92b34-fec6-48f7-ab69-5a210da18f35 (type: routers) to 1 [pid: 7|app: 0|req: 457/904] 10.0.0.84 () {34 vars in 667 bytes} [Wed May 6 15:31:44 2026] POST /v2.0/routers => generated 607 bytes in 217 msecs (HTTP/1.1 201) 4 headers in 162 bytes (1 switches on core 0)
2026-05-06 15:31:44.736 7 WARNING neutron.scheduler.dhcp_agent_scheduler [None req-488a0e80-e23e-422e-9d77-cf55a054db06 92b50502e0b44ca38c8526fd70c8b3e6 e5ac830ac762468da1952d24c6fd3cdb - - default default] No more DHCP agents
2026-05-06 15:31:44.737 7 WARNING neutron.api.rpc.agentnotifiers.dhcp_rpc_agent_api [None req-488a0e80-e23e-422e-9d77-cf55a054db06 92b50502e0b44ca38c8526fd70c8b3e6 e5ac830ac762468da1952d24c6fd3cdb - - default default] Unable to schedule network 222cbf27-2c65-4197-bd95-a44c99bfaae9: no agents available; will retry on subsequent port and subnet creation events.
2026-05-06 15:31:44.870 8 INFO neutron.plugins.ml2.drivers.ovn.mech_driver.mech_driver [None req-d5b29705-d0dd-4de0-be24-e0b5d7c09d74 - - - - - -] OVN reports status down for port: 6cf2e3a3-8f9c-463c-8a8b-7511035b7ea1
2026-05-06 15:31:44.872 7 INFO neutron.db.ovn_revision_numbers_db [None req-488a0e80-e23e-422e-9d77-cf55a054db06 92b50502e0b44ca38c8526fd70c8b3e6 e5ac830ac762468da1952d24c6fd3cdb - - default default] Successfully bumped revision number for resource 6cf2e3a3-8f9c-463c-8a8b-7511035b7ea1 (type: ports) to 1
2026-05-06 15:31:45.102 8 WARNING neutron.scheduler.dhcp_agent_scheduler [None req-4458aa23-238b-4aca-8f51-418bd9839df8 3eaab7241c294e7c8a9a3c84ba7bffb5 617d8a9f2d0345fe9d44ed182ac5d115 - - default default] No more DHCP agents
2026-05-06 15:31:45.103 8 WARNING neutron.api.rpc.agentnotifiers.dhcp_rpc_agent_api [None req-4458aa23-238b-4aca-8f51-418bd9839df8 3eaab7241c294e7c8a9a3c84ba7bffb5 617d8a9f2d0345fe9d44ed182ac5d115 - - default default] Unable to schedule network 1f4a40b1-cd0c-4a82-b224-932ad46adb7c: no agents available; will retry on subsequent port and subnet creation events.
2026-05-06 15:31:45.334 8 INFO neutron.db.ovn_revision_numbers_db [None req-4458aa23-238b-4aca-8f51-418bd9839df8 3eaab7241c294e7c8a9a3c84ba7bffb5 617d8a9f2d0345fe9d44ed182ac5d115 - - default default] Successfully bumped revision number for resource e67ff5a4-0c71-47d2-b075-9a403e8e5cbd (type: ports) to 1
2026-05-06 15:31:45.427 8 INFO neutron.plugins.ml2.drivers.ovn.mech_driver.mech_driver [None req-d5b29705-d0dd-4de0-be24-e0b5d7c09d74 - - - - - -] OVN reports status up for port: 6cf2e3a3-8f9c-463c-8a8b-7511035b7ea1
2026-05-06 15:31:45.485 7 WARNING neutron.scheduler.dhcp_agent_scheduler [None req-488a0e80-e23e-422e-9d77-cf55a054db06 92b50502e0b44ca38c8526fd70c8b3e6 e5ac830ac762468da1952d24c6fd3cdb - - default default] No more DHCP agents
2026-05-06 15:31:45.486 7 WARNING neutron.api.rpc.agentnotifiers.dhcp_rpc_agent_api [None req-488a0e80-e23e-422e-9d77-cf55a054db06 92b50502e0b44ca38c8526fd70c8b3e6 e5ac830ac762468da1952d24c6fd3cdb - - default default] Unable to schedule network 222cbf27-2c65-4197-bd95-a44c99bfaae9: no agents available; will retry on subsequent port and subnet creation events.
2026-05-06 15:31:45.487 8 INFO neutron.plugins.ml2.plugin [None req-d5b29705-d0dd-4de0-be24-e0b5d7c09d74 - - - - - -] Attempt 1 to provision port 6cf2e3a3-8f9c-463c-8a8b-7511035b7ea1
2026-05-06 15:31:45.542 8 INFO neutron.db.ovn_revision_numbers_db [None req-e64f7d08-6ed6-4daa-8f4a-cdbc2fcc3219 - - - - - -] Successfully bumped revision number for resource 1ada8901-39d7-4502-9d66-52130149843e (type: ports) to 4
2026-05-06 15:31:45.656 7 INFO neutron.db.ovn_revision_numbers_db [None req-488a0e80-e23e-422e-9d77-cf55a054db06 92b50502e0b44ca38c8526fd70c8b3e6 e5ac830ac762468da1952d24c6fd3cdb - - default default] Successfully bumped revision number for resource 6cf2e3a3-8f9c-463c-8a8b-7511035b7ea1 (type: router_ports) to 1 [pid: 7|app: 0|req: 458/905] 10.0.0.84 () {34 vars in 781 bytes} [Wed May 6 15:31:44 2026] PUT /v2.0/routers/edb92b34-fec6-48f7-ab69-5a210da18f35/add_router_interface => generated 309 bytes in 1349 msecs (HTTP/1.1 200) 4 headers in 157 bytes (1 switches on core 0) [pid: 7|app: 0|req: 459/906] 10.0.0.251 () {34 vars in 989 bytes} [Wed May 6 15:31:45 2026] GET /v2.0/ports?device_id=c5c6204d-e895-4959-9973-2e65deae1bdd => generated 971 bytes in 459 msecs (HTTP/1.1 200) 4 headers in 157 bytes (1 switches on core 0) [pid: 7|app: 0|req: 460/907] 10.0.0.84 () {32 vars in 715 bytes} [Wed May 6 15:31:46 2026] GET /v2.0/ports/6cf2e3a3-8f9c-463c-8a8b-7511035b7ea1 => generated 947 bytes in 33 msecs (HTTP/1.1 200) 4 headers in 157 bytes (1 switches on core 0)
2026-05-06 15:31:46.545 7 INFO neutron.plugins.ml2.drivers.ovn.mech_driver.mech_driver [None req-7ae583aa-2448-4005-921c-fffc91003522 - - - - - -] OVN reports status down for port: e67ff5a4-0c71-47d2-b075-9a403e8e5cbd
2026-05-06 15:31:46.674 8 INFO neutron.db.ovn_revision_numbers_db [None req-e64f7d08-6ed6-4daa-8f4a-cdbc2fcc3219 - - - - - -] Successfully bumped revision number for resource 1ada8901-39d7-4502-9d66-52130149843e (type: ports) to 5
2026-05-06 15:31:46.695 7 WARNING neutron.scheduler.dhcp_agent_scheduler [None req-9ab76110-b094-4428-9cfe-3522fdd3c8c5 92b50502e0b44ca38c8526fd70c8b3e6 e5ac830ac762468da1952d24c6fd3cdb - - default default] No more DHCP agents
2026-05-06 15:31:46.697 7 WARNING neutron.api.rpc.agentnotifiers.dhcp_rpc_agent_api [None req-9ab76110-b094-4428-9cfe-3522fdd3c8c5 92b50502e0b44ca38c8526fd70c8b3e6 e5ac830ac762468da1952d24c6fd3cdb - - default default] Unable to schedule network ce160171-f10b-47a1-96c8-95dfa65d6e9f: no agents available; will retry on subsequent port and subnet creation events.
2026-05-06 15:31:46.727 8 INFO neutron.db.ovn_revision_numbers_db [None req-d5b29705-d0dd-4de0-be24-e0b5d7c09d74 - - - - - -] Successfully bumped revision number for resource 6cf2e3a3-8f9c-463c-8a8b-7511035b7ea1 (type: ports) to 2
2026-05-06 15:31:46.778 7 INFO neutron.plugins.ml2.drivers.ovn.mech_driver.mech_driver [None req-7ae583aa-2448-4005-921c-fffc91003522 - - - - - -] OVN reports status down for port: 463ad481-ba4d-45d6-8280-eb18cbeacebb
2026-05-06 15:31:46.827 7 INFO neutron.db.ovn_revision_numbers_db [None req-9ab76110-b094-4428-9cfe-3522fdd3c8c5 92b50502e0b44ca38c8526fd70c8b3e6 e5ac830ac762468da1952d24c6fd3cdb - - default default] Successfully bumped revision number for resource 463ad481-ba4d-45d6-8280-eb18cbeacebb (type: ports) to 1
2026-05-06 15:31:47.007 7 INFO neutron.plugins.ml2.drivers.ovn.mech_driver.mech_driver [None req-7ae583aa-2448-4005-921c-fffc91003522 - - - - - -] OVN reports status up for port: e67ff5a4-0c71-47d2-b075-9a403e8e5cbd
2026-05-06 15:31:47.040 7 INFO neutron.plugins.ml2.plugin [None req-7ae583aa-2448-4005-921c-fffc91003522 - - - - - -] Attempt 1 to provision port e67ff5a4-0c71-47d2-b075-9a403e8e5cbd
2026-05-06 15:31:47.072 8 WARNING neutron.scheduler.dhcp_agent_scheduler [None req-4458aa23-238b-4aca-8f51-418bd9839df8 3eaab7241c294e7c8a9a3c84ba7bffb5 617d8a9f2d0345fe9d44ed182ac5d115 - - default default] No more DHCP agents
2026-05-06 15:31:47.074 8 WARNING neutron.api.rpc.agentnotifiers.dhcp_rpc_agent_api [None req-4458aa23-238b-4aca-8f51-418bd9839df8 3eaab7241c294e7c8a9a3c84ba7bffb5 617d8a9f2d0345fe9d44ed182ac5d115 - - default default] Unable to schedule network 1f4a40b1-cd0c-4a82-b224-932ad46adb7c: no agents available; will retry on subsequent port and subnet creation events.
2026-05-06 15:31:47.521 8 INFO neutron.db.ovn_revision_numbers_db [None req-4458aa23-238b-4aca-8f51-418bd9839df8 3eaab7241c294e7c8a9a3c84ba7bffb5 617d8a9f2d0345fe9d44ed182ac5d115 - - default default] Successfully bumped revision number for resource e67ff5a4-0c71-47d2-b075-9a403e8e5cbd (type: router_ports) to 1 [pid: 8|app: 0|req: 448/908] 10.0.0.84 () {34 vars in 781 bytes} [Wed May 6 15:31:44 2026] PUT /v2.0/routers/6f5f7692-10fd-4a47-b197-b0a1de09b664/add_router_interface => generated 309 bytes in 3253 msecs (HTTP/1.1 200) 4 headers in 157 bytes (1 switches on core 0) [pid: 8|app: 0|req: 449/909] 10.0.0.251 () {34 vars in 970 bytes} [Wed May 6 15:31:47 2026] GET /v2.0/ports/cb5931e9-fa92-4336-a6f9-44c48ad8f3c0 => generated 968 bytes in 105 msecs (HTTP/1.1 200) 4 headers in 157 bytes (1 switches on core 0)
2026-05-06 15:31:47.998 7 WARNING neutron.scheduler.dhcp_agent_scheduler [None req-9ab76110-b094-4428-9cfe-3522fdd3c8c5 92b50502e0b44ca38c8526fd70c8b3e6 e5ac830ac762468da1952d24c6fd3cdb - - default default] No more DHCP agents
2026-05-06 15:31:48.006 7 WARNING neutron.api.rpc.agentnotifiers.dhcp_rpc_agent_api [None req-9ab76110-b094-4428-9cfe-3522fdd3c8c5 92b50502e0b44ca38c8526fd70c8b3e6 e5ac830ac762468da1952d24c6fd3cdb - - default default] Unable to schedule network ce160171-f10b-47a1-96c8-95dfa65d6e9f: no agents available; will retry on subsequent port and subnet creation events.
2026-05-06 15:31:48.022 8 INFO neutron.db.ovn_revision_numbers_db [None req-60bd751c-235d-4469-8721-dbd7b6297b81 3eaab7241c294e7c8a9a3c84ba7bffb5 617d8a9f2d0345fe9d44ed182ac5d115 - - default default] Successfully bumped revision number for resource 5a6e24d0-ed80-4d2b-9dba-1a5b86fe0f0a (type: security_groups) to 1
2026-05-06 15:31:48.024 7 INFO neutron.db.ovn_revision_numbers_db [None req-7ae583aa-2448-4005-921c-fffc91003522 - - - - - -] Successfully bumped revision number for resource e67ff5a4-0c71-47d2-b075-9a403e8e5cbd (type: ports) to 2
2026-05-06 15:31:48.033 8 INFO neutron.db.ovn_revision_numbers_db [None req-60bd751c-235d-4469-8721-dbd7b6297b81 3eaab7241c294e7c8a9a3c84ba7bffb5 617d8a9f2d0345fe9d44ed182ac5d115 - - default default] Successfully bumped revision number for resource 1254a76b-003f-4088-b137-9bb5a661f2f8 (type: security_group_rules) to 0
2026-05-06 15:31:48.042 8 INFO neutron.db.ovn_revision_numbers_db [None req-60bd751c-235d-4469-8721-dbd7b6297b81 3eaab7241c294e7c8a9a3c84ba7bffb5 617d8a9f2d0345fe9d44ed182ac5d115 - - default default] Successfully bumped revision number for resource 3e86be77-ad12-42c0-a11e-c45e9bfeb255 (type: security_group_rules) to 0
2026-05-06 15:31:48.055 8 INFO neutron.db.ovn_revision_numbers_db [None req-60bd751c-235d-4469-8721-dbd7b6297b81 3eaab7241c294e7c8a9a3c84ba7bffb5 617d8a9f2d0345fe9d44ed182ac5d115 - - default default] Successfully bumped revision number for resource 88b8362e-28e5-4cef-8645-7bdb60cdf77f (type: security_group_rules) to 0
2026-05-06 15:31:48.070 8 INFO neutron.db.ovn_revision_numbers_db [None req-60bd751c-235d-4469-8721-dbd7b6297b81 3eaab7241c294e7c8a9a3c84ba7bffb5 617d8a9f2d0345fe9d44ed182ac5d115 - - default default] Successfully bumped revision number for resource ccd80fb1-4c57-455e-ae84-8ca126a073d3 (type: security_group_rules) to 0 [pid: 8|app: 0|req: 450/910] 10.0.0.84 () {32 vars in 772 bytes} [Wed May 6 15:31:47 2026] GET /v2.0/security-groups?tenant_id=84459e6c70894eb5809a86fe6cf26244&name=default => generated 2925 bytes in 475 msecs (HTTP/1.1 200) 4 headers in 158 bytes (1 switches on core 0)
2026-05-06 15:31:48.241 8 INFO neutron.db.ovn_revision_numbers_db [None req-7546e5ff-3709-4c42-8792-3f833cf2e230 2fa4107c33a24c109b9ff322a3e164b4 e5c928f4f4e44abdbac2c1e5dc1b1ec8 - - default default] Successfully bumped revision number for resource d5ba33a0-e497-49e1-a8d8-46022f68f9e6 (type: security_groups) to 1
2026-05-06 15:31:48.273 8 INFO neutron.db.ovn_revision_numbers_db [None req-7546e5ff-3709-4c42-8792-3f833cf2e230 2fa4107c33a24c109b9ff322a3e164b4 e5c928f4f4e44abdbac2c1e5dc1b1ec8 - - default default] Successfully bumped revision number for resource 2029b328-6cfb-48f5-a53f-8d20b46d1d9a (type: security_group_rules) to 0
2026-05-06 15:31:48.288 8 INFO neutron.db.ovn_revision_numbers_db [None req-7546e5ff-3709-4c42-8792-3f833cf2e230 2fa4107c33a24c109b9ff322a3e164b4 e5c928f4f4e44abdbac2c1e5dc1b1ec8 - - default default] Successfully bumped revision number for resource b9942e82-aa67-4ba1-b4b3-2b7d95ec32e8 (type: security_group_rules) to 0 [pid: 8|app: 0|req: 451/911] 10.0.0.84 () {34 vars in 683 bytes} [Wed May 6 15:31:48 2026] POST /v2.0/security-groups => generated 1661 bytes in 216 msecs (HTTP/1.1 201) 4 headers in 163 bytes (1 switches on core 0)
2026-05-06 15:31:48.351 7 INFO neutron.db.ovn_revision_numbers_db [None req-9ab76110-b094-4428-9cfe-3522fdd3c8c5 92b50502e0b44ca38c8526fd70c8b3e6 e5ac830ac762468da1952d24c6fd3cdb - - default default] Successfully bumped revision number for resource 463ad481-ba4d-45d6-8280-eb18cbeacebb (type: router_ports) to 1 [pid: 7|app: 0|req: 461/912] 10.0.0.84 () {34 vars in 781 bytes} [Wed May 6 15:31:46 2026] PUT /v2.0/routers/edb92b34-fec6-48f7-ab69-5a210da18f35/add_router_interface => generated 309 bytes in 2196 msecs (HTTP/1.1 200) 4 headers in 157 bytes (1 switches on core 0) [pid: 7|app: 0|req: 462/913] 199.19.213.25 () {34 vars in 998 bytes} [Wed May 6 15:31:48 2026] GET /v2.0/subnets?network_id=8b0e8d75-81aa-4a94-bf6a-7773be24b98e => generated 683 bytes in 29 msecs (HTTP/1.1 200) 4 headers in 157 bytes (1 switches on core 0)
2026-05-06 15:31:48.536 7 INFO neutron.db.ovn_revision_numbers_db [None req-ef84ef72-3e83-4c29-a7bf-87a5a76ef529 2fa4107c33a24c109b9ff322a3e164b4 e5c928f4f4e44abdbac2c1e5dc1b1ec8 - - default default] Successfully bumped revision number for resource a04e49aa-32ce-4eea-8e7d-68b250b0e4a9 (type: security_group_rules) to 0 [pid: 8|app: 0|req: 452/914] 10.0.0.84 () {32 vars in 738 bytes} [Wed May 6 15:31:48 2026] DELETE /v2.0/security-groups/5a6e24d0-ed80-4d2b-9dba-1a5b86fe0f0a => generated 0 bytes in 233 msecs (HTTP/1.1 204) 2 headers in 112 bytes (1 switches on core 0) [pid: 7|app: 0|req: 463/915] 10.0.0.84 () {34 vars in 693 bytes} [Wed May 6 15:31:48 2026] POST /v2.0/security-group-rules => generated 597 bytes in 186 msecs (HTTP/1.1 201) 4 headers in 162 bytes (1 switches on core 0) [pid: 8|app: 0|req: 453/916] 10.0.0.84 () {32 vars in 715 bytes} [Wed May 6 15:31:48 2026] GET /v2.0/ports/463ad481-ba4d-45d6-8280-eb18cbeacebb => generated 953 bytes in 64 msecs (HTTP/1.1 200) 4 headers in 157 bytes (1 switches on core 0) [pid: 7|app: 0|req: 464/917] 199.19.213.25 () {34 vars in 1144 bytes} [Wed May 6 15:31:48 2026] GET /v2.0/ports?device_id=c5c6204d-e895-4959-9973-2e65deae1bdd&device_owner=compute%3Anova&network_id=8b0e8d75-81aa-4a94-bf6a-7773be24b98e => generated 971 bytes in 64 msecs (HTTP/1.1 200) 4 headers in 157 bytes (1 switches on core 0) [pid: 7|app: 0|req: 465/918] 10.0.0.84 () {32 vars in 715 bytes} [Wed May 6 15:31:48 2026] GET /v2.0/ports/463ad481-ba4d-45d6-8280-eb18cbeacebb => generated 953 bytes in 30 msecs (HTTP/1.1 200) 4 headers in 157 bytes (1 switches on core 0)
2026-05-06 15:31:48.743 8 INFO neutron.db.ovn_revision_numbers_db [None req-a4a80610-0a39-4908-a3e1-41b317610725 2fa4107c33a24c109b9ff322a3e164b4 e5c928f4f4e44abdbac2c1e5dc1b1ec8 - - default default] Successfully bumped revision number for resource 0ff67842-e2f2-407e-bfde-a8cbc980942e (type: security_group_rules) to 0 [pid: 8|app: 0|req: 454/919] 10.0.0.84 () {34 vars in 693 bytes} [Wed May 6 15:31:48 2026] POST /v2.0/security-group-rules => generated 602 bytes in 144 msecs (HTTP/1.1 201) 4 headers in 162 bytes (1 switches on core 0)
2026-05-06 15:31:48.905 8 INFO neutron.db.ovn_revision_numbers_db [None req-4f4ca7c3-8fc4-466e-a312-2fb8bc47257e 3eaab7241c294e7c8a9a3c84ba7bffb5 617d8a9f2d0345fe9d44ed182ac5d115 - - default default] Successfully bumped revision number for resource 3fba82c4-b138-45e6-86f7-19522b1348a6 (type: security_groups) to 1
2026-05-06 15:31:48.920 8 INFO neutron.db.ovn_revision_numbers_db [None req-4f4ca7c3-8fc4-466e-a312-2fb8bc47257e 3eaab7241c294e7c8a9a3c84ba7bffb5 617d8a9f2d0345fe9d44ed182ac5d115 - - default default] Successfully bumped revision number for resource 57bd7df3-31f2-4326-b7d5-8e201e3c8152 (type: security_group_rules) to 0
2026-05-06 15:31:48.932 8 INFO neutron.db.ovn_revision_numbers_db [None req-4f4ca7c3-8fc4-466e-a312-2fb8bc47257e 3eaab7241c294e7c8a9a3c84ba7bffb5 617d8a9f2d0345fe9d44ed182ac5d115 - - default default] Successfully bumped revision number for resource c8d4e651-a9e4-45e9-890c-8758cebbf387 (type: security_group_rules) to 0
2026-05-06 15:31:48.947 8 INFO neutron.db.ovn_revision_numbers_db [None req-4f4ca7c3-8fc4-466e-a312-2fb8bc47257e 3eaab7241c294e7c8a9a3c84ba7bffb5 617d8a9f2d0345fe9d44ed182ac5d115 - - default default] Successfully bumped revision number for resource c9d3cab9-1081-4430-a5e7-a531ab47b607 (type: security_group_rules) to 0
2026-05-06 15:31:48.959 8 INFO neutron.db.ovn_revision_numbers_db [None req-4f4ca7c3-8fc4-466e-a312-2fb8bc47257e 3eaab7241c294e7c8a9a3c84ba7bffb5 617d8a9f2d0345fe9d44ed182ac5d115 - - default default] Successfully bumped revision number for resource e276bd99-2622-4263-a8a3-c6b483fc24a9 (type: security_group_rules) to 0 [pid: 8|app: 0|req: 455/920] 10.0.0.84 () {32 vars in 772 bytes} [Wed May 6 15:31:48 2026] GET /v2.0/security-groups?tenant_id=e1c46339cddc45fa9861938294a1d041&name=default => generated 2925 bytes in 233 msecs (HTTP/1.1 200) 4 headers in 158 bytes (1 switches on core 0)
2026-05-06 15:31:49.232 7 INFO neutron.db.ovn_revision_numbers_db [req-f742d919-59dc-4c06-a793-de91e973f78c req-e925976c-ea0f-40af-bd4e-79caa75986c9 7bfa5ae488ab4571bb940e137c3d2c29 6f182c1e523c4b378079a317d354b064 - - default default] Successfully bumped revision number for resource cb5931e9-fa92-4336-a6f9-44c48ad8f3c0 (type: ports) to 6 [pid: 7|app: 0|req: 466/921] 199.19.213.25 () {38 vars in 1026 bytes} [Wed May 6 15:31:48 2026] PUT /v2.0/ports/cb5931e9-fa92-4336-a6f9-44c48ad8f3c0 => generated 1145 bytes in 579 msecs (HTTP/1.1 200) 4 headers in 158 bytes (1 switches on core 0) /var/lib/openstack/lib/python3.12/site-packages/pycadf/identifier.py:70: UserWarning: Invalid uuid: neutron. To ensure interoperability, identifiers should be a valid uuid. warnings.warn(('Invalid uuid: %s. To ensure interoperability, '
2026-05-06 15:31:49.266 8 WARNING neutron.scheduler.dhcp_agent_scheduler [None req-556dd965-a9e8-4dbb-87dd-db9388d0a04a 2fa4107c33a24c109b9ff322a3e164b4 e5c928f4f4e44abdbac2c1e5dc1b1ec8 - - default default] No more DHCP agents
2026-05-06 15:31:49.267 8 WARNING neutron.api.rpc.agentnotifiers.dhcp_rpc_agent_api [None req-556dd965-a9e8-4dbb-87dd-db9388d0a04a 2fa4107c33a24c109b9ff322a3e164b4 e5c928f4f4e44abdbac2c1e5dc1b1ec8 - - default default] Unable to schedule network b83e8c3b-03b1-4af2-ad82-affac58c2c5c: no agents available; will retry on subsequent port and subnet creation events.
