2026-05-06 15:33:18.242 7 WARNING neutron.api.rpc.agentnotifiers.dhcp_rpc_agent_api [None req-f5d8c106-23b5-4624-8a3b-03b2b3e19e25 5d3996d090f842cb9db112611d32b22f a2a9775241024f1fade0f200985e4af5 - - default default] Unable to schedule network 82f0f575-b280-4a32-a75c-d1e27187d197: no agents available; will retry on subsequent port and subnet creation events. [pid: 8|app: 0|req: 772/1558] 10.0.0.251 () {34 vars in 1039 bytes} [Wed May 6 15:33:18 2026] GET /v2.0/security-groups?id=f5977ef0-5fcd-407a-a853-63705f65f846&fields=id&fields=name => generated 114 bytes in 24 msecs (HTTP/1.1 200) 4 headers in 157 bytes (1 switches on core 0)
2026-05-06 15:33:18.294 8 INFO neutron.plugins.ml2.drivers.ovn.mech_driver.mech_driver [None req-fb0a38d6-a904-4346-b019-db54daa8fcdf - - - - - -] OVN reports status down for port: 27661cbc-0917-49aa-81f7-1659aa83c6ce
2026-05-06 15:33:18.317 7 INFO neutron.db.ovn_revision_numbers_db [None req-f5d8c106-23b5-4624-8a3b-03b2b3e19e25 5d3996d090f842cb9db112611d32b22f a2a9775241024f1fade0f200985e4af5 - - default default] Successfully bumped revision number for resource 27661cbc-0917-49aa-81f7-1659aa83c6ce (type: ports) to 1 [pid: 7|app: 0|req: 787/1559] 10.0.0.84 () {34 vars in 668 bytes} [Wed May 6 15:33:17 2026] POST /v2.0/networks => generated 670 bytes in 461 msecs (HTTP/1.1 201) 4 headers in 162 bytes (1 switches on core 0)
2026-05-06 15:33:18.516 8 WARNING neutron.scheduler.dhcp_agent_scheduler [None req-70e98ddf-b612-42a9-902b-78a02e76e649 dfb6878386d2407db4e116d69ebbde78 c12055c32a474c2b929e330e824a8c3d - - default default] No more DHCP agents
2026-05-06 15:33:18.523 8 WARNING neutron.api.rpc.agentnotifiers.dhcp_rpc_agent_api [None req-70e98ddf-b612-42a9-902b-78a02e76e649 dfb6878386d2407db4e116d69ebbde78 c12055c32a474c2b929e330e824a8c3d - - default default] Unable to schedule network 786d19b4-e622-4043-83db-53d832e92c5c: no agents available; will retry on subsequent port and subnet creation events.
2026-05-06 15:33:18.536 8 INFO neutron.plugins.ml2.drivers.ovn.mech_driver.mech_driver [None req-fb0a38d6-a904-4346-b019-db54daa8fcdf - - - - - -] OVN reports status up for port: 8c234ea3-d24e-46b0-909f-f02b110031c5
2026-05-06 15:33:18.545 7 WARNING neutron.scheduler.dhcp_agent_scheduler [None req-f3280bd1-efb8-42bc-b928-e6520f0ecc81 5d3996d090f842cb9db112611d32b22f a2a9775241024f1fade0f200985e4af5 - - default default] No more DHCP agents
2026-05-06 15:33:18.546 7 WARNING neutron.api.rpc.agentnotifiers.dhcp_rpc_agent_api [None req-f3280bd1-efb8-42bc-b928-e6520f0ecc81 5d3996d090f842cb9db112611d32b22f a2a9775241024f1fade0f200985e4af5 - - default default] Unable to schedule network 82f0f575-b280-4a32-a75c-d1e27187d197: no agents available; will retry on subsequent port and subnet creation events.
2026-05-06 15:33:18.575 8 INFO neutron.plugins.ml2.plugin [None req-fb0a38d6-a904-4346-b019-db54daa8fcdf - - - - - -] Attempt 1 to provision port 8c234ea3-d24e-46b0-909f-f02b110031c5
2026-05-06 15:33:18.980 7 INFO neutron.db.ovn_revision_numbers_db [None req-7b8692ca-d24a-4d18-bd0b-c8c0f080e5ca - - - - - -] Successfully bumped revision number for resource 27661cbc-0917-49aa-81f7-1659aa83c6ce (type: ports) to 2
2026-05-06 15:33:18.994 8 INFO neutron.db.ovn_revision_numbers_db [None req-fb0a38d6-a904-4346-b019-db54daa8fcdf - - - - - -] Successfully bumped revision number for resource 8c234ea3-d24e-46b0-909f-f02b110031c5 (type: ports) to 5
2026-05-06 15:33:19.016 7 INFO neutron.db.ovn_revision_numbers_db [None req-7b8692ca-d24a-4d18-bd0b-c8c0f080e5ca - - - - - -] Successfully bumped revision number for resource cbecee25-d06e-4127-8a84-058fe3ef9004 (type: subnets) to 0 [pid: 7|app: 0|req: 788/1560] 10.0.0.84 () {34 vars in 667 bytes} [Wed May 6 15:33:18 2026] POST /v2.0/subnets => generated 626 bytes in 683 msecs (HTTP/1.1 201) 4 headers in 162 bytes (1 switches on core 0)
2026-05-06 15:33:19.221 8 INFO neutron.db.ovn_revision_numbers_db [None req-91f385b3-28b3-4d9a-a54c-e3c2becfc5ac - - - - - -] Successfully bumped revision number for resource 71eb427c-5497-41cf-ab0b-64252b45bc3b (type: ports) to 2
2026-05-06 15:33:19.246 8 INFO neutron.notifiers.nova [-] Nova event matching ['req-d9dde64c-7c10-40c2-9128-29aa0ac32b76'] response: {'server_uuid': '3254c99c-f4f4-4c08-9271-f5f06a739293', 'name': 'network-vif-plugged', 'status': 'completed', 'tag': '80007fa7-4dab-43b5-9e22-2e0ca099951a', 'code': 200}
2026-05-06 15:33:19.246 8 INFO neutron.notifiers.nova [-] Nova event matching ['req-d9dde64c-7c10-40c2-9128-29aa0ac32b76'] response: {'server_uuid': '3254c99c-f4f4-4c08-9271-f5f06a739293', 'name': 'network-vif-plugged', 'status': 'completed', 'tag': '80007fa7-4dab-43b5-9e22-2e0ca099951a', 'code': 200}
2026-05-06 15:33:19.247 8 INFO neutron.notifiers.nova [-] Nova event matching ['req-d9dde64c-7c10-40c2-9128-29aa0ac32b76'] response: {'server_uuid': '7f9162d4-b418-4d06-b735-00125e8c1755', 'name': 'network-vif-plugged', 'status': 'completed', 'tag': '8c234ea3-d24e-46b0-909f-f02b110031c5', 'code': 200}
2026-05-06 15:33:19.266 8 INFO neutron.db.ovn_revision_numbers_db [None req-91f385b3-28b3-4d9a-a54c-e3c2becfc5ac - - - - - -] Successfully bumped revision number for resource 49520d0e-037b-4d73-9479-0352af71ba43 (type: subnets) to 0 [pid: 8|app: 0|req: 773/1561] 10.0.0.84 () {34 vars in 667 bytes} [Wed May 6 15:33:18 2026] POST /v2.0/subnets => generated 658 bytes in 1027 msecs (HTTP/1.1 201) 4 headers in 162 bytes (1 switches on core 0) /var/lib/openstack/lib/python3.12/site-packages/pycadf/identifier.py:70: UserWarning: Invalid uuid: neutron. To ensure interoperability, identifiers should be a valid uuid. warnings.warn(('Invalid uuid: %s. To ensure interoperability, '
2026-05-06 15:33:19.326 7 WARNING neutron.scheduler.dhcp_agent_scheduler [None req-e7ce1a64-44fa-4e9c-ae1a-b907f380c16b 5d3996d090f842cb9db112611d32b22f a2a9775241024f1fade0f200985e4af5 - - default default] No more DHCP agents
2026-05-06 15:33:19.327 7 WARNING neutron.api.rpc.agentnotifiers.dhcp_rpc_agent_api [None req-e7ce1a64-44fa-4e9c-ae1a-b907f380c16b 5d3996d090f842cb9db112611d32b22f a2a9775241024f1fade0f200985e4af5 - - default default] Unable to schedule network 82f0f575-b280-4a32-a75c-d1e27187d197: no agents available; will retry on subsequent port and subnet creation events. [pid: 8|app: 0|req: 774/1562] 10.0.0.84 () {32 vars in 720 bytes} [Wed May 6 15:33:19 2026] GET /v2.0/subnetpools?name=shared-default-subnetpool-v6 => generated 19 bytes in 40 msecs (HTTP/1.1 200) 4 headers in 156 bytes (1 switches on core 0) [pid: 8|app: 0|req: 775/1563] 10.0.0.251 () {34 vars in 989 bytes} [Wed May 6 15:33:19 2026] GET /v2.0/ports?device_id=7f9162d4-b418-4d06-b735-00125e8c1755 => generated 971 bytes in 78 msecs (HTTP/1.1 200) 4 headers in 157 bytes (1 switches on core 0)
2026-05-06 15:33:19.463 8 INFO neutron.plugins.ml2.drivers.ovn.mech_driver.mech_driver [None req-ba4dc08d-537c-4919-a0eb-8b812ff9938a - - - - - -] OVN reports status down for port: b61dd1a7-5d3b-4f57-9983-65defed9c469 [pid: 8|app: 0|req: 776/1564] 10.0.0.251 () {34 vars in 989 bytes} [Wed May 6 15:33:19 2026] GET /v2.0/ports?device_id=3254c99c-f4f4-4c08-9271-f5f06a739293 => generated 975 bytes in 61 msecs (HTTP/1.1 200) 4 headers in 157 bytes (1 switches on core 0)
2026-05-06 15:33:19.483 7 INFO neutron.db.ovn_revision_numbers_db [None req-e7ce1a64-44fa-4e9c-ae1a-b907f380c16b 5d3996d090f842cb9db112611d32b22f a2a9775241024f1fade0f200985e4af5 - - default default] Successfully bumped revision number for resource b61dd1a7-5d3b-4f57-9983-65defed9c469 (type: ports) to 1 [pid: 7|app: 0|req: 789/1565] 10.0.0.84 () {34 vars in 663 bytes} [Wed May 6 15:33:19 2026] POST /v2.0/ports => generated 950 bytes in 477 msecs (HTTP/1.1 201) 4 headers in 162 bytes (1 switches on core 0) /var/lib/openstack/lib/python3.12/site-packages/pycadf/identifier.py:70: UserWarning: Invalid uuid: neutron. To ensure interoperability, identifiers should be a valid uuid. warnings.warn(('Invalid uuid: %s. To ensure interoperability, ' [pid: 7|app: 0|req: 790/1566] 10.0.0.251 () {34 vars in 1039 bytes} [Wed May 6 15:33:19 2026] GET /v2.0/security-groups?id=d24bc181-a210-4c43-b62b-75116241c75b&fields=id&fields=name => generated 113 bytes in 26 msecs (HTTP/1.1 200) 4 headers in 157 bytes (1 switches on core 0) [pid: 7|app: 0|req: 791/1567] 10.0.0.251 () {34 vars in 1039 bytes} [Wed May 6 15:33:19 2026] GET /v2.0/security-groups?id=f5977ef0-5fcd-407a-a853-63705f65f846&fields=id&fields=name => generated 114 bytes in 33 msecs (HTTP/1.1 200) 4 headers in 157 bytes (1 switches on core 0)
2026-05-06 15:33:19.710 8 WARNING neutron.scheduler.dhcp_agent_scheduler [None req-522aece9-ec80-4435-b619-faed284c523d dfb6878386d2407db4e116d69ebbde78 c12055c32a474c2b929e330e824a8c3d - - default default] No more DHCP agents
2026-05-06 15:33:19.712 8 WARNING neutron.api.rpc.agentnotifiers.dhcp_rpc_agent_api [None req-522aece9-ec80-4435-b619-faed284c523d dfb6878386d2407db4e116d69ebbde78 c12055c32a474c2b929e330e824a8c3d - - default default] Unable to schedule network 786d19b4-e622-4043-83db-53d832e92c5c: no agents available; will retry on subsequent port and subnet creation events.
2026-05-06 15:33:19.727 7 INFO neutron_taas.services.taas.taas_plugin [None req-25766728-568f-4bd6-8bf2-fb59a9ffa4e6 5d3996d090f842cb9db112611d32b22f a2a9775241024f1fade0f200985e4af5 - - default default] TaaS: Handle Delete Port: b61dd1a7-5d3b-4f57-9983-65defed9c469
2026-05-06 15:33:19.735 7 INFO neutron_taas.services.taas.tap_mirror_plugin [None req-25766728-568f-4bd6-8bf2-fb59a9ffa4e6 5d3996d090f842cb9db112611d32b22f a2a9775241024f1fade0f200985e4af5 - - default default] Tap Mirror: Handle Delete Port: b61dd1a7-5d3b-4f57-9983-65defed9c469
2026-05-06 15:33:19.749 8 INFO neutron.db.ovn_revision_numbers_db [None req-522aece9-ec80-4435-b619-faed284c523d dfb6878386d2407db4e116d69ebbde78 c12055c32a474c2b929e330e824a8c3d - - default default] Successfully bumped revision number for resource 1bab630a-2f29-49e5-a30e-e15938ac3c9a (type: subnets) to 0 [pid: 8|app: 0|req: 777/1568] 10.0.0.84 () {34 vars in 667 bytes} [Wed May 6 15:33:19 2026] POST /v2.0/subnets => generated 731 bytes in 295 msecs (HTTP/1.1 201) 4 headers in 162 bytes (1 switches on core 0)
2026-05-06 15:33:19.895 8 INFO neutron.db.segments_db [None req-a72d800e-5d59-4f56-8b1d-3a1a6c413630 dfb6878386d2407db4e116d69ebbde78 c12055c32a474c2b929e330e824a8c3d - - default default] Added segment de93c4c6-867a-4e1b-a813-b5563ae53674 of type geneve for network 37fb94c4-41e7-49b1-a02b-c03c3cda538e [pid: 7|app: 0|req: 792/1569] 10.0.0.84 () {32 vars in 718 bytes} [Wed May 6 15:33:19 2026] DELETE /v2.0/ports/b61dd1a7-5d3b-4f57-9983-65defed9c469 => generated 0 bytes in 389 msecs (HTTP/1.1 204) 3 headers in 131 bytes (1 switches on core 0)
2026-05-06 15:33:19.992 7 INFO neutron.pecan_wsgi.hooks.translation [None req-838c9302-7bd7-4208-8e7e-c4124c844c98 5d3996d090f842cb9db112611d32b22f a2a9775241024f1fade0f200985e4af5 - - default default] DELETE failed (client error): The resource could not be found. [pid: 7|app: 0|req: 793/1570] 10.0.0.84 () {32 vars in 718 bytes} [Wed May 6 15:33:19 2026] DELETE /v2.0/ports/b61dd1a7-5d3b-4f57-9983-65defed9c469 => generated 132 bytes in 24 msecs (HTTP/1.1 404) 4 headers in 164 bytes (1 switches on core 0)
2026-05-06 15:33:20.024 7 INFO neutron.pecan_wsgi.hooks.translation [None req-4e2afb9c-66fd-4ffa-8f3c-1283663b2d0d 5d3996d090f842cb9db112611d32b22f a2a9775241024f1fade0f200985e4af5 - - default default] GET failed (client error): The resource could not be found. [pid: 7|app: 0|req: 794/1571] 10.0.0.84 () {32 vars in 715 bytes} [Wed May 6 15:33:20 2026] GET /v2.0/ports/b61dd1a7-5d3b-4f57-9983-65defed9c469 => generated 132 bytes in 26 msecs (HTTP/1.1 404) 4 headers in 164 bytes (1 switches on core 0)
2026-05-06 15:33:20.039 8 INFO neutron.db.ovn_revision_numbers_db [None req-a72d800e-5d59-4f56-8b1d-3a1a6c413630 dfb6878386d2407db4e116d69ebbde78 c12055c32a474c2b929e330e824a8c3d - - default default] Successfully bumped revision number for resource 37fb94c4-41e7-49b1-a02b-c03c3cda538e (type: networks) to 1 [pid: 7|app: 0|req: 795/1572] 10.0.0.84 () {32 vars in 722 bytes} [Wed May 6 15:33:20 2026] DELETE /v2.0/subnets/cbecee25-d06e-4127-8a84-058fe3ef9004 => generated 0 bytes in 177 msecs (HTTP/1.1 204) 3 headers in 131 bytes (1 switches on core 0)
2026-05-06 15:33:20.229 8 WARNING neutron.scheduler.dhcp_agent_scheduler [None req-a72d800e-5d59-4f56-8b1d-3a1a6c413630 dfb6878386d2407db4e116d69ebbde78 c12055c32a474c2b929e330e824a8c3d - - default default] No more DHCP agents
2026-05-06 15:33:20.230 8 WARNING neutron.api.rpc.agentnotifiers.dhcp_rpc_agent_api [None req-a72d800e-5d59-4f56-8b1d-3a1a6c413630 dfb6878386d2407db4e116d69ebbde78 c12055c32a474c2b929e330e824a8c3d - - default default] Unable to schedule network 37fb94c4-41e7-49b1-a02b-c03c3cda538e: no agents available; will retry on subsequent port and subnet creation events.
2026-05-06 15:33:20.287 7 INFO neutron.plugins.ml2.drivers.ovn.mech_driver.mech_driver [None req-16492f16-563c-4362-91ec-eab7b618fa00 - - - - - -] OVN reports status down for port: cf959d71-08a4-4d84-85dc-900c64ae5489
2026-05-06 15:33:20.304 8 INFO neutron.db.ovn_revision_numbers_db [None req-a72d800e-5d59-4f56-8b1d-3a1a6c413630 dfb6878386d2407db4e116d69ebbde78 c12055c32a474c2b929e330e824a8c3d - - default default] Successfully bumped revision number for resource cf959d71-08a4-4d84-85dc-900c64ae5489 (type: ports) to 1 [pid: 8|app: 0|req: 778/1573] 10.0.0.84 () {34 vars in 668 bytes} [Wed May 6 15:33:19 2026] POST /v2.0/networks => generated 676 bytes in 567 msecs (HTTP/1.1 201) 4 headers in 162 bytes (1 switches on core 0)
2026-05-06 15:33:20.375 7 INFO neutron_taas.services.taas.taas_plugin [None req-701b19f9-d82c-49fb-b6f8-35ad64329873 5d3996d090f842cb9db112611d32b22f a2a9775241024f1fade0f200985e4af5 - - default default] TaaS: Handle Delete Port: 27661cbc-0917-49aa-81f7-1659aa83c6ce
2026-05-06 15:33:20.382 7 INFO neutron_taas.services.taas.tap_mirror_plugin [None req-701b19f9-d82c-49fb-b6f8-35ad64329873 5d3996d090f842cb9db112611d32b22f a2a9775241024f1fade0f200985e4af5 - - default default] Tap Mirror: Handle Delete Port: 27661cbc-0917-49aa-81f7-1659aa83c6ce
2026-05-06 15:33:20.528 8 WARNING neutron.scheduler.dhcp_agent_scheduler [None req-fa461a87-a413-481d-8a6a-466b1d966a00 dfb6878386d2407db4e116d69ebbde78 c12055c32a474c2b929e330e824a8c3d - - default default] No more DHCP agents
2026-05-06 15:33:20.529 8 WARNING neutron.api.rpc.agentnotifiers.dhcp_rpc_agent_api [None req-fa461a87-a413-481d-8a6a-466b1d966a00 dfb6878386d2407db4e116d69ebbde78 c12055c32a474c2b929e330e824a8c3d - - default default] Unable to schedule network 37fb94c4-41e7-49b1-a02b-c03c3cda538e: no agents available; will retry on subsequent port and subnet creation events.
2026-05-06 15:33:20.553 7 INFO neutron.services.segments.plugin [-] Segment 6cf3f0fa-b6c5-4a9b-a81d-a05b427ad9e4 resource provider aggregate not found
2026-05-06 15:33:20.555 7 INFO neutron.services.segments.plugin [-] Segment 6cf3f0fa-b6c5-4a9b-a81d-a05b427ad9e4 resource provider aggregate not found
2026-05-06 15:33:20.569 7 INFO neutron.services.segments.plugin [-] Segment 6cf3f0fa-b6c5-4a9b-a81d-a05b427ad9e4 resource provider not found; error: Placement Client Error (4xx): {"errors": [{"status": 404, "title": "Not Found", "detail": "The resource could not be found.\n\n No resource provider with uuid 6cf3f0fa-b6c5-4a9b-a81d-a05b427ad9e4 found for delete ", "request_id": "req-95b4349e-648b-479a-8c70-d14ab7466410"}]}
2026-05-06 15:33:20.572 7 INFO neutron.services.segments.plugin [-] Segment 6cf3f0fa-b6c5-4a9b-a81d-a05b427ad9e4 resource provider not found; error: Placement Client Error (4xx): {"errors": [{"status": 404, "title": "Not Found", "detail": "The resource could not be found.\n\n No resource provider with uuid 6cf3f0fa-b6c5-4a9b-a81d-a05b427ad9e4 found for delete ", "request_id": "req-ddcf44b3-4802-4b51-82d9-05e6e9636546"}]} [pid: 7|app: 0|req: 796/1574] 10.0.0.84 () {32 vars in 724 bytes} [Wed May 6 15:33:20 2026] DELETE /v2.0/networks/82f0f575-b280-4a32-a75c-d1e27187d197 => generated 0 bytes in 384 msecs (HTTP/1.1 204) 3 headers in 131 bytes (1 switches on core 0)
2026-05-06 15:33:20.683 7 INFO neutron.db.segments_db [None req-7a54a637-c0e1-44ce-96e7-ef0a9caab7a8 5d3996d090f842cb9db112611d32b22f a2a9775241024f1fade0f200985e4af5 - - default default] Added segment 409034d2-5737-4233-9cfc-0881d457e133 of type geneve for network 164a54c2-54ea-4e6f-aa7e-0f9078928322
2026-05-06 15:33:20.797 7 INFO neutron.db.ovn_revision_numbers_db [None req-7a54a637-c0e1-44ce-96e7-ef0a9caab7a8 5d3996d090f842cb9db112611d32b22f a2a9775241024f1fade0f200985e4af5 - - default default] Successfully bumped revision number for resource 164a54c2-54ea-4e6f-aa7e-0f9078928322 (type: networks) to 1
2026-05-06 15:33:20.978 7 WARNING neutron.scheduler.dhcp_agent_scheduler [None req-7a54a637-c0e1-44ce-96e7-ef0a9caab7a8 5d3996d090f842cb9db112611d32b22f a2a9775241024f1fade0f200985e4af5 - - default default] No more DHCP agents
2026-05-06 15:33:20.979 7 WARNING neutron.api.rpc.agentnotifiers.dhcp_rpc_agent_api [None req-7a54a637-c0e1-44ce-96e7-ef0a9caab7a8 5d3996d090f842cb9db112611d32b22f a2a9775241024f1fade0f200985e4af5 - - default default] Unable to schedule network 164a54c2-54ea-4e6f-aa7e-0f9078928322: no agents available; will retry on subsequent port and subnet creation events.
2026-05-06 15:33:20.999 8 INFO neutron.db.ovn_revision_numbers_db [None req-7842f481-3d43-4ba6-91b1-9060e9f584e7 - - - - - -] Successfully bumped revision number for resource cf959d71-08a4-4d84-85dc-900c64ae5489 (type: ports) to 2
2026-05-06 15:33:21.031 8 INFO neutron.plugins.ml2.drivers.ovn.mech_driver.mech_driver [None req-ba4dc08d-537c-4919-a0eb-8b812ff9938a - - - - - -] OVN reports status down for port: 13f7b395-e1cd-4749-b081-270a506213de
2026-05-06 15:33:21.047 7 INFO neutron.db.ovn_revision_numbers_db [None req-7a54a637-c0e1-44ce-96e7-ef0a9caab7a8 5d3996d090f842cb9db112611d32b22f a2a9775241024f1fade0f200985e4af5 - - default default] Successfully bumped revision number for resource 13f7b395-e1cd-4749-b081-270a506213de (type: ports) to 1 [pid: 7|app: 0|req: 797/1575] 10.0.0.84 () {34 vars in 668 bytes} [Wed May 6 15:33:20 2026] POST /v2.0/networks => generated 670 bytes in 464 msecs (HTTP/1.1 201) 4 headers in 162 bytes (1 switches on core 0)
2026-05-06 15:33:21.074 8 INFO neutron.db.ovn_revision_numbers_db [None req-7842f481-3d43-4ba6-91b1-9060e9f584e7 - - - - - -] Successfully bumped revision number for resource 24f3b64e-cdac-403b-8e30-b8991c963567 (type: subnets) to 0 [pid: 8|app: 0|req: 779/1576] 10.0.0.84 () {34 vars in 667 bytes} [Wed May 6 15:33:20 2026] POST /v2.0/subnets => generated 655 bytes in 754 msecs (HTTP/1.1 201) 4 headers in 162 bytes (1 switches on core 0) [pid: 7|app: 0|req: 798/1577] 10.0.0.251 () {34 vars in 989 bytes} [Wed May 6 15:33:21 2026] GET /v2.0/ports?device_id=7f9162d4-b418-4d06-b735-00125e8c1755 => generated 971 bytes in 82 msecs (HTTP/1.1 200) 4 headers in 157 bytes (1 switches on core 0) [pid: 8|app: 0|req: 780/1578] 10.0.0.251 () {34 vars in 989 bytes} [Wed May 6 15:33:21 2026] GET /v2.0/ports?device_id=3254c99c-f4f4-4c08-9271-f5f06a739293 => generated 975 bytes in 69 msecs (HTTP/1.1 200) 4 headers in 157 bytes (1 switches on core 0)
2026-05-06 15:33:21.336 7 WARNING neutron.scheduler.dhcp_agent_scheduler [None req-60ea241a-2b16-4906-89cf-d4a87e142b4d 5d3996d090f842cb9db112611d32b22f a2a9775241024f1fade0f200985e4af5 - - default default] No more DHCP agents
2026-05-06 15:33:21.337 7 WARNING neutron.api.rpc.agentnotifiers.dhcp_rpc_agent_api [None req-60ea241a-2b16-4906-89cf-d4a87e142b4d 5d3996d090f842cb9db112611d32b22f a2a9775241024f1fade0f200985e4af5 - - default default] Unable to schedule network 164a54c2-54ea-4e6f-aa7e-0f9078928322: no agents available; will retry on subsequent port and subnet creation events.
2026-05-06 15:33:21.363 8 WARNING neutron.scheduler.dhcp_agent_scheduler [None req-4e06fb9b-ed01-432a-9562-cb9986f66450 dfb6878386d2407db4e116d69ebbde78 c12055c32a474c2b929e330e824a8c3d - - default default] No more DHCP agents
2026-05-06 15:33:21.364 8 WARNING neutron.api.rpc.agentnotifiers.dhcp_rpc_agent_api [None req-4e06fb9b-ed01-432a-9562-cb9986f66450 dfb6878386d2407db4e116d69ebbde78 c12055c32a474c2b929e330e824a8c3d - - default default] Unable to schedule network 37fb94c4-41e7-49b1-a02b-c03c3cda538e: no agents available; will retry on subsequent port and subnet creation events.
2026-05-06 15:33:21.387 8 INFO neutron.db.ovn_revision_numbers_db [None req-4e06fb9b-ed01-432a-9562-cb9986f66450 dfb6878386d2407db4e116d69ebbde78 c12055c32a474c2b929e330e824a8c3d - - default default] Successfully bumped revision number for resource 32efca44-787d-4a6b-b9dc-9ab2b8844715 (type: subnets) to 0 [pid: 8|app: 0|req: 781/1579] 10.0.0.84 () {34 vars in 667 bytes} [Wed May 6 15:33:21 2026] POST /v2.0/subnets => generated 726 bytes in 235 msecs (HTTP/1.1 201) 4 headers in 162 bytes (1 switches on core 0) [pid: 8|app: 0|req: 782/1580] 10.0.0.251 () {34 vars in 1039 bytes} [Wed May 6 15:33:21 2026] GET /v2.0/security-groups?id=d24bc181-a210-4c43-b62b-75116241c75b&fields=id&fields=name => generated 113 bytes in 72 msecs (HTTP/1.1 200) 4 headers in 157 bytes (1 switches on core 0) [pid: 8|app: 0|req: 783/1581] 10.0.0.251 () {34 vars in 1039 bytes} [Wed May 6 15:33:21 2026] GET /v2.0/security-groups?id=f5977ef0-5fcd-407a-a853-63705f65f846&fields=id&fields=name => generated 114 bytes in 30 msecs (HTTP/1.1 200) 4 headers in 157 bytes (1 switches on core 0)
2026-05-06 15:33:21.531 8 INFO neutron.notifiers.nova [-] Nova event matching ['req-e0af9cf2-9537-4ce8-b244-9d4329b42cb8'] response: {'server_uuid': '7f9162d4-b418-4d06-b735-00125e8c1755', 'name': 'network-vif-plugged', 'status': 'completed', 'tag': '8c234ea3-d24e-46b0-909f-f02b110031c5', 'code': 200}
2026-05-06 15:33:21.590 8 INFO neutron.db.segments_db [None req-27b831d9-1916-458c-9d78-cff3f8ceefc8 dfb6878386d2407db4e116d69ebbde78 c12055c32a474c2b929e330e824a8c3d - - default default] Added segment 10858bdb-d47b-4b76-a42a-69c8e8ace63e of type geneve for network def2645f-7cd2-4bb5-be90-c65e3a05adab
2026-05-06 15:33:21.693 8 INFO neutron.db.ovn_revision_numbers_db [None req-27b831d9-1916-458c-9d78-cff3f8ceefc8 dfb6878386d2407db4e116d69ebbde78 c12055c32a474c2b929e330e824a8c3d - - default default] Successfully bumped revision number for resource def2645f-7cd2-4bb5-be90-c65e3a05adab (type: networks) to 1
2026-05-06 15:33:21.830 8 WARNING neutron.scheduler.dhcp_agent_scheduler [None req-27b831d9-1916-458c-9d78-cff3f8ceefc8 dfb6878386d2407db4e116d69ebbde78 c12055c32a474c2b929e330e824a8c3d - - default default] No more DHCP agents
2026-05-06 15:33:21.832 8 WARNING neutron.api.rpc.agentnotifiers.dhcp_rpc_agent_api [None req-27b831d9-1916-458c-9d78-cff3f8ceefc8 dfb6878386d2407db4e116d69ebbde78 c12055c32a474c2b929e330e824a8c3d - - default default] Unable to schedule network def2645f-7cd2-4bb5-be90-c65e3a05adab: no agents available; will retry on subsequent port and subnet creation events.
2026-05-06 15:33:21.891 7 INFO neutron.db.ovn_revision_numbers_db [None req-18b59d2a-e228-4198-8c59-de7d196fe41f - - - - - -] Successfully bumped revision number for resource 13f7b395-e1cd-4749-b081-270a506213de (type: ports) to 2
2026-05-06 15:33:21.910 7 INFO neutron.plugins.ml2.drivers.ovn.mech_driver.mech_driver [None req-16492f16-563c-4362-91ec-eab7b618fa00 - - - - - -] OVN reports status down for port: 8be17be3-91f7-413a-a24e-7adcea09c714
2026-05-06 15:33:21.947 8 INFO neutron.db.ovn_revision_numbers_db [None req-27b831d9-1916-458c-9d78-cff3f8ceefc8 dfb6878386d2407db4e116d69ebbde78 c12055c32a474c2b929e330e824a8c3d - - default default] Successfully bumped revision number for resource 8be17be3-91f7-413a-a24e-7adcea09c714 (type: ports) to 1 [pid: 8|app: 0|req: 784/1582] 10.0.0.84 () {34 vars in 668 bytes} [Wed May 6 15:33:21 2026] POST /v2.0/networks => generated 676 bytes in 459 msecs (HTTP/1.1 201) 4 headers in 162 bytes (1 switches on core 0)
2026-05-06 15:33:21.975 7 INFO neutron.db.ovn_revision_numbers_db [None req-18b59d2a-e228-4198-8c59-de7d196fe41f - - - - - -] Successfully bumped revision number for resource 4a9d6334-d4da-4265-9881-a480fd42adaf (type: subnets) to 0 [pid: 8|app: 0|req: 785/1583] 10.0.0.251 () {34 vars in 989 bytes} [Wed May 6 15:33:21 2026] GET /v2.0/ports?device_id=7f9162d4-b418-4d06-b735-00125e8c1755 => generated 971 bytes in 30 msecs (HTTP/1.1 200) 4 headers in 157 bytes (1 switches on core 0) [pid: 7|app: 0|req: 799/1584] 10.0.0.84 () {34 vars in 667 bytes} [Wed May 6 15:33:21 2026] POST /v2.0/subnets => generated 626 bytes in 866 msecs (HTTP/1.1 201) 4 headers in 162 bytes (1 switches on core 0) [pid: 8|app: 0|req: 786/1585] 10.0.0.251 () {34 vars in 989 bytes} [Wed May 6 15:33:21 2026] GET /v2.0/ports?device_id=3254c99c-f4f4-4c08-9271-f5f06a739293 => generated 975 bytes in 72 msecs (HTTP/1.1 200) 4 headers in 157 bytes (1 switches on core 0) [pid: 8|app: 0|req: 787/1586] 10.0.0.251 () {34 vars in 1039 bytes} [Wed May 6 15:33:22 2026] GET /v2.0/security-groups?id=d24bc181-a210-4c43-b62b-75116241c75b&fields=id&fields=name => generated 113 bytes in 29 msecs (HTTP/1.1 200) 4 headers in 157 bytes (1 switches on core 0)
2026-05-06 15:33:22.236 7 WARNING neutron.scheduler.dhcp_agent_scheduler [None req-f4515ab9-43e2-452e-9aee-a3e74dc2a1ef dfb6878386d2407db4e116d69ebbde78 c12055c32a474c2b929e330e824a8c3d - - default default] No more DHCP agents
2026-05-06 15:33:22.237 7 WARNING neutron.api.rpc.agentnotifiers.dhcp_rpc_agent_api [None req-f4515ab9-43e2-452e-9aee-a3e74dc2a1ef dfb6878386d2407db4e116d69ebbde78 c12055c32a474c2b929e330e824a8c3d - - default default] Unable to schedule network def2645f-7cd2-4bb5-be90-c65e3a05adab: no agents available; will retry on subsequent port and subnet creation events.
2026-05-06 15:33:22.298 8 WARNING neutron.scheduler.dhcp_agent_scheduler [None req-2d7ca105-a0ca-4044-850e-119e198b5974 5d3996d090f842cb9db112611d32b22f a2a9775241024f1fade0f200985e4af5 - - default default] No more DHCP agents
2026-05-06 15:33:22.299 8 WARNING neutron.api.rpc.agentnotifiers.dhcp_rpc_agent_api [None req-2d7ca105-a0ca-4044-850e-119e198b5974 5d3996d090f842cb9db112611d32b22f a2a9775241024f1fade0f200985e4af5 - - default default] Unable to schedule network 164a54c2-54ea-4e6f-aa7e-0f9078928322: no agents available; will retry on subsequent port and subnet creation events.
2026-05-06 15:33:22.400 8 INFO neutron.plugins.ml2.drivers.ovn.mech_driver.mech_driver [None req-ba4dc08d-537c-4919-a0eb-8b812ff9938a - - - - - -] OVN reports status down for port: c9682faf-5c43-48e4-983a-b2cc3e1ed739
2026-05-06 15:33:22.773 7 INFO neutron.db.ovn_revision_numbers_db [None req-a7502c8c-bb59-4cc8-91fd-77febfc9165e - - - - - -] Successfully bumped revision number for resource 8be17be3-91f7-413a-a24e-7adcea09c714 (type: ports) to 2
2026-05-06 15:33:22.804 7 INFO neutron.db.ovn_revision_numbers_db [None req-a7502c8c-bb59-4cc8-91fd-77febfc9165e - - - - - -] Successfully bumped revision number for resource a70645c1-119b-4eb3-a44f-a9dcadfaea78 (type: subnets) to 0 [pid: 7|app: 0|req: 800/1587] 10.0.0.84 () {34 vars in 667 bytes} [Wed May 6 15:33:22 2026] POST /v2.0/subnets => generated 654 bytes in 805 msecs (HTTP/1.1 201) 4 headers in 162 bytes (1 switches on core 0)
2026-05-06 15:33:22.931 8 INFO neutron.db.ovn_revision_numbers_db [None req-2d7ca105-a0ca-4044-850e-119e198b5974 5d3996d090f842cb9db112611d32b22f a2a9775241024f1fade0f200985e4af5 - - default default] Successfully bumped revision number for resource c9682faf-5c43-48e4-983a-b2cc3e1ed739 (type: ports) to 1 [pid: 8|app: 0|req: 788/1588] 10.0.0.84 () {34 vars in 663 bytes} [Wed May 6 15:33:22 2026] POST /v2.0/ports => generated 911 bytes in 916 msecs (HTTP/1.1 201) 4 headers in 162 bytes (1 switches on core 0) [pid: 8|app: 0|req: 789/1589] 10.0.0.84 () {32 vars in 734 bytes} [Wed May 6 15:33:23 2026] GET /v2.0/ports?device_id=7f9162d4-b418-4d06-b735-00125e8c1755 => generated 1209 bytes in 35 msecs (HTTP/1.1 200) 4 headers in 158 bytes (1 switches on core 0)
2026-05-06 15:33:23.279 8 WARNING neutron.scheduler.dhcp_agent_scheduler [None req-3984c22b-641f-44d1-9a38-151d247d53f5 dfb6878386d2407db4e116d69ebbde78 c12055c32a474c2b929e330e824a8c3d - - default default] No more DHCP agents
2026-05-06 15:33:23.280 8 WARNING neutron.api.rpc.agentnotifiers.dhcp_rpc_agent_api [None req-3984c22b-641f-44d1-9a38-151d247d53f5 dfb6878386d2407db4e116d69ebbde78 c12055c32a474c2b929e330e824a8c3d - - default default] Unable to schedule network def2645f-7cd2-4bb5-be90-c65e3a05adab: no agents available; will retry on subsequent port and subnet creation events.
2026-05-06 15:33:23.355 8 INFO neutron.db.ovn_revision_numbers_db [None req-3984c22b-641f-44d1-9a38-151d247d53f5 dfb6878386d2407db4e116d69ebbde78 c12055c32a474c2b929e330e824a8c3d - - default default] Successfully bumped revision number for resource ddd28de3-13c4-4e98-8f75-6e66076cb257 (type: subnets) to 0
2026-05-06 15:33:23.369 7 INFO neutron.db.ovn_revision_numbers_db [None req-106c25d2-02d5-474d-a37a-2566b0b55969 698b5284f1894bbfa2bba05733f0aa78 ac5f39cc344d4b32ba8d20a5c774d24c - - default default] Successfully bumped revision number for resource 6b07475f-d6ba-429e-975d-dd2b80b89c7f (type: floatingips) to 1 [pid: 8|app: 0|req: 790/1590] 10.0.0.84 () {34 vars in 667 bytes} [Wed May 6 15:33:23 2026] POST /v2.0/subnets => generated 729 bytes in 326 msecs (HTTP/1.1 201) 4 headers in 162 bytes (1 switches on core 0)
2026-05-06 15:33:23.499 7 INFO neutron.db.ovn_revision_numbers_db [None req-106c25d2-02d5-474d-a37a-2566b0b55969 698b5284f1894bbfa2bba05733f0aa78 ac5f39cc344d4b32ba8d20a5c774d24c - - default default] Successfully bumped revision number for resource 6b07475f-d6ba-429e-975d-dd2b80b89c7f (type: floatingips) to 2
2026-05-06 15:33:23.499 7 INFO neutron.db.l3_db [None req-106c25d2-02d5-474d-a37a-2566b0b55969 698b5284f1894bbfa2bba05733f0aa78 ac5f39cc344d4b32ba8d20a5c774d24c - - default default] Floating IP 6b07475f-d6ba-429e-975d-dd2b80b89c7f associated. External IP: 10.96.250.217, port: 80007fa7-4dab-43b5-9e22-2e0ca099951a.
2026-05-06 15:33:23.503 8 INFO neutron_taas.services.taas.taas_plugin [None req-e861fb6b-e6d2-42f7-8150-9b70c4b0f5cc 5d3996d090f842cb9db112611d32b22f a2a9775241024f1fade0f200985e4af5 - - default default] TaaS: Handle Delete Port: c9682faf-5c43-48e4-983a-b2cc3e1ed739
2026-05-06 15:33:23.506 8 INFO neutron_taas.services.taas.tap_mirror_plugin [None req-e861fb6b-e6d2-42f7-8150-9b70c4b0f5cc 5d3996d090f842cb9db112611d32b22f a2a9775241024f1fade0f200985e4af5 - - default default] Tap Mirror: Handle Delete Port: c9682faf-5c43-48e4-983a-b2cc3e1ed739 [pid: 7|app: 0|req: 801/1591] 10.0.0.84 () {34 vars in 747 bytes} [Wed May 6 15:33:22 2026] PUT /v2.0/floatingips/6b07475f-d6ba-429e-975d-dd2b80b89c7f => generated 856 bytes in 706 msecs (HTTP/1.1 200) 4 headers in 157 bytes (1 switches on core 0) /var/lib/openstack/lib/python3.12/site-packages/pycadf/identifier.py:70: UserWarning: Invalid uuid: neutron. To ensure interoperability, identifiers should be a valid uuid. warnings.warn(('Invalid uuid: %s. To ensure interoperability, '
2026-05-06 15:33:23.568 7 INFO neutron.notifiers.nova [-] Nova event matching ['req-2c5d425c-a2f8-4d99-b92b-75f99d6cd4b6'] response: {'name': 'network-changed', 'server_uuid': '3254c99c-f4f4-4c08-9271-f5f06a739293', 'tag': '80007fa7-4dab-43b5-9e22-2e0ca099951a', 'status': 'completed', 'code': 200} [pid: 8|app: 0|req: 791/1592] 10.0.0.84 () {32 vars in 718 bytes} [Wed May 6 15:33:23 2026] DELETE /v2.0/ports/c9682faf-5c43-48e4-983a-b2cc3e1ed739 => generated 0 bytes in 272 msecs (HTTP/1.1 204) 3 headers in 131 bytes (1 switches on core 0)
2026-05-06 15:33:23.788 7 WARNING neutron.scheduler.dhcp_agent_scheduler [None req-ca24453a-6ea6-45a9-9dd5-e6ec8f52857a 8cda479429cb4621acfb4918f7c6deb3 531249e2f516411295446b45f7741258 - - default default] No more DHCP agents
2026-05-06 15:33:23.791 7 WARNING neutron.api.rpc.agentnotifiers.dhcp_rpc_agent_api [None req-ca24453a-6ea6-45a9-9dd5-e6ec8f52857a 8cda479429cb4621acfb4918f7c6deb3 531249e2f516411295446b45f7741258 - - default default] Unable to schedule network b83e8c3b-03b1-4af2-ad82-affac58c2c5c: no agents available; will retry on subsequent port and subnet creation events.
2026-05-06 15:33:24.036 8 WARNING neutron.scheduler.dhcp_agent_scheduler [None req-eb312552-16b5-4bdc-880d-f34b9dd843b2 dfb6878386d2407db4e116d69ebbde78 c12055c32a474c2b929e330e824a8c3d - - default default] No more DHCP agents
2026-05-06 15:33:24.038 8 WARNING neutron.api.rpc.agentnotifiers.dhcp_rpc_agent_api [None req-eb312552-16b5-4bdc-880d-f34b9dd843b2 dfb6878386d2407db4e116d69ebbde78 c12055c32a474c2b929e330e824a8c3d - - default default] Unable to schedule network b83e8c3b-03b1-4af2-ad82-affac58c2c5c: no agents available; will retry on subsequent port and subnet creation events.
2026-05-06 15:33:24.154 7 INFO neutron.plugins.ml2.drivers.ovn.mech_driver.mech_driver [None req-16492f16-563c-4362-91ec-eab7b618fa00 - - - - - -] OVN reports status down for port: 428950db-d6da-4764-8a94-88eaf88eca60
2026-05-06 15:33:24.161 8 INFO neutron.db.ovn_revision_numbers_db [None req-eb312552-16b5-4bdc-880d-f34b9dd843b2 dfb6878386d2407db4e116d69ebbde78 c12055c32a474c2b929e330e824a8c3d - - default default] Successfully bumped revision number for resource 428950db-d6da-4764-8a94-88eaf88eca60 (type: ports) to 1
2026-05-06 15:33:24.634 7 INFO neutron.db.ovn_revision_numbers_db [None req-ca24453a-6ea6-45a9-9dd5-e6ec8f52857a 8cda479429cb4621acfb4918f7c6deb3 531249e2f516411295446b45f7741258 - - default default] Successfully bumped revision number for resource 126267e1-55ab-4612-9869-549a1ee699d4 (type: floatingips) to 1
2026-05-06 15:33:24.634 7 INFO neutron.db.l3_db [None req-ca24453a-6ea6-45a9-9dd5-e6ec8f52857a 8cda479429cb4621acfb4918f7c6deb3 531249e2f516411295446b45f7741258 - - default default] Floating IP 126267e1-55ab-4612-9869-549a1ee699d4 associated. External IP: 10.96.250.214, port: 8c234ea3-d24e-46b0-909f-f02b110031c5. [pid: 7|app: 0|req: 802/1593] 10.0.0.84 () {34 vars in 675 bytes} [Wed May 6 15:33:23 2026] POST /v2.0/floatingips => generated 855 bytes in 1158 msecs (HTTP/1.1 201) 4 headers in 162 bytes (1 switches on core 0) /var/lib/openstack/lib/python3.12/site-packages/pycadf/identifier.py:70: UserWarning: Invalid uuid: neutron. To ensure interoperability, identifiers should be a valid uuid. warnings.warn(('Invalid uuid: %s. To ensure interoperability, '
2026-05-06 15:33:24.705 7 INFO neutron.pecan_wsgi.hooks.translation [None req-d3891d49-cb77-4137-be93-da60f7471384 5d3996d090f842cb9db112611d32b22f a2a9775241024f1fade0f200985e4af5 - - default default] GET failed (client error): The resource could not be found. [pid: 7|app: 0|req: 803/1594] 10.0.0.84 () {32 vars in 715 bytes} [Wed May 6 15:33:24 2026] GET /v2.0/ports/c9682faf-5c43-48e4-983a-b2cc3e1ed739 => generated 132 bytes in 19 msecs (HTTP/1.1 404) 4 headers in 164 bytes (1 switches on core 0) [pid: 7|app: 0|req: 804/1595] 199.19.213.25 () {34 vars in 1078 bytes} [Wed May 6 15:33:24 2026] GET /v2.0/ports?tenant_id=ac5f39cc344d4b32ba8d20a5c774d24c&device_id=3254c99c-f4f4-4c08-9271-f5f06a739293 => generated 1213 bytes in 38 msecs (HTTP/1.1 200) 4 headers in 158 bytes (1 switches on core 0) [pid: 7|app: 0|req: 805/1596] 10.0.0.84 () {32 vars in 727 bytes} [Wed May 6 15:33:24 2026] GET /v2.0/floatingips/126267e1-55ab-4612-9869-549a1ee699d4 => generated 857 bytes in 39 msecs (HTTP/1.1 200) 4 headers in 157 bytes (1 switches on core 0)
2026-05-06 15:33:24.790 8 INFO neutron.plugins.ml2.drivers.ovn.mech_driver.ovsdb.commands [None req-0b6d496c-0a73-4c2d-9d0c-679092e85eea - - - - - -] Schedule LRP lrp-428950db-d6da-4764-8a94-88eaf88eca60 on gateway 7d9336ec-89fb-491e-a902-e01bbc44ca88 with priority 1
2026-05-06 15:33:24.836 8 INFO neutron.plugins.ml2.drivers.ovn.mech_driver.ovsdb.ovsdb_monitor [None req-122ab6d3-bcde-4754-8c3f-afe407aa6d1d - - - - - -] Router 312fd5a9-bc3b-47ec-9a4b-23f3e1eed928 is bound to host instance
2026-05-06 15:33:24.855 7 INFO neutron.plugins.ml2.drivers.ovn.mech_driver.mech_driver [None req-16492f16-563c-4362-91ec-eab7b618fa00 - - - - - -] OVN reports status up for port: 428950db-d6da-4764-8a94-88eaf88eca60
2026-05-06 15:33:24.882 7 INFO neutron.plugins.ml2.plugin [None req-16492f16-563c-4362-91ec-eab7b618fa00 - - - - - -] Attempt 1 to provision port 428950db-d6da-4764-8a94-88eaf88eca60
2026-05-06 15:33:24.912 8 INFO neutron.db.ovn_revision_numbers_db [None req-eb312552-16b5-4bdc-880d-f34b9dd843b2 dfb6878386d2407db4e116d69ebbde78 c12055c32a474c2b929e330e824a8c3d - - default default] Successfully bumped revision number for resource 428950db-d6da-4764-8a94-88eaf88eca60 (type: router_ports) to 1
2026-05-06 15:33:25.043 8 INFO neutron.db.ovn_revision_numbers_db [None req-eb312552-16b5-4bdc-880d-f34b9dd843b2 dfb6878386d2407db4e116d69ebbde78 c12055c32a474c2b929e330e824a8c3d - - default default] Successfully bumped revision number for resource 312fd5a9-bc3b-47ec-9a4b-23f3e1eed928 (type: routers) to 2 [pid: 7|app: 0|req: 806/1597] 10.0.0.84 () {32 vars in 722 bytes} [Wed May 6 15:33:24 2026] DELETE /v2.0/subnets/4a9d6334-d4da-4265-9881-a480fd42adaf => generated 0 bytes in 270 msecs (HTTP/1.1 204) 3 headers in 131 bytes (1 switches on core 0) [pid: 8|app: 0|req: 792/1598] 10.0.0.84 () {34 vars in 667 bytes} [Wed May 6 15:33:23 2026] POST /v2.0/routers => generated 944 bytes in 1428 msecs (HTTP/1.1 201) 4 headers in 162 bytes (1 switches on core 0) [pid: 7|app: 0|req: 807/1599] 199.19.213.25 () {34 vars in 984 bytes} [Wed May 6 15:33:25 2026] GET /v2.0/networks?id=dfbb3b56-2524-4853-9c76-06c698da8ca9 => generated 813 bytes in 42 msecs (HTTP/1.1 200) 4 headers in 157 bytes (1 switches on core 0)
2026-05-06 15:33:25.300 8 INFO neutron_taas.services.taas.taas_plugin [None req-55757bbf-2368-47e9-b5ed-b59b68355edd 5d3996d090f842cb9db112611d32b22f a2a9775241024f1fade0f200985e4af5 - - default default] TaaS: Handle Delete Port: 13f7b395-e1cd-4749-b081-270a506213de
2026-05-06 15:33:25.305 8 INFO neutron_taas.services.taas.tap_mirror_plugin [None req-55757bbf-2368-47e9-b5ed-b59b68355edd 5d3996d090f842cb9db112611d32b22f a2a9775241024f1fade0f200985e4af5 - - default default] Tap Mirror: Handle Delete Port: 13f7b395-e1cd-4749-b081-270a506213de
2026-05-06 15:33:25.609 7 INFO neutron.notifiers.nova [-] Nova event matching ['req-d12f4365-e317-4a06-8ddd-43fe51cba650'] response: {'name': 'network-changed', 'server_uuid': '7f9162d4-b418-4d06-b735-00125e8c1755', 'tag': '8c234ea3-d24e-46b0-909f-f02b110031c5', 'status': 'completed', 'code': 200}
2026-05-06 15:33:25.618 7 WARNING neutron.scheduler.dhcp_agent_scheduler [None req-a8ac9952-a844-4863-935b-d810e964be28 dfb6878386d2407db4e116d69ebbde78 c12055c32a474c2b929e330e824a8c3d - - default default] No more DHCP agents
2026-05-06 15:33:25.619 7 WARNING neutron.api.rpc.agentnotifiers.dhcp_rpc_agent_api [None req-a8ac9952-a844-4863-935b-d810e964be28 dfb6878386d2407db4e116d69ebbde78 c12055c32a474c2b929e330e824a8c3d - - default default] Unable to schedule network 786d19b4-e622-4043-83db-53d832e92c5c: no agents available; will retry on subsequent port and subnet creation events.
2026-05-06 15:33:25.622 8 INFO neutron.services.segments.plugin [-] Segment 409034d2-5737-4233-9cfc-0881d457e133 resource provider aggregate not found
2026-05-06 15:33:25.625 8 INFO neutron.services.segments.plugin [-] Segment 409034d2-5737-4233-9cfc-0881d457e133 resource provider aggregate not found
2026-05-06 15:33:25.643 8 INFO neutron.services.segments.plugin [-] Segment 409034d2-5737-4233-9cfc-0881d457e133 resource provider not found; error: Placement Client Error (4xx): {"errors": [{"status": 404, "title": "Not Found", "detail": "The resource could not be found.\n\n No resource provider with uuid 409034d2-5737-4233-9cfc-0881d457e133 found for delete ", "request_id": "req-199b0bdb-b5c6-4793-9db7-3b1f2747ac13"}]}
2026-05-06 15:33:25.646 8 INFO neutron.services.segments.plugin [-] Segment 409034d2-5737-4233-9cfc-0881d457e133 resource provider not found; error: Placement Client Error (4xx): {"errors": [{"status": 404, "title": "Not Found", "detail": "The resource could not be found.\n\n No resource provider with uuid 409034d2-5737-4233-9cfc-0881d457e133 found for delete ", "request_id": "req-28ec7baf-1851-411a-9f44-0362f9bc48c1"}]} [pid: 8|app: 0|req: 793/1600] 10.0.0.84 () {32 vars in 724 bytes} [Wed May 6 15:33:25 2026] DELETE /v2.0/networks/164a54c2-54ea-4e6f-aa7e-0f9078928322 => generated 0 bytes in 637 msecs (HTTP/1.1 204) 3 headers in 131 bytes (1 switches on core 0)
2026-05-06 15:33:25.751 7 INFO neutron.db.ovn_revision_numbers_db [None req-a8ac9952-a844-4863-935b-d810e964be28 dfb6878386d2407db4e116d69ebbde78 c12055c32a474c2b929e330e824a8c3d - - default default] Successfully bumped revision number for resource adffa83a-e020-4085-94b4-fe61e05d0a57 (type: ports) to 1
2026-05-06 15:33:25.766 8 INFO neutron.plugins.ml2.drivers.ovn.mech_driver.mech_driver [None req-ba4dc08d-537c-4919-a0eb-8b812ff9938a - - - - - -] OVN reports status down for port: adffa83a-e020-4085-94b4-fe61e05d0a57 [pid: 8|app: 0|req: 794/1601] 199.19.213.25 () {34 vars in 1058 bytes} [Wed May 6 15:33:25 2026] GET /v2.0/floatingips?fixed_ip_address=10.100.0.13&port_id=80007fa7-4dab-43b5-9e22-2e0ca099951a => generated 861 bytes in 128 msecs (HTTP/1.1 200) 4 headers in 157 bytes (1 switches on core 0)
2026-05-06 15:33:26.257 8 WARNING neutron.scheduler.dhcp_agent_scheduler [None req-d66b25c7-21db-481c-aeff-2633133cb69d 5d3996d090f842cb9db112611d32b22f a2a9775241024f1fade0f200985e4af5 - - default default] No more DHCP agents
2026-05-06 15:33:26.266 8 WARNING neutron.api.rpc.agentnotifiers.dhcp_rpc_agent_api [None req-d66b25c7-21db-481c-aeff-2633133cb69d 5d3996d090f842cb9db112611d32b22f a2a9775241024f1fade0f200985e4af5 - - default default] Unable to schedule network ad65a45f-2913-4560-8012-e12ee883319e: no agents available; will retry on subsequent port and subnet creation events.
2026-05-06 15:33:26.308 8 INFO neutron.db.ovn_revision_numbers_db [None req-20a1e5c4-ea78-4421-852b-9844b4b80206 - - - - - -] Successfully bumped revision number for resource 428950db-d6da-4764-8a94-88eaf88eca60 (type: ports) to 4
2026-05-06 15:33:26.393 8 INFO neutron.db.ovn_revision_numbers_db [None req-d66b25c7-21db-481c-aeff-2633133cb69d 5d3996d090f842cb9db112611d32b22f a2a9775241024f1fade0f200985e4af5 - - default default] Successfully bumped revision number for resource 855b9640-0aa4-49ce-94c1-d26e78bdba07 (type: ports) to 1
2026-05-06 15:33:26.460 8 INFO neutron.plugins.ml2.drivers.ovn.mech_driver.mech_driver [None req-ba4dc08d-537c-4919-a0eb-8b812ff9938a - - - - - -] OVN reports status up for port: adffa83a-e020-4085-94b4-fe61e05d0a57
2026-05-06 15:33:26.520 7 WARNING neutron.scheduler.dhcp_agent_scheduler [None req-a8ac9952-a844-4863-935b-d810e964be28 dfb6878386d2407db4e116d69ebbde78 c12055c32a474c2b929e330e824a8c3d - - default default] No more DHCP agents
2026-05-06 15:33:26.522 7 WARNING neutron.api.rpc.agentnotifiers.dhcp_rpc_agent_api [None req-a8ac9952-a844-4863-935b-d810e964be28 dfb6878386d2407db4e116d69ebbde78 c12055c32a474c2b929e330e824a8c3d - - default default] Unable to schedule network 786d19b4-e622-4043-83db-53d832e92c5c: no agents available; will retry on subsequent port and subnet creation events.
2026-05-06 15:33:26.529 8 INFO neutron.plugins.ml2.plugin [None req-ba4dc08d-537c-4919-a0eb-8b812ff9938a - - - - - -] Attempt 1 to provision port adffa83a-e020-4085-94b4-fe61e05d0a57 [pid: 8|app: 0|req: 795/1602] 10.0.0.84 () {34 vars in 663 bytes} [Wed May 6 15:33:25 2026] POST /v2.0/ports => generated 774 bytes in 710 msecs (HTTP/1.1 201) 4 headers in 162 bytes (1 switches on core 0) /var/lib/openstack/lib/python3.12/site-packages/pycadf/identifier.py:70: UserWarning: Invalid uuid: neutron. To ensure interoperability, identifiers should be a valid uuid. warnings.warn(('Invalid uuid: %s. To ensure interoperability, ' [pid: 8|app: 0|req: 798/1605] 199.19.213.25 () {34 vars in 982 bytes} [Wed May 6 15:33:26 2026] GET /v2.0/subnets?id=518a7fbb-41cf-4db4-be77-df6252a47ee8 => generated 694 bytes in 86 msecs (HTTP/1.1 200) 4 headers in 157 bytes (1 switches on core 0) [pid: 8|app: 0|req: 799/1606] 199.19.213.25 () {34 vars in 1078 bytes} [Wed May 6 15:33:26 2026] GET /v2.0/ports?tenant_id=531249e2f516411295446b45f7741258&device_id=7f9162d4-b418-4d06-b735-00125e8c1755 => generated 1209 bytes in 93 msecs (HTTP/1.1 200) 4 headers in 158 bytes (1 switches on core 0)
2026-05-06 15:33:26.860 7 INFO neutron.db.ovn_revision_numbers_db [None req-a8ac9952-a844-4863-935b-d810e964be28 dfb6878386d2407db4e116d69ebbde78 c12055c32a474c2b929e330e824a8c3d - - default default] Successfully bumped revision number for resource adffa83a-e020-4085-94b4-fe61e05d0a57 (type: router_ports) to 1 [pid: 7|app: 0|req: 808/1607] 10.0.0.84 () {34 vars in 781 bytes} [Wed May 6 15:33:25 2026] PUT /v2.0/routers/312fd5a9-bc3b-47ec-9a4b-23f3e1eed928/add_router_interface => generated 309 bytes in 1773 msecs (HTTP/1.1 200) 4 headers in 157 bytes (1 switches on core 0) [pid: 7|app: 0|req: 809/1608] 199.19.213.25 () {34 vars in 1050 bytes} [Wed May 6 15:33:26 2026] GET /v2.0/ports?network_id=dfbb3b56-2524-4853-9c76-06c698da8ca9&device_owner=network%3Adhcp => generated 12 bytes in 18 msecs (HTTP/1.1 200) 4 headers in 156 bytes (1 switches on core 0) [pid: 7|app: 0|req: 810/1609] 199.19.213.25 () {34 vars in 984 bytes} [Wed May 6 15:33:26 2026] GET /v2.0/networks?id=38548cf9-5df8-4813-8e7d-0e482e050674 => generated 797 bytes in 44 msecs (HTTP/1.1 200) 4 headers in 157 bytes (1 switches on core 0)
2026-05-06 15:33:27.539 8 INFO neutron.db.ovn_revision_numbers_db [None req-8a021482-4ec4-438b-9d9b-9e645b2493ef 5d3996d090f842cb9db112611d32b22f a2a9775241024f1fade0f200985e4af5 - - default default] Successfully bumped revision number for resource 855b9640-0aa4-49ce-94c1-d26e78bdba07 (type: ports) to 2
2026-05-06 15:33:27.541 7 WARNING neutron.scheduler.dhcp_agent_scheduler [None req-4275164b-7249-4e3f-869a-4ad41456e07a dfb6878386d2407db4e116d69ebbde78 c12055c32a474c2b929e330e824a8c3d - - default default] No more DHCP agents
2026-05-06 15:33:27.544 7 WARNING neutron.api.rpc.agentnotifiers.dhcp_rpc_agent_api [None req-4275164b-7249-4e3f-869a-4ad41456e07a dfb6878386d2407db4e116d69ebbde78 c12055c32a474c2b929e330e824a8c3d - - default default] Unable to schedule network 37fb94c4-41e7-49b1-a02b-c03c3cda538e: no agents available; will retry on subsequent port and subnet creation events.
2026-05-06 15:33:27.560 7 INFO neutron.plugins.ml2.drivers.ovn.mech_driver.mech_driver [None req-16492f16-563c-4362-91ec-eab7b618fa00 - - - - - -] OVN reports status down for port: 855b9640-0aa4-49ce-94c1-d26e78bdba07
2026-05-06 15:33:27.562 8 INFO neutron.db.ovn_revision_numbers_db [None req-20a1e5c4-ea78-4421-852b-9844b4b80206 - - - - - -] Successfully bumped revision number for resource 428950db-d6da-4764-8a94-88eaf88eca60 (type: ports) to 5 [pid: 8|app: 0|req: 800/1610] 10.0.0.84 () {34 vars in 735 bytes} [Wed May 6 15:33:26 2026] PUT /v2.0/ports/855b9640-0aa4-49ce-94c1-d26e78bdba07 => generated 752 bytes in 870 msecs (HTTP/1.1 200) 4 headers in 157 bytes (1 switches on core 0) /var/lib/openstack/lib/python3.12/site-packages/pycadf/identifier.py:70: UserWarning: Invalid uuid: neutron. To ensure interoperability, identifiers should be a valid uuid. warnings.warn(('Invalid uuid: %s. To ensure interoperability, '
2026-05-06 15:33:27.709 7 INFO neutron.plugins.ml2.drivers.ovn.mech_driver.mech_driver [None req-16492f16-563c-4362-91ec-eab7b618fa00 - - - - - -] OVN reports status down for port: 855b9640-0aa4-49ce-94c1-d26e78bdba07
2026-05-06 15:33:27.747 7 INFO neutron.db.ovn_revision_numbers_db [None req-4275164b-7249-4e3f-869a-4ad41456e07a dfb6878386d2407db4e116d69ebbde78 c12055c32a474c2b929e330e824a8c3d - - default default] Successfully bumped revision number for resource 90b09045-68fd-4aa4-a8fa-3f70770e08c9 (type: ports) to 1 [pid: 8|app: 0|req: 801/1611] 199.19.213.25 () {34 vars in 1010 bytes} [Wed May 6 15:33:27 2026] GET /v2.0/networks/dfbb3b56-2524-4853-9c76-06c698da8ca9?fields=segments => generated 14 bytes in 164 msecs (HTTP/1.1 200) 4 headers in 156 bytes (1 switches on core 0)
2026-05-06 15:33:27.824 8 INFO neutron.db.ovn_revision_numbers_db [None req-ba4dc08d-537c-4919-a0eb-8b812ff9938a - - - - - -] Successfully bumped revision number for resource adffa83a-e020-4085-94b4-fe61e05d0a57 (type: ports) to 2 [pid: 8|app: 0|req: 802/1612] 199.19.213.25 () {34 vars in 1056 bytes} [Wed May 6 15:33:27 2026] GET /v2.0/floatingips?fixed_ip_address=10.100.0.4&port_id=8c234ea3-d24e-46b0-909f-f02b110031c5 => generated 860 bytes in 82 msecs (HTTP/1.1 200) 4 headers in 157 bytes (1 switches on core 0)
2026-05-06 15:33:28.039 8 INFO neutron_taas.services.taas.taas_plugin [None req-586107ae-4011-4a2f-8fe6-df62b73ecf0a 5d3996d090f842cb9db112611d32b22f a2a9775241024f1fade0f200985e4af5 - - default default] TaaS: Handle Delete Port: 855b9640-0aa4-49ce-94c1-d26e78bdba07
