Jun 18 13:54:22.628497 np0000182118 devstack@neutron-api.service[103583]: DEBUG dbcounter [-] [103583] Writing DB stats neutron:UPDATE=10,neutron:SELECT=195,neutron:INSERT=20,neutron:DELETE=8 {{(pid=103583) stat_writer /opt/stack/data/venv/lib/python3.12/site-packages/dbcounter.py:115}}
Jun 18 13:54:22.632393 np0000182118 devstack@neutron-api.service[103584]: DEBUG dbcounter [-] [103584] Writing DB stats neutron:UPDATE=10,neutron:SELECT=200,neutron:INSERT=20,neutron:DELETE=8 {{(pid=103584) stat_writer /opt/stack/data/venv/lib/python3.12/site-packages/dbcounter.py:115}}
Jun 18 13:54:22.652605 np0000182118 devstack@neutron-api.service[103586]: DEBUG dbcounter [-] [103586] Writing DB stats neutron:SELECT=103,neutron:UPDATE=2 {{(pid=103586) stat_writer /opt/stack/data/venv/lib/python3.12/site-packages/dbcounter.py:115}}
Jun 18 13:54:26.366513 np0000182118 devstack@neutron-api.service[103585]: DEBUG futurist.periodics [-] Submitting periodic callback 'neutron.plugins.ml2.drivers.ovn.mech_driver.ovsdb.maintenance.HashRingHealthCheckPeriodics.touch_hash_ring_node' {{(pid=103585) _process_scheduled /opt/stack/data/venv/lib/python3.12/site-packages/futurist/periodics.py:784}}
Jun 18 13:54:26.367278 np0000182118 devstack@neutron-api.service[103585]: DEBUG neutron.plugins.ml2.drivers.ovn.mech_driver.ovsdb.maintenance [-] Touching Hash Ring node "12f71443bd965565800c1a4406d7598e" from periodic health check thread {{(pid=103585) touch_hash_ring_node /opt/stack/neutron/neutron/plugins/ml2/drivers/ovn/mech_driver/ovsdb/maintenance.py:1419}}
Jun 18 13:54:27.619692 np0000182118 devstack@neutron-api.service[103584]: DEBUG futurist.periodics [-] Submitting periodic callback 'neutron.plugins.ml2.drivers.ovn.mech_driver.ovsdb.maintenance.HashRingHealthCheckPeriodics.touch_hash_ring_node' {{(pid=103584) _process_scheduled /opt/stack/data/venv/lib/python3.12/site-packages/futurist/periodics.py:784}}
Jun 18 13:54:27.620099 np0000182118 devstack@neutron-api.service[103584]: DEBUG neutron.plugins.ml2.drivers.ovn.mech_driver.ovsdb.maintenance [-] Touching Hash Ring node "e519e3225f015daeaf98afc573d47bcb" from periodic health check thread {{(pid=103584) touch_hash_ring_node /opt/stack/neutron/neutron/plugins/ml2/drivers/ovn/mech_driver/ovsdb/maintenance.py:1419}}
Jun 18 13:54:27.639884 np0000182118 devstack@neutron-api.service[103583]: DEBUG futurist.periodics [-] Submitting periodic callback 'neutron.plugins.ml2.drivers.ovn.mech_driver.ovsdb.maintenance.HashRingHealthCheckPeriodics.touch_hash_ring_node' {{(pid=103583) _process_scheduled /opt/stack/data/venv/lib/python3.12/site-packages/futurist/periodics.py:784}}
Jun 18 13:54:27.640659 np0000182118 devstack@neutron-api.service[103583]: DEBUG neutron.plugins.ml2.drivers.ovn.mech_driver.ovsdb.maintenance [-] Touching Hash Ring node "d92112f47fff5978a188ee474502d38f" from periodic health check thread {{(pid=103583) touch_hash_ring_node /opt/stack/neutron/neutron/plugins/ml2/drivers/ovn/mech_driver/ovsdb/maintenance.py:1419}}
Jun 18 13:54:27.643136 np0000182118 devstack@neutron-api.service[103586]: DEBUG futurist.periodics [-] Submitting periodic callback 'neutron.plugins.ml2.drivers.ovn.mech_driver.ovsdb.maintenance.HashRingHealthCheckPeriodics.touch_hash_ring_node' {{(pid=103586) _process_scheduled /opt/stack/data/venv/lib/python3.12/site-packages/futurist/periodics.py:784}}
Jun 18 13:54:27.643785 np0000182118 devstack@neutron-api.service[103586]: DEBUG neutron.plugins.ml2.drivers.ovn.mech_driver.ovsdb.maintenance [-] Touching Hash Ring node "bdf63c8c165854e5a292e550412dd59a" from periodic health check thread {{(pid=103586) touch_hash_ring_node /opt/stack/neutron/neutron/plugins/ml2/drivers/ovn/mech_driver/ovsdb/maintenance.py:1419}}
Jun 18 13:54:39.437112 np0000182118 devstack@neutron-api.service[103585]: DEBUG dbcounter [-] [103585] Writing DB stats neutron:UPDATE=1,neutron:SELECT=1 {{(pid=103585) stat_writer /opt/stack/data/venv/lib/python3.12/site-packages/dbcounter.py:115}}
Jun 18 13:54:41.367258 np0000182118 devstack@neutron-api.service[103585]: DEBUG futurist.periodics [-] Submitting periodic callback 'neutron.plugins.ml2.drivers.ovn.mech_driver.ovsdb.maintenance.HashRingHealthCheckPeriodics.touch_hash_ring_node' {{(pid=103585) _process_scheduled /opt/stack/data/venv/lib/python3.12/site-packages/futurist/periodics.py:784}}
Jun 18 13:54:41.368246 np0000182118 devstack@neutron-api.service[103585]: DEBUG neutron.plugins.ml2.drivers.ovn.mech_driver.ovsdb.maintenance [-] Touching Hash Ring node "12f71443bd965565800c1a4406d7598e" from periodic health check thread {{(pid=103585) touch_hash_ring_node /opt/stack/neutron/neutron/plugins/ml2/drivers/ovn/mech_driver/ovsdb/maintenance.py:1419}}
Jun 18 13:54:42.620345 np0000182118 devstack@neutron-api.service[103584]: DEBUG futurist.periodics [-] Submitting periodic callback 'neutron.plugins.ml2.drivers.ovn.mech_driver.ovsdb.maintenance.HashRingHealthCheckPeriodics.touch_hash_ring_node' {{(pid=103584) _process_scheduled /opt/stack/data/venv/lib/python3.12/site-packages/futurist/periodics.py:784}}
Jun 18 13:54:42.621101 np0000182118 devstack@neutron-api.service[103584]: DEBUG neutron.plugins.ml2.drivers.ovn.mech_driver.ovsdb.maintenance [-] Touching Hash Ring node "e519e3225f015daeaf98afc573d47bcb" from periodic health check thread {{(pid=103584) touch_hash_ring_node /opt/stack/neutron/neutron/plugins/ml2/drivers/ovn/mech_driver/ovsdb/maintenance.py:1419}}
Jun 18 13:54:42.640914 np0000182118 devstack@neutron-api.service[103583]: DEBUG futurist.periodics [-] Submitting periodic callback 'neutron.plugins.ml2.drivers.ovn.mech_driver.ovsdb.maintenance.HashRingHealthCheckPeriodics.touch_hash_ring_node' {{(pid=103583) _process_scheduled /opt/stack/data/venv/lib/python3.12/site-packages/futurist/periodics.py:784}}
Jun 18 13:54:42.641550 np0000182118 devstack@neutron-api.service[103583]: DEBUG neutron.plugins.ml2.drivers.ovn.mech_driver.ovsdb.maintenance [-] Touching Hash Ring node "d92112f47fff5978a188ee474502d38f" from periodic health check thread {{(pid=103583) touch_hash_ring_node /opt/stack/neutron/neutron/plugins/ml2/drivers/ovn/mech_driver/ovsdb/maintenance.py:1419}}
Jun 18 13:54:42.643862 np0000182118 devstack@neutron-api.service[103586]: DEBUG futurist.periodics [-] Submitting periodic callback 'neutron.plugins.ml2.drivers.ovn.mech_driver.ovsdb.maintenance.HashRingHealthCheckPeriodics.touch_hash_ring_node' {{(pid=103586) _process_scheduled /opt/stack/data/venv/lib/python3.12/site-packages/futurist/periodics.py:784}}
Jun 18 13:54:42.644921 np0000182118 devstack@neutron-api.service[103586]: DEBUG neutron.plugins.ml2.drivers.ovn.mech_driver.ovsdb.maintenance [-] Touching Hash Ring node "bdf63c8c165854e5a292e550412dd59a" from periodic health check thread {{(pid=103586) touch_hash_ring_node /opt/stack/neutron/neutron/plugins/ml2/drivers/ovn/mech_driver/ovsdb/maintenance.py:1419}}
Jun 18 13:54:51.591503 np0000182118 devstack@neutron-api.service[103585]: DEBUG dbcounter [-] [103585] Writing DB stats neutron:UPDATE=1,neutron:SELECT=1 {{(pid=103585) stat_writer /opt/stack/data/venv/lib/python3.12/site-packages/dbcounter.py:115}}
Jun 18 13:54:53.098493 np0000182118 devstack@neutron-api.service[103584]: DEBUG dbcounter [-] [103584] Writing DB stats neutron:UPDATE=2,neutron:SELECT=2 {{(pid=103584) stat_writer /opt/stack/data/venv/lib/python3.12/site-packages/dbcounter.py:115}}
Jun 18 13:54:53.191589 np0000182118 devstack@neutron-api.service[103586]: DEBUG dbcounter [-] [103586] Writing DB stats neutron:UPDATE=2,neutron:SELECT=2 {{(pid=103586) stat_writer /opt/stack/data/venv/lib/python3.12/site-packages/dbcounter.py:115}}
Jun 18 13:54:53.193331 np0000182118 devstack@neutron-api.service[103583]: DEBUG dbcounter [-] [103583] Writing DB stats neutron:UPDATE=2,neutron:SELECT=2 {{(pid=103583) stat_writer /opt/stack/data/venv/lib/python3.12/site-packages/dbcounter.py:115}}
Jun 18 13:54:56.368246 np0000182118 devstack@neutron-api.service[103585]: DEBUG futurist.periodics [-] Submitting periodic callback 'neutron.plugins.ml2.drivers.ovn.mech_driver.ovsdb.maintenance.HashRingHealthCheckPeriodics.touch_hash_ring_node' {{(pid=103585) _process_scheduled /opt/stack/data/venv/lib/python3.12/site-packages/futurist/periodics.py:784}}
Jun 18 13:54:56.368810 np0000182118 devstack@neutron-api.service[103585]: DEBUG neutron.plugins.ml2.drivers.ovn.mech_driver.ovsdb.maintenance [-] Touching Hash Ring node "12f71443bd965565800c1a4406d7598e" from periodic health check thread {{(pid=103585) touch_hash_ring_node /opt/stack/neutron/neutron/plugins/ml2/drivers/ovn/mech_driver/ovsdb/maintenance.py:1419}}
Jun 18 13:54:57.621107 np0000182118 devstack@neutron-api.service[103584]: DEBUG futurist.periodics [-] Submitting periodic callback 'neutron.plugins.ml2.drivers.ovn.mech_driver.ovsdb.maintenance.HashRingHealthCheckPeriodics.touch_hash_ring_node' {{(pid=103584) _process_scheduled /opt/stack/data/venv/lib/python3.12/site-packages/futurist/periodics.py:784}}
Jun 18 13:54:57.621782 np0000182118 devstack@neutron-api.service[103584]: DEBUG neutron.plugins.ml2.drivers.ovn.mech_driver.ovsdb.maintenance [-] Touching Hash Ring node "e519e3225f015daeaf98afc573d47bcb" from periodic health check thread {{(pid=103584) touch_hash_ring_node /opt/stack/neutron/neutron/plugins/ml2/drivers/ovn/mech_driver/ovsdb/maintenance.py:1419}}
Jun 18 13:54:57.641857 np0000182118 devstack@neutron-api.service[103583]: DEBUG futurist.periodics [-] Submitting periodic callback 'neutron.plugins.ml2.drivers.ovn.mech_driver.ovsdb.maintenance.HashRingHealthCheckPeriodics.touch_hash_ring_node' {{(pid=103583) _process_scheduled /opt/stack/data/venv/lib/python3.12/site-packages/futurist/periodics.py:784}}
Jun 18 13:54:57.642391 np0000182118 devstack@neutron-api.service[103583]: DEBUG neutron.plugins.ml2.drivers.ovn.mech_driver.ovsdb.maintenance [-] Touching Hash Ring node "d92112f47fff5978a188ee474502d38f" from periodic health check thread {{(pid=103583) touch_hash_ring_node /opt/stack/neutron/neutron/plugins/ml2/drivers/ovn/mech_driver/ovsdb/maintenance.py:1419}}
Jun 18 13:54:57.645077 np0000182118 devstack@neutron-api.service[103586]: DEBUG futurist.periodics [-] Submitting periodic callback 'neutron.plugins.ml2.drivers.ovn.mech_driver.ovsdb.maintenance.HashRingHealthCheckPeriodics.touch_hash_ring_node' {{(pid=103586) _process_scheduled /opt/stack/data/venv/lib/python3.12/site-packages/futurist/periodics.py:784}}
Jun 18 13:54:57.645803 np0000182118 devstack@neutron-api.service[103586]: DEBUG neutron.plugins.ml2.drivers.ovn.mech_driver.ovsdb.maintenance [-] Touching Hash Ring node "bdf63c8c165854e5a292e550412dd59a" from periodic health check thread {{(pid=103586) touch_hash_ring_node /opt/stack/neutron/neutron/plugins/ml2/drivers/ovn/mech_driver/ovsdb/maintenance.py:1419}}
Jun 18 13:55:08.532747 np0000182118 devstack@neutron-api.service[103585]: DEBUG dbcounter [-] [103585] Writing DB stats neutron:UPDATE=1,neutron:SELECT=1 {{(pid=103585) stat_writer /opt/stack/data/venv/lib/python3.12/site-packages/dbcounter.py:115}}
Jun 18 13:55:10.396953 np0000182118 devstack@neutron-api.service[103583]: DEBUG dbcounter [-] [103583] Writing DB stats neutron:UPDATE=1,neutron:SELECT=1 {{(pid=103583) stat_writer /opt/stack/data/venv/lib/python3.12/site-packages/dbcounter.py:115}}
Jun 18 13:55:10.398429 np0000182118 devstack@neutron-api.service[103584]: DEBUG dbcounter [-] [103584] Writing DB stats neutron:UPDATE=1,neutron:SELECT=1 {{(pid=103584) stat_writer /opt/stack/data/venv/lib/python3.12/site-packages/dbcounter.py:115}}
Jun 18 13:55:10.399647 np0000182118 devstack@neutron-api.service[103586]: DEBUG dbcounter [-] [103586] Writing DB stats neutron:UPDATE=1,neutron:SELECT=1 {{(pid=103586) stat_writer /opt/stack/data/venv/lib/python3.12/site-packages/dbcounter.py:115}}
Jun 18 13:55:11.369000 np0000182118 devstack@neutron-api.service[103585]: DEBUG futurist.periodics [-] Submitting periodic callback 'neutron.plugins.ml2.drivers.ovn.mech_driver.ovsdb.maintenance.HashRingHealthCheckPeriodics.touch_hash_ring_node' {{(pid=103585) _process_scheduled /opt/stack/data/venv/lib/python3.12/site-packages/futurist/periodics.py:784}}
Jun 18 13:55:11.369740 np0000182118 devstack@neutron-api.service[103585]: DEBUG neutron.plugins.ml2.drivers.ovn.mech_driver.ovsdb.maintenance [-] Touching Hash Ring node "12f71443bd965565800c1a4406d7598e" from periodic health check thread {{(pid=103585) touch_hash_ring_node /opt/stack/neutron/neutron/plugins/ml2/drivers/ovn/mech_driver/ovsdb/maintenance.py:1419}}
Jun 18 13:55:12.621929 np0000182118 devstack@neutron-api.service[103584]: DEBUG futurist.periodics [-] Submitting periodic callback 'neutron.plugins.ml2.drivers.ovn.mech_driver.ovsdb.maintenance.HashRingHealthCheckPeriodics.touch_hash_ring_node' {{(pid=103584) _process_scheduled /opt/stack/data/venv/lib/python3.12/site-packages/futurist/periodics.py:784}}
Jun 18 13:55:12.622738 np0000182118 devstack@neutron-api.service[103584]: DEBUG neutron.plugins.ml2.drivers.ovn.mech_driver.ovsdb.maintenance [-] Touching Hash Ring node "e519e3225f015daeaf98afc573d47bcb" from periodic health check thread {{(pid=103584) touch_hash_ring_node /opt/stack/neutron/neutron/plugins/ml2/drivers/ovn/mech_driver/ovsdb/maintenance.py:1419}}
Jun 18 13:55:12.642717 np0000182118 devstack@neutron-api.service[103583]: DEBUG futurist.periodics [-] Submitting periodic callback 'neutron.plugins.ml2.drivers.ovn.mech_driver.ovsdb.maintenance.HashRingHealthCheckPeriodics.touch_hash_ring_node' {{(pid=103583) _process_scheduled /opt/stack/data/venv/lib/python3.12/site-packages/futurist/periodics.py:784}}
Jun 18 13:55:12.643355 np0000182118 devstack@neutron-api.service[103583]: DEBUG neutron.plugins.ml2.drivers.ovn.mech_driver.ovsdb.maintenance [-] Touching Hash Ring node "d92112f47fff5978a188ee474502d38f" from periodic health check thread {{(pid=103583) touch_hash_ring_node /opt/stack/neutron/neutron/plugins/ml2/drivers/ovn/mech_driver/ovsdb/maintenance.py:1419}}
Jun 18 13:55:12.645658 np0000182118 devstack@neutron-api.service[103586]: DEBUG futurist.periodics [-] Submitting periodic callback 'neutron.plugins.ml2.drivers.ovn.mech_driver.ovsdb.maintenance.HashRingHealthCheckPeriodics.touch_hash_ring_node' {{(pid=103586) _process_scheduled /opt/stack/data/venv/lib/python3.12/site-packages/futurist/periodics.py:784}}
Jun 18 13:55:12.646269 np0000182118 devstack@neutron-api.service[103586]: DEBUG neutron.plugins.ml2.drivers.ovn.mech_driver.ovsdb.maintenance [-] Touching Hash Ring node "bdf63c8c165854e5a292e550412dd59a" from periodic health check thread {{(pid=103586) touch_hash_ring_node /opt/stack/neutron/neutron/plugins/ml2/drivers/ovn/mech_driver/ovsdb/maintenance.py:1419}}
Jun 18 13:55:21.380978 np0000182118 devstack@neutron-api.service[103585]: DEBUG dbcounter [-] [103585] Writing DB stats neutron:UPDATE=1,neutron:SELECT=1 {{(pid=103585) stat_writer /opt/stack/data/venv/lib/python3.12/site-packages/dbcounter.py:115}}
Jun 18 13:55:22.635177 np0000182118 devstack@neutron-api.service[103584]: DEBUG dbcounter [-] [103584] Writing DB stats neutron:UPDATE=1,neutron:SELECT=1 {{(pid=103584) stat_writer /opt/stack/data/venv/lib/python3.12/site-packages/dbcounter.py:115}}
Jun 18 13:55:22.652224 np0000182118 devstack@neutron-api.service[103583]: DEBUG dbcounter [-] [103583] Writing DB stats neutron:UPDATE=1,neutron:SELECT=1 {{(pid=103583) stat_writer /opt/stack/data/venv/lib/python3.12/site-packages/dbcounter.py:115}}
Jun 18 13:55:22.656710 np0000182118 devstack@neutron-api.service[103586]: DEBUG dbcounter [-] [103586] Writing DB stats neutron:UPDATE=1,neutron:SELECT=1 {{(pid=103586) stat_writer /opt/stack/data/venv/lib/python3.12/site-packages/dbcounter.py:115}}
Jun 18 13:55:24.788354 np0000182118 devstack@neutron-api.service[103583]: INFO neutron.pecan_wsgi.hooks.translation [None req-c938ed32-bf6b-43cb-89f8-1394360cbb70 admin admin] GET failed (client error): The resource could not be found.
Jun 18 13:55:24.789111 np0000182118 devstack@neutron-api.service[103583]: [pid: 103583|app: 0|req: 23/91] 199.204.45.227 () {64 vars in 1334 bytes} [Thu Jun 18 13:55:24 2026] GET /networking/v2.0/networks/admin_net => generated 111 bytes in 13 msecs (HTTP/1.1 404) 4 headers in 164 bytes (1 switches on core 0)
Jun 18 13:55:24.824473 np0000182118 devstack@neutron-api.service[103586]: [pid: 103586|app: 0|req: 23/92] 199.204.45.227 () {64 vars in 1346 bytes} [Thu Jun 18 13:55:24 2026] GET /networking/v2.0/networks?name=admin_net => generated 15 bytes in 25 msecs (HTTP/1.1 200) 4 headers in 156 bytes (1 switches on core 0)
Jun 18 13:55:25.060685 np0000182118 devstack@neutron-api.service[103584]: DEBUG neutron.api.v2.base [None req-13e63c4f-40e0-4c74-8e59-97f6b2d82449 admin admin] Request body: {'network': {'admin_state_up': True, 'name': 'admin_net', 'project_id': '7bb03b5342c0448ba2120779de05bcef'}} {{(pid=103584) prepare_request_body /opt/stack/neutron/neutron/api/v2/base.py:727}}
Jun 18 13:55:25.117936 np0000182118 devstack@neutron-api.service[103584]: DEBUG neutron.pecan_wsgi.hooks.quota_enforcement [None req-13e63c4f-40e0-4c74-8e59-97f6b2d82449 admin admin] Made reservation on behalf of 7bb03b5342c0448ba2120779de05bcef for: {'network': 1} {{(pid=103584) before /opt/stack/neutron/neutron/pecan_wsgi/hooks/quota_enforcement.py:66}}
Jun 18 13:55:25.123210 np0000182118 devstack@neutron-api.service[103584]: DEBUG neutron_lib.callbacks.manager [None req-13e63c4f-40e0-4c74-8e59-97f6b2d82449 admin admin] Publish callbacks ['neutron.plugins.ml2.plugin.SecurityGroupDbMixin._ensure_default_security_group_handler-114081'] for network (None), before_create {{(pid=103584) _notify_loop /opt/stack/data/venv/lib/python3.12/site-packages/neutron_lib/callbacks/manager.py:184}}
Jun 18 13:55:25.129809 np0000182118 devstack@neutron-api.service[103584]: DEBUG neutron_lib.callbacks.manager [None req-13e63c4f-40e0-4c74-8e59-97f6b2d82449 admin admin] Publish callbacks [] for security_group (None), before_create {{(pid=103584) _notify_loop /opt/stack/data/venv/lib/python3.12/site-packages/neutron_lib/callbacks/manager.py:184}}
Jun 18 13:55:25.207960 np0000182118 devstack@neutron-api.service[103584]: DEBUG neutron_lib.callbacks.manager [None req-13e63c4f-40e0-4c74-8e59-97f6b2d82449 admin admin] Publish callbacks ['neutron.plugins.ml2.drivers.ovn.mech_driver.mech_driver.OVNMechanismDriver._create_security_group_precommit-127701'] for security_group (22c41bf9-ae2e-400f-97f8-e14b81d0e5ba), precommit_create {{(pid=103584) _notify_loop /opt/stack/data/venv/lib/python3.12/site-packages/neutron_lib/callbacks/manager.py:184}}
Jun 18 13:55:25.208155 np0000182118 devstack@neutron-api.service[103584]: DEBUG neutron.db.ovn_revision_numbers_db [None req-13e63c4f-40e0-4c74-8e59-97f6b2d82449 admin admin] create_initial_revision uuid=22c41bf9-ae2e-400f-97f8-e14b81d0e5ba, type=security_groups, rev=-1 {{(pid=103584) create_initial_revision /opt/stack/neutron/neutron/db/ovn_revision_numbers_db.py:98}}
Jun 18 13:55:25.209157 np0000182118 devstack@neutron-api.service[103584]: DEBUG neutron.db.ovn_revision_numbers_db [None req-13e63c4f-40e0-4c74-8e59-97f6b2d82449 admin admin] create_initial_revision uuid=20da61f7-9b40-48bc-a8f3-df805798dad2, type=security_group_rules, rev=-1 {{(pid=103584) create_initial_revision /opt/stack/neutron/neutron/db/ovn_revision_numbers_db.py:98}}
Jun 18 13:55:25.210149 np0000182118 devstack@neutron-api.service[103584]: DEBUG neutron.db.ovn_revision_numbers_db [None req-13e63c4f-40e0-4c74-8e59-97f6b2d82449 admin admin] create_initial_revision uuid=68de8f72-3e72-47d7-8ea5-f8956128e267, type=security_group_rules, rev=-1 {{(pid=103584) create_initial_revision /opt/stack/neutron/neutron/db/ovn_revision_numbers_db.py:98}}
Jun 18 13:55:25.211131 np0000182118 devstack@neutron-api.service[103584]: DEBUG neutron.db.ovn_revision_numbers_db [None req-13e63c4f-40e0-4c74-8e59-97f6b2d82449 admin admin] create_initial_revision uuid=bbe811b0-5dc0-4c3b-8589-c0aa72c532a2, type=security_group_rules, rev=-1 {{(pid=103584) create_initial_revision /opt/stack/neutron/neutron/db/ovn_revision_numbers_db.py:98}}
Jun 18 13:55:25.212124 np0000182118 devstack@neutron-api.service[103584]: DEBUG neutron.db.ovn_revision_numbers_db [None req-13e63c4f-40e0-4c74-8e59-97f6b2d82449 admin admin] create_initial_revision uuid=dd8ec6d8-2f7c-4160-9a95-3d38c5a55b5a, type=security_group_rules, rev=-1 {{(pid=103584) create_initial_revision /opt/stack/neutron/neutron/db/ovn_revision_numbers_db.py:98}}
Jun 18 13:55:25.218147 np0000182118 devstack@neutron-api.service[103584]: DEBUG neutron_lib.callbacks.manager [None req-13e63c4f-40e0-4c74-8e59-97f6b2d82449 admin admin] Publish callbacks ['neutron.plugins.ml2.drivers.ovn.mech_driver.mech_driver.OVNMechanismDriver._create_security_group-127727', 'neutron.plugins.ml2.ovo_rpc._ObjectChangeHandler.handle_event-2785078'] for security_group (22c41bf9-ae2e-400f-97f8-e14b81d0e5ba), after_create {{(pid=103584) _notify_loop /opt/stack/data/venv/lib/python3.12/site-packages/neutron_lib/callbacks/manager.py:184}}
Jun 18 13:55:25.219075 np0000182118 devstack@neutron-api.service[103584]: DEBUG ovsdbapp.backend.ovs_idl.transaction [None req-5ec296e2-1751-4fa6-be51-cff028626436 None None] Running txn n=1 command(idx=0): PgAddCommand(_result=None, name=pg_22c41bf9_ae2e_400f_97f8_e14b81d0e5ba, may_exist=False, columns={'acls': [], 'external_ids': {'neutron:security_group_id': '22c41bf9-ae2e-400f-97f8-e14b81d0e5ba'}}) {{(pid=103584) do_commit /opt/stack/data/venv/lib/python3.12/site-packages/ovsdbapp/backend/ovs_idl/transaction.py:89}}
Jun 18 13:55:25.219593 np0000182118 devstack@neutron-api.service[103584]: DEBUG ovsdbapp.backend.ovs_idl.transaction [None req-5ec296e2-1751-4fa6-be51-cff028626436 None None] Running txn n=1 command(idx=1): PgAclAddCommand(_result=None, entity=pg_22c41bf9_ae2e_400f_97f8_e14b81d0e5ba, direction=from-lport, priority=1002, match=inport == @pg_22c41bf9_ae2e_400f_97f8_e14b81d0e5ba && ip4, action=allow-related, log=False, may_exist=True, severity=[], name=[], meter=[], external_ids={'neutron:security_group_rule_id': '20da61f7-9b40-48bc-a8f3-df805798dad2'}) {{(pid=103584) do_commit /opt/stack/data/venv/lib/python3.12/site-packages/ovsdbapp/backend/ovs_idl/transaction.py:89}}
Jun 18 13:55:25.220031 np0000182118 devstack@neutron-api.service[103584]: DEBUG ovsdbapp.backend.ovs_idl.transaction [None req-5ec296e2-1751-4fa6-be51-cff028626436 None None] Running txn n=1 command(idx=2): PgAclAddCommand(_result=None, entity=pg_22c41bf9_ae2e_400f_97f8_e14b81d0e5ba, direction=to-lport, priority=1002, match=outport == @pg_22c41bf9_ae2e_400f_97f8_e14b81d0e5ba && ip4 && ip4.src == $pg_22c41bf9_ae2e_400f_97f8_e14b81d0e5ba_ip4, action=allow-related, log=False, may_exist=True, severity=[], name=[], meter=[], external_ids={'neutron:security_group_rule_id': '68de8f72-3e72-47d7-8ea5-f8956128e267'}) {{(pid=103584) do_commit /opt/stack/data/venv/lib/python3.12/site-packages/ovsdbapp/backend/ovs_idl/transaction.py:89}}
Jun 18 13:55:25.220454 np0000182118 devstack@neutron-api.service[103584]: DEBUG ovsdbapp.backend.ovs_idl.transaction [None req-5ec296e2-1751-4fa6-be51-cff028626436 None None] Running txn n=1 command(idx=3): PgAclAddCommand(_result=None, entity=pg_22c41bf9_ae2e_400f_97f8_e14b81d0e5ba, direction=to-lport, priority=1002, match=outport == @pg_22c41bf9_ae2e_400f_97f8_e14b81d0e5ba && ip6 && ip6.src == $pg_22c41bf9_ae2e_400f_97f8_e14b81d0e5ba_ip6, action=allow-related, log=False, may_exist=True, severity=[], name=[], meter=[], external_ids={'neutron:security_group_rule_id': 'bbe811b0-5dc0-4c3b-8589-c0aa72c532a2'}) {{(pid=103584) do_commit /opt/stack/data/venv/lib/python3.12/site-packages/ovsdbapp/backend/ovs_idl/transaction.py:89}}
Jun 18 13:55:25.220845 np0000182118 devstack@neutron-api.service[103584]: DEBUG ovsdbapp.backend.ovs_idl.transaction [None req-5ec296e2-1751-4fa6-be51-cff028626436 None None] Running txn n=1 command(idx=4): PgAclAddCommand(_result=None, entity=pg_22c41bf9_ae2e_400f_97f8_e14b81d0e5ba, direction=from-lport, priority=1002, match=inport == @pg_22c41bf9_ae2e_400f_97f8_e14b81d0e5ba && ip6, action=allow-related, log=False, may_exist=True, severity=[], name=[], meter=[], external_ids={'neutron:security_group_rule_id': 'dd8ec6d8-2f7c-4160-9a95-3d38c5a55b5a'}) {{(pid=103584) do_commit /opt/stack/data/venv/lib/python3.12/site-packages/ovsdbapp/backend/ovs_idl/transaction.py:89}}
Jun 18 13:55:25.234411 np0000182118 devstack@neutron-api.service[103584]: DEBUG neutron.common.ovn.hash_ring_manager [None req-5ec296e2-1751-4fa6-be51-cff028626436 None None] Hash Ring loaded. 4 active nodes. 0 offline nodes {{(pid=103584) _load_hash_ring /opt/stack/neutron/neutron/common/ovn/hash_ring_manager.py:110}}
Jun 18 13:55:25.234475 np0000182118 devstack@neutron-api.service[103586]: DEBUG neutron.common.ovn.hash_ring_manager [None req-41bf8266-fd72-480a-8840-fe0c54207481 None None] Hash Ring loaded. 4 active nodes. 0 offline nodes {{(pid=103586) _load_hash_ring /opt/stack/neutron/neutron/common/ovn/hash_ring_manager.py:110}}
Jun 18 13:55:25.234475 np0000182118 devstack@neutron-api.service[103586]: DEBUG neutron.plugins.ml2.drivers.ovn.mech_driver.ovsdb.ovsdb_monitor [None req-41bf8266-fd72-480a-8840-fe0c54207481 None None] Hash Ring: Node bdf63c8c165854e5a292e550412dd59a (host: np0000182118) handling event "create" for row 8dad0878-e995-4db2-b37e-edbc9998fc8d (table: ACL) {{(pid=103586) notify /opt/stack/neutron/neutron/plugins/ml2/drivers/ovn/mech_driver/ovsdb/ovsdb_monitor.py:1015}}
Jun 18 13:55:25.234553 np0000182118 devstack@neutron-api.service[103584]: DEBUG neutron.plugins.ml2.drivers.ovn.mech_driver.ovsdb.ovsdb_monitor [None req-5ec296e2-1751-4fa6-be51-cff028626436 None None] Hash Ring: Node e519e3225f015daeaf98afc573d47bcb (host: np0000182118) handling event "create" for row ef607f89-e7fa-43c6-b551-f83924218a0e (table: ACL) {{(pid=103584) notify /opt/stack/neutron/neutron/plugins/ml2/drivers/ovn/mech_driver/ovsdb/ovsdb_monitor.py:1015}}
Jun 18 13:55:25.234896 np0000182118 devstack@neutron-api.service[103586]: DEBUG neutron.plugins.ml2.drivers.ovn.mech_driver.ovsdb.ovsdb_monitor [None req-41bf8266-fd72-480a-8840-fe0c54207481 None None] Hash Ring: Node bdf63c8c165854e5a292e550412dd59a (host: np0000182118) handling event "create" for row e31366b4-0b9f-47cd-b766-6ad90dc18ac3 (table: ACL) {{(pid=103586) notify /opt/stack/neutron/neutron/plugins/ml2/drivers/ovn/mech_driver/ovsdb/ovsdb_monitor.py:1015}}
Jun 18 13:55:25.238370 np0000182118 devstack@neutron-api.service[103585]: DEBUG neutron.common.ovn.hash_ring_manager [None req-a93c5fd8-576b-4959-8313-bc3079a9189e None None] Hash Ring loaded. 4 active nodes. 0 offline nodes {{(pid=103585) _load_hash_ring /opt/stack/neutron/neutron/common/ovn/hash_ring_manager.py:110}}
Jun 18 13:55:25.239442 np0000182118 devstack@neutron-api.service[103583]: DEBUG neutron.common.ovn.hash_ring_manager [None req-164c2105-349c-463a-b709-13a27f00ba0a None None] Hash Ring loaded. 4 active nodes. 0 offline nodes {{(pid=103583) _load_hash_ring /opt/stack/neutron/neutron/common/ovn/hash_ring_manager.py:110}}
Jun 18 13:55:25.239442 np0000182118 devstack@neutron-api.service[103583]: DEBUG neutron.plugins.ml2.drivers.ovn.mech_driver.ovsdb.ovsdb_monitor [None req-164c2105-349c-463a-b709-13a27f00ba0a None None] Hash Ring: Node d92112f47fff5978a188ee474502d38f (host: np0000182118) handling event "create" for row e76b46d9-b0f5-4a74-a49f-089ea53cac35 (table: ACL) {{(pid=103583) notify /opt/stack/neutron/neutron/plugins/ml2/drivers/ovn/mech_driver/ovsdb/ovsdb_monitor.py:1015}}
Jun 18 13:55:25.239442 np0000182118 devstack@neutron-api.service[103583]: DEBUG neutron.plugins.ml2.drivers.ovn.mech_driver.ovsdb.ovsdb_monitor [None req-164c2105-349c-463a-b709-13a27f00ba0a None None] Hash Ring: Node d92112f47fff5978a188ee474502d38f (host: np0000182118) handling event "create" for row 6ce52e4e-b551-444c-9715-7be2aee3ca4d (table: Port_Group) {{(pid=103583) notify /opt/stack/neutron/neutron/plugins/ml2/drivers/ovn/mech_driver/ovsdb/ovsdb_monitor.py:1015}}
Jun 18 13:55:25.264641 np0000182118 devstack@neutron-api.service[103584]: INFO neutron.db.ovn_revision_numbers_db [None req-13e63c4f-40e0-4c74-8e59-97f6b2d82449 admin admin] Successfully bumped revision number for resource 22c41bf9-ae2e-400f-97f8-e14b81d0e5ba (type: security_groups) to 1
Jun 18 13:55:25.282046 np0000182118 devstack@neutron-api.service[103584]: INFO neutron.db.ovn_revision_numbers_db [None req-13e63c4f-40e0-4c74-8e59-97f6b2d82449 admin admin] Successfully bumped revision number for resource 20da61f7-9b40-48bc-a8f3-df805798dad2 (type: security_group_rules) to 0
Jun 18 13:55:25.304288 np0000182118 devstack@neutron-api.service[103584]: INFO neutron.db.ovn_revision_numbers_db [None req-13e63c4f-40e0-4c74-8e59-97f6b2d82449 admin admin] Successfully bumped revision number for resource 68de8f72-3e72-47d7-8ea5-f8956128e267 (type: security_group_rules) to 0
Jun 18 13:55:25.318262 np0000182118 devstack@neutron-api.service[103584]: INFO neutron.db.ovn_revision_numbers_db [None req-13e63c4f-40e0-4c74-8e59-97f6b2d82449 admin admin] Successfully bumped revision number for resource bbe811b0-5dc0-4c3b-8589-c0aa72c532a2 (type: security_group_rules) to 0
Jun 18 13:55:25.332255 np0000182118 devstack@neutron-api.service[103584]: INFO neutron.db.ovn_revision_numbers_db [None req-13e63c4f-40e0-4c74-8e59-97f6b2d82449 admin admin] Successfully bumped revision number for resource dd8ec6d8-2f7c-4160-9a95-3d38c5a55b5a (type: security_group_rules) to 0
Jun 18 13:55:25.356539 np0000182118 devstack@neutron-api.service[103584]: DEBUG neutron.api.rpc.handlers.resources_rpc [None req-13e63c4f-40e0-4c74-8e59-97f6b2d82449 admin admin] Pushing event updated for resources: {'SecurityGroup': ['ID=22c41bf9-ae2e-400f-97f8-e14b81d0e5ba,revision_number=1']} {{(pid=103584) push /opt/stack/neutron/neutron/api/rpc/handlers/resources_rpc.py:237}}
Jun 18 13:55:25.361788 np0000182118 devstack@neutron-api.service[103584]: DEBUG ovsdbapp.backend.ovs_idl.transaction [None req-5ec296e2-1751-4fa6-be51-cff028626436 None None] Running txn n=1 command(idx=0): CheckLivenessCommand(_result=None) {{(pid=103584) do_commit /opt/stack/data/venv/lib/python3.12/site-packages/ovsdbapp/backend/ovs_idl/transaction.py:89}}
Jun 18 13:55:25.365488 np0000182118 devstack@neutron-api.service[103585]: DEBUG neutron.plugins.ml2.drivers.ovn.mech_driver.ovsdb.ovsdb_monitor [None req-a93c5fd8-576b-4959-8313-bc3079a9189e None None] Hash Ring: Node 12f71443bd965565800c1a4406d7598e (host: np0000182118) handling event "update" for row b1ba9e3c-7b97-4089-90f0-c844e561d4f4 (table: NB_Global) {{(pid=103585) notify /opt/stack/neutron/neutron/plugins/ml2/drivers/ovn/mech_driver/ovsdb/ovsdb_monitor.py:1015}}
Jun 18 13:55:25.365861 np0000182118 devstack@neutron-api.service[103584]: DEBUG neutron.api.rpc.callbacks.version_manager [None req-13e63c4f-40e0-4c74-8e59-97f6b2d82449 admin admin] Tracked resource versions report:
Jun 18 13:55:25.365861 np0000182118 devstack@neutron-api.service[103584]: pushed versions:
Jun 18 13:55:25.365861 np0000182118 devstack@neutron-api.service[103584]: { 'AddressGroup': {'1.2'},
Jun 18 13:55:25.365861 np0000182118 devstack@neutron-api.service[103584]: 'Agent': {'1.1'},
Jun 18 13:55:25.365861 np0000182118 devstack@neutron-api.service[103584]: 'ConntrackHelper': {'1.0'},
Jun 18 13:55:25.365861 np0000182118 devstack@neutron-api.service[103584]: 'LocalIPAssociation': {'1.0'},
Jun 18 13:55:25.365861 np0000182118 devstack@neutron-api.service[103584]: 'Log': {'1.0'},
Jun 18 13:55:25.365861 np0000182118 devstack@neutron-api.service[103584]: 'NDPProxy': {'1.0'},
Jun 18 13:55:25.365861 np0000182118 devstack@neutron-api.service[103584]: 'Network': {'1.3'},
Jun 18 13:55:25.365861 np0000182118 devstack@neutron-api.service[103584]: 'Port': {'1.11'},
Jun 18 13:55:25.365861 np0000182118 devstack@neutron-api.service[103584]: 'PortForwarding': {'1.3'},
Jun 18 13:55:25.365861 np0000182118 devstack@neutron-api.service[103584]: 'QosPolicy': {'1.10'},
Jun 18 13:55:25.365861 np0000182118 devstack@neutron-api.service[103584]: 'SecurityGroup': {'1.6'},
Jun 18 13:55:25.365861 np0000182118 devstack@neutron-api.service[103584]: 'SecurityGroupRule': {'1.3'},
Jun 18 13:55:25.365861 np0000182118 devstack@neutron-api.service[103584]: 'SubPort': {'1.0'},
Jun 18 13:55:25.365861 np0000182118 devstack@neutron-api.service[103584]: 'Subnet': {'1.2'},
Jun 18 13:55:25.365861 np0000182118 devstack@neutron-api.service[103584]: 'Trunk': {'1.1'}}
Jun 18 13:55:25.365861 np0000182118 devstack@neutron-api.service[103584]: consumer versions:
Jun 18 13:55:25.365861 np0000182118 devstack@neutron-api.service[103584]: { OVN Neutron agent@np0000182118: {},
Jun 18 13:55:25.365861 np0000182118 devstack@neutron-api.service[103584]: OVN Controller Gateway agent@np0000182118: {}}
Jun 18 13:55:25.365861 np0000182118 devstack@neutron-api.service[103584]: {{(pid=103584) report /opt/stack/neutron/neutron/api/rpc/callbacks/version_manager.py:183}}
Jun 18 13:55:25.368769 np0000182118 devstack@neutron-api.service[103585]: DEBUG neutron.plugins.ml2.drivers.ovn.mech_driver.ovsdb.ovsdb_monitor [None req-a93c5fd8-576b-4959-8313-bc3079a9189e None None] Hash Ring: Node 12f71443bd965565800c1a4406d7598e (host: np0000182118) handling event "update" for row b1ba9e3c-7b97-4089-90f0-c844e561d4f4 (table: NB_Global) {{(pid=103585) notify /opt/stack/neutron/neutron/plugins/ml2/drivers/ovn/mech_driver/ovsdb/ovsdb_monitor.py:1015}}
Jun 18 13:55:25.371155 np0000182118 devstack@neutron-api.service[103585]: DEBUG neutron.plugins.ml2.drivers.ovn.mech_driver.ovsdb.ovsdb_monitor [None req-a93c5fd8-576b-4959-8313-bc3079a9189e None None] Hash Ring: Node 12f71443bd965565800c1a4406d7598e (host: np0000182118) handling event "update" for row b1ba9e3c-7b97-4089-90f0-c844e561d4f4 (table: NB_Global) {{(pid=103585) notify /opt/stack/neutron/neutron/plugins/ml2/drivers/ovn/mech_driver/ovsdb/ovsdb_monitor.py:1015}}
Jun 18 13:55:25.372684 np0000182118 devstack@neutron-api.service[103585]: DEBUG neutron.plugins.ml2.drivers.ovn.mech_driver.ovsdb.ovsdb_monitor [None req-7c0bae9d-6b6b-4ee9-9580-1618a9c69dae None None] ChassisAgentWriteEvent : Matched Chassis_Private, update, None None {{(pid=103585) matches /opt/stack/neutron/neutron/plugins/ml2/drivers/ovn/mech_driver/ovsdb/ovsdb_monitor.py:64}}
Jun 18 13:55:25.375168 np0000182118 devstack@neutron-api.service[103586]: DEBUG neutron.plugins.ml2.drivers.ovn.mech_driver.ovsdb.ovsdb_monitor [None req-39cb9d38-ec16-4895-b765-2f4c1c6d9f46 None None] ChassisAgentWriteEvent : Matched Chassis_Private, update, None None {{(pid=103586) matches /opt/stack/neutron/neutron/plugins/ml2/drivers/ovn/mech_driver/ovsdb/ovsdb_monitor.py:64}}
Jun 18 13:55:25.375927 np0000182118 devstack@neutron-api.service[103585]: DEBUG neutron.plugins.ml2.drivers.ovn.mech_driver.ovsdb.ovsdb_monitor [None req-a93c5fd8-576b-4959-8313-bc3079a9189e None None] Hash Ring: Node 12f71443bd965565800c1a4406d7598e (host: np0000182118) handling event "update" for row b1ba9e3c-7b97-4089-90f0-c844e561d4f4 (table: NB_Global) {{(pid=103585) notify /opt/stack/neutron/neutron/plugins/ml2/drivers/ovn/mech_driver/ovsdb/ovsdb_monitor.py:1015}}
Jun 18 13:55:25.376723 np0000182118 devstack@neutron-api.service[103583]: DEBUG neutron.plugins.ml2.drivers.ovn.mech_driver.ovsdb.ovsdb_monitor [None req-541ca6e9-cf2b-4b51-b4f4-b03beea565aa None None] ChassisAgentWriteEvent : Matched Chassis_Private, update, None None {{(pid=103583) matches /opt/stack/neutron/neutron/plugins/ml2/drivers/ovn/mech_driver/ovsdb/ovsdb_monitor.py:64}}
Jun 18 13:55:25.376851 np0000182118 devstack@neutron-api.service[103584]: DEBUG neutron.plugins.ml2.drivers.ovn.mech_driver.ovsdb.ovsdb_monitor [None req-1ec7f451-2e97-4e2b-a9d8-4a2a182283fa None None] ChassisAgentWriteEvent : Matched Chassis_Private, update, None None {{(pid=103584) matches /opt/stack/neutron/neutron/plugins/ml2/drivers/ovn/mech_driver/ovsdb/ovsdb_monitor.py:64}}
Jun 18 13:55:25.381811 np0000182118 devstack@neutron-api.service[103585]: DEBUG neutron.common.ovn.hash_ring_manager [None req-7c0bae9d-6b6b-4ee9-9580-1618a9c69dae None None] Hash Ring loaded. 4 active nodes. 0 offline nodes {{(pid=103585) _load_hash_ring /opt/stack/neutron/neutron/common/ovn/hash_ring_manager.py:110}}
Jun 18 13:55:25.383901 np0000182118 devstack@neutron-api.service[103586]: DEBUG neutron.common.ovn.hash_ring_manager [None req-39cb9d38-ec16-4895-b765-2f4c1c6d9f46 None None] Hash Ring loaded. 4 active nodes. 0 offline nodes {{(pid=103586) _load_hash_ring /opt/stack/neutron/neutron/common/ovn/hash_ring_manager.py:110}}
Jun 18 13:55:25.383997 np0000182118 devstack@neutron-api.service[103583]: DEBUG neutron.common.ovn.hash_ring_manager [None req-541ca6e9-cf2b-4b51-b4f4-b03beea565aa None None] Hash Ring loaded. 4 active nodes. 0 offline nodes {{(pid=103583) _load_hash_ring /opt/stack/neutron/neutron/common/ovn/hash_ring_manager.py:110}}
Jun 18 13:55:25.384081 np0000182118 devstack@neutron-api.service[103586]: DEBUG neutron.plugins.ml2.drivers.ovn.mech_driver.ovsdb.ovsdb_monitor [None req-39cb9d38-ec16-4895-b765-2f4c1c6d9f46 None None] Hash Ring: Node bdf63c8c165854e5a292e550412dd59a (host: np0000182118) handling event "update" for row e6d4e1a5-6d4a-4800-a9ef-96e16bc02dea (table: Chassis_Private) {{(pid=103586) notify /opt/stack/neutron/neutron/plugins/ml2/drivers/ovn/mech_driver/ovsdb/ovsdb_monitor.py:1015}}
Jun 18 13:55:25.387733 np0000182118 devstack@neutron-api.service[103584]: DEBUG neutron.common.ovn.hash_ring_manager [None req-1ec7f451-2e97-4e2b-a9d8-4a2a182283fa None None] Hash Ring loaded. 4 active nodes. 0 offline nodes {{(pid=103584) _load_hash_ring /opt/stack/neutron/neutron/common/ovn/hash_ring_manager.py:110}}
Jun 18 13:55:25.410500 np0000182118 devstack@neutron-api.service[103584]: DEBUG neutron.plugins.ml2.drivers.helpers [None req-13e63c4f-40e0-4c74-8e59-97f6b2d82449 admin admin] geneve segment allocate from pool success with {'geneve_vni': 61237} {{(pid=103584) allocate_partially_specified_segment /opt/stack/neutron/neutron/plugins/ml2/drivers/helpers.py:142}}
Jun 18 13:55:25.419104 np0000182118 devstack@neutron-api.service[103584]: DEBUG neutron_lib.callbacks.manager [None req-13e63c4f-40e0-4c74-8e59-97f6b2d82449 admin admin] Publish callbacks ['neutron.plugins.ml2.plugin.Ml2Plugin._handle_segment_change-374085'] for segment (dfd138fc-3ec1-4fed-a559-22cc9cbd48c9), precommit_create {{(pid=103584) _notify_loop /opt/stack/data/venv/lib/python3.12/site-packages/neutron_lib/callbacks/manager.py:184}}
Jun 18 13:55:25.419327 np0000182118 devstack@neutron-api.service[103584]: INFO neutron.db.segments_db [None req-13e63c4f-40e0-4c74-8e59-97f6b2d82449 admin admin] Added segment dfd138fc-3ec1-4fed-a559-22cc9cbd48c9 of type geneve for network f5108e5e-84ca-4886-bcbb-d6523f38b439
Jun 18 13:55:25.437092 np0000182118 devstack@neutron-api.service[103584]: DEBUG neutron_lib.callbacks.manager [None req-13e63c4f-40e0-4c74-8e59-97f6b2d82449 admin admin] Publish callbacks ['neutron.services.auto_allocate.db._ensure_external_network_default_value_callback-8621795775542'] for network (f5108e5e-84ca-4886-bcbb-d6523f38b439), precommit_create {{(pid=103584) _notify_loop /opt/stack/data/venv/lib/python3.12/site-packages/neutron_lib/callbacks/manager.py:184}}
Jun 18 13:55:25.450527 np0000182118 devstack@neutron-api.service[103584]: DEBUG neutron.plugins.ml2.drivers.ovn.mech_driver.mech_driver [None req-13e63c4f-40e0-4c74-8e59-97f6b2d82449 admin admin] Validating network segment with type geneve, segmentation ID 61237, physical network None {{(pid=103584) _validate_network_segments /opt/stack/neutron/neutron/plugins/ml2/drivers/ovn/mech_driver/mech_driver.py:643}}
Jun 18 13:55:25.450681 np0000182118 devstack@neutron-api.service[103584]: DEBUG neutron.db.ovn_revision_numbers_db [None req-13e63c4f-40e0-4c74-8e59-97f6b2d82449 admin admin] create_initial_revision uuid=f5108e5e-84ca-4886-bcbb-d6523f38b439, type=networks, rev=-1 {{(pid=103584) create_initial_revision /opt/stack/neutron/neutron/db/ovn_revision_numbers_db.py:98}}
Jun 18 13:55:25.463472 np0000182118 devstack@neutron-api.service[103584]: DEBUG neutron_lib.callbacks.manager [None req-13e63c4f-40e0-4c74-8e59-97f6b2d82449 admin admin] Publish callbacks ['neutron.plugins.ml2.ovo_rpc._ObjectChangeHandler.handle_event-2784957'] for network (f5108e5e-84ca-4886-bcbb-d6523f38b439), after_create {{(pid=103584) _notify_loop /opt/stack/data/venv/lib/python3.12/site-packages/neutron_lib/callbacks/manager.py:184}}
Jun 18 13:55:25.484697 np0000182118 devstack@neutron-api.service[103584]: DEBUG neutron.api.rpc.handlers.resources_rpc [None req-13e63c4f-40e0-4c74-8e59-97f6b2d82449 admin admin] Pushing event updated for resources: {'Network': ['ID=f5108e5e-84ca-4886-bcbb-d6523f38b439,revision_number=1']} {{(pid=103584) push /opt/stack/neutron/neutron/api/rpc/handlers/resources_rpc.py:237}}
Jun 18 13:55:25.491418 np0000182118 devstack@neutron-api.service[103584]: DEBUG ovsdbapp.backend.ovs_idl.transaction [None req-5ec296e2-1751-4fa6-be51-cff028626436 None None] Running txn n=1 command(idx=0): AddNetworkCommand(_result=None, network_uuid=f5108e5e-84ca-4886-bcbb-d6523f38b439, may_exist=True, columns={'external_ids': {'neutron:network_name': 'admin_net', 'neutron:mtu': '1372', 'neutron:revision_number': '1', 'neutron:availability_zone_hints': '', 'neutron:provnet-network-type': 'geneve'}, 'other_config': {'mcast_snoop': 'false', 'mcast_flood_unregistered': 'false', 'vlan-passthru': 'false'}}) {{(pid=103584) do_commit /opt/stack/data/venv/lib/python3.12/site-packages/ovsdbapp/backend/ovs_idl/transaction.py:89}}
Jun 18 13:55:25.493766 np0000182118 devstack@neutron-api.service[103584]: DEBUG neutron.plugins.ml2.drivers.ovn.mech_driver.ovsdb.ovsdb_monitor [None req-5ec296e2-1751-4fa6-be51-cff028626436 None None] Hash Ring: Node e519e3225f015daeaf98afc573d47bcb (host: np0000182118) handling event "create" for row f5108e5e-84ca-4886-bcbb-d6523f38b439 (table: Logical_Switch) {{(pid=103584) notify /opt/stack/neutron/neutron/plugins/ml2/drivers/ovn/mech_driver/ovsdb/ovsdb_monitor.py:1015}}
Jun 18 13:55:25.504323 np0000182118 devstack@neutron-api.service[103585]: DEBUG neutron.plugins.ml2.drivers.ovn.mech_driver.ovsdb.ovsdb_monitor [None req-7c0bae9d-6b6b-4ee9-9580-1618a9c69dae None None] Hash Ring: Node 12f71443bd965565800c1a4406d7598e (host: np0000182118) handling event "create" for row 9ea069f9-f934-4e94-8c16-06b3af1f0eb8 (table: Datapath_Binding) {{(pid=103585) notify /opt/stack/neutron/neutron/plugins/ml2/drivers/ovn/mech_driver/ovsdb/ovsdb_monitor.py:1015}}
Jun 18 13:55:25.522588 np0000182118 devstack@neutron-api.service[103584]: INFO neutron.db.ovn_revision_numbers_db [None req-13e63c4f-40e0-4c74-8e59-97f6b2d82449 admin admin] Successfully bumped revision number for resource f5108e5e-84ca-4886-bcbb-d6523f38b439 (type: networks) to 1
Jun 18 13:55:25.541662 np0000182118 devstack@neutron-api.service[103584]: DEBUG neutron_lib.callbacks.manager [None req-13e63c4f-40e0-4c74-8e59-97f6b2d82449 admin admin] Publish callbacks ['neutron.plugins.ml2.plugin.SecurityGroupDbMixin._ensure_default_security_group_handler-114081'] for port (None), before_create {{(pid=103584) _notify_loop /opt/stack/data/venv/lib/python3.12/site-packages/neutron_lib/callbacks/manager.py:184}}
Jun 18 13:55:25.617166 np0000182118 devstack@neutron-api.service[103584]: DEBUG neutron_lib.callbacks.manager [None req-13e63c4f-40e0-4c74-8e59-97f6b2d82449 admin admin] Publish callbacks ['neutron.plugins.ml2.drivers.ovn.mech_driver.mech_driver.OVNMechanismDriver._validate_allowed_address_pairs-115033'] for allowed_address_pair (9b707a66-3a48-4af7-ac24-19381ebb400f), before_create {{(pid=103584) _notify_loop /opt/stack/data/venv/lib/python3.12/site-packages/neutron_lib/callbacks/manager.py:184}}
Jun 18 13:55:25.617695 np0000182118 devstack@neutron-api.service[103584]: DEBUG neutron_lib.callbacks.manager [None req-13e63c4f-40e0-4c74-8e59-97f6b2d82449 admin admin] Publish callbacks [] for port (9b707a66-3a48-4af7-ac24-19381ebb400f), precommit_create {{(pid=103584) _notify_loop /opt/stack/data/venv/lib/python3.12/site-packages/neutron_lib/callbacks/manager.py:184}}
Jun 18 13:55:25.617845 np0000182118 devstack@neutron-api.service[103584]: DEBUG neutron.plugins.ml2.drivers.ovn.mech_driver.mech_driver [None req-13e63c4f-40e0-4c74-8e59-97f6b2d82449 admin admin] No provisioning block for port 9b707a66-3a48-4af7-ac24-19381ebb400f since it does not have a host {{(pid=103584) _is_port_provisioning_required /opt/stack/neutron/neutron/plugins/ml2/drivers/ovn/mech_driver/mech_driver.py:896}}
Jun 18 13:55:25.617945 np0000182118 devstack@neutron-api.service[103584]: DEBUG neutron.db.ovn_revision_numbers_db [None req-13e63c4f-40e0-4c74-8e59-97f6b2d82449 admin admin] create_initial_revision uuid=9b707a66-3a48-4af7-ac24-19381ebb400f, type=ports, rev=-1 {{(pid=103584) create_initial_revision /opt/stack/neutron/neutron/db/ovn_revision_numbers_db.py:98}}
Jun 18 13:55:25.652687 np0000182118 devstack@neutron-api.service[103584]: DEBUG neutron_lib.callbacks.manager [None req-13e63c4f-40e0-4c74-8e59-97f6b2d82449 admin admin] Publish callbacks ['neutron.plugins.ml2.ovo_rpc._ObjectChangeHandler.handle_event-2784970'] for port (9b707a66-3a48-4af7-ac24-19381ebb400f), after_create {{(pid=103584) _notify_loop /opt/stack/data/venv/lib/python3.12/site-packages/neutron_lib/callbacks/manager.py:184}}
Jun 18 13:55:25.695691 np0000182118 devstack@neutron-api.service[103584]: DEBUG neutron.api.rpc.handlers.resources_rpc [None req-13e63c4f-40e0-4c74-8e59-97f6b2d82449 admin admin] Pushing event updated for resources: {'Port': ['ID=9b707a66-3a48-4af7-ac24-19381ebb400f,revision_number=1']} {{(pid=103584) push /opt/stack/neutron/neutron/api/rpc/handlers/resources_rpc.py:237}}
Jun 18 13:55:25.700846 np0000182118 devstack@neutron-api.service[103584]: DEBUG neutron.plugins.ml2.drivers.ovn.mech_driver.ovsdb.commands [None req-13e63c4f-40e0-4c74-8e59-97f6b2d82449 admin admin] Converting tag [] to a tag_request {{(pid=103584) _tag_column_to_tag_request /opt/stack/neutron/neutron/plugins/ml2/drivers/ovn/mech_driver/ovsdb/commands.py:205}}
Jun 18 13:55:25.701292 np0000182118 devstack@neutron-api.service[103584]: DEBUG ovsdbapp.backend.ovs_idl.transaction [None req-5ec296e2-1751-4fa6-be51-cff028626436 None None] Running txn n=1 command(idx=0): AddLSwitchPortCommand(_result=None, lport=9b707a66-3a48-4af7-ac24-19381ebb400f, lswitch=neutron-f5108e5e-84ca-4886-bcbb-d6523f38b439, may_exist=True, network_uuid=f5108e5e-84ca-4886-bcbb-d6523f38b439, columns={'addresses': ['fa:16:3e:6c:bb:23'], 'external_ids': {'neutron:port_name': '', 'neutron:device_id': 'ovnmeta-f5108e5e-84ca-4886-bcbb-d6523f38b439', 'neutron:project_id': '7bb03b5342c0448ba2120779de05bcef', 'neutron:cidrs': '', 'neutron:device_owner': 'network:distributed', 'neutron:subnet_pool_addr_scope4': '', 'neutron:subnet_pool_addr_scope6': '', 'neutron:network_name': 'neutron-f5108e5e-84ca-4886-bcbb-d6523f38b439', 'neutron:security_group_ids': '', 'neutron:revision_number': '1', 'neutron:vnic_type': 'normal', 'neutron:port_capabilities': '', 'neutron:mtu': '1372'}, 'parent_name': [], 'enabled': True, 'options': {}, 'type': 'localport', 'port_security': [], 'dhcpv4_options': [], 'dhcpv6_options': [], 'tag_request': []}) {{(pid=103584) do_commit /opt/stack/data/venv/lib/python3.12/site-packages/ovsdbapp/backend/ovs_idl/transaction.py:89}}
Jun 18 13:55:25.701683 np0000182118 devstack@neutron-api.service[103584]: DEBUG ovsdbapp.backend.ovs_idl.transaction [None req-5ec296e2-1751-4fa6-be51-cff028626436 None None] Running txn n=1 command(idx=1): QoSDelCommand(_result=None, switch=neutron-f5108e5e-84ca-4886-bcbb-d6523f38b439, conditions=[('direction', '=', 'to-lport'), ('priority', '=', 2002), ('match', '=', 'outport == "9b707a66-3a48-4af7-ac24-19381ebb400f"')], if_exists=True) {{(pid=103584) do_commit /opt/stack/data/venv/lib/python3.12/site-packages/ovsdbapp/backend/ovs_idl/transaction.py:89}}
Jun 18 13:55:25.701805 np0000182118 devstack@neutron-api.service[103584]: DEBUG ovsdbapp.backend.ovs_idl.transaction [None req-5ec296e2-1751-4fa6-be51-cff028626436 None None] Running txn n=1 command(idx=2): QoSDelCommand(_result=None, switch=neutron-f5108e5e-84ca-4886-bcbb-d6523f38b439, conditions=[('direction', '=', 'from-lport'), ('priority', '=', 2002), ('match', '=', 'inport == "9b707a66-3a48-4af7-ac24-19381ebb400f"')], if_exists=True) {{(pid=103584) do_commit /opt/stack/data/venv/lib/python3.12/site-packages/ovsdbapp/backend/ovs_idl/transaction.py:89}}
Jun 18 13:55:25.704304 np0000182118 devstack@neutron-api.service[103584]: DEBUG neutron.plugins.ml2.drivers.ovn.mech_driver.ovsdb.ovsdb_monitor [None req-5ec296e2-1751-4fa6-be51-cff028626436 None None] Hash Ring: Node e519e3225f015daeaf98afc573d47bcb (host: np0000182118) handling event "update" for row f5108e5e-84ca-4886-bcbb-d6523f38b439 (table: Logical_Switch) {{(pid=103584) notify /opt/stack/neutron/neutron/plugins/ml2/drivers/ovn/mech_driver/ovsdb/ovsdb_monitor.py:1015}}
Jun 18 13:55:25.708729 np0000182118 devstack@neutron-api.service[103585]: DEBUG neutron.plugins.ml2.drivers.ovn.mech_driver.ovsdb.ovsdb_monitor [None req-a93c5fd8-576b-4959-8313-bc3079a9189e None None] Hash Ring: Node 12f71443bd965565800c1a4406d7598e (host: np0000182118) handling event "create" for row 672d2ce0-3921-4dea-8ca5-488be83353d3 (table: Logical_Switch_Port) {{(pid=103585) notify /opt/stack/neutron/neutron/plugins/ml2/drivers/ovn/mech_driver/ovsdb/ovsdb_monitor.py:1015}}
