2026-07-09 18:25:52.099 8 INFO placement.requestlog [req-abe6c06b-95ff-444e-9e3c-f2d152febfea req-edda6372-b510-46d0-9c4f-927a664a6f4a aa9f03795f2545b88501bef56682756b 35d742ef9d6c4dd3b2d24ffc9b4bb427 - - 000bde66502b4c0cb6b7b39348081c79 000bde66502b4c0cb6b7b39348081c79] 10.0.0.196 "GET /allocation_candidates?limit=1000&resources=DISK_GB%3A1%2CMEMORY_MB%3A512%2CVCPU%3A1&root_required=%21COMPUTE_STATUS_DISABLED" status: 200 len: 2150 microversion: 1.36 [pid: 8|app: 0|req: 458/914] 10.0.0.196 () {34 vars in 1012 bytes} [Thu Jul 9 18:25:52 2026] GET /allocation_candidates?limit=1000&resources=DISK_GB%3A1%2CMEMORY_MB%3A512%2CVCPU%3A1&root_required=%21COMPUTE_STATUS_DISABLED => generated 2150 bytes in 72 msecs (HTTP/1.1 200) 8 headers in 297 bytes (1 switches on core 0)
2026-07-09 18:25:52.137 8 INFO placement.requestlog [req-abe6c06b-95ff-444e-9e3c-f2d152febfea req-ded9c0b0-3434-4b14-a02a-b7e8b82b17c7 aa9f03795f2545b88501bef56682756b 35d742ef9d6c4dd3b2d24ffc9b4bb427 - - 000bde66502b4c0cb6b7b39348081c79 000bde66502b4c0cb6b7b39348081c79] 10.0.0.196 "GET /allocations/978e605b-6d7d-47f6-8243-6f4686a4ed19" status: 200 len: 19 microversion: 1.28 [pid: 8|app: 0|req: 459/915] 10.0.0.196 () {34 vars in 861 bytes} [Thu Jul 9 18:25:52 2026] GET /allocations/978e605b-6d7d-47f6-8243-6f4686a4ed19 => generated 19 bytes in 9 msecs (HTTP/1.1 200) 8 headers in 295 bytes (1 switches on core 0)
2026-07-09 18:25:52.186 7 INFO placement.requestlog [req-99a37c50-944f-4f28-83d9-51ce135a6491 req-99834cf2-2c0d-4899-8d77-b524bb778514 aa9f03795f2545b88501bef56682756b 35d742ef9d6c4dd3b2d24ffc9b4bb427 - - 000bde66502b4c0cb6b7b39348081c79 000bde66502b4c0cb6b7b39348081c79] 199.19.213.75 "DELETE /allocations/0d721e89-680d-426b-8eb2-e55e06d851ed" status: 204 len: 0 microversion: 1.0 [pid: 7|app: 0|req: 457/916] 199.19.213.75 () {34 vars in 840 bytes} [Thu Jul 9 18:25:52 2026] DELETE /allocations/0d721e89-680d-426b-8eb2-e55e06d851ed => generated 0 bytes in 60 msecs (HTTP/1.1 204) 5 headers in 198 bytes (1 switches on core 0)
2026-07-09 18:25:52.245 8 INFO placement.requestlog [req-abe6c06b-95ff-444e-9e3c-f2d152febfea req-86516a56-c4f8-4719-99b5-57de3076c106 aa9f03795f2545b88501bef56682756b 35d742ef9d6c4dd3b2d24ffc9b4bb427 - - 000bde66502b4c0cb6b7b39348081c79 000bde66502b4c0cb6b7b39348081c79] 10.0.0.196 "PUT /allocations/978e605b-6d7d-47f6-8243-6f4686a4ed19" status: 204 len: 0 microversion: 1.36 [pid: 8|app: 0|req: 460/917] 10.0.0.196 () {38 vars in 914 bytes} [Thu Jul 9 18:25:52 2026] PUT /allocations/978e605b-6d7d-47f6-8243-6f4686a4ed19 => generated 0 bytes in 102 msecs (HTTP/1.1 204) 5 headers in 199 bytes (1 switches on core 0)
2026-07-09 18:25:52.550 7 INFO placement.requestlog [req-abe6c06b-95ff-444e-9e3c-f2d152febfea req-bbfb1809-49cf-4f1e-8767-859518a60425 aa9f03795f2545b88501bef56682756b 35d742ef9d6c4dd3b2d24ffc9b4bb427 - - 000bde66502b4c0cb6b7b39348081c79 000bde66502b4c0cb6b7b39348081c79] 199.19.213.75 "GET /allocations/978e605b-6d7d-47f6-8243-6f4686a4ed19" status: 200 len: 257 microversion: 1.28 [pid: 7|app: 0|req: 458/918] 199.19.213.75 () {34 vars in 862 bytes} [Thu Jul 9 18:25:52 2026] GET /allocations/978e605b-6d7d-47f6-8243-6f4686a4ed19 => generated 257 bytes in 23 msecs (HTTP/1.1 200) 8 headers in 296 bytes (1 switches on core 0)
2026-07-09 18:25:52.784 8 INFO placement.requestlog [req-abe6c06b-95ff-444e-9e3c-f2d152febfea req-b55129f4-ec1b-4bee-ad2f-c834ec7f0b14 aa9f03795f2545b88501bef56682756b 35d742ef9d6c4dd3b2d24ffc9b4bb427 - - 000bde66502b4c0cb6b7b39348081c79 000bde66502b4c0cb6b7b39348081c79] 199.19.213.75 "GET /resource_providers?in_tree=f3ead05c-d880-41cd-a10a-275e0851f065" status: 200 len: 797 microversion: 1.14 [pid: 8|app: 0|req: 461/919] 199.19.213.75 () {34 vars in 891 bytes} [Thu Jul 9 18:25:52 2026] GET /resource_providers?in_tree=f3ead05c-d880-41cd-a10a-275e0851f065 => generated 797 bytes in 30 msecs (HTTP/1.1 200) 6 headers in 225 bytes (1 switches on core 0)
2026-07-09 18:25:52.808 7 INFO placement.requestlog [req-abe6c06b-95ff-444e-9e3c-f2d152febfea req-7123a7ab-1ef7-4944-b19e-1ebca9207b7c aa9f03795f2545b88501bef56682756b 35d742ef9d6c4dd3b2d24ffc9b4bb427 - - 000bde66502b4c0cb6b7b39348081c79 000bde66502b4c0cb6b7b39348081c79] 199.19.213.75 "GET /resource_providers/f3ead05c-d880-41cd-a10a-275e0851f065/inventories" status: 200 len: 400 microversion: 1.0 [pid: 7|app: 0|req: 459/920] 199.19.213.75 () {32 vars in 856 bytes} [Thu Jul 9 18:25:52 2026] GET /resource_providers/f3ead05c-d880-41cd-a10a-275e0851f065/inventories => generated 400 bytes in 14 msecs (HTTP/1.1 200) 6 headers in 224 bytes (1 switches on core 0)
2026-07-09 18:25:52.865 8 INFO placement.requestlog [req-abe6c06b-95ff-444e-9e3c-f2d152febfea req-f4bd2544-7679-4487-aa21-8430c743dd7b aa9f03795f2545b88501bef56682756b 35d742ef9d6c4dd3b2d24ffc9b4bb427 - - 000bde66502b4c0cb6b7b39348081c79 000bde66502b4c0cb6b7b39348081c79] 199.19.213.75 "GET /resource_providers/f3ead05c-d880-41cd-a10a-275e0851f065/aggregates" status: 200 len: 53 microversion: 1.19 [pid: 8|app: 0|req: 462/921] 199.19.213.75 () {34 vars in 898 bytes} [Thu Jul 9 18:25:52 2026] GET /resource_providers/f3ead05c-d880-41cd-a10a-275e0851f065/aggregates => generated 53 bytes in 49 msecs (HTTP/1.1 200) 8 headers in 295 bytes (1 switches on core 0)
2026-07-09 18:25:52.900 7 INFO placement.requestlog [req-abe6c06b-95ff-444e-9e3c-f2d152febfea req-d57991c5-c82c-4f71-9f8e-9d6df8514b71 aa9f03795f2545b88501bef56682756b 35d742ef9d6c4dd3b2d24ffc9b4bb427 - - 000bde66502b4c0cb6b7b39348081c79 000bde66502b4c0cb6b7b39348081c79] 199.19.213.75 "GET /resource_providers/f3ead05c-d880-41cd-a10a-275e0851f065/traits" status: 200 len: 1682 microversion: 1.6 [pid: 7|app: 0|req: 460/922] 199.19.213.75 () {34 vars in 889 bytes} [Thu Jul 9 18:25:52 2026] GET /resource_providers/f3ead05c-d880-41cd-a10a-275e0851f065/traits => generated 1682 bytes in 23 msecs (HTTP/1.1 200) 6 headers in 225 bytes (1 switches on core 0)
2026-07-09 18:25:52.963 8 INFO placement.requestlog [req-abe6c06b-95ff-444e-9e3c-f2d152febfea req-8310d8f5-98da-4b65-9898-82f4663fcd54 aa9f03795f2545b88501bef56682756b 35d742ef9d6c4dd3b2d24ffc9b4bb427 - - 000bde66502b4c0cb6b7b39348081c79 000bde66502b4c0cb6b7b39348081c79] 199.19.213.75 "GET /resource_providers/f3ead05c-d880-41cd-a10a-275e0851f065/allocations" status: 200 len: 252 microversion: 1.0 [pid: 8|app: 0|req: 463/923] 199.19.213.75 () {32 vars in 856 bytes} [Thu Jul 9 18:25:52 2026] GET /resource_providers/f3ead05c-d880-41cd-a10a-275e0851f065/allocations => generated 252 bytes in 52 msecs (HTTP/1.1 200) 6 headers in 224 bytes (1 switches on core 0)
2026-07-09 18:25:52.997 7 INFO placement.requestlog [req-abe6c06b-95ff-444e-9e3c-f2d152febfea req-2caab206-3b01-450b-be0e-78447496efd0 aa9f03795f2545b88501bef56682756b 35d742ef9d6c4dd3b2d24ffc9b4bb427 - - 000bde66502b4c0cb6b7b39348081c79 000bde66502b4c0cb6b7b39348081c79] 199.19.213.75 "GET /allocations/978e605b-6d7d-47f6-8243-6f4686a4ed19" status: 200 len: 257 microversion: 1.28 [pid: 7|app: 0|req: 461/924] 199.19.213.75 () {34 vars in 862 bytes} [Thu Jul 9 18:25:52 2026] GET /allocations/978e605b-6d7d-47f6-8243-6f4686a4ed19 => generated 257 bytes in 20 msecs (HTTP/1.1 200) 8 headers in 296 bytes (1 switches on core 0)
2026-07-09 18:25:53.029 8 INFO placement.requestlog [req-abe6c06b-95ff-444e-9e3c-f2d152febfea req-419c9bbb-ff36-4408-adba-ae57f3eac5d2 aa9f03795f2545b88501bef56682756b 35d742ef9d6c4dd3b2d24ffc9b4bb427 - - 000bde66502b4c0cb6b7b39348081c79 000bde66502b4c0cb6b7b39348081c79] 199.19.213.75 "GET /allocations/d63c5056-0b3c-486c-871f-140df784ec41" status: 200 len: 257 microversion: 1.28 [pid: 8|app: 0|req: 464/925] 199.19.213.75 () {34 vars in 862 bytes} [Thu Jul 9 18:25:53 2026] GET /allocations/d63c5056-0b3c-486c-871f-140df784ec41 => generated 257 bytes in 24 msecs (HTTP/1.1 200) 8 headers in 296 bytes (1 switches on core 0)
2026-07-09 18:25:53.108 8 INFO placement.requestlog [None req-71cfe062-c19c-4e6a-825b-39d71741f899 - - - - - -] 10.0.0.91 "GET /" status: 200 len: 136 microversion: 1.0
2026-07-09 18:25:53.108 7 INFO placement.requestlog [None req-953ef939-68dc-4ea4-9465-f610ce52fa8f - - - - - -] 10.0.0.91 "GET /" status: 200 len: 136 microversion: 1.0
2026-07-09 18:25:56.431 8 INFO placement.requestlog [None req-3d65f748-e8bc-47fb-97fc-7e0aaeb4808f 54ce670e29d8451fb6ba561d9ccd9021 35d742ef9d6c4dd3b2d24ffc9b4bb427 - - 000bde66502b4c0cb6b7b39348081c79 000bde66502b4c0cb6b7b39348081c79] 10.0.0.242 "GET /resource_providers/47f44fe1-8e54-4737-b074-e6fe67810ce0/aggregates" status: 404 len: 235 microversion: 1.1
2026-07-09 18:25:56.431 7 INFO placement.requestlog [None req-d0168e17-c63d-4363-935a-2711b2c5cbbb 54ce670e29d8451fb6ba561d9ccd9021 35d742ef9d6c4dd3b2d24ffc9b4bb427 - - 000bde66502b4c0cb6b7b39348081c79 000bde66502b4c0cb6b7b39348081c79] 10.0.0.242 "GET /resource_providers/47f44fe1-8e54-4737-b074-e6fe67810ce0/aggregates" status: 404 len: 235 microversion: 1.1 [pid: 7|app: 0|req: 463/928] 10.0.0.242 () {32 vars in 816 bytes} [Thu Jul 9 18:25:56 2026] GET /resource_providers/47f44fe1-8e54-4737-b074-e6fe67810ce0/aggregates => generated 235 bytes in 19 msecs (HTTP/1.1 404) 5 headers in 202 bytes (1 switches on core 0) [pid: 8|app: 0|req: 466/929] 10.0.0.242 () {32 vars in 816 bytes} [Thu Jul 9 18:25:56 2026] GET /resource_providers/47f44fe1-8e54-4737-b074-e6fe67810ce0/aggregates => generated 235 bytes in 25 msecs (HTTP/1.1 404) 5 headers in 202 bytes (1 switches on core 0)
2026-07-09 18:25:56.459 7 INFO placement.requestlog [None req-e65a9fbd-f189-4a2a-829c-7aa2465c212b 54ce670e29d8451fb6ba561d9ccd9021 35d742ef9d6c4dd3b2d24ffc9b4bb427 - - 000bde66502b4c0cb6b7b39348081c79 000bde66502b4c0cb6b7b39348081c79] 10.0.0.242 "DELETE /resource_providers/47f44fe1-8e54-4737-b074-e6fe67810ce0" status: 404 len: 246 microversion: 1.1 [pid: 7|app: 0|req: 464/930] 10.0.0.242 () {34 vars in 816 bytes} [Thu Jul 9 18:25:56 2026] DELETE /resource_providers/47f44fe1-8e54-4737-b074-e6fe67810ce0 => generated 246 bytes in 9 msecs (HTTP/1.1 404) 6 headers in 231 bytes (1 switches on core 0)
2026-07-09 18:25:56.476 8 INFO placement.requestlog [None req-4376e4cb-c218-419c-9cd5-20a4b8304ea4 54ce670e29d8451fb6ba561d9ccd9021 35d742ef9d6c4dd3b2d24ffc9b4bb427 - - 000bde66502b4c0cb6b7b39348081c79 000bde66502b4c0cb6b7b39348081c79] 10.0.0.242 "DELETE /resource_providers/47f44fe1-8e54-4737-b074-e6fe67810ce0" status: 404 len: 246 microversion: 1.1 [pid: 8|app: 0|req: 467/931] 10.0.0.242 () {34 vars in 816 bytes} [Thu Jul 9 18:25:56 2026] DELETE /resource_providers/47f44fe1-8e54-4737-b074-e6fe67810ce0 => generated 246 bytes in 26 msecs (HTTP/1.1 404) 6 headers in 231 bytes (1 switches on core 0)
2026-07-09 18:25:58.239 7 INFO placement.requestlog [req-11af9baf-fdcd-4080-969e-77bda11e45a1 req-02631899-7dd5-4fde-90c2-21bc403263e2 aa9f03795f2545b88501bef56682756b 35d742ef9d6c4dd3b2d24ffc9b4bb427 - - 000bde66502b4c0cb6b7b39348081c79 000bde66502b4c0cb6b7b39348081c79] 199.19.213.75 "GET /resource_providers/f3ead05c-d880-41cd-a10a-275e0851f065/allocations" status: 200 len: 252 microversion: 1.0 [pid: 7|app: 0|req: 465/932] 199.19.213.75 () {32 vars in 856 bytes} [Thu Jul 9 18:25:58 2026] GET /resource_providers/f3ead05c-d880-41cd-a10a-275e0851f065/allocations => generated 252 bytes in 23 msecs (HTTP/1.1 200) 6 headers in 224 bytes (1 switches on core 0)
2026-07-09 18:25:58.273 8 INFO placement.requestlog [req-11af9baf-fdcd-4080-969e-77bda11e45a1 req-ed8c1b82-e317-450b-918c-0fa667195c19 aa9f03795f2545b88501bef56682756b 35d742ef9d6c4dd3b2d24ffc9b4bb427 - - 000bde66502b4c0cb6b7b39348081c79 000bde66502b4c0cb6b7b39348081c79] 199.19.213.75 "GET /resource_providers/f3ead05c-d880-41cd-a10a-275e0851f065/allocations" status: 200 len: 252 microversion: 1.0 [pid: 8|app: 0|req: 468/933] 199.19.213.75 () {32 vars in 856 bytes} [Thu Jul 9 18:25:58 2026] GET /resource_providers/f3ead05c-d880-41cd-a10a-275e0851f065/allocations => generated 252 bytes in 19 msecs (HTTP/1.1 200) 6 headers in 224 bytes (1 switches on core 0)
2026-07-09 18:25:58.298 7 INFO placement.requestlog [req-11af9baf-fdcd-4080-969e-77bda11e45a1 req-4b58fe3d-7e2a-4aec-a2d5-cd521652efef aa9f03795f2545b88501bef56682756b 35d742ef9d6c4dd3b2d24ffc9b4bb427 - - 000bde66502b4c0cb6b7b39348081c79 000bde66502b4c0cb6b7b39348081c79] 199.19.213.75 "GET /allocations/978e605b-6d7d-47f6-8243-6f4686a4ed19" status: 200 len: 257 microversion: 1.28 [pid: 7|app: 0|req: 466/934] 199.19.213.75 () {34 vars in 862 bytes} [Thu Jul 9 18:25:58 2026] GET /allocations/978e605b-6d7d-47f6-8243-6f4686a4ed19 => generated 257 bytes in 15 msecs (HTTP/1.1 200) 8 headers in 296 bytes (1 switches on core 0)
2026-07-09 18:25:58.323 8 INFO placement.requestlog [req-11af9baf-fdcd-4080-969e-77bda11e45a1 req-671cc380-4420-4579-999b-6f1562eb7abc aa9f03795f2545b88501bef56682756b 35d742ef9d6c4dd3b2d24ffc9b4bb427 - - 000bde66502b4c0cb6b7b39348081c79 000bde66502b4c0cb6b7b39348081c79] 199.19.213.75 "GET /allocations/d63c5056-0b3c-486c-871f-140df784ec41" status: 200 len: 257 microversion: 1.28 [pid: 8|app: 0|req: 469/935] 199.19.213.75 () {34 vars in 862 bytes} [Thu Jul 9 18:25:58 2026] GET /allocations/d63c5056-0b3c-486c-871f-140df784ec41 => generated 257 bytes in 16 msecs (HTTP/1.1 200) 8 headers in 296 bytes (1 switches on core 0)
2026-07-09 18:25:58.494 7 INFO placement.requestlog [None req-2f869dd4-a0c6-49af-b7ca-e3b446e4e4b9 54ce670e29d8451fb6ba561d9ccd9021 35d742ef9d6c4dd3b2d24ffc9b4bb427 - - 000bde66502b4c0cb6b7b39348081c79 000bde66502b4c0cb6b7b39348081c79] 10.0.0.242 "GET /resource_providers/806e70e2-fff6-4f0e-955f-a78266f463d5/aggregates" status: 404 len: 235 microversion: 1.1 [pid: 7|app: 0|req: 467/936] 10.0.0.242 () {32 vars in 816 bytes} [Thu Jul 9 18:25:58 2026] GET /resource_providers/806e70e2-fff6-4f0e-955f-a78266f463d5/aggregates => generated 235 bytes in 11 msecs (HTTP/1.1 404) 5 headers in 202 bytes (1 switches on core 0)
2026-07-09 18:25:58.502 8 INFO placement.requestlog [None req-9af9bb4c-921b-417d-b0a3-7ab97373d9e2 54ce670e29d8451fb6ba561d9ccd9021 35d742ef9d6c4dd3b2d24ffc9b4bb427 - - 000bde66502b4c0cb6b7b39348081c79 000bde66502b4c0cb6b7b39348081c79] 10.0.0.242 "GET /resource_providers/806e70e2-fff6-4f0e-955f-a78266f463d5/aggregates" status: 404 len: 235 microversion: 1.1 [pid: 8|app: 0|req: 470/937] 10.0.0.242 () {32 vars in 816 bytes} [Thu Jul 9 18:25:58 2026] GET /resource_providers/806e70e2-fff6-4f0e-955f-a78266f463d5/aggregates => generated 235 bytes in 14 msecs (HTTP/1.1 404) 5 headers in 202 bytes (1 switches on core 0)
2026-07-09 18:25:58.520 7 INFO placement.requestlog [None req-c1fa46cd-a313-4d78-9a0d-6047f4a3531e 54ce670e29d8451fb6ba561d9ccd9021 35d742ef9d6c4dd3b2d24ffc9b4bb427 - - 000bde66502b4c0cb6b7b39348081c79 000bde66502b4c0cb6b7b39348081c79] 10.0.0.242 "DELETE /resource_providers/806e70e2-fff6-4f0e-955f-a78266f463d5" status: 404 len: 246 microversion: 1.1 [pid: 7|app: 0|req: 468/938] 10.0.0.242 () {34 vars in 816 bytes} [Thu Jul 9 18:25:58 2026] DELETE /resource_providers/806e70e2-fff6-4f0e-955f-a78266f463d5 => generated 246 bytes in 15 msecs (HTTP/1.1 404) 6 headers in 231 bytes (1 switches on core 0)
2026-07-09 18:25:58.526 8 INFO placement.requestlog [None req-5931605c-43cf-4450-a331-d1c5ab3dd8fb 54ce670e29d8451fb6ba561d9ccd9021 35d742ef9d6c4dd3b2d24ffc9b4bb427 - - 000bde66502b4c0cb6b7b39348081c79 000bde66502b4c0cb6b7b39348081c79] 10.0.0.242 "DELETE /resource_providers/806e70e2-fff6-4f0e-955f-a78266f463d5" status: 404 len: 246 microversion: 1.1 [pid: 8|app: 0|req: 471/939] 10.0.0.242 () {34 vars in 816 bytes} [Thu Jul 9 18:25:58 2026] DELETE /resource_providers/806e70e2-fff6-4f0e-955f-a78266f463d5 => generated 246 bytes in 12 msecs (HTTP/1.1 404) 6 headers in 231 bytes (1 switches on core 0)
2026-07-09 18:26:01.625 7 INFO placement.requestlog [req-52a8eb10-c89b-4b78-8844-9af736f40edc req-99bc835a-2266-4217-8477-ef6ee90b4c13 aa9f03795f2545b88501bef56682756b 35d742ef9d6c4dd3b2d24ffc9b4bb427 - - 000bde66502b4c0cb6b7b39348081c79 000bde66502b4c0cb6b7b39348081c79] 199.19.213.75 "GET /resource_providers/f3ead05c-d880-41cd-a10a-275e0851f065/allocations" status: 200 len: 252 microversion: 1.0 [pid: 7|app: 0|req: 469/940] 199.19.213.75 () {32 vars in 856 bytes} [Thu Jul 9 18:26:01 2026] GET /resource_providers/f3ead05c-d880-41cd-a10a-275e0851f065/allocations => generated 252 bytes in 19 msecs (HTTP/1.1 200) 6 headers in 224 bytes (1 switches on core 0)
2026-07-09 18:26:01.662 8 INFO placement.requestlog [req-52a8eb10-c89b-4b78-8844-9af736f40edc req-259eb454-6c23-4caa-bee5-f284f1972c63 aa9f03795f2545b88501bef56682756b 35d742ef9d6c4dd3b2d24ffc9b4bb427 - - 000bde66502b4c0cb6b7b39348081c79 000bde66502b4c0cb6b7b39348081c79] 199.19.213.75 "GET /allocations/978e605b-6d7d-47f6-8243-6f4686a4ed19" status: 200 len: 257 microversion: 1.28 [pid: 8|app: 0|req: 472/941] 199.19.213.75 () {34 vars in 862 bytes} [Thu Jul 9 18:26:01 2026] GET /allocations/978e605b-6d7d-47f6-8243-6f4686a4ed19 => generated 257 bytes in 26 msecs (HTTP/1.1 200) 8 headers in 296 bytes (1 switches on core 0)
2026-07-09 18:26:01.685 7 INFO placement.requestlog [req-52a8eb10-c89b-4b78-8844-9af736f40edc req-800e3de7-1a73-444f-bb68-e5391089f021 aa9f03795f2545b88501bef56682756b 35d742ef9d6c4dd3b2d24ffc9b4bb427 - - 000bde66502b4c0cb6b7b39348081c79 000bde66502b4c0cb6b7b39348081c79] 199.19.213.75 "GET /allocations/d63c5056-0b3c-486c-871f-140df784ec41" status: 200 len: 257 microversion: 1.28 [pid: 7|app: 0|req: 470/942] 199.19.213.75 () {34 vars in 862 bytes} [Thu Jul 9 18:26:01 2026] GET /allocations/d63c5056-0b3c-486c-871f-140df784ec41 => generated 257 bytes in 11 msecs (HTTP/1.1 200) 8 headers in 296 bytes (1 switches on core 0)
2026-07-09 18:26:01.790 8 INFO placement.requestlog [req-52a8eb10-c89b-4b78-8844-9af736f40edc req-771deba1-b5f4-413f-a6ed-baf1cbc5a32a aa9f03795f2545b88501bef56682756b 35d742ef9d6c4dd3b2d24ffc9b4bb427 - - 000bde66502b4c0cb6b7b39348081c79 000bde66502b4c0cb6b7b39348081c79] 199.19.213.75 "DELETE /allocations/978e605b-6d7d-47f6-8243-6f4686a4ed19" status: 204 len: 0 microversion: 1.0 [pid: 8|app: 0|req: 473/943] 199.19.213.75 () {34 vars in 840 bytes} [Thu Jul 9 18:26:01 2026] DELETE /allocations/978e605b-6d7d-47f6-8243-6f4686a4ed19 => generated 0 bytes in 46 msecs (HTTP/1.1 204) 5 headers in 198 bytes (1 switches on core 0)
2026-07-09 18:26:03.110 7 INFO placement.requestlog [None req-054fef39-d72a-42f4-9dce-244b2798ad73 - - - - - -] 10.0.0.91 "GET /" status: 200 len: 136 microversion: 1.0
2026-07-09 18:26:03.110 8 INFO placement.requestlog [None req-baf168f1-676e-4930-b8fa-3c5b4e9aaff9 - - - - - -] 10.0.0.91 "GET /" status: 200 len: 136 microversion: 1.0
2026-07-09 18:26:05.944 7 INFO placement.requestlog [None req-34f6a669-55e9-4c00-bfe2-bf87446993ca 54ce670e29d8451fb6ba561d9ccd9021 35d742ef9d6c4dd3b2d24ffc9b4bb427 - - 000bde66502b4c0cb6b7b39348081c79 000bde66502b4c0cb6b7b39348081c79] 10.0.0.242 "GET /resource_providers/89341022-728c-4fbb-b311-b430c8f483c8/aggregates" status: 404 len: 235 microversion: 1.1
2026-07-09 18:26:05.945 8 INFO placement.requestlog [None req-d42bb378-b815-4ebf-9edd-aca0d6c21354 54ce670e29d8451fb6ba561d9ccd9021 35d742ef9d6c4dd3b2d24ffc9b4bb427 - - 000bde66502b4c0cb6b7b39348081c79 000bde66502b4c0cb6b7b39348081c79] 10.0.0.242 "GET /resource_providers/89341022-728c-4fbb-b311-b430c8f483c8/aggregates" status: 404 len: 235 microversion: 1.1 [pid: 7|app: 0|req: 472/946] 10.0.0.242 () {32 vars in 816 bytes} [Thu Jul 9 18:26:05 2026] GET /resource_providers/89341022-728c-4fbb-b311-b430c8f483c8/aggregates => generated 235 bytes in 11 msecs (HTTP/1.1 404) 5 headers in 202 bytes (1 switches on core 0) [pid: 8|app: 0|req: 475/947] 10.0.0.242 () {32 vars in 816 bytes} [Thu Jul 9 18:26:05 2026] GET /resource_providers/89341022-728c-4fbb-b311-b430c8f483c8/aggregates => generated 235 bytes in 11 msecs (HTTP/1.1 404) 5 headers in 202 bytes (1 switches on core 0)
2026-07-09 18:26:05.984 7 INFO placement.requestlog [None req-5d022b38-031f-47bc-8e67-267b8742a2d0 54ce670e29d8451fb6ba561d9ccd9021 35d742ef9d6c4dd3b2d24ffc9b4bb427 - - 000bde66502b4c0cb6b7b39348081c79 000bde66502b4c0cb6b7b39348081c79] 10.0.0.242 "DELETE /resource_providers/89341022-728c-4fbb-b311-b430c8f483c8" status: 404 len: 246 microversion: 1.1 [pid: 7|app: 0|req: 473/948] 10.0.0.242 () {34 vars in 816 bytes} [Thu Jul 9 18:26:05 2026] DELETE /resource_providers/89341022-728c-4fbb-b311-b430c8f483c8 => generated 246 bytes in 22 msecs (HTTP/1.1 404) 6 headers in 231 bytes (1 switches on core 0)
2026-07-09 18:26:05.988 8 INFO placement.requestlog [None req-844106ec-62fb-42de-beae-639949afed7e 54ce670e29d8451fb6ba561d9ccd9021 35d742ef9d6c4dd3b2d24ffc9b4bb427 - - 000bde66502b4c0cb6b7b39348081c79 000bde66502b4c0cb6b7b39348081c79] 10.0.0.242 "DELETE /resource_providers/89341022-728c-4fbb-b311-b430c8f483c8" status: 404 len: 246 microversion: 1.1 [pid: 8|app: 0|req: 476/949] 10.0.0.242 () {34 vars in 816 bytes} [Thu Jul 9 18:26:05 2026] DELETE /resource_providers/89341022-728c-4fbb-b311-b430c8f483c8 => generated 246 bytes in 23 msecs (HTTP/1.1 404) 6 headers in 231 bytes (1 switches on core 0)
2026-07-09 18:26:06.834 8 INFO placement.requestlog [None req-0a428e68-c173-4620-ab96-210dc36d35d8 54ce670e29d8451fb6ba561d9ccd9021 35d742ef9d6c4dd3b2d24ffc9b4bb427 - - 000bde66502b4c0cb6b7b39348081c79 000bde66502b4c0cb6b7b39348081c79] 10.0.0.242 "GET /resource_providers/ef2d3bd2-a68a-47fe-a446-4b593a8d3b23/aggregates" status: 404 len: 235 microversion: 1.1 [pid: 8|app: 0|req: 477/950] 10.0.0.242 () {32 vars in 816 bytes} [Thu Jul 9 18:26:06 2026] GET /resource_providers/ef2d3bd2-a68a-47fe-a446-4b593a8d3b23/aggregates => generated 235 bytes in 11 msecs (HTTP/1.1 404) 5 headers in 202 bytes (1 switches on core 0)
2026-07-09 18:26:06.836 7 INFO placement.requestlog [None req-01ac9d56-fcfb-4b8d-bfc3-ba36e3951f93 54ce670e29d8451fb6ba561d9ccd9021 35d742ef9d6c4dd3b2d24ffc9b4bb427 - - 000bde66502b4c0cb6b7b39348081c79 000bde66502b4c0cb6b7b39348081c79] 10.0.0.242 "GET /resource_providers/ef2d3bd2-a68a-47fe-a446-4b593a8d3b23/aggregates" status: 404 len: 235 microversion: 1.1 [pid: 7|app: 0|req: 474/951] 10.0.0.242 () {32 vars in 816 bytes} [Thu Jul 9 18:26:06 2026] GET /resource_providers/ef2d3bd2-a68a-47fe-a446-4b593a8d3b23/aggregates => generated 235 bytes in 14 msecs (HTTP/1.1 404) 5 headers in 202 bytes (1 switches on core 0)
2026-07-09 18:26:06.876 8 INFO placement.requestlog [None req-88d24180-cafa-4960-9579-8b7c3880c39c 54ce670e29d8451fb6ba561d9ccd9021 35d742ef9d6c4dd3b2d24ffc9b4bb427 - - 000bde66502b4c0cb6b7b39348081c79 000bde66502b4c0cb6b7b39348081c79] 10.0.0.242 "DELETE /resource_providers/ef2d3bd2-a68a-47fe-a446-4b593a8d3b23" status: 404 len: 246 microversion: 1.1 [pid: 8|app: 0|req: 478/952] 10.0.0.242 () {34 vars in 816 bytes} [Thu Jul 9 18:26:06 2026] DELETE /resource_providers/ef2d3bd2-a68a-47fe-a446-4b593a8d3b23 => generated 246 bytes in 25 msecs (HTTP/1.1 404) 6 headers in 231 bytes (1 switches on core 0)
2026-07-09 18:26:06.893 7 INFO placement.requestlog [None req-4eabd41a-ae69-4c9c-a4d3-8dfd97ec2b70 54ce670e29d8451fb6ba561d9ccd9021 35d742ef9d6c4dd3b2d24ffc9b4bb427 - - 000bde66502b4c0cb6b7b39348081c79 000bde66502b4c0cb6b7b39348081c79] 10.0.0.242 "DELETE /resource_providers/ef2d3bd2-a68a-47fe-a446-4b593a8d3b23" status: 404 len: 246 microversion: 1.1 [pid: 7|app: 0|req: 475/953] 10.0.0.242 () {34 vars in 816 bytes} [Thu Jul 9 18:26:06 2026] DELETE /resource_providers/ef2d3bd2-a68a-47fe-a446-4b593a8d3b23 => generated 246 bytes in 34 msecs (HTTP/1.1 404) 6 headers in 231 bytes (1 switches on core 0)
2026-07-09 18:26:13.108 8 INFO placement.requestlog [None req-2fe7398f-91c5-4caf-ab04-6dcb02763294 - - - - - -] 10.0.0.91 "GET /" status: 200 len: 136 microversion: 1.0
2026-07-09 18:26:13.108 7 INFO placement.requestlog [None req-aa5be328-774e-429b-a180-1605a51bc412 - - - - - -] 10.0.0.91 "GET /" status: 200 len: 136 microversion: 1.0
2026-07-09 18:26:14.596 8 INFO placement.requestlog [req-d9e4d25b-fdee-4ded-b61d-1d5e2c97d40e req-4890afa1-8da8-4ff3-a632-ec0c1fd6a0ee aa9f03795f2545b88501bef56682756b 35d742ef9d6c4dd3b2d24ffc9b4bb427 - - 000bde66502b4c0cb6b7b39348081c79 000bde66502b4c0cb6b7b39348081c79] 10.0.0.196 "GET /allocation_candidates?limit=1000&resources=MEMORY_MB%3A512%2CVCPU%3A1&root_required=%21COMPUTE_STATUS_DISABLED" status: 200 len: 2135 microversion: 1.36 [pid: 8|app: 0|req: 480/956] 10.0.0.196 () {34 vars in 984 bytes} [Thu Jul 9 18:26:14 2026] GET /allocation_candidates?limit=1000&resources=MEMORY_MB%3A512%2CVCPU%3A1&root_required=%21COMPUTE_STATUS_DISABLED => generated 2135 bytes in 47 msecs (HTTP/1.1 200) 8 headers in 297 bytes (1 switches on core 0)
2026-07-09 18:26:14.635 7 INFO placement.requestlog [req-d9e4d25b-fdee-4ded-b61d-1d5e2c97d40e req-f4dc4c18-2412-47f1-a271-ac8406c9477b aa9f03795f2545b88501bef56682756b 35d742ef9d6c4dd3b2d24ffc9b4bb427 - - 000bde66502b4c0cb6b7b39348081c79 000bde66502b4c0cb6b7b39348081c79] 10.0.0.196 "GET /allocations/5fef775e-2d41-45b1-9032-f1fdc8778552" status: 200 len: 19 microversion: 1.28 [pid: 7|app: 0|req: 477/957] 10.0.0.196 () {34 vars in 861 bytes} [Thu Jul 9 18:26:14 2026] GET /allocations/5fef775e-2d41-45b1-9032-f1fdc8778552 => generated 19 bytes in 14 msecs (HTTP/1.1 200) 8 headers in 295 bytes (1 switches on core 0)
2026-07-09 18:26:14.706 8 INFO placement.requestlog [req-d9e4d25b-fdee-4ded-b61d-1d5e2c97d40e req-89391a75-d8e7-4c7b-8bc1-b7c6c977f201 aa9f03795f2545b88501bef56682756b 35d742ef9d6c4dd3b2d24ffc9b4bb427 - - 000bde66502b4c0cb6b7b39348081c79 000bde66502b4c0cb6b7b39348081c79] 10.0.0.196 "PUT /allocations/5fef775e-2d41-45b1-9032-f1fdc8778552" status: 204 len: 0 microversion: 1.36 [pid: 8|app: 0|req: 481/958] 10.0.0.196 () {38 vars in 914 bytes} [Thu Jul 9 18:26:14 2026] PUT /allocations/5fef775e-2d41-45b1-9032-f1fdc8778552 => generated 0 bytes in 65 msecs (HTTP/1.1 204) 5 headers in 199 bytes (1 switches on core 0)
2026-07-09 18:26:14.970 7 INFO placement.requestlog [req-d9e4d25b-fdee-4ded-b61d-1d5e2c97d40e req-08561bf8-2ec6-42ec-add0-70ad9e638181 aa9f03795f2545b88501bef56682756b 35d742ef9d6c4dd3b2d24ffc9b4bb427 - - 000bde66502b4c0cb6b7b39348081c79 000bde66502b4c0cb6b7b39348081c79] 199.19.213.75 "GET /allocations/5fef775e-2d41-45b1-9032-f1fdc8778552" status: 200 len: 243 microversion: 1.28 [pid: 7|app: 0|req: 478/959] 199.19.213.75 () {34 vars in 862 bytes} [Thu Jul 9 18:26:14 2026] GET /allocations/5fef775e-2d41-45b1-9032-f1fdc8778552 => generated 243 bytes in 20 msecs (HTTP/1.1 200) 8 headers in 296 bytes (1 switches on core 0)
2026-07-09 18:26:15.094 8 INFO placement.requestlog [req-d9e4d25b-fdee-4ded-b61d-1d5e2c97d40e req-9d467141-b450-4896-bc5f-04bc65c285ea aa9f03795f2545b88501bef56682756b 35d742ef9d6c4dd3b2d24ffc9b4bb427 - - 000bde66502b4c0cb6b7b39348081c79 000bde66502b4c0cb6b7b39348081c79] 199.19.213.75 "GET /resource_providers/f3ead05c-d880-41cd-a10a-275e0851f065/allocations" status: 200 len: 238 microversion: 1.0 [pid: 8|app: 0|req: 482/960] 199.19.213.75 () {32 vars in 856 bytes} [Thu Jul 9 18:26:15 2026] GET /resource_providers/f3ead05c-d880-41cd-a10a-275e0851f065/allocations => generated 238 bytes in 28 msecs (HTTP/1.1 200) 6 headers in 224 bytes (1 switches on core 0)
2026-07-09 18:26:15.124 7 INFO placement.requestlog [req-d9e4d25b-fdee-4ded-b61d-1d5e2c97d40e req-b548769a-a146-4132-a84d-318f5833423e aa9f03795f2545b88501bef56682756b 35d742ef9d6c4dd3b2d24ffc9b4bb427 - - 000bde66502b4c0cb6b7b39348081c79 000bde66502b4c0cb6b7b39348081c79] 199.19.213.75 "GET /allocations/d63c5056-0b3c-486c-871f-140df784ec41" status: 200 len: 257 microversion: 1.28 [pid: 7|app: 0|req: 479/961] 199.19.213.75 () {34 vars in 862 bytes} [Thu Jul 9 18:26:15 2026] GET /allocations/d63c5056-0b3c-486c-871f-140df784ec41 => generated 257 bytes in 18 msecs (HTTP/1.1 200) 8 headers in 296 bytes (1 switches on core 0)
2026-07-09 18:26:15.152 8 INFO placement.requestlog [req-d9e4d25b-fdee-4ded-b61d-1d5e2c97d40e req-ef2b4d5a-d2ec-4d81-91b3-3e7662e2a950 aa9f03795f2545b88501bef56682756b 35d742ef9d6c4dd3b2d24ffc9b4bb427 - - 000bde66502b4c0cb6b7b39348081c79 000bde66502b4c0cb6b7b39348081c79] 199.19.213.75 "GET /allocations/5fef775e-2d41-45b1-9032-f1fdc8778552" status: 200 len: 243 microversion: 1.28 [pid: 8|app: 0|req: 483/962] 199.19.213.75 () {34 vars in 862 bytes} [Thu Jul 9 18:26:15 2026] GET /allocations/5fef775e-2d41-45b1-9032-f1fdc8778552 => generated 243 bytes in 17 msecs (HTTP/1.1 200) 8 headers in 296 bytes (1 switches on core 0)
2026-07-09 18:26:18.631 7 INFO placement.requestlog [req-88458a84-c36d-4f90-96bf-ba626bd2923b req-e40694b6-087a-44d2-ad8e-c58f33ac3b5f aa9f03795f2545b88501bef56682756b 35d742ef9d6c4dd3b2d24ffc9b4bb427 - - 000bde66502b4c0cb6b7b39348081c79 000bde66502b4c0cb6b7b39348081c79] 199.19.213.75 "GET /resource_providers/f3ead05c-d880-41cd-a10a-275e0851f065/allocations" status: 200 len: 238 microversion: 1.0 [pid: 7|app: 0|req: 480/963] 199.19.213.75 () {32 vars in 856 bytes} [Thu Jul 9 18:26:18 2026] GET /resource_providers/f3ead05c-d880-41cd-a10a-275e0851f065/allocations => generated 238 bytes in 16 msecs (HTTP/1.1 200) 6 headers in 224 bytes (1 switches on core 0)
2026-07-09 18:26:18.655 8 INFO placement.requestlog [req-88458a84-c36d-4f90-96bf-ba626bd2923b req-d3ff3595-7dfb-4b1a-bd03-9d5487c3b1fc aa9f03795f2545b88501bef56682756b 35d742ef9d6c4dd3b2d24ffc9b4bb427 - - 000bde66502b4c0cb6b7b39348081c79 000bde66502b4c0cb6b7b39348081c79] 199.19.213.75 "GET /allocations/d63c5056-0b3c-486c-871f-140df784ec41" status: 200 len: 257 microversion: 1.28 [pid: 8|app: 0|req: 484/964] 199.19.213.75 () {34 vars in 862 bytes} [Thu Jul 9 18:26:18 2026] GET /allocations/d63c5056-0b3c-486c-871f-140df784ec41 => generated 257 bytes in 14 msecs (HTTP/1.1 200) 8 headers in 296 bytes (1 switches on core 0)
2026-07-09 18:26:18.680 7 INFO placement.requestlog [req-88458a84-c36d-4f90-96bf-ba626bd2923b req-3db47db9-6354-4af0-a808-a0730260e2f6 aa9f03795f2545b88501bef56682756b 35d742ef9d6c4dd3b2d24ffc9b4bb427 - - 000bde66502b4c0cb6b7b39348081c79 000bde66502b4c0cb6b7b39348081c79] 199.19.213.75 "GET /allocations/5fef775e-2d41-45b1-9032-f1fdc8778552" status: 200 len: 243 microversion: 1.28 [pid: 7|app: 0|req: 481/965] 199.19.213.75 () {34 vars in 862 bytes} [Thu Jul 9 18:26:18 2026] GET /allocations/5fef775e-2d41-45b1-9032-f1fdc8778552 => generated 243 bytes in 19 msecs (HTTP/1.1 200) 8 headers in 296 bytes (1 switches on core 0)
2026-07-09 18:26:18.825 8 INFO placement.requestlog [req-88458a84-c36d-4f90-96bf-ba626bd2923b req-05b915e4-fde4-478f-a040-91b8c2118044 aa9f03795f2545b88501bef56682756b 35d742ef9d6c4dd3b2d24ffc9b4bb427 - - 000bde66502b4c0cb6b7b39348081c79 000bde66502b4c0cb6b7b39348081c79] 199.19.213.75 "DELETE /allocations/d63c5056-0b3c-486c-871f-140df784ec41" status: 204 len: 0 microversion: 1.0 [pid: 8|app: 0|req: 485/966] 199.19.213.75 () {34 vars in 840 bytes} [Thu Jul 9 18:26:18 2026] DELETE /allocations/d63c5056-0b3c-486c-871f-140df784ec41 => generated 0 bytes in 56 msecs (HTTP/1.1 204) 5 headers in 198 bytes (1 switches on core 0)
2026-07-09 18:26:23.110 7 INFO placement.requestlog [None req-03e8dd9b-55ee-464c-b5cd-56f968b3ea4f - - - - - -] 10.0.0.91 "GET /" status: 200 len: 136 microversion: 1.0
2026-07-09 18:26:23.113 8 INFO placement.requestlog [None req-ed6e878b-36ef-4b89-89da-0ccdb3ed0c64 - - - - - -] 10.0.0.91 "GET /" status: 200 len: 136 microversion: 1.0
2026-07-09 18:26:23.235 8 INFO placement.requestlog [None req-e865b399-d49d-4d7c-9271-10bdc09ca8d5 54ce670e29d8451fb6ba561d9ccd9021 35d742ef9d6c4dd3b2d24ffc9b4bb427 - - 000bde66502b4c0cb6b7b39348081c79 000bde66502b4c0cb6b7b39348081c79] 10.0.0.242 "GET /resource_providers/17440f22-108b-4d1a-97cc-65d3f9c67fe2/aggregates" status: 404 len: 235 microversion: 1.1 [pid: 8|app: 0|req: 487/969] 10.0.0.242 () {32 vars in 816 bytes} [Thu Jul 9 18:26:23 2026] GET /resource_providers/17440f22-108b-4d1a-97cc-65d3f9c67fe2/aggregates => generated 235 bytes in 12 msecs (HTTP/1.1 404) 5 headers in 202 bytes (1 switches on core 0)
2026-07-09 18:26:23.246 7 INFO placement.requestlog [None req-63343cd4-3c48-45a1-be1c-878836c18ec2 54ce670e29d8451fb6ba561d9ccd9021 35d742ef9d6c4dd3b2d24ffc9b4bb427 - - 000bde66502b4c0cb6b7b39348081c79 000bde66502b4c0cb6b7b39348081c79] 10.0.0.242 "GET /resource_providers/17440f22-108b-4d1a-97cc-65d3f9c67fe2/aggregates" status: 404 len: 235 microversion: 1.1 [pid: 7|app: 0|req: 483/970] 10.0.0.242 () {32 vars in 816 bytes} [Thu Jul 9 18:26:23 2026] GET /resource_providers/17440f22-108b-4d1a-97cc-65d3f9c67fe2/aggregates => generated 235 bytes in 31 msecs (HTTP/1.1 404) 5 headers in 202 bytes (1 switches on core 0)
2026-07-09 18:26:23.253 8 INFO placement.requestlog [None req-f16f2be3-24da-4730-876e-d32d9f12f569 54ce670e29d8451fb6ba561d9ccd9021 35d742ef9d6c4dd3b2d24ffc9b4bb427 - - 000bde66502b4c0cb6b7b39348081c79 000bde66502b4c0cb6b7b39348081c79] 10.0.0.242 "DELETE /resource_providers/17440f22-108b-4d1a-97cc-65d3f9c67fe2" status: 404 len: 246 microversion: 1.1 [pid: 8|app: 0|req: 488/971] 10.0.0.242 () {34 vars in 816 bytes} [Thu Jul 9 18:26:23 2026] DELETE /resource_providers/17440f22-108b-4d1a-97cc-65d3f9c67fe2 => generated 246 bytes in 10 msecs (HTTP/1.1 404) 6 headers in 231 bytes (1 switches on core 0)
2026-07-09 18:26:23.273 7 INFO placement.requestlog [None req-9932d182-fe6b-42b5-903a-3acecc724361 54ce670e29d8451fb6ba561d9ccd9021 35d742ef9d6c4dd3b2d24ffc9b4bb427 - - 000bde66502b4c0cb6b7b39348081c79 000bde66502b4c0cb6b7b39348081c79] 10.0.0.242 "DELETE /resource_providers/17440f22-108b-4d1a-97cc-65d3f9c67fe2" status: 404 len: 246 microversion: 1.1 [pid: 7|app: 0|req: 484/972] 10.0.0.242 () {34 vars in 816 bytes} [Thu Jul 9 18:26:23 2026] DELETE /resource_providers/17440f22-108b-4d1a-97cc-65d3f9c67fe2 => generated 246 bytes in 17 msecs (HTTP/1.1 404) 6 headers in 231 bytes (1 switches on core 0)
2026-07-09 18:26:24.070 8 INFO placement.requestlog [None req-ddff0b0d-5552-4dac-a0df-3c018ff54173 54ce670e29d8451fb6ba561d9ccd9021 35d742ef9d6c4dd3b2d24ffc9b4bb427 - - 000bde66502b4c0cb6b7b39348081c79 000bde66502b4c0cb6b7b39348081c79] 10.0.0.242 "GET /resource_providers/f90f3436-5759-40cd-949b-2e2a2fae7184/aggregates" status: 404 len: 235 microversion: 1.1 [pid: 8|app: 0|req: 489/973] 10.0.0.242 () {32 vars in 816 bytes} [Thu Jul 9 18:26:24 2026] GET /resource_providers/f90f3436-5759-40cd-949b-2e2a2fae7184/aggregates => generated 235 bytes in 11 msecs (HTTP/1.1 404) 5 headers in 202 bytes (1 switches on core 0)
2026-07-09 18:26:24.096 7 INFO placement.requestlog [None req-ae59420e-ec9b-416a-aea9-37037015a9e0 54ce670e29d8451fb6ba561d9ccd9021 35d742ef9d6c4dd3b2d24ffc9b4bb427 - - 000bde66502b4c0cb6b7b39348081c79 000bde66502b4c0cb6b7b39348081c79] 10.0.0.242 "GET /resource_providers/f90f3436-5759-40cd-949b-2e2a2fae7184/aggregates" status: 404 len: 235 microversion: 1.1 [pid: 7|app: 0|req: 485/974] 10.0.0.242 () {32 vars in 816 bytes} [Thu Jul 9 18:26:24 2026] GET /resource_providers/f90f3436-5759-40cd-949b-2e2a2fae7184/aggregates => generated 235 bytes in 37 msecs (HTTP/1.1 404) 5 headers in 202 bytes (1 switches on core 0)
2026-07-09 18:26:24.109 8 INFO placement.requestlog [None req-dce91a5d-4504-4c9b-b9b4-5ef225b48cf8 54ce670e29d8451fb6ba561d9ccd9021 35d742ef9d6c4dd3b2d24ffc9b4bb427 - - 000bde66502b4c0cb6b7b39348081c79 000bde66502b4c0cb6b7b39348081c79] 10.0.0.242 "DELETE /resource_providers/f90f3436-5759-40cd-949b-2e2a2fae7184" status: 404 len: 246 microversion: 1.1 [pid: 8|app: 0|req: 490/975] 10.0.0.242 () {34 vars in 816 bytes} [Thu Jul 9 18:26:24 2026] DELETE /resource_providers/f90f3436-5759-40cd-949b-2e2a2fae7184 => generated 246 bytes in 14 msecs (HTTP/1.1 404) 6 headers in 231 bytes (1 switches on core 0)
2026-07-09 18:26:24.128 7 INFO placement.requestlog [None req-9b366e9d-1846-4c15-9517-61a16fe1c3f9 54ce670e29d8451fb6ba561d9ccd9021 35d742ef9d6c4dd3b2d24ffc9b4bb427 - - 000bde66502b4c0cb6b7b39348081c79 000bde66502b4c0cb6b7b39348081c79] 10.0.0.242 "DELETE /resource_providers/f90f3436-5759-40cd-949b-2e2a2fae7184" status: 404 len: 246 microversion: 1.1 [pid: 7|app: 0|req: 486/976] 10.0.0.242 () {34 vars in 816 bytes} [Thu Jul 9 18:26:24 2026] DELETE /resource_providers/f90f3436-5759-40cd-949b-2e2a2fae7184 => generated 246 bytes in 17 msecs (HTTP/1.1 404) 6 headers in 231 bytes (1 switches on core 0)
2026-07-09 18:26:27.455 8 INFO placement.requestlog [req-651c1da0-8aa9-4e59-b202-a190b4f1cae7 req-8bd29b93-b531-4ad5-a0b6-5ff3cbc95f5d aa9f03795f2545b88501bef56682756b 35d742ef9d6c4dd3b2d24ffc9b4bb427 - - 000bde66502b4c0cb6b7b39348081c79 000bde66502b4c0cb6b7b39348081c79] 199.19.213.75 "GET /resource_providers/f3ead05c-d880-41cd-a10a-275e0851f065/allocations" status: 200 len: 138 microversion: 1.0 [pid: 8|app: 0|req: 491/977] 199.19.213.75 () {32 vars in 856 bytes} [Thu Jul 9 18:26:27 2026] GET /resource_providers/f3ead05c-d880-41cd-a10a-275e0851f065/allocations => generated 138 bytes in 23 msecs (HTTP/1.1 200) 6 headers in 224 bytes (1 switches on core 0)
2026-07-09 18:26:27.480 7 INFO placement.requestlog [req-651c1da0-8aa9-4e59-b202-a190b4f1cae7 req-b43527de-2fa6-46dd-9e9b-d3d925095f1a aa9f03795f2545b88501bef56682756b 35d742ef9d6c4dd3b2d24ffc9b4bb427 - - 000bde66502b4c0cb6b7b39348081c79 000bde66502b4c0cb6b7b39348081c79] 199.19.213.75 "GET /allocations/5fef775e-2d41-45b1-9032-f1fdc8778552" status: 200 len: 243 microversion: 1.28 [pid: 7|app: 0|req: 487/978] 199.19.213.75 () {34 vars in 862 bytes} [Thu Jul 9 18:26:27 2026] GET /allocations/5fef775e-2d41-45b1-9032-f1fdc8778552 => generated 243 bytes in 14 msecs (HTTP/1.1 200) 8 headers in 296 bytes (1 switches on core 0)
2026-07-09 18:26:27.597 8 INFO placement.requestlog [req-651c1da0-8aa9-4e59-b202-a190b4f1cae7 req-c56fc58b-4a55-4583-bf44-7727463fccae aa9f03795f2545b88501bef56682756b 35d742ef9d6c4dd3b2d24ffc9b4bb427 - - 000bde66502b4c0cb6b7b39348081c79 000bde66502b4c0cb6b7b39348081c79] 199.19.213.75 "DELETE /allocations/5fef775e-2d41-45b1-9032-f1fdc8778552" status: 204 len: 0 microversion: 1.0 [pid: 8|app: 0|req: 492/979] 199.19.213.75 () {34 vars in 840 bytes} [Thu Jul 9 18:26:27 2026] DELETE /allocations/5fef775e-2d41-45b1-9032-f1fdc8778552 => generated 0 bytes in 40 msecs (HTTP/1.1 204) 5 headers in 198 bytes (1 switches on core 0)
2026-07-09 18:26:31.940 7 INFO placement.requestlog [None req-65e9d406-4817-4ab2-84d4-476c46fdfd46 54ce670e29d8451fb6ba561d9ccd9021 35d742ef9d6c4dd3b2d24ffc9b4bb427 - - 000bde66502b4c0cb6b7b39348081c79 000bde66502b4c0cb6b7b39348081c79] 10.0.0.242 "GET /resource_providers/189bb279-e091-4e79-947f-47976490ca14/aggregates" status: 404 len: 235 microversion: 1.1 [pid: 7|app: 0|req: 488/980] 10.0.0.242 () {32 vars in 816 bytes} [Thu Jul 9 18:26:31 2026] GET /resource_providers/189bb279-e091-4e79-947f-47976490ca14/aggregates => generated 235 bytes in 12 msecs (HTTP/1.1 404) 5 headers in 202 bytes (1 switches on core 0)
2026-07-09 18:26:31.942 8 INFO placement.requestlog [None req-86b8bf99-280e-4688-be74-582362beb484 54ce670e29d8451fb6ba561d9ccd9021 35d742ef9d6c4dd3b2d24ffc9b4bb427 - - 000bde66502b4c0cb6b7b39348081c79 000bde66502b4c0cb6b7b39348081c79] 10.0.0.242 "GET /resource_providers/189bb279-e091-4e79-947f-47976490ca14/aggregates" status: 404 len: 235 microversion: 1.1 [pid: 8|app: 0|req: 493/981] 10.0.0.242 () {32 vars in 816 bytes} [Thu Jul 9 18:26:31 2026] GET /resource_providers/189bb279-e091-4e79-947f-47976490ca14/aggregates => generated 235 bytes in 14 msecs (HTTP/1.1 404) 5 headers in 202 bytes (1 switches on core 0)
2026-07-09 18:26:31.950 8 INFO placement.requestlog [None req-1a19e6f8-594f-4904-b497-9c6556c1508c 54ce670e29d8451fb6ba561d9ccd9021 35d742ef9d6c4dd3b2d24ffc9b4bb427 - - 000bde66502b4c0cb6b7b39348081c79 000bde66502b4c0cb6b7b39348081c79] 10.0.0.242 "GET /resource_providers/0f04bd3d-29e5-4e5d-b8cc-0c3de66fdd92/aggregates" status: 404 len: 235 microversion: 1.1 [pid: 8|app: 0|req: 494/982] 10.0.0.242 () {32 vars in 816 bytes} [Thu Jul 9 18:26:31 2026] GET /resource_providers/0f04bd3d-29e5-4e5d-b8cc-0c3de66fdd92/aggregates => generated 235 bytes in 7 msecs (HTTP/1.1 404) 5 headers in 202 bytes (1 switches on core 0)
2026-07-09 18:26:31.951 7 INFO placement.requestlog [None req-ce6aa853-7d67-422c-bb54-8fad27a91384 54ce670e29d8451fb6ba561d9ccd9021 35d742ef9d6c4dd3b2d24ffc9b4bb427 - - 000bde66502b4c0cb6b7b39348081c79 000bde66502b4c0cb6b7b39348081c79] 10.0.0.242 "GET /resource_providers/0f04bd3d-29e5-4e5d-b8cc-0c3de66fdd92/aggregates" status: 404 len: 235 microversion: 1.1 [pid: 7|app: 0|req: 489/983] 10.0.0.242 () {32 vars in 816 bytes} [Thu Jul 9 18:26:31 2026] GET /resource_providers/0f04bd3d-29e5-4e5d-b8cc-0c3de66fdd92/aggregates => generated 235 bytes in 9 msecs (HTTP/1.1 404) 5 headers in 202 bytes (1 switches on core 0)
2026-07-09 18:26:31.962 8 INFO placement.requestlog [None req-2d4acd3b-6f33-4a49-a3b7-9c20b3edaa4e 54ce670e29d8451fb6ba561d9ccd9021 35d742ef9d6c4dd3b2d24ffc9b4bb427 - - 000bde66502b4c0cb6b7b39348081c79 000bde66502b4c0cb6b7b39348081c79] 10.0.0.242 "DELETE /resource_providers/189bb279-e091-4e79-947f-47976490ca14" status: 404 len: 246 microversion: 1.1 [pid: 8|app: 0|req: 495/984] 10.0.0.242 () {34 vars in 816 bytes} [Thu Jul 9 18:26:31 2026] DELETE /resource_providers/189bb279-e091-4e79-947f-47976490ca14 => generated 246 bytes in 8 msecs (HTTP/1.1 404) 6 headers in 231 bytes (1 switches on core 0)
2026-07-09 18:26:31.964 7 INFO placement.requestlog [None req-e48bb1f9-a52d-4564-8a34-656c67a1b627 54ce670e29d8451fb6ba561d9ccd9021 35d742ef9d6c4dd3b2d24ffc9b4bb427 - - 000bde66502b4c0cb6b7b39348081c79 000bde66502b4c0cb6b7b39348081c79] 10.0.0.242 "DELETE /resource_providers/189bb279-e091-4e79-947f-47976490ca14" status: 404 len: 246 microversion: 1.1 [pid: 7|app: 0|req: 490/985] 10.0.0.242 () {34 vars in 816 bytes} [Thu Jul 9 18:26:31 2026] DELETE /resource_providers/189bb279-e091-4e79-947f-47976490ca14 => generated 246 bytes in 9 msecs (HTTP/1.1 404) 6 headers in 231 bytes (1 switches on core 0)
2026-07-09 18:26:31.977 7 INFO placement.requestlog [None req-c84f6f2f-f906-4421-acfe-fa87c3ccbc49 54ce670e29d8451fb6ba561d9ccd9021 35d742ef9d6c4dd3b2d24ffc9b4bb427 - - 000bde66502b4c0cb6b7b39348081c79 000bde66502b4c0cb6b7b39348081c79] 10.0.0.242 "DELETE /resource_providers/0f04bd3d-29e5-4e5d-b8cc-0c3de66fdd92" status: 404 len: 246 microversion: 1.1 [pid: 7|app: 0|req: 491/986] 10.0.0.242 () {34 vars in 816 bytes} [Thu Jul 9 18:26:31 2026] DELETE /resource_providers/0f04bd3d-29e5-4e5d-b8cc-0c3de66fdd92 => generated 246 bytes in 9 msecs (HTTP/1.1 404) 6 headers in 231 bytes (1 switches on core 0)
2026-07-09 18:26:31.978 8 INFO placement.requestlog [None req-11ba7378-be5a-4aaa-8c31-2223d4d99144 54ce670e29d8451fb6ba561d9ccd9021 35d742ef9d6c4dd3b2d24ffc9b4bb427 - - 000bde66502b4c0cb6b7b39348081c79 000bde66502b4c0cb6b7b39348081c79] 10.0.0.242 "DELETE /resource_providers/0f04bd3d-29e5-4e5d-b8cc-0c3de66fdd92" status: 404 len: 246 microversion: 1.1 [pid: 8|app: 0|req: 496/987] 10.0.0.242 () {34 vars in 816 bytes} [Thu Jul 9 18:26:31 2026] DELETE /resource_providers/0f04bd3d-29e5-4e5d-b8cc-0c3de66fdd92 => generated 246 bytes in 9 msecs (HTTP/1.1 404) 6 headers in 231 bytes (1 switches on core 0)
2026-07-09 18:26:33.108 7 INFO placement.requestlog [None req-242218b4-9df4-462c-a4c7-83fd88353a6f - - - - - -] 10.0.0.91 "GET /" status: 200 len: 136 microversion: 1.0
2026-07-09 18:26:33.109 8 INFO placement.requestlog [None req-f81b6ed9-b581-4a0a-ae6a-8de9c46e7d16 - - - - - -] 10.0.0.91 "GET /" status: 200 len: 136 microversion: 1.0
2026-07-09 18:26:34.002 7 INFO placement.requestlog [None req-bee6c0fe-5f3f-4a9a-af17-726fa37a9465 54ce670e29d8451fb6ba561d9ccd9021 35d742ef9d6c4dd3b2d24ffc9b4bb427 - - 000bde66502b4c0cb6b7b39348081c79 000bde66502b4c0cb6b7b39348081c79] 10.0.0.242 "GET /resource_providers/1677a46e-d7e5-4acf-aa0d-6dfa9be94409/aggregates" status: 404 len: 235 microversion: 1.1 [pid: 7|app: 0|req: 493/990] 10.0.0.242 () {32 vars in 816 bytes} [Thu Jul 9 18:26:33 2026] GET /resource_providers/1677a46e-d7e5-4acf-aa0d-6dfa9be94409/aggregates => generated 235 bytes in 10 msecs (HTTP/1.1 404) 5 headers in 202 bytes (1 switches on core 0)
2026-07-09 18:26:34.007 8 INFO placement.requestlog [None req-acb82039-d9bd-4e49-aa28-b6a4d0ec3765 54ce670e29d8451fb6ba561d9ccd9021 35d742ef9d6c4dd3b2d24ffc9b4bb427 - - 000bde66502b4c0cb6b7b39348081c79 000bde66502b4c0cb6b7b39348081c79] 10.0.0.242 "GET /resource_providers/1677a46e-d7e5-4acf-aa0d-6dfa9be94409/aggregates" status: 404 len: 235 microversion: 1.1 [pid: 8|app: 0|req: 498/991] 10.0.0.242 () {32 vars in 816 bytes} [Thu Jul 9 18:26:33 2026] GET /resource_providers/1677a46e-d7e5-4acf-aa0d-6dfa9be94409/aggregates => generated 235 bytes in 13 msecs (HTTP/1.1 404) 5 headers in 202 bytes (1 switches on core 0)
2026-07-09 18:26:34.024 7 INFO placement.requestlog [None req-e5349885-8afe-4d3f-8f12-96844a19fd7e 54ce670e29d8451fb6ba561d9ccd9021 35d742ef9d6c4dd3b2d24ffc9b4bb427 - - 000bde66502b4c0cb6b7b39348081c79 000bde66502b4c0cb6b7b39348081c79] 10.0.0.242 "DELETE /resource_providers/1677a46e-d7e5-4acf-aa0d-6dfa9be94409" status: 404 len: 246 microversion: 1.1 [pid: 7|app: 0|req: 494/992] 10.0.0.242 () {34 vars in 816 bytes} [Thu Jul 9 18:26:34 2026] DELETE /resource_providers/1677a46e-d7e5-4acf-aa0d-6dfa9be94409 => generated 246 bytes in 10 msecs (HTTP/1.1 404) 6 headers in 231 bytes (1 switches on core 0)
2026-07-09 18:26:34.045 8 INFO placement.requestlog [None req-29a8a710-78da-4bd5-9c3c-5832d1286d70 54ce670e29d8451fb6ba561d9ccd9021 35d742ef9d6c4dd3b2d24ffc9b4bb427 - - 000bde66502b4c0cb6b7b39348081c79 000bde66502b4c0cb6b7b39348081c79] 10.0.0.242 "DELETE /resource_providers/1677a46e-d7e5-4acf-aa0d-6dfa9be94409" status: 404 len: 246 microversion: 1.1 [pid: 8|app: 0|req: 499/993] 10.0.0.242 () {34 vars in 816 bytes} [Thu Jul 9 18:26:34 2026] DELETE /resource_providers/1677a46e-d7e5-4acf-aa0d-6dfa9be94409 => generated 246 bytes in 26 msecs (HTTP/1.1 404) 6 headers in 231 bytes (1 switches on core 0)
2026-07-09 18:26:34.050 7 INFO placement.requestlog [None req-47db5d77-c630-4519-a944-120583081a94 54ce670e29d8451fb6ba561d9ccd9021 35d742ef9d6c4dd3b2d24ffc9b4bb427 - - 000bde66502b4c0cb6b7b39348081c79 000bde66502b4c0cb6b7b39348081c79] 10.0.0.242 "GET /resource_providers/e7a24373-1045-404f-9920-012386d32cb5/aggregates" status: 404 len: 235 microversion: 1.1 [pid: 7|app: 0|req: 495/994] 10.0.0.242 () {32 vars in 816 bytes} [Thu Jul 9 18:26:34 2026] GET /resource_providers/e7a24373-1045-404f-9920-012386d32cb5/aggregates => generated 235 bytes in 11 msecs (HTTP/1.1 404) 5 headers in 202 bytes (1 switches on core 0)
2026-07-09 18:26:34.069 7 INFO placement.requestlog [None req-4dda0441-4d38-4f7d-beb9-a5c8486840a3 54ce670e29d8451fb6ba561d9ccd9021 35d742ef9d6c4dd3b2d24ffc9b4bb427 - - 000bde66502b4c0cb6b7b39348081c79 000bde66502b4c0cb6b7b39348081c79] 10.0.0.242 "DELETE /resource_providers/e7a24373-1045-404f-9920-012386d32cb5" status: 404 len: 246 microversion: 1.1 [pid: 7|app: 0|req: 496/995] 10.0.0.242 () {34 vars in 816 bytes} [Thu Jul 9 18:26:34 2026] DELETE /resource_providers/e7a24373-1045-404f-9920-012386d32cb5 => generated 246 bytes in 9 msecs (HTTP/1.1 404) 6 headers in 231 bytes (1 switches on core 0)
2026-07-09 18:26:34.089 8 INFO placement.requestlog [None req-6f054a85-201e-4092-bc22-1832e945ad9a 54ce670e29d8451fb6ba561d9ccd9021 35d742ef9d6c4dd3b2d24ffc9b4bb427 - - 000bde66502b4c0cb6b7b39348081c79 000bde66502b4c0cb6b7b39348081c79] 10.0.0.242 "GET /resource_providers/e7a24373-1045-404f-9920-012386d32cb5/aggregates" status: 404 len: 235 microversion: 1.1 [pid: 8|app: 0|req: 500/996] 10.0.0.242 () {32 vars in 816 bytes} [Thu Jul 9 18:26:34 2026] GET /resource_providers/e7a24373-1045-404f-9920-012386d32cb5/aggregates => generated 235 bytes in 31 msecs (HTTP/1.1 404) 5 headers in 202 bytes (1 switches on core 0)
2026-07-09 18:26:34.113 7 INFO placement.requestlog [None req-a06bce39-5f15-4b0d-863d-66eb10dfebff 54ce670e29d8451fb6ba561d9ccd9021 35d742ef9d6c4dd3b2d24ffc9b4bb427 - - 000bde66502b4c0cb6b7b39348081c79 000bde66502b4c0cb6b7b39348081c79] 10.0.0.242 "DELETE /resource_providers/e7a24373-1045-404f-9920-012386d32cb5" status: 404 len: 246 microversion: 1.1 [pid: 7|app: 0|req: 497/997] 10.0.0.242 () {34 vars in 816 bytes} [Thu Jul 9 18:26:34 2026] DELETE /resource_providers/e7a24373-1045-404f-9920-012386d32cb5 => generated 246 bytes in 12 msecs (HTTP/1.1 404) 6 headers in 231 bytes (1 switches on core 0)
2026-07-09 18:26:35.249 8 INFO placement.requestlog [None req-07f3f1d4-827d-4ab6-94f7-bd8ec16efb29 54ce670e29d8451fb6ba561d9ccd9021 35d742ef9d6c4dd3b2d24ffc9b4bb427 - - 000bde66502b4c0cb6b7b39348081c79 000bde66502b4c0cb6b7b39348081c79] 10.0.0.242 "GET /resource_providers/157b497e-0e22-4b58-8b24-5505f80c7aa2/aggregates" status: 404 len: 235 microversion: 1.1 [pid: 8|app: 0|req: 501/998] 10.0.0.242 () {32 vars in 816 bytes} [Thu Jul 9 18:26:35 2026] GET /resource_providers/157b497e-0e22-4b58-8b24-5505f80c7aa2/aggregates => generated 235 bytes in 18 msecs (HTTP/1.1 404) 5 headers in 202 bytes (1 switches on core 0)
2026-07-09 18:26:35.256 7 INFO placement.requestlog [None req-99f0f74c-0394-4499-afb3-2297d241a8fb 54ce670e29d8451fb6ba561d9ccd9021 35d742ef9d6c4dd3b2d24ffc9b4bb427 - - 000bde66502b4c0cb6b7b39348081c79 000bde66502b4c0cb6b7b39348081c79] 10.0.0.242 "GET /resource_providers/157b497e-0e22-4b58-8b24-5505f80c7aa2/aggregates" status: 404 len: 235 microversion: 1.1 [pid: 7|app: 0|req: 498/999] 10.0.0.242 () {32 vars in 816 bytes} [Thu Jul 9 18:26:35 2026] GET /resource_providers/157b497e-0e22-4b58-8b24-5505f80c7aa2/aggregates => generated 235 bytes in 24 msecs (HTTP/1.1 404) 5 headers in 202 bytes (1 switches on core 0)
2026-07-09 18:26:35.272 7 INFO placement.requestlog [None req-03fbf46f-295b-4cdc-bf9c-65e1e310af7a 54ce670e29d8451fb6ba561d9ccd9021 35d742ef9d6c4dd3b2d24ffc9b4bb427 - - 000bde66502b4c0cb6b7b39348081c79 000bde66502b4c0cb6b7b39348081c79] 10.0.0.242 "DELETE /resource_providers/157b497e-0e22-4b58-8b24-5505f80c7aa2" status: 404 len: 246 microversion: 1.1 [pid: 7|app: 0|req: 499/1000] 10.0.0.242 () {34 vars in 816 bytes} [Thu Jul 9 18:26:35 2026] DELETE /resource_providers/157b497e-0e22-4b58-8b24-5505f80c7aa2 => generated 246 bytes in 9 msecs (HTTP/1.1 404) 6 headers in 231 bytes (1 switches on core 0)
