Jun 18 05:25:16.328865 np0000181871 devstack@neutron-api.service[107509]: DEBUG neutron_lib.callbacks.manager [None req-5ca7741d-c347-4ddc-b2c6-e45005188c37 admin admin] Publish callbacks ['neutron.objects.securitygroup.RbacNeutronDbObjectMixin.validate_rbac_policy_change-1949566477903', 'neutron.objects.address_group.RbacNeutronDbObjectMixin.validate_rbac_policy_change-1949566394044', 'neutron.objects.network.RbacNeutronDbObjectMixin.validate_rbac_policy_change-1949566375864', 'neutron.objects.qos.policy.RbacNeutronDbObjectMixin.validate_rbac_policy_change-1949566376135', 'neutron.objects.subnetpool.RbacNeutronDbObjectMixin.validate_rbac_policy_change-1949566420264', 'neutron.objects.address_scope.RbacNeutronDbObjectMixin.validate_rbac_policy_change-1949566419685', 'neutron.plugins.ml2.plugin.External_net_db_mixin._process_ext_policy_create-392373', 'neutron.plugins.ml2.plugin.NeutronDbPluginV2.validate_network_rbac_policy_change-365911'] for rbac-policy (None), before_create {{(pid=107509) _notify_loop /opt/stack/data/venv/lib/python3.12/site-packages/neutron_lib/callbacks/manager.py:184}}
Jun 18 05:25:16.370740 np0000181871 devstack@neutron-api.service[107509]: DEBUG neutron_lib.callbacks.manager [None req-5ca7741d-c347-4ddc-b2c6-e45005188c37 admin admin] Publish callbacks [] for subnetpool (None), before_response {{(pid=107509) _notify_loop /opt/stack/data/venv/lib/python3.12/site-packages/neutron_lib/callbacks/manager.py:184}}
Jun 18 05:25:16.371473 np0000181871 devstack@neutron-api.service[107509]: [pid: 107509|app: 0|req: 1/4] 199.19.213.85 () {68 vars in 1360 bytes} [Thu Jun 18 05:25:15 2026] POST /networking/v2.0/subnetpools => generated 543 bytes in 497 msecs (HTTP/1.1 201) 4 headers in 162 bytes (1 switches on core 0)
Jun 18 05:25:16.775633 np0000181871 devstack@neutron-api.service[107511]: DEBUG neutron.api.v2.base [None req-dad7cd07-c0db-4f7c-b664-3b95e7bad400 admin admin] Request body: {'network': {'admin_state_up': True, 'name': 'private'}} {{(pid=107511) prepare_request_body /opt/stack/neutron/neutron/api/v2/base.py:727}}
Jun 18 05:25:16.808354 np0000181871 devstack@neutron-api.service[107511]: DEBUG neutron.pecan_wsgi.hooks.quota_enforcement [None req-dad7cd07-c0db-4f7c-b664-3b95e7bad400 admin admin] Made reservation on behalf of 00e8b36b1a1a4164a8dd078f49f0c523 for: {'network': 1} {{(pid=107511) before /opt/stack/neutron/neutron/pecan_wsgi/hooks/quota_enforcement.py:66}}
Jun 18 05:25:17.003818 np0000181871 devstack@neutron-api.service[107511]: DEBUG neutron.policy [None req-dad7cd07-c0db-4f7c-b664-3b95e7bad400 admin admin] Loaded default policies from ['neutron'] under neutron.policies entry points {{(pid=107511) register_rules /opt/stack/neutron/neutron/policy.py:65}}
Jun 18 05:25:17.107600 np0000181871 devstack@neutron-api.service[107511]: DEBUG neutron_lib.callbacks.manager [None req-dad7cd07-c0db-4f7c-b664-3b95e7bad400 admin admin] Publish callbacks ['neutron.plugins.ml2.plugin.SecurityGroupDbMixin._ensure_default_security_group_handler-8588778798'] for network (None), before_create {{(pid=107511) _notify_loop /opt/stack/data/venv/lib/python3.12/site-packages/neutron_lib/callbacks/manager.py:184}}
Jun 18 05:25:17.130138 np0000181871 devstack@neutron-api.service[107511]: DEBUG neutron_lib.callbacks.manager [None req-dad7cd07-c0db-4f7c-b664-3b95e7bad400 admin admin] Publish callbacks [] for security_group (None), before_create {{(pid=107511) _notify_loop /opt/stack/data/venv/lib/python3.12/site-packages/neutron_lib/callbacks/manager.py:184}}
Jun 18 05:25:17.229945 np0000181871 devstack@neutron-api.service[107511]: DEBUG neutron_lib.callbacks.manager [None req-dad7cd07-c0db-4f7c-b664-3b95e7bad400 admin admin] Publish callbacks ['neutron.plugins.ml2.drivers.ovn.mech_driver.mech_driver.OVNMechanismDriver._create_security_group_precommit-855344'] for security_group (3cc81118-d91f-46ad-a2ca-bb6a3851f4a1), precommit_create {{(pid=107511) _notify_loop /opt/stack/data/venv/lib/python3.12/site-packages/neutron_lib/callbacks/manager.py:184}}
Jun 18 05:25:17.230207 np0000181871 devstack@neutron-api.service[107511]: DEBUG neutron.db.ovn_revision_numbers_db [None req-dad7cd07-c0db-4f7c-b664-3b95e7bad400 admin admin] create_initial_revision uuid=3cc81118-d91f-46ad-a2ca-bb6a3851f4a1, type=security_groups, rev=-1 {{(pid=107511) create_initial_revision /opt/stack/neutron/neutron/db/ovn_revision_numbers_db.py:98}}
Jun 18 05:25:17.232532 np0000181871 devstack@neutron-api.service[107511]: DEBUG neutron.db.ovn_revision_numbers_db [None req-dad7cd07-c0db-4f7c-b664-3b95e7bad400 admin admin] create_initial_revision uuid=16ff5ee7-9464-4ec1-ab84-160091cc5c08, type=security_group_rules, rev=-1 {{(pid=107511) create_initial_revision /opt/stack/neutron/neutron/db/ovn_revision_numbers_db.py:98}}
Jun 18 05:25:17.233541 np0000181871 devstack@neutron-api.service[107511]: DEBUG neutron.db.ovn_revision_numbers_db [None req-dad7cd07-c0db-4f7c-b664-3b95e7bad400 admin admin] create_initial_revision uuid=3aba9f45-8cbd-4e51-9644-79c2adc9fd14, type=security_group_rules, rev=-1 {{(pid=107511) create_initial_revision /opt/stack/neutron/neutron/db/ovn_revision_numbers_db.py:98}}
Jun 18 05:25:17.234475 np0000181871 devstack@neutron-api.service[107511]: DEBUG neutron.db.ovn_revision_numbers_db [None req-dad7cd07-c0db-4f7c-b664-3b95e7bad400 admin admin] create_initial_revision uuid=44667934-b1aa-4343-b705-2238cbb4478d, type=security_group_rules, rev=-1 {{(pid=107511) create_initial_revision /opt/stack/neutron/neutron/db/ovn_revision_numbers_db.py:98}}
Jun 18 05:25:17.235464 np0000181871 devstack@neutron-api.service[107511]: DEBUG neutron.db.ovn_revision_numbers_db [None req-dad7cd07-c0db-4f7c-b664-3b95e7bad400 admin admin] create_initial_revision uuid=8ab15896-6717-4d4b-b820-2cbfc06be97f, type=security_group_rules, rev=-1 {{(pid=107511) create_initial_revision /opt/stack/neutron/neutron/db/ovn_revision_numbers_db.py:98}}
Jun 18 05:25:17.242660 np0000181871 devstack@neutron-api.service[107511]: DEBUG neutron_lib.callbacks.manager [None req-dad7cd07-c0db-4f7c-b664-3b95e7bad400 admin admin] Publish callbacks ['neutron.plugins.ml2.drivers.ovn.mech_driver.mech_driver.OVNMechanismDriver._create_security_group-855334', 'neutron.plugins.ml2.ovo_rpc._ObjectChangeHandler.handle_event-3575571'] for security_group (3cc81118-d91f-46ad-a2ca-bb6a3851f4a1), after_create {{(pid=107511) _notify_loop /opt/stack/data/venv/lib/python3.12/site-packages/neutron_lib/callbacks/manager.py:184}}
Jun 18 05:25:17.244097 np0000181871 devstack@neutron-api.service[107511]: DEBUG ovsdbapp.backend.ovs_idl.transaction [-] Running txn n=1 command(idx=0): PgAddCommand(_result=None, name=pg_3cc81118_d91f_46ad_a2ca_bb6a3851f4a1, may_exist=False, columns={'acls': [], 'external_ids': {'neutron:security_group_id': '3cc81118-d91f-46ad-a2ca-bb6a3851f4a1'}}) {{(pid=107511) do_commit /opt/stack/data/venv/lib/python3.12/site-packages/ovsdbapp/backend/ovs_idl/transaction.py:89}}
Jun 18 05:25:17.246270 np0000181871 devstack@neutron-api.service[107511]: DEBUG ovsdbapp.backend.ovs_idl.transaction [-] Running txn n=1 command(idx=1): PgAclAddCommand(_result=None, entity=pg_3cc81118_d91f_46ad_a2ca_bb6a3851f4a1, direction=to-lport, priority=1002, match=outport == @pg_3cc81118_d91f_46ad_a2ca_bb6a3851f4a1 && ip4 && ip4.src == $pg_3cc81118_d91f_46ad_a2ca_bb6a3851f4a1_ip4, action=allow-related, log=False, may_exist=True, severity=[], name=[], meter=[], external_ids={'neutron:security_group_rule_id': '16ff5ee7-9464-4ec1-ab84-160091cc5c08'}) {{(pid=107511) do_commit /opt/stack/data/venv/lib/python3.12/site-packages/ovsdbapp/backend/ovs_idl/transaction.py:89}}
Jun 18 05:25:17.247177 np0000181871 devstack@neutron-api.service[107511]: DEBUG ovsdbapp.backend.ovs_idl.transaction [-] Running txn n=1 command(idx=2): PgAclAddCommand(_result=None, entity=pg_3cc81118_d91f_46ad_a2ca_bb6a3851f4a1, direction=from-lport, priority=1002, match=inport == @pg_3cc81118_d91f_46ad_a2ca_bb6a3851f4a1 && ip6, action=allow-related, log=False, may_exist=True, severity=[], name=[], meter=[], external_ids={'neutron:security_group_rule_id': '3aba9f45-8cbd-4e51-9644-79c2adc9fd14'}) {{(pid=107511) do_commit /opt/stack/data/venv/lib/python3.12/site-packages/ovsdbapp/backend/ovs_idl/transaction.py:89}}
Jun 18 05:25:17.247920 np0000181871 devstack@neutron-api.service[107511]: DEBUG ovsdbapp.backend.ovs_idl.transaction [-] Running txn n=1 command(idx=3): PgAclAddCommand(_result=None, entity=pg_3cc81118_d91f_46ad_a2ca_bb6a3851f4a1, direction=to-lport, priority=1002, match=outport == @pg_3cc81118_d91f_46ad_a2ca_bb6a3851f4a1 && ip6 && ip6.src == $pg_3cc81118_d91f_46ad_a2ca_bb6a3851f4a1_ip6, action=allow-related, log=False, may_exist=True, severity=[], name=[], meter=[], external_ids={'neutron:security_group_rule_id': '44667934-b1aa-4343-b705-2238cbb4478d'}) {{(pid=107511) do_commit /opt/stack/data/venv/lib/python3.12/site-packages/ovsdbapp/backend/ovs_idl/transaction.py:89}}
Jun 18 05:25:17.248437 np0000181871 devstack@neutron-api.service[107511]: DEBUG ovsdbapp.backend.ovs_idl.transaction [-] Running txn n=1 command(idx=4): PgAclAddCommand(_result=None, entity=pg_3cc81118_d91f_46ad_a2ca_bb6a3851f4a1, direction=from-lport, priority=1002, match=inport == @pg_3cc81118_d91f_46ad_a2ca_bb6a3851f4a1 && ip4, action=allow-related, log=False, may_exist=True, severity=[], name=[], meter=[], external_ids={'neutron:security_group_rule_id': '8ab15896-6717-4d4b-b820-2cbfc06be97f'}) {{(pid=107511) do_commit /opt/stack/data/venv/lib/python3.12/site-packages/ovsdbapp/backend/ovs_idl/transaction.py:89}}
Jun 18 05:25:17.286699 np0000181871 devstack@neutron-api.service[107509]: DEBUG neutron.plugins.ml2.drivers.ovn.mech_driver.ovsdb.ovsdb_monitor [-] Hash Ring: Node 321d9f05294757ed96d224199f90eae4 (host: np0000181871) handling event "create" for row aab6b9d7-b1a9-42a2-96fa-9f089e61516f (table: ACL) {{(pid=107509) notify /opt/stack/neutron/neutron/plugins/ml2/drivers/ovn/mech_driver/ovsdb/ovsdb_monitor.py:1015}}
Jun 18 05:25:17.286978 np0000181871 devstack@neutron-api.service[107512]: DEBUG neutron.plugins.ml2.drivers.ovn.mech_driver.ovsdb.ovsdb_monitor [-] Hash Ring: Node e76a14c427dc5bb89e6ef8d96426563c (host: np0000181871) handling event "create" for row 122d1571-680e-4b0b-8fe9-c2e9c5d1ab9e (table: ACL) {{(pid=107512) notify /opt/stack/neutron/neutron/plugins/ml2/drivers/ovn/mech_driver/ovsdb/ovsdb_monitor.py:1015}}
Jun 18 05:25:17.286978 np0000181871 devstack@neutron-api.service[107512]: DEBUG neutron.plugins.ml2.drivers.ovn.mech_driver.ovsdb.ovsdb_monitor [-] Hash Ring: Node e76a14c427dc5bb89e6ef8d96426563c (host: np0000181871) handling event "create" for row aab6b9d7-b1a9-42a2-96fa-9f089e61516f (table: ACL) {{(pid=107512) notify /opt/stack/neutron/neutron/plugins/ml2/drivers/ovn/mech_driver/ovsdb/ovsdb_monitor.py:1015}}
Jun 18 05:25:17.287683 np0000181871 devstack@neutron-api.service[107512]: DEBUG neutron.plugins.ml2.drivers.ovn.mech_driver.ovsdb.ovsdb_monitor [-] Hash Ring: Node e76a14c427dc5bb89e6ef8d96426563c (host: np0000181871) handling event "create" for row bc57ce2d-80aa-49fe-a4e9-a68ba1fea68c (table: ACL) {{(pid=107512) notify /opt/stack/neutron/neutron/plugins/ml2/drivers/ovn/mech_driver/ovsdb/ovsdb_monitor.py:1015}}
Jun 18 05:25:17.287999 np0000181871 devstack@neutron-api.service[107512]: DEBUG neutron.plugins.ml2.drivers.ovn.mech_driver.ovsdb.ovsdb_monitor [-] Hash Ring: Node e76a14c427dc5bb89e6ef8d96426563c (host: np0000181871) handling event "create" for row d05c84e9-5698-4431-8017-cceae240dfb6 (table: ACL) {{(pid=107512) notify /opt/stack/neutron/neutron/plugins/ml2/drivers/ovn/mech_driver/ovsdb/ovsdb_monitor.py:1015}}
Jun 18 05:25:17.288529 np0000181871 devstack@neutron-api.service[107512]: DEBUG neutron.plugins.ml2.drivers.ovn.mech_driver.ovsdb.ovsdb_monitor [-] Hash Ring: Node e76a14c427dc5bb89e6ef8d96426563c (host: np0000181871) handling event "create" for row 3451762f-952e-481b-b5d3-9da621a20304 (table: Port_Group) {{(pid=107512) notify /opt/stack/neutron/neutron/plugins/ml2/drivers/ovn/mech_driver/ovsdb/ovsdb_monitor.py:1015}}
Jun 18 05:25:17.293481 np0000181871 devstack@neutron-api.service[107510]: DEBUG neutron.plugins.ml2.drivers.ovn.mech_driver.ovsdb.ovsdb_monitor [-] Hash Ring: Node b68d354fd60655a697cf11e75915b67c (host: np0000181871) handling event "create" for row bc57ce2d-80aa-49fe-a4e9-a68ba1fea68c (table: ACL) {{(pid=107510) notify /opt/stack/neutron/neutron/plugins/ml2/drivers/ovn/mech_driver/ovsdb/ovsdb_monitor.py:1015}}
Jun 18 05:25:17.293481 np0000181871 devstack@neutron-api.service[107510]: DEBUG neutron.plugins.ml2.drivers.ovn.mech_driver.ovsdb.ovsdb_monitor [-] Hash Ring: Node b68d354fd60655a697cf11e75915b67c (host: np0000181871) handling event "create" for row d05c84e9-5698-4431-8017-cceae240dfb6 (table: ACL) {{(pid=107510) notify /opt/stack/neutron/neutron/plugins/ml2/drivers/ovn/mech_driver/ovsdb/ovsdb_monitor.py:1015}}
Jun 18 05:25:17.324269 np0000181871 devstack@neutron-api.service[107511]: INFO neutron.db.ovn_revision_numbers_db [None req-dad7cd07-c0db-4f7c-b664-3b95e7bad400 admin admin] Successfully bumped revision number for resource 3cc81118-d91f-46ad-a2ca-bb6a3851f4a1 (type: security_groups) to 1
Jun 18 05:25:17.339756 np0000181871 devstack@neutron-api.service[107511]: INFO neutron.db.ovn_revision_numbers_db [None req-dad7cd07-c0db-4f7c-b664-3b95e7bad400 admin admin] Successfully bumped revision number for resource 16ff5ee7-9464-4ec1-ab84-160091cc5c08 (type: security_group_rules) to 0
Jun 18 05:25:17.352152 np0000181871 devstack@neutron-api.service[107511]: INFO neutron.db.ovn_revision_numbers_db [None req-dad7cd07-c0db-4f7c-b664-3b95e7bad400 admin admin] Successfully bumped revision number for resource 3aba9f45-8cbd-4e51-9644-79c2adc9fd14 (type: security_group_rules) to 0
Jun 18 05:25:17.362822 np0000181871 devstack@neutron-api.service[107511]: INFO neutron.db.ovn_revision_numbers_db [None req-dad7cd07-c0db-4f7c-b664-3b95e7bad400 admin admin] Successfully bumped revision number for resource 44667934-b1aa-4343-b705-2238cbb4478d (type: security_group_rules) to 0
Jun 18 05:25:17.375150 np0000181871 devstack@neutron-api.service[107511]: INFO neutron.db.ovn_revision_numbers_db [None req-dad7cd07-c0db-4f7c-b664-3b95e7bad400 admin admin] Successfully bumped revision number for resource 8ab15896-6717-4d4b-b820-2cbfc06be97f (type: security_group_rules) to 0
Jun 18 05:25:17.397509 np0000181871 devstack@neutron-api.service[107511]: DEBUG neutron.api.rpc.handlers.resources_rpc [None req-dad7cd07-c0db-4f7c-b664-3b95e7bad400 admin admin] Pushing event updated for resources: {'SecurityGroup': ['ID=3cc81118-d91f-46ad-a2ca-bb6a3851f4a1,revision_number=1']} {{(pid=107511) push /opt/stack/neutron/neutron/api/rpc/handlers/resources_rpc.py:237}}
Jun 18 05:25:17.405269 np0000181871 devstack@neutron-api.service[107511]: DEBUG ovsdbapp.backend.ovs_idl.transaction [-] Running txn n=1 command(idx=0): CheckLivenessCommand(_result=None) {{(pid=107511) do_commit /opt/stack/data/venv/lib/python3.12/site-packages/ovsdbapp/backend/ovs_idl/transaction.py:89}}
Jun 18 05:25:17.407436 np0000181871 devstack@neutron-api.service[107511]: DEBUG neutron.plugins.ml2.drivers.ovn.mech_driver.ovsdb.ovsdb_monitor [-] Hash Ring: Node ae1a4250586050ff8d824014d6d7cf53 (host: np0000181871) handling event "update" for row feb4f890-6c7d-4239-894d-7120a2509a5a (table: NB_Global) {{(pid=107511) notify /opt/stack/neutron/neutron/plugins/ml2/drivers/ovn/mech_driver/ovsdb/ovsdb_monitor.py:1015}}
Jun 18 05:25:17.409012 np0000181871 devstack@neutron-api.service[107512]: DEBUG neutron.plugins.ml2.drivers.ovn.mech_driver.ovsdb.ovsdb_monitor [-] Hash Ring: Node e76a14c427dc5bb89e6ef8d96426563c (host: np0000181871) handling event "update" for row feb4f890-6c7d-4239-894d-7120a2509a5a (table: NB_Global) {{(pid=107512) notify /opt/stack/neutron/neutron/plugins/ml2/drivers/ovn/mech_driver/ovsdb/ovsdb_monitor.py:1015}}
Jun 18 05:25:17.411376 np0000181871 devstack@neutron-api.service[107511]: DEBUG neutron.api.rpc.callbacks.version_manager [None req-dad7cd07-c0db-4f7c-b664-3b95e7bad400 admin admin] Tracked resource versions report:
Jun 18 05:25:17.411376 np0000181871 devstack@neutron-api.service[107511]: pushed versions:
Jun 18 05:25:17.411376 np0000181871 devstack@neutron-api.service[107511]: { 'AddressGroup': {'1.2'},
Jun 18 05:25:17.411376 np0000181871 devstack@neutron-api.service[107511]: 'Agent': {'1.1'},
Jun 18 05:25:17.411376 np0000181871 devstack@neutron-api.service[107511]: 'ConntrackHelper': {'1.0'},
Jun 18 05:25:17.411376 np0000181871 devstack@neutron-api.service[107511]: 'LocalIPAssociation': {'1.0'},
Jun 18 05:25:17.411376 np0000181871 devstack@neutron-api.service[107511]: 'Log': {'1.0'},
Jun 18 05:25:17.411376 np0000181871 devstack@neutron-api.service[107511]: 'NDPProxy': {'1.0'},
Jun 18 05:25:17.411376 np0000181871 devstack@neutron-api.service[107511]: 'Network': {'1.3'},
Jun 18 05:25:17.411376 np0000181871 devstack@neutron-api.service[107511]: 'Port': {'1.11'},
Jun 18 05:25:17.411376 np0000181871 devstack@neutron-api.service[107511]: 'PortForwarding': {'1.3'},
Jun 18 05:25:17.411376 np0000181871 devstack@neutron-api.service[107511]: 'QosPolicy': {'1.10'},
Jun 18 05:25:17.411376 np0000181871 devstack@neutron-api.service[107511]: 'SecurityGroup': {'1.6'},
Jun 18 05:25:17.411376 np0000181871 devstack@neutron-api.service[107511]: 'SecurityGroupRule': {'1.3'},
Jun 18 05:25:17.411376 np0000181871 devstack@neutron-api.service[107511]: 'SubPort': {'1.0'},
Jun 18 05:25:17.411376 np0000181871 devstack@neutron-api.service[107511]: 'Subnet': {'1.2'},
Jun 18 05:25:17.411376 np0000181871 devstack@neutron-api.service[107511]: 'Trunk': {'1.1'}}
Jun 18 05:25:17.411376 np0000181871 devstack@neutron-api.service[107511]: consumer versions:
Jun 18 05:25:17.411376 np0000181871 devstack@neutron-api.service[107511]: {}
Jun 18 05:25:17.411376 np0000181871 devstack@neutron-api.service[107511]: {{(pid=107511) report /opt/stack/neutron/neutron/api/rpc/callbacks/version_manager.py:183}}
Jun 18 05:25:17.414951 np0000181871 devstack@neutron-api.service[107512]: DEBUG neutron.plugins.ml2.drivers.ovn.mech_driver.ovsdb.ovsdb_monitor [-] Hash Ring: Node e76a14c427dc5bb89e6ef8d96426563c (host: np0000181871) handling event "update" for row feb4f890-6c7d-4239-894d-7120a2509a5a (table: NB_Global) {{(pid=107512) notify /opt/stack/neutron/neutron/plugins/ml2/drivers/ovn/mech_driver/ovsdb/ovsdb_monitor.py:1015}}
Jun 18 05:25:17.415581 np0000181871 devstack@neutron-api.service[107509]: DEBUG neutron.plugins.ml2.drivers.ovn.mech_driver.ovsdb.ovsdb_monitor [-] ChassisAgentWriteEvent : Matched Chassis_Private, update, None None {{(pid=107509) matches /opt/stack/neutron/neutron/plugins/ml2/drivers/ovn/mech_driver/ovsdb/ovsdb_monitor.py:64}}
Jun 18 05:25:17.416076 np0000181871 devstack@neutron-api.service[107510]: DEBUG neutron.plugins.ml2.drivers.ovn.mech_driver.ovsdb.ovsdb_monitor [-] ChassisAgentWriteEvent : Matched Chassis_Private, update, None None {{(pid=107510) matches /opt/stack/neutron/neutron/plugins/ml2/drivers/ovn/mech_driver/ovsdb/ovsdb_monitor.py:64}}
Jun 18 05:25:17.416221 np0000181871 devstack@neutron-api.service[107512]: DEBUG neutron.plugins.ml2.drivers.ovn.mech_driver.ovsdb.ovsdb_monitor [-] ChassisAgentWriteEvent : Matched Chassis_Private, update, None None {{(pid=107512) matches /opt/stack/neutron/neutron/plugins/ml2/drivers/ovn/mech_driver/ovsdb/ovsdb_monitor.py:64}}
Jun 18 05:25:17.416720 np0000181871 devstack@neutron-api.service[107511]: DEBUG neutron.plugins.ml2.drivers.ovn.mech_driver.ovsdb.ovsdb_monitor [-] Hash Ring: Node ae1a4250586050ff8d824014d6d7cf53 (host: np0000181871) handling event "update" for row feb4f890-6c7d-4239-894d-7120a2509a5a (table: NB_Global) {{(pid=107511) notify /opt/stack/neutron/neutron/plugins/ml2/drivers/ovn/mech_driver/ovsdb/ovsdb_monitor.py:1015}}
Jun 18 05:25:17.416720 np0000181871 devstack@neutron-api.service[107511]: DEBUG neutron.plugins.ml2.drivers.ovn.mech_driver.ovsdb.ovsdb_monitor [-] ChassisAgentWriteEvent : Matched Chassis_Private, update, None None {{(pid=107511) matches /opt/stack/neutron/neutron/plugins/ml2/drivers/ovn/mech_driver/ovsdb/ovsdb_monitor.py:64}}
Jun 18 05:25:17.416720 np0000181871 devstack@neutron-api.service[107511]: DEBUG neutron.plugins.ml2.drivers.ovn.mech_driver.ovsdb.ovsdb_monitor [-] Hash Ring: Node ae1a4250586050ff8d824014d6d7cf53 (host: np0000181871) handling event "update" for row e5a0a5b4-74c6-4d43-97d3-c2112090e199 (table: Chassis_Private) {{(pid=107511) notify /opt/stack/neutron/neutron/plugins/ml2/drivers/ovn/mech_driver/ovsdb/ovsdb_monitor.py:1015}}
Jun 18 05:25:17.417496 np0000181871 devstack@neutron-api.service[107511]: DEBUG neutron.plugins.ml2.drivers.ovn.mech_driver.ovsdb.ovsdb_monitor [-] Hash Ring: Node ae1a4250586050ff8d824014d6d7cf53 (host: np0000181871) handling event "update" for row feb4f890-6c7d-4239-894d-7120a2509a5a (table: NB_Global) {{(pid=107511) notify /opt/stack/neutron/neutron/plugins/ml2/drivers/ovn/mech_driver/ovsdb/ovsdb_monitor.py:1015}}
Jun 18 05:25:17.419364 np0000181871 devstack@neutron-api.service[107511]: DEBUG neutron.plugins.ml2.drivers.ovn.mech_driver.ovsdb.ovsdb_monitor [-] Hash Ring: Node ae1a4250586050ff8d824014d6d7cf53 (host: np0000181871) handling event "update" for row feb4f890-6c7d-4239-894d-7120a2509a5a (table: NB_Global) {{(pid=107511) notify /opt/stack/neutron/neutron/plugins/ml2/drivers/ovn/mech_driver/ovsdb/ovsdb_monitor.py:1015}}
Jun 18 05:25:17.420871 np0000181871 devstack@neutron-api.service[107512]: DEBUG neutron.plugins.ml2.drivers.ovn.mech_driver.ovsdb.ovsdb_monitor [-] Hash Ring: Node e76a14c427dc5bb89e6ef8d96426563c (host: np0000181871) handling event "update" for row feb4f890-6c7d-4239-894d-7120a2509a5a (table: NB_Global) {{(pid=107512) notify /opt/stack/neutron/neutron/plugins/ml2/drivers/ovn/mech_driver/ovsdb/ovsdb_monitor.py:1015}}
Jun 18 05:25:17.421372 np0000181871 devstack@neutron-api.service[107509]: DEBUG neutron.plugins.ml2.drivers.ovn.mech_driver.ovsdb.ovsdb_monitor [-] ChassisOVNAgentWriteEvent : Matched Chassis_Private, update, None None {{(pid=107509) matches /opt/stack/neutron/neutron/plugins/ml2/drivers/ovn/mech_driver/ovsdb/ovsdb_monitor.py:64}}
Jun 18 05:25:17.422331 np0000181871 devstack@neutron-api.service[107511]: DEBUG neutron.plugins.ml2.drivers.ovn.mech_driver.ovsdb.ovsdb_monitor [-] ChassisOVNAgentWriteEvent : Matched Chassis_Private, update, None None {{(pid=107511) matches /opt/stack/neutron/neutron/plugins/ml2/drivers/ovn/mech_driver/ovsdb/ovsdb_monitor.py:64}}
Jun 18 05:25:17.422694 np0000181871 devstack@neutron-api.service[107510]: DEBUG neutron.plugins.ml2.drivers.ovn.mech_driver.ovsdb.ovsdb_monitor [-] ChassisOVNAgentWriteEvent : Matched Chassis_Private, update, None None {{(pid=107510) matches /opt/stack/neutron/neutron/plugins/ml2/drivers/ovn/mech_driver/ovsdb/ovsdb_monitor.py:64}}
Jun 18 05:25:17.422822 np0000181871 devstack@neutron-api.service[107511]: DEBUG neutron.plugins.ml2.drivers.ovn.mech_driver.ovsdb.ovsdb_monitor [-] Hash Ring: Node ae1a4250586050ff8d824014d6d7cf53 (host: np0000181871) handling event "update" for row e5a0a5b4-74c6-4d43-97d3-c2112090e199 (table: Chassis_Private) {{(pid=107511) notify /opt/stack/neutron/neutron/plugins/ml2/drivers/ovn/mech_driver/ovsdb/ovsdb_monitor.py:1015}}
Jun 18 05:25:17.423840 np0000181871 devstack@neutron-api.service[107512]: DEBUG neutron.plugins.ml2.drivers.ovn.mech_driver.ovsdb.ovsdb_monitor [-] Hash Ring: Node e76a14c427dc5bb89e6ef8d96426563c (host: np0000181871) handling event "update" for row feb4f890-6c7d-4239-894d-7120a2509a5a (table: NB_Global) {{(pid=107512) notify /opt/stack/neutron/neutron/plugins/ml2/drivers/ovn/mech_driver/ovsdb/ovsdb_monitor.py:1015}}
Jun 18 05:25:17.426291 np0000181871 devstack@neutron-api.service[107512]: DEBUG neutron.common.ovn.hash_ring_manager [-] Allow caching, nodes 4>=4 {{(pid=107512) _wait_startup_before_caching /opt/stack/neutron/neutron/common/ovn/hash_ring_manager.py:71}}
Jun 18 05:25:17.426643 np0000181871 devstack@neutron-api.service[107512]: DEBUG neutron.plugins.ml2.drivers.ovn.mech_driver.ovsdb.ovsdb_monitor [-] Hash Ring: Node e76a14c427dc5bb89e6ef8d96426563c (host: np0000181871) handling event "update" for row e5a0a5b4-74c6-4d43-97d3-c2112090e199 (table: Chassis_Private) {{(pid=107512) notify /opt/stack/neutron/neutron/plugins/ml2/drivers/ovn/mech_driver/ovsdb/ovsdb_monitor.py:1015}}
Jun 18 05:25:17.427605 np0000181871 devstack@neutron-api.service[107512]: DEBUG neutron.plugins.ml2.drivers.ovn.mech_driver.ovsdb.ovsdb_monitor [-] ChassisOVNAgentWriteEvent : Matched Chassis_Private, update, None None {{(pid=107512) matches /opt/stack/neutron/neutron/plugins/ml2/drivers/ovn/mech_driver/ovsdb/ovsdb_monitor.py:64}}
Jun 18 05:25:17.427985 np0000181871 devstack@neutron-api.service[107512]: DEBUG neutron.plugins.ml2.drivers.ovn.mech_driver.ovsdb.ovsdb_monitor [-] Hash Ring: Node e76a14c427dc5bb89e6ef8d96426563c (host: np0000181871) handling event "update" for row e5a0a5b4-74c6-4d43-97d3-c2112090e199 (table: Chassis_Private) {{(pid=107512) notify /opt/stack/neutron/neutron/plugins/ml2/drivers/ovn/mech_driver/ovsdb/ovsdb_monitor.py:1015}}
Jun 18 05:25:17.479842 np0000181871 devstack@neutron-api.service[107511]: DEBUG neutron.plugins.ml2.drivers.helpers [None req-dad7cd07-c0db-4f7c-b664-3b95e7bad400 admin admin] geneve segment allocate from pool success with {'geneve_vni': 24127} {{(pid=107511) allocate_partially_specified_segment /opt/stack/neutron/neutron/plugins/ml2/drivers/helpers.py:142}}
Jun 18 05:25:17.492731 np0000181871 devstack@neutron-api.service[107511]: DEBUG neutron_lib.callbacks.manager [None req-dad7cd07-c0db-4f7c-b664-3b95e7bad400 admin admin] Publish callbacks ['neutron.services.segments.db._add_segment_host_mapping_for_segment-8559868599480', 'neutron.plugins.ml2.plugin.Ml2Plugin._handle_segment_change-8588519314'] for segment (dfbd811b-7484-4d84-9a9d-f727eaeef782), precommit_create {{(pid=107511) _notify_loop /opt/stack/data/venv/lib/python3.12/site-packages/neutron_lib/callbacks/manager.py:184}}
Jun 18 05:25:17.492893 np0000181871 devstack@neutron-api.service[107511]: INFO neutron.db.segments_db [None req-dad7cd07-c0db-4f7c-b664-3b95e7bad400 admin admin] Added segment dfbd811b-7484-4d84-9a9d-f727eaeef782 of type geneve for network 5505a76f-6e26-406d-a9bb-86c7be8adfc8
Jun 18 05:25:17.536455 np0000181871 devstack@neutron-api.service[107511]: DEBUG neutron_lib.callbacks.manager [None req-dad7cd07-c0db-4f7c-b664-3b95e7bad400 admin admin] Publish callbacks ['neutron.services.auto_allocate.db._ensure_external_network_default_value_callback-8559865991058'] for network (5505a76f-6e26-406d-a9bb-86c7be8adfc8), precommit_create {{(pid=107511) _notify_loop /opt/stack/data/venv/lib/python3.12/site-packages/neutron_lib/callbacks/manager.py:184}}
Jun 18 05:25:17.551579 np0000181871 devstack@neutron-api.service[107511]: DEBUG neutron.plugins.ml2.drivers.ovn.mech_driver.mech_driver [None req-dad7cd07-c0db-4f7c-b664-3b95e7bad400 admin admin] Validating network segment with type geneve, segmentation ID 24127, physical network None {{(pid=107511) _validate_network_segments /opt/stack/neutron/neutron/plugins/ml2/drivers/ovn/mech_driver/mech_driver.py:643}}
Jun 18 05:25:17.551686 np0000181871 devstack@neutron-api.service[107511]: DEBUG neutron.db.ovn_revision_numbers_db [None req-dad7cd07-c0db-4f7c-b664-3b95e7bad400 admin admin] create_initial_revision uuid=5505a76f-6e26-406d-a9bb-86c7be8adfc8, type=networks, rev=-1 {{(pid=107511) create_initial_revision /opt/stack/neutron/neutron/db/ovn_revision_numbers_db.py:98}}
Jun 18 05:25:17.568118 np0000181871 devstack@neutron-api.service[107511]: DEBUG neutron_lib.callbacks.manager [None req-dad7cd07-c0db-4f7c-b664-3b95e7bad400 admin admin] Publish callbacks ['neutron.plugins.ml2.ovo_rpc._ObjectChangeHandler.handle_event-3575568'] for network (5505a76f-6e26-406d-a9bb-86c7be8adfc8), after_create {{(pid=107511) _notify_loop /opt/stack/data/venv/lib/python3.12/site-packages/neutron_lib/callbacks/manager.py:184}}
Jun 18 05:25:17.620308 np0000181871 devstack@neutron-api.service[107511]: DEBUG neutron.api.rpc.handlers.resources_rpc [None req-dad7cd07-c0db-4f7c-b664-3b95e7bad400 admin admin] Pushing event updated for resources: {'Network': ['ID=5505a76f-6e26-406d-a9bb-86c7be8adfc8,revision_number=1']} {{(pid=107511) push /opt/stack/neutron/neutron/api/rpc/handlers/resources_rpc.py:237}}
Jun 18 05:25:17.628703 np0000181871 devstack@neutron-api.service[107511]: DEBUG ovsdbapp.backend.ovs_idl.transaction [-] Running txn n=1 command(idx=0): AddNetworkCommand(_result=None, network_uuid=5505a76f-6e26-406d-a9bb-86c7be8adfc8, may_exist=True, columns={'external_ids': {'neutron:network_name': 'private', 'neutron:mtu': '1372', 'neutron:revision_number': '1', 'neutron:availability_zone_hints': '', 'neutron:provnet-network-type': 'geneve'}, 'other_config': {'mcast_snoop': 'false', 'mcast_flood_unregistered': 'false', 'vlan-passthru': 'false'}}) {{(pid=107511) do_commit /opt/stack/data/venv/lib/python3.12/site-packages/ovsdbapp/backend/ovs_idl/transaction.py:89}}
Jun 18 05:25:17.629425 np0000181871 devstack@neutron-api.service[107511]: DEBUG neutron.common.ovn.utils [-] OVS persist_uuid supported=True {{(pid=107511) ovs_persist_uuid_supported /opt/stack/neutron/neutron/common/ovn/utils.py:1544}}
Jun 18 05:25:17.633490 np0000181871 devstack@neutron-api.service[107512]: DEBUG neutron.plugins.ml2.drivers.ovn.mech_driver.ovsdb.ovsdb_monitor [-] Hash Ring: Node e76a14c427dc5bb89e6ef8d96426563c (host: np0000181871) handling event "create" for row 5505a76f-6e26-406d-a9bb-86c7be8adfc8 (table: Logical_Switch) {{(pid=107512) notify /opt/stack/neutron/neutron/plugins/ml2/drivers/ovn/mech_driver/ovsdb/ovsdb_monitor.py:1015}}
Jun 18 05:25:17.636212 np0000181871 devstack@neutron-api.service[107510]: DEBUG neutron.plugins.ml2.drivers.ovn.mech_driver.ovsdb.ovsdb_monitor [-] Hash Ring: Node b68d354fd60655a697cf11e75915b67c (host: np0000181871) handling event "create" for row 5505a76f-6e26-406d-a9bb-86c7be8adfc8 (table: Logical_Switch) {{(pid=107510) notify /opt/stack/neutron/neutron/plugins/ml2/drivers/ovn/mech_driver/ovsdb/ovsdb_monitor.py:1015}}
Jun 18 05:25:17.642221 np0000181871 devstack@neutron-api.service[107512]: DEBUG neutron.plugins.ml2.drivers.ovn.mech_driver.ovsdb.ovsdb_monitor [-] Hash Ring: Node e76a14c427dc5bb89e6ef8d96426563c (host: np0000181871) handling event "create" for row 622f8f7d-f9df-4631-89d0-000864ad15b7 (table: Datapath_Binding) {{(pid=107512) notify /opt/stack/neutron/neutron/plugins/ml2/drivers/ovn/mech_driver/ovsdb/ovsdb_monitor.py:1015}}
Jun 18 05:25:17.643139 np0000181871 devstack@neutron-api.service[107509]: DEBUG neutron.plugins.ml2.drivers.ovn.mech_driver.ovsdb.ovsdb_monitor [-] Hash Ring: Node 321d9f05294757ed96d224199f90eae4 (host: np0000181871) handling event "create" for row 622f8f7d-f9df-4631-89d0-000864ad15b7 (table: Datapath_Binding) {{(pid=107509) notify /opt/stack/neutron/neutron/plugins/ml2/drivers/ovn/mech_driver/ovsdb/ovsdb_monitor.py:1015}}
Jun 18 05:25:17.666163 np0000181871 devstack@neutron-api.service[107511]: INFO neutron.db.ovn_revision_numbers_db [None req-dad7cd07-c0db-4f7c-b664-3b95e7bad400 admin admin] Successfully bumped revision number for resource 5505a76f-6e26-406d-a9bb-86c7be8adfc8 (type: networks) to 1
Jun 18 05:25:17.908785 np0000181871 devstack@neutron-api.service[107511]: DEBUG neutron_lib.callbacks.manager [None req-dad7cd07-c0db-4f7c-b664-3b95e7bad400 admin admin] Publish callbacks ['neutron.plugins.ml2.plugin.SecurityGroupDbMixin._ensure_default_security_group_handler-8588778798'] for port (None), before_create {{(pid=107511) _notify_loop /opt/stack/data/venv/lib/python3.12/site-packages/neutron_lib/callbacks/manager.py:184}}
Jun 18 05:25:18.010521 np0000181871 devstack@neutron-api.service[107511]: DEBUG neutron_lib.callbacks.manager [None req-dad7cd07-c0db-4f7c-b664-3b95e7bad400 admin admin] Publish callbacks ['neutron.plugins.ml2.drivers.ovn.mech_driver.mech_driver.OVNMechanismDriver._validate_allowed_address_pairs-852660'] for allowed_address_pair (39107161-5bd2-4e8c-ad27-2c55ae9b36e9), before_create {{(pid=107511) _notify_loop /opt/stack/data/venv/lib/python3.12/site-packages/neutron_lib/callbacks/manager.py:184}}
Jun 18 05:25:18.011326 np0000181871 devstack@neutron-api.service[107511]: DEBUG neutron_lib.callbacks.manager [None req-dad7cd07-c0db-4f7c-b664-3b95e7bad400 admin admin] Publish callbacks [] for port (39107161-5bd2-4e8c-ad27-2c55ae9b36e9), precommit_create {{(pid=107511) _notify_loop /opt/stack/data/venv/lib/python3.12/site-packages/neutron_lib/callbacks/manager.py:184}}
Jun 18 05:25:18.011326 np0000181871 devstack@neutron-api.service[107511]: DEBUG neutron.plugins.ml2.drivers.ovn.mech_driver.mech_driver [None req-dad7cd07-c0db-4f7c-b664-3b95e7bad400 admin admin] No provisioning block for port 39107161-5bd2-4e8c-ad27-2c55ae9b36e9 since it does not have a host {{(pid=107511) _is_port_provisioning_required /opt/stack/neutron/neutron/plugins/ml2/drivers/ovn/mech_driver/mech_driver.py:896}}
Jun 18 05:25:18.011495 np0000181871 devstack@neutron-api.service[107511]: DEBUG neutron.db.ovn_revision_numbers_db [None req-dad7cd07-c0db-4f7c-b664-3b95e7bad400 admin admin] create_initial_revision uuid=39107161-5bd2-4e8c-ad27-2c55ae9b36e9, type=ports, rev=-1 {{(pid=107511) create_initial_revision /opt/stack/neutron/neutron/db/ovn_revision_numbers_db.py:98}}
Jun 18 05:25:18.079440 np0000181871 devstack@neutron-api.service[107511]: DEBUG neutron_lib.callbacks.manager [None req-dad7cd07-c0db-4f7c-b664-3b95e7bad400 admin admin] Publish callbacks ['neutron.plugins.ml2.ovo_rpc._ObjectChangeHandler.handle_event-3575591'] for port (39107161-5bd2-4e8c-ad27-2c55ae9b36e9), after_create {{(pid=107511) _notify_loop /opt/stack/data/venv/lib/python3.12/site-packages/neutron_lib/callbacks/manager.py:184}}
Jun 18 05:25:18.140808 np0000181871 devstack@neutron-api.service[107511]: DEBUG neutron.api.rpc.handlers.resources_rpc [None req-dad7cd07-c0db-4f7c-b664-3b95e7bad400 admin admin] Pushing event updated for resources: {'Port': ['ID=39107161-5bd2-4e8c-ad27-2c55ae9b36e9,revision_number=1']} {{(pid=107511) push /opt/stack/neutron/neutron/api/rpc/handlers/resources_rpc.py:237}}
Jun 18 05:25:18.178935 np0000181871 devstack@neutron-api.service[107511]: DEBUG neutron.plugins.ml2.drivers.ovn.mech_driver.ovsdb.commands [None req-dad7cd07-c0db-4f7c-b664-3b95e7bad400 admin admin] Converting tag [] to a tag_request {{(pid=107511) _tag_column_to_tag_request /opt/stack/neutron/neutron/plugins/ml2/drivers/ovn/mech_driver/ovsdb/commands.py:205}}
Jun 18 05:25:18.179878 np0000181871 devstack@neutron-api.service[107511]: DEBUG ovsdbapp.backend.ovs_idl.transaction [-] Running txn n=1 command(idx=0): AddLSwitchPortCommand(_result=None, lport=39107161-5bd2-4e8c-ad27-2c55ae9b36e9, lswitch=neutron-5505a76f-6e26-406d-a9bb-86c7be8adfc8, may_exist=True, network_uuid=5505a76f-6e26-406d-a9bb-86c7be8adfc8, columns={'addresses': ['fa:16:3e:32:f4:a1'], 'external_ids': {'neutron:port_name': '', 'neutron:device_id': 'ovnmeta-5505a76f-6e26-406d-a9bb-86c7be8adfc8', 'neutron:project_id': '00e8b36b1a1a4164a8dd078f49f0c523', 'neutron:cidrs': '', 'neutron:device_owner': 'network:distributed', 'neutron:subnet_pool_addr_scope4': '', 'neutron:subnet_pool_addr_scope6': '', 'neutron:network_name': 'neutron-5505a76f-6e26-406d-a9bb-86c7be8adfc8', 'neutron:security_group_ids': '', 'neutron:revision_number': '1', 'neutron:vnic_type': 'normal', 'neutron:port_capabilities': '', 'neutron:mtu': '1372'}, 'parent_name': [], 'enabled': True, 'options': {}, 'type': 'localport', 'port_security': [], 'dhcpv4_options': [], 'dhcpv6_options': [], 'tag_request': []}) {{(pid=107511) do_commit /opt/stack/data/venv/lib/python3.12/site-packages/ovsdbapp/backend/ovs_idl/transaction.py:89}}
Jun 18 05:25:18.180827 np0000181871 devstack@neutron-api.service[107511]: DEBUG ovsdbapp.backend.ovs_idl.transaction [-] Running txn n=1 command(idx=1): QoSDelCommand(_result=None, switch=neutron-5505a76f-6e26-406d-a9bb-86c7be8adfc8, conditions=[('direction', '=', 'to-lport'), ('priority', '=', 2002), ('match', '=', 'outport == "39107161-5bd2-4e8c-ad27-2c55ae9b36e9"')], if_exists=True) {{(pid=107511) do_commit /opt/stack/data/venv/lib/python3.12/site-packages/ovsdbapp/backend/ovs_idl/transaction.py:89}}
Jun 18 05:25:18.181174 np0000181871 devstack@neutron-api.service[107511]: DEBUG ovsdbapp.backend.ovs_idl.transaction [-] Running txn n=1 command(idx=2): QoSDelCommand(_result=None, switch=neutron-5505a76f-6e26-406d-a9bb-86c7be8adfc8, conditions=[('direction', '=', 'from-lport'), ('priority', '=', 2002), ('match', '=', 'inport == "39107161-5bd2-4e8c-ad27-2c55ae9b36e9"')], if_exists=True) {{(pid=107511) do_commit /opt/stack/data/venv/lib/python3.12/site-packages/ovsdbapp/backend/ovs_idl/transaction.py:89}}
Jun 18 05:25:18.187550 np0000181871 devstack@neutron-api.service[107512]: DEBUG neutron.plugins.ml2.drivers.ovn.mech_driver.ovsdb.ovsdb_monitor [-] Hash Ring: Node e76a14c427dc5bb89e6ef8d96426563c (host: np0000181871) handling event "update" for row 5505a76f-6e26-406d-a9bb-86c7be8adfc8 (table: Logical_Switch) {{(pid=107512) notify /opt/stack/neutron/neutron/plugins/ml2/drivers/ovn/mech_driver/ovsdb/ovsdb_monitor.py:1015}}
Jun 18 05:25:18.187550 np0000181871 devstack@neutron-api.service[107512]: DEBUG neutron.plugins.ml2.drivers.ovn.mech_driver.ovsdb.ovsdb_monitor [-] Hash Ring: Node e76a14c427dc5bb89e6ef8d96426563c (host: np0000181871) handling event "create" for row 6a27e1f5-14f1-4885-a340-566231a8707a (table: Logical_Switch_Port) {{(pid=107512) notify /opt/stack/neutron/neutron/plugins/ml2/drivers/ovn/mech_driver/ovsdb/ovsdb_monitor.py:1015}}
Jun 18 05:25:18.188941 np0000181871 devstack@neutron-api.service[107512]: DEBUG ovsdbapp.backend.ovs_idl.event [-] Matched CREATE: LogicalSwitchPortCreateEvent(events=('create',), table='Logical_Switch_Port', conditions=[], old_conditions=None), priority=20 to row=Logical_Switch_Port(uuid=6a27e1f5-14f1-4885-a340-566231a8707a, addresses=['fa:16:3e:32:f4:a1'], dhcpv4_options=[], dhcpv6_options=[], dynamic_addresses=[], enabled=True, external_ids={'neutron:cidrs': '', 'neutron:device_id': 'ovnmeta-5505a76f-6e26-406d-a9bb-86c7be8adfc8', 'neutron:device_owner': 'network:distributed', 'neutron:mtu': '1372', 'neutron:network_name': 'neutron-5505a76f-6e26-406d-a9bb-86c7be8adfc8', 'neutron:port_capabilities': '', 'neutron:port_name': '', 'neutron:project_id': '00e8b36b1a1a4164a8dd078f49f0c523', 'neutron:revision_number': '1', 'neutron:security_group_ids': '', 'neutron:subnet_pool_addr_scope4': '', 'neutron:subnet_pool_addr_scope6': '', 'neutron:vnic_type': 'normal'}, ha_chassis_group=[], mirror_rules=[], name='39107161-5bd2-4e8c-ad27-2c55ae9b36e9', options={}, parent_name=[], port_security=[], tag=[], tag_request=[], type='localport', up=[]) old= {{(pid=107512) matches /opt/stack/data/venv/lib/python3.12/site-packages/ovsdbapp/backend/ovs_idl/event.py:55}}
Jun 18 05:25:18.190466 np0000181871 devstack@neutron-api.service[107510]: DEBUG neutron.plugins.ml2.drivers.ovn.mech_driver.ovsdb.ovsdb_monitor [-] Hash Ring: Node b68d354fd60655a697cf11e75915b67c (host: np0000181871) handling event "update" for row 5505a76f-6e26-406d-a9bb-86c7be8adfc8 (table: Logical_Switch) {{(pid=107510) notify /opt/stack/neutron/neutron/plugins/ml2/drivers/ovn/mech_driver/ovsdb/ovsdb_monitor.py:1015}}
Jun 18 05:25:18.191412 np0000181871 devstack@neutron-api.service[107509]: DEBUG neutron.plugins.ml2.drivers.ovn.mech_driver.ovsdb.ovsdb_monitor [-] Hash Ring: Node 321d9f05294757ed96d224199f90eae4 (host: np0000181871) handling event "create" for row 0ad1e709-b58b-4e46-a18e-115c13ab7986 (table: Port_Binding) {{(pid=107509) notify /opt/stack/neutron/neutron/plugins/ml2/drivers/ovn/mech_driver/ovsdb/ovsdb_monitor.py:1015}}
Jun 18 05:25:18.195797 np0000181871 devstack@neutron-api.service[107509]: DEBUG neutron.plugins.ml2.drivers.ovn.mech_driver.ovsdb.ovsdb_monitor [-] Hash Ring: Node 321d9f05294757ed96d224199f90eae4 (host: np0000181871) handling event "create" for row 6a27e1f5-14f1-4885-a340-566231a8707a (table: Logical_Switch_Port) {{(pid=107509) notify /opt/stack/neutron/neutron/plugins/ml2/drivers/ovn/mech_driver/ovsdb/ovsdb_monitor.py:1015}}
Jun 18 05:25:18.195999 np0000181871 devstack@neutron-api.service[107512]: DEBUG neutron.plugins.ml2.drivers.ovn.mech_driver.ovsdb.ovsdb_monitor [-] Hash Ring: Node e76a14c427dc5bb89e6ef8d96426563c (host: np0000181871) handling event "create" for row 0ad1e709-b58b-4e46-a18e-115c13ab7986 (table: Port_Binding) {{(pid=107512) notify /opt/stack/neutron/neutron/plugins/ml2/drivers/ovn/mech_driver/ovsdb/ovsdb_monitor.py:1015}}
Jun 18 05:25:18.196568 np0000181871 devstack@neutron-api.service[107512]: DEBUG neutron.plugins.ml2.drivers.ovn.mech_driver.ovsdb.ovsdb_monitor [-] Hash Ring: Node e76a14c427dc5bb89e6ef8d96426563c (host: np0000181871) handling event "update" for row 6a27e1f5-14f1-4885-a340-566231a8707a (table: Logical_Switch_Port) {{(pid=107512) notify /opt/stack/neutron/neutron/plugins/ml2/drivers/ovn/mech_driver/ovsdb/ovsdb_monitor.py:1015}}
Jun 18 05:25:18.197364 np0000181871 devstack@neutron-api.service[107512]: INFO neutron.plugins.ml2.drivers.ovn.mech_driver.mech_driver [-] OVN reports status down for port: 39107161-5bd2-4e8c-ad27-2c55ae9b36e9
Jun 18 05:25:18.198669 np0000181871 devstack@neutron-api.service[107509]: DEBUG ovsdbapp.backend.ovs_idl.event [-] Matched CREATE: LogicalSwitchPortCreateEvent(events=('create',), table='Logical_Switch_Port', conditions=[], old_conditions=None), priority=20 to row=Logical_Switch_Port(uuid=6a27e1f5-14f1-4885-a340-566231a8707a, addresses=['fa:16:3e:32:f4:a1'], dhcpv4_options=[], dhcpv6_options=[], dynamic_addresses=[], enabled=True, external_ids={'neutron:cidrs': '', 'neutron:device_id': 'ovnmeta-5505a76f-6e26-406d-a9bb-86c7be8adfc8', 'neutron:device_owner': 'network:distributed', 'neutron:mtu': '1372', 'neutron:network_name': 'neutron-5505a76f-6e26-406d-a9bb-86c7be8adfc8', 'neutron:port_capabilities': '', 'neutron:port_name': '', 'neutron:project_id': '00e8b36b1a1a4164a8dd078f49f0c523', 'neutron:revision_number': '1', 'neutron:security_group_ids': '', 'neutron:subnet_pool_addr_scope4': '', 'neutron:subnet_pool_addr_scope6': '', 'neutron:vnic_type': 'normal'}, ha_chassis_group=[], mirror_rules=[], name='39107161-5bd2-4e8c-ad27-2c55ae9b36e9', options={}, parent_name=[], port_security=[], tag=[], tag_request=[], type='localport', up=[]) old= {{(pid=107509) matches /opt/stack/data/venv/lib/python3.12/site-packages/ovsdbapp/backend/ovs_idl/event.py:55}}
Jun 18 05:25:18.200041 np0000181871 devstack@neutron-api.service[107509]: INFO neutron.plugins.ml2.drivers.ovn.mech_driver.mech_driver [-] OVN reports status down for port: 39107161-5bd2-4e8c-ad27-2c55ae9b36e9
Jun 18 05:25:18.200490 np0000181871 devstack@neutron-api.service[107509]: DEBUG neutron.plugins.ml2.drivers.ovn.mech_driver.ovsdb.ovsdb_monitor [-] Hash Ring: Node 321d9f05294757ed96d224199f90eae4 (host: np0000181871) handling event "update" for row 6a27e1f5-14f1-4885-a340-566231a8707a (table: Logical_Switch_Port) {{(pid=107509) notify /opt/stack/neutron/neutron/plugins/ml2/drivers/ovn/mech_driver/ovsdb/ovsdb_monitor.py:1015}}
Jun 18 05:25:18.248430 np0000181871 devstack@neutron-api.service[107511]: INFO neutron.db.ovn_revision_numbers_db [None req-dad7cd07-c0db-4f7c-b664-3b95e7bad400 admin admin] Successfully bumped revision number for resource 39107161-5bd2-4e8c-ad27-2c55ae9b36e9 (type: ports) to 1
Jun 18 05:25:18.260028 np0000181871 devstack@neutron-api.service[107512]: DEBUG neutron.db.provisioning_blocks [None req-62d2380c-e13b-42e6-ad34-348d85390b07 None None] Transition to ACTIVE for port object 39107161-5bd2-4e8c-ad27-2c55ae9b36e9 will not be triggered until provisioned by entity L2. {{(pid=107512) add_provisioning_component /opt/stack/neutron/neutron/db/provisioning_blocks.py:74}}
Jun 18 05:25:18.260639 np0000181871 devstack@neutron-api.service[107511]: DEBUG neutron.pecan_wsgi.hooks.policy_enforcement [None req-dad7cd07-c0db-4f7c-b664-3b95e7bad400 admin admin] Attributes excluded by policy engine: ['standard_attr_id'] {{(pid=107511) _exclude_attributes_by_policy /opt/stack/neutron/neutron/pecan_wsgi/hooks/policy_enforcement.py:259}}
Jun 18 05:25:18.261065 np0000181871 devstack@neutron-api.service[107511]: DEBUG neutron_lib.callbacks.manager [None req-dad7cd07-c0db-4f7c-b664-3b95e7bad400 admin admin] Publish callbacks [] for network (None), before_response {{(pid=107511) _notify_loop /opt/stack/data/venv/lib/python3.12/site-packages/neutron_lib/callbacks/manager.py:184}}
Jun 18 05:25:18.272777 np0000181871 devstack@neutron-api.service[107509]: DEBUG neutron.db.provisioning_blocks [None req-bde946f8-0aac-44a7-8e8b-c8396c3eb193 None None] Ignored duplicate provisioning block setup for port 39107161-5bd2-4e8c-ad27-2c55ae9b36e9 by entity L2. {{(pid=107509) add_provisioning_component /opt/stack/neutron/neutron/db/provisioning_blocks.py:69}}
Jun 18 05:25:18.276063 np0000181871 devstack@neutron-api.service[107511]: [pid: 107511|app: 0|req: 1/5] 199.19.213.85 () {68 vars in 1350 bytes} [Thu Jun 18 05:25:16 2026] POST /networking/v2.0/networks => generated 681 bytes in 1614 msecs (HTTP/1.1 201) 4 headers in 162 bytes (1 switches on core 0)
Jun 18 05:25:18.306334 np0000181871 devstack@neutron-api.service[107512]: DEBUG neutron.plugins.ml2.plugin [None req-62d2380c-e13b-42e6-ad34-348d85390b07 None None] Current status of the port 39107161-5bd2-4e8c-ad27-2c55ae9b36e9 is: DOWN; New status is: DOWN {{(pid=107512) _update_individual_port_db_status /opt/stack/neutron/neutron/plugins/ml2/plugin.py:2470}}
Jun 18 05:25:18.308573 np0000181871 devstack@neutron-api.service[107512]: DEBUG ovsdbapp.backend.ovs_idl.transaction [-] Running txn n=1 command(idx=0): DbRemoveCommand(_result=None, table=Logical_Switch_Port, record=39107161-5bd2-4e8c-ad27-2c55ae9b36e9, column=external_ids, values=('neutron:host_id',), keyvalues={}, if_exists=True) {{(pid=107512) do_commit /opt/stack/data/venv/lib/python3.12/site-packages/ovsdbapp/backend/ovs_idl/transaction.py:89}}
Jun 18 05:25:18.320659 np0000181871 devstack@neutron-api.service[107509]: DEBUG neutron.plugins.ml2.plugin [None req-bde946f8-0aac-44a7-8e8b-c8396c3eb193 None None] Current status of the port 39107161-5bd2-4e8c-ad27-2c55ae9b36e9 is: DOWN; New status is: DOWN {{(pid=107509) _update_individual_port_db_status /opt/stack/neutron/neutron/plugins/ml2/plugin.py:2470}}
Jun 18 05:25:18.321452 np0000181871 devstack@neutron-api.service[107509]: INFO neutron.plugins.ml2.drivers.ovn.mech_driver.ovsdb.extensions.qos [None req-bde946f8-0aac-44a7-8e8b-c8396c3eb193 None None] Starting OVNClientQosExtension
Jun 18 05:25:18.321631 np0000181871 devstack@neutron-api.service[107509]: INFO neutron.plugins.ml2.drivers.ovn.mech_driver.ovsdb.extensions.placement [None req-bde946f8-0aac-44a7-8e8b-c8396c3eb193 None None] Starting OVNClientPlacementExtension
Jun 18 05:25:18.323571 np0000181871 devstack@neutron-api.service[107509]: DEBUG ovsdbapp.backend.ovs_idl.transaction [-] Running txn n=1 command(idx=0): DbRemoveCommand(_result=None, table=Logical_Switch_Port, record=39107161-5bd2-4e8c-ad27-2c55ae9b36e9, column=external_ids, values=('neutron:host_id',), keyvalues={}, if_exists=True) {{(pid=107509) do_commit /opt/stack/data/venv/lib/python3.12/site-packages/ovsdbapp/backend/ovs_idl/transaction.py:89}}
Jun 18 05:25:18.850880 np0000181871 devstack@neutron-api.service[107512]: DEBUG neutron.policy [None req-2711fd56-a7d7-491a-be28-cd133a4ea911 admin admin] Loaded default policies from ['neutron'] under neutron.policies entry points {{(pid=107512) register_rules /opt/stack/neutron/neutron/policy.py:65}}
Jun 18 05:25:18.951522 np0000181871 devstack@neutron-api.service[107512]: DEBUG neutron.pecan_wsgi.hooks.policy_enforcement [None req-2711fd56-a7d7-491a-be28-cd133a4ea911 admin admin] Attributes excluded by policy engine: ['standard_attr_id'] {{(pid=107512) _exclude_attributes_by_policy /opt/stack/neutron/neutron/pecan_wsgi/hooks/policy_enforcement.py:259}}
Jun 18 05:25:18.952891 np0000181871 devstack@neutron-api.service[107512]: [pid: 107512|app: 0|req: 3/6] 199.19.213.85 () {64 vars in 1408 bytes} [Thu Jun 18 05:25:18 2026] GET /networking/v2.0/networks/5505a76f-6e26-406d-a9bb-86c7be8adfc8 => generated 662 bytes in 305 msecs (HTTP/1.1 200) 4 headers in 157 bytes (1 switches on core 0)
Jun 18 05:25:18.971050 np0000181871 devstack@neutron-api.service[107510]: DEBUG neutron.api.wsgi [None req-3b1b0c60-b0f4-4edf-b3f6-1946614af7aa admin admin] Missing Content-Type {{(pid=107510) get_content_type /opt/stack/neutron/neutron/api/wsgi.py:80}}
Jun 18 05:25:18.983066 np0000181871 devstack@neutron-api.service[107510]: [pid: 107510|app: 0|req: 2/7] 199.19.213.85 () {64 vars in 1417 bytes} [Thu Jun 18 05:25:18 2026] GET /networking/v2.0/subnetpools/3ea182dc-fd83-4933-81ee-47cd67c30816 => generated 533 bytes in 16 msecs (HTTP/1.1 200) 4 headers in 157 bytes (1 switches on core 0)
Jun 18 05:25:19.003963 np0000181871 devstack@neutron-api.service[107509]: DEBUG neutron.api.v2.base [None req-a4ddd7be-5c72-467a-9b51-5bd313dea593 admin admin] Request body: {'subnet': {'ip_version': 4, 'subnetpool_id': '3ea182dc-fd83-4933-81ee-47cd67c30816', 'gateway_ip': '10.1.0.1', 'network_id': '5505a76f-6e26-406d-a9bb-86c7be8adfc8', 'name': 'private-subnet'}} {{(pid=107509) prepare_request_body /opt/stack/neutron/neutron/api/v2/base.py:727}}
Jun 18 05:25:19.034923 np0000181871 devstack@neutron-api.service[107509]: DEBUG neutron.pecan_wsgi.hooks.quota_enforcement [None req-a4ddd7be-5c72-467a-9b51-5bd313dea593 admin admin] Made reservation on behalf of 00e8b36b1a1a4164a8dd078f49f0c523 for: {'subnet': 1} {{(pid=107509) before /opt/stack/neutron/neutron/pecan_wsgi/hooks/quota_enforcement.py:66}}
