Feb 18 00:43:42.814731 np0000156260 systemd[1]: Starting devstack@n-api-meta.service - Devstack devstack@n-api-meta.service...
Feb 18 00:43:42.823596 np0000156260 devstack@n-api-meta.service[108333]: [uWSGI] getting INI configuration from /etc/nova/nova-metadata-uwsgi.ini
Feb 18 00:43:42.824144 np0000156260 devstack@n-api-meta.service[108333]: open("./http_plugin.so"): No such file or directory [core/utils.c line 3709]
Feb 18 00:43:42.824144 np0000156260 devstack@n-api-meta.service[108333]: !!! UNABLE to load uWSGI plugin: ./http_plugin.so: cannot open shared object file: No such file or directory !!!
Feb 18 00:43:42.824144 np0000156260 devstack@n-api-meta.service[108333]: open("./python3_plugin.so"): No such file or directory [core/utils.c line 3709]
Feb 18 00:43:42.824144 np0000156260 devstack@n-api-meta.service[108333]: !!! UNABLE to load uWSGI plugin: ./python3_plugin.so: cannot open shared object file: No such file or directory !!!
Feb 18 00:43:42.824144 np0000156260 devstack@n-api-meta.service[108333]: *** Starting uWSGI 2.0.31 (64bit) on [Wed Feb 18 00:43:42 2026] ***
Feb 18 00:43:42.824144 np0000156260 devstack@n-api-meta.service[108333]: compiled with version: 13.3.0 on 18 February 2026 00:33:32
Feb 18 00:43:42.824144 np0000156260 devstack@n-api-meta.service[108333]: os: Linux-6.8.0-100-generic #100-Ubuntu SMP PREEMPT_DYNAMIC Tue Jan 13 16:40:06 UTC 2026
Feb 18 00:43:42.824144 np0000156260 devstack@n-api-meta.service[108333]: nodename: np0000156260
Feb 18 00:43:42.824144 np0000156260 devstack@n-api-meta.service[108333]: machine: x86_64
Feb 18 00:43:42.824144 np0000156260 devstack@n-api-meta.service[108333]: clock source: unix
Feb 18 00:43:42.824144 np0000156260 devstack@n-api-meta.service[108333]: pcre jit disabled
Feb 18 00:43:42.824144 np0000156260 devstack@n-api-meta.service[108333]: detected number of CPU cores: 16
Feb 18 00:43:42.824144 np0000156260 devstack@n-api-meta.service[108333]: current working directory: /
Feb 18 00:43:42.824144 np0000156260 devstack@n-api-meta.service[108333]: detected binary path: /opt/stack/data/venv/bin/uwsgi
Feb 18 00:43:42.824144 np0000156260 devstack@n-api-meta.service[108333]: your processes number limit is 256923
Feb 18 00:43:42.824144 np0000156260 devstack@n-api-meta.service[108333]: your memory page size is 4096 bytes
Feb 18 00:43:42.824144 np0000156260 devstack@n-api-meta.service[108333]: detected max file descriptor number: 2048
Feb 18 00:43:42.824144 np0000156260 devstack@n-api-meta.service[108333]: lock engine: pthread robust mutexes
Feb 18 00:43:42.824144 np0000156260 devstack@n-api-meta.service[108333]: thunder lock: enabled
Feb 18 00:43:42.825114 np0000156260 devstack@n-api-meta.service[108333]: uWSGI http bound on 0.0.0.0:8775 fd 5
Feb 18 00:43:42.825114 np0000156260 devstack@n-api-meta.service[108333]: uwsgi socket 0 bound to TCP address 127.0.0.1:32939 (port auto-assigned) fd 4
Feb 18 00:43:42.825114 np0000156260 devstack@n-api-meta.service[108333]: Python version: 3.12.3 (main, Jan 22 2026, 20:57:42) [GCC 13.3.0]
Feb 18 00:43:42.825114 np0000156260 devstack@n-api-meta.service[108333]: PEP 405 virtualenv detected: /opt/stack/data/venv
Feb 18 00:43:42.825114 np0000156260 devstack@n-api-meta.service[108333]: Set PythonHome to /opt/stack/data/venv
Feb 18 00:43:42.859350 np0000156260 devstack@n-api-meta.service[108333]: Python main interpreter initialized at 0x7bc0438a3668
Feb 18 00:43:42.859350 np0000156260 devstack@n-api-meta.service[108333]: python threads support enabled
Feb 18 00:43:42.859350 np0000156260 devstack@n-api-meta.service[108333]: your server socket listen backlog is limited to 100 connections
Feb 18 00:43:42.859350 np0000156260 devstack@n-api-meta.service[108333]: your mercy for graceful operations on workers is 80 seconds
Feb 18 00:43:42.859873 np0000156260 devstack@n-api-meta.service[108333]: mapped 671795 bytes (656 KB) for 4 cores
Feb 18 00:43:42.860006 np0000156260 devstack@n-api-meta.service[108333]: *** Operational MODE: preforking ***
Feb 18 00:43:42.860210 np0000156260 devstack@n-api-meta.service[108333]: *** uWSGI is running in multiple interpreter mode ***
Feb 18 00:43:42.860210 np0000156260 devstack@n-api-meta.service[108333]: spawned uWSGI master process (pid: 108333)
Feb 18 00:43:42.860414 np0000156260 systemd[1]: Started devstack@n-api-meta.service - Devstack devstack@n-api-meta.service.
Feb 18 00:43:42.860884 np0000156260 devstack@n-api-meta.service[108333]: spawned uWSGI worker 1 (pid: 108334, cores: 1)
Feb 18 00:43:42.861539 np0000156260 devstack@n-api-meta.service[108333]: spawned uWSGI worker 2 (pid: 108335, cores: 1)
Feb 18 00:43:42.861978 np0000156260 devstack@n-api-meta.service[108333]: spawned uWSGI worker 3 (pid: 108336, cores: 1)
Feb 18 00:43:42.862448 np0000156260 devstack@n-api-meta.service[108333]: spawned uWSGI worker 4 (pid: 108337, cores: 1)
Feb 18 00:43:42.862909 np0000156260 devstack@n-api-meta.service[108333]: spawned uWSGI http 1 (pid: 108338)
Feb 18 00:43:42.862909 np0000156260 devstack@n-api-meta.service[108333]: running "unix_signal:15 gracefully_kill_them_all" (master-start)...
Feb 18 00:43:43.203103 np0000156260 devstack@n-api-meta.service[108335]: Service is starting with native threading. This is currently experimental. Do not use it in production without first testing it in pre-production.
Feb 18 00:43:43.207159 np0000156260 devstack@n-api-meta.service[108337]: Service is starting with native threading. This is currently experimental. Do not use it in production without first testing it in pre-production.
Feb 18 00:43:43.228925 np0000156260 devstack@n-api-meta.service[108336]: Service is starting with native threading. This is currently experimental. Do not use it in production without first testing it in pre-production.
Feb 18 00:43:43.237094 np0000156260 devstack@n-api-meta.service[108334]: Service is starting with native threading. This is currently experimental. Do not use it in production without first testing it in pre-production.
Feb 18 00:43:44.570260 np0000156260 devstack@n-api-meta.service[108335]: INFO dbcounter [None req-35d52ca2-6fd7-4682-bbf0-f988aed1fee4 None None] Registered counter for database nova_api
Feb 18 00:43:44.585177 np0000156260 devstack@n-api-meta.service[108337]: INFO dbcounter [None req-dc3cd595-6856-43c2-a96b-3d9868f4e0a6 None None] Registered counter for database nova_api
Feb 18 00:43:44.587700 np0000156260 devstack@n-api-meta.service[108335]: DEBUG oslo_db.sqlalchemy.engines [None req-35d52ca2-6fd7-4682-bbf0-f988aed1fee4 None None] MySQL server mode set to STRICT_TRANS_TABLES,STRICT_ALL_TABLES,NO_ZERO_IN_DATE,NO_ZERO_DATE,ERROR_FOR_DIVISION_BY_ZERO,TRADITIONAL,NO_ENGINE_SUBSTITUTION {{(pid=108335) _check_effective_sql_mode /opt/stack/data/venv/lib/python3.12/site-packages/oslo_db/sqlalchemy/engines.py:325}}
Feb 18 00:43:44.602260 np0000156260 devstack@n-api-meta.service[108337]: DEBUG oslo_db.sqlalchemy.engines [None req-dc3cd595-6856-43c2-a96b-3d9868f4e0a6 None None] MySQL server mode set to STRICT_TRANS_TABLES,STRICT_ALL_TABLES,NO_ZERO_IN_DATE,NO_ZERO_DATE,ERROR_FOR_DIVISION_BY_ZERO,TRADITIONAL,NO_ENGINE_SUBSTITUTION {{(pid=108337) _check_effective_sql_mode /opt/stack/data/venv/lib/python3.12/site-packages/oslo_db/sqlalchemy/engines.py:325}}
Feb 18 00:43:44.621963 np0000156260 devstack@n-api-meta.service[108335]: DEBUG dbcounter [-] [108335] Writer thread running {{(pid=108335) stat_writer /opt/stack/data/venv/lib/python3.12/site-packages/dbcounter.py:102}}
Feb 18 00:43:44.624464 np0000156260 devstack@n-api-meta.service[108335]: DEBUG nova.context [None req-35d52ca2-6fd7-4682-bbf0-f988aed1fee4 None None] Found 2 cells: 00000000-0000-0000-0000-000000000000(cell0),6ab38b6e-c59c-4a38-a702-4ca851451e55(cell1) {{(pid=108335) load_cells /opt/stack/nova/nova/context.py:509}}
Feb 18 00:43:44.624709 np0000156260 devstack@n-api-meta.service[108335]: INFO nova.utils [None req-35d52ca2-6fd7-4682-bbf0-f988aed1fee4 None None] The cell worker thread pool MainProcess.cell_worker is initialized
Feb 18 00:43:44.626556 np0000156260 devstack@n-api-meta.service[108335]: DEBUG oslo_concurrency.lockutils [None req-35d52ca2-6fd7-4682-bbf0-f988aed1fee4 None None] Acquiring lock "00000000-0000-0000-0000-000000000000" by "nova.context.set_target_cell..get_or_set_cached_cell_and_set_connections" {{(pid=108335) inner /opt/stack/data/venv/lib/python3.12/site-packages/oslo_concurrency/lockutils.py:506}}
Feb 18 00:43:44.626689 np0000156260 devstack@n-api-meta.service[108335]: DEBUG oslo_concurrency.lockutils [None req-35d52ca2-6fd7-4682-bbf0-f988aed1fee4 None None] Lock "00000000-0000-0000-0000-000000000000" acquired by "nova.context.set_target_cell..get_or_set_cached_cell_and_set_connections" :: waited 0.000s {{(pid=108335) inner /opt/stack/data/venv/lib/python3.12/site-packages/oslo_concurrency/lockutils.py:519}}
Feb 18 00:43:44.627051 np0000156260 devstack@n-api-meta.service[108335]: DEBUG oslo_concurrency.lockutils [None req-35d52ca2-6fd7-4682-bbf0-f988aed1fee4 None None] Lock "00000000-0000-0000-0000-000000000000" "released" by "nova.context.set_target_cell..get_or_set_cached_cell_and_set_connections" :: held 0.000s {{(pid=108335) inner /opt/stack/data/venv/lib/python3.12/site-packages/oslo_concurrency/lockutils.py:538}}
Feb 18 00:43:44.627708 np0000156260 devstack@n-api-meta.service[108335]: DEBUG oslo_concurrency.lockutils [None req-35d52ca2-6fd7-4682-bbf0-f988aed1fee4 None None] Acquiring lock "6ab38b6e-c59c-4a38-a702-4ca851451e55" by "nova.context.set_target_cell..get_or_set_cached_cell_and_set_connections" {{(pid=108335) inner /opt/stack/data/venv/lib/python3.12/site-packages/oslo_concurrency/lockutils.py:506}}
Feb 18 00:43:44.627863 np0000156260 devstack@n-api-meta.service[108335]: DEBUG oslo_concurrency.lockutils [None req-35d52ca2-6fd7-4682-bbf0-f988aed1fee4 None None] Lock "6ab38b6e-c59c-4a38-a702-4ca851451e55" acquired by "nova.context.set_target_cell..get_or_set_cached_cell_and_set_connections" :: waited 0.000s {{(pid=108335) inner /opt/stack/data/venv/lib/python3.12/site-packages/oslo_concurrency/lockutils.py:519}}
Feb 18 00:43:44.628651 np0000156260 devstack@n-api-meta.service[108335]: DEBUG oslo_concurrency.lockutils [None req-35d52ca2-6fd7-4682-bbf0-f988aed1fee4 None None] Lock "6ab38b6e-c59c-4a38-a702-4ca851451e55" "released" by "nova.context.set_target_cell..get_or_set_cached_cell_and_set_connections" :: held 0.001s {{(pid=108335) inner /opt/stack/data/venv/lib/python3.12/site-packages/oslo_concurrency/lockutils.py:538}}
Feb 18 00:43:44.632395 np0000156260 devstack@n-api-meta.service[108335]: INFO dbcounter [None req-35d52ca2-6fd7-4682-bbf0-f988aed1fee4 None None] Registered counter for database nova_cell0
Feb 18 00:43:44.635182 np0000156260 devstack@n-api-meta.service[108337]: DEBUG dbcounter [-] [108337] Writer thread running {{(pid=108337) stat_writer /opt/stack/data/venv/lib/python3.12/site-packages/dbcounter.py:102}}
Feb 18 00:43:44.636089 np0000156260 devstack@n-api-meta.service[108335]: INFO dbcounter [None req-35d52ca2-6fd7-4682-bbf0-f988aed1fee4 None None] Registered counter for database nova_cell1
Feb 18 00:43:44.637637 np0000156260 devstack@n-api-meta.service[108337]: DEBUG nova.context [None req-dc3cd595-6856-43c2-a96b-3d9868f4e0a6 None None] Found 2 cells: 00000000-0000-0000-0000-000000000000(cell0),6ab38b6e-c59c-4a38-a702-4ca851451e55(cell1) {{(pid=108337) load_cells /opt/stack/nova/nova/context.py:509}}
Feb 18 00:43:44.637968 np0000156260 devstack@n-api-meta.service[108337]: INFO nova.utils [None req-dc3cd595-6856-43c2-a96b-3d9868f4e0a6 None None] The cell worker thread pool MainProcess.cell_worker is initialized
Feb 18 00:43:44.639659 np0000156260 devstack@n-api-meta.service[108337]: DEBUG oslo_concurrency.lockutils [None req-dc3cd595-6856-43c2-a96b-3d9868f4e0a6 None None] Acquiring lock "00000000-0000-0000-0000-000000000000" by "nova.context.set_target_cell..get_or_set_cached_cell_and_set_connections" {{(pid=108337) inner /opt/stack/data/venv/lib/python3.12/site-packages/oslo_concurrency/lockutils.py:506}}
Feb 18 00:43:44.639817 np0000156260 devstack@n-api-meta.service[108337]: DEBUG oslo_concurrency.lockutils [None req-dc3cd595-6856-43c2-a96b-3d9868f4e0a6 None None] Lock "00000000-0000-0000-0000-000000000000" acquired by "nova.context.set_target_cell..get_or_set_cached_cell_and_set_connections" :: waited 0.000s {{(pid=108337) inner /opt/stack/data/venv/lib/python3.12/site-packages/oslo_concurrency/lockutils.py:519}}
Feb 18 00:43:44.640155 np0000156260 devstack@n-api-meta.service[108337]: DEBUG oslo_concurrency.lockutils [None req-dc3cd595-6856-43c2-a96b-3d9868f4e0a6 None None] Lock "00000000-0000-0000-0000-000000000000" "released" by "nova.context.set_target_cell..get_or_set_cached_cell_and_set_connections" :: held 0.000s {{(pid=108337) inner /opt/stack/data/venv/lib/python3.12/site-packages/oslo_concurrency/lockutils.py:538}}
Feb 18 00:43:44.641450 np0000156260 devstack@n-api-meta.service[108337]: DEBUG oslo_concurrency.lockutils [None req-dc3cd595-6856-43c2-a96b-3d9868f4e0a6 None None] Acquiring lock "6ab38b6e-c59c-4a38-a702-4ca851451e55" by "nova.context.set_target_cell..get_or_set_cached_cell_and_set_connections" {{(pid=108337) inner /opt/stack/data/venv/lib/python3.12/site-packages/oslo_concurrency/lockutils.py:506}}
Feb 18 00:43:44.641450 np0000156260 devstack@n-api-meta.service[108337]: DEBUG oslo_concurrency.lockutils [None req-dc3cd595-6856-43c2-a96b-3d9868f4e0a6 None None] Lock "6ab38b6e-c59c-4a38-a702-4ca851451e55" acquired by "nova.context.set_target_cell..get_or_set_cached_cell_and_set_connections" :: waited 0.000s {{(pid=108337) inner /opt/stack/data/venv/lib/python3.12/site-packages/oslo_concurrency/lockutils.py:519}}
Feb 18 00:43:44.641903 np0000156260 devstack@n-api-meta.service[108337]: DEBUG oslo_concurrency.lockutils [None req-dc3cd595-6856-43c2-a96b-3d9868f4e0a6 None None] Lock "6ab38b6e-c59c-4a38-a702-4ca851451e55" "released" by "nova.context.set_target_cell..get_or_set_cached_cell_and_set_connections" :: held 0.001s {{(pid=108337) inner /opt/stack/data/venv/lib/python3.12/site-packages/oslo_concurrency/lockutils.py:538}}
Feb 18 00:43:44.645523 np0000156260 devstack@n-api-meta.service[108337]: INFO dbcounter [None req-dc3cd595-6856-43c2-a96b-3d9868f4e0a6 None None] Registered counter for database nova_cell0
Feb 18 00:43:44.647212 np0000156260 devstack@n-api-meta.service[108337]: INFO dbcounter [None req-dc3cd595-6856-43c2-a96b-3d9868f4e0a6 None None] Registered counter for database nova_cell1
Feb 18 00:43:44.647538 np0000156260 devstack@n-api-meta.service[108335]: DEBUG oslo_db.sqlalchemy.engines [None req-35d52ca2-6fd7-4682-bbf0-f988aed1fee4 None None] MySQL server mode set to STRICT_TRANS_TABLES,STRICT_ALL_TABLES,NO_ZERO_IN_DATE,NO_ZERO_DATE,ERROR_FOR_DIVISION_BY_ZERO,TRADITIONAL,NO_ENGINE_SUBSTITUTION {{(pid=108335) _check_effective_sql_mode /opt/stack/data/venv/lib/python3.12/site-packages/oslo_db/sqlalchemy/engines.py:325}}
Feb 18 00:43:44.652479 np0000156260 devstack@n-api-meta.service[108335]: DEBUG oslo_db.sqlalchemy.engines [None req-35d52ca2-6fd7-4682-bbf0-f988aed1fee4 None None] MySQL server mode set to STRICT_TRANS_TABLES,STRICT_ALL_TABLES,NO_ZERO_IN_DATE,NO_ZERO_DATE,ERROR_FOR_DIVISION_BY_ZERO,TRADITIONAL,NO_ENGINE_SUBSTITUTION {{(pid=108335) _check_effective_sql_mode /opt/stack/data/venv/lib/python3.12/site-packages/oslo_db/sqlalchemy/engines.py:325}}
Feb 18 00:43:44.653867 np0000156260 devstack@n-api-meta.service[108334]: INFO dbcounter [None req-5c985921-5648-4541-921a-f34a8fefc6ea None None] Registered counter for database nova_api
Feb 18 00:43:44.654365 np0000156260 devstack@n-api-meta.service[108337]: DEBUG oslo_db.sqlalchemy.engines [None req-dc3cd595-6856-43c2-a96b-3d9868f4e0a6 None None] MySQL server mode set to STRICT_TRANS_TABLES,STRICT_ALL_TABLES,NO_ZERO_IN_DATE,NO_ZERO_DATE,ERROR_FOR_DIVISION_BY_ZERO,TRADITIONAL,NO_ENGINE_SUBSTITUTION {{(pid=108337) _check_effective_sql_mode /opt/stack/data/venv/lib/python3.12/site-packages/oslo_db/sqlalchemy/engines.py:325}}
Feb 18 00:43:44.659008 np0000156260 devstack@n-api-meta.service[108337]: DEBUG oslo_db.sqlalchemy.engines [None req-dc3cd595-6856-43c2-a96b-3d9868f4e0a6 None None] MySQL server mode set to STRICT_TRANS_TABLES,STRICT_ALL_TABLES,NO_ZERO_IN_DATE,NO_ZERO_DATE,ERROR_FOR_DIVISION_BY_ZERO,TRADITIONAL,NO_ENGINE_SUBSTITUTION {{(pid=108337) _check_effective_sql_mode /opt/stack/data/venv/lib/python3.12/site-packages/oslo_db/sqlalchemy/engines.py:325}}
Feb 18 00:43:44.671641 np0000156260 devstack@n-api-meta.service[108334]: DEBUG oslo_db.sqlalchemy.engines [None req-5c985921-5648-4541-921a-f34a8fefc6ea None None] MySQL server mode set to STRICT_TRANS_TABLES,STRICT_ALL_TABLES,NO_ZERO_IN_DATE,NO_ZERO_DATE,ERROR_FOR_DIVISION_BY_ZERO,TRADITIONAL,NO_ENGINE_SUBSTITUTION {{(pid=108334) _check_effective_sql_mode /opt/stack/data/venv/lib/python3.12/site-packages/oslo_db/sqlalchemy/engines.py:325}}
Feb 18 00:43:44.716575 np0000156260 devstack@n-api-meta.service[108334]: DEBUG dbcounter [-] [108334] Writer thread running {{(pid=108334) stat_writer /opt/stack/data/venv/lib/python3.12/site-packages/dbcounter.py:102}}
Feb 18 00:43:44.719356 np0000156260 devstack@n-api-meta.service[108334]: DEBUG nova.context [None req-5c985921-5648-4541-921a-f34a8fefc6ea None None] Found 2 cells: 00000000-0000-0000-0000-000000000000(cell0),6ab38b6e-c59c-4a38-a702-4ca851451e55(cell1) {{(pid=108334) load_cells /opt/stack/nova/nova/context.py:509}}
Feb 18 00:43:44.719699 np0000156260 devstack@n-api-meta.service[108334]: INFO nova.utils [None req-5c985921-5648-4541-921a-f34a8fefc6ea None None] The cell worker thread pool MainProcess.cell_worker is initialized
Feb 18 00:43:44.722432 np0000156260 devstack@n-api-meta.service[108334]: DEBUG oslo_concurrency.lockutils [None req-5c985921-5648-4541-921a-f34a8fefc6ea None None] Acquiring lock "00000000-0000-0000-0000-000000000000" by "nova.context.set_target_cell..get_or_set_cached_cell_and_set_connections" {{(pid=108334) inner /opt/stack/data/venv/lib/python3.12/site-packages/oslo_concurrency/lockutils.py:506}}
Feb 18 00:43:44.722638 np0000156260 devstack@n-api-meta.service[108334]: DEBUG oslo_concurrency.lockutils [None req-5c985921-5648-4541-921a-f34a8fefc6ea None None] Lock "00000000-0000-0000-0000-000000000000" acquired by "nova.context.set_target_cell..get_or_set_cached_cell_and_set_connections" :: waited 0.000s {{(pid=108334) inner /opt/stack/data/venv/lib/python3.12/site-packages/oslo_concurrency/lockutils.py:519}}
Feb 18 00:43:44.723156 np0000156260 devstack@n-api-meta.service[108334]: DEBUG oslo_concurrency.lockutils [None req-5c985921-5648-4541-921a-f34a8fefc6ea None None] Lock "00000000-0000-0000-0000-000000000000" "released" by "nova.context.set_target_cell..get_or_set_cached_cell_and_set_connections" :: held 0.001s {{(pid=108334) inner /opt/stack/data/venv/lib/python3.12/site-packages/oslo_concurrency/lockutils.py:538}}
Feb 18 00:43:44.724140 np0000156260 devstack@n-api-meta.service[108334]: DEBUG oslo_concurrency.lockutils [None req-5c985921-5648-4541-921a-f34a8fefc6ea None None] Acquiring lock "6ab38b6e-c59c-4a38-a702-4ca851451e55" by "nova.context.set_target_cell..get_or_set_cached_cell_and_set_connections" {{(pid=108334) inner /opt/stack/data/venv/lib/python3.12/site-packages/oslo_concurrency/lockutils.py:506}}
Feb 18 00:43:44.724361 np0000156260 devstack@n-api-meta.service[108334]: DEBUG oslo_concurrency.lockutils [None req-5c985921-5648-4541-921a-f34a8fefc6ea None None] Lock "6ab38b6e-c59c-4a38-a702-4ca851451e55" acquired by "nova.context.set_target_cell..get_or_set_cached_cell_and_set_connections" :: waited 0.000s {{(pid=108334) inner /opt/stack/data/venv/lib/python3.12/site-packages/oslo_concurrency/lockutils.py:519}}
Feb 18 00:43:44.725624 np0000156260 devstack@n-api-meta.service[108334]: DEBUG oslo_concurrency.lockutils [None req-5c985921-5648-4541-921a-f34a8fefc6ea None None] Lock "6ab38b6e-c59c-4a38-a702-4ca851451e55" "released" by "nova.context.set_target_cell..get_or_set_cached_cell_and_set_connections" :: held 0.001s {{(pid=108334) inner /opt/stack/data/venv/lib/python3.12/site-packages/oslo_concurrency/lockutils.py:538}}
Feb 18 00:43:44.729168 np0000156260 devstack@n-api-meta.service[108334]: INFO dbcounter [None req-5c985921-5648-4541-921a-f34a8fefc6ea None None] Registered counter for database nova_cell0
Feb 18 00:43:44.734140 np0000156260 devstack@n-api-meta.service[108334]: INFO dbcounter [None req-5c985921-5648-4541-921a-f34a8fefc6ea None None] Registered counter for database nova_cell1
Feb 18 00:43:44.744744 np0000156260 devstack@n-api-meta.service[108334]: DEBUG oslo_db.sqlalchemy.engines [None req-5c985921-5648-4541-921a-f34a8fefc6ea None None] MySQL server mode set to STRICT_TRANS_TABLES,STRICT_ALL_TABLES,NO_ZERO_IN_DATE,NO_ZERO_DATE,ERROR_FOR_DIVISION_BY_ZERO,TRADITIONAL,NO_ENGINE_SUBSTITUTION {{(pid=108334) _check_effective_sql_mode /opt/stack/data/venv/lib/python3.12/site-packages/oslo_db/sqlalchemy/engines.py:325}}
Feb 18 00:43:44.749395 np0000156260 devstack@n-api-meta.service[108337]: DEBUG dbcounter [-] [108337] Writer thread running {{(pid=108337) stat_writer /opt/stack/data/venv/lib/python3.12/site-packages/dbcounter.py:102}}
Feb 18 00:43:44.752886 np0000156260 devstack@n-api-meta.service[108337]: DEBUG dbcounter [-] [108337] Writer thread running {{(pid=108337) stat_writer /opt/stack/data/venv/lib/python3.12/site-packages/dbcounter.py:102}}
Feb 18 00:43:44.756488 np0000156260 devstack@n-api-meta.service[108334]: DEBUG oslo_db.sqlalchemy.engines [None req-5c985921-5648-4541-921a-f34a8fefc6ea None None] MySQL server mode set to STRICT_TRANS_TABLES,STRICT_ALL_TABLES,NO_ZERO_IN_DATE,NO_ZERO_DATE,ERROR_FOR_DIVISION_BY_ZERO,TRADITIONAL,NO_ENGINE_SUBSTITUTION {{(pid=108334) _check_effective_sql_mode /opt/stack/data/venv/lib/python3.12/site-packages/oslo_db/sqlalchemy/engines.py:325}}
Feb 18 00:43:44.757526 np0000156260 devstack@n-api-meta.service[108337]: INFO dbcounter [None req-dc3cd595-6856-43c2-a96b-3d9868f4e0a6 None None] Registered counter for database nova_cell0
Feb 18 00:43:44.759610 np0000156260 devstack@n-api-meta.service[108336]: INFO dbcounter [None req-a19685fa-2721-462a-a6a1-3c4a59374412 None None] Registered counter for database nova_api
Feb 18 00:43:44.765523 np0000156260 devstack@n-api-meta.service[108337]: DEBUG oslo_db.sqlalchemy.engines [None req-dc3cd595-6856-43c2-a96b-3d9868f4e0a6 None None] MySQL server mode set to STRICT_TRANS_TABLES,STRICT_ALL_TABLES,NO_ZERO_IN_DATE,NO_ZERO_DATE,ERROR_FOR_DIVISION_BY_ZERO,TRADITIONAL,NO_ENGINE_SUBSTITUTION {{(pid=108337) _check_effective_sql_mode /opt/stack/data/venv/lib/python3.12/site-packages/oslo_db/sqlalchemy/engines.py:325}}
Feb 18 00:43:44.767847 np0000156260 devstack@n-api-meta.service[108335]: DEBUG dbcounter [-] [108335] Writer thread running {{(pid=108335) stat_writer /opt/stack/data/venv/lib/python3.12/site-packages/dbcounter.py:102}}
Feb 18 00:43:44.768725 np0000156260 devstack@n-api-meta.service[108335]: DEBUG dbcounter [-] [108335] Writer thread running {{(pid=108335) stat_writer /opt/stack/data/venv/lib/python3.12/site-packages/dbcounter.py:102}}
Feb 18 00:43:44.773127 np0000156260 devstack@n-api-meta.service[108337]: DEBUG dbcounter [-] [108337] Writer thread running {{(pid=108337) stat_writer /opt/stack/data/venv/lib/python3.12/site-packages/dbcounter.py:102}}
Feb 18 00:43:44.775564 np0000156260 devstack@n-api-meta.service[108335]: INFO dbcounter [None req-35d52ca2-6fd7-4682-bbf0-f988aed1fee4 None None] Registered counter for database nova_cell0
Feb 18 00:43:44.776364 np0000156260 devstack@n-api-meta.service[108336]: DEBUG oslo_db.sqlalchemy.engines [None req-a19685fa-2721-462a-a6a1-3c4a59374412 None None] MySQL server mode set to STRICT_TRANS_TABLES,STRICT_ALL_TABLES,NO_ZERO_IN_DATE,NO_ZERO_DATE,ERROR_FOR_DIVISION_BY_ZERO,TRADITIONAL,NO_ENGINE_SUBSTITUTION {{(pid=108336) _check_effective_sql_mode /opt/stack/data/venv/lib/python3.12/site-packages/oslo_db/sqlalchemy/engines.py:325}}
Feb 18 00:43:44.785292 np0000156260 devstack@n-api-meta.service[108335]: DEBUG oslo_db.sqlalchemy.engines [None req-35d52ca2-6fd7-4682-bbf0-f988aed1fee4 None None] MySQL server mode set to STRICT_TRANS_TABLES,STRICT_ALL_TABLES,NO_ZERO_IN_DATE,NO_ZERO_DATE,ERROR_FOR_DIVISION_BY_ZERO,TRADITIONAL,NO_ENGINE_SUBSTITUTION {{(pid=108335) _check_effective_sql_mode /opt/stack/data/venv/lib/python3.12/site-packages/oslo_db/sqlalchemy/engines.py:325}}
Feb 18 00:43:44.793260 np0000156260 devstack@n-api-meta.service[108335]: DEBUG dbcounter [-] [108335] Writer thread running {{(pid=108335) stat_writer /opt/stack/data/venv/lib/python3.12/site-packages/dbcounter.py:102}}
Feb 18 00:43:44.813286 np0000156260 devstack@n-api-meta.service[108337]: WARNING nova.api.metadata.handler [None req-dc3cd595-6856-43c2-a96b-3d9868f4e0a6 None None] metadata_proxy_shared_secret is not configured, the metadata information returned by the proxy cannot be trusted
Feb 18 00:43:44.814865 np0000156260 devstack@n-api-meta.service[108336]: DEBUG dbcounter [-] [108336] Writer thread running {{(pid=108336) stat_writer /opt/stack/data/venv/lib/python3.12/site-packages/dbcounter.py:102}}
Feb 18 00:43:44.815584 np0000156260 devstack@n-api-meta.service[108337]: DEBUG nova.api.openstack.wsgi_app [None req-dc3cd595-6856-43c2-a96b-3d9868f4e0a6 None None] ******************************************************************************** {{(pid=108337) log_opt_values /opt/stack/data/venv/lib/python3.12/site-packages/oslo_config/cfg.py:2804}}
Feb 18 00:43:44.815697 np0000156260 devstack@n-api-meta.service[108337]: DEBUG nova.api.openstack.wsgi_app [None req-dc3cd595-6856-43c2-a96b-3d9868f4e0a6 None None] Configuration options gathered from: {{(pid=108337) log_opt_values /opt/stack/data/venv/lib/python3.12/site-packages/oslo_config/cfg.py:2805}}
Feb 18 00:43:44.815697 np0000156260 devstack@n-api-meta.service[108337]: DEBUG nova.api.openstack.wsgi_app [None req-dc3cd595-6856-43c2-a96b-3d9868f4e0a6 None None] command line args: [] {{(pid=108337) log_opt_values /opt/stack/data/venv/lib/python3.12/site-packages/oslo_config/cfg.py:2806}}
Feb 18 00:43:44.815880 np0000156260 devstack@n-api-meta.service[108337]: DEBUG nova.api.openstack.wsgi_app [None req-dc3cd595-6856-43c2-a96b-3d9868f4e0a6 None None] config files: ['/etc/nova/api-paste.ini', '/etc/nova/nova.conf'] {{(pid=108337) log_opt_values /opt/stack/data/venv/lib/python3.12/site-packages/oslo_config/cfg.py:2807}}
Feb 18 00:43:44.815981 np0000156260 devstack@n-api-meta.service[108337]: DEBUG nova.api.openstack.wsgi_app [None req-dc3cd595-6856-43c2-a96b-3d9868f4e0a6 None None] ================================================================================ {{(pid=108337) log_opt_values /opt/stack/data/venv/lib/python3.12/site-packages/oslo_config/cfg.py:2809}}
Feb 18 00:43:44.816162 np0000156260 devstack@n-api-meta.service[108337]: DEBUG nova.api.openstack.wsgi_app [None req-dc3cd595-6856-43c2-a96b-3d9868f4e0a6 None None] allow_resize_to_same_host = True {{(pid=108337) log_opt_values /opt/stack/data/venv/lib/python3.12/site-packages/oslo_config/cfg.py:2817}}
Feb 18 00:43:44.816300 np0000156260 devstack@n-api-meta.service[108337]: DEBUG nova.api.openstack.wsgi_app [None req-dc3cd595-6856-43c2-a96b-3d9868f4e0a6 None None] arq_binding_timeout = 300 {{(pid=108337) log_opt_values /opt/stack/data/venv/lib/python3.12/site-packages/oslo_config/cfg.py:2817}}
Feb 18 00:43:44.816441 np0000156260 devstack@n-api-meta.service[108337]: DEBUG nova.api.openstack.wsgi_app [None req-dc3cd595-6856-43c2-a96b-3d9868f4e0a6 None None] block_device_allocate_retries = 60 {{(pid=108337) log_opt_values /opt/stack/data/venv/lib/python3.12/site-packages/oslo_config/cfg.py:2817}}
Feb 18 00:43:44.816570 np0000156260 devstack@n-api-meta.service[108337]: DEBUG nova.api.openstack.wsgi_app [None req-dc3cd595-6856-43c2-a96b-3d9868f4e0a6 None None] block_device_allocate_retries_interval = 3 {{(pid=108337) log_opt_values /opt/stack/data/venv/lib/python3.12/site-packages/oslo_config/cfg.py:2817}}
Feb 18 00:43:44.816701 np0000156260 devstack@n-api-meta.service[108337]: DEBUG nova.api.openstack.wsgi_app [None req-dc3cd595-6856-43c2-a96b-3d9868f4e0a6 None None] cell_worker_thread_pool_size = 5 {{(pid=108337) log_opt_values /opt/stack/data/venv/lib/python3.12/site-packages/oslo_config/cfg.py:2817}}
Feb 18 00:43:44.816849 np0000156260 devstack@n-api-meta.service[108337]: DEBUG nova.api.openstack.wsgi_app [None req-dc3cd595-6856-43c2-a96b-3d9868f4e0a6 None None] cert = self.pem {{(pid=108337) log_opt_values /opt/stack/data/venv/lib/python3.12/site-packages/oslo_config/cfg.py:2817}}
Feb 18 00:43:44.817004 np0000156260 devstack@n-api-meta.service[108337]: DEBUG nova.api.openstack.wsgi_app [None req-dc3cd595-6856-43c2-a96b-3d9868f4e0a6 None None] compute_driver = libvirt.LibvirtDriver {{(pid=108337) log_opt_values /opt/stack/data/venv/lib/python3.12/site-packages/oslo_config/cfg.py:2817}}
Feb 18 00:43:44.817195 np0000156260 devstack@n-api-meta.service[108337]: DEBUG nova.api.openstack.wsgi_app [None req-dc3cd595-6856-43c2-a96b-3d9868f4e0a6 None None] compute_monitors = [] {{(pid=108337) log_opt_values /opt/stack/data/venv/lib/python3.12/site-packages/oslo_config/cfg.py:2817}}
Feb 18 00:43:44.817365 np0000156260 devstack@n-api-meta.service[108337]: DEBUG nova.api.openstack.wsgi_app [None req-dc3cd595-6856-43c2-a96b-3d9868f4e0a6 None None] config_dir = [] {{(pid=108337) log_opt_values /opt/stack/data/venv/lib/python3.12/site-packages/oslo_config/cfg.py:2817}}
Feb 18 00:43:44.817577 np0000156260 devstack@n-api-meta.service[108337]: DEBUG nova.api.openstack.wsgi_app [None req-dc3cd595-6856-43c2-a96b-3d9868f4e0a6 None None] config_drive_format = iso9660 {{(pid=108337) log_opt_values /opt/stack/data/venv/lib/python3.12/site-packages/oslo_config/cfg.py:2817}}
Feb 18 00:43:44.817701 np0000156260 devstack@n-api-meta.service[108337]: DEBUG nova.api.openstack.wsgi_app [None req-dc3cd595-6856-43c2-a96b-3d9868f4e0a6 None None] config_file = ['/etc/nova/api-paste.ini', '/etc/nova/nova.conf'] {{(pid=108337) log_opt_values /opt/stack/data/venv/lib/python3.12/site-packages/oslo_config/cfg.py:2817}}
Feb 18 00:43:44.817836 np0000156260 devstack@n-api-meta.service[108337]: DEBUG nova.api.openstack.wsgi_app [None req-dc3cd595-6856-43c2-a96b-3d9868f4e0a6 None None] config_source = [] {{(pid=108337) log_opt_values /opt/stack/data/venv/lib/python3.12/site-packages/oslo_config/cfg.py:2817}}
Feb 18 00:43:44.817908 np0000156260 devstack@n-api-meta.service[108336]: DEBUG nova.context [None req-a19685fa-2721-462a-a6a1-3c4a59374412 None None] Found 2 cells: 00000000-0000-0000-0000-000000000000(cell0),6ab38b6e-c59c-4a38-a702-4ca851451e55(cell1) {{(pid=108336) load_cells /opt/stack/nova/nova/context.py:509}}
Feb 18 00:43:44.817971 np0000156260 devstack@n-api-meta.service[108337]: DEBUG nova.api.openstack.wsgi_app [None req-dc3cd595-6856-43c2-a96b-3d9868f4e0a6 None None] console_host = np0000156260 {{(pid=108337) log_opt_values /opt/stack/data/venv/lib/python3.12/site-packages/oslo_config/cfg.py:2817}}
Feb 18 00:43:44.818104 np0000156260 devstack@n-api-meta.service[108337]: DEBUG nova.api.openstack.wsgi_app [None req-dc3cd595-6856-43c2-a96b-3d9868f4e0a6 None None] control_exchange = nova {{(pid=108337) log_opt_values /opt/stack/data/venv/lib/python3.12/site-packages/oslo_config/cfg.py:2817}}
Feb 18 00:43:44.818165 np0000156260 devstack@n-api-meta.service[108336]: INFO nova.utils [None req-a19685fa-2721-462a-a6a1-3c4a59374412 None None] The cell worker thread pool MainProcess.cell_worker is initialized
Feb 18 00:43:44.818226 np0000156260 devstack@n-api-meta.service[108337]: DEBUG nova.api.openstack.wsgi_app [None req-dc3cd595-6856-43c2-a96b-3d9868f4e0a6 None None] cpu_allocation_ratio = None {{(pid=108337) log_opt_values /opt/stack/data/venv/lib/python3.12/site-packages/oslo_config/cfg.py:2817}}
Feb 18 00:43:44.818469 np0000156260 devstack@n-api-meta.service[108337]: DEBUG nova.api.openstack.wsgi_app [None req-dc3cd595-6856-43c2-a96b-3d9868f4e0a6 None None] daemon = False {{(pid=108337) log_opt_values /opt/stack/data/venv/lib/python3.12/site-packages/oslo_config/cfg.py:2817}}
Feb 18 00:43:44.818597 np0000156260 devstack@n-api-meta.service[108337]: DEBUG nova.api.openstack.wsgi_app [None req-dc3cd595-6856-43c2-a96b-3d9868f4e0a6 None None] debug = True {{(pid=108337) log_opt_values /opt/stack/data/venv/lib/python3.12/site-packages/oslo_config/cfg.py:2817}}
Feb 18 00:43:44.818660 np0000156260 devstack@n-api-meta.service[108337]: DEBUG nova.api.openstack.wsgi_app [None req-dc3cd595-6856-43c2-a96b-3d9868f4e0a6 None None] default_access_ip_network_name = None {{(pid=108337) log_opt_values /opt/stack/data/venv/lib/python3.12/site-packages/oslo_config/cfg.py:2817}}
Feb 18 00:43:44.818807 np0000156260 devstack@n-api-meta.service[108337]: DEBUG nova.api.openstack.wsgi_app [None req-dc3cd595-6856-43c2-a96b-3d9868f4e0a6 None None] default_availability_zone = nova {{(pid=108337) log_opt_values /opt/stack/data/venv/lib/python3.12/site-packages/oslo_config/cfg.py:2817}}
Feb 18 00:43:44.818934 np0000156260 devstack@n-api-meta.service[108337]: DEBUG nova.api.openstack.wsgi_app [None req-dc3cd595-6856-43c2-a96b-3d9868f4e0a6 None None] default_ephemeral_format = ext4 {{(pid=108337) log_opt_values /opt/stack/data/venv/lib/python3.12/site-packages/oslo_config/cfg.py:2817}}
Feb 18 00:43:44.819062 np0000156260 devstack@n-api-meta.service[108337]: DEBUG nova.api.openstack.wsgi_app [None req-dc3cd595-6856-43c2-a96b-3d9868f4e0a6 None None] default_green_pool_size = 1000 {{(pid=108337) log_opt_values /opt/stack/data/venv/lib/python3.12/site-packages/oslo_config/cfg.py:2817}}
Feb 18 00:43:44.819272 np0000156260 devstack@n-api-meta.service[108337]: DEBUG nova.api.openstack.wsgi_app [None req-dc3cd595-6856-43c2-a96b-3d9868f4e0a6 None None] default_log_levels = ['amqp=WARN', 'boto=WARN', 'sqlalchemy=WARN', 'suds=INFO', 'oslo.messaging=INFO', 'oslo_messaging=INFO', 'iso8601=WARN', 'requests.packages.urllib3.connectionpool=WARN', 'urllib3.connectionpool=WARN', 'websocket=WARN', 'requests.packages.urllib3.util.retry=WARN', 'urllib3.util.retry=WARN', 'keystonemiddleware=WARN', 'routes.middleware=WARN', 'stevedore=WARN', 'taskflow=WARN', 'keystoneauth=WARN', 'oslo.cache=INFO', 'oslo_policy=INFO', 'dogpile.core.dogpile=INFO', 'glanceclient=WARN', 'oslo.privsep.daemon=INFO'] {{(pid=108337) log_opt_values /opt/stack/data/venv/lib/python3.12/site-packages/oslo_config/cfg.py:2817}}
Feb 18 00:43:44.819433 np0000156260 devstack@n-api-meta.service[108337]: DEBUG nova.api.openstack.wsgi_app [None req-dc3cd595-6856-43c2-a96b-3d9868f4e0a6 None None] default_schedule_zone = None {{(pid=108337) log_opt_values /opt/stack/data/venv/lib/python3.12/site-packages/oslo_config/cfg.py:2817}}
Feb 18 00:43:44.819562 np0000156260 devstack@n-api-meta.service[108337]: DEBUG nova.api.openstack.wsgi_app [None req-dc3cd595-6856-43c2-a96b-3d9868f4e0a6 None None] default_thread_pool_size = 10 {{(pid=108337) log_opt_values /opt/stack/data/venv/lib/python3.12/site-packages/oslo_config/cfg.py:2817}}
Feb 18 00:43:44.819688 np0000156260 devstack@n-api-meta.service[108337]: DEBUG nova.api.openstack.wsgi_app [None req-dc3cd595-6856-43c2-a96b-3d9868f4e0a6 None None] disk_allocation_ratio = None {{(pid=108337) log_opt_values /opt/stack/data/venv/lib/python3.12/site-packages/oslo_config/cfg.py:2817}}
Feb 18 00:43:44.819815 np0000156260 devstack@n-api-meta.service[108337]: DEBUG nova.api.openstack.wsgi_app [None req-dc3cd595-6856-43c2-a96b-3d9868f4e0a6 None None] enable_new_services = True {{(pid=108337) log_opt_values /opt/stack/data/venv/lib/python3.12/site-packages/oslo_config/cfg.py:2817}}
Feb 18 00:43:44.819943 np0000156260 devstack@n-api-meta.service[108337]: DEBUG nova.api.openstack.wsgi_app [None req-dc3cd595-6856-43c2-a96b-3d9868f4e0a6 None None] flat_injected = False {{(pid=108337) log_opt_values /opt/stack/data/venv/lib/python3.12/site-packages/oslo_config/cfg.py:2817}}
Feb 18 00:43:44.820069 np0000156260 devstack@n-api-meta.service[108337]: DEBUG nova.api.openstack.wsgi_app [None req-dc3cd595-6856-43c2-a96b-3d9868f4e0a6 None None] force_config_drive = False {{(pid=108337) log_opt_values /opt/stack/data/venv/lib/python3.12/site-packages/oslo_config/cfg.py:2817}}
Feb 18 00:43:44.820196 np0000156260 devstack@n-api-meta.service[108337]: DEBUG nova.api.openstack.wsgi_app [None req-dc3cd595-6856-43c2-a96b-3d9868f4e0a6 None None] force_raw_images = True {{(pid=108337) log_opt_values /opt/stack/data/venv/lib/python3.12/site-packages/oslo_config/cfg.py:2817}}
Feb 18 00:43:44.820331 np0000156260 devstack@n-api-meta.service[108337]: DEBUG nova.api.openstack.wsgi_app [None req-dc3cd595-6856-43c2-a96b-3d9868f4e0a6 None None] graceful_shutdown_timeout = 5 {{(pid=108337) log_opt_values /opt/stack/data/venv/lib/python3.12/site-packages/oslo_config/cfg.py:2817}}
Feb 18 00:43:44.820396 np0000156260 devstack@n-api-meta.service[108336]: DEBUG oslo_concurrency.lockutils [None req-a19685fa-2721-462a-a6a1-3c4a59374412 None None] Acquiring lock "00000000-0000-0000-0000-000000000000" by "nova.context.set_target_cell..get_or_set_cached_cell_and_set_connections" {{(pid=108336) inner /opt/stack/data/venv/lib/python3.12/site-packages/oslo_concurrency/lockutils.py:506}}
Feb 18 00:43:44.821584 np0000156260 devstack@n-api-meta.service[108337]: DEBUG nova.api.openstack.wsgi_app [None req-dc3cd595-6856-43c2-a96b-3d9868f4e0a6 None None] heal_instance_info_cache_interval = -1 {{(pid=108337) log_opt_values /opt/stack/data/venv/lib/python3.12/site-packages/oslo_config/cfg.py:2817}}
Feb 18 00:43:44.821669 np0000156260 devstack@n-api-meta.service[108336]: DEBUG oslo_concurrency.lockutils [None req-a19685fa-2721-462a-a6a1-3c4a59374412 None None] Lock "00000000-0000-0000-0000-000000000000" acquired by "nova.context.set_target_cell..get_or_set_cached_cell_and_set_connections" :: waited 0.000s {{(pid=108336) inner /opt/stack/data/venv/lib/python3.12/site-packages/oslo_concurrency/lockutils.py:519}}
Feb 18 00:43:44.821715 np0000156260 devstack@n-api-meta.service[108337]: DEBUG nova.api.openstack.wsgi_app [None req-dc3cd595-6856-43c2-a96b-3d9868f4e0a6 None None] host = np0000156260 {{(pid=108337) log_opt_values /opt/stack/data/venv/lib/python3.12/site-packages/oslo_config/cfg.py:2817}}
Feb 18 00:43:44.821715 np0000156260 devstack@n-api-meta.service[108337]: DEBUG nova.api.openstack.wsgi_app [None req-dc3cd595-6856-43c2-a96b-3d9868f4e0a6 None None] initial_cpu_allocation_ratio = 4.0 {{(pid=108337) log_opt_values /opt/stack/data/venv/lib/python3.12/site-packages/oslo_config/cfg.py:2817}}
Feb 18 00:43:44.821715 np0000156260 devstack@n-api-meta.service[108337]: DEBUG nova.api.openstack.wsgi_app [None req-dc3cd595-6856-43c2-a96b-3d9868f4e0a6 None None] initial_disk_allocation_ratio = 1.0 {{(pid=108337) log_opt_values /opt/stack/data/venv/lib/python3.12/site-packages/oslo_config/cfg.py:2817}}
Feb 18 00:43:44.821820 np0000156260 devstack@n-api-meta.service[108336]: DEBUG oslo_concurrency.lockutils [None req-a19685fa-2721-462a-a6a1-3c4a59374412 None None] Lock "00000000-0000-0000-0000-000000000000" "released" by "nova.context.set_target_cell..get_or_set_cached_cell_and_set_connections" :: held 0.000s {{(pid=108336) inner /opt/stack/data/venv/lib/python3.12/site-packages/oslo_concurrency/lockutils.py:538}}
Feb 18 00:43:44.821857 np0000156260 devstack@n-api-meta.service[108337]: DEBUG nova.api.openstack.wsgi_app [None req-dc3cd595-6856-43c2-a96b-3d9868f4e0a6 None None] initial_ram_allocation_ratio = 1.0 {{(pid=108337) log_opt_values /opt/stack/data/venv/lib/python3.12/site-packages/oslo_config/cfg.py:2817}}
Feb 18 00:43:44.821857 np0000156260 devstack@n-api-meta.service[108337]: DEBUG nova.api.openstack.wsgi_app [None req-dc3cd595-6856-43c2-a96b-3d9868f4e0a6 None None] injected_network_template = /opt/stack/nova/nova/virt/interfaces.template {{(pid=108337) log_opt_values /opt/stack/data/venv/lib/python3.12/site-packages/oslo_config/cfg.py:2817}}
Feb 18 00:43:44.821857 np0000156260 devstack@n-api-meta.service[108337]: DEBUG nova.api.openstack.wsgi_app [None req-dc3cd595-6856-43c2-a96b-3d9868f4e0a6 None None] instance_build_timeout = 0 {{(pid=108337) log_opt_values /opt/stack/data/venv/lib/python3.12/site-packages/oslo_config/cfg.py:2817}}
Feb 18 00:43:44.821857 np0000156260 devstack@n-api-meta.service[108337]: DEBUG nova.api.openstack.wsgi_app [None req-dc3cd595-6856-43c2-a96b-3d9868f4e0a6 None None] instance_delete_interval = 300 {{(pid=108337) log_opt_values /opt/stack/data/venv/lib/python3.12/site-packages/oslo_config/cfg.py:2817}}
Feb 18 00:43:44.821857 np0000156260 devstack@n-api-meta.service[108337]: DEBUG nova.api.openstack.wsgi_app [None req-dc3cd595-6856-43c2-a96b-3d9868f4e0a6 None None] instance_format = [instance: %(uuid)s] {{(pid=108337) log_opt_values /opt/stack/data/venv/lib/python3.12/site-packages/oslo_config/cfg.py:2817}}
Feb 18 00:43:44.821857 np0000156260 devstack@n-api-meta.service[108337]: DEBUG nova.api.openstack.wsgi_app [None req-dc3cd595-6856-43c2-a96b-3d9868f4e0a6 None None] instance_name_template = instance-%08x {{(pid=108337) log_opt_values /opt/stack/data/venv/lib/python3.12/site-packages/oslo_config/cfg.py:2817}}
Feb 18 00:43:44.822065 np0000156260 devstack@n-api-meta.service[108336]: DEBUG oslo_concurrency.lockutils [None req-a19685fa-2721-462a-a6a1-3c4a59374412 None None] Acquiring lock "6ab38b6e-c59c-4a38-a702-4ca851451e55" by "nova.context.set_target_cell..get_or_set_cached_cell_and_set_connections" {{(pid=108336) inner /opt/stack/data/venv/lib/python3.12/site-packages/oslo_concurrency/lockutils.py:506}}
Feb 18 00:43:44.822108 np0000156260 devstack@n-api-meta.service[108337]: DEBUG nova.api.openstack.wsgi_app [None req-dc3cd595-6856-43c2-a96b-3d9868f4e0a6 None None] instance_usage_audit = False {{(pid=108337) log_opt_values /opt/stack/data/venv/lib/python3.12/site-packages/oslo_config/cfg.py:2817}}
Feb 18 00:43:44.822155 np0000156260 devstack@n-api-meta.service[108336]: DEBUG oslo_concurrency.lockutils [None req-a19685fa-2721-462a-a6a1-3c4a59374412 None None] Lock "6ab38b6e-c59c-4a38-a702-4ca851451e55" acquired by "nova.context.set_target_cell..get_or_set_cached_cell_and_set_connections" :: waited 0.000s {{(pid=108336) inner /opt/stack/data/venv/lib/python3.12/site-packages/oslo_concurrency/lockutils.py:519}}
Feb 18 00:43:44.822220 np0000156260 devstack@n-api-meta.service[108337]: DEBUG nova.api.openstack.wsgi_app [None req-dc3cd595-6856-43c2-a96b-3d9868f4e0a6 None None] instance_usage_audit_period = month {{(pid=108337) log_opt_values /opt/stack/data/venv/lib/python3.12/site-packages/oslo_config/cfg.py:2817}}
Feb 18 00:43:44.822220 np0000156260 devstack@n-api-meta.service[108337]: DEBUG nova.api.openstack.wsgi_app [None req-dc3cd595-6856-43c2-a96b-3d9868f4e0a6 None None] instance_uuid_format = [instance: %(uuid)s] {{(pid=108337) log_opt_values /opt/stack/data/venv/lib/python3.12/site-packages/oslo_config/cfg.py:2817}}
Feb 18 00:43:44.822335 np0000156260 devstack@n-api-meta.service[108337]: DEBUG nova.api.openstack.wsgi_app [None req-dc3cd595-6856-43c2-a96b-3d9868f4e0a6 None None] instances_path = /opt/stack/data/nova/instances {{(pid=108337) log_opt_values /opt/stack/data/venv/lib/python3.12/site-packages/oslo_config/cfg.py:2817}}
Feb 18 00:43:44.822436 np0000156260 devstack@n-api-meta.service[108337]: DEBUG nova.api.openstack.wsgi_app [None req-dc3cd595-6856-43c2-a96b-3d9868f4e0a6 None None] internal_service_availability_zone = internal {{(pid=108337) log_opt_values /opt/stack/data/venv/lib/python3.12/site-packages/oslo_config/cfg.py:2817}}
Feb 18 00:43:44.822559 np0000156260 devstack@n-api-meta.service[108337]: DEBUG nova.api.openstack.wsgi_app [None req-dc3cd595-6856-43c2-a96b-3d9868f4e0a6 None None] key = None {{(pid=108337) log_opt_values /opt/stack/data/venv/lib/python3.12/site-packages/oslo_config/cfg.py:2817}}
Feb 18 00:43:44.822686 np0000156260 devstack@n-api-meta.service[108337]: DEBUG nova.api.openstack.wsgi_app [None req-dc3cd595-6856-43c2-a96b-3d9868f4e0a6 None None] live_migration_retry_count = 30 {{(pid=108337) log_opt_values /opt/stack/data/venv/lib/python3.12/site-packages/oslo_config/cfg.py:2817}}
Feb 18 00:43:44.822822 np0000156260 devstack@n-api-meta.service[108337]: DEBUG nova.api.openstack.wsgi_app [None req-dc3cd595-6856-43c2-a96b-3d9868f4e0a6 None None] log_color = False {{(pid=108337) log_opt_values /opt/stack/data/venv/lib/python3.12/site-packages/oslo_config/cfg.py:2817}}
Feb 18 00:43:44.822956 np0000156260 devstack@n-api-meta.service[108337]: DEBUG nova.api.openstack.wsgi_app [None req-dc3cd595-6856-43c2-a96b-3d9868f4e0a6 None None] log_config_append = None {{(pid=108337) log_opt_values /opt/stack/data/venv/lib/python3.12/site-packages/oslo_config/cfg.py:2817}}
Feb 18 00:43:44.823089 np0000156260 devstack@n-api-meta.service[108337]: DEBUG nova.api.openstack.wsgi_app [None req-dc3cd595-6856-43c2-a96b-3d9868f4e0a6 None None] log_date_format = %Y-%m-%d %H:%M:%S {{(pid=108337) log_opt_values /opt/stack/data/venv/lib/python3.12/site-packages/oslo_config/cfg.py:2817}}
Feb 18 00:43:44.823167 np0000156260 devstack@n-api-meta.service[108336]: DEBUG oslo_concurrency.lockutils [None req-a19685fa-2721-462a-a6a1-3c4a59374412 None None] Lock "6ab38b6e-c59c-4a38-a702-4ca851451e55" "released" by "nova.context.set_target_cell..get_or_set_cached_cell_and_set_connections" :: held 0.001s {{(pid=108336) inner /opt/stack/data/venv/lib/python3.12/site-packages/oslo_concurrency/lockutils.py:538}}
Feb 18 00:43:44.823229 np0000156260 devstack@n-api-meta.service[108337]: DEBUG nova.api.openstack.wsgi_app [None req-dc3cd595-6856-43c2-a96b-3d9868f4e0a6 None None] log_dir = None {{(pid=108337) log_opt_values /opt/stack/data/venv/lib/python3.12/site-packages/oslo_config/cfg.py:2817}}
Feb 18 00:43:44.823355 np0000156260 devstack@n-api-meta.service[108337]: DEBUG nova.api.openstack.wsgi_app [None req-dc3cd595-6856-43c2-a96b-3d9868f4e0a6 None None] log_file = None {{(pid=108337) log_opt_values /opt/stack/data/venv/lib/python3.12/site-packages/oslo_config/cfg.py:2817}}
Feb 18 00:43:44.823479 np0000156260 devstack@n-api-meta.service[108337]: DEBUG nova.api.openstack.wsgi_app [None req-dc3cd595-6856-43c2-a96b-3d9868f4e0a6 None None] log_options = True {{(pid=108337) log_opt_values /opt/stack/data/venv/lib/python3.12/site-packages/oslo_config/cfg.py:2817}}
Feb 18 00:43:44.823607 np0000156260 devstack@n-api-meta.service[108337]: DEBUG nova.api.openstack.wsgi_app [None req-dc3cd595-6856-43c2-a96b-3d9868f4e0a6 None None] log_rotate_interval = 1 {{(pid=108337) log_opt_values /opt/stack/data/venv/lib/python3.12/site-packages/oslo_config/cfg.py:2817}}
Feb 18 00:43:44.823743 np0000156260 devstack@n-api-meta.service[108337]: DEBUG nova.api.openstack.wsgi_app [None req-dc3cd595-6856-43c2-a96b-3d9868f4e0a6 None None] log_rotate_interval_type = days {{(pid=108337) log_opt_values /opt/stack/data/venv/lib/python3.12/site-packages/oslo_config/cfg.py:2817}}
Feb 18 00:43:44.823878 np0000156260 devstack@n-api-meta.service[108337]: DEBUG nova.api.openstack.wsgi_app [None req-dc3cd595-6856-43c2-a96b-3d9868f4e0a6 None None] log_rotation_type = none {{(pid=108337) log_opt_values /opt/stack/data/venv/lib/python3.12/site-packages/oslo_config/cfg.py:2817}}
Feb 18 00:43:44.823983 np0000156260 devstack@n-api-meta.service[108337]: DEBUG nova.api.openstack.wsgi_app [None req-dc3cd595-6856-43c2-a96b-3d9868f4e0a6 None None] logging_context_format_string = %(color)s%(levelname)s %(name)s [%(global_request_id)s %(request_id)s %(project_name)s %(user_name)s%(color)s] %(instance)s%(color)s%(message)s {{(pid=108337) log_opt_values /opt/stack/data/venv/lib/python3.12/site-packages/oslo_config/cfg.py:2817}}
Feb 18 00:43:44.824086 np0000156260 devstack@n-api-meta.service[108337]: DEBUG nova.api.openstack.wsgi_app [None req-dc3cd595-6856-43c2-a96b-3d9868f4e0a6 None None] logging_debug_format_suffix = {{(pid=%(process)d) %(funcName)s %(pathname)s:%(lineno)d}} {{(pid=108337) log_opt_values /opt/stack/data/venv/lib/python3.12/site-packages/oslo_config/cfg.py:2817}}
Feb 18 00:43:44.824220 np0000156260 devstack@n-api-meta.service[108337]: DEBUG nova.api.openstack.wsgi_app [None req-dc3cd595-6856-43c2-a96b-3d9868f4e0a6 None None] logging_default_format_string = %(color)s%(levelname)s %(name)s [-%(color)s] %(instance)s%(color)s%(message)s {{(pid=108337) log_opt_values /opt/stack/data/venv/lib/python3.12/site-packages/oslo_config/cfg.py:2817}}
Feb 18 00:43:44.824353 np0000156260 devstack@n-api-meta.service[108337]: DEBUG nova.api.openstack.wsgi_app [None req-dc3cd595-6856-43c2-a96b-3d9868f4e0a6 None None] logging_exception_prefix = ERROR %(name)s %(instance)s {{(pid=108337) log_opt_values /opt/stack/data/venv/lib/python3.12/site-packages/oslo_config/cfg.py:2817}}
Feb 18 00:43:44.824445 np0000156260 devstack@n-api-meta.service[108335]: WARNING nova.api.metadata.handler [None req-35d52ca2-6fd7-4682-bbf0-f988aed1fee4 None None] metadata_proxy_shared_secret is not configured, the metadata information returned by the proxy cannot be trusted
Feb 18 00:43:44.824506 np0000156260 devstack@n-api-meta.service[108337]: DEBUG nova.api.openstack.wsgi_app [None req-dc3cd595-6856-43c2-a96b-3d9868f4e0a6 None None] logging_user_identity_format = %(user)s %(project)s %(domain)s %(system_scope)s %(user_domain)s %(project_domain)s {{(pid=108337) log_opt_values /opt/stack/data/venv/lib/python3.12/site-packages/oslo_config/cfg.py:2817}}
Feb 18 00:43:44.824606 np0000156260 devstack@n-api-meta.service[108337]: DEBUG nova.api.openstack.wsgi_app [None req-dc3cd595-6856-43c2-a96b-3d9868f4e0a6 None None] long_rpc_timeout = 1800 {{(pid=108337) log_opt_values /opt/stack/data/venv/lib/python3.12/site-packages/oslo_config/cfg.py:2817}}
Feb 18 00:43:44.824734 np0000156260 devstack@n-api-meta.service[108337]: DEBUG nova.api.openstack.wsgi_app [None req-dc3cd595-6856-43c2-a96b-3d9868f4e0a6 None None] max_concurrent_builds = 10 {{(pid=108337) log_opt_values /opt/stack/data/venv/lib/python3.12/site-packages/oslo_config/cfg.py:2817}}
