2026-03-06 01:36:34.891 7 INFO placement.requestlog [req-c673cdc1-0290-4289-a17c-9dbc7fa2abd4 req-89707a11-3182-4e2a-b35b-9d27832d1a73 2e8cd5e352854e4bb342bc320c42d50c 84012dfdf1e6469da2f24dd6d9e0c04f - - 651702df4f3f4727b90e4d786b86c685 651702df4f3f4727b90e4d786b86c685] 199.204.45.156 "GET /resource_providers?in_tree=2e007cc9-9bdd-450d-a9c2-e9ce41287744" status: 200 len: 797 microversion: 1.14 [pid: 7|app: 0|req: 270/543] 199.204.45.156 () {34 vars in 892 bytes} [Fri Mar 6 01:36:34 2026] GET /resource_providers?in_tree=2e007cc9-9bdd-450d-a9c2-e9ce41287744 => generated 797 bytes in 50 msecs (HTTP/1.1 200) 6 headers in 225 bytes (1 switches on core 0)
2026-03-06 01:36:34.914 8 INFO placement.requestlog [req-c673cdc1-0290-4289-a17c-9dbc7fa2abd4 req-e67c6add-6873-4320-8364-46f7410701c0 2e8cd5e352854e4bb342bc320c42d50c 84012dfdf1e6469da2f24dd6d9e0c04f - - 651702df4f3f4727b90e4d786b86c685 651702df4f3f4727b90e4d786b86c685] 199.204.45.156 "GET /resource_providers/2e007cc9-9bdd-450d-a9c2-e9ce41287744/inventories" status: 200 len: 400 microversion: 1.0 [pid: 8|app: 0|req: 274/544] 199.204.45.156 () {32 vars in 857 bytes} [Fri Mar 6 01:36:34 2026] GET /resource_providers/2e007cc9-9bdd-450d-a9c2-e9ce41287744/inventories => generated 400 bytes in 16 msecs (HTTP/1.1 200) 6 headers in 224 bytes (1 switches on core 0)
2026-03-06 01:36:34.939 7 INFO placement.requestlog [req-c673cdc1-0290-4289-a17c-9dbc7fa2abd4 req-f2acbf34-153f-46cb-8134-a3f976d893fc 2e8cd5e352854e4bb342bc320c42d50c 84012dfdf1e6469da2f24dd6d9e0c04f - - 651702df4f3f4727b90e4d786b86c685 651702df4f3f4727b90e4d786b86c685] 199.204.45.156 "GET /resource_providers/2e007cc9-9bdd-450d-a9c2-e9ce41287744/aggregates" status: 200 len: 53 microversion: 1.19 [pid: 7|app: 0|req: 271/545] 199.204.45.156 () {34 vars in 899 bytes} [Fri Mar 6 01:36:34 2026] GET /resource_providers/2e007cc9-9bdd-450d-a9c2-e9ce41287744/aggregates => generated 53 bytes in 13 msecs (HTTP/1.1 200) 8 headers in 295 bytes (1 switches on core 0)
2026-03-06 01:36:34.967 8 INFO placement.requestlog [req-c673cdc1-0290-4289-a17c-9dbc7fa2abd4 req-e61218ba-9a3a-4ea5-a7f5-8cdf85583447 2e8cd5e352854e4bb342bc320c42d50c 84012dfdf1e6469da2f24dd6d9e0c04f - - 651702df4f3f4727b90e4d786b86c685 651702df4f3f4727b90e4d786b86c685] 199.204.45.156 "GET /resource_providers/2e007cc9-9bdd-450d-a9c2-e9ce41287744/traits" status: 200 len: 2175 microversion: 1.6 [pid: 8|app: 0|req: 275/546] 199.204.45.156 () {34 vars in 890 bytes} [Fri Mar 6 01:36:34 2026] GET /resource_providers/2e007cc9-9bdd-450d-a9c2-e9ce41287744/traits => generated 2175 bytes in 21 msecs (HTTP/1.1 200) 6 headers in 225 bytes (1 switches on core 0)
2026-03-06 01:36:34.991 7 INFO placement.requestlog [req-c673cdc1-0290-4289-a17c-9dbc7fa2abd4 req-f0311b25-e2fd-4855-9f3f-b389662cec3f 2e8cd5e352854e4bb342bc320c42d50c 84012dfdf1e6469da2f24dd6d9e0c04f - - 651702df4f3f4727b90e4d786b86c685 651702df4f3f4727b90e4d786b86c685] 199.204.45.156 "GET /resource_providers/2e007cc9-9bdd-450d-a9c2-e9ce41287744/allocations" status: 200 len: 54 microversion: 1.0 [pid: 7|app: 0|req: 272/547] 199.204.45.156 () {32 vars in 857 bytes} [Fri Mar 6 01:36:34 2026] GET /resource_providers/2e007cc9-9bdd-450d-a9c2-e9ce41287744/allocations => generated 54 bytes in 17 msecs (HTTP/1.1 200) 6 headers in 223 bytes (1 switches on core 0)
2026-03-06 01:36:43.296 8 INFO placement.requestlog [None req-78417458-b9f0-4143-b3b9-cd703faba32f - - - - - -] 10.0.0.135 "GET /" status: 200 len: 136 microversion: 1.0
2026-03-06 01:36:43.297 7 INFO placement.requestlog [None req-5d818af6-e741-481c-927c-c78cf59a4e37 - - - - - -] 10.0.0.135 "GET /" status: 200 len: 136 microversion: 1.0
2026-03-06 01:36:53.297 8 INFO placement.requestlog [None req-c11e4c8c-15bf-4451-b27c-b8dab74e67e0 - - - - - -] 10.0.0.135 "GET /" status: 200 len: 136 microversion: 1.0
2026-03-06 01:36:53.297 7 INFO placement.requestlog [None req-67d8702b-3107-432b-ba57-99ea85e69bd0 - - - - - -] 10.0.0.135 "GET /" status: 200 len: 136 microversion: 1.0
2026-03-06 01:37:03.296 8 INFO placement.requestlog [None req-58a7aacf-1010-4f7c-a01f-b5412746362c - - - - - -] 10.0.0.135 "GET /" status: 200 len: 136 microversion: 1.0
2026-03-06 01:37:03.297 7 INFO placement.requestlog [None req-297c5909-04d1-4ce8-8127-f70eb39dcd51 - - - - - -] 10.0.0.135 "GET /" status: 200 len: 136 microversion: 1.0
2026-03-06 01:37:13.297 7 INFO placement.requestlog [None req-d4f52303-3bc4-4d63-8a5f-015633d906e7 - - - - - -] 10.0.0.135 "GET /" status: 200 len: 136 microversion: 1.0
2026-03-06 01:37:13.297 8 INFO placement.requestlog [None req-bf0e5aaf-1b0f-4741-9cae-d1ea562ed270 - - - - - -] 10.0.0.135 "GET /" status: 200 len: 136 microversion: 1.0
2026-03-06 01:37:23.297 7 INFO placement.requestlog [None req-1b190c7e-5422-4c8f-9d94-c93c03e86298 - - - - - -] 10.0.0.135 "GET /" status: 200 len: 136 microversion: 1.0
2026-03-06 01:37:23.298 8 INFO placement.requestlog [None req-ed4bc426-bf91-4a07-b88d-5a11e39fa5ae - - - - - -] 10.0.0.135 "GET /" status: 200 len: 136 microversion: 1.0
2026-03-06 01:37:33.297 7 INFO placement.requestlog [None req-d6b17d3a-2db6-47a9-8109-43674fa46a37 - - - - - -] 10.0.0.135 "GET /" status: 200 len: 136 microversion: 1.0
2026-03-06 01:37:33.297 8 INFO placement.requestlog [None req-a5b31701-2469-46be-9e89-66a20fdf206a - - - - - -] 10.0.0.135 "GET /" status: 200 len: 136 microversion: 1.0
2026-03-06 01:37:34.357 7 INFO placement.requestlog [None req-37c46af5-4ebb-4c98-b661-950fdd6ecb8f ad9ff4017c7b4aafa6eadbaf81d6e1c9 d6e81b890ebf4c9da337e629bd1250c6 - - default default] 10.0.0.193 "GET /resource_providers" status: 200 len: 405 microversion: 1.0 [pid: 7|app: 0|req: 279/560] 10.0.0.193 () {28 vars in 593 bytes} [Fri Mar 6 01:37:34 2026] GET /resource_providers => generated 405 bytes in 49 msecs (HTTP/1.1 200) 6 headers in 224 bytes (1 switches on core 0)
2026-03-06 01:37:34.384 8 INFO placement.requestlog [None req-35ce60f8-bf2f-40c2-afb5-d932fdff8493 ad9ff4017c7b4aafa6eadbaf81d6e1c9 d6e81b890ebf4c9da337e629bd1250c6 - - default default] 10.0.0.193 "GET /resource_providers/2e007cc9-9bdd-450d-a9c2-e9ce41287744/inventories" status: 200 len: 400 microversion: 1.0 [pid: 8|app: 0|req: 282/561] 10.0.0.193 () {28 vars in 691 bytes} [Fri Mar 6 01:37:34 2026] GET /resource_providers/2e007cc9-9bdd-450d-a9c2-e9ce41287744/inventories => generated 400 bytes in 22 msecs (HTTP/1.1 200) 6 headers in 224 bytes (1 switches on core 0)
2026-03-06 01:37:34.404 7 INFO placement.requestlog [None req-fa2b9a38-a84e-4597-b200-fc1b2b0af3b1 ad9ff4017c7b4aafa6eadbaf81d6e1c9 d6e81b890ebf4c9da337e629bd1250c6 - - default default] 10.0.0.193 "GET /resource_providers/2e007cc9-9bdd-450d-a9c2-e9ce41287744/usages" status: 200 len: 88 microversion: 1.0 [pid: 7|app: 0|req: 280/562] 10.0.0.193 () {28 vars in 681 bytes} [Fri Mar 6 01:37:34 2026] GET /resource_providers/2e007cc9-9bdd-450d-a9c2-e9ce41287744/usages => generated 88 bytes in 17 msecs (HTTP/1.1 200) 6 headers in 223 bytes (1 switches on core 0)
2026-03-06 01:37:36.930 8 INFO placement.requestlog [req-c29bda39-b930-4d4b-8a55-77bb5a811e51 req-337c1809-5ac4-4435-99f1-0bcae3ecef5d 2e8cd5e352854e4bb342bc320c42d50c 84012dfdf1e6469da2f24dd6d9e0c04f - - 651702df4f3f4727b90e4d786b86c685 651702df4f3f4727b90e4d786b86c685] 199.204.45.156 "GET /resource_providers/2e007cc9-9bdd-450d-a9c2-e9ce41287744/allocations" status: 200 len: 54 microversion: 1.0 [pid: 8|app: 0|req: 283/563] 199.204.45.156 () {32 vars in 857 bytes} [Fri Mar 6 01:37:36 2026] GET /resource_providers/2e007cc9-9bdd-450d-a9c2-e9ce41287744/allocations => generated 54 bytes in 14 msecs (HTTP/1.1 200) 6 headers in 223 bytes (1 switches on core 0)
2026-03-06 01:37:36.957 7 INFO placement.requestlog [req-c29bda39-b930-4d4b-8a55-77bb5a811e51 req-3fc35ca6-3874-4c2c-8d10-0806374810de 2e8cd5e352854e4bb342bc320c42d50c 84012dfdf1e6469da2f24dd6d9e0c04f - - 651702df4f3f4727b90e4d786b86c685 651702df4f3f4727b90e4d786b86c685] 199.204.45.156 "GET /resource_providers/2e007cc9-9bdd-450d-a9c2-e9ce41287744/allocations" status: 200 len: 54 microversion: 1.0 [pid: 7|app: 0|req: 281/564] 199.204.45.156 () {32 vars in 857 bytes} [Fri Mar 6 01:37:36 2026] GET /resource_providers/2e007cc9-9bdd-450d-a9c2-e9ce41287744/allocations => generated 54 bytes in 20 msecs (HTTP/1.1 200) 6 headers in 223 bytes (1 switches on core 0)
2026-03-06 01:37:43.297 8 INFO placement.requestlog [None req-8ce3ede7-c1d2-4454-997a-112ccecd1551 - - - - - -] 10.0.0.135 "GET /" status: 200 len: 136 microversion: 1.0
2026-03-06 01:37:43.297 7 INFO placement.requestlog [None req-400e4629-6c8c-433f-8116-ec98472c093d - - - - - -] 10.0.0.135 "GET /" status: 200 len: 136 microversion: 1.0
2026-03-06 01:37:53.297 8 INFO placement.requestlog [None req-2c49bb18-4c8c-42ac-a5c6-ee10b4bb0e50 - - - - - -] 10.0.0.135 "GET /" status: 200 len: 136 microversion: 1.0
2026-03-06 01:37:53.297 7 INFO placement.requestlog [None req-9e61f530-4dad-444d-ad9d-5ef458b1e573 - - - - - -] 10.0.0.135 "GET /" status: 200 len: 136 microversion: 1.0
2026-03-06 01:38:03.296 8 INFO placement.requestlog [None req-e5271898-ed56-46f0-8439-a3f967f7c836 - - - - - -] 10.0.0.135 "GET /" status: 200 len: 136 microversion: 1.0
2026-03-06 01:38:03.297 7 INFO placement.requestlog [None req-70272908-27d7-486d-8f61-ddefa9bb25d1 - - - - - -] 10.0.0.135 "GET /" status: 200 len: 136 microversion: 1.0
2026-03-06 01:38:13.297 7 INFO placement.requestlog [None req-4f0d35c6-1f0b-40ef-889a-a52b5100af22 - - - - - -] 10.0.0.135 "GET /" status: 200 len: 136 microversion: 1.0
2026-03-06 01:38:13.297 8 INFO placement.requestlog [None req-299454e0-84bf-4e10-add7-ac02770b29ea - - - - - -] 10.0.0.135 "GET /" status: 200 len: 136 microversion: 1.0
2026-03-06 01:38:23.297 7 INFO placement.requestlog [None req-e6252a93-5a84-4bfc-9f25-69d915c26951 - - - - - -] 10.0.0.135 "GET /" status: 200 len: 136 microversion: 1.0
2026-03-06 01:38:23.297 8 INFO placement.requestlog [None req-0b542dad-1f88-43bb-bace-75566dfc8ceb - - - - - -] 10.0.0.135 "GET /" status: 200 len: 136 microversion: 1.0
2026-03-06 01:38:33.297 8 INFO placement.requestlog [None req-34109126-6a6b-44ca-85be-7ca39bbe2391 - - - - - -] 10.0.0.135 "GET /" status: 200 len: 136 microversion: 1.0
2026-03-06 01:38:33.297 7 INFO placement.requestlog [None req-747a6cdf-0ff7-43b5-ad8c-7fb76da73289 - - - - - -] 10.0.0.135 "GET /" status: 200 len: 136 microversion: 1.0
2026-03-06 01:38:34.468 8 INFO placement.requestlog [None req-e9fa620e-fc82-46c4-9ca1-69f256730e73 ad9ff4017c7b4aafa6eadbaf81d6e1c9 d6e81b890ebf4c9da337e629bd1250c6 - - default default] 10.0.0.193 "GET /resource_providers" status: 200 len: 405 microversion: 1.0 [pid: 8|app: 0|req: 290/577] 10.0.0.193 () {28 vars in 593 bytes} [Fri Mar 6 01:38:34 2026] GET /resource_providers => generated 405 bytes in 97 msecs (HTTP/1.1 200) 6 headers in 224 bytes (1 switches on core 0)
2026-03-06 01:38:34.504 7 INFO placement.requestlog [None req-149ae19d-8d77-41fe-add8-bb42f0311e89 ad9ff4017c7b4aafa6eadbaf81d6e1c9 d6e81b890ebf4c9da337e629bd1250c6 - - default default] 10.0.0.193 "GET /resource_providers/2e007cc9-9bdd-450d-a9c2-e9ce41287744/inventories" status: 200 len: 400 microversion: 1.0 [pid: 7|app: 0|req: 288/578] 10.0.0.193 () {28 vars in 691 bytes} [Fri Mar 6 01:38:34 2026] GET /resource_providers/2e007cc9-9bdd-450d-a9c2-e9ce41287744/inventories => generated 400 bytes in 32 msecs (HTTP/1.1 200) 6 headers in 224 bytes (1 switches on core 0)
2026-03-06 01:38:34.526 8 INFO placement.requestlog [None req-ab3f10bd-6401-4272-8b68-2a02ec755b64 ad9ff4017c7b4aafa6eadbaf81d6e1c9 d6e81b890ebf4c9da337e629bd1250c6 - - default default] 10.0.0.193 "GET /resource_providers/2e007cc9-9bdd-450d-a9c2-e9ce41287744/usages" status: 200 len: 88 microversion: 1.0 [pid: 8|app: 0|req: 291/579] 10.0.0.193 () {28 vars in 681 bytes} [Fri Mar 6 01:38:34 2026] GET /resource_providers/2e007cc9-9bdd-450d-a9c2-e9ce41287744/usages => generated 88 bytes in 16 msecs (HTTP/1.1 200) 6 headers in 223 bytes (1 switches on core 0)
2026-03-06 01:38:37.728 7 INFO placement.requestlog [req-cf6ecf29-1dc9-49ba-a03b-c07a981f00af req-ccc8d1a5-acb6-4941-af6a-d9e783e46c93 2e8cd5e352854e4bb342bc320c42d50c 84012dfdf1e6469da2f24dd6d9e0c04f - - 651702df4f3f4727b90e4d786b86c685 651702df4f3f4727b90e4d786b86c685] 199.204.45.156 "GET /resource_providers/2e007cc9-9bdd-450d-a9c2-e9ce41287744/allocations" status: 200 len: 54 microversion: 1.0 [pid: 7|app: 0|req: 289/580] 199.204.45.156 () {32 vars in 857 bytes} [Fri Mar 6 01:38:37 2026] GET /resource_providers/2e007cc9-9bdd-450d-a9c2-e9ce41287744/allocations => generated 54 bytes in 27 msecs (HTTP/1.1 200) 6 headers in 223 bytes (1 switches on core 0)
2026-03-06 01:38:37.750 8 INFO placement.requestlog [req-cf6ecf29-1dc9-49ba-a03b-c07a981f00af req-659d9ce9-ae3f-46e1-9507-09f5dd82d1bc 2e8cd5e352854e4bb342bc320c42d50c 84012dfdf1e6469da2f24dd6d9e0c04f - - 651702df4f3f4727b90e4d786b86c685 651702df4f3f4727b90e4d786b86c685] 199.204.45.156 "GET /resource_providers/2e007cc9-9bdd-450d-a9c2-e9ce41287744/allocations" status: 200 len: 54 microversion: 1.0 [pid: 8|app: 0|req: 292/581] 199.204.45.156 () {32 vars in 857 bytes} [Fri Mar 6 01:38:37 2026] GET /resource_providers/2e007cc9-9bdd-450d-a9c2-e9ce41287744/allocations => generated 54 bytes in 13 msecs (HTTP/1.1 200) 6 headers in 223 bytes (1 switches on core 0)
2026-03-06 01:38:43.297 7 INFO placement.requestlog [None req-d12498d5-dde5-4029-b1fd-3c620434c460 - - - - - -] 10.0.0.135 "GET /" status: 200 len: 136 microversion: 1.0
2026-03-06 01:38:43.297 8 INFO placement.requestlog [None req-d6b11298-e535-49cb-b159-16b236ac781d - - - - - -] 10.0.0.135 "GET /" status: 200 len: 136 microversion: 1.0
2026-03-06 01:38:53.297 7 INFO placement.requestlog [None req-638cc612-b08b-436e-9e7c-41c9297c682d - - - - - -] 10.0.0.135 "GET /" status: 200 len: 136 microversion: 1.0
2026-03-06 01:38:53.297 8 INFO placement.requestlog [None req-04e63ee0-9a53-49aa-8e38-61917d15995f - - - - - -] 10.0.0.135 "GET /" status: 200 len: 136 microversion: 1.0
2026-03-06 01:39:03.297 8 INFO placement.requestlog [None req-1b4f0dbd-4d7d-4247-9dd9-085de3108818 - - - - - -] 10.0.0.135 "GET /" status: 200 len: 136 microversion: 1.0
2026-03-06 01:39:03.298 7 INFO placement.requestlog [None req-62831d48-ff86-4647-b67b-96ecb24b8d7e - - - - - -] 10.0.0.135 "GET /" status: 200 len: 136 microversion: 1.0
2026-03-06 01:39:13.296 8 INFO placement.requestlog [None req-0414426a-5ff9-4965-98a6-13da955e4f75 - - - - - -] 10.0.0.135 "GET /" status: 200 len: 136 microversion: 1.0
2026-03-06 01:39:13.296 7 INFO placement.requestlog [None req-19a923e5-5f89-4c56-8d35-5bf2b0db3f1d - - - - - -] 10.0.0.135 "GET /" status: 200 len: 136 microversion: 1.0
2026-03-06 01:39:23.297 7 INFO placement.requestlog [None req-fe18aaae-de6e-4060-84cf-bf71ee5aeaf7 - - - - - -] 10.0.0.135 "GET /" status: 200 len: 136 microversion: 1.0
2026-03-06 01:39:23.298 8 INFO placement.requestlog [None req-8d4cb869-bb9a-43f4-a6c1-85c568fcc014 - - - - - -] 10.0.0.135 "GET /" status: 200 len: 136 microversion: 1.0
2026-03-06 01:39:33.297 7 INFO placement.requestlog [None req-3777c1c0-736f-4807-8c06-ba32b8299b6e - - - - - -] 10.0.0.135 "GET /" status: 200 len: 136 microversion: 1.0
2026-03-06 01:39:33.297 8 INFO placement.requestlog [None req-c852d3b2-e0d0-447d-a893-94a47e083e49 - - - - - -] 10.0.0.135 "GET /" status: 200 len: 136 microversion: 1.0
2026-03-06 01:39:34.448 7 INFO placement.requestlog [None req-8acc2cf2-7d7c-4f66-870d-73d7885621dd ad9ff4017c7b4aafa6eadbaf81d6e1c9 d6e81b890ebf4c9da337e629bd1250c6 - - default default] 10.0.0.193 "GET /resource_providers" status: 200 len: 405 microversion: 1.0 [pid: 7|app: 0|req: 296/594] 10.0.0.193 () {28 vars in 593 bytes} [Fri Mar 6 01:39:34 2026] GET /resource_providers => generated 405 bytes in 95 msecs (HTTP/1.1 200) 6 headers in 224 bytes (1 switches on core 0)
2026-03-06 01:39:34.465 8 INFO placement.requestlog [None req-7433efed-84f8-429c-a265-9691619b06cf ad9ff4017c7b4aafa6eadbaf81d6e1c9 d6e81b890ebf4c9da337e629bd1250c6 - - default default] 10.0.0.193 "GET /resource_providers/2e007cc9-9bdd-450d-a9c2-e9ce41287744/inventories" status: 200 len: 400 microversion: 1.0 [pid: 8|app: 0|req: 299/595] 10.0.0.193 () {28 vars in 691 bytes} [Fri Mar 6 01:39:34 2026] GET /resource_providers/2e007cc9-9bdd-450d-a9c2-e9ce41287744/inventories => generated 400 bytes in 13 msecs (HTTP/1.1 200) 6 headers in 224 bytes (1 switches on core 0)
2026-03-06 01:39:34.482 7 INFO placement.requestlog [None req-3c41b1a7-ed5c-4f62-bb29-3ea463ceecad ad9ff4017c7b4aafa6eadbaf81d6e1c9 d6e81b890ebf4c9da337e629bd1250c6 - - default default] 10.0.0.193 "GET /resource_providers/2e007cc9-9bdd-450d-a9c2-e9ce41287744/usages" status: 200 len: 88 microversion: 1.0 [pid: 7|app: 0|req: 297/596] 10.0.0.193 () {28 vars in 681 bytes} [Fri Mar 6 01:39:34 2026] GET /resource_providers/2e007cc9-9bdd-450d-a9c2-e9ce41287744/usages => generated 88 bytes in 12 msecs (HTTP/1.1 200) 6 headers in 223 bytes (1 switches on core 0)
2026-03-06 01:39:38.740 8 INFO placement.requestlog [req-2b991fb8-6a3f-414c-8277-d3156ec24140 req-ea81abfb-3a5c-4b06-9015-30767ce07d7f 2e8cd5e352854e4bb342bc320c42d50c 84012dfdf1e6469da2f24dd6d9e0c04f - - 651702df4f3f4727b90e4d786b86c685 651702df4f3f4727b90e4d786b86c685] 199.204.45.156 "GET /resource_providers/2e007cc9-9bdd-450d-a9c2-e9ce41287744/allocations" status: 200 len: 54 microversion: 1.0 [pid: 8|app: 0|req: 300/597] 199.204.45.156 () {32 vars in 857 bytes} [Fri Mar 6 01:39:38 2026] GET /resource_providers/2e007cc9-9bdd-450d-a9c2-e9ce41287744/allocations => generated 54 bytes in 14 msecs (HTTP/1.1 200) 6 headers in 223 bytes (1 switches on core 0)
2026-03-06 01:39:38.766 7 INFO placement.requestlog [req-2b991fb8-6a3f-414c-8277-d3156ec24140 req-f630a59b-c76f-44fd-9253-9c5c517655cb 2e8cd5e352854e4bb342bc320c42d50c 84012dfdf1e6469da2f24dd6d9e0c04f - - 651702df4f3f4727b90e4d786b86c685 651702df4f3f4727b90e4d786b86c685] 199.204.45.156 "GET /resource_providers/2e007cc9-9bdd-450d-a9c2-e9ce41287744/allocations" status: 200 len: 54 microversion: 1.0 [pid: 7|app: 0|req: 298/598] 199.204.45.156 () {32 vars in 857 bytes} [Fri Mar 6 01:39:38 2026] GET /resource_providers/2e007cc9-9bdd-450d-a9c2-e9ce41287744/allocations => generated 54 bytes in 17 msecs (HTTP/1.1 200) 6 headers in 223 bytes (1 switches on core 0)
2026-03-06 01:39:43.297 7 INFO placement.requestlog [None req-aacfce10-77d9-428d-92b9-0568b6747f5b - - - - - -] 10.0.0.135 "GET /" status: 200 len: 136 microversion: 1.0
2026-03-06 01:39:43.297 8 INFO placement.requestlog [None req-a705325e-bcdd-406a-973a-adc073a4bbb8 - - - - - -] 10.0.0.135 "GET /" status: 200 len: 136 microversion: 1.0
2026-03-06 01:39:53.296 8 INFO placement.requestlog [None req-fc5f898c-1dce-401b-9a7b-39a9994eb3d5 - - - - - -] 10.0.0.135 "GET /" status: 200 len: 136 microversion: 1.0
2026-03-06 01:39:53.297 7 INFO placement.requestlog [None req-db78c5d9-7463-4dff-9709-a1336f53bbbf - - - - - -] 10.0.0.135 "GET /" status: 200 len: 136 microversion: 1.0
2026-03-06 01:40:03.296 7 INFO placement.requestlog [None req-81967ffb-618d-4d20-90e4-1ab1e3d64134 - - - - - -] 10.0.0.135 "GET /" status: 200 len: 136 microversion: 1.0
2026-03-06 01:40:03.296 8 INFO placement.requestlog [None req-7d129e40-ecd3-4927-8da0-236f20eeac0a - - - - - -] 10.0.0.135 "GET /" status: 200 len: 136 microversion: 1.0
2026-03-06 01:40:11.102 7 INFO placement.requestlog [req-b3b0a0b1-218f-46ce-a0c1-2dc382ff9df7 req-4c528ccd-cf2d-48a6-89b9-4d6a37588695 2e8cd5e352854e4bb342bc320c42d50c 84012dfdf1e6469da2f24dd6d9e0c04f - - 651702df4f3f4727b90e4d786b86c685 651702df4f3f4727b90e4d786b86c685] 10.0.0.10 "GET /allocation_candidates?limit=1000&resources=DISK_GB%3A1%2CMEMORY_MB%3A512%2CVCPU%3A1&root_required=%21COMPUTE_STATUS_DISABLED" status: 200 len: 2640 microversion: 1.36 [pid: 7|app: 0|req: 302/605] 10.0.0.10 () {34 vars in 1011 bytes} [Fri Mar 6 01:40:10 2026] GET /allocation_candidates?limit=1000&resources=DISK_GB%3A1%2CMEMORY_MB%3A512%2CVCPU%3A1&root_required=%21COMPUTE_STATUS_DISABLED => generated 2640 bytes in 179 msecs (HTTP/1.1 200) 8 headers in 297 bytes (1 switches on core 0)
2026-03-06 01:40:11.137 8 INFO placement.requestlog [req-b3b0a0b1-218f-46ce-a0c1-2dc382ff9df7 req-9befd129-30ce-4c19-b4f7-e51922884ffd 2e8cd5e352854e4bb342bc320c42d50c 84012dfdf1e6469da2f24dd6d9e0c04f - - 651702df4f3f4727b90e4d786b86c685 651702df4f3f4727b90e4d786b86c685] 10.0.0.10 "GET /allocations/0700d510-49b8-4442-b74c-c225a1f0731f" status: 200 len: 19 microversion: 1.28 [pid: 8|app: 0|req: 304/606] 10.0.0.10 () {34 vars in 860 bytes} [Fri Mar 6 01:40:11 2026] GET /allocations/0700d510-49b8-4442-b74c-c225a1f0731f => generated 19 bytes in 12 msecs (HTTP/1.1 200) 8 headers in 295 bytes (1 switches on core 0)
2026-03-06 01:40:11.250 7 INFO placement.requestlog [req-b3b0a0b1-218f-46ce-a0c1-2dc382ff9df7 req-6bf4a08e-02b0-4dba-8e15-b896bd75328c 2e8cd5e352854e4bb342bc320c42d50c 84012dfdf1e6469da2f24dd6d9e0c04f - - 651702df4f3f4727b90e4d786b86c685 651702df4f3f4727b90e4d786b86c685] 10.0.0.10 "PUT /allocations/0700d510-49b8-4442-b74c-c225a1f0731f" status: 204 len: 0 microversion: 1.36 [pid: 7|app: 0|req: 303/607] 10.0.0.10 () {38 vars in 913 bytes} [Fri Mar 6 01:40:11 2026] PUT /allocations/0700d510-49b8-4442-b74c-c225a1f0731f => generated 0 bytes in 105 msecs (HTTP/1.1 204) 5 headers in 199 bytes (1 switches on core 0)
2026-03-06 01:40:11.522 8 INFO placement.requestlog [req-11da7c4a-9039-4d51-b61d-19b82079bdf0 req-aafc7471-18f5-44d6-9bfb-c92ee670b0d3 2e8cd5e352854e4bb342bc320c42d50c 84012dfdf1e6469da2f24dd6d9e0c04f - - 651702df4f3f4727b90e4d786b86c685 651702df4f3f4727b90e4d786b86c685] 10.0.0.10 "GET /allocation_candidates?limit=1000&resources=DISK_GB%3A1%2CMEMORY_MB%3A512%2CVCPU%3A1&root_required=%21COMPUTE_STATUS_DISABLED" status: 200 len: 2642 microversion: 1.36 [pid: 8|app: 0|req: 305/608] 10.0.0.10 () {34 vars in 1011 bytes} [Fri Mar 6 01:40:11 2026] GET /allocation_candidates?limit=1000&resources=DISK_GB%3A1%2CMEMORY_MB%3A512%2CVCPU%3A1&root_required=%21COMPUTE_STATUS_DISABLED => generated 2642 bytes in 49 msecs (HTTP/1.1 200) 8 headers in 297 bytes (1 switches on core 0)
2026-03-06 01:40:11.558 7 INFO placement.requestlog [req-11da7c4a-9039-4d51-b61d-19b82079bdf0 req-7f906bcc-3e2d-4b49-8335-e76f171cb497 2e8cd5e352854e4bb342bc320c42d50c 84012dfdf1e6469da2f24dd6d9e0c04f - - 651702df4f3f4727b90e4d786b86c685 651702df4f3f4727b90e4d786b86c685] 10.0.0.10 "GET /allocations/f81cef43-847a-4776-906e-14c132ace2b9" status: 200 len: 19 microversion: 1.28 [pid: 7|app: 0|req: 304/609] 10.0.0.10 () {34 vars in 860 bytes} [Fri Mar 6 01:40:11 2026] GET /allocations/f81cef43-847a-4776-906e-14c132ace2b9 => generated 19 bytes in 9 msecs (HTTP/1.1 200) 8 headers in 295 bytes (1 switches on core 0)
2026-03-06 01:40:11.626 8 INFO placement.requestlog [req-11da7c4a-9039-4d51-b61d-19b82079bdf0 req-b05564fb-8644-44e1-a581-4c86871eb4fc 2e8cd5e352854e4bb342bc320c42d50c 84012dfdf1e6469da2f24dd6d9e0c04f - - 651702df4f3f4727b90e4d786b86c685 651702df4f3f4727b90e4d786b86c685] 10.0.0.10 "PUT /allocations/f81cef43-847a-4776-906e-14c132ace2b9" status: 204 len: 0 microversion: 1.36 [pid: 8|app: 0|req: 306/610] 10.0.0.10 () {38 vars in 913 bytes} [Fri Mar 6 01:40:11 2026] PUT /allocations/f81cef43-847a-4776-906e-14c132ace2b9 => generated 0 bytes in 61 msecs (HTTP/1.1 204) 5 headers in 199 bytes (1 switches on core 0)
2026-03-06 01:40:11.909 7 INFO placement.requestlog [req-7003f81e-61cc-4939-be7d-f4c6e259c978 req-a67b3a0e-28bf-4c2e-88e9-e4b5d58ab533 2e8cd5e352854e4bb342bc320c42d50c 84012dfdf1e6469da2f24dd6d9e0c04f - - 651702df4f3f4727b90e4d786b86c685 651702df4f3f4727b90e4d786b86c685] 10.0.0.10 "GET /allocation_candidates?limit=1000&resources=DISK_GB%3A1%2CMEMORY_MB%3A512%2CVCPU%3A1&root_required=%21COMPUTE_STATUS_DISABLED" status: 200 len: 2643 microversion: 1.36 [pid: 7|app: 0|req: 305/611] 10.0.0.10 () {34 vars in 1011 bytes} [Fri Mar 6 01:40:11 2026] GET /allocation_candidates?limit=1000&resources=DISK_GB%3A1%2CMEMORY_MB%3A512%2CVCPU%3A1&root_required=%21COMPUTE_STATUS_DISABLED => generated 2643 bytes in 40 msecs (HTTP/1.1 200) 8 headers in 297 bytes (1 switches on core 0)
2026-03-06 01:40:11.938 8 INFO placement.requestlog [req-7003f81e-61cc-4939-be7d-f4c6e259c978 req-cc122f8b-610c-4a17-8266-bd9f097509d5 2e8cd5e352854e4bb342bc320c42d50c 84012dfdf1e6469da2f24dd6d9e0c04f - - 651702df4f3f4727b90e4d786b86c685 651702df4f3f4727b90e4d786b86c685] 10.0.0.10 "GET /allocations/478f3f77-c871-4ac7-a736-7de79c78b941" status: 200 len: 19 microversion: 1.28 [pid: 8|app: 0|req: 307/612] 10.0.0.10 () {34 vars in 860 bytes} [Fri Mar 6 01:40:11 2026] GET /allocations/478f3f77-c871-4ac7-a736-7de79c78b941 => generated 19 bytes in 13 msecs (HTTP/1.1 200) 8 headers in 295 bytes (1 switches on core 0)
2026-03-06 01:40:12.007 7 INFO placement.requestlog [req-7003f81e-61cc-4939-be7d-f4c6e259c978 req-0d61a767-813b-4a22-8bb9-414e9ebd0a4b 2e8cd5e352854e4bb342bc320c42d50c 84012dfdf1e6469da2f24dd6d9e0c04f - - 651702df4f3f4727b90e4d786b86c685 651702df4f3f4727b90e4d786b86c685] 10.0.0.10 "PUT /allocations/478f3f77-c871-4ac7-a736-7de79c78b941" status: 204 len: 0 microversion: 1.36 [pid: 7|app: 0|req: 306/613] 10.0.0.10 () {38 vars in 913 bytes} [Fri Mar 6 01:40:11 2026] PUT /allocations/478f3f77-c871-4ac7-a736-7de79c78b941 => generated 0 bytes in 62 msecs (HTTP/1.1 204) 5 headers in 199 bytes (1 switches on core 0)
2026-03-06 01:40:12.713 8 INFO placement.requestlog [req-b3b0a0b1-218f-46ce-a0c1-2dc382ff9df7 req-439854fc-0398-4f9c-8eb4-c6a59c8f7590 2e8cd5e352854e4bb342bc320c42d50c 84012dfdf1e6469da2f24dd6d9e0c04f - - 651702df4f3f4727b90e4d786b86c685 651702df4f3f4727b90e4d786b86c685] 199.204.45.156 "GET /allocations/0700d510-49b8-4442-b74c-c225a1f0731f" status: 200 len: 257 microversion: 1.28 [pid: 8|app: 0|req: 308/614] 199.204.45.156 () {34 vars in 863 bytes} [Fri Mar 6 01:40:12 2026] GET /allocations/0700d510-49b8-4442-b74c-c225a1f0731f => generated 257 bytes in 9 msecs (HTTP/1.1 200) 8 headers in 296 bytes (1 switches on core 0)
2026-03-06 01:40:13.247 7 INFO placement.requestlog [req-11da7c4a-9039-4d51-b61d-19b82079bdf0 req-0e7615f7-22e7-4448-84bb-1249c35ced78 2e8cd5e352854e4bb342bc320c42d50c 84012dfdf1e6469da2f24dd6d9e0c04f - - 651702df4f3f4727b90e4d786b86c685 651702df4f3f4727b90e4d786b86c685] 199.204.45.156 "GET /allocations/f81cef43-847a-4776-906e-14c132ace2b9" status: 200 len: 257 microversion: 1.28 [pid: 7|app: 0|req: 307/615] 199.204.45.156 () {34 vars in 863 bytes} [Fri Mar 6 01:40:13 2026] GET /allocations/f81cef43-847a-4776-906e-14c132ace2b9 => generated 257 bytes in 11 msecs (HTTP/1.1 200) 8 headers in 296 bytes (1 switches on core 0)
2026-03-06 01:40:13.297 8 INFO placement.requestlog [None req-98baf23b-58a3-4152-94ce-1dbcd20787fd - - - - - -] 10.0.0.135 "GET /" status: 200 len: 136 microversion: 1.0
2026-03-06 01:40:13.297 7 INFO placement.requestlog [None req-7ef029d8-0152-471c-bbef-ac5c78641915 - - - - - -] 10.0.0.135 "GET /" status: 200 len: 136 microversion: 1.0
2026-03-06 01:40:13.519 8 INFO placement.requestlog [req-7003f81e-61cc-4939-be7d-f4c6e259c978 req-7522eedb-1506-4089-8290-6f1c05289232 2e8cd5e352854e4bb342bc320c42d50c 84012dfdf1e6469da2f24dd6d9e0c04f - - 651702df4f3f4727b90e4d786b86c685 651702df4f3f4727b90e4d786b86c685] 199.204.45.156 "GET /allocations/478f3f77-c871-4ac7-a736-7de79c78b941" status: 200 len: 257 microversion: 1.28 [pid: 8|app: 0|req: 310/618] 199.204.45.156 () {34 vars in 863 bytes} [Fri Mar 6 01:40:13 2026] GET /allocations/478f3f77-c871-4ac7-a736-7de79c78b941 => generated 257 bytes in 13 msecs (HTTP/1.1 200) 8 headers in 296 bytes (1 switches on core 0)
2026-03-06 01:40:13.751 7 INFO placement.requestlog [req-b3b0a0b1-218f-46ce-a0c1-2dc382ff9df7 req-8701828a-3744-47e5-88fd-615dca481767 2e8cd5e352854e4bb342bc320c42d50c 84012dfdf1e6469da2f24dd6d9e0c04f - - 651702df4f3f4727b90e4d786b86c685 651702df4f3f4727b90e4d786b86c685] 199.204.45.156 "GET /resource_providers/2e007cc9-9bdd-450d-a9c2-e9ce41287744/allocations" status: 200 len: 352 microversion: 1.0 [pid: 7|app: 0|req: 309/619] 199.204.45.156 () {32 vars in 857 bytes} [Fri Mar 6 01:40:13 2026] GET /resource_providers/2e007cc9-9bdd-450d-a9c2-e9ce41287744/allocations => generated 352 bytes in 14 msecs (HTTP/1.1 200) 6 headers in 224 bytes (1 switches on core 0)
2026-03-06 01:40:13.768 8 INFO placement.requestlog [req-b3b0a0b1-218f-46ce-a0c1-2dc382ff9df7 req-9d1a50be-078f-4148-ad5b-162ad2091c12 2e8cd5e352854e4bb342bc320c42d50c 84012dfdf1e6469da2f24dd6d9e0c04f - - 651702df4f3f4727b90e4d786b86c685 651702df4f3f4727b90e4d786b86c685] 199.204.45.156 "GET /allocations/0700d510-49b8-4442-b74c-c225a1f0731f" status: 200 len: 257 microversion: 1.28 [pid: 8|app: 0|req: 311/620] 199.204.45.156 () {34 vars in 863 bytes} [Fri Mar 6 01:40:13 2026] GET /allocations/0700d510-49b8-4442-b74c-c225a1f0731f => generated 257 bytes in 10 msecs (HTTP/1.1 200) 8 headers in 296 bytes (1 switches on core 0)
2026-03-06 01:40:13.788 7 INFO placement.requestlog [req-b3b0a0b1-218f-46ce-a0c1-2dc382ff9df7 req-6a36a7fd-5a21-48d5-aaeb-8cdd89b8e47c 2e8cd5e352854e4bb342bc320c42d50c 84012dfdf1e6469da2f24dd6d9e0c04f - - 651702df4f3f4727b90e4d786b86c685 651702df4f3f4727b90e4d786b86c685] 199.204.45.156 "GET /allocations/f81cef43-847a-4776-906e-14c132ace2b9" status: 200 len: 257 microversion: 1.28 [pid: 7|app: 0|req: 310/621] 199.204.45.156 () {34 vars in 863 bytes} [Fri Mar 6 01:40:13 2026] GET /allocations/f81cef43-847a-4776-906e-14c132ace2b9 => generated 257 bytes in 13 msecs (HTTP/1.1 200) 8 headers in 296 bytes (1 switches on core 0)
2026-03-06 01:40:13.808 8 INFO placement.requestlog [req-b3b0a0b1-218f-46ce-a0c1-2dc382ff9df7 req-f106e341-e657-420e-b9c1-f539cf3fed99 2e8cd5e352854e4bb342bc320c42d50c 84012dfdf1e6469da2f24dd6d9e0c04f - - 651702df4f3f4727b90e4d786b86c685 651702df4f3f4727b90e4d786b86c685] 199.204.45.156 "GET /allocations/478f3f77-c871-4ac7-a736-7de79c78b941" status: 200 len: 257 microversion: 1.28 [pid: 8|app: 0|req: 312/622] 199.204.45.156 () {34 vars in 863 bytes} [Fri Mar 6 01:40:13 2026] GET /allocations/478f3f77-c871-4ac7-a736-7de79c78b941 => generated 257 bytes in 13 msecs (HTTP/1.1 200) 8 headers in 296 bytes (1 switches on core 0)
2026-03-06 01:40:14.748 7 INFO placement.requestlog [None req-70a252f7-a286-4d56-ab7a-658939a97529 91b6bc156fbc44f68f873b4918b9a604 84012dfdf1e6469da2f24dd6d9e0c04f - - 651702df4f3f4727b90e4d786b86c685 651702df4f3f4727b90e4d786b86c685] 10.0.0.206 "GET /resource_providers/8d1de09c-114f-4964-9136-702cf34b7d39/aggregates" status: 404 len: 235 microversion: 1.1 [pid: 7|app: 0|req: 311/623] 10.0.0.206 () {32 vars in 816 bytes} [Fri Mar 6 01:40:14 2026] GET /resource_providers/8d1de09c-114f-4964-9136-702cf34b7d39/aggregates => generated 235 bytes in 101 msecs (HTTP/1.1 404) 5 headers in 202 bytes (1 switches on core 0)
2026-03-06 01:40:14.753 8 INFO placement.requestlog [None req-09053215-e38d-448c-aaff-ea5c7d452952 91b6bc156fbc44f68f873b4918b9a604 84012dfdf1e6469da2f24dd6d9e0c04f - - 651702df4f3f4727b90e4d786b86c685 651702df4f3f4727b90e4d786b86c685] 10.0.0.206 "GET /resource_providers/8d1de09c-114f-4964-9136-702cf34b7d39/aggregates" status: 404 len: 235 microversion: 1.1 [pid: 8|app: 0|req: 313/624] 10.0.0.206 () {32 vars in 816 bytes} [Fri Mar 6 01:40:14 2026] GET /resource_providers/8d1de09c-114f-4964-9136-702cf34b7d39/aggregates => generated 235 bytes in 105 msecs (HTTP/1.1 404) 5 headers in 202 bytes (1 switches on core 0)
2026-03-06 01:40:14.772 7 INFO placement.requestlog [None req-a09ca5c0-5121-4c51-8b93-1a945a968454 91b6bc156fbc44f68f873b4918b9a604 84012dfdf1e6469da2f24dd6d9e0c04f - - 651702df4f3f4727b90e4d786b86c685 651702df4f3f4727b90e4d786b86c685] 10.0.0.206 "DELETE /resource_providers/8d1de09c-114f-4964-9136-702cf34b7d39" status: 404 len: 246 microversion: 1.1 [pid: 7|app: 0|req: 312/625] 10.0.0.206 () {34 vars in 816 bytes} [Fri Mar 6 01:40:14 2026] DELETE /resource_providers/8d1de09c-114f-4964-9136-702cf34b7d39 => generated 246 bytes in 10 msecs (HTTP/1.1 404) 6 headers in 231 bytes (1 switches on core 0)
2026-03-06 01:40:14.774 8 INFO placement.requestlog [None req-7c0679cd-318c-4a59-8053-579149a7620d 91b6bc156fbc44f68f873b4918b9a604 84012dfdf1e6469da2f24dd6d9e0c04f - - 651702df4f3f4727b90e4d786b86c685 651702df4f3f4727b90e4d786b86c685] 10.0.0.206 "DELETE /resource_providers/8d1de09c-114f-4964-9136-702cf34b7d39" status: 404 len: 246 microversion: 1.1 [pid: 8|app: 0|req: 314/626] 10.0.0.206 () {34 vars in 816 bytes} [Fri Mar 6 01:40:14 2026] DELETE /resource_providers/8d1de09c-114f-4964-9136-702cf34b7d39 => generated 246 bytes in 8 msecs (HTTP/1.1 404) 6 headers in 231 bytes (1 switches on core 0)
2026-03-06 01:40:15.878 7 INFO placement.requestlog [req-11da7c4a-9039-4d51-b61d-19b82079bdf0 req-58ed52df-eeba-4ec9-b963-39ea76136e7d 2e8cd5e352854e4bb342bc320c42d50c 84012dfdf1e6469da2f24dd6d9e0c04f - - 651702df4f3f4727b90e4d786b86c685 651702df4f3f4727b90e4d786b86c685] 199.204.45.156 "GET /resource_providers/2e007cc9-9bdd-450d-a9c2-e9ce41287744/allocations" status: 200 len: 352 microversion: 1.0 [pid: 7|app: 0|req: 313/627] 199.204.45.156 () {32 vars in 857 bytes} [Fri Mar 6 01:40:15 2026] GET /resource_providers/2e007cc9-9bdd-450d-a9c2-e9ce41287744/allocations => generated 352 bytes in 21 msecs (HTTP/1.1 200) 6 headers in 224 bytes (1 switches on core 0)
2026-03-06 01:40:15.900 8 INFO placement.requestlog [req-11da7c4a-9039-4d51-b61d-19b82079bdf0 req-421fde10-f2b0-4d44-8df4-4d17d2957835 2e8cd5e352854e4bb342bc320c42d50c 84012dfdf1e6469da2f24dd6d9e0c04f - - 651702df4f3f4727b90e4d786b86c685 651702df4f3f4727b90e4d786b86c685] 199.204.45.156 "GET /allocations/0700d510-49b8-4442-b74c-c225a1f0731f" status: 200 len: 257 microversion: 1.28 [pid: 8|app: 0|req: 315/628] 199.204.45.156 () {34 vars in 863 bytes} [Fri Mar 6 01:40:15 2026] GET /allocations/0700d510-49b8-4442-b74c-c225a1f0731f => generated 257 bytes in 18 msecs (HTTP/1.1 200) 8 headers in 296 bytes (1 switches on core 0)
2026-03-06 01:40:15.930 7 INFO placement.requestlog [req-11da7c4a-9039-4d51-b61d-19b82079bdf0 req-214feccc-8fc2-431f-b733-7facaffb29ed 2e8cd5e352854e4bb342bc320c42d50c 84012dfdf1e6469da2f24dd6d9e0c04f - - 651702df4f3f4727b90e4d786b86c685 651702df4f3f4727b90e4d786b86c685] 199.204.45.156 "GET /allocations/f81cef43-847a-4776-906e-14c132ace2b9" status: 200 len: 257 microversion: 1.28 [pid: 7|app: 0|req: 314/629] 199.204.45.156 () {34 vars in 863 bytes} [Fri Mar 6 01:40:15 2026] GET /allocations/f81cef43-847a-4776-906e-14c132ace2b9 => generated 257 bytes in 23 msecs (HTTP/1.1 200) 8 headers in 296 bytes (1 switches on core 0)
2026-03-06 01:40:15.950 8 INFO placement.requestlog [req-11da7c4a-9039-4d51-b61d-19b82079bdf0 req-01966027-369b-4e2f-8c55-b8b039b69880 2e8cd5e352854e4bb342bc320c42d50c 84012dfdf1e6469da2f24dd6d9e0c04f - - 651702df4f3f4727b90e4d786b86c685 651702df4f3f4727b90e4d786b86c685] 199.204.45.156 "GET /allocations/478f3f77-c871-4ac7-a736-7de79c78b941" status: 200 len: 257 microversion: 1.28 [pid: 8|app: 0|req: 316/630] 199.204.45.156 () {34 vars in 863 bytes} [Fri Mar 6 01:40:15 2026] GET /allocations/478f3f77-c871-4ac7-a736-7de79c78b941 => generated 257 bytes in 12 msecs (HTTP/1.1 200) 8 headers in 296 bytes (1 switches on core 0)
2026-03-06 01:40:18.016 7 INFO placement.requestlog [req-7003f81e-61cc-4939-be7d-f4c6e259c978 req-6737e02e-d4b6-4bea-9aae-b17fe76f3667 2e8cd5e352854e4bb342bc320c42d50c 84012dfdf1e6469da2f24dd6d9e0c04f - - 651702df4f3f4727b90e4d786b86c685 651702df4f3f4727b90e4d786b86c685] 199.204.45.156 "GET /resource_providers/2e007cc9-9bdd-450d-a9c2-e9ce41287744/allocations" status: 200 len: 352 microversion: 1.0 [pid: 7|app: 0|req: 315/631] 199.204.45.156 () {32 vars in 857 bytes} [Fri Mar 6 01:40:17 2026] GET /resource_providers/2e007cc9-9bdd-450d-a9c2-e9ce41287744/allocations => generated 352 bytes in 17 msecs (HTTP/1.1 200) 6 headers in 224 bytes (1 switches on core 0)
2026-03-06 01:40:18.035 8 INFO placement.requestlog [req-7003f81e-61cc-4939-be7d-f4c6e259c978 req-af8b156d-8b2a-43d5-8a59-a3c3046923be 2e8cd5e352854e4bb342bc320c42d50c 84012dfdf1e6469da2f24dd6d9e0c04f - - 651702df4f3f4727b90e4d786b86c685 651702df4f3f4727b90e4d786b86c685] 199.204.45.156 "GET /allocations/0700d510-49b8-4442-b74c-c225a1f0731f" status: 200 len: 257 microversion: 1.28 [pid: 8|app: 0|req: 317/632] 199.204.45.156 () {34 vars in 863 bytes} [Fri Mar 6 01:40:18 2026] GET /allocations/0700d510-49b8-4442-b74c-c225a1f0731f => generated 257 bytes in 12 msecs (HTTP/1.1 200) 8 headers in 296 bytes (1 switches on core 0)
2026-03-06 01:40:18.066 7 INFO placement.requestlog [req-7003f81e-61cc-4939-be7d-f4c6e259c978 req-05e5d765-eba4-4bf8-9d96-76a38a51dac7 2e8cd5e352854e4bb342bc320c42d50c 84012dfdf1e6469da2f24dd6d9e0c04f - - 651702df4f3f4727b90e4d786b86c685 651702df4f3f4727b90e4d786b86c685] 199.204.45.156 "GET /allocations/f81cef43-847a-4776-906e-14c132ace2b9" status: 200 len: 257 microversion: 1.28 [pid: 7|app: 0|req: 316/633] 199.204.45.156 () {34 vars in 863 bytes} [Fri Mar 6 01:40:18 2026] GET /allocations/f81cef43-847a-4776-906e-14c132ace2b9 => generated 257 bytes in 19 msecs (HTTP/1.1 200) 8 headers in 296 bytes (1 switches on core 0)
2026-03-06 01:40:18.086 8 INFO placement.requestlog [req-7003f81e-61cc-4939-be7d-f4c6e259c978 req-f609f5fc-b618-4f18-aae4-d03c2911eb31 2e8cd5e352854e4bb342bc320c42d50c 84012dfdf1e6469da2f24dd6d9e0c04f - - 651702df4f3f4727b90e4d786b86c685 651702df4f3f4727b90e4d786b86c685] 199.204.45.156 "GET /allocations/478f3f77-c871-4ac7-a736-7de79c78b941" status: 200 len: 257 microversion: 1.28 [pid: 8|app: 0|req: 318/634] 199.204.45.156 () {34 vars in 863 bytes} [Fri Mar 6 01:40:18 2026] GET /allocations/478f3f77-c871-4ac7-a736-7de79c78b941 => generated 257 bytes in 12 msecs (HTTP/1.1 200) 8 headers in 296 bytes (1 switches on core 0)
2026-03-06 01:40:23.297 8 INFO placement.requestlog [None req-8bf81521-3ed7-4883-909e-ecc56b5cbaee - - - - - -] 10.0.0.135 "GET /" status: 200 len: 136 microversion: 1.0
2026-03-06 01:40:23.298 7 INFO placement.requestlog [None req-f8b27574-26d8-423b-8a80-62def8d38168 - - - - - -] 10.0.0.135 "GET /" status: 200 len: 136 microversion: 1.0
2026-03-06 01:40:28.731 7 INFO placement.requestlog [None req-94e6e962-bb1a-444c-80d4-b7d51dedbaf6 91b6bc156fbc44f68f873b4918b9a604 84012dfdf1e6469da2f24dd6d9e0c04f - - 651702df4f3f4727b90e4d786b86c685 651702df4f3f4727b90e4d786b86c685] 10.0.0.206 "GET /resource_providers/921ac3ce-3a3e-41a6-8bbf-8c80d192c1d2/aggregates" status: 404 len: 235 microversion: 1.1 [pid: 7|app: 0|req: 318/637] 10.0.0.206 () {32 vars in 816 bytes} [Fri Mar 6 01:40:28 2026] GET /resource_providers/921ac3ce-3a3e-41a6-8bbf-8c80d192c1d2/aggregates => generated 235 bytes in 105 msecs (HTTP/1.1 404) 5 headers in 202 bytes (1 switches on core 0)
2026-03-06 01:40:28.747 8 INFO placement.requestlog [None req-2a6d5237-486a-4498-86c3-0c1a91765600 91b6bc156fbc44f68f873b4918b9a604 84012dfdf1e6469da2f24dd6d9e0c04f - - 651702df4f3f4727b90e4d786b86c685 651702df4f3f4727b90e4d786b86c685] 10.0.0.206 "GET /resource_providers/921ac3ce-3a3e-41a6-8bbf-8c80d192c1d2/aggregates" status: 404 len: 235 microversion: 1.1 [pid: 8|app: 0|req: 320/638] 10.0.0.206 () {32 vars in 816 bytes} [Fri Mar 6 01:40:28 2026] GET /resource_providers/921ac3ce-3a3e-41a6-8bbf-8c80d192c1d2/aggregates => generated 235 bytes in 129 msecs (HTTP/1.1 404) 5 headers in 202 bytes (1 switches on core 0)
2026-03-06 01:40:28.750 7 INFO placement.requestlog [None req-f9e49803-4f42-49fb-89de-cac501ecc6bc 91b6bc156fbc44f68f873b4918b9a604 84012dfdf1e6469da2f24dd6d9e0c04f - - 651702df4f3f4727b90e4d786b86c685 651702df4f3f4727b90e4d786b86c685] 10.0.0.206 "DELETE /resource_providers/921ac3ce-3a3e-41a6-8bbf-8c80d192c1d2" status: 404 len: 246 microversion: 1.1 [pid: 7|app: 0|req: 319/639] 10.0.0.206 () {34 vars in 816 bytes} [Fri Mar 6 01:40:28 2026] DELETE /resource_providers/921ac3ce-3a3e-41a6-8bbf-8c80d192c1d2 => generated 246 bytes in 10 msecs (HTTP/1.1 404) 6 headers in 231 bytes (1 switches on core 0)
2026-03-06 01:40:28.765 8 INFO placement.requestlog [None req-c8196af2-946b-4386-a8bf-acea9f017fd9 91b6bc156fbc44f68f873b4918b9a604 84012dfdf1e6469da2f24dd6d9e0c04f - - 651702df4f3f4727b90e4d786b86c685 651702df4f3f4727b90e4d786b86c685] 10.0.0.206 "DELETE /resource_providers/921ac3ce-3a3e-41a6-8bbf-8c80d192c1d2" status: 404 len: 246 microversion: 1.1 [pid: 8|app: 0|req: 321/640] 10.0.0.206 () {34 vars in 816 bytes} [Fri Mar 6 01:40:28 2026] DELETE /resource_providers/921ac3ce-3a3e-41a6-8bbf-8c80d192c1d2 => generated 246 bytes in 9 msecs (HTTP/1.1 404) 6 headers in 231 bytes (1 switches on core 0)
2026-03-06 01:40:33.296 7 INFO placement.requestlog [None req-8f916211-4e70-4ad6-9890-a0e0cae7181c - - - - - -] 10.0.0.135 "GET /" status: 200 len: 136 microversion: 1.0
2026-03-06 01:40:33.297 8 INFO placement.requestlog [None req-d8436462-38f9-418c-875e-2c61e9af1bcb - - - - - -] 10.0.0.135 "GET /" status: 200 len: 136 microversion: 1.0
2026-03-06 01:40:34.695 7 INFO placement.requestlog [None req-f8af27a1-dbb6-4812-9eb6-5d7796c95334 ad9ff4017c7b4aafa6eadbaf81d6e1c9 d6e81b890ebf4c9da337e629bd1250c6 - - default default] 10.0.0.193 "GET /resource_providers" status: 200 len: 405 microversion: 1.0 [pid: 7|app: 0|req: 321/643] 10.0.0.193 () {28 vars in 593 bytes} [Fri Mar 6 01:40:34 2026] GET /resource_providers => generated 405 bytes in 308 msecs (HTTP/1.1 200) 6 headers in 224 bytes (1 switches on core 0)
2026-03-06 01:40:34.719 8 INFO placement.requestlog [None req-11f4dcd6-386f-40dd-8c49-9386d4172a08 ad9ff4017c7b4aafa6eadbaf81d6e1c9 d6e81b890ebf4c9da337e629bd1250c6 - - default default] 10.0.0.193 "GET /resource_providers/2e007cc9-9bdd-450d-a9c2-e9ce41287744/inventories" status: 200 len: 400 microversion: 1.0 [pid: 8|app: 0|req: 323/644] 10.0.0.193 () {28 vars in 691 bytes} [Fri Mar 6 01:40:34 2026] GET /resource_providers/2e007cc9-9bdd-450d-a9c2-e9ce41287744/inventories => generated 400 bytes in 16 msecs (HTTP/1.1 200) 6 headers in 224 bytes (1 switches on core 0)
2026-03-06 01:40:34.741 7 INFO placement.requestlog [None req-53265ea8-5a07-40c8-89b8-068c1cf5a935 ad9ff4017c7b4aafa6eadbaf81d6e1c9 d6e81b890ebf4c9da337e629bd1250c6 - - default default] 10.0.0.193 "GET /resource_providers/2e007cc9-9bdd-450d-a9c2-e9ce41287744/usages" status: 200 len: 91 microversion: 1.0 [pid: 7|app: 0|req: 322/645] 10.0.0.193 () {28 vars in 681 bytes} [Fri Mar 6 01:40:34 2026] GET /resource_providers/2e007cc9-9bdd-450d-a9c2-e9ce41287744/usages => generated 91 bytes in 18 msecs (HTTP/1.1 200) 6 headers in 223 bytes (1 switches on core 0)
2026-03-06 01:40:36.732 8 INFO placement.requestlog [req-ff08d3bd-a72f-46a2-87e1-32a4e4f338f6 req-dd76853b-36bd-4f8f-88bc-afeb346b6408 2e8cd5e352854e4bb342bc320c42d50c 84012dfdf1e6469da2f24dd6d9e0c04f - - 651702df4f3f4727b90e4d786b86c685 651702df4f3f4727b90e4d786b86c685] 10.0.0.10 "GET /allocation_candidates?limit=1000&resources=DISK_GB%3A1%2CMEMORY_MB%3A512%2CVCPU%3A1&root_required=%21COMPUTE_STATUS_DISABLED" status: 200 len: 2643 microversion: 1.36 [pid: 8|app: 0|req: 324/646] 10.0.0.10 () {34 vars in 1011 bytes} [Fri Mar 6 01:40:36 2026] GET /allocation_candidates?limit=1000&resources=DISK_GB%3A1%2CMEMORY_MB%3A512%2CVCPU%3A1&root_required=%21COMPUTE_STATUS_DISABLED => generated 2643 bytes in 48 msecs (HTTP/1.1 200) 8 headers in 297 bytes (1 switches on core 0)
2026-03-06 01:40:36.774 7 INFO placement.requestlog [req-ff08d3bd-a72f-46a2-87e1-32a4e4f338f6 req-948703b0-c74e-4253-892f-b5c093164125 2e8cd5e352854e4bb342bc320c42d50c 84012dfdf1e6469da2f24dd6d9e0c04f - - 651702df4f3f4727b90e4d786b86c685 651702df4f3f4727b90e4d786b86c685] 10.0.0.10 "GET /allocations/e10d75f7-0bdf-4f33-a882-967d7304ab90" status: 200 len: 19 microversion: 1.28 [pid: 7|app: 0|req: 323/647] 10.0.0.10 () {34 vars in 860 bytes} [Fri Mar 6 01:40:36 2026] GET /allocations/e10d75f7-0bdf-4f33-a882-967d7304ab90 => generated 19 bytes in 13 msecs (HTTP/1.1 200) 8 headers in 295 bytes (1 switches on core 0)
2026-03-06 01:40:36.878 8 INFO placement.requestlog [req-ff08d3bd-a72f-46a2-87e1-32a4e4f338f6 req-f74b8b63-bb78-4929-983c-5e707ea46220 2e8cd5e352854e4bb342bc320c42d50c 84012dfdf1e6469da2f24dd6d9e0c04f - - 651702df4f3f4727b90e4d786b86c685 651702df4f3f4727b90e4d786b86c685] 10.0.0.10 "PUT /allocations/e10d75f7-0bdf-4f33-a882-967d7304ab90" status: 204 len: 0 microversion: 1.36 [pid: 8|app: 0|req: 325/648] 10.0.0.10 () {38 vars in 913 bytes} [Fri Mar 6 01:40:36 2026] PUT /allocations/e10d75f7-0bdf-4f33-a882-967d7304ab90 => generated 0 bytes in 99 msecs (HTTP/1.1 204) 5 headers in 199 bytes (1 switches on core 0)
2026-03-06 01:40:38.346 7 INFO placement.requestlog [req-ff08d3bd-a72f-46a2-87e1-32a4e4f338f6 req-1cab9c50-f474-47f1-bc2a-eaad60409a02 2e8cd5e352854e4bb342bc320c42d50c 84012dfdf1e6469da2f24dd6d9e0c04f - - 651702df4f3f4727b90e4d786b86c685 651702df4f3f4727b90e4d786b86c685] 199.204.45.156 "GET /allocations/e10d75f7-0bdf-4f33-a882-967d7304ab90" status: 200 len: 257 microversion: 1.28 [pid: 7|app: 0|req: 324/649] 199.204.45.156 () {34 vars in 863 bytes} [Fri Mar 6 01:40:38 2026] GET /allocations/e10d75f7-0bdf-4f33-a882-967d7304ab90 => generated 257 bytes in 14 msecs (HTTP/1.1 200) 8 headers in 296 bytes (1 switches on core 0)
2026-03-06 01:40:39.386 8 INFO placement.requestlog [req-ff08d3bd-a72f-46a2-87e1-32a4e4f338f6 req-b853415c-bdfa-49e7-a7a6-cdc05cdcc11f 2e8cd5e352854e4bb342bc320c42d50c 84012dfdf1e6469da2f24dd6d9e0c04f - - 651702df4f3f4727b90e4d786b86c685 651702df4f3f4727b90e4d786b86c685] 199.204.45.156 "GET /resource_providers/2e007cc9-9bdd-450d-a9c2-e9ce41287744/allocations" status: 200 len: 452 microversion: 1.0 [pid: 8|app: 0|req: 326/650] 199.204.45.156 () {32 vars in 857 bytes} [Fri Mar 6 01:40:39 2026] GET /resource_providers/2e007cc9-9bdd-450d-a9c2-e9ce41287744/allocations => generated 452 bytes in 16 msecs (HTTP/1.1 200) 6 headers in 224 bytes (1 switches on core 0)
2026-03-06 01:40:39.403 7 INFO placement.requestlog [req-ff08d3bd-a72f-46a2-87e1-32a4e4f338f6 req-1d818b70-fb1e-4959-91f7-e0a2244d5853 2e8cd5e352854e4bb342bc320c42d50c 84012dfdf1e6469da2f24dd6d9e0c04f - - 651702df4f3f4727b90e4d786b86c685 651702df4f3f4727b90e4d786b86c685] 199.204.45.156 "GET /allocations/0700d510-49b8-4442-b74c-c225a1f0731f" status: 200 len: 257 microversion: 1.28 [pid: 7|app: 0|req: 325/651] 199.204.45.156 () {34 vars in 863 bytes} [Fri Mar 6 01:40:39 2026] GET /allocations/0700d510-49b8-4442-b74c-c225a1f0731f => generated 257 bytes in 10 msecs (HTTP/1.1 200) 8 headers in 296 bytes (1 switches on core 0)
2026-03-06 01:40:39.424 8 INFO placement.requestlog [req-ff08d3bd-a72f-46a2-87e1-32a4e4f338f6 req-db076d93-60a3-4273-9967-bc1ae2b405a6 2e8cd5e352854e4bb342bc320c42d50c 84012dfdf1e6469da2f24dd6d9e0c04f - - 651702df4f3f4727b90e4d786b86c685 651702df4f3f4727b90e4d786b86c685] 199.204.45.156 "GET /allocations/e10d75f7-0bdf-4f33-a882-967d7304ab90" status: 200 len: 257 microversion: 1.28 [pid: 8|app: 0|req: 327/652] 199.204.45.156 () {34 vars in 863 bytes} [Fri Mar 6 01:40:39 2026] GET /allocations/e10d75f7-0bdf-4f33-a882-967d7304ab90 => generated 257 bytes in 11 msecs (HTTP/1.1 200) 8 headers in 296 bytes (1 switches on core 0)
2026-03-06 01:40:39.448 7 INFO placement.requestlog [req-ff08d3bd-a72f-46a2-87e1-32a4e4f338f6 req-927a8240-7d5c-4ea6-b594-dd034e29ed32 2e8cd5e352854e4bb342bc320c42d50c 84012dfdf1e6469da2f24dd6d9e0c04f - - 651702df4f3f4727b90e4d786b86c685 651702df4f3f4727b90e4d786b86c685] 199.204.45.156 "GET /allocations/f81cef43-847a-4776-906e-14c132ace2b9" status: 200 len: 257 microversion: 1.28 [pid: 7|app: 0|req: 326/653] 199.204.45.156 () {34 vars in 863 bytes} [Fri Mar 6 01:40:39 2026] GET /allocations/f81cef43-847a-4776-906e-14c132ace2b9 => generated 257 bytes in 13 msecs (HTTP/1.1 200) 8 headers in 296 bytes (1 switches on core 0)
2026-03-06 01:40:39.465 8 INFO placement.requestlog [req-ff08d3bd-a72f-46a2-87e1-32a4e4f338f6 req-be9654a4-681c-41c4-bcff-accb3c312884 2e8cd5e352854e4bb342bc320c42d50c 84012dfdf1e6469da2f24dd6d9e0c04f - - 651702df4f3f4727b90e4d786b86c685 651702df4f3f4727b90e4d786b86c685] 199.204.45.156 "GET /allocations/478f3f77-c871-4ac7-a736-7de79c78b941" status: 200 len: 257 microversion: 1.28 [pid: 8|app: 0|req: 328/654] 199.204.45.156 () {34 vars in 863 bytes} [Fri Mar 6 01:40:39 2026] GET /allocations/478f3f77-c871-4ac7-a736-7de79c78b941 => generated 257 bytes in 11 msecs (HTTP/1.1 200) 8 headers in 296 bytes (1 switches on core 0)
2026-03-06 01:40:43.297 7 INFO placement.requestlog [None req-f9634b12-3854-42a6-ab69-96f95b526542 - - - - - -] 10.0.0.135 "GET /" status: 200 len: 136 microversion: 1.0
2026-03-06 01:40:43.297 8 INFO placement.requestlog [None req-aeec8165-1544-41dd-89da-165848ef050e - - - - - -] 10.0.0.135 "GET /" status: 200 len: 136 microversion: 1.0
2026-03-06 01:40:43.526 8 INFO placement.requestlog [req-3f46635a-7b12-42bd-b177-7f94ae8ca610 req-4e661dcf-8c5a-4f8f-a1e2-e7a107c3a089 2e8cd5e352854e4bb342bc320c42d50c 84012dfdf1e6469da2f24dd6d9e0c04f - - 651702df4f3f4727b90e4d786b86c685 651702df4f3f4727b90e4d786b86c685] 199.204.45.156 "GET /resource_providers/2e007cc9-9bdd-450d-a9c2-e9ce41287744/allocations" status: 200 len: 452 microversion: 1.0 [pid: 8|app: 0|req: 330/657] 199.204.45.156 () {32 vars in 857 bytes} [Fri Mar 6 01:40:43 2026] GET /resource_providers/2e007cc9-9bdd-450d-a9c2-e9ce41287744/allocations => generated 452 bytes in 17 msecs (HTTP/1.1 200) 6 headers in 224 bytes (1 switches on core 0)
2026-03-06 01:40:43.549 7 INFO placement.requestlog [req-3f46635a-7b12-42bd-b177-7f94ae8ca610 req-39b6d26d-3292-4e4f-affc-eb5788818927 2e8cd5e352854e4bb342bc320c42d50c 84012dfdf1e6469da2f24dd6d9e0c04f - - 651702df4f3f4727b90e4d786b86c685 651702df4f3f4727b90e4d786b86c685] 199.204.45.156 "GET /resource_providers/2e007cc9-9bdd-450d-a9c2-e9ce41287744/allocations" status: 200 len: 452 microversion: 1.0 [pid: 7|app: 0|req: 328/658] 199.204.45.156 () {32 vars in 857 bytes} [Fri Mar 6 01:40:43 2026] GET /resource_providers/2e007cc9-9bdd-450d-a9c2-e9ce41287744/allocations => generated 452 bytes in 16 msecs (HTTP/1.1 200) 6 headers in 224 bytes (1 switches on core 0)
