2026-03-06 01:47:49.273 8 INFO placement.requestlog [req-c1868699-fec3-4c20-935d-6394075f528a req-3099fee6-a467-4a3a-b708-e86b7ebb106c 2e8cd5e352854e4bb342bc320c42d50c 84012dfdf1e6469da2f24dd6d9e0c04f - - 651702df4f3f4727b90e4d786b86c685 651702df4f3f4727b90e4d786b86c685] 199.204.45.156 "GET /resource_providers/2e007cc9-9bdd-450d-a9c2-e9ce41287744/allocations" status: 200 len: 340 microversion: 1.0 [pid: 8|app: 0|req: 604/1201] 199.204.45.156 () {32 vars in 857 bytes} [Fri Mar 6 01:47:49 2026] GET /resource_providers/2e007cc9-9bdd-450d-a9c2-e9ce41287744/allocations => generated 340 bytes in 16 msecs (HTTP/1.1 200) 6 headers in 224 bytes (1 switches on core 0)
2026-03-06 01:47:49.297 7 INFO placement.requestlog [req-c1868699-fec3-4c20-935d-6394075f528a req-0eabeb4d-b3f9-4e0b-bd25-d01b3c4feb56 2e8cd5e352854e4bb342bc320c42d50c 84012dfdf1e6469da2f24dd6d9e0c04f - - 651702df4f3f4727b90e4d786b86c685 651702df4f3f4727b90e4d786b86c685] 199.204.45.156 "GET /resource_providers/2e007cc9-9bdd-450d-a9c2-e9ce41287744/allocations" status: 200 len: 340 microversion: 1.0 [pid: 7|app: 0|req: 598/1202] 199.204.45.156 () {32 vars in 857 bytes} [Fri Mar 6 01:47:49 2026] GET /resource_providers/2e007cc9-9bdd-450d-a9c2-e9ce41287744/allocations => generated 340 bytes in 15 msecs (HTTP/1.1 200) 6 headers in 224 bytes (1 switches on core 0)
2026-03-06 01:47:49.314 8 INFO placement.requestlog [req-c1868699-fec3-4c20-935d-6394075f528a req-468a98e3-161a-430d-898f-8b598079287a 2e8cd5e352854e4bb342bc320c42d50c 84012dfdf1e6469da2f24dd6d9e0c04f - - 651702df4f3f4727b90e4d786b86c685 651702df4f3f4727b90e4d786b86c685] 199.204.45.156 "GET /allocations/efcd044d-7830-48a6-b00e-ead11c82978c" status: 200 len: 258 microversion: 1.28 [pid: 8|app: 0|req: 605/1203] 199.204.45.156 () {34 vars in 863 bytes} [Fri Mar 6 01:47:49 2026] GET /allocations/efcd044d-7830-48a6-b00e-ead11c82978c => generated 258 bytes in 12 msecs (HTTP/1.1 200) 8 headers in 296 bytes (1 switches on core 0)
2026-03-06 01:47:49.334 7 INFO placement.requestlog [req-c1868699-fec3-4c20-935d-6394075f528a req-ca084673-a45d-4adb-aaa7-c11bffb2c80d 2e8cd5e352854e4bb342bc320c42d50c 84012dfdf1e6469da2f24dd6d9e0c04f - - 651702df4f3f4727b90e4d786b86c685 651702df4f3f4727b90e4d786b86c685] 199.204.45.156 "GET /allocations/250e7a15-e7cc-459e-af89-39665ac0d3df" status: 200 len: 258 microversion: 1.28 [pid: 7|app: 0|req: 599/1204] 199.204.45.156 () {34 vars in 863 bytes} [Fri Mar 6 01:47:49 2026] GET /allocations/250e7a15-e7cc-459e-af89-39665ac0d3df => generated 258 bytes in 11 msecs (HTTP/1.1 200) 8 headers in 296 bytes (1 switches on core 0)
2026-03-06 01:47:49.353 8 INFO placement.requestlog [req-c1868699-fec3-4c20-935d-6394075f528a req-aab9238f-8306-4b20-93fd-ba087d1129f7 2e8cd5e352854e4bb342bc320c42d50c 84012dfdf1e6469da2f24dd6d9e0c04f - - 651702df4f3f4727b90e4d786b86c685 651702df4f3f4727b90e4d786b86c685] 199.204.45.156 "GET /allocations/312a9710-c925-4b19-beb0-176125b76bf3" status: 200 len: 245 microversion: 1.28 [pid: 8|app: 0|req: 606/1205] 199.204.45.156 () {34 vars in 863 bytes} [Fri Mar 6 01:47:49 2026] GET /allocations/312a9710-c925-4b19-beb0-176125b76bf3 => generated 245 bytes in 14 msecs (HTTP/1.1 200) 8 headers in 296 bytes (1 switches on core 0)
2026-03-06 01:47:53.297 7 INFO placement.requestlog [None req-98eb1ebd-24b7-4c16-99ba-23451ae5ffde - - - - - -] 10.0.0.135 "GET /" status: 200 len: 136 microversion: 1.0
2026-03-06 01:47:53.298 8 INFO placement.requestlog [None req-8d269c7f-3613-4e78-b44c-134b55b24173 - - - - - -] 10.0.0.135 "GET /" status: 200 len: 136 microversion: 1.0
2026-03-06 01:48:03.298 7 INFO placement.requestlog [None req-e116bad8-683f-4358-b297-3cfa7c19c68c - - - - - -] 10.0.0.135 "GET /" status: 200 len: 136 microversion: 1.0
2026-03-06 01:48:03.299 8 INFO placement.requestlog [None req-81cfb0df-dd3d-4705-b073-c34bfb4dabbd - - - - - -] 10.0.0.135 "GET /" status: 200 len: 136 microversion: 1.0
2026-03-06 01:48:13.297 7 INFO placement.requestlog [None req-9dfd8550-b13e-4a84-9647-8bab3640521a - - - - - -] 10.0.0.135 "GET /" status: 200 len: 136 microversion: 1.0
2026-03-06 01:48:13.297 8 INFO placement.requestlog [None req-23349ab5-7c45-4c62-8d05-51a368f6dced - - - - - -] 10.0.0.135 "GET /" status: 200 len: 136 microversion: 1.0
2026-03-06 01:48:23.297 8 INFO placement.requestlog [None req-26f2dc5c-d869-4482-913f-b20f1c11bb51 - - - - - -] 10.0.0.135 "GET /" status: 200 len: 136 microversion: 1.0
2026-03-06 01:48:23.297 7 INFO placement.requestlog [None req-920fc15f-ea15-4423-b15e-7f59b9866062 - - - - - -] 10.0.0.135 "GET /" status: 200 len: 136 microversion: 1.0
2026-03-06 01:48:33.297 7 INFO placement.requestlog [None req-9cfcb082-feee-41e2-b0d4-2c2a66fa96f1 - - - - - -] 10.0.0.135 "GET /" status: 200 len: 136 microversion: 1.0
2026-03-06 01:48:33.297 8 INFO placement.requestlog [None req-59bf85b7-653a-440d-8250-990997d1b6b1 - - - - - -] 10.0.0.135 "GET /" status: 200 len: 136 microversion: 1.0
2026-03-06 01:48:34.395 7 INFO placement.requestlog [None req-0cb72e78-6eb5-48a2-bab9-b62f4260889a ad9ff4017c7b4aafa6eadbaf81d6e1c9 d6e81b890ebf4c9da337e629bd1250c6 - - default default] 10.0.0.193 "GET /resource_providers" status: 200 len: 406 microversion: 1.0 [pid: 7|app: 0|req: 605/1216] 10.0.0.193 () {28 vars in 593 bytes} [Fri Mar 6 01:48:34 2026] GET /resource_providers => generated 406 bytes in 51 msecs (HTTP/1.1 200) 6 headers in 224 bytes (1 switches on core 0)
2026-03-06 01:48:34.416 8 INFO placement.requestlog [None req-b0050234-bf41-44c0-82bc-a88b949b9118 ad9ff4017c7b4aafa6eadbaf81d6e1c9 d6e81b890ebf4c9da337e629bd1250c6 - - default default] 10.0.0.193 "GET /resource_providers/2e007cc9-9bdd-450d-a9c2-e9ce41287744/inventories" status: 200 len: 401 microversion: 1.0 [pid: 8|app: 0|req: 612/1217] 10.0.0.193 () {28 vars in 691 bytes} [Fri Mar 6 01:48:34 2026] GET /resource_providers/2e007cc9-9bdd-450d-a9c2-e9ce41287744/inventories => generated 401 bytes in 19 msecs (HTTP/1.1 200) 6 headers in 224 bytes (1 switches on core 0)
2026-03-06 01:48:34.440 7 INFO placement.requestlog [None req-8fdde756-fe93-46c1-acad-65a45aed6d76 ad9ff4017c7b4aafa6eadbaf81d6e1c9 d6e81b890ebf4c9da337e629bd1250c6 - - default default] 10.0.0.193 "GET /resource_providers/2e007cc9-9bdd-450d-a9c2-e9ce41287744/usages" status: 200 len: 92 microversion: 1.0 [pid: 7|app: 0|req: 606/1218] 10.0.0.193 () {28 vars in 681 bytes} [Fri Mar 6 01:48:34 2026] GET /resource_providers/2e007cc9-9bdd-450d-a9c2-e9ce41287744/usages => generated 92 bytes in 19 msecs (HTTP/1.1 200) 6 headers in 223 bytes (1 switches on core 0)
2026-03-06 01:48:43.298 7 INFO placement.requestlog [None req-b23a3070-fa30-47ec-8ffd-2dfd0e263d2a - - - - - -] 10.0.0.135 "GET /" status: 200 len: 136 microversion: 1.0
2026-03-06 01:48:43.298 8 INFO placement.requestlog [None req-cb59ce6a-a204-43c1-a1c5-e65e01eb8a71 - - - - - -] 10.0.0.135 "GET /" status: 200 len: 136 microversion: 1.0
2026-03-06 01:48:50.187 7 INFO placement.requestlog [req-ba7b55ab-4880-4a04-99a1-7aa2550c4bcd req-1d474500-cc31-4ebe-a81d-646461068e91 2e8cd5e352854e4bb342bc320c42d50c 84012dfdf1e6469da2f24dd6d9e0c04f - - 651702df4f3f4727b90e4d786b86c685 651702df4f3f4727b90e4d786b86c685] 199.204.45.156 "GET /resource_providers/2e007cc9-9bdd-450d-a9c2-e9ce41287744/allocations" status: 200 len: 340 microversion: 1.0 [pid: 7|app: 0|req: 608/1221] 199.204.45.156 () {32 vars in 857 bytes} [Fri Mar 6 01:48:50 2026] GET /resource_providers/2e007cc9-9bdd-450d-a9c2-e9ce41287744/allocations => generated 340 bytes in 17 msecs (HTTP/1.1 200) 6 headers in 224 bytes (1 switches on core 0)
2026-03-06 01:48:50.215 8 INFO placement.requestlog [req-ba7b55ab-4880-4a04-99a1-7aa2550c4bcd req-b6509cf6-74d3-4711-92bd-2ef81477e438 2e8cd5e352854e4bb342bc320c42d50c 84012dfdf1e6469da2f24dd6d9e0c04f - - 651702df4f3f4727b90e4d786b86c685 651702df4f3f4727b90e4d786b86c685] 199.204.45.156 "GET /resource_providers/2e007cc9-9bdd-450d-a9c2-e9ce41287744/allocations" status: 200 len: 340 microversion: 1.0 [pid: 8|app: 0|req: 614/1222] 199.204.45.156 () {32 vars in 857 bytes} [Fri Mar 6 01:48:50 2026] GET /resource_providers/2e007cc9-9bdd-450d-a9c2-e9ce41287744/allocations => generated 340 bytes in 15 msecs (HTTP/1.1 200) 6 headers in 224 bytes (1 switches on core 0)
2026-03-06 01:48:50.238 7 INFO placement.requestlog [req-ba7b55ab-4880-4a04-99a1-7aa2550c4bcd req-e71abf5c-ab6c-4c25-9851-5295998fe375 2e8cd5e352854e4bb342bc320c42d50c 84012dfdf1e6469da2f24dd6d9e0c04f - - 651702df4f3f4727b90e4d786b86c685 651702df4f3f4727b90e4d786b86c685] 199.204.45.156 "GET /allocations/efcd044d-7830-48a6-b00e-ead11c82978c" status: 200 len: 258 microversion: 1.28 [pid: 7|app: 0|req: 609/1223] 199.204.45.156 () {34 vars in 863 bytes} [Fri Mar 6 01:48:50 2026] GET /allocations/efcd044d-7830-48a6-b00e-ead11c82978c => generated 258 bytes in 13 msecs (HTTP/1.1 200) 8 headers in 296 bytes (1 switches on core 0)
2026-03-06 01:48:50.260 8 INFO placement.requestlog [req-ba7b55ab-4880-4a04-99a1-7aa2550c4bcd req-28639207-cef4-435e-a4ce-ab1bf31995a0 2e8cd5e352854e4bb342bc320c42d50c 84012dfdf1e6469da2f24dd6d9e0c04f - - 651702df4f3f4727b90e4d786b86c685 651702df4f3f4727b90e4d786b86c685] 199.204.45.156 "GET /allocations/250e7a15-e7cc-459e-af89-39665ac0d3df" status: 200 len: 258 microversion: 1.28 [pid: 8|app: 0|req: 615/1224] 199.204.45.156 () {34 vars in 863 bytes} [Fri Mar 6 01:48:50 2026] GET /allocations/250e7a15-e7cc-459e-af89-39665ac0d3df => generated 258 bytes in 16 msecs (HTTP/1.1 200) 8 headers in 296 bytes (1 switches on core 0)
2026-03-06 01:48:50.280 7 INFO placement.requestlog [req-ba7b55ab-4880-4a04-99a1-7aa2550c4bcd req-d77f7742-c1f8-4760-b92d-1758a467f634 2e8cd5e352854e4bb342bc320c42d50c 84012dfdf1e6469da2f24dd6d9e0c04f - - 651702df4f3f4727b90e4d786b86c685 651702df4f3f4727b90e4d786b86c685] 199.204.45.156 "GET /allocations/312a9710-c925-4b19-beb0-176125b76bf3" status: 200 len: 245 microversion: 1.28 [pid: 7|app: 0|req: 610/1225] 199.204.45.156 () {34 vars in 863 bytes} [Fri Mar 6 01:48:50 2026] GET /allocations/312a9710-c925-4b19-beb0-176125b76bf3 => generated 245 bytes in 14 msecs (HTTP/1.1 200) 8 headers in 296 bytes (1 switches on core 0)
2026-03-06 01:48:53.297 7 INFO placement.requestlog [None req-e45050f8-4f0e-40fc-a974-f455d6468801 - - - - - -] 10.0.0.135 "GET /" status: 200 len: 136 microversion: 1.0
2026-03-06 01:48:53.297 8 INFO placement.requestlog [None req-3eb0bc65-3592-474d-8568-21aa7f46f32f - - - - - -] 10.0.0.135 "GET /" status: 200 len: 136 microversion: 1.0
2026-03-06 01:49:03.298 8 INFO placement.requestlog [None req-2019efa0-4476-4c86-a7b8-9166108b274a - - - - - -] 10.0.0.135 "GET /" status: 200 len: 136 microversion: 1.0
2026-03-06 01:49:03.298 7 INFO placement.requestlog [None req-398ddf6a-9b2d-4626-9879-561be1c22d45 - - - - - -] 10.0.0.135 "GET /" status: 200 len: 136 microversion: 1.0
2026-03-06 01:49:13.297 8 INFO placement.requestlog [None req-7c734c35-0410-407b-ab99-e0d8f6abac23 - - - - - -] 10.0.0.135 "GET /" status: 200 len: 136 microversion: 1.0
2026-03-06 01:49:13.298 7 INFO placement.requestlog [None req-4afe4d81-9cd9-4fe3-a70d-0a7f63fae30a - - - - - -] 10.0.0.135 "GET /" status: 200 len: 136 microversion: 1.0
2026-03-06 01:49:23.296 7 INFO placement.requestlog [None req-313e761c-3776-479c-9eff-bd90c4168c06 - - - - - -] 10.0.0.135 "GET /" status: 200 len: 136 microversion: 1.0
2026-03-06 01:49:23.297 8 INFO placement.requestlog [None req-e2bf0ee9-90e0-4919-93ca-0381a3a48ed4 - - - - - -] 10.0.0.135 "GET /" status: 200 len: 136 microversion: 1.0
2026-03-06 01:49:33.296 7 INFO placement.requestlog [None req-e55d010d-0713-421d-8d3d-44ede8fbfb1b - - - - - -] 10.0.0.135 "GET /" status: 200 len: 136 microversion: 1.0
2026-03-06 01:49:33.297 8 INFO placement.requestlog [None req-d348e7ed-d42c-41fe-8cd3-0cfacf01e195 - - - - - -] 10.0.0.135 "GET /" status: 200 len: 136 microversion: 1.0
2026-03-06 01:49:34.338 7 INFO placement.requestlog [None req-2577ebc3-d4e5-41f8-9e76-2a372bf16c0c ad9ff4017c7b4aafa6eadbaf81d6e1c9 d6e81b890ebf4c9da337e629bd1250c6 - - default default] 10.0.0.193 "GET /resource_providers" status: 200 len: 406 microversion: 1.0 [pid: 7|app: 0|req: 616/1236] 10.0.0.193 () {28 vars in 593 bytes} [Fri Mar 6 01:49:34 2026] GET /resource_providers => generated 406 bytes in 62 msecs (HTTP/1.1 200) 6 headers in 224 bytes (1 switches on core 0)
2026-03-06 01:49:34.363 8 INFO placement.requestlog [None req-ae8a2919-684d-4137-8b88-8f73aad843a2 ad9ff4017c7b4aafa6eadbaf81d6e1c9 d6e81b890ebf4c9da337e629bd1250c6 - - default default] 10.0.0.193 "GET /resource_providers/2e007cc9-9bdd-450d-a9c2-e9ce41287744/inventories" status: 200 len: 401 microversion: 1.0 [pid: 8|app: 0|req: 621/1237] 10.0.0.193 () {28 vars in 691 bytes} [Fri Mar 6 01:49:34 2026] GET /resource_providers/2e007cc9-9bdd-450d-a9c2-e9ce41287744/inventories => generated 401 bytes in 19 msecs (HTTP/1.1 200) 6 headers in 224 bytes (1 switches on core 0)
2026-03-06 01:49:34.384 7 INFO placement.requestlog [None req-6b127c72-034f-4c28-a058-1609c2092a79 ad9ff4017c7b4aafa6eadbaf81d6e1c9 d6e81b890ebf4c9da337e629bd1250c6 - - default default] 10.0.0.193 "GET /resource_providers/2e007cc9-9bdd-450d-a9c2-e9ce41287744/usages" status: 200 len: 92 microversion: 1.0 [pid: 7|app: 0|req: 617/1238] 10.0.0.193 () {28 vars in 681 bytes} [Fri Mar 6 01:49:34 2026] GET /resource_providers/2e007cc9-9bdd-450d-a9c2-e9ce41287744/usages => generated 92 bytes in 18 msecs (HTTP/1.1 200) 6 headers in 223 bytes (1 switches on core 0)
2026-03-06 01:49:43.296 8 INFO placement.requestlog [None req-671a06a4-5821-4632-9dfc-4ceb87aa8e03 - - - - - -] 10.0.0.135 "GET /" status: 200 len: 136 microversion: 1.0
2026-03-06 01:49:43.296 7 INFO placement.requestlog [None req-edd067cb-fecf-4446-bffd-67e9f4448040 - - - - - -] 10.0.0.135 "GET /" status: 200 len: 136 microversion: 1.0
2026-03-06 01:49:51.078 8 INFO placement.requestlog [req-570addf0-d40d-403e-bac7-e80eb963da14 req-2211cbcf-5222-44b9-9688-e078c78ce788 2e8cd5e352854e4bb342bc320c42d50c 84012dfdf1e6469da2f24dd6d9e0c04f - - 651702df4f3f4727b90e4d786b86c685 651702df4f3f4727b90e4d786b86c685] 199.204.45.156 "GET /resource_providers/2e007cc9-9bdd-450d-a9c2-e9ce41287744/allocations" status: 200 len: 340 microversion: 1.0 [pid: 8|app: 0|req: 623/1241] 199.204.45.156 () {32 vars in 857 bytes} [Fri Mar 6 01:49:51 2026] GET /resource_providers/2e007cc9-9bdd-450d-a9c2-e9ce41287744/allocations => generated 340 bytes in 13 msecs (HTTP/1.1 200) 6 headers in 224 bytes (1 switches on core 0)
2026-03-06 01:49:51.108 7 INFO placement.requestlog [req-570addf0-d40d-403e-bac7-e80eb963da14 req-4e824295-6e5e-488b-a109-dba51f7f2c7e 2e8cd5e352854e4bb342bc320c42d50c 84012dfdf1e6469da2f24dd6d9e0c04f - - 651702df4f3f4727b90e4d786b86c685 651702df4f3f4727b90e4d786b86c685] 199.204.45.156 "GET /resource_providers/2e007cc9-9bdd-450d-a9c2-e9ce41287744/allocations" status: 200 len: 340 microversion: 1.0 [pid: 7|app: 0|req: 619/1242] 199.204.45.156 () {32 vars in 857 bytes} [Fri Mar 6 01:49:51 2026] GET /resource_providers/2e007cc9-9bdd-450d-a9c2-e9ce41287744/allocations => generated 340 bytes in 24 msecs (HTTP/1.1 200) 6 headers in 224 bytes (1 switches on core 0)
2026-03-06 01:49:51.124 8 INFO placement.requestlog [req-570addf0-d40d-403e-bac7-e80eb963da14 req-f0e61903-8230-4865-8e26-9769fa7df925 2e8cd5e352854e4bb342bc320c42d50c 84012dfdf1e6469da2f24dd6d9e0c04f - - 651702df4f3f4727b90e4d786b86c685 651702df4f3f4727b90e4d786b86c685] 199.204.45.156 "GET /allocations/efcd044d-7830-48a6-b00e-ead11c82978c" status: 200 len: 258 microversion: 1.28 [pid: 8|app: 0|req: 624/1243] 199.204.45.156 () {34 vars in 863 bytes} [Fri Mar 6 01:49:51 2026] GET /allocations/efcd044d-7830-48a6-b00e-ead11c82978c => generated 258 bytes in 10 msecs (HTTP/1.1 200) 8 headers in 296 bytes (1 switches on core 0)
2026-03-06 01:49:51.143 7 INFO placement.requestlog [req-570addf0-d40d-403e-bac7-e80eb963da14 req-214fa0d1-26c8-4dda-9560-150a85162764 2e8cd5e352854e4bb342bc320c42d50c 84012dfdf1e6469da2f24dd6d9e0c04f - - 651702df4f3f4727b90e4d786b86c685 651702df4f3f4727b90e4d786b86c685] 199.204.45.156 "GET /allocations/250e7a15-e7cc-459e-af89-39665ac0d3df" status: 200 len: 258 microversion: 1.28 [pid: 7|app: 0|req: 620/1244] 199.204.45.156 () {34 vars in 863 bytes} [Fri Mar 6 01:49:51 2026] GET /allocations/250e7a15-e7cc-459e-af89-39665ac0d3df => generated 258 bytes in 12 msecs (HTTP/1.1 200) 8 headers in 296 bytes (1 switches on core 0)
2026-03-06 01:49:51.160 8 INFO placement.requestlog [req-570addf0-d40d-403e-bac7-e80eb963da14 req-8c309961-e1ac-49d8-baca-ecbb64b1e6fc 2e8cd5e352854e4bb342bc320c42d50c 84012dfdf1e6469da2f24dd6d9e0c04f - - 651702df4f3f4727b90e4d786b86c685 651702df4f3f4727b90e4d786b86c685] 199.204.45.156 "GET /allocations/312a9710-c925-4b19-beb0-176125b76bf3" status: 200 len: 245 microversion: 1.28 [pid: 8|app: 0|req: 625/1245] 199.204.45.156 () {34 vars in 863 bytes} [Fri Mar 6 01:49:51 2026] GET /allocations/312a9710-c925-4b19-beb0-176125b76bf3 => generated 245 bytes in 12 msecs (HTTP/1.1 200) 8 headers in 296 bytes (1 switches on core 0)
2026-03-06 01:49:53.297 7 INFO placement.requestlog [None req-9d4e7cfb-d97c-4932-b970-dd37dbdc5eb0 - - - - - -] 10.0.0.135 "GET /" status: 200 len: 136 microversion: 1.0
2026-03-06 01:49:53.297 8 INFO placement.requestlog [None req-8f58b68a-0aa7-4761-ba91-4a66ce3c93e7 - - - - - -] 10.0.0.135 "GET /" status: 200 len: 136 microversion: 1.0
2026-03-06 01:50:03.296 8 INFO placement.requestlog [None req-bfedebc9-d4fe-4ac5-8155-c3bf5892ffa4 - - - - - -] 10.0.0.135 "GET /" status: 200 len: 136 microversion: 1.0
2026-03-06 01:50:03.297 7 INFO placement.requestlog [None req-4bc49d91-5b20-433a-9805-148c3e1822f4 - - - - - -] 10.0.0.135 "GET /" status: 200 len: 136 microversion: 1.0
2026-03-06 01:50:13.297 8 INFO placement.requestlog [None req-4ff54126-0390-40e7-a5ba-06d5d913ba77 - - - - - -] 10.0.0.135 "GET /" status: 200 len: 136 microversion: 1.0
2026-03-06 01:50:13.297 7 INFO placement.requestlog [None req-a1c171f2-95f0-4bee-8ac3-e63e618dc55b - - - - - -] 10.0.0.135 "GET /" status: 200 len: 136 microversion: 1.0
2026-03-06 01:50:23.297 7 INFO placement.requestlog [None req-5e153ce4-03b6-4974-95f3-29e24c047862 - - - - - -] 10.0.0.135 "GET /" status: 200 len: 136 microversion: 1.0
2026-03-06 01:50:23.297 8 INFO placement.requestlog [None req-54d80d0c-244d-4a8d-a3f1-6e4a1b630bed - - - - - -] 10.0.0.135 "GET /" status: 200 len: 136 microversion: 1.0
2026-03-06 01:50:24.443 8 INFO placement.requestlog [req-061813dd-815a-460c-84a3-f2d7e04dff71 req-bb1a21a1-23a8-404a-82aa-f7a2f0501603 2e8cd5e352854e4bb342bc320c42d50c 84012dfdf1e6469da2f24dd6d9e0c04f - - 651702df4f3f4727b90e4d786b86c685 651702df4f3f4727b90e4d786b86c685] 199.204.45.156 "GET /resource_providers/2e007cc9-9bdd-450d-a9c2-e9ce41287744/allocations" status: 200 len: 340 microversion: 1.0 [pid: 8|app: 0|req: 630/1254] 199.204.45.156 () {32 vars in 857 bytes} [Fri Mar 6 01:50:24 2026] GET /resource_providers/2e007cc9-9bdd-450d-a9c2-e9ce41287744/allocations => generated 340 bytes in 18 msecs (HTTP/1.1 200) 6 headers in 224 bytes (1 switches on core 0)
2026-03-06 01:50:24.462 7 INFO placement.requestlog [req-061813dd-815a-460c-84a3-f2d7e04dff71 req-d3c16cf6-9c20-45e7-9b44-92efed0a88ea 2e8cd5e352854e4bb342bc320c42d50c 84012dfdf1e6469da2f24dd6d9e0c04f - - 651702df4f3f4727b90e4d786b86c685 651702df4f3f4727b90e4d786b86c685] 199.204.45.156 "GET /allocations/efcd044d-7830-48a6-b00e-ead11c82978c" status: 200 len: 258 microversion: 1.28 [pid: 7|app: 0|req: 625/1255] 199.204.45.156 () {34 vars in 863 bytes} [Fri Mar 6 01:50:24 2026] GET /allocations/efcd044d-7830-48a6-b00e-ead11c82978c => generated 258 bytes in 13 msecs (HTTP/1.1 200) 8 headers in 296 bytes (1 switches on core 0)
2026-03-06 01:50:24.482 8 INFO placement.requestlog [req-061813dd-815a-460c-84a3-f2d7e04dff71 req-884d2986-ae8f-46dc-bf97-ce429767991d 2e8cd5e352854e4bb342bc320c42d50c 84012dfdf1e6469da2f24dd6d9e0c04f - - 651702df4f3f4727b90e4d786b86c685 651702df4f3f4727b90e4d786b86c685] 199.204.45.156 "GET /allocations/250e7a15-e7cc-459e-af89-39665ac0d3df" status: 200 len: 258 microversion: 1.28 [pid: 8|app: 0|req: 631/1256] 199.204.45.156 () {34 vars in 863 bytes} [Fri Mar 6 01:50:24 2026] GET /allocations/250e7a15-e7cc-459e-af89-39665ac0d3df => generated 258 bytes in 13 msecs (HTTP/1.1 200) 8 headers in 296 bytes (1 switches on core 0)
2026-03-06 01:50:24.498 7 INFO placement.requestlog [req-061813dd-815a-460c-84a3-f2d7e04dff71 req-e4c76417-833f-4110-a001-dd99c6856dde 2e8cd5e352854e4bb342bc320c42d50c 84012dfdf1e6469da2f24dd6d9e0c04f - - 651702df4f3f4727b90e4d786b86c685 651702df4f3f4727b90e4d786b86c685] 199.204.45.156 "GET /allocations/312a9710-c925-4b19-beb0-176125b76bf3" status: 200 len: 245 microversion: 1.28 [pid: 7|app: 0|req: 626/1257] 199.204.45.156 () {34 vars in 863 bytes} [Fri Mar 6 01:50:24 2026] GET /allocations/312a9710-c925-4b19-beb0-176125b76bf3 => generated 245 bytes in 9 msecs (HTTP/1.1 200) 8 headers in 296 bytes (1 switches on core 0)
2026-03-06 01:50:25.546 8 INFO placement.requestlog [req-061813dd-815a-460c-84a3-f2d7e04dff71 req-99ab46da-3d7d-442b-bd46-beb8108f75f8 2e8cd5e352854e4bb342bc320c42d50c 84012dfdf1e6469da2f24dd6d9e0c04f - - 651702df4f3f4727b90e4d786b86c685 651702df4f3f4727b90e4d786b86c685] 199.204.45.156 "DELETE /allocations/312a9710-c925-4b19-beb0-176125b76bf3" status: 204 len: 0 microversion: 1.0 [pid: 8|app: 0|req: 632/1258] 199.204.45.156 () {34 vars in 841 bytes} [Fri Mar 6 01:50:25 2026] DELETE /allocations/312a9710-c925-4b19-beb0-176125b76bf3 => generated 0 bytes in 21 msecs (HTTP/1.1 204) 5 headers in 198 bytes (1 switches on core 0)
2026-03-06 01:50:27.318 7 INFO placement.requestlog [req-218e1d00-c81d-4877-bc3a-63ac893ca9fd req-2612ab45-a16d-4362-9929-22274e4ed04b 2e8cd5e352854e4bb342bc320c42d50c 84012dfdf1e6469da2f24dd6d9e0c04f - - 651702df4f3f4727b90e4d786b86c685 651702df4f3f4727b90e4d786b86c685] 199.204.45.156 "GET /resource_providers/2e007cc9-9bdd-450d-a9c2-e9ce41287744/allocations" status: 200 len: 253 microversion: 1.0 [pid: 7|app: 0|req: 627/1259] 199.204.45.156 () {32 vars in 857 bytes} [Fri Mar 6 01:50:27 2026] GET /resource_providers/2e007cc9-9bdd-450d-a9c2-e9ce41287744/allocations => generated 253 bytes in 21 msecs (HTTP/1.1 200) 6 headers in 224 bytes (1 switches on core 0)
2026-03-06 01:50:27.337 8 INFO placement.requestlog [req-218e1d00-c81d-4877-bc3a-63ac893ca9fd req-4e0c934e-85f5-430c-aa8f-f894b3dc336d 2e8cd5e352854e4bb342bc320c42d50c 84012dfdf1e6469da2f24dd6d9e0c04f - - 651702df4f3f4727b90e4d786b86c685 651702df4f3f4727b90e4d786b86c685] 199.204.45.156 "GET /allocations/efcd044d-7830-48a6-b00e-ead11c82978c" status: 200 len: 258 microversion: 1.28 [pid: 8|app: 0|req: 633/1260] 199.204.45.156 () {34 vars in 863 bytes} [Fri Mar 6 01:50:27 2026] GET /allocations/efcd044d-7830-48a6-b00e-ead11c82978c => generated 258 bytes in 12 msecs (HTTP/1.1 200) 8 headers in 296 bytes (1 switches on core 0)
2026-03-06 01:50:27.359 7 INFO placement.requestlog [req-218e1d00-c81d-4877-bc3a-63ac893ca9fd req-c4b6691d-3c91-466f-a10b-a06465daf8ad 2e8cd5e352854e4bb342bc320c42d50c 84012dfdf1e6469da2f24dd6d9e0c04f - - 651702df4f3f4727b90e4d786b86c685 651702df4f3f4727b90e4d786b86c685] 199.204.45.156 "GET /allocations/250e7a15-e7cc-459e-af89-39665ac0d3df" status: 200 len: 258 microversion: 1.28 [pid: 7|app: 0|req: 628/1261] 199.204.45.156 () {34 vars in 863 bytes} [Fri Mar 6 01:50:27 2026] GET /allocations/250e7a15-e7cc-459e-af89-39665ac0d3df => generated 258 bytes in 13 msecs (HTTP/1.1 200) 8 headers in 296 bytes (1 switches on core 0)
2026-03-06 01:50:28.408 8 INFO placement.requestlog [req-218e1d00-c81d-4877-bc3a-63ac893ca9fd req-5dc4bf9d-1a2c-46d3-bfe5-9c9d49c40d9f 2e8cd5e352854e4bb342bc320c42d50c 84012dfdf1e6469da2f24dd6d9e0c04f - - 651702df4f3f4727b90e4d786b86c685 651702df4f3f4727b90e4d786b86c685] 199.204.45.156 "DELETE /allocations/250e7a15-e7cc-459e-af89-39665ac0d3df" status: 204 len: 0 microversion: 1.0 [pid: 8|app: 0|req: 634/1262] 199.204.45.156 () {34 vars in 841 bytes} [Fri Mar 6 01:50:28 2026] DELETE /allocations/250e7a15-e7cc-459e-af89-39665ac0d3df => generated 0 bytes in 25 msecs (HTTP/1.1 204) 5 headers in 198 bytes (1 switches on core 0)
2026-03-06 01:50:33.297 7 INFO placement.requestlog [None req-0cab7db6-9f16-4a46-9515-126db49c8548 - - - - - -] 10.0.0.135 "GET /" status: 200 len: 136 microversion: 1.0
2026-03-06 01:50:33.298 8 INFO placement.requestlog [None req-5cc9bb74-a61f-4cf9-99a6-b43f76257a45 - - - - - -] 10.0.0.135 "GET /" status: 200 len: 136 microversion: 1.0
2026-03-06 01:50:34.468 7 INFO placement.requestlog [None req-0c4f8e4d-5716-46a9-915b-e2ffae20b3f9 ad9ff4017c7b4aafa6eadbaf81d6e1c9 d6e81b890ebf4c9da337e629bd1250c6 - - default default] 10.0.0.193 "GET /resource_providers" status: 200 len: 406 microversion: 1.0 [pid: 7|app: 0|req: 630/1265] 10.0.0.193 () {28 vars in 593 bytes} [Fri Mar 6 01:50:34 2026] GET /resource_providers => generated 406 bytes in 90 msecs (HTTP/1.1 200) 6 headers in 224 bytes (1 switches on core 0)
2026-03-06 01:50:34.506 8 INFO placement.requestlog [None req-d3627862-69c5-481d-929f-c26ef8f30db8 ad9ff4017c7b4aafa6eadbaf81d6e1c9 d6e81b890ebf4c9da337e629bd1250c6 - - default default] 10.0.0.193 "GET /resource_providers/2e007cc9-9bdd-450d-a9c2-e9ce41287744/inventories" status: 200 len: 401 microversion: 1.0 [pid: 8|app: 0|req: 636/1266] 10.0.0.193 () {28 vars in 691 bytes} [Fri Mar 6 01:50:34 2026] GET /resource_providers/2e007cc9-9bdd-450d-a9c2-e9ce41287744/inventories => generated 401 bytes in 33 msecs (HTTP/1.1 200) 6 headers in 224 bytes (1 switches on core 0)
2026-03-06 01:50:34.526 7 INFO placement.requestlog [None req-a959a9d7-1eac-4550-aa27-cc10149dd4e5 ad9ff4017c7b4aafa6eadbaf81d6e1c9 d6e81b890ebf4c9da337e629bd1250c6 - - default default] 10.0.0.193 "GET /resource_providers/2e007cc9-9bdd-450d-a9c2-e9ce41287744/usages" status: 200 len: 91 microversion: 1.0 [pid: 7|app: 0|req: 631/1267] 10.0.0.193 () {28 vars in 681 bytes} [Fri Mar 6 01:50:34 2026] GET /resource_providers/2e007cc9-9bdd-450d-a9c2-e9ce41287744/usages => generated 91 bytes in 13 msecs (HTTP/1.1 200) 6 headers in 223 bytes (1 switches on core 0)
2026-03-06 01:50:38.136 8 INFO placement.requestlog [req-b63b6213-5877-4719-b2c3-d3ac612b71e2 req-f7a252e6-ac28-4ee7-aeaf-e088d01afcd7 2e8cd5e352854e4bb342bc320c42d50c 84012dfdf1e6469da2f24dd6d9e0c04f - - 651702df4f3f4727b90e4d786b86c685 651702df4f3f4727b90e4d786b86c685] 199.204.45.156 "GET /resource_providers/2e007cc9-9bdd-450d-a9c2-e9ce41287744/allocations" status: 200 len: 153 microversion: 1.0 [pid: 8|app: 0|req: 637/1268] 199.204.45.156 () {32 vars in 857 bytes} [Fri Mar 6 01:50:38 2026] GET /resource_providers/2e007cc9-9bdd-450d-a9c2-e9ce41287744/allocations => generated 153 bytes in 15 msecs (HTTP/1.1 200) 6 headers in 224 bytes (1 switches on core 0)
2026-03-06 01:50:38.153 7 INFO placement.requestlog [req-b63b6213-5877-4719-b2c3-d3ac612b71e2 req-c9d53edc-f04a-4ce8-995f-da56dab707c1 2e8cd5e352854e4bb342bc320c42d50c 84012dfdf1e6469da2f24dd6d9e0c04f - - 651702df4f3f4727b90e4d786b86c685 651702df4f3f4727b90e4d786b86c685] 199.204.45.156 "GET /allocations/efcd044d-7830-48a6-b00e-ead11c82978c" status: 200 len: 258 microversion: 1.28 [pid: 7|app: 0|req: 632/1269] 199.204.45.156 () {34 vars in 863 bytes} [Fri Mar 6 01:50:38 2026] GET /allocations/efcd044d-7830-48a6-b00e-ead11c82978c => generated 258 bytes in 9 msecs (HTTP/1.1 200) 8 headers in 296 bytes (1 switches on core 0)
2026-03-06 01:50:39.200 8 INFO placement.requestlog [req-b63b6213-5877-4719-b2c3-d3ac612b71e2 req-4b868a29-5613-4215-bea4-00eaa8d022a4 2e8cd5e352854e4bb342bc320c42d50c 84012dfdf1e6469da2f24dd6d9e0c04f - - 651702df4f3f4727b90e4d786b86c685 651702df4f3f4727b90e4d786b86c685] 199.204.45.156 "DELETE /allocations/efcd044d-7830-48a6-b00e-ead11c82978c" status: 204 len: 0 microversion: 1.0 [pid: 8|app: 0|req: 638/1270] 199.204.45.156 () {34 vars in 841 bytes} [Fri Mar 6 01:50:39 2026] DELETE /allocations/efcd044d-7830-48a6-b00e-ead11c82978c => generated 0 bytes in 23 msecs (HTTP/1.1 204) 5 headers in 198 bytes (1 switches on core 0)
2026-03-06 01:50:43.298 7 INFO placement.requestlog [None req-ee278d75-682a-411d-9de1-763ba1612709 - - - - - -] 10.0.0.135 "GET /" status: 200 len: 136 microversion: 1.0
2026-03-06 01:50:43.298 8 INFO placement.requestlog [None req-6bb9a03a-e8cd-4dba-aff9-dc89d66c3fb5 - - - - - -] 10.0.0.135 "GET /" status: 200 len: 136 microversion: 1.0
2026-03-06 01:50:50.750 7 INFO placement.requestlog [req-96163bd0-43c5-401f-835f-b00185db89ce req-8960c2df-44cb-48b2-9fda-a534ffdd396c 2e8cd5e352854e4bb342bc320c42d50c 84012dfdf1e6469da2f24dd6d9e0c04f - - 651702df4f3f4727b90e4d786b86c685 651702df4f3f4727b90e4d786b86c685] 199.204.45.156 "GET /resource_providers/2e007cc9-9bdd-450d-a9c2-e9ce41287744/allocations" status: 200 len: 55 microversion: 1.0 [pid: 7|app: 0|req: 634/1273] 199.204.45.156 () {32 vars in 857 bytes} [Fri Mar 6 01:50:50 2026] GET /resource_providers/2e007cc9-9bdd-450d-a9c2-e9ce41287744/allocations => generated 55 bytes in 13 msecs (HTTP/1.1 200) 6 headers in 223 bytes (1 switches on core 0)
2026-03-06 01:50:50.767 8 INFO placement.requestlog [req-96163bd0-43c5-401f-835f-b00185db89ce req-af3fca81-27b6-4b7e-8c1e-3a34b73009c8 2e8cd5e352854e4bb342bc320c42d50c 84012dfdf1e6469da2f24dd6d9e0c04f - - 651702df4f3f4727b90e4d786b86c685 651702df4f3f4727b90e4d786b86c685] 199.204.45.156 "GET /resource_providers/2e007cc9-9bdd-450d-a9c2-e9ce41287744/allocations" status: 200 len: 55 microversion: 1.0 [pid: 8|app: 0|req: 640/1274] 199.204.45.156 () {32 vars in 857 bytes} [Fri Mar 6 01:50:50 2026] GET /resource_providers/2e007cc9-9bdd-450d-a9c2-e9ce41287744/allocations => generated 55 bytes in 11 msecs (HTTP/1.1 200) 6 headers in 223 bytes (1 switches on core 0)
2026-03-06 01:50:50.875 7 INFO placement.requestlog [None req-b4c2be02-b61e-474e-b76e-d66c459be83d 91b6bc156fbc44f68f873b4918b9a604 84012dfdf1e6469da2f24dd6d9e0c04f - - 651702df4f3f4727b90e4d786b86c685 651702df4f3f4727b90e4d786b86c685] 10.0.0.206 "GET /resource_providers/b7fd2e4c-f65f-4684-8031-377b668e27ad/aggregates" status: 404 len: 235 microversion: 1.1 [pid: 7|app: 0|req: 635/1275] 10.0.0.206 () {32 vars in 816 bytes} [Fri Mar 6 01:50:50 2026] GET /resource_providers/b7fd2e4c-f65f-4684-8031-377b668e27ad/aggregates => generated 235 bytes in 58 msecs (HTTP/1.1 404) 5 headers in 202 bytes (1 switches on core 0)
2026-03-06 01:50:50.881 8 INFO placement.requestlog [None req-d1e9cbdc-50b1-48d9-adac-d94b6d6f48b5 91b6bc156fbc44f68f873b4918b9a604 84012dfdf1e6469da2f24dd6d9e0c04f - - 651702df4f3f4727b90e4d786b86c685 651702df4f3f4727b90e4d786b86c685] 10.0.0.206 "GET /resource_providers/b7fd2e4c-f65f-4684-8031-377b668e27ad/aggregates" status: 404 len: 235 microversion: 1.1 [pid: 8|app: 0|req: 641/1276] 10.0.0.206 () {32 vars in 816 bytes} [Fri Mar 6 01:50:50 2026] GET /resource_providers/b7fd2e4c-f65f-4684-8031-377b668e27ad/aggregates => generated 235 bytes in 64 msecs (HTTP/1.1 404) 5 headers in 202 bytes (1 switches on core 0)
2026-03-06 01:50:50.896 7 INFO placement.requestlog [None req-40860309-a7ab-47d0-b4cf-deb81b1bb6a2 91b6bc156fbc44f68f873b4918b9a604 84012dfdf1e6469da2f24dd6d9e0c04f - - 651702df4f3f4727b90e4d786b86c685 651702df4f3f4727b90e4d786b86c685] 10.0.0.206 "DELETE /resource_providers/b7fd2e4c-f65f-4684-8031-377b668e27ad" status: 404 len: 246 microversion: 1.1 [pid: 7|app: 0|req: 636/1277] 10.0.0.206 () {34 vars in 816 bytes} [Fri Mar 6 01:50:50 2026] DELETE /resource_providers/b7fd2e4c-f65f-4684-8031-377b668e27ad => generated 246 bytes in 11 msecs (HTTP/1.1 404) 6 headers in 231 bytes (1 switches on core 0)
2026-03-06 01:50:50.900 8 INFO placement.requestlog [None req-8bfd55dd-b861-4d12-a815-b0673f65895f 91b6bc156fbc44f68f873b4918b9a604 84012dfdf1e6469da2f24dd6d9e0c04f - - 651702df4f3f4727b90e4d786b86c685 651702df4f3f4727b90e4d786b86c685] 10.0.0.206 "DELETE /resource_providers/b7fd2e4c-f65f-4684-8031-377b668e27ad" status: 404 len: 246 microversion: 1.1 [pid: 8|app: 0|req: 642/1278] 10.0.0.206 () {34 vars in 816 bytes} [Fri Mar 6 01:50:50 2026] DELETE /resource_providers/b7fd2e4c-f65f-4684-8031-377b668e27ad => generated 246 bytes in 8 msecs (HTTP/1.1 404) 6 headers in 231 bytes (1 switches on core 0)
2026-03-06 01:50:52.917 7 INFO placement.requestlog [None req-a6899580-b0de-4014-95d0-502e06ea1cba 91b6bc156fbc44f68f873b4918b9a604 84012dfdf1e6469da2f24dd6d9e0c04f - - 651702df4f3f4727b90e4d786b86c685 651702df4f3f4727b90e4d786b86c685] 10.0.0.206 "GET /resource_providers/4efe59db-f0dd-44c8-9c7b-6a91ca756eb2/aggregates" status: 404 len: 235 microversion: 1.1 [pid: 7|app: 0|req: 637/1279] 10.0.0.206 () {32 vars in 816 bytes} [Fri Mar 6 01:50:52 2026] GET /resource_providers/4efe59db-f0dd-44c8-9c7b-6a91ca756eb2/aggregates => generated 235 bytes in 8 msecs (HTTP/1.1 404) 5 headers in 202 bytes (1 switches on core 0)
2026-03-06 01:50:52.918 8 INFO placement.requestlog [None req-2ed9fd6e-2010-487d-b841-9cc54b512740 91b6bc156fbc44f68f873b4918b9a604 84012dfdf1e6469da2f24dd6d9e0c04f - - 651702df4f3f4727b90e4d786b86c685 651702df4f3f4727b90e4d786b86c685] 10.0.0.206 "GET /resource_providers/4efe59db-f0dd-44c8-9c7b-6a91ca756eb2/aggregates" status: 404 len: 235 microversion: 1.1 [pid: 8|app: 0|req: 643/1280] 10.0.0.206 () {32 vars in 816 bytes} [Fri Mar 6 01:50:52 2026] GET /resource_providers/4efe59db-f0dd-44c8-9c7b-6a91ca756eb2/aggregates => generated 235 bytes in 9 msecs (HTTP/1.1 404) 5 headers in 202 bytes (1 switches on core 0)
2026-03-06 01:50:52.938 8 INFO placement.requestlog [None req-fe4bfee8-b9bb-4bf7-8d17-ee924f72e821 91b6bc156fbc44f68f873b4918b9a604 84012dfdf1e6469da2f24dd6d9e0c04f - - 651702df4f3f4727b90e4d786b86c685 651702df4f3f4727b90e4d786b86c685] 10.0.0.206 "DELETE /resource_providers/4efe59db-f0dd-44c8-9c7b-6a91ca756eb2" status: 404 len: 246 microversion: 1.1 [pid: 8|app: 0|req: 644/1281] 10.0.0.206 () {34 vars in 816 bytes} [Fri Mar 6 01:50:52 2026] DELETE /resource_providers/4efe59db-f0dd-44c8-9c7b-6a91ca756eb2 => generated 246 bytes in 8 msecs (HTTP/1.1 404) 6 headers in 231 bytes (1 switches on core 0)
2026-03-06 01:50:52.939 7 INFO placement.requestlog [None req-e736e0d3-9188-49d4-a150-90c41bb9df26 91b6bc156fbc44f68f873b4918b9a604 84012dfdf1e6469da2f24dd6d9e0c04f - - 651702df4f3f4727b90e4d786b86c685 651702df4f3f4727b90e4d786b86c685] 10.0.0.206 "DELETE /resource_providers/4efe59db-f0dd-44c8-9c7b-6a91ca756eb2" status: 404 len: 246 microversion: 1.1 [pid: 7|app: 0|req: 638/1282] 10.0.0.206 () {34 vars in 816 bytes} [Fri Mar 6 01:50:52 2026] DELETE /resource_providers/4efe59db-f0dd-44c8-9c7b-6a91ca756eb2 => generated 246 bytes in 14 msecs (HTTP/1.1 404) 6 headers in 231 bytes (1 switches on core 0)
2026-03-06 01:50:52.959 8 INFO placement.requestlog [None req-9c94833e-ab60-468a-a069-027d905db5b0 91b6bc156fbc44f68f873b4918b9a604 84012dfdf1e6469da2f24dd6d9e0c04f - - 651702df4f3f4727b90e4d786b86c685 651702df4f3f4727b90e4d786b86c685] 10.0.0.206 "GET /resource_providers/6adc08cf-0c7f-485e-be3b-ff3c03487f7f/aggregates" status: 404 len: 235 microversion: 1.1 [pid: 8|app: 0|req: 645/1283] 10.0.0.206 () {32 vars in 816 bytes} [Fri Mar 6 01:50:52 2026] GET /resource_providers/6adc08cf-0c7f-485e-be3b-ff3c03487f7f/aggregates => generated 235 bytes in 10 msecs (HTTP/1.1 404) 5 headers in 202 bytes (1 switches on core 0)
2026-03-06 01:50:52.962 7 INFO placement.requestlog [None req-f08792c1-d0b9-4643-ad45-004d63d4c36f 91b6bc156fbc44f68f873b4918b9a604 84012dfdf1e6469da2f24dd6d9e0c04f - - 651702df4f3f4727b90e4d786b86c685 651702df4f3f4727b90e4d786b86c685] 10.0.0.206 "GET /resource_providers/6adc08cf-0c7f-485e-be3b-ff3c03487f7f/aggregates" status: 404 len: 235 microversion: 1.1 [pid: 7|app: 0|req: 639/1284] 10.0.0.206 () {32 vars in 816 bytes} [Fri Mar 6 01:50:52 2026] GET /resource_providers/6adc08cf-0c7f-485e-be3b-ff3c03487f7f/aggregates => generated 235 bytes in 11 msecs (HTTP/1.1 404) 5 headers in 202 bytes (1 switches on core 0)
2026-03-06 01:50:52.976 8 INFO placement.requestlog [None req-b29386f2-be6e-43a0-a8bc-5a314304f204 91b6bc156fbc44f68f873b4918b9a604 84012dfdf1e6469da2f24dd6d9e0c04f - - 651702df4f3f4727b90e4d786b86c685 651702df4f3f4727b90e4d786b86c685] 10.0.0.206 "DELETE /resource_providers/6adc08cf-0c7f-485e-be3b-ff3c03487f7f" status: 404 len: 246 microversion: 1.1 [pid: 8|app: 0|req: 646/1285] 10.0.0.206 () {34 vars in 816 bytes} [Fri Mar 6 01:50:52 2026] DELETE /resource_providers/6adc08cf-0c7f-485e-be3b-ff3c03487f7f => generated 246 bytes in 9 msecs (HTTP/1.1 404) 6 headers in 231 bytes (1 switches on core 0)
2026-03-06 01:50:52.977 7 INFO placement.requestlog [None req-e8530169-0d36-4d84-9868-f7a7aac8432d 91b6bc156fbc44f68f873b4918b9a604 84012dfdf1e6469da2f24dd6d9e0c04f - - 651702df4f3f4727b90e4d786b86c685 651702df4f3f4727b90e4d786b86c685] 10.0.0.206 "DELETE /resource_providers/6adc08cf-0c7f-485e-be3b-ff3c03487f7f" status: 404 len: 246 microversion: 1.1 [pid: 7|app: 0|req: 640/1286] 10.0.0.206 () {34 vars in 816 bytes} [Fri Mar 6 01:50:52 2026] DELETE /resource_providers/6adc08cf-0c7f-485e-be3b-ff3c03487f7f => generated 246 bytes in 8 msecs (HTTP/1.1 404) 6 headers in 231 bytes (1 switches on core 0)
2026-03-06 01:50:53.297 7 INFO placement.requestlog [None req-f39b875a-b0de-47e4-bcb4-a41169096f11 - - - - - -] 10.0.0.135 "GET /" status: 200 len: 136 microversion: 1.0
2026-03-06 01:50:53.298 8 INFO placement.requestlog [None req-cc84193c-a77a-4b91-aaa8-93124c238cde - - - - - -] 10.0.0.135 "GET /" status: 200 len: 136 microversion: 1.0
2026-03-06 01:51:03.296 8 INFO placement.requestlog [None req-7771539e-cee9-4c45-ace9-1f9b79357fc3 - - - - - -] 10.0.0.135 "GET /" status: 200 len: 136 microversion: 1.0
2026-03-06 01:51:03.296 7 INFO placement.requestlog [None req-90e0f6c5-4e20-432b-b6a5-3a2ff7c0d885 - - - - - -] 10.0.0.135 "GET /" status: 200 len: 136 microversion: 1.0
2026-03-06 01:51:13.297 8 INFO placement.requestlog [None req-5e883e3d-a482-489a-a746-38a8fad86d5b - - - - - -] 10.0.0.135 "GET /" status: 200 len: 136 microversion: 1.0
2026-03-06 01:51:13.297 7 INFO placement.requestlog [None req-2084a49f-fc84-4c39-afbd-e26ae1860e02 - - - - - -] 10.0.0.135 "GET /" status: 200 len: 136 microversion: 1.0
2026-03-06 01:51:23.299 7 INFO placement.requestlog [None req-f628c925-f1ad-4cdc-bebf-189454da9dfc - - - - - -] 10.0.0.135 "GET /" status: 200 len: 136 microversion: 1.0
2026-03-06 01:51:23.299 8 INFO placement.requestlog [None req-8a4fb66b-cbbf-4846-b95b-0c51a652a8f7 - - - - - -] 10.0.0.135 "GET /" status: 200 len: 136 microversion: 1.0
2026-03-06 01:51:33.296 8 INFO placement.requestlog [None req-f5e46d3f-47db-4a4d-9eec-3b8e87fae7a5 - - - - - -] 10.0.0.135 "GET /" status: 200 len: 136 microversion: 1.0
2026-03-06 01:51:33.297 7 INFO placement.requestlog [None req-48a676ef-fecc-408c-ae38-5714ca64636b - - - - - -] 10.0.0.135 "GET /" status: 200 len: 136 microversion: 1.0
2026-03-06 01:51:34.654 8 INFO placement.requestlog [None req-7e7b3f8e-7670-45c1-b75c-a36e90adca31 ad9ff4017c7b4aafa6eadbaf81d6e1c9 d6e81b890ebf4c9da337e629bd1250c6 - - default default] 10.0.0.193 "GET /resource_providers" status: 200 len: 406 microversion: 1.0 [pid: 8|app: 0|req: 652/1297] 10.0.0.193 () {28 vars in 593 bytes} [Fri Mar 6 01:51:34 2026] GET /resource_providers => generated 406 bytes in 175 msecs (HTTP/1.1 200) 6 headers in 224 bytes (1 switches on core 0)
2026-03-06 01:51:34.680 7 INFO placement.requestlog [None req-62cf8a2c-f5d2-469c-8989-6c41f66ddb68 ad9ff4017c7b4aafa6eadbaf81d6e1c9 d6e81b890ebf4c9da337e629bd1250c6 - - default default] 10.0.0.193 "GET /resource_providers/2e007cc9-9bdd-450d-a9c2-e9ce41287744/inventories" status: 200 len: 401 microversion: 1.0 [pid: 7|app: 0|req: 646/1298] 10.0.0.193 () {28 vars in 691 bytes} [Fri Mar 6 01:51:34 2026] GET /resource_providers/2e007cc9-9bdd-450d-a9c2-e9ce41287744/inventories => generated 401 bytes in 23 msecs (HTTP/1.1 200) 6 headers in 224 bytes (1 switches on core 0)
2026-03-06 01:51:34.713 8 INFO placement.requestlog [None req-89ae9410-88df-4f41-bc23-a88f2ead8625 ad9ff4017c7b4aafa6eadbaf81d6e1c9 d6e81b890ebf4c9da337e629bd1250c6 - - default default] 10.0.0.193 "GET /resource_providers/2e007cc9-9bdd-450d-a9c2-e9ce41287744/usages" status: 200 len: 89 microversion: 1.0 [pid: 8|app: 0|req: 653/1299] 10.0.0.193 () {28 vars in 681 bytes} [Fri Mar 6 01:51:34 2026] GET /resource_providers/2e007cc9-9bdd-450d-a9c2-e9ce41287744/usages => generated 89 bytes in 28 msecs (HTTP/1.1 200) 6 headers in 223 bytes (1 switches on core 0)
2026-03-06 01:51:43.297 7 INFO placement.requestlog [None req-e633e973-a9e3-4aaa-b254-e75bd51be252 - - - - - -] 10.0.0.135 "GET /" status: 200 len: 136 microversion: 1.0
2026-03-06 01:51:43.297 8 INFO placement.requestlog [None req-43d96af9-a72f-4e3d-894f-fbdfd1e2fd4b - - - - - -] 10.0.0.135 "GET /" status: 200 len: 136 microversion: 1.0
2026-03-06 01:51:51.254 8 INFO placement.requestlog [req-292925fe-669e-4d00-a999-5319473049f6 req-dca94bda-23ad-4405-bb81-169cd7aa6bae 2e8cd5e352854e4bb342bc320c42d50c 84012dfdf1e6469da2f24dd6d9e0c04f - - 651702df4f3f4727b90e4d786b86c685 651702df4f3f4727b90e4d786b86c685] 199.204.45.156 "GET /resource_providers/2e007cc9-9bdd-450d-a9c2-e9ce41287744/allocations" status: 200 len: 55 microversion: 1.0 [pid: 8|app: 0|req: 655/1302] 199.204.45.156 () {32 vars in 857 bytes} [Fri Mar 6 01:51:51 2026] GET /resource_providers/2e007cc9-9bdd-450d-a9c2-e9ce41287744/allocations => generated 55 bytes in 97 msecs (HTTP/1.1 200) 6 headers in 223 bytes (1 switches on core 0)
2026-03-06 01:51:51.279 7 INFO placement.requestlog [req-292925fe-669e-4d00-a999-5319473049f6 req-b9913be6-b6e3-41e4-be77-032bf77b10b8 2e8cd5e352854e4bb342bc320c42d50c 84012dfdf1e6469da2f24dd6d9e0c04f - - 651702df4f3f4727b90e4d786b86c685 651702df4f3f4727b90e4d786b86c685] 199.204.45.156 "GET /resource_providers?in_tree=2e007cc9-9bdd-450d-a9c2-e9ce41287744" status: 200 len: 798 microversion: 1.14 [pid: 7|app: 0|req: 648/1303] 199.204.45.156 () {34 vars in 892 bytes} [Fri Mar 6 01:51:51 2026] GET /resource_providers?in_tree=2e007cc9-9bdd-450d-a9c2-e9ce41287744 => generated 798 bytes in 18 msecs (HTTP/1.1 200) 6 headers in 225 bytes (1 switches on core 0)
2026-03-06 01:51:51.308 8 INFO placement.requestlog [req-292925fe-669e-4d00-a999-5319473049f6 req-8b21567d-76fb-4ac9-9b50-569aa425ff11 2e8cd5e352854e4bb342bc320c42d50c 84012dfdf1e6469da2f24dd6d9e0c04f - - 651702df4f3f4727b90e4d786b86c685 651702df4f3f4727b90e4d786b86c685] 199.204.45.156 "GET /resource_providers/2e007cc9-9bdd-450d-a9c2-e9ce41287744/inventories" status: 200 len: 401 microversion: 1.0 [pid: 8|app: 0|req: 656/1304] 199.204.45.156 () {32 vars in 857 bytes} [Fri Mar 6 01:51:51 2026] GET /resource_providers/2e007cc9-9bdd-450d-a9c2-e9ce41287744/inventories => generated 401 bytes in 21 msecs (HTTP/1.1 200) 6 headers in 224 bytes (1 switches on core 0)
2026-03-06 01:51:51.329 7 INFO placement.requestlog [req-292925fe-669e-4d00-a999-5319473049f6 req-061a1c26-1604-45eb-ae27-72a0aa2785af 2e8cd5e352854e4bb342bc320c42d50c 84012dfdf1e6469da2f24dd6d9e0c04f - - 651702df4f3f4727b90e4d786b86c685 651702df4f3f4727b90e4d786b86c685] 199.204.45.156 "GET /resource_providers/2e007cc9-9bdd-450d-a9c2-e9ce41287744/aggregates" status: 200 len: 54 microversion: 1.19 [pid: 7|app: 0|req: 649/1305] 199.204.45.156 () {34 vars in 899 bytes} [Fri Mar 6 01:51:51 2026] GET /resource_providers/2e007cc9-9bdd-450d-a9c2-e9ce41287744/aggregates => generated 54 bytes in 14 msecs (HTTP/1.1 200) 8 headers in 295 bytes (1 switches on core 0)
2026-03-06 01:51:51.351 8 INFO placement.requestlog [req-292925fe-669e-4d00-a999-5319473049f6 req-faf12a95-b60a-4ce7-8539-17ecb35f4e10 2e8cd5e352854e4bb342bc320c42d50c 84012dfdf1e6469da2f24dd6d9e0c04f - - 651702df4f3f4727b90e4d786b86c685 651702df4f3f4727b90e4d786b86c685] 199.204.45.156 "GET /resource_providers/2e007cc9-9bdd-450d-a9c2-e9ce41287744/traits" status: 200 len: 2176 microversion: 1.6 [pid: 8|app: 0|req: 657/1306] 199.204.45.156 () {34 vars in 890 bytes} [Fri Mar 6 01:51:51 2026] GET /resource_providers/2e007cc9-9bdd-450d-a9c2-e9ce41287744/traits => generated 2176 bytes in 16 msecs (HTTP/1.1 200) 6 headers in 225 bytes (1 switches on core 0)
2026-03-06 01:51:51.369 7 INFO placement.requestlog [req-292925fe-669e-4d00-a999-5319473049f6 req-24b7aa98-88e9-46b1-bf33-48938c264698 2e8cd5e352854e4bb342bc320c42d50c 84012dfdf1e6469da2f24dd6d9e0c04f - - 651702df4f3f4727b90e4d786b86c685 651702df4f3f4727b90e4d786b86c685] 199.204.45.156 "GET /resource_providers/2e007cc9-9bdd-450d-a9c2-e9ce41287744/allocations" status: 200 len: 55 microversion: 1.0 [pid: 7|app: 0|req: 650/1307] 199.204.45.156 () {32 vars in 857 bytes} [Fri Mar 6 01:51:51 2026] GET /resource_providers/2e007cc9-9bdd-450d-a9c2-e9ce41287744/allocations => generated 55 bytes in 13 msecs (HTTP/1.1 200) 6 headers in 223 bytes (1 switches on core 0)
2026-03-06 01:51:53.297 8 INFO placement.requestlog [None req-6c60e6cc-589e-4099-ba47-5bc34684b904 - - - - - -] 10.0.0.135 "GET /" status: 200 len: 136 microversion: 1.0
2026-03-06 01:51:53.297 7 INFO placement.requestlog [None req-bedc9d55-7800-4b54-9590-bc01f1a3e0d9 - - - - - -] 10.0.0.135 "GET /" status: 200 len: 136 microversion: 1.0
2026-03-06 01:52:03.297 8 INFO placement.requestlog [None req-02959953-98f3-4900-a024-223d6441a0ba - - - - - -] 10.0.0.135 "GET /" status: 200 len: 136 microversion: 1.0
2026-03-06 01:52:03.297 7 INFO placement.requestlog [None req-a30a3c0a-c292-4dad-9b09-f45fded29392 - - - - - -] 10.0.0.135 "GET /" status: 200 len: 136 microversion: 1.0
2026-03-06 01:52:13.296 7 INFO placement.requestlog [None req-03e34cc6-1757-4ed9-86b3-120bd682faea - - - - - -] 10.0.0.135 "GET /" status: 200 len: 136 microversion: 1.0
2026-03-06 01:52:13.297 8 INFO placement.requestlog [None req-67a68ca9-0d44-4a67-bf5f-378c0b241919 - - - - - -] 10.0.0.135 "GET /" status: 200 len: 136 microversion: 1.0
2026-03-06 01:52:23.297 7 INFO placement.requestlog [None req-a3cdbe0d-feff-4a5d-98fa-8d4506bac420 - - - - - -] 10.0.0.135 "GET /" status: 200 len: 136 microversion: 1.0
2026-03-06 01:52:23.297 8 INFO placement.requestlog [None req-49b53e11-5256-4c0d-8864-e7d9196e868a - - - - - -] 10.0.0.135 "GET /" status: 200 len: 136 microversion: 1.0
2026-03-06 01:52:33.296 7 INFO placement.requestlog [None req-3eaa3fed-6f79-44f2-8bf2-fcd121d2b26d - - - - - -] 10.0.0.135 "GET /" status: 200 len: 136 microversion: 1.0
2026-03-06 01:52:33.297 8 INFO placement.requestlog [None req-8a068f07-3b4d-4ab7-bd79-3808b166a836 - - - - - -] 10.0.0.135 "GET /" status: 200 len: 136 microversion: 1.0
2026-03-06 01:52:34.338 7 INFO placement.requestlog [None req-62c74b1a-3336-4b4d-8674-2ecd12876fea ad9ff4017c7b4aafa6eadbaf81d6e1c9 d6e81b890ebf4c9da337e629bd1250c6 - - default default] 10.0.0.193 "GET /resource_providers" status: 200 len: 406 microversion: 1.0 [pid: 7|app: 0|req: 656/1318] 10.0.0.193 () {28 vars in 593 bytes} [Fri Mar 6 01:52:34 2026] GET /resource_providers => generated 406 bytes in 86 msecs (HTTP/1.1 200) 6 headers in 224 bytes (1 switches on core 0)
2026-03-06 01:52:34.371 8 INFO placement.requestlog [None req-d0f88adf-9143-44e3-a312-996cc8c29109 ad9ff4017c7b4aafa6eadbaf81d6e1c9 d6e81b890ebf4c9da337e629bd1250c6 - - default default] 10.0.0.193 "GET /resource_providers/2e007cc9-9bdd-450d-a9c2-e9ce41287744/inventories" status: 200 len: 401 microversion: 1.0 [pid: 8|app: 0|req: 663/1319] 10.0.0.193 () {28 vars in 691 bytes} [Fri Mar 6 01:52:34 2026] GET /resource_providers/2e007cc9-9bdd-450d-a9c2-e9ce41287744/inventories => generated 401 bytes in 23 msecs (HTTP/1.1 200) 6 headers in 224 bytes (1 switches on core 0)
2026-03-06 01:52:34.389 7 INFO placement.requestlog [None req-2d3cf590-fedf-45d8-8fbc-0e7b7593c842 ad9ff4017c7b4aafa6eadbaf81d6e1c9 d6e81b890ebf4c9da337e629bd1250c6 - - default default] 10.0.0.193 "GET /resource_providers/2e007cc9-9bdd-450d-a9c2-e9ce41287744/usages" status: 200 len: 89 microversion: 1.0 [pid: 7|app: 0|req: 657/1320] 10.0.0.193 () {28 vars in 681 bytes} [Fri Mar 6 01:52:34 2026] GET /resource_providers/2e007cc9-9bdd-450d-a9c2-e9ce41287744/usages => generated 89 bytes in 14 msecs (HTTP/1.1 200) 6 headers in 223 bytes (1 switches on core 0)
2026-03-06 01:52:43.297 8 INFO placement.requestlog [None req-43fb54f9-71c8-42b6-8018-f97acd06c347 - - - - - -] 10.0.0.135 "GET /" status: 200 len: 136 microversion: 1.0
2026-03-06 01:52:43.298 7 INFO placement.requestlog [None req-72b56053-8489-47b5-aac6-a94763224a2b - - - - - -] 10.0.0.135 "GET /" status: 200 len: 136 microversion: 1.0
2026-03-06 01:52:52.079 8 INFO placement.requestlog [req-16ca1567-38f8-499d-86e3-e77f873c2e0b req-77bc5331-b790-4978-848e-013df6daf4e8 2e8cd5e352854e4bb342bc320c42d50c 84012dfdf1e6469da2f24dd6d9e0c04f - - 651702df4f3f4727b90e4d786b86c685 651702df4f3f4727b90e4d786b86c685] 199.204.45.156 "GET /resource_providers/2e007cc9-9bdd-450d-a9c2-e9ce41287744/allocations" status: 200 len: 55 microversion: 1.0 [pid: 8|app: 0|req: 665/1323] 199.204.45.156 () {32 vars in 857 bytes} [Fri Mar 6 01:52:52 2026] GET /resource_providers/2e007cc9-9bdd-450d-a9c2-e9ce41287744/allocations => generated 55 bytes in 15 msecs (HTTP/1.1 200) 6 headers in 223 bytes (1 switches on core 0)
2026-03-06 01:52:52.101 7 INFO placement.requestlog [req-16ca1567-38f8-499d-86e3-e77f873c2e0b req-8317ae2a-df39-4d54-a9db-70cc208ae27d 2e8cd5e352854e4bb342bc320c42d50c 84012dfdf1e6469da2f24dd6d9e0c04f - - 651702df4f3f4727b90e4d786b86c685 651702df4f3f4727b90e4d786b86c685] 199.204.45.156 "GET /resource_providers/2e007cc9-9bdd-450d-a9c2-e9ce41287744/allocations" status: 200 len: 55 microversion: 1.0 [pid: 7|app: 0|req: 659/1324] 199.204.45.156 () {32 vars in 857 bytes} [Fri Mar 6 01:52:52 2026] GET /resource_providers/2e007cc9-9bdd-450d-a9c2-e9ce41287744/allocations => generated 55 bytes in 14 msecs (HTTP/1.1 200) 6 headers in 223 bytes (1 switches on core 0)
2026-03-06 01:52:53.297 8 INFO placement.requestlog [None req-795ecab4-1990-42cf-83ce-bab46240cb22 - - - - - -] 10.0.0.135 "GET /" status: 200 len: 136 microversion: 1.0
2026-03-06 01:52:53.297 7 INFO placement.requestlog [None req-a4358d73-8427-4ff9-9ea1-15ca8e610dc7 - - - - - -] 10.0.0.135 "GET /" status: 200 len: 136 microversion: 1.0
