2026-03-06 01:42:40.859 7 INFO neutron_taas.services.taas.taas_plugin [None req-e2a9f346-f5e9-4e7d-b9c1-cf5976402748 d2276d86235b429b94c83b6a00c3b30b 420fa881091a48dbb8bc8fcbcbb582b3 - - default default] TaaS: Handle Delete Port: d8e74ac1-383c-4e02-b13d-eb588e267e56
2026-03-06 01:42:40.863 7 INFO neutron_taas.services.taas.tap_mirror_plugin [None req-e2a9f346-f5e9-4e7d-b9c1-cf5976402748 d2276d86235b429b94c83b6a00c3b30b 420fa881091a48dbb8bc8fcbcbb582b3 - - default default] Tap Mirror: Handle Delete Port: d8e74ac1-383c-4e02-b13d-eb588e267e56 [pid: 7|app: 0|req: 824/1624] 10.0.0.130 () {34 vars in 788 bytes} [Fri Mar 6 01:42:40 2026] PUT /v2.0/routers/f2e7f25b-c556-4b44-b25d-daf5bc0c63ab/remove_router_interface => generated 309 bytes in 644 msecs (HTTP/1.1 200) 4 headers in 157 bytes (1 switches on core 0) [pid: 8|app: 0|req: 801/1625] 10.0.0.130 () {32 vars in 735 bytes} [Fri Mar 6 01:42:41 2026] GET /v2.0/ports?device_id=f2e7f25b-c556-4b44-b25d-daf5bc0c63ab => generated 12 bytes in 23 msecs (HTTP/1.1 200) 4 headers in 156 bytes (1 switches on core 0) /var/lib/openstack/lib/python3.12/site-packages/pycadf/identifier.py:70: UserWarning: Invalid uuid: neutron. To ensure interoperability, identifiers should be a valid uuid. warnings.warn(('Invalid uuid: %s. To ensure interoperability, ' [pid: 7|app: 0|req: 825/1626] 10.0.0.130 () {32 vars in 723 bytes} [Fri Mar 6 01:42:41 2026] DELETE /v2.0/routers/f2e7f25b-c556-4b44-b25d-daf5bc0c63ab => generated 0 bytes in 236 msecs (HTTP/1.1 204) 2 headers in 112 bytes (1 switches on core 0) [pid: 7|app: 0|req: 826/1627] 10.0.0.158 () {34 vars in 989 bytes} [Fri Mar 6 01:42:41 2026] GET /v2.0/ports?device_id=f53e8aa8-af64-4df8-9b71-5fad588a53fe => generated 973 bytes in 43 msecs (HTTP/1.1 200) 4 headers in 157 bytes (1 switches on core 0) [pid: 7|app: 0|req: 827/1628] 10.0.0.158 () {34 vars in 1039 bytes} [Fri Mar 6 01:42:41 2026] GET /v2.0/security-groups?id=e4f4e789-0343-49a1-9ef6-90bbfc428fab&fields=id&fields=name => generated 88 bytes in 38 msecs (HTTP/1.1 200) 4 headers in 156 bytes (1 switches on core 0) [pid: 8|app: 0|req: 802/1629] 10.0.0.130 () {32 vars in 723 bytes} [Fri Mar 6 01:42:41 2026] DELETE /v2.0/subnets/e257889d-7737-4c35-b7ce-c76f4deb4c22 => generated 0 bytes in 154 msecs (HTTP/1.1 204) 3 headers in 131 bytes (1 switches on core 0) [pid: 7|app: 0|req: 828/1630] 10.0.0.130 () {32 vars in 723 bytes} [Fri Mar 6 01:42:41 2026] DELETE /v2.0/subnets/6f3c68a2-7448-40fa-b0b9-ddf20a1b8c73 => generated 0 bytes in 160 msecs (HTTP/1.1 204) 3 headers in 131 bytes (1 switches on core 0)
2026-03-06 01:42:41.898 8 INFO neutron_taas.services.taas.taas_plugin [None req-956dcc7d-f886-410b-afe9-f49145087ea7 d2276d86235b429b94c83b6a00c3b30b 420fa881091a48dbb8bc8fcbcbb582b3 - - default default] TaaS: Handle Delete Port: 6509af50-9e71-496d-8d68-dbfa2db35551
2026-03-06 01:42:41.901 8 INFO neutron_taas.services.taas.tap_mirror_plugin [None req-956dcc7d-f886-410b-afe9-f49145087ea7 d2276d86235b429b94c83b6a00c3b30b 420fa881091a48dbb8bc8fcbcbb582b3 - - default default] Tap Mirror: Handle Delete Port: 6509af50-9e71-496d-8d68-dbfa2db35551
2026-03-06 01:42:42.104 8 INFO neutron.services.segments.plugin [-] Segment 6fe4a2f6-3204-443e-b2d6-0373d5f2f959 resource provider aggregate not found
2026-03-06 01:42:42.114 8 INFO neutron.services.segments.plugin [-] Segment 6fe4a2f6-3204-443e-b2d6-0373d5f2f959 resource provider aggregate not found
2026-03-06 01:42:42.132 8 INFO neutron.services.segments.plugin [-] Segment 6fe4a2f6-3204-443e-b2d6-0373d5f2f959 resource provider not found; error: Placement Client Error (4xx): {"errors": [{"status": 404, "title": "Not Found", "detail": "The resource could not be found.\n\n No resource provider with uuid 6fe4a2f6-3204-443e-b2d6-0373d5f2f959 found for delete ", "request_id": "req-c7bab56d-c065-4b83-9537-b510180a7beb"}]}
2026-03-06 01:42:42.149 8 INFO neutron.services.segments.plugin [-] Segment 6fe4a2f6-3204-443e-b2d6-0373d5f2f959 resource provider not found; error: Placement Client Error (4xx): {"errors": [{"status": 404, "title": "Not Found", "detail": "The resource could not be found.\n\n No resource provider with uuid 6fe4a2f6-3204-443e-b2d6-0373d5f2f959 found for delete ", "request_id": "req-dc383028-afdd-4b84-bfea-58ec23d875d7"}]} [pid: 8|app: 0|req: 803/1631] 10.0.0.130 () {32 vars in 725 bytes} [Fri Mar 6 01:42:41 2026] DELETE /v2.0/networks/065129ee-7e5d-4ac5-bdeb-48f4b59eacc1 => generated 0 bytes in 423 msecs (HTTP/1.1 204) 3 headers in 131 bytes (1 switches on core 0)
2026-03-06 01:42:42.325 7 INFO neutron_taas.services.taas.taas_plugin [None req-6475d48d-d99a-40bc-a503-741b57f3cf2c d2276d86235b429b94c83b6a00c3b30b 420fa881091a48dbb8bc8fcbcbb582b3 - - default default] TaaS: Handle Delete Port: 062eb1a7-45cb-4888-a8ba-276a3b8e01b1
2026-03-06 01:42:42.328 7 INFO neutron_taas.services.taas.tap_mirror_plugin [None req-6475d48d-d99a-40bc-a503-741b57f3cf2c d2276d86235b429b94c83b6a00c3b30b 420fa881091a48dbb8bc8fcbcbb582b3 - - default default] Tap Mirror: Handle Delete Port: 062eb1a7-45cb-4888-a8ba-276a3b8e01b1
2026-03-06 01:42:42.523 7 INFO neutron.services.segments.plugin [-] Segment 354dafba-f678-4ee4-a015-4abe0f88eb4d resource provider aggregate not found
2026-03-06 01:42:42.528 7 INFO neutron.services.segments.plugin [-] Segment 354dafba-f678-4ee4-a015-4abe0f88eb4d resource provider aggregate not found
2026-03-06 01:42:42.548 7 INFO neutron.services.segments.plugin [-] Segment 354dafba-f678-4ee4-a015-4abe0f88eb4d resource provider not found; error: Placement Client Error (4xx): {"errors": [{"status": 404, "title": "Not Found", "detail": "The resource could not be found.\n\n No resource provider with uuid 354dafba-f678-4ee4-a015-4abe0f88eb4d found for delete ", "request_id": "req-cdd2f18d-b485-45de-92ae-b343f89fa990"}]}
2026-03-06 01:42:42.552 7 INFO neutron.services.segments.plugin [-] Segment 354dafba-f678-4ee4-a015-4abe0f88eb4d resource provider not found; error: Placement Client Error (4xx): {"errors": [{"status": 404, "title": "Not Found", "detail": "The resource could not be found.\n\n No resource provider with uuid 354dafba-f678-4ee4-a015-4abe0f88eb4d found for delete ", "request_id": "req-e0fec671-869c-4014-a36f-be2d59c5af09"}]}
2026-03-06 01:42:42.630 8 INFO neutron.db.ovn_revision_numbers_db [None req-243564f6-5527-4311-9c29-cb7fb320b15e ad9ff4017c7b4aafa6eadbaf81d6e1c9 d6e81b890ebf4c9da337e629bd1250c6 - - default default] Successfully bumped revision number for resource 1994102e-bd77-411e-82b8-9247325714a5 (type: security_groups) to 1 [pid: 7|app: 0|req: 829/1632] 10.0.0.130 () {32 vars in 725 bytes} [Fri Mar 6 01:42:42 2026] DELETE /v2.0/networks/45ffba15-4b9c-43c1-9705-0ba216fdf4e6 => generated 0 bytes in 428 msecs (HTTP/1.1 204) 3 headers in 131 bytes (1 switches on core 0)
2026-03-06 01:42:42.643 8 INFO neutron.db.ovn_revision_numbers_db [None req-243564f6-5527-4311-9c29-cb7fb320b15e ad9ff4017c7b4aafa6eadbaf81d6e1c9 d6e81b890ebf4c9da337e629bd1250c6 - - default default] Successfully bumped revision number for resource 1617b733-1ad9-4fd7-99cf-866965387e8d (type: security_group_rules) to 0
2026-03-06 01:42:42.657 8 INFO neutron.db.ovn_revision_numbers_db [None req-243564f6-5527-4311-9c29-cb7fb320b15e ad9ff4017c7b4aafa6eadbaf81d6e1c9 d6e81b890ebf4c9da337e629bd1250c6 - - default default] Successfully bumped revision number for resource 52b4ef2a-38c0-4ea2-b285-d42665a13227 (type: security_group_rules) to 0
2026-03-06 01:42:42.671 8 INFO neutron.db.ovn_revision_numbers_db [None req-243564f6-5527-4311-9c29-cb7fb320b15e ad9ff4017c7b4aafa6eadbaf81d6e1c9 d6e81b890ebf4c9da337e629bd1250c6 - - default default] Successfully bumped revision number for resource 764cf636-b9d3-467e-b68a-76920943f716 (type: security_group_rules) to 0
2026-03-06 01:42:42.682 8 INFO neutron.db.ovn_revision_numbers_db [None req-243564f6-5527-4311-9c29-cb7fb320b15e ad9ff4017c7b4aafa6eadbaf81d6e1c9 d6e81b890ebf4c9da337e629bd1250c6 - - default default] Successfully bumped revision number for resource ee1c2812-9d4a-4ebb-8409-2132114df884 (type: security_group_rules) to 0
2026-03-06 01:42:42.757 8 INFO neutron.db.segments_db [None req-243564f6-5527-4311-9c29-cb7fb320b15e ad9ff4017c7b4aafa6eadbaf81d6e1c9 d6e81b890ebf4c9da337e629bd1250c6 - - default default] Added segment 5be8e2a7-e9c0-461a-8b93-e6eb1c6497ab of type geneve for network bd24bec9-6c2a-4f8b-a216-971603086680
2026-03-06 01:42:42.851 7 INFO neutron.db.ovn_revision_numbers_db [None req-c1781e42-0e6e-4299-9727-9b23cc296be8 ad9ff4017c7b4aafa6eadbaf81d6e1c9 d6e81b890ebf4c9da337e629bd1250c6 - - default default] Successfully bumped revision number for resource 1938f98b-7ef3-4006-8e49-d6f40fa56b36 (type: security_groups) to 1
2026-03-06 01:42:42.867 7 INFO neutron.db.ovn_revision_numbers_db [None req-c1781e42-0e6e-4299-9727-9b23cc296be8 ad9ff4017c7b4aafa6eadbaf81d6e1c9 d6e81b890ebf4c9da337e629bd1250c6 - - default default] Successfully bumped revision number for resource 7bf64050-caeb-42f3-a9c1-5e3b2041673c (type: security_group_rules) to 0
2026-03-06 01:42:42.879 7 INFO neutron.db.ovn_revision_numbers_db [None req-c1781e42-0e6e-4299-9727-9b23cc296be8 ad9ff4017c7b4aafa6eadbaf81d6e1c9 d6e81b890ebf4c9da337e629bd1250c6 - - default default] Successfully bumped revision number for resource 7cd1cd8f-2b87-478f-8db7-b5d2272ca064 (type: security_group_rules) to 0
2026-03-06 01:42:42.893 7 INFO neutron.db.ovn_revision_numbers_db [None req-c1781e42-0e6e-4299-9727-9b23cc296be8 ad9ff4017c7b4aafa6eadbaf81d6e1c9 d6e81b890ebf4c9da337e629bd1250c6 - - default default] Successfully bumped revision number for resource 81240289-d66e-4541-97de-f71c749c6209 (type: security_group_rules) to 0
2026-03-06 01:42:42.916 7 INFO neutron.db.ovn_revision_numbers_db [None req-c1781e42-0e6e-4299-9727-9b23cc296be8 ad9ff4017c7b4aafa6eadbaf81d6e1c9 d6e81b890ebf4c9da337e629bd1250c6 - - default default] Successfully bumped revision number for resource be5ce875-6c74-41de-968a-6176fde42a6c (type: security_group_rules) to 0
2026-03-06 01:42:42.947 8 INFO neutron.db.ovn_revision_numbers_db [None req-243564f6-5527-4311-9c29-cb7fb320b15e ad9ff4017c7b4aafa6eadbaf81d6e1c9 d6e81b890ebf4c9da337e629bd1250c6 - - default default] Successfully bumped revision number for resource bd24bec9-6c2a-4f8b-a216-971603086680 (type: networks) to 1 [pid: 7|app: 0|req: 830/1633] 10.0.0.130 () {32 vars in 773 bytes} [Fri Mar 6 01:42:42 2026] GET /v2.0/security-groups?tenant_id=097f19c7c06f42bdb7a10cb8fb9d0502&name=default => generated 2925 bytes in 318 msecs (HTTP/1.1 200) 4 headers in 158 bytes (1 switches on core 0)
2026-03-06 01:42:43.053 7 INFO neutron.db.segments_db [None req-80a09023-947a-4d47-9b5d-f2f63b2f1a8f d2276d86235b429b94c83b6a00c3b30b 420fa881091a48dbb8bc8fcbcbb582b3 - - default default] Added segment b3d28708-2bc1-45a1-8793-30d1f565f712 of type geneve for network 2d785916-e31c-4c37-851c-a8e21f954d6f
2026-03-06 01:42:43.121 8 WARNING neutron.scheduler.dhcp_agent_scheduler [None req-243564f6-5527-4311-9c29-cb7fb320b15e ad9ff4017c7b4aafa6eadbaf81d6e1c9 d6e81b890ebf4c9da337e629bd1250c6 - - default default] No more DHCP agents
2026-03-06 01:42:43.122 8 WARNING neutron.api.rpc.agentnotifiers.dhcp_rpc_agent_api [None req-243564f6-5527-4311-9c29-cb7fb320b15e ad9ff4017c7b4aafa6eadbaf81d6e1c9 d6e81b890ebf4c9da337e629bd1250c6 - - default default] Unable to schedule network bd24bec9-6c2a-4f8b-a216-971603086680: no agents available; will retry on subsequent port and subnet creation events.
2026-03-06 01:42:43.220 7 INFO neutron.db.ovn_revision_numbers_db [None req-80a09023-947a-4d47-9b5d-f2f63b2f1a8f d2276d86235b429b94c83b6a00c3b30b 420fa881091a48dbb8bc8fcbcbb582b3 - - default default] Successfully bumped revision number for resource 2d785916-e31c-4c37-851c-a8e21f954d6f (type: networks) to 1
2026-03-06 01:42:43.253 8 INFO neutron.db.ovn_revision_numbers_db [None req-243564f6-5527-4311-9c29-cb7fb320b15e ad9ff4017c7b4aafa6eadbaf81d6e1c9 d6e81b890ebf4c9da337e629bd1250c6 - - default default] Successfully bumped revision number for resource 919b6f3a-ffdb-4c85-a6ba-aae36e4b30a8 (type: ports) to 1 [pid: 8|app: 0|req: 804/1634] 10.0.0.130 () {34 vars in 670 bytes} [Fri Mar 6 01:42:42 2026] POST /v2.0/networks => generated 781 bytes in 1000 msecs (HTTP/1.1 201) 4 headers in 162 bytes (1 switches on core 0) [pid: 8|app: 0|req: 805/1635] 10.0.0.158 () {34 vars in 989 bytes} [Fri Mar 6 01:42:43 2026] GET /v2.0/ports?device_id=f53e8aa8-af64-4df8-9b71-5fad588a53fe => generated 973 bytes in 72 msecs (HTTP/1.1 200) 4 headers in 157 bytes (1 switches on core 0)
2026-03-06 01:42:43.416 7 WARNING neutron.scheduler.dhcp_agent_scheduler [None req-80a09023-947a-4d47-9b5d-f2f63b2f1a8f d2276d86235b429b94c83b6a00c3b30b 420fa881091a48dbb8bc8fcbcbb582b3 - - default default] No more DHCP agents
2026-03-06 01:42:43.417 7 WARNING neutron.api.rpc.agentnotifiers.dhcp_rpc_agent_api [None req-80a09023-947a-4d47-9b5d-f2f63b2f1a8f d2276d86235b429b94c83b6a00c3b30b 420fa881091a48dbb8bc8fcbcbb582b3 - - default default] Unable to schedule network 2d785916-e31c-4c37-851c-a8e21f954d6f: no agents available; will retry on subsequent port and subnet creation events.
2026-03-06 01:42:43.532 7 INFO neutron.db.ovn_revision_numbers_db [None req-80a09023-947a-4d47-9b5d-f2f63b2f1a8f d2276d86235b429b94c83b6a00c3b30b 420fa881091a48dbb8bc8fcbcbb582b3 - - default default] Successfully bumped revision number for resource 9755462a-8078-44c3-99e0-fc7c14fb08cd (type: ports) to 1 [pid: 7|app: 0|req: 831/1636] 10.0.0.130 () {34 vars in 669 bytes} [Fri Mar 6 01:42:42 2026] POST /v2.0/networks => generated 672 bytes in 601 msecs (HTTP/1.1 201) 4 headers in 162 bytes (1 switches on core 0) [pid: 8|app: 0|req: 806/1639] 10.0.0.130 () {32 vars in 739 bytes} [Fri Mar 6 01:42:43 2026] DELETE /v2.0/security-groups/1938f98b-7ef3-4006-8e49-d6f40fa56b36 => generated 0 bytes in 306 msecs (HTTP/1.1 204) 2 headers in 112 bytes (1 switches on core 0) [pid: 8|app: 0|req: 807/1640] 10.0.0.158 () {34 vars in 1039 bytes} [Fri Mar 6 01:42:43 2026] GET /v2.0/security-groups?id=e4f4e789-0343-49a1-9ef6-90bbfc428fab&fields=id&fields=name => generated 88 bytes in 27 msecs (HTTP/1.1 200) 4 headers in 156 bytes (1 switches on core 0)
2026-03-06 01:42:43.714 7 WARNING neutron.scheduler.dhcp_agent_scheduler [None req-2a3207f7-dd9f-42f7-8409-47c8e694b7d1 ad9ff4017c7b4aafa6eadbaf81d6e1c9 d6e81b890ebf4c9da337e629bd1250c6 - - default default] No more DHCP agents
2026-03-06 01:42:43.715 7 WARNING neutron.api.rpc.agentnotifiers.dhcp_rpc_agent_api [None req-2a3207f7-dd9f-42f7-8409-47c8e694b7d1 ad9ff4017c7b4aafa6eadbaf81d6e1c9 d6e81b890ebf4c9da337e629bd1250c6 - - default default] Unable to schedule network bd24bec9-6c2a-4f8b-a216-971603086680: no agents available; will retry on subsequent port and subnet creation events.
2026-03-06 01:42:43.856 8 WARNING neutron.scheduler.dhcp_agent_scheduler [None req-a95b10a0-a060-4fb4-a57d-24d36f668144 d2276d86235b429b94c83b6a00c3b30b 420fa881091a48dbb8bc8fcbcbb582b3 - - default default] No more DHCP agents
2026-03-06 01:42:43.857 8 WARNING neutron.api.rpc.agentnotifiers.dhcp_rpc_agent_api [None req-a95b10a0-a060-4fb4-a57d-24d36f668144 d2276d86235b429b94c83b6a00c3b30b 420fa881091a48dbb8bc8fcbcbb582b3 - - default default] Unable to schedule network 2d785916-e31c-4c37-851c-a8e21f954d6f: no agents available; will retry on subsequent port and subnet creation events.
2026-03-06 01:42:43.898 8 INFO neutron.db.ovn_revision_numbers_db [None req-a95b10a0-a060-4fb4-a57d-24d36f668144 d2276d86235b429b94c83b6a00c3b30b 420fa881091a48dbb8bc8fcbcbb582b3 - - default default] Successfully bumped revision number for resource cd8abcc0-823c-48c1-9862-0174a0139adf (type: subnets) to 0 [pid: 8|app: 0|req: 808/1641] 10.0.0.130 () {34 vars in 668 bytes} [Fri Mar 6 01:42:43 2026] POST /v2.0/subnets => generated 646 bytes in 225 msecs (HTTP/1.1 201) 4 headers in 162 bytes (1 switches on core 0)
2026-03-06 01:42:44.036 8 INFO neutron.db.ovn_revision_numbers_db [None req-401ae993-4eae-498f-b4a3-7e1314052f5d d2276d86235b429b94c83b6a00c3b30b 420fa881091a48dbb8bc8fcbcbb582b3 - - default default] Successfully bumped revision number for resource d7b061f1-2b3a-43f6-a7d1-11c58690e928 (type: routers) to 1 [pid: 8|app: 0|req: 809/1642] 10.0.0.130 () {34 vars in 668 bytes} [Fri Mar 6 01:42:43 2026] POST /v2.0/routers => generated 607 bytes in 129 msecs (HTTP/1.1 201) 4 headers in 162 bytes (1 switches on core 0)
2026-03-06 01:42:44.156 7 WARNING neutron.plugins.ml2.drivers.ovn.mech_driver.ovsdb.ovn_client [None req-a42aa3ef-bfe9-49a1-a5ac-5f507123739b - - - - - -] No port found with ID 873d6413-1081-4054-9736-37a0cefca11a: RuntimeError: No port found with ID 873d6413-1081-4054-9736-37a0cefca11a
2026-03-06 01:42:44.172 7 INFO neutron.plugins.ml2.drivers.ovn.mech_driver.mech_driver [None req-a42aa3ef-bfe9-49a1-a5ac-5f507123739b - - - - - -] OVN reports status up for port: 3ab1bf74-9d95-461d-b48b-21da4914bbd4
2026-03-06 01:42:44.207 7 INFO neutron.plugins.ml2.plugin [None req-a42aa3ef-bfe9-49a1-a5ac-5f507123739b - - - - - -] Attempt 1 to provision port 3ab1bf74-9d95-461d-b48b-21da4914bbd4
2026-03-06 01:42:44.243 7 INFO neutron.db.ovn_revision_numbers_db [None req-675cc60a-fc54-4fd5-a27c-5bfeec3876be - - - - - -] Successfully bumped revision number for resource 919b6f3a-ffdb-4c85-a6ba-aae36e4b30a8 (type: ports) to 2
2026-03-06 01:42:44.289 7 INFO neutron.db.ovn_revision_numbers_db [None req-675cc60a-fc54-4fd5-a27c-5bfeec3876be - - - - - -] Successfully bumped revision number for resource ce3501b3-b43a-4ae3-a756-2b6d617790b9 (type: subnets) to 0 [pid: 7|app: 0|req: 834/1643] 10.0.0.130 () {34 vars in 668 bytes} [Fri Mar 6 01:42:43 2026] POST /v2.0/subnets => generated 688 bytes in 754 msecs (HTTP/1.1 201) 4 headers in 162 bytes (1 switches on core 0)
2026-03-06 01:42:44.342 8 WARNING neutron.scheduler.dhcp_agent_scheduler [None req-ea449846-896e-4047-9a23-fc4c54f188ff d2276d86235b429b94c83b6a00c3b30b 420fa881091a48dbb8bc8fcbcbb582b3 - - default default] No more DHCP agents
2026-03-06 01:42:44.343 8 WARNING neutron.api.rpc.agentnotifiers.dhcp_rpc_agent_api [None req-ea449846-896e-4047-9a23-fc4c54f188ff d2276d86235b429b94c83b6a00c3b30b 420fa881091a48dbb8bc8fcbcbb582b3 - - default default] Unable to schedule network 2d785916-e31c-4c37-851c-a8e21f954d6f: no agents available; will retry on subsequent port and subnet creation events.
2026-03-06 01:42:44.367 7 INFO neutron.notifiers.nova [-] Nova event matching ['req-33946ec2-1e3c-46ba-bbad-535c7f469c3a'] response: {'server_uuid': 'f53e8aa8-af64-4df8-9b71-5fad588a53fe', 'name': 'network-vif-plugged', 'status': 'completed', 'tag': '3ab1bf74-9d95-461d-b48b-21da4914bbd4', 'code': 200}
2026-03-06 01:42:44.510 8 INFO neutron.db.ovn_revision_numbers_db [None req-ea449846-896e-4047-9a23-fc4c54f188ff d2276d86235b429b94c83b6a00c3b30b 420fa881091a48dbb8bc8fcbcbb582b3 - - default default] Successfully bumped revision number for resource f1bfd436-7342-49c0-864f-9af6d40bd094 (type: ports) to 1 [pid: 8|app: 0|req: 810/1644] 10.0.0.130 () {34 vars in 664 bytes} [Fri Mar 6 01:42:44 2026] POST /v2.0/ports => generated 963 bytes in 496 msecs (HTTP/1.1 201) 4 headers in 162 bytes (1 switches on core 0) /var/lib/openstack/lib/python3.12/site-packages/pycadf/identifier.py:70: UserWarning: Invalid uuid: neutron. To ensure interoperability, identifiers should be a valid uuid. warnings.warn(('Invalid uuid: %s. To ensure interoperability, '
2026-03-06 01:42:44.751 7 INFO neutron.db.ovn_revision_numbers_db [None req-a42aa3ef-bfe9-49a1-a5ac-5f507123739b - - - - - -] Successfully bumped revision number for resource 3ab1bf74-9d95-461d-b48b-21da4914bbd4 (type: ports) to 5
2026-03-06 01:42:44.995 7 INFO neutron.plugins.ml2.drivers.ovn.mech_driver.mech_driver [None req-0990ffd8-4c4f-4f12-a851-89479792803e - - - - - -] OVN reports status down for port: 919b6f3a-ffdb-4c85-a6ba-aae36e4b30a8
2026-03-06 01:42:45.146 8 INFO neutron.db.ovn_revision_numbers_db [None req-a2a56c0d-f8fe-4def-9e3b-406b07068131 d2276d86235b429b94c83b6a00c3b30b 420fa881091a48dbb8bc8fcbcbb582b3 - - default default] Successfully bumped revision number for resource f1bfd436-7342-49c0-864f-9af6d40bd094 (type: ports) to 2
2026-03-06 01:42:45.174 7 WARNING neutron.scheduler.dhcp_agent_scheduler [None req-7f007c79-8a9e-4928-b332-b14b9de97904 ad9ff4017c7b4aafa6eadbaf81d6e1c9 d6e81b890ebf4c9da337e629bd1250c6 - - default default] No more DHCP agents
2026-03-06 01:42:45.176 7 WARNING neutron.api.rpc.agentnotifiers.dhcp_rpc_agent_api [None req-7f007c79-8a9e-4928-b332-b14b9de97904 ad9ff4017c7b4aafa6eadbaf81d6e1c9 d6e81b890ebf4c9da337e629bd1250c6 - - default default] Unable to schedule network 82bae7cb-6828-4d95-8eed-32e33dd84f27: no agents available; will retry on subsequent port and subnet creation events.
2026-03-06 01:42:45.209 7 INFO neutron.plugins.ml2.drivers.ovn.mech_driver.mech_driver [None req-0990ffd8-4c4f-4f12-a851-89479792803e - - - - - -] OVN reports status down for port: 9755462a-8078-44c3-99e0-fc7c14fb08cd
2026-03-06 01:42:45.315 7 INFO neutron.plugins.ml2.drivers.ovn.mech_driver.mech_driver [None req-0990ffd8-4c4f-4f12-a851-89479792803e - - - - - -] OVN reports status down for port: f1bfd436-7342-49c0-864f-9af6d40bd094
2026-03-06 01:42:45.426 7 WARNING neutron.plugins.ml2.drivers.ovn.mech_driver.ovsdb.ovn_client [None req-0990ffd8-4c4f-4f12-a851-89479792803e - - - - - -] Logical_Switch_Port f1bfd436-7342-49c0-864f-9af6d40bd094 host information not removed, the port state is up
2026-03-06 01:42:45.427 7 INFO neutron.plugins.ml2.drivers.ovn.mech_driver.mech_driver [None req-0990ffd8-4c4f-4f12-a851-89479792803e - - - - - -] OVN reports status up for port: f1bfd436-7342-49c0-864f-9af6d40bd094
2026-03-06 01:42:45.445 7 INFO neutron.plugins.ml2.plugin [None req-0990ffd8-4c4f-4f12-a851-89479792803e - - - - - -] Attempt 1 to provision port f1bfd436-7342-49c0-864f-9af6d40bd094
2026-03-06 01:42:45.492 7 INFO neutron.db.ovn_revision_numbers_db [None req-7f007c79-8a9e-4928-b332-b14b9de97904 ad9ff4017c7b4aafa6eadbaf81d6e1c9 d6e81b890ebf4c9da337e629bd1250c6 - - default default] Successfully bumped revision number for resource f96337b3-b4a9-4ada-81b4-82b89906b48f (type: ports) to 1
2026-03-06 01:42:45.793 8 WARNING neutron.scheduler.dhcp_agent_scheduler [None req-a2a56c0d-f8fe-4def-9e3b-406b07068131 d2276d86235b429b94c83b6a00c3b30b 420fa881091a48dbb8bc8fcbcbb582b3 - - default default] No more DHCP agents
2026-03-06 01:42:45.794 8 WARNING neutron.api.rpc.agentnotifiers.dhcp_rpc_agent_api [None req-a2a56c0d-f8fe-4def-9e3b-406b07068131 d2276d86235b429b94c83b6a00c3b30b 420fa881091a48dbb8bc8fcbcbb582b3 - - default default] Unable to schedule network 2d785916-e31c-4c37-851c-a8e21f954d6f: no agents available; will retry on subsequent port and subnet creation events.
2026-03-06 01:42:46.030 8 INFO neutron.db.ovn_revision_numbers_db [None req-a2a56c0d-f8fe-4def-9e3b-406b07068131 d2276d86235b429b94c83b6a00c3b30b 420fa881091a48dbb8bc8fcbcbb582b3 - - default default] Successfully bumped revision number for resource f1bfd436-7342-49c0-864f-9af6d40bd094 (type: router_ports) to 3 [pid: 8|app: 0|req: 811/1645] 10.0.0.130 () {34 vars in 782 bytes} [Fri Mar 6 01:42:44 2026] PUT /v2.0/routers/d7b061f1-2b3a-43f6-a7d1-11c58690e928/add_router_interface => generated 309 bytes in 1478 msecs (HTTP/1.1 200) 4 headers in 157 bytes (1 switches on core 0) /var/lib/openstack/lib/python3.12/site-packages/pycadf/identifier.py:70: UserWarning: Invalid uuid: neutron. To ensure interoperability, identifiers should be a valid uuid. warnings.warn(('Invalid uuid: %s. To ensure interoperability, ' [pid: 8|app: 0|req: 812/1646] 10.0.0.158 () {34 vars in 989 bytes} [Fri Mar 6 01:42:46 2026] GET /v2.0/ports?device_id=f53e8aa8-af64-4df8-9b71-5fad588a53fe => generated 975 bytes in 34 msecs (HTTP/1.1 200) 4 headers in 157 bytes (1 switches on core 0) [pid: 8|app: 0|req: 813/1647] 10.0.0.130 () {32 vars in 716 bytes} [Fri Mar 6 01:42:46 2026] GET /v2.0/ports/f1bfd436-7342-49c0-864f-9af6d40bd094 => generated 1025 bytes in 39 msecs (HTTP/1.1 200) 4 headers in 158 bytes (1 switches on core 0) [pid: 8|app: 0|req: 814/1648] 10.0.0.158 () {34 vars in 1039 bytes} [Fri Mar 6 01:42:46 2026] GET /v2.0/security-groups?id=e4f4e789-0343-49a1-9ef6-90bbfc428fab&fields=id&fields=name => generated 88 bytes in 34 msecs (HTTP/1.1 200) 4 headers in 156 bytes (1 switches on core 0)
2026-03-06 01:42:46.394 7 INFO neutron.db.ovn_revision_numbers_db [None req-0990ffd8-4c4f-4f12-a851-89479792803e - - - - - -] Successfully bumped revision number for resource f1bfd436-7342-49c0-864f-9af6d40bd094 (type: ports) to 3
2026-03-06 01:42:46.432 7 INFO neutron.notifiers.nova [-] Nova event matching ['req-64dd3b5f-3eb0-4eb8-9cb2-aa102b844ba3'] response: {'server_uuid': 'f53e8aa8-af64-4df8-9b71-5fad588a53fe', 'name': 'network-vif-plugged', 'status': 'completed', 'tag': '3ab1bf74-9d95-461d-b48b-21da4914bbd4', 'code': 200}
2026-03-06 01:42:46.445 8 INFO neutron_taas.services.taas.taas_plugin [None req-a74e12fd-0d33-4bc3-8572-05aed2e01d7d d2276d86235b429b94c83b6a00c3b30b 420fa881091a48dbb8bc8fcbcbb582b3 - - default default] TaaS: Handle Delete Port: f1bfd436-7342-49c0-864f-9af6d40bd094
2026-03-06 01:42:46.448 8 INFO neutron_taas.services.taas.tap_mirror_plugin [None req-a74e12fd-0d33-4bc3-8572-05aed2e01d7d d2276d86235b429b94c83b6a00c3b30b 420fa881091a48dbb8bc8fcbcbb582b3 - - default default] Tap Mirror: Handle Delete Port: f1bfd436-7342-49c0-864f-9af6d40bd094
2026-03-06 01:42:46.629 7 INFO neutron.plugins.ml2.drivers.ovn.mech_driver.ovsdb.commands [-] Schedule LRP lrp-f96337b3-b4a9-4ada-81b4-82b89906b48f on gateway 5d4648ab-c7f5-4ee5-92d7-a4af0d80418c with priority 1
2026-03-06 01:42:46.745 7 INFO neutron.plugins.ml2.drivers.ovn.mech_driver.ovsdb.ovsdb_monitor [None req-cab268a1-ecb2-4949-9d9b-0fddbc5a7ad9 - - - - - -] Router b982bc79-5223-48a5-bb55-cfc852523378 is bound to host instance
2026-03-06 01:42:46.823 7 INFO neutron.db.ovn_revision_numbers_db [None req-7f007c79-8a9e-4928-b332-b14b9de97904 ad9ff4017c7b4aafa6eadbaf81d6e1c9 d6e81b890ebf4c9da337e629bd1250c6 - - default default] Successfully bumped revision number for resource f96337b3-b4a9-4ada-81b4-82b89906b48f (type: router_ports) to 1 [pid: 8|app: 0|req: 815/1649] 10.0.0.130 () {34 vars in 788 bytes} [Fri Mar 6 01:42:46 2026] PUT /v2.0/routers/d7b061f1-2b3a-43f6-a7d1-11c58690e928/remove_router_interface => generated 309 bytes in 761 msecs (HTTP/1.1 200) 4 headers in 157 bytes (1 switches on core 0) /var/lib/openstack/lib/python3.12/site-packages/pycadf/identifier.py:70: UserWarning: Invalid uuid: neutron. To ensure interoperability, identifiers should be a valid uuid. warnings.warn(('Invalid uuid: %s. To ensure interoperability, '
2026-03-06 01:42:46.964 8 INFO neutron.api.v2.resource [None req-4d77b602-c67b-44ec-a5a7-66167eda308e d2276d86235b429b94c83b6a00c3b30b 420fa881091a48dbb8bc8fcbcbb582b3 - - default default] remove_router_interface failed (client error): The resource could not be found. [pid: 8|app: 0|req: 816/1650] 10.0.0.130 () {34 vars in 788 bytes} [Fri Mar 6 01:42:46 2026] PUT /v2.0/routers/d7b061f1-2b3a-43f6-a7d1-11c58690e928/remove_router_interface => generated 197 bytes in 55 msecs (HTTP/1.1 404) 4 headers in 164 bytes (1 switches on core 0)
2026-03-06 01:42:46.989 7 INFO neutron.db.ovn_revision_numbers_db [None req-7f007c79-8a9e-4928-b332-b14b9de97904 ad9ff4017c7b4aafa6eadbaf81d6e1c9 d6e81b890ebf4c9da337e629bd1250c6 - - default default] Successfully bumped revision number for resource b982bc79-5223-48a5-bb55-cfc852523378 (type: routers) to 2 [pid: 8|app: 0|req: 817/1651] 10.0.0.130 () {32 vars in 735 bytes} [Fri Mar 6 01:42:46 2026] GET /v2.0/ports?device_id=d7b061f1-2b3a-43f6-a7d1-11c58690e928 => generated 12 bytes in 23 msecs (HTTP/1.1 200) 4 headers in 156 bytes (1 switches on core 0) [pid: 7|app: 0|req: 835/1652] 10.0.0.130 () {34 vars in 668 bytes} [Fri Mar 6 01:42:44 2026] POST /v2.0/routers => generated 966 bytes in 2712 msecs (HTTP/1.1 201) 4 headers in 162 bytes (1 switches on core 0) /var/lib/openstack/lib/python3.12/site-packages/pycadf/identifier.py:70: UserWarning: Invalid uuid: neutron. To ensure interoperability, identifiers should be a valid uuid. warnings.warn(('Invalid uuid: %s. To ensure interoperability, ' [pid: 8|app: 0|req: 818/1653] 10.0.0.130 () {32 vars in 723 bytes} [Fri Mar 6 01:42:47 2026] DELETE /v2.0/routers/d7b061f1-2b3a-43f6-a7d1-11c58690e928 => generated 0 bytes in 207 msecs (HTTP/1.1 204) 2 headers in 112 bytes (1 switches on core 0) [pid: 8|app: 0|req: 819/1654] 10.0.0.158 () {34 vars in 989 bytes} [Fri Mar 6 01:42:47 2026] GET /v2.0/ports?device_id=f53e8aa8-af64-4df8-9b71-5fad588a53fe => generated 975 bytes in 36 msecs (HTTP/1.1 200) 4 headers in 157 bytes (1 switches on core 0) [pid: 8|app: 0|req: 820/1655] 10.0.0.130 () {32 vars in 723 bytes} [Fri Mar 6 01:42:47 2026] DELETE /v2.0/subnets/cd8abcc0-823c-48c1-9862-0174a0139adf => generated 0 bytes in 139 msecs (HTTP/1.1 204) 3 headers in 131 bytes (1 switches on core 0) [pid: 8|app: 0|req: 821/1656] 10.0.0.158 () {34 vars in 1039 bytes} [Fri Mar 6 01:42:47 2026] GET /v2.0/security-groups?id=e4f4e789-0343-49a1-9ef6-90bbfc428fab&fields=id&fields=name => generated 88 bytes in 27 msecs (HTTP/1.1 200) 4 headers in 156 bytes (1 switches on core 0)
2026-03-06 01:42:47.500 8 INFO neutron_taas.services.taas.taas_plugin [None req-6fac480e-4d94-489b-adc5-7b28b677d357 d2276d86235b429b94c83b6a00c3b30b 420fa881091a48dbb8bc8fcbcbb582b3 - - default default] TaaS: Handle Delete Port: 9755462a-8078-44c3-99e0-fc7c14fb08cd
2026-03-06 01:42:47.502 8 INFO neutron_taas.services.taas.tap_mirror_plugin [None req-6fac480e-4d94-489b-adc5-7b28b677d357 d2276d86235b429b94c83b6a00c3b30b 420fa881091a48dbb8bc8fcbcbb582b3 - - default default] Tap Mirror: Handle Delete Port: 9755462a-8078-44c3-99e0-fc7c14fb08cd
2026-03-06 01:42:47.678 8 INFO neutron.services.segments.plugin [-] Segment b3d28708-2bc1-45a1-8793-30d1f565f712 resource provider aggregate not found
2026-03-06 01:42:47.687 8 INFO neutron.services.segments.plugin [-] Segment b3d28708-2bc1-45a1-8793-30d1f565f712 resource provider aggregate not found
2026-03-06 01:42:47.706 8 INFO neutron.services.segments.plugin [-] Segment b3d28708-2bc1-45a1-8793-30d1f565f712 resource provider not found; error: Placement Client Error (4xx): {"errors": [{"status": 404, "title": "Not Found", "detail": "The resource could not be found.\n\n No resource provider with uuid b3d28708-2bc1-45a1-8793-30d1f565f712 found for delete ", "request_id": "req-11588f22-16d2-46e0-a139-11f5b0b510b0"}]}
2026-03-06 01:42:47.711 8 INFO neutron.services.segments.plugin [-] Segment b3d28708-2bc1-45a1-8793-30d1f565f712 resource provider not found; error: Placement Client Error (4xx): {"errors": [{"status": 404, "title": "Not Found", "detail": "The resource could not be found.\n\n No resource provider with uuid b3d28708-2bc1-45a1-8793-30d1f565f712 found for delete ", "request_id": "req-207952d0-f9d5-4277-b056-880af82641ca"}]} [pid: 8|app: 0|req: 822/1657] 10.0.0.130 () {32 vars in 725 bytes} [Fri Mar 6 01:42:47 2026] DELETE /v2.0/networks/2d785916-e31c-4c37-851c-a8e21f954d6f => generated 0 bytes in 342 msecs (HTTP/1.1 204) 3 headers in 131 bytes (1 switches on core 0)
2026-03-06 01:42:47.856 8 INFO neutron.db.segments_db [None req-fc62e68c-2093-46b0-8f27-4117db561d2b d2276d86235b429b94c83b6a00c3b30b 420fa881091a48dbb8bc8fcbcbb582b3 - - default default] Added segment ad59d537-776e-4423-ae52-a06441f36920 of type geneve for network d37495bc-b1d6-4a6e-975e-18890d15a60a
2026-03-06 01:42:47.980 8 INFO neutron.db.ovn_revision_numbers_db [None req-fc62e68c-2093-46b0-8f27-4117db561d2b d2276d86235b429b94c83b6a00c3b30b 420fa881091a48dbb8bc8fcbcbb582b3 - - default default] Successfully bumped revision number for resource d37495bc-b1d6-4a6e-975e-18890d15a60a (type: networks) to 1
2026-03-06 01:42:48.018 7 WARNING neutron.scheduler.dhcp_agent_scheduler [None req-6309862d-a696-4d25-b3ca-a5f109225c0a ad9ff4017c7b4aafa6eadbaf81d6e1c9 d6e81b890ebf4c9da337e629bd1250c6 - - default default] No more DHCP agents
2026-03-06 01:42:48.020 7 WARNING neutron.api.rpc.agentnotifiers.dhcp_rpc_agent_api [None req-6309862d-a696-4d25-b3ca-a5f109225c0a ad9ff4017c7b4aafa6eadbaf81d6e1c9 d6e81b890ebf4c9da337e629bd1250c6 - - default default] Unable to schedule network bd24bec9-6c2a-4f8b-a216-971603086680: no agents available; will retry on subsequent port and subnet creation events.
2026-03-06 01:42:48.144 8 WARNING neutron.scheduler.dhcp_agent_scheduler [None req-fc62e68c-2093-46b0-8f27-4117db561d2b d2276d86235b429b94c83b6a00c3b30b 420fa881091a48dbb8bc8fcbcbb582b3 - - default default] No more DHCP agents
2026-03-06 01:42:48.145 8 WARNING neutron.api.rpc.agentnotifiers.dhcp_rpc_agent_api [None req-fc62e68c-2093-46b0-8f27-4117db561d2b d2276d86235b429b94c83b6a00c3b30b 420fa881091a48dbb8bc8fcbcbb582b3 - - default default] Unable to schedule network d37495bc-b1d6-4a6e-975e-18890d15a60a: no agents available; will retry on subsequent port and subnet creation events.
2026-03-06 01:42:48.301 8 INFO neutron.db.ovn_revision_numbers_db [None req-fc62e68c-2093-46b0-8f27-4117db561d2b d2276d86235b429b94c83b6a00c3b30b 420fa881091a48dbb8bc8fcbcbb582b3 - - default default] Successfully bumped revision number for resource fe91c899-90cc-48ce-bb31-02fb939d4841 (type: ports) to 1 [pid: 8|app: 0|req: 823/1658] 10.0.0.130 () {34 vars in 669 bytes} [Fri Mar 6 01:42:47 2026] POST /v2.0/networks => generated 671 bytes in 566 msecs (HTTP/1.1 201) 4 headers in 162 bytes (1 switches on core 0)
2026-03-06 01:42:48.370 7 INFO neutron.db.ovn_revision_numbers_db [None req-6309862d-a696-4d25-b3ca-a5f109225c0a ad9ff4017c7b4aafa6eadbaf81d6e1c9 d6e81b890ebf4c9da337e629bd1250c6 - - default default] Successfully bumped revision number for resource 09f29de8-3c0a-4a26-847b-9a4c204f2347 (type: ports) to 1
2026-03-06 01:42:48.524 8 WARNING neutron.scheduler.dhcp_agent_scheduler [None req-89ce574f-ace5-4edb-9aa4-4e2cbc350d74 d2276d86235b429b94c83b6a00c3b30b 420fa881091a48dbb8bc8fcbcbb582b3 - - default default] No more DHCP agents
2026-03-06 01:42:48.525 8 WARNING neutron.api.rpc.agentnotifiers.dhcp_rpc_agent_api [None req-89ce574f-ace5-4edb-9aa4-4e2cbc350d74 d2276d86235b429b94c83b6a00c3b30b 420fa881091a48dbb8bc8fcbcbb582b3 - - default default] Unable to schedule network d37495bc-b1d6-4a6e-975e-18890d15a60a: no agents available; will retry on subsequent port and subnet creation events.
2026-03-06 01:42:48.561 8 INFO neutron.db.ovn_revision_numbers_db [None req-89ce574f-ace5-4edb-9aa4-4e2cbc350d74 d2276d86235b429b94c83b6a00c3b30b 420fa881091a48dbb8bc8fcbcbb582b3 - - default default] Successfully bumped revision number for resource 99918a08-8114-403a-b6ec-291915b57eaf (type: subnets) to 0 [pid: 8|app: 0|req: 824/1659] 10.0.0.130 () {34 vars in 668 bytes} [Fri Mar 6 01:42:48 2026] POST /v2.0/subnets => generated 646 bytes in 248 msecs (HTTP/1.1 201) 4 headers in 162 bytes (1 switches on core 0)
2026-03-06 01:42:48.615 7 INFO neutron.db.ovn_revision_numbers_db [None req-5122a22c-edbc-4d5b-b918-55343cf18c1c - - - - - -] Successfully bumped revision number for resource f96337b3-b4a9-4ada-81b4-82b89906b48f (type: ports) to 4
2026-03-06 01:42:48.902 8 INFO neutron.db.ovn_revision_numbers_db [None req-b555939f-c720-47bc-b50f-83f19d9b998b ad9ff4017c7b4aafa6eadbaf81d6e1c9 d6e81b890ebf4c9da337e629bd1250c6 - - default default] Successfully bumped revision number for resource 35741116-0806-41bc-9d9c-65b52961f211 (type: security_groups) to 1
2026-03-06 01:42:48.913 8 INFO neutron.db.ovn_revision_numbers_db [None req-b555939f-c720-47bc-b50f-83f19d9b998b ad9ff4017c7b4aafa6eadbaf81d6e1c9 d6e81b890ebf4c9da337e629bd1250c6 - - default default] Successfully bumped revision number for resource 1c0729c3-5b27-46cf-a490-8ff3adad4f98 (type: security_group_rules) to 0
2026-03-06 01:42:48.922 8 INFO neutron.db.ovn_revision_numbers_db [None req-b555939f-c720-47bc-b50f-83f19d9b998b ad9ff4017c7b4aafa6eadbaf81d6e1c9 d6e81b890ebf4c9da337e629bd1250c6 - - default default] Successfully bumped revision number for resource 1cd4dc55-b0d8-464f-83b8-a0853ca5659a (type: security_group_rules) to 0
2026-03-06 01:42:48.934 8 INFO neutron.db.ovn_revision_numbers_db [None req-b555939f-c720-47bc-b50f-83f19d9b998b ad9ff4017c7b4aafa6eadbaf81d6e1c9 d6e81b890ebf4c9da337e629bd1250c6 - - default default] Successfully bumped revision number for resource 3bcfa690-70bf-4d2f-b1a9-9beb97f712c8 (type: security_group_rules) to 0
2026-03-06 01:42:48.945 8 INFO neutron.db.ovn_revision_numbers_db [None req-b555939f-c720-47bc-b50f-83f19d9b998b ad9ff4017c7b4aafa6eadbaf81d6e1c9 d6e81b890ebf4c9da337e629bd1250c6 - - default default] Successfully bumped revision number for resource 6da68ee6-d6ba-487c-b178-b1a7b8b0368a (type: security_group_rules) to 0 [pid: 8|app: 0|req: 825/1660] 10.0.0.130 () {32 vars in 773 bytes} [Fri Mar 6 01:42:48 2026] GET /v2.0/security-groups?tenant_id=a246dc91cdba4c1e8182c69f1cc2e8ab&name=default => generated 2925 bytes in 396 msecs (HTTP/1.1 200) 4 headers in 158 bytes (1 switches on core 0)
2026-03-06 01:42:49.079 8 INFO neutron.db.ovn_revision_numbers_db [None req-0cb037b0-4bdf-40e2-9880-701733cb6574 d2276d86235b429b94c83b6a00c3b30b 420fa881091a48dbb8bc8fcbcbb582b3 - - default default] Successfully bumped revision number for resource 1311a0c0-b285-4b7c-a126-3fab9c808a20 (type: routers) to 1 [pid: 8|app: 0|req: 826/1661] 10.0.0.130 () {34 vars in 668 bytes} [Fri Mar 6 01:42:48 2026] POST /v2.0/routers => generated 606 bytes in 129 msecs (HTTP/1.1 201) 4 headers in 162 bytes (1 switches on core 0) [pid: 8|app: 0|req: 827/1662] 10.0.0.158 () {34 vars in 989 bytes} [Fri Mar 6 01:42:49 2026] GET /v2.0/ports?device_id=f53e8aa8-af64-4df8-9b71-5fad588a53fe => generated 975 bytes in 60 msecs (HTTP/1.1 200) 4 headers in 157 bytes (1 switches on core 0)
2026-03-06 01:42:49.320 7 INFO neutron.db.ovn_revision_numbers_db [None req-5122a22c-edbc-4d5b-b918-55343cf18c1c - - - - - -] Successfully bumped revision number for resource f96337b3-b4a9-4ada-81b4-82b89906b48f (type: ports) to 5 [pid: 8|app: 0|req: 828/1663] 10.0.0.130 () {32 vars in 739 bytes} [Fri Mar 6 01:42:49 2026] DELETE /v2.0/security-groups/35741116-0806-41bc-9d9c-65b52961f211 => generated 0 bytes in 313 msecs (HTTP/1.1 204) 2 headers in 112 bytes (1 switches on core 0)
2026-03-06 01:42:49.721 7 WARNING neutron.scheduler.dhcp_agent_scheduler [None req-6309862d-a696-4d25-b3ca-a5f109225c0a ad9ff4017c7b4aafa6eadbaf81d6e1c9 d6e81b890ebf4c9da337e629bd1250c6 - - default default] No more DHCP agents
2026-03-06 01:42:49.723 7 WARNING neutron.api.rpc.agentnotifiers.dhcp_rpc_agent_api [None req-6309862d-a696-4d25-b3ca-a5f109225c0a ad9ff4017c7b4aafa6eadbaf81d6e1c9 d6e81b890ebf4c9da337e629bd1250c6 - - default default] Unable to schedule network bd24bec9-6c2a-4f8b-a216-971603086680: no agents available; will retry on subsequent port and subnet creation events.
2026-03-06 01:42:50.348 8 WARNING neutron.scheduler.dhcp_agent_scheduler [None req-439ce9c4-c1be-4f2d-b8b9-6ad7064f165c d2276d86235b429b94c83b6a00c3b30b 420fa881091a48dbb8bc8fcbcbb582b3 - - default default] No more DHCP agents
2026-03-06 01:42:50.349 8 WARNING neutron.api.rpc.agentnotifiers.dhcp_rpc_agent_api [None req-439ce9c4-c1be-4f2d-b8b9-6ad7064f165c d2276d86235b429b94c83b6a00c3b30b 420fa881091a48dbb8bc8fcbcbb582b3 - - default default] Unable to schedule network d37495bc-b1d6-4a6e-975e-18890d15a60a: no agents available; will retry on subsequent port and subnet creation events.
2026-03-06 01:42:50.365 7 INFO neutron.db.ovn_revision_numbers_db [None req-6309862d-a696-4d25-b3ca-a5f109225c0a ad9ff4017c7b4aafa6eadbaf81d6e1c9 d6e81b890ebf4c9da337e629bd1250c6 - - default default] Successfully bumped revision number for resource 09f29de8-3c0a-4a26-847b-9a4c204f2347 (type: router_ports) to 1 [pid: 7|app: 0|req: 836/1664] 10.0.0.130 () {34 vars in 782 bytes} [Fri Mar 6 01:42:47 2026] PUT /v2.0/routers/b982bc79-5223-48a5-bb55-cfc852523378/add_router_interface => generated 309 bytes in 3330 msecs (HTTP/1.1 200) 4 headers in 157 bytes (1 switches on core 0) [pid: 7|app: 0|req: 837/1665] 10.0.0.158 () {34 vars in 1039 bytes} [Fri Mar 6 01:42:50 2026] GET /v2.0/security-groups?id=e4f4e789-0343-49a1-9ef6-90bbfc428fab&fields=id&fields=name => generated 88 bytes in 28 msecs (HTTP/1.1 200) 4 headers in 156 bytes (1 switches on core 0)
2026-03-06 01:42:50.491 8 INFO neutron.db.ovn_revision_numbers_db [None req-439ce9c4-c1be-4f2d-b8b9-6ad7064f165c d2276d86235b429b94c83b6a00c3b30b 420fa881091a48dbb8bc8fcbcbb582b3 - - default default] Successfully bumped revision number for resource 172c35d3-4313-4585-a91c-6d96fd00fcb9 (type: ports) to 1
2026-03-06 01:42:51.056 8 WARNING neutron.scheduler.dhcp_agent_scheduler [None req-439ce9c4-c1be-4f2d-b8b9-6ad7064f165c d2276d86235b429b94c83b6a00c3b30b 420fa881091a48dbb8bc8fcbcbb582b3 - - default default] No more DHCP agents
2026-03-06 01:42:51.057 8 WARNING neutron.api.rpc.agentnotifiers.dhcp_rpc_agent_api [None req-439ce9c4-c1be-4f2d-b8b9-6ad7064f165c d2276d86235b429b94c83b6a00c3b30b 420fa881091a48dbb8bc8fcbcbb582b3 - - default default] Unable to schedule network d37495bc-b1d6-4a6e-975e-18890d15a60a: no agents available; will retry on subsequent port and subnet creation events. [pid: 7|app: 0|req: 838/1666] 199.204.45.156 () {34 vars in 993 bytes} [Fri Mar 6 01:42:50 2026] GET /v2.0/ports?device_id=f53e8aa8-af64-4df8-9b71-5fad588a53fe => generated 975 bytes in 82 msecs (HTTP/1.1 200) 4 headers in 157 bytes (1 switches on core 0)
2026-03-06 01:42:51.091 7 WARNING neutron.plugins.ml2.drivers.ovn.mech_driver.ovsdb.ovn_client [None req-3f03b867-d65f-482e-9a1d-5f8ebaac3b3f - - - - - -] No port found with ID f1bfd436-7342-49c0-864f-9af6d40bd094: RuntimeError: No port found with ID f1bfd436-7342-49c0-864f-9af6d40bd094
2026-03-06 01:42:51.092 7 INFO neutron.plugins.ml2.drivers.ovn.mech_driver.mech_driver [None req-3f03b867-d65f-482e-9a1d-5f8ebaac3b3f - - - - - -] OVN reports status down for port: f96337b3-b4a9-4ada-81b4-82b89906b48f
2026-03-06 01:42:51.287 8 INFO neutron.db.ovn_revision_numbers_db [None req-439ce9c4-c1be-4f2d-b8b9-6ad7064f165c d2276d86235b429b94c83b6a00c3b30b 420fa881091a48dbb8bc8fcbcbb582b3 - - default default] Successfully bumped revision number for resource 172c35d3-4313-4585-a91c-6d96fd00fcb9 (type: router_ports) to 1 [pid: 8|app: 0|req: 829/1667] 10.0.0.130 () {34 vars in 782 bytes} [Fri Mar 6 01:42:49 2026] PUT /v2.0/routers/1311a0c0-b285-4b7c-a126-3fab9c808a20/add_router_interface => generated 309 bytes in 1816 msecs (HTTP/1.1 200) 4 headers in 157 bytes (1 switches on core 0)
2026-03-06 01:42:51.418 7 INFO neutron_taas.services.taas.taas_plugin [req-0b45b123-4c8e-428c-9274-2eded9529a40 req-552dd59e-b07b-495b-b77c-a1a8437f46bc 054ef9008ed74bbaa7fc0e80c410975a 790fbcdfbfca4aeaa4fb2b04e0639850 - - default default] TaaS: Handle Delete Port: 3ab1bf74-9d95-461d-b48b-21da4914bbd4
2026-03-06 01:42:51.423 7 INFO neutron_taas.services.taas.tap_mirror_plugin [req-0b45b123-4c8e-428c-9274-2eded9529a40 req-552dd59e-b07b-495b-b77c-a1a8437f46bc 054ef9008ed74bbaa7fc0e80c410975a 790fbcdfbfca4aeaa4fb2b04e0639850 - - default default] Tap Mirror: Handle Delete Port: 3ab1bf74-9d95-461d-b48b-21da4914bbd4 [pid: 8|app: 0|req: 830/1668] 10.0.0.130 () {32 vars in 652 bytes} [Fri Mar 6 01:42:51 2026] GET /v2.0/extensions => generated 20541 bytes in 182 msecs (HTTP/1.1 200) 4 headers in 159 bytes (1 switches on core 0) [pid: 8|app: 0|req: 831/1669] 10.0.0.130 () {32 vars in 716 bytes} [Fri Mar 6 01:42:51 2026] GET /v2.0/ports/172c35d3-4313-4585-a91c-6d96fd00fcb9 => generated 945 bytes in 33 msecs (HTTP/1.1 200) 4 headers in 157 bytes (1 switches on core 0)
2026-03-06 01:42:51.692 8 INFO neutron.db.ovn_revision_numbers_db [None req-9aba6be0-56b3-4eb3-9934-a4a6ecc35a1b ad9ff4017c7b4aafa6eadbaf81d6e1c9 d6e81b890ebf4c9da337e629bd1250c6 - - default default] Successfully bumped revision number for resource fa3633c3-d23a-43a0-b80f-3f42d6c6aaa7 (type: security_groups) to 1
2026-03-06 01:42:51.712 8 INFO neutron.db.ovn_revision_numbers_db [None req-9aba6be0-56b3-4eb3-9934-a4a6ecc35a1b ad9ff4017c7b4aafa6eadbaf81d6e1c9 d6e81b890ebf4c9da337e629bd1250c6 - - default default] Successfully bumped revision number for resource 26c43ed2-6be1-4b5f-9c81-34e3a8dc0bb1 (type: security_group_rules) to 0
2026-03-06 01:42:51.737 8 INFO neutron.db.ovn_revision_numbers_db [None req-9aba6be0-56b3-4eb3-9934-a4a6ecc35a1b ad9ff4017c7b4aafa6eadbaf81d6e1c9 d6e81b890ebf4c9da337e629bd1250c6 - - default default] Successfully bumped revision number for resource 3095a61f-6357-4a55-a8ed-3d4a0cb678c6 (type: security_group_rules) to 0
2026-03-06 01:42:51.757 8 INFO neutron.db.ovn_revision_numbers_db [None req-9aba6be0-56b3-4eb3-9934-a4a6ecc35a1b ad9ff4017c7b4aafa6eadbaf81d6e1c9 d6e81b890ebf4c9da337e629bd1250c6 - - default default] Successfully bumped revision number for resource 7673cff3-a45a-4314-b637-7c7ad1db6531 (type: security_group_rules) to 0
2026-03-06 01:42:51.760 7 INFO neutron.db.ovn_revision_numbers_db [None req-3f03b867-d65f-482e-9a1d-5f8ebaac3b3f - - - - - -] Successfully bumped revision number for resource f96337b3-b4a9-4ada-81b4-82b89906b48f (type: ports) to 6
2026-03-06 01:42:51.777 8 INFO neutron.db.ovn_revision_numbers_db [None req-9aba6be0-56b3-4eb3-9934-a4a6ecc35a1b ad9ff4017c7b4aafa6eadbaf81d6e1c9 d6e81b890ebf4c9da337e629bd1250c6 - - default default] Successfully bumped revision number for resource f5ad3c2a-3778-4f32-b9ab-939925e9d8e6 (type: security_group_rules) to 0 [pid: 7|app: 0|req: 839/1670] 199.204.45.156 () {36 vars in 996 bytes} [Fri Mar 6 01:42:51 2026] DELETE /v2.0/ports/3ab1bf74-9d95-461d-b48b-21da4914bbd4 => generated 0 bytes in 769 msecs (HTTP/1.1 204) 3 headers in 131 bytes (1 switches on core 0)
2026-03-06 01:42:51.862 8 INFO neutron.db.segments_db [None req-9aba6be0-56b3-4eb3-9934-a4a6ecc35a1b ad9ff4017c7b4aafa6eadbaf81d6e1c9 d6e81b890ebf4c9da337e629bd1250c6 - - default default] Added segment b7415cf4-9477-408d-8f80-f43e9e884b33 of type geneve for network 892e6bda-5362-439e-8aff-ac955d7bfc28 [pid: 7|app: 0|req: 840/1671] 10.0.0.158 () {34 vars in 989 bytes} [Fri Mar 6 01:42:51 2026] GET /v2.0/ports?device_id=f53e8aa8-af64-4df8-9b71-5fad588a53fe => generated 12 bytes in 33 msecs (HTTP/1.1 200) 4 headers in 156 bytes (1 switches on core 0)
2026-03-06 01:42:51.877 7 INFO neutron.notifiers.nova [-] Nova event matching ['req-555ba296-16bd-497f-832b-433d814678e6'] response: {'server_uuid': 'f53e8aa8-af64-4df8-9b71-5fad588a53fe', 'name': 'network-vif-deleted', 'tag': '3ab1bf74-9d95-461d-b48b-21da4914bbd4', 'status': 'completed', 'code': 200} [pid: 7|app: 0|req: 841/1672] 10.0.0.130 () {32 vars in 680 bytes} [Fri Mar 6 01:42:51 2026] GET /v2.0/extensions/address-group => generated 159 bytes in 16 msecs (HTTP/1.1 200) 4 headers in 157 bytes (1 switches on core 0)
2026-03-06 01:42:51.893 7 WARNING neutron.plugins.ml2.drivers.ovn.mech_driver.ovsdb.ovn_client [None req-a99efd99-bf9e-473c-83c7-b31715598f65 - - - - - -] Logical_Switch_Port f96337b3-b4a9-4ada-81b4-82b89906b48f host information not removed, the port state is up
2026-03-06 01:42:51.966 7 INFO neutron.plugins.ml2.drivers.ovn.mech_driver.mech_driver [None req-a99efd99-bf9e-473c-83c7-b31715598f65 - - - - - -] OVN reports status up for port: f96337b3-b4a9-4ada-81b4-82b89906b48f
2026-03-06 01:42:51.990 8 INFO neutron.db.ovn_revision_numbers_db [None req-9aba6be0-56b3-4eb3-9934-a4a6ecc35a1b ad9ff4017c7b4aafa6eadbaf81d6e1c9 d6e81b890ebf4c9da337e629bd1250c6 - - default default] Successfully bumped revision number for resource 892e6bda-5362-439e-8aff-ac955d7bfc28 (type: networks) to 1
2026-03-06 01:42:52.005 7 INFO neutron.plugins.ml2.plugin [None req-a99efd99-bf9e-473c-83c7-b31715598f65 - - - - - -] Attempt 1 to provision port f96337b3-b4a9-4ada-81b4-82b89906b48f [pid: 7|app: 0|req: 842/1673] 10.0.0.130 () {32 vars in 716 bytes} [Fri Mar 6 01:42:51 2026] GET /v2.0/ports/172c35d3-4313-4585-a91c-6d96fd00fcb9 => generated 945 bytes in 148 msecs (HTTP/1.1 200) 4 headers in 157 bytes (1 switches on core 0) [pid: 7|app: 0|req: 843/1674] 10.0.0.130 () {32 vars in 680 bytes} [Fri Mar 6 01:42:52 2026] GET /v2.0/extensions/address-scope => generated 163 bytes in 9 msecs (HTTP/1.1 200) 4 headers in 157 bytes (1 switches on core 0) [pid: 7|app: 0|req: 844/1675] 10.0.0.130 () {32 vars in 664 bytes} [Fri Mar 6 01:42:52 2026] GET /v2.0/extensions/agent => generated 153 bytes in 7 msecs (HTTP/1.1 200) 4 headers in 157 bytes (1 switches on core 0) [pid: 7|app: 0|req: 845/1676] 10.0.0.130 () {32 vars in 696 bytes} [Fri Mar 6 01:42:52 2026] GET /v2.0/extensions/allowed-address-pairs => generated 184 bytes in 13 msecs (HTTP/1.1 200) 4 headers in 157 bytes (1 switches on core 0) [pid: 7|app: 0|req: 846/1677] 10.0.0.130 () {32 vars in 700 bytes} [Fri Mar 6 01:42:52 2026] GET /v2.0/extensions/auto-allocated-topology => generated 200 bytes in 9 msecs (HTTP/1.1 200) 4 headers in 157 bytes (1 switches on core 0) [pid: 7|app: 0|req: 847/1678] 10.0.0.130 () {32 vars in 688 bytes} [Fri Mar 6 01:42:52 2026] GET /v2.0/extensions/availability_zone => generated 178 bytes in 9 msecs (HTTP/1.1 200) 4 headers in 157 bytes (1 switches on core 0) [pid: 7|app: 0|req: 848/1679] 10.0.0.130 () {32 vars in 692 bytes} [Fri Mar 6 01:42:52 2026] GET /v2.0/extensions/default-subnetpools => generated 211 bytes in 12 msecs (HTTP/1.1 200) 4 headers in 157 bytes (1 switches on core 0) [pid: 7|app: 0|req: 849/1680] 10.0.0.130 () {32 vars in 694 bytes} [Fri Mar 6 01:42:52 2026] GET /v2.0/extensions/dhcp_agent_scheduler => generated 187 bytes in 15 msecs (HTTP/1.1 200) 4 headers in 157 bytes (1 switches on core 0)
2026-03-06 01:42:52.153 8 WARNING neutron.scheduler.dhcp_agent_scheduler [None req-9aba6be0-56b3-4eb3-9934-a4a6ecc35a1b ad9ff4017c7b4aafa6eadbaf81d6e1c9 d6e81b890ebf4c9da337e629bd1250c6 - - default default] No more DHCP agents
