2026-03-06 01:41:16.465 8 INFO neutron.db.ovn_revision_numbers_db [None req-22306c76-b5fe-46bd-b9c3-b4c107d818f0 ad9ff4017c7b4aafa6eadbaf81d6e1c9 d6e81b890ebf4c9da337e629bd1250c6 - - default default] Successfully bumped revision number for resource b5cff261-053c-42fd-bae1-c98d7bfa6f98 (type: security_group_rules) to 0 [pid: 8|app: 0|req: 553/1066] 10.0.0.130 () {32 vars in 773 bytes} [Fri Mar 6 01:41:15 2026] GET /v2.0/security-groups?tenant_id=3766da35e74d4830ac6ad08a02475c69&name=default => generated 2925 bytes in 634 msecs (HTTP/1.1 200) 4 headers in 158 bytes (1 switches on core 0)
2026-03-06 01:41:16.548 7 INFO neutron.db.ovn_revision_numbers_db [None req-5913ed5b-15c8-4a57-a953-8bd8972a3f31 ad9ff4017c7b4aafa6eadbaf81d6e1c9 d6e81b890ebf4c9da337e629bd1250c6 - - default default] Successfully bumped revision number for resource d2651a29-37a2-41d8-9560-668eb59ccdd5 (type: router_ports) to 1 [pid: 7|app: 0|req: 514/1067] 10.0.0.130 () {34 vars in 782 bytes} [Fri Mar 6 01:41:12 2026] PUT /v2.0/routers/f3de964f-3b27-4784-abb8-cb0026929aec/add_router_interface => generated 309 bytes in 3708 msecs (HTTP/1.1 200) 4 headers in 157 bytes (1 switches on core 0)
2026-03-06 01:41:16.640 7 INFO neutron.db.ovn_revision_numbers_db [None req-c0878afa-0ac3-47a3-9dfb-16a7681700c7 - - - - - -] Successfully bumped revision number for resource d2651a29-37a2-41d8-9560-668eb59ccdd5 (type: ports) to 2 [pid: 8|app: 0|req: 554/1068] 10.0.0.130 () {32 vars in 739 bytes} [Fri Mar 6 01:41:16 2026] DELETE /v2.0/security-groups/c60d7736-83d7-47a6-b5de-16d087752aef => generated 0 bytes in 335 msecs (HTTP/1.1 204) 2 headers in 112 bytes (1 switches on core 0)
2026-03-06 01:41:17.191 7 INFO neutron.db.ovn_revision_numbers_db [None req-0c29a150-cfc3-41a1-ab82-6c9ab705ce2e ad9ff4017c7b4aafa6eadbaf81d6e1c9 d6e81b890ebf4c9da337e629bd1250c6 - - default default] Successfully bumped revision number for resource 812b5051-446c-4aa2-951b-99f9e45afa22 (type: security_groups) to 1
2026-03-06 01:41:17.224 7 INFO neutron.db.ovn_revision_numbers_db [None req-0c29a150-cfc3-41a1-ab82-6c9ab705ce2e ad9ff4017c7b4aafa6eadbaf81d6e1c9 d6e81b890ebf4c9da337e629bd1250c6 - - default default] Successfully bumped revision number for resource 0aaa6805-db6a-4fa6-b5f1-ffc45791da3b (type: security_group_rules) to 0
2026-03-06 01:41:17.238 7 INFO neutron.db.ovn_revision_numbers_db [None req-0c29a150-cfc3-41a1-ab82-6c9ab705ce2e ad9ff4017c7b4aafa6eadbaf81d6e1c9 d6e81b890ebf4c9da337e629bd1250c6 - - default default] Successfully bumped revision number for resource 24c13bfa-3aff-45cf-a3da-51399a2d0e6a (type: security_group_rules) to 0
2026-03-06 01:41:17.250 7 INFO neutron.db.ovn_revision_numbers_db [None req-0c29a150-cfc3-41a1-ab82-6c9ab705ce2e ad9ff4017c7b4aafa6eadbaf81d6e1c9 d6e81b890ebf4c9da337e629bd1250c6 - - default default] Successfully bumped revision number for resource 71c71c60-933c-4509-ac21-68e465dc9ed0 (type: security_group_rules) to 0
2026-03-06 01:41:17.266 7 INFO neutron.db.ovn_revision_numbers_db [None req-0c29a150-cfc3-41a1-ab82-6c9ab705ce2e ad9ff4017c7b4aafa6eadbaf81d6e1c9 d6e81b890ebf4c9da337e629bd1250c6 - - default default] Successfully bumped revision number for resource c2811a2b-6fe4-4c80-a6d9-2b42f53b012c (type: security_group_rules) to 0 [pid: 7|app: 0|req: 515/1069] 10.0.0.130 () {32 vars in 773 bytes} [Fri Mar 6 01:41:17 2026] GET /v2.0/security-groups?tenant_id=2035fd05c62546be86ed57437c8eb6d5&name=default => generated 2925 bytes in 294 msecs (HTTP/1.1 200) 4 headers in 158 bytes (1 switches on core 0)
2026-03-06 01:41:17.404 8 INFO neutron.db.ovn_revision_numbers_db [None req-256e14f6-e06b-4b2b-9436-b3f900a7532e 578ceae9942f430cbabf8207f8036419 6a1d2a9997344ec5b01d8300b3937c87 - - default default] Successfully bumped revision number for resource 81668f31-34fa-4105-8b05-ebafc1bb7130 (type: security_groups) to 1
2026-03-06 01:41:17.415 8 INFO neutron.db.ovn_revision_numbers_db [None req-256e14f6-e06b-4b2b-9436-b3f900a7532e 578ceae9942f430cbabf8207f8036419 6a1d2a9997344ec5b01d8300b3937c87 - - default default] Successfully bumped revision number for resource 7115cd07-9951-46b1-aaa9-bb0eac091826 (type: security_group_rules) to 0
2026-03-06 01:41:17.428 8 INFO neutron.db.ovn_revision_numbers_db [None req-256e14f6-e06b-4b2b-9436-b3f900a7532e 578ceae9942f430cbabf8207f8036419 6a1d2a9997344ec5b01d8300b3937c87 - - default default] Successfully bumped revision number for resource be0be249-fecc-4fb4-bf77-24da5dccb4a0 (type: security_group_rules) to 0 [pid: 8|app: 0|req: 555/1070] 10.0.0.130 () {34 vars in 684 bytes} [Fri Mar 6 01:41:17 2026] POST /v2.0/security-groups => generated 1661 bytes in 202 msecs (HTTP/1.1 201) 4 headers in 163 bytes (1 switches on core 0) [pid: 7|app: 0|req: 516/1071] 10.0.0.130 () {32 vars in 739 bytes} [Fri Mar 6 01:41:17 2026] DELETE /v2.0/security-groups/812b5051-446c-4aa2-951b-99f9e45afa22 => generated 0 bytes in 310 msecs (HTTP/1.1 204) 2 headers in 112 bytes (1 switches on core 0)
2026-03-06 01:41:17.662 8 INFO neutron.db.ovn_revision_numbers_db [None req-77818b02-6963-4051-99b1-a1a7a748f7b4 578ceae9942f430cbabf8207f8036419 6a1d2a9997344ec5b01d8300b3937c87 - - default default] Successfully bumped revision number for resource 5c270259-9745-4075-81c0-18a527c4d856 (type: security_group_rules) to 0 [pid: 8|app: 0|req: 556/1072] 10.0.0.130 () {34 vars in 694 bytes} [Fri Mar 6 01:41:17 2026] POST /v2.0/security-group-rules => generated 597 bytes in 226 msecs (HTTP/1.1 201) 4 headers in 162 bytes (1 switches on core 0)
2026-03-06 01:41:17.871 7 INFO neutron.db.ovn_revision_numbers_db [None req-efd204c8-6521-43c9-8b5b-30d93a88f018 578ceae9942f430cbabf8207f8036419 6a1d2a9997344ec5b01d8300b3937c87 - - default default] Successfully bumped revision number for resource 8ae3b36d-72cc-4e0d-8980-29603cd4f487 (type: security_group_rules) to 0 [pid: 7|app: 0|req: 517/1073] 10.0.0.130 () {34 vars in 694 bytes} [Fri Mar 6 01:41:17 2026] POST /v2.0/security-group-rules => generated 602 bytes in 233 msecs (HTTP/1.1 201) 4 headers in 162 bytes (1 switches on core 0)
2026-03-06 01:41:18.177 8 WARNING neutron.scheduler.dhcp_agent_scheduler [None req-3a2f9aab-1825-4bc8-a1f4-352daab24ee5 578ceae9942f430cbabf8207f8036419 6a1d2a9997344ec5b01d8300b3937c87 - - default default] No more DHCP agents
2026-03-06 01:41:18.178 8 WARNING neutron.api.rpc.agentnotifiers.dhcp_rpc_agent_api [None req-3a2f9aab-1825-4bc8-a1f4-352daab24ee5 578ceae9942f430cbabf8207f8036419 6a1d2a9997344ec5b01d8300b3937c87 - - default default] Unable to schedule network 82bae7cb-6828-4d95-8eed-32e33dd84f27: no agents available; will retry on subsequent port and subnet creation events. [pid: 8|app: 0|req: 557/1074] 10.0.0.130 () {34 vars in 675 bytes} [Fri Mar 6 01:41:17 2026] POST /v2.0/floatingips => generated 552 bytes in 514 msecs (HTTP/1.1 201) 4 headers in 162 bytes (1 switches on core 0)
2026-03-06 01:41:18.576 7 INFO neutron.db.ovn_revision_numbers_db [None req-f3508d30-3230-4d8f-afc4-0584b94d2dfc ad9ff4017c7b4aafa6eadbaf81d6e1c9 d6e81b890ebf4c9da337e629bd1250c6 - - default default] Successfully bumped revision number for resource 840d123f-c45d-48d9-82ed-66c3b90955c0 (type: security_groups) to 1
2026-03-06 01:41:18.589 7 INFO neutron.db.ovn_revision_numbers_db [None req-f3508d30-3230-4d8f-afc4-0584b94d2dfc ad9ff4017c7b4aafa6eadbaf81d6e1c9 d6e81b890ebf4c9da337e629bd1250c6 - - default default] Successfully bumped revision number for resource 27b245d3-bf0e-42d1-a65e-ad590432c794 (type: security_group_rules) to 0
2026-03-06 01:41:18.600 7 INFO neutron.db.ovn_revision_numbers_db [None req-f3508d30-3230-4d8f-afc4-0584b94d2dfc ad9ff4017c7b4aafa6eadbaf81d6e1c9 d6e81b890ebf4c9da337e629bd1250c6 - - default default] Successfully bumped revision number for resource 4d86aaee-31d9-472a-90a1-87bfd1fdb9c8 (type: security_group_rules) to 0
2026-03-06 01:41:18.611 7 INFO neutron.db.ovn_revision_numbers_db [None req-f3508d30-3230-4d8f-afc4-0584b94d2dfc ad9ff4017c7b4aafa6eadbaf81d6e1c9 d6e81b890ebf4c9da337e629bd1250c6 - - default default] Successfully bumped revision number for resource 89831e0b-9671-43a3-867c-8a7c5a4cb4e5 (type: security_group_rules) to 0
2026-03-06 01:41:18.622 7 INFO neutron.db.ovn_revision_numbers_db [None req-f3508d30-3230-4d8f-afc4-0584b94d2dfc ad9ff4017c7b4aafa6eadbaf81d6e1c9 d6e81b890ebf4c9da337e629bd1250c6 - - default default] Successfully bumped revision number for resource d9a6bdf1-cdfb-4c4b-bf08-9cb07ac90858 (type: security_group_rules) to 0 [pid: 7|app: 0|req: 518/1075] 10.0.0.130 () {32 vars in 773 bytes} [Fri Mar 6 01:41:18 2026] GET /v2.0/security-groups?tenant_id=bd7250fce84a48eca2ee9352b7dedf65&name=default => generated 2925 bytes in 390 msecs (HTTP/1.1 200) 4 headers in 158 bytes (1 switches on core 0) [pid: 8|app: 0|req: 558/1076] 10.0.0.130 () {32 vars in 739 bytes} [Fri Mar 6 01:41:18 2026] DELETE /v2.0/security-groups/840d123f-c45d-48d9-82ed-66c3b90955c0 => generated 0 bytes in 386 msecs (HTTP/1.1 204) 2 headers in 112 bytes (1 switches on core 0)
2026-03-06 01:41:19.366 7 INFO neutron.db.ovn_revision_numbers_db [None req-7ad1d51d-68f4-47be-9b04-0c9651f2c9ab ad9ff4017c7b4aafa6eadbaf81d6e1c9 d6e81b890ebf4c9da337e629bd1250c6 - - default default] Successfully bumped revision number for resource ee4fe559-9c75-4bf1-94e2-6636750495bd (type: security_groups) to 1
2026-03-06 01:41:19.377 7 INFO neutron.db.ovn_revision_numbers_db [None req-7ad1d51d-68f4-47be-9b04-0c9651f2c9ab ad9ff4017c7b4aafa6eadbaf81d6e1c9 d6e81b890ebf4c9da337e629bd1250c6 - - default default] Successfully bumped revision number for resource 46967821-021e-4fad-8ec0-497a12cb8c36 (type: security_group_rules) to 0
2026-03-06 01:41:19.388 7 INFO neutron.db.ovn_revision_numbers_db [None req-7ad1d51d-68f4-47be-9b04-0c9651f2c9ab ad9ff4017c7b4aafa6eadbaf81d6e1c9 d6e81b890ebf4c9da337e629bd1250c6 - - default default] Successfully bumped revision number for resource 700b8e38-2bb2-4b5b-a9dc-88127e0f79eb (type: security_group_rules) to 0
2026-03-06 01:41:19.402 7 INFO neutron.db.ovn_revision_numbers_db [None req-7ad1d51d-68f4-47be-9b04-0c9651f2c9ab ad9ff4017c7b4aafa6eadbaf81d6e1c9 d6e81b890ebf4c9da337e629bd1250c6 - - default default] Successfully bumped revision number for resource bbde4302-48e5-4811-ab8b-676220201f54 (type: security_group_rules) to 0
2026-03-06 01:41:19.430 7 INFO neutron.db.ovn_revision_numbers_db [None req-7ad1d51d-68f4-47be-9b04-0c9651f2c9ab ad9ff4017c7b4aafa6eadbaf81d6e1c9 d6e81b890ebf4c9da337e629bd1250c6 - - default default] Successfully bumped revision number for resource fb2f2bad-0434-4edc-809c-a76e3c1a6a53 (type: security_group_rules) to 0 [pid: 7|app: 0|req: 519/1077] 10.0.0.130 () {32 vars in 773 bytes} [Fri Mar 6 01:41:19 2026] GET /v2.0/security-groups?tenant_id=14d2186518ed4af8868158be927cbff7&name=default => generated 2925 bytes in 270 msecs (HTTP/1.1 200) 4 headers in 158 bytes (1 switches on core 0) [pid: 7|app: 0|req: 520/1078] 10.0.0.158 () {34 vars in 989 bytes} [Fri Mar 6 01:41:19 2026] GET /v2.0/ports?device_id=478f3f77-c871-4ac7-a736-7de79c78b941 => generated 971 bytes in 108 msecs (HTTP/1.1 200) 4 headers in 157 bytes (1 switches on core 0) [pid: 7|app: 0|req: 521/1079] 10.0.0.158 () {34 vars in 1039 bytes} [Fri Mar 6 01:41:19 2026] GET /v2.0/security-groups?id=14adecb6-dc04-46d3-9e38-cf902828ac46&fields=id&fields=name => generated 114 bytes in 36 msecs (HTTP/1.1 200) 4 headers in 157 bytes (1 switches on core 0) [pid: 8|app: 0|req: 559/1080] 10.0.0.130 () {32 vars in 739 bytes} [Fri Mar 6 01:41:19 2026] DELETE /v2.0/security-groups/ee4fe559-9c75-4bf1-94e2-6636750495bd => generated 0 bytes in 323 msecs (HTTP/1.1 204) 2 headers in 112 bytes (1 switches on core 0) [pid: 7|app: 0|req: 522/1081] 10.0.0.158 () {34 vars in 989 bytes} [Fri Mar 6 01:41:19 2026] GET /v2.0/ports?device_id=478f3f77-c871-4ac7-a736-7de79c78b941 => generated 971 bytes in 40 msecs (HTTP/1.1 200) 4 headers in 157 bytes (1 switches on core 0) [pid: 8|app: 0|req: 560/1082] 10.0.0.158 () {34 vars in 1039 bytes} [Fri Mar 6 01:41:19 2026] GET /v2.0/security-groups?id=14adecb6-dc04-46d3-9e38-cf902828ac46&fields=id&fields=name => generated 114 bytes in 33 msecs (HTTP/1.1 200) 4 headers in 157 bytes (1 switches on core 0) [pid: 7|app: 0|req: 523/1083] 10.0.0.158 () {34 vars in 989 bytes} [Fri Mar 6 01:41:21 2026] GET /v2.0/ports?device_id=478f3f77-c871-4ac7-a736-7de79c78b941 => generated 971 bytes in 44 msecs (HTTP/1.1 200) 4 headers in 157 bytes (1 switches on core 0) [pid: 8|app: 0|req: 561/1084] 10.0.0.158 () {34 vars in 1039 bytes} [Fri Mar 6 01:41:21 2026] GET /v2.0/security-groups?id=14adecb6-dc04-46d3-9e38-cf902828ac46&fields=id&fields=name => generated 114 bytes in 28 msecs (HTTP/1.1 200) 4 headers in 157 bytes (1 switches on core 0)
2026-03-06 01:41:21.459 7 WARNING neutron.plugins.ml2.drivers.ovn.mech_driver.ovsdb.ovn_client [None req-9a28a77d-5644-4bb1-8b85-bf41c7cfe02d - - - - - -] No hosting information found for port d2651a29-37a2-41d8-9560-668eb59ccdd5: RuntimeError: No hosting information found for port d2651a29-37a2-41d8-9560-668eb59ccdd5
2026-03-06 01:41:21.635 7 INFO neutron.db.ovn_revision_numbers_db [None req-9a28a77d-5644-4bb1-8b85-bf41c7cfe02d - - - - - -] Successfully bumped revision number for resource d2651a29-37a2-41d8-9560-668eb59ccdd5 (type: router_ports) to 2
2026-03-06 01:41:21.731 7 INFO neutron.plugins.ml2.drivers.ovn.mech_driver.mech_driver [None req-9a28a77d-5644-4bb1-8b85-bf41c7cfe02d - - - - - -] OVN reports status down for port: 888c59c8-2a18-48d5-9605-fa7910630502
2026-03-06 01:41:21.760 7 INFO neutron.db.ovn_revision_numbers_db [None req-5417f06e-5a5f-449a-b463-f54754e4016b ad9ff4017c7b4aafa6eadbaf81d6e1c9 d6e81b890ebf4c9da337e629bd1250c6 - - default default] Successfully bumped revision number for resource 137d3520-25f1-4098-8831-74faf9ad7626 (type: security_groups) to 1
2026-03-06 01:41:21.776 7 INFO neutron.db.ovn_revision_numbers_db [None req-5417f06e-5a5f-449a-b463-f54754e4016b ad9ff4017c7b4aafa6eadbaf81d6e1c9 d6e81b890ebf4c9da337e629bd1250c6 - - default default] Successfully bumped revision number for resource 34b20f83-fe71-43e7-be9c-e30c14f8421a (type: security_group_rules) to 0
2026-03-06 01:41:21.797 7 INFO neutron.db.ovn_revision_numbers_db [None req-5417f06e-5a5f-449a-b463-f54754e4016b ad9ff4017c7b4aafa6eadbaf81d6e1c9 d6e81b890ebf4c9da337e629bd1250c6 - - default default] Successfully bumped revision number for resource 66d5dc8c-e571-42f8-a476-10e65ec00f3c (type: security_group_rules) to 0
2026-03-06 01:41:21.817 7 INFO neutron.db.ovn_revision_numbers_db [None req-5417f06e-5a5f-449a-b463-f54754e4016b ad9ff4017c7b4aafa6eadbaf81d6e1c9 d6e81b890ebf4c9da337e629bd1250c6 - - default default] Successfully bumped revision number for resource 9984c367-986c-4fa2-bc75-22193caf2b8c (type: security_group_rules) to 0
2026-03-06 01:41:21.838 7 INFO neutron.db.ovn_revision_numbers_db [None req-5417f06e-5a5f-449a-b463-f54754e4016b ad9ff4017c7b4aafa6eadbaf81d6e1c9 d6e81b890ebf4c9da337e629bd1250c6 - - default default] Successfully bumped revision number for resource a8d12ddc-50d9-4bce-b1e2-0c0001c9d19a (type: security_group_rules) to 0
2026-03-06 01:41:21.895 7 INFO neutron.notifiers.nova [-] Nova event matching ['req-12855f0b-5789-485a-8221-1bf09e614dbe'] response: {'server_uuid': '478f3f77-c871-4ac7-a736-7de79c78b941', 'name': 'network-vif-unplugged', 'status': 'completed', 'tag': '888c59c8-2a18-48d5-9605-fa7910630502', 'code': 200} [pid: 7|app: 0|req: 524/1085] 10.0.0.130 () {32 vars in 773 bytes} [Fri Mar 6 01:41:21 2026] GET /v2.0/security-groups?tenant_id=303b102875bd4e4e84056ac8a7dc6a5c&name=default => generated 2925 bytes in 672 msecs (HTTP/1.1 200) 4 headers in 158 bytes (1 switches on core 0)
2026-03-06 01:41:21.953 8 INFO neutron.db.ovn_revision_numbers_db [None req-9085dda2-09cc-424f-a81c-0c38b9c69e70 f13ae90e6fce4ee8955ada1707124301 9d38035ad40845179dd0a7e10c594e97 - - default default] Successfully bumped revision number for resource 0c9cdf96-28e9-40d8-8da1-31189239e504 (type: security_groups) to 1
2026-03-06 01:41:21.964 8 INFO neutron.db.ovn_revision_numbers_db [None req-9085dda2-09cc-424f-a81c-0c38b9c69e70 f13ae90e6fce4ee8955ada1707124301 9d38035ad40845179dd0a7e10c594e97 - - default default] Successfully bumped revision number for resource 0d6c0c4e-fa45-4b83-84c2-edf814e1dc8d (type: security_group_rules) to 0
2026-03-06 01:41:21.975 8 INFO neutron.db.ovn_revision_numbers_db [None req-9085dda2-09cc-424f-a81c-0c38b9c69e70 f13ae90e6fce4ee8955ada1707124301 9d38035ad40845179dd0a7e10c594e97 - - default default] Successfully bumped revision number for resource 3e92b5ee-067d-4e55-842c-82ee2ba76fb3 (type: security_group_rules) to 0
2026-03-06 01:41:21.985 8 INFO neutron.db.ovn_revision_numbers_db [None req-9085dda2-09cc-424f-a81c-0c38b9c69e70 f13ae90e6fce4ee8955ada1707124301 9d38035ad40845179dd0a7e10c594e97 - - default default] Successfully bumped revision number for resource 91e8bcf6-35eb-40ea-be33-38b8b44032d2 (type: security_group_rules) to 0
2026-03-06 01:41:21.998 8 INFO neutron.db.ovn_revision_numbers_db [None req-9085dda2-09cc-424f-a81c-0c38b9c69e70 f13ae90e6fce4ee8955ada1707124301 9d38035ad40845179dd0a7e10c594e97 - - default default] Successfully bumped revision number for resource b2861145-f25a-4a9c-bd71-6fb06b40888b (type: security_group_rules) to 0
2026-03-06 01:41:22.078 8 INFO neutron.db.segments_db [None req-9085dda2-09cc-424f-a81c-0c38b9c69e70 f13ae90e6fce4ee8955ada1707124301 9d38035ad40845179dd0a7e10c594e97 - - default default] Added segment 109ca1db-e35b-4adf-9829-5cc17f51ba3a of type geneve for network f7c8c591-8cbe-4bd6-ba03-dbfb3a30e6ba
2026-03-06 01:41:22.303 8 INFO neutron.db.ovn_revision_numbers_db [None req-9085dda2-09cc-424f-a81c-0c38b9c69e70 f13ae90e6fce4ee8955ada1707124301 9d38035ad40845179dd0a7e10c594e97 - - default default] Successfully bumped revision number for resource f7c8c591-8cbe-4bd6-ba03-dbfb3a30e6ba (type: networks) to 1
2026-03-06 01:41:22.317 7 INFO neutron.db.ovn_revision_numbers_db [None req-9a28a77d-5644-4bb1-8b85-bf41c7cfe02d - - - - - -] Successfully bumped revision number for resource 888c59c8-2a18-48d5-9605-fa7910630502 (type: ports) to 8 [pid: 7|app: 0|req: 525/1086] 10.0.0.130 () {32 vars in 739 bytes} [Fri Mar 6 01:41:21 2026] DELETE /v2.0/security-groups/137d3520-25f1-4098-8831-74faf9ad7626 => generated 0 bytes in 477 msecs (HTTP/1.1 204) 2 headers in 112 bytes (1 switches on core 0) /var/lib/openstack/lib/python3.12/site-packages/pycadf/identifier.py:70: UserWarning: Invalid uuid: neutron. To ensure interoperability, identifiers should be a valid uuid. warnings.warn(('Invalid uuid: %s. To ensure interoperability, ' [pid: 7|app: 0|req: 526/1087] 199.204.45.156 () {34 vars in 993 bytes} [Fri Mar 6 01:41:22 2026] GET /v2.0/ports?device_id=478f3f77-c871-4ac7-a736-7de79c78b941 => generated 969 bytes in 39 msecs (HTTP/1.1 200) 4 headers in 157 bytes (1 switches on core 0) [pid: 7|app: 0|req: 527/1088] 10.0.0.158 () {34 vars in 989 bytes} [Fri Mar 6 01:41:22 2026] GET /v2.0/ports?device_id=478f3f77-c871-4ac7-a736-7de79c78b941 => generated 969 bytes in 30 msecs (HTTP/1.1 200) 4 headers in 157 bytes (1 switches on core 0)
2026-03-06 01:41:22.560 8 WARNING neutron.scheduler.dhcp_agent_scheduler [None req-9085dda2-09cc-424f-a81c-0c38b9c69e70 f13ae90e6fce4ee8955ada1707124301 9d38035ad40845179dd0a7e10c594e97 - - default default] No more DHCP agents
2026-03-06 01:41:22.561 8 WARNING neutron.api.rpc.agentnotifiers.dhcp_rpc_agent_api [None req-9085dda2-09cc-424f-a81c-0c38b9c69e70 f13ae90e6fce4ee8955ada1707124301 9d38035ad40845179dd0a7e10c594e97 - - default default] Unable to schedule network f7c8c591-8cbe-4bd6-ba03-dbfb3a30e6ba: no agents available; will retry on subsequent port and subnet creation events.
2026-03-06 01:41:22.630 7 INFO neutron.plugins.ml2.drivers.ovn.mech_driver.mech_driver [None req-5ce0b779-36f4-4db1-bb0d-b7ad96cec7ff - - - - - -] OVN reports status down for port: 7fc51544-c9ef-4f28-b863-1cb195bac7e7
2026-03-06 01:41:22.653 7 INFO neutron_taas.services.taas.taas_plugin [req-706e2e60-052d-4e37-9561-fde0d755d34a req-1302160b-350f-4dfe-b149-b300f4587581 b9d02ea537e049cf84bc479ce0d2bf68 24e1bf0a4a764a9daa852bb92c60ad58 - - default default] TaaS: Handle Delete Port: 888c59c8-2a18-48d5-9605-fa7910630502
2026-03-06 01:41:22.661 8 INFO neutron.db.ovn_revision_numbers_db [None req-9085dda2-09cc-424f-a81c-0c38b9c69e70 f13ae90e6fce4ee8955ada1707124301 9d38035ad40845179dd0a7e10c594e97 - - default default] Successfully bumped revision number for resource 7fc51544-c9ef-4f28-b863-1cb195bac7e7 (type: ports) to 1
2026-03-06 01:41:22.663 7 INFO neutron_taas.services.taas.tap_mirror_plugin [req-706e2e60-052d-4e37-9561-fde0d755d34a req-1302160b-350f-4dfe-b149-b300f4587581 b9d02ea537e049cf84bc479ce0d2bf68 24e1bf0a4a764a9daa852bb92c60ad58 - - default default] Tap Mirror: Handle Delete Port: 888c59c8-2a18-48d5-9605-fa7910630502 [pid: 8|app: 0|req: 562/1089] 10.0.0.130 () {34 vars in 669 bytes} [Fri Mar 6 01:41:21 2026] POST /v2.0/networks => generated 688 bytes in 1012 msecs (HTTP/1.1 201) 4 headers in 162 bytes (1 switches on core 0)
2026-03-06 01:41:22.855 8 INFO neutron.db.ovn_revision_numbers_db [None req-b945e72d-1cc2-4666-acd0-d196fc9b2618 ad9ff4017c7b4aafa6eadbaf81d6e1c9 d6e81b890ebf4c9da337e629bd1250c6 - - default default] Successfully bumped revision number for resource 132097b0-7288-411e-a442-fe58f53d4607 (type: security_groups) to 1
2026-03-06 01:41:22.867 8 INFO neutron.db.ovn_revision_numbers_db [None req-b945e72d-1cc2-4666-acd0-d196fc9b2618 ad9ff4017c7b4aafa6eadbaf81d6e1c9 d6e81b890ebf4c9da337e629bd1250c6 - - default default] Successfully bumped revision number for resource 1df4dea4-afda-4221-9315-0f6b10d167c4 (type: security_group_rules) to 0
2026-03-06 01:41:22.892 8 INFO neutron.db.ovn_revision_numbers_db [None req-b945e72d-1cc2-4666-acd0-d196fc9b2618 ad9ff4017c7b4aafa6eadbaf81d6e1c9 d6e81b890ebf4c9da337e629bd1250c6 - - default default] Successfully bumped revision number for resource 5b968730-ee38-4e81-a4f4-117895d7cd07 (type: security_group_rules) to 0
2026-03-06 01:41:22.911 8 INFO neutron.db.ovn_revision_numbers_db [None req-b945e72d-1cc2-4666-acd0-d196fc9b2618 ad9ff4017c7b4aafa6eadbaf81d6e1c9 d6e81b890ebf4c9da337e629bd1250c6 - - default default] Successfully bumped revision number for resource bb9db4bd-efc1-4825-a19b-27a9d508dcab (type: security_group_rules) to 0
2026-03-06 01:41:22.924 8 INFO neutron.db.ovn_revision_numbers_db [None req-b945e72d-1cc2-4666-acd0-d196fc9b2618 ad9ff4017c7b4aafa6eadbaf81d6e1c9 d6e81b890ebf4c9da337e629bd1250c6 - - default default] Successfully bumped revision number for resource c23c1ad5-235d-419e-a49f-d2b864d73cd9 (type: security_group_rules) to 0
2026-03-06 01:41:22.960 7 INFO neutron.db.l3_db [req-706e2e60-052d-4e37-9561-fde0d755d34a req-1302160b-350f-4dfe-b149-b300f4587581 b9d02ea537e049cf84bc479ce0d2bf68 24e1bf0a4a764a9daa852bb92c60ad58 - - default default] Floating IP 7d34c4ee-92a2-41b4-9ada-8f86c72d59a0 disassociated. External IP: 10.96.250.206, port: 888c59c8-2a18-48d5-9605-fa7910630502. [pid: 8|app: 0|req: 563/1090] 10.0.0.130 () {32 vars in 773 bytes} [Fri Mar 6 01:41:22 2026] GET /v2.0/security-groups?tenant_id=637aed2867b7425eaa6e533096e634fe&name=default => generated 2925 bytes in 267 msecs (HTTP/1.1 200) 4 headers in 158 bytes (1 switches on core 0) [pid: 8|app: 0|req: 564/1091] 10.0.0.158 () {34 vars in 1039 bytes} [Fri Mar 6 01:41:22 2026] GET /v2.0/security-groups?id=14adecb6-dc04-46d3-9e38-cf902828ac46&fields=id&fields=name => generated 114 bytes in 25 msecs (HTTP/1.1 200) 4 headers in 157 bytes (1 switches on core 0) [pid: 7|app: 0|req: 528/1092] 199.204.45.156 () {36 vars in 996 bytes} [Fri Mar 6 01:41:22 2026] DELETE /v2.0/ports/888c59c8-2a18-48d5-9605-fa7910630502 => generated 0 bytes in 646 msecs (HTTP/1.1 204) 3 headers in 131 bytes (1 switches on core 0) /var/lib/openstack/lib/python3.12/site-packages/pycadf/identifier.py:70: UserWarning: Invalid uuid: neutron. To ensure interoperability, identifiers should be a valid uuid. warnings.warn(('Invalid uuid: %s. To ensure interoperability, '
2026-03-06 01:41:23.210 8 WARNING neutron.scheduler.dhcp_agent_scheduler [None req-c9896e81-5554-4c3c-a849-0531492ea2a7 f13ae90e6fce4ee8955ada1707124301 9d38035ad40845179dd0a7e10c594e97 - - default default] No more DHCP agents
2026-03-06 01:41:23.211 8 WARNING neutron.api.rpc.agentnotifiers.dhcp_rpc_agent_api [None req-c9896e81-5554-4c3c-a849-0531492ea2a7 f13ae90e6fce4ee8955ada1707124301 9d38035ad40845179dd0a7e10c594e97 - - default default] Unable to schedule network f7c8c591-8cbe-4bd6-ba03-dbfb3a30e6ba: no agents available; will retry on subsequent port and subnet creation events.
2026-03-06 01:41:23.232 8 INFO neutron.db.ovn_revision_numbers_db [None req-c9896e81-5554-4c3c-a849-0531492ea2a7 f13ae90e6fce4ee8955ada1707124301 9d38035ad40845179dd0a7e10c594e97 - - default default] Successfully bumped revision number for resource 4f410413-1da5-401a-a683-9df92c9f43b6 (type: subnets) to 0 [pid: 8|app: 0|req: 565/1093] 10.0.0.130 () {34 vars in 668 bytes} [Fri Mar 6 01:41:22 2026] POST /v2.0/subnets => generated 627 bytes in 260 msecs (HTTP/1.1 201) 4 headers in 162 bytes (1 switches on core 0) [pid: 8|app: 0|req: 566/1094] 10.0.0.158 () {34 vars in 1099 bytes} [Fri Mar 6 01:41:23 2026] GET /v2.0/security-groups?name=tempest-securitygroup--1774976945&fields=id&tenant_id=6a1d2a9997344ec5b01d8300b3937c87 => generated 69 bytes in 39 msecs (HTTP/1.1 200) 4 headers in 156 bytes (1 switches on core 0) [pid: 7|app: 0|req: 529/1095] 10.0.0.130 () {32 vars in 739 bytes} [Fri Mar 6 01:41:23 2026] DELETE /v2.0/security-groups/132097b0-7288-411e-a442-fe58f53d4607 => generated 0 bytes in 276 msecs (HTTP/1.1 204) 2 headers in 112 bytes (1 switches on core 0) [pid: 7|app: 0|req: 530/1096] 10.0.0.158 () {34 vars in 981 bytes} [Fri Mar 6 01:41:23 2026] GET /v2.0/networks?id=f691527a-ff1b-426b-8397-ceaa753b3072 => generated 718 bytes in 34 msecs (HTTP/1.1 200) 4 headers in 157 bytes (1 switches on core 0) [pid: 7|app: 0|req: 531/1097] 10.0.0.158 () {34 vars in 964 bytes} [Fri Mar 6 01:41:23 2026] GET /v2.0/quotas/6a1d2a9997344ec5b01d8300b3937c87 => generated 292 bytes in 8 msecs (HTTP/1.1 200) 4 headers in 157 bytes (1 switches on core 0) [pid: 7|app: 0|req: 532/1098] 10.0.0.158 () {34 vars in 1001 bytes} [Fri Mar 6 01:41:23 2026] GET /v2.0/ports?tenant_id=6a1d2a9997344ec5b01d8300b3937c87&fields=id => generated 103 bytes in 69 msecs (HTTP/1.1 200) 4 headers in 157 bytes (1 switches on core 0) [pid: 7|app: 0|req: 533/1099] 10.0.0.158 () {34 vars in 1007 bytes} [Fri Mar 6 01:41:23 2026] GET /v2.0/networks/f691527a-ff1b-426b-8397-ceaa753b3072?fields=segments => generated 14 bytes in 41 msecs (HTTP/1.1 200) 4 headers in 156 bytes (1 switches on core 0) [pid: 7|app: 0|req: 534/1100] 10.0.0.158 () {34 vars in 1107 bytes} [Fri Mar 6 01:41:23 2026] GET /v2.0/networks/f691527a-ff1b-426b-8397-ceaa753b3072?fields=provider%3Aphysical_network&fields=provider%3Anetwork_type => generated 79 bytes in 53 msecs (HTTP/1.1 200) 4 headers in 156 bytes (1 switches on core 0)
2026-03-06 01:41:23.755 8 WARNING neutron.scheduler.dhcp_agent_scheduler [None req-76cc3508-0594-443b-91ea-df57144c2a61 f13ae90e6fce4ee8955ada1707124301 9d38035ad40845179dd0a7e10c594e97 - - default default] No more DHCP agents
2026-03-06 01:41:23.756 8 WARNING neutron.api.rpc.agentnotifiers.dhcp_rpc_agent_api [None req-76cc3508-0594-443b-91ea-df57144c2a61 f13ae90e6fce4ee8955ada1707124301 9d38035ad40845179dd0a7e10c594e97 - - default default] Unable to schedule network 82bae7cb-6828-4d95-8eed-32e33dd84f27: no agents available; will retry on subsequent port and subnet creation events.
2026-03-06 01:41:23.890 7 INFO neutron.plugins.ml2.drivers.ovn.mech_driver.mech_driver [None req-5ce0b779-36f4-4db1-bb0d-b7ad96cec7ff - - - - - -] OVN reports status down for port: 48e597fe-e863-4c45-a6c8-134fff88125e [pid: 7|app: 0|req: 535/1101] 10.0.0.158 () {34 vars in 989 bytes} [Fri Mar 6 01:41:23 2026] GET /v2.0/ports?device_id=84971801-570c-48c7-b376-0021e841cada => generated 12 bytes in 44 msecs (HTTP/1.1 200) 4 headers in 156 bytes (1 switches on core 0)
2026-03-06 01:41:23.936 8 INFO neutron.db.ovn_revision_numbers_db [None req-76cc3508-0594-443b-91ea-df57144c2a61 f13ae90e6fce4ee8955ada1707124301 9d38035ad40845179dd0a7e10c594e97 - - default default] Successfully bumped revision number for resource 48e597fe-e863-4c45-a6c8-134fff88125e (type: ports) to 1
2026-03-06 01:41:23.946 7 INFO neutron.notifiers.nova [-] Nova event matching ['req-4fea47a6-94a9-423e-93eb-d17ef8e671d9'] response: {'server_uuid': '478f3f77-c871-4ac7-a736-7de79c78b941', 'name': 'network-vif-unplugged', 'status': 'completed', 'tag': '888c59c8-2a18-48d5-9605-fa7910630502', 'code': 200}
2026-03-06 01:41:23.947 7 INFO neutron.notifiers.nova [-] Nova event matching ['req-4fea47a6-94a9-423e-93eb-d17ef8e671d9'] response: {'server_uuid': '478f3f77-c871-4ac7-a736-7de79c78b941', 'name': 'network-vif-deleted', 'tag': '888c59c8-2a18-48d5-9605-fa7910630502', 'status': 'completed', 'code': 200} [pid: 7|app: 0|req: 536/1102] 10.0.0.158 () {34 vars in 989 bytes} [Fri Mar 6 01:41:24 2026] GET /v2.0/ports?device_id=478f3f77-c871-4ac7-a736-7de79c78b941 => generated 12 bytes in 36 msecs (HTTP/1.1 200) 4 headers in 156 bytes (1 switches on core 0)
2026-03-06 01:41:24.562 8 INFO neutron.plugins.ml2.drivers.ovn.mech_driver.ovsdb.commands [-] Schedule LRP lrp-48e597fe-e863-4c45-a6c8-134fff88125e on gateway 5d4648ab-c7f5-4ee5-92d7-a4af0d80418c with priority 1
2026-03-06 01:41:24.642 7 INFO neutron.plugins.ml2.drivers.ovn.mech_driver.mech_driver [None req-5ce0b779-36f4-4db1-bb0d-b7ad96cec7ff - - - - - -] OVN reports status up for port: 48e597fe-e863-4c45-a6c8-134fff88125e
2026-03-06 01:41:24.651 8 INFO neutron.db.ovn_revision_numbers_db [None req-76cc3508-0594-443b-91ea-df57144c2a61 f13ae90e6fce4ee8955ada1707124301 9d38035ad40845179dd0a7e10c594e97 - - default default] Successfully bumped revision number for resource 48e597fe-e863-4c45-a6c8-134fff88125e (type: router_ports) to 1
2026-03-06 01:41:24.659 7 INFO neutron.plugins.ml2.plugin [None req-5ce0b779-36f4-4db1-bb0d-b7ad96cec7ff - - - - - -] Attempt 1 to provision port 48e597fe-e863-4c45-a6c8-134fff88125e
2026-03-06 01:41:24.734 8 INFO neutron.db.ovn_revision_numbers_db [None req-76cc3508-0594-443b-91ea-df57144c2a61 f13ae90e6fce4ee8955ada1707124301 9d38035ad40845179dd0a7e10c594e97 - - default default] Successfully bumped revision number for resource c91182ec-a6f7-408b-98a5-ff56f873df0f (type: routers) to 2 [pid: 8|app: 0|req: 567/1103] 10.0.0.130 () {34 vars in 668 bytes} [Fri Mar 6 01:41:23 2026] POST /v2.0/routers => generated 955 bytes in 1471 msecs (HTTP/1.1 201) 4 headers in 162 bytes (1 switches on core 0) [pid: 8|app: 0|req: 568/1104] 10.0.0.158 () {34 vars in 989 bytes} [Fri Mar 6 01:41:24 2026] GET /v2.0/ports?device_id=84971801-570c-48c7-b376-0021e841cada => generated 12 bytes in 35 msecs (HTTP/1.1 200) 4 headers in 156 bytes (1 switches on core 0) [pid: 8|app: 0|req: 569/1105] 10.0.0.158 () {34 vars in 989 bytes} [Fri Mar 6 01:41:25 2026] GET /v2.0/ports?device_id=478f3f77-c871-4ac7-a736-7de79c78b941 => generated 12 bytes in 21 msecs (HTTP/1.1 200) 4 headers in 156 bytes (1 switches on core 0)
2026-03-06 01:41:25.370 7 WARNING neutron.scheduler.dhcp_agent_scheduler [None req-9e5b5c36-0529-4f45-8bcb-f0d2af815495 f13ae90e6fce4ee8955ada1707124301 9d38035ad40845179dd0a7e10c594e97 - - default default] No more DHCP agents
2026-03-06 01:41:25.372 7 WARNING neutron.api.rpc.agentnotifiers.dhcp_rpc_agent_api [None req-9e5b5c36-0529-4f45-8bcb-f0d2af815495 f13ae90e6fce4ee8955ada1707124301 9d38035ad40845179dd0a7e10c594e97 - - default default] Unable to schedule network f7c8c591-8cbe-4bd6-ba03-dbfb3a30e6ba: no agents available; will retry on subsequent port and subnet creation events.
2026-03-06 01:41:25.542 7 INFO neutron.db.ovn_revision_numbers_db [None req-9e5b5c36-0529-4f45-8bcb-f0d2af815495 f13ae90e6fce4ee8955ada1707124301 9d38035ad40845179dd0a7e10c594e97 - - default default] Successfully bumped revision number for resource 616f1994-3bd2-4d87-88a7-4177db4991f0 (type: ports) to 1
2026-03-06 01:41:26.041 8 INFO neutron.db.ovn_revision_numbers_db [None req-64554ee7-98d5-4430-99cc-924f02b89727 ad9ff4017c7b4aafa6eadbaf81d6e1c9 d6e81b890ebf4c9da337e629bd1250c6 - - default default] Successfully bumped revision number for resource 9c01cd3c-10e2-4bfb-9355-24f82ac1632f (type: security_groups) to 1
2026-03-06 01:41:26.054 8 INFO neutron.db.ovn_revision_numbers_db [None req-64554ee7-98d5-4430-99cc-924f02b89727 ad9ff4017c7b4aafa6eadbaf81d6e1c9 d6e81b890ebf4c9da337e629bd1250c6 - - default default] Successfully bumped revision number for resource 10707cf2-c1d9-4976-b991-13a2974f38dc (type: security_group_rules) to 0
2026-03-06 01:41:26.067 8 INFO neutron.db.ovn_revision_numbers_db [None req-64554ee7-98d5-4430-99cc-924f02b89727 ad9ff4017c7b4aafa6eadbaf81d6e1c9 d6e81b890ebf4c9da337e629bd1250c6 - - default default] Successfully bumped revision number for resource 2395ee08-67eb-4042-b260-8b47daa5c668 (type: security_group_rules) to 0
2026-03-06 01:41:26.084 8 INFO neutron.db.ovn_revision_numbers_db [None req-64554ee7-98d5-4430-99cc-924f02b89727 ad9ff4017c7b4aafa6eadbaf81d6e1c9 d6e81b890ebf4c9da337e629bd1250c6 - - default default] Successfully bumped revision number for resource 4eef3a06-2639-4303-9d82-940bce35d605 (type: security_group_rules) to 0
2026-03-06 01:41:26.097 8 INFO neutron.db.ovn_revision_numbers_db [None req-64554ee7-98d5-4430-99cc-924f02b89727 ad9ff4017c7b4aafa6eadbaf81d6e1c9 d6e81b890ebf4c9da337e629bd1250c6 - - default default] Successfully bumped revision number for resource b2a04f15-5b9d-4212-b2cf-406540792c76 (type: security_group_rules) to 0 [pid: 8|app: 0|req: 570/1106] 10.0.0.130 () {32 vars in 773 bytes} [Fri Mar 6 01:41:25 2026] GET /v2.0/security-groups?tenant_id=c5c9f913c4e44c938fe8609151f385f0&name=default => generated 2925 bytes in 450 msecs (HTTP/1.1 200) 4 headers in 158 bytes (1 switches on core 0) [pid: 8|app: 0|req: 571/1107] 10.0.0.158 () {34 vars in 989 bytes} [Fri Mar 6 01:41:26 2026] GET /v2.0/ports?device_id=84971801-570c-48c7-b376-0021e841cada => generated 12 bytes in 22 msecs (HTTP/1.1 200) 4 headers in 156 bytes (1 switches on core 0)
2026-03-06 01:41:26.347 7 WARNING neutron.scheduler.dhcp_agent_scheduler [None req-9e5b5c36-0529-4f45-8bcb-f0d2af815495 f13ae90e6fce4ee8955ada1707124301 9d38035ad40845179dd0a7e10c594e97 - - default default] No more DHCP agents
2026-03-06 01:41:26.350 7 WARNING neutron.api.rpc.agentnotifiers.dhcp_rpc_agent_api [None req-9e5b5c36-0529-4f45-8bcb-f0d2af815495 f13ae90e6fce4ee8955ada1707124301 9d38035ad40845179dd0a7e10c594e97 - - default default] Unable to schedule network f7c8c591-8cbe-4bd6-ba03-dbfb3a30e6ba: no agents available; will retry on subsequent port and subnet creation events. [pid: 8|app: 0|req: 572/1108] 10.0.0.130 () {32 vars in 739 bytes} [Fri Mar 6 01:41:26 2026] DELETE /v2.0/security-groups/9c01cd3c-10e2-4bfb-9355-24f82ac1632f => generated 0 bytes in 306 msecs (HTTP/1.1 204) 2 headers in 112 bytes (1 switches on core 0) [pid: 8|app: 0|req: 573/1109] 10.0.0.158 () {34 vars in 989 bytes} [Fri Mar 6 01:41:26 2026] GET /v2.0/ports?device_id=478f3f77-c871-4ac7-a736-7de79c78b941 => generated 12 bytes in 20 msecs (HTTP/1.1 200) 4 headers in 156 bytes (1 switches on core 0)
2026-03-06 01:41:26.806 7 INFO neutron.db.ovn_revision_numbers_db [None req-9e5b5c36-0529-4f45-8bcb-f0d2af815495 f13ae90e6fce4ee8955ada1707124301 9d38035ad40845179dd0a7e10c594e97 - - default default] Successfully bumped revision number for resource 616f1994-3bd2-4d87-88a7-4177db4991f0 (type: router_ports) to 1 [pid: 7|app: 0|req: 537/1110] 10.0.0.130 () {34 vars in 782 bytes} [Fri Mar 6 01:41:24 2026] PUT /v2.0/routers/c91182ec-a6f7-408b-98a5-ff56f873df0f/add_router_interface => generated 309 bytes in 2043 msecs (HTTP/1.1 200) 4 headers in 157 bytes (1 switches on core 0)
2026-03-06 01:41:27.101 8 WARNING neutron.scheduler.dhcp_agent_scheduler [None req-f0298062-0990-491a-9c44-a7c55eff791f f13ae90e6fce4ee8955ada1707124301 9d38035ad40845179dd0a7e10c594e97 - - default default] No more DHCP agents
2026-03-06 01:41:27.102 8 WARNING neutron.api.rpc.agentnotifiers.dhcp_rpc_agent_api [None req-f0298062-0990-491a-9c44-a7c55eff791f f13ae90e6fce4ee8955ada1707124301 9d38035ad40845179dd0a7e10c594e97 - - default default] Unable to schedule network f7c8c591-8cbe-4bd6-ba03-dbfb3a30e6ba: no agents available; will retry on subsequent port and subnet creation events. [pid: 7|app: 0|req: 538/1111] 10.0.0.158 () {34 vars in 989 bytes} [Fri Mar 6 01:41:27 2026] GET /v2.0/ports?device_id=84971801-570c-48c7-b376-0021e841cada => generated 12 bytes in 31 msecs (HTTP/1.1 200) 4 headers in 156 bytes (1 switches on core 0)
2026-03-06 01:41:27.295 8 INFO neutron.db.ovn_revision_numbers_db [None req-f0298062-0990-491a-9c44-a7c55eff791f f13ae90e6fce4ee8955ada1707124301 9d38035ad40845179dd0a7e10c594e97 - - default default] Successfully bumped revision number for resource 3b16606d-af99-42db-8456-869bf493c015 (type: ports) to 1 [pid: 8|app: 0|req: 574/1112] 10.0.0.130 () {34 vars in 664 bytes} [Fri Mar 6 01:41:26 2026] POST /v2.0/ports => generated 955 bytes in 500 msecs (HTTP/1.1 201) 4 headers in 162 bytes (1 switches on core 0)
2026-03-06 01:41:27.544 7 WARNING neutron.scheduler.dhcp_agent_scheduler [None req-b849ac24-679f-4ea3-9c74-cf99704af7a0 f13ae90e6fce4ee8955ada1707124301 9d38035ad40845179dd0a7e10c594e97 - - default default] No more DHCP agents
2026-03-06 01:41:27.546 7 WARNING neutron.api.rpc.agentnotifiers.dhcp_rpc_agent_api [None req-b849ac24-679f-4ea3-9c74-cf99704af7a0 f13ae90e6fce4ee8955ada1707124301 9d38035ad40845179dd0a7e10c594e97 - - default default] Unable to schedule network f7c8c591-8cbe-4bd6-ba03-dbfb3a30e6ba: no agents available; will retry on subsequent port and subnet creation events. /var/lib/openstack/lib/python3.12/site-packages/pycadf/identifier.py:70: UserWarning: Invalid uuid: neutron. To ensure interoperability, identifiers should be a valid uuid. warnings.warn(('Invalid uuid: %s. To ensure interoperability, ' [pid: 8|app: 0|req: 575/1113] 10.0.0.130 () {32 vars in 739 bytes} [Fri Mar 6 01:41:27 2026] DELETE /v2.0/security-groups/14adecb6-dc04-46d3-9e38-cf902828ac46 => generated 0 bytes in 227 msecs (HTTP/1.1 204) 2 headers in 112 bytes (1 switches on core 0)
2026-03-06 01:41:27.808 8 INFO neutron.api.v2.resource [None req-4017c94e-9b5d-457e-9a39-d7c259b4babb b9d02ea537e049cf84bc479ce0d2bf68 24e1bf0a4a764a9daa852bb92c60ad58 - - default default] show failed (client error): The resource could not be found. [pid: 8|app: 0|req: 576/1114] 10.0.0.130 () {32 vars in 736 bytes} [Fri Mar 6 01:41:27 2026] GET /v2.0/security-groups/14adecb6-dc04-46d3-9e38-cf902828ac46 => generated 146 bytes in 11 msecs (HTTP/1.1 404) 4 headers in 164 bytes (1 switches on core 0)
2026-03-06 01:41:27.818 7 INFO neutron.db.ovn_revision_numbers_db [None req-b849ac24-679f-4ea3-9c74-cf99704af7a0 f13ae90e6fce4ee8955ada1707124301 9d38035ad40845179dd0a7e10c594e97 - - default default] Successfully bumped revision number for resource e7843c57-f9db-4896-aae6-34d2bce5d43e (type: ports) to 1 [pid: 7|app: 0|req: 539/1115] 10.0.0.130 () {34 vars in 664 bytes} [Fri Mar 6 01:41:27 2026] POST /v2.0/ports => generated 954 bytes in 570 msecs (HTTP/1.1 201) 4 headers in 162 bytes (1 switches on core 0) /var/lib/openstack/lib/python3.12/site-packages/pycadf/identifier.py:70: UserWarning: Invalid uuid: neutron. To ensure interoperability, identifiers should be a valid uuid. warnings.warn(('Invalid uuid: %s. To ensure interoperability, '
2026-03-06 01:41:27.950 8 INFO neutron_taas.services.taas.taas_plugin [None req-0a7c8c51-9692-4445-b6af-009acbde1780 b9d02ea537e049cf84bc479ce0d2bf68 24e1bf0a4a764a9daa852bb92c60ad58 - - default default] TaaS: Handle Delete Port: 1438cfd3-688c-4b33-b96c-b102036909b7
2026-03-06 01:41:27.953 8 INFO neutron_taas.services.taas.tap_mirror_plugin [None req-0a7c8c51-9692-4445-b6af-009acbde1780 b9d02ea537e049cf84bc479ce0d2bf68 24e1bf0a4a764a9daa852bb92c60ad58 - - default default] Tap Mirror: Handle Delete Port: 1438cfd3-688c-4b33-b96c-b102036909b7 [pid: 8|app: 0|req: 577/1116] 10.0.0.130 () {32 vars in 731 bytes} [Fri Mar 6 01:41:27 2026] DELETE /v2.0/floatingips/7d34c4ee-92a2-41b4-9ada-8f86c72d59a0 => generated 0 bytes in 288 msecs (HTTP/1.1 204) 2 headers in 112 bytes (1 switches on core 0)
2026-03-06 01:41:28.130 7 WARNING neutron.scheduler.dhcp_agent_scheduler [None req-0cbf2363-2f37-45ff-b781-9415f046f867 f13ae90e6fce4ee8955ada1707124301 9d38035ad40845179dd0a7e10c594e97 - - default default] No more DHCP agents
2026-03-06 01:41:28.131 7 WARNING neutron.api.rpc.agentnotifiers.dhcp_rpc_agent_api [None req-0cbf2363-2f37-45ff-b781-9415f046f867 f13ae90e6fce4ee8955ada1707124301 9d38035ad40845179dd0a7e10c594e97 - - default default] Unable to schedule network 82bae7cb-6828-4d95-8eed-32e33dd84f27: no agents available; will retry on subsequent port and subnet creation events.
2026-03-06 01:41:28.429 8 INFO neutron.db.ovn_revision_numbers_db [None req-6e77add8-e65c-4ee5-97a8-38296d1bc845 c756a830d27a4e33b045ff57a1803c6d 08c31260ebdb4cd9913bcf609c623397 - - default default] Successfully bumped revision number for resource 4600e9a5-bd92-42de-adf4-1e20c96cf0df (type: security_groups) to 1
2026-03-06 01:41:28.442 8 INFO neutron.db.ovn_revision_numbers_db [None req-6e77add8-e65c-4ee5-97a8-38296d1bc845 c756a830d27a4e33b045ff57a1803c6d 08c31260ebdb4cd9913bcf609c623397 - - default default] Successfully bumped revision number for resource 1f3b3b20-6b5f-4b14-b1f9-f1863e1c34f2 (type: security_group_rules) to 0
2026-03-06 01:41:28.455 8 INFO neutron.db.ovn_revision_numbers_db [None req-6e77add8-e65c-4ee5-97a8-38296d1bc845 c756a830d27a4e33b045ff57a1803c6d 08c31260ebdb4cd9913bcf609c623397 - - default default] Successfully bumped revision number for resource 9cec43a9-3d18-42bd-b39c-177cec3013fd (type: security_group_rules) to 0
2026-03-06 01:41:28.470 8 INFO neutron.db.ovn_revision_numbers_db [None req-6e77add8-e65c-4ee5-97a8-38296d1bc845 c756a830d27a4e33b045ff57a1803c6d 08c31260ebdb4cd9913bcf609c623397 - - default default] Successfully bumped revision number for resource a39c8087-e657-4ba4-a748-6e8980e147ba (type: security_group_rules) to 0
2026-03-06 01:41:28.485 8 INFO neutron.db.ovn_revision_numbers_db [None req-6e77add8-e65c-4ee5-97a8-38296d1bc845 c756a830d27a4e33b045ff57a1803c6d 08c31260ebdb4cd9913bcf609c623397 - - default default] Successfully bumped revision number for resource ab20f758-8a78-4f43-8a8d-dc675c4e283f (type: security_group_rules) to 0
2026-03-06 01:41:28.578 8 INFO neutron.db.segments_db [None req-6e77add8-e65c-4ee5-97a8-38296d1bc845 c756a830d27a4e33b045ff57a1803c6d 08c31260ebdb4cd9913bcf609c623397 - - default default] Added segment 90f51595-cffb-4796-add2-c46ddf60f61f of type geneve for network 5cc02173-a8bb-4296-b609-13f3e954267f
2026-03-06 01:41:28.670 8 INFO neutron.db.segments_db [None req-6e77add8-e65c-4ee5-97a8-38296d1bc845 c756a830d27a4e33b045ff57a1803c6d 08c31260ebdb4cd9913bcf609c623397 - - default default] Added segment aa6fa03c-a06f-4dc6-9ef8-9933b0c4d05f of type geneve for network acdc63e4-b3ad-453a-96ba-484f944fe9da
2026-03-06 01:41:28.785 8 INFO neutron.db.ovn_revision_numbers_db [None req-6e77add8-e65c-4ee5-97a8-38296d1bc845 c756a830d27a4e33b045ff57a1803c6d 08c31260ebdb4cd9913bcf609c623397 - - default default] Successfully bumped revision number for resource 5cc02173-a8bb-4296-b609-13f3e954267f (type: networks) to 1
2026-03-06 01:41:28.975 8 WARNING neutron.scheduler.dhcp_agent_scheduler [None req-6e77add8-e65c-4ee5-97a8-38296d1bc845 c756a830d27a4e33b045ff57a1803c6d 08c31260ebdb4cd9913bcf609c623397 - - default default] No more DHCP agents
2026-03-06 01:41:28.977 8 WARNING neutron.api.rpc.agentnotifiers.dhcp_rpc_agent_api [None req-6e77add8-e65c-4ee5-97a8-38296d1bc845 c756a830d27a4e33b045ff57a1803c6d 08c31260ebdb4cd9913bcf609c623397 - - default default] Unable to schedule network 5cc02173-a8bb-4296-b609-13f3e954267f: no agents available; will retry on subsequent port and subnet creation events.
2026-03-06 01:41:29.041 7 INFO neutron.db.ovn_revision_numbers_db [None req-0cbf2363-2f37-45ff-b781-9415f046f867 f13ae90e6fce4ee8955ada1707124301 9d38035ad40845179dd0a7e10c594e97 - - default default] Successfully bumped revision number for resource 916416a3-5609-4ee8-811f-d6b9bd348162 (type: floatingips) to 1
2026-03-06 01:41:29.041 7 INFO neutron.db.l3_db [None req-0cbf2363-2f37-45ff-b781-9415f046f867 f13ae90e6fce4ee8955ada1707124301 9d38035ad40845179dd0a7e10c594e97 - - default default] Floating IP 916416a3-5609-4ee8-811f-d6b9bd348162 associated. External IP: 10.96.250.216, port: e7843c57-f9db-4896-aae6-34d2bce5d43e.
2026-03-06 01:41:29.086 8 INFO neutron.db.ovn_revision_numbers_db [None req-6e77add8-e65c-4ee5-97a8-38296d1bc845 c756a830d27a4e33b045ff57a1803c6d 08c31260ebdb4cd9913bcf609c623397 - - default default] Successfully bumped revision number for resource 2a7da224-95ba-4acf-88db-096e2835f558 (type: ports) to 1 [pid: 7|app: 0|req: 540/1117] 10.0.0.130 () {34 vars in 676 bytes} [Fri Mar 6 01:41:27 2026] POST /v2.0/floatingips => generated 841 bytes in 1217 msecs (HTTP/1.1 201) 4 headers in 162 bytes (1 switches on core 0)
2026-03-06 01:41:29.168 8 INFO neutron.db.ovn_revision_numbers_db [None req-6e77add8-e65c-4ee5-97a8-38296d1bc845 c756a830d27a4e33b045ff57a1803c6d 08c31260ebdb4cd9913bcf609c623397 - - default default] Successfully bumped revision number for resource acdc63e4-b3ad-453a-96ba-484f944fe9da (type: networks) to 1
2026-03-06 01:41:29.717 8 WARNING neutron.scheduler.dhcp_agent_scheduler [None req-6e77add8-e65c-4ee5-97a8-38296d1bc845 c756a830d27a4e33b045ff57a1803c6d 08c31260ebdb4cd9913bcf609c623397 - - default default] No more DHCP agents
2026-03-06 01:41:29.718 8 WARNING neutron.api.rpc.agentnotifiers.dhcp_rpc_agent_api [None req-6e77add8-e65c-4ee5-97a8-38296d1bc845 c756a830d27a4e33b045ff57a1803c6d 08c31260ebdb4cd9913bcf609c623397 - - default default] Unable to schedule network acdc63e4-b3ad-453a-96ba-484f944fe9da: no agents available; will retry on subsequent port and subnet creation events.
2026-03-06 01:41:29.820 8 INFO neutron.db.ovn_revision_numbers_db [None req-6e77add8-e65c-4ee5-97a8-38296d1bc845 c756a830d27a4e33b045ff57a1803c6d 08c31260ebdb4cd9913bcf609c623397 - - default default] Successfully bumped revision number for resource e58f4883-4086-455e-8b49-2ba7c65586d4 (type: ports) to 1
2026-03-06 01:41:29.840 7 INFO neutron_taas.services.taas.taas_plugin [None req-99528398-4e45-46b5-9a31-ecc32ada7fca ad9ff4017c7b4aafa6eadbaf81d6e1c9 d6e81b890ebf4c9da337e629bd1250c6 - - default default] TaaS: Handle Delete Port: 0c4e7848-8f6b-4155-b19c-6bdcf9275130 [pid: 8|app: 0|req: 578/1120] 10.0.0.130 () {34 vars in 669 bytes} [Fri Mar 6 01:41:28 2026] POST /v2.0/networks => generated 1322 bytes in 1740 msecs (HTTP/1.1 201) 4 headers in 163 bytes (1 switches on core 0)
2026-03-06 01:41:29.843 7 INFO neutron_taas.services.taas.tap_mirror_plugin [None req-99528398-4e45-46b5-9a31-ecc32ada7fca ad9ff4017c7b4aafa6eadbaf81d6e1c9 d6e81b890ebf4c9da337e629bd1250c6 - - default default] Tap Mirror: Handle Delete Port: 0c4e7848-8f6b-4155-b19c-6bdcf9275130 [pid: 8|app: 0|req: 579/1121] 10.0.0.158 () {34 vars in 989 bytes} [Fri Mar 6 01:41:29 2026] GET /v2.0/ports?device_id=84971801-570c-48c7-b376-0021e841cada => generated 12 bytes in 16 msecs (HTTP/1.1 200) 4 headers in 156 bytes (1 switches on core 0) [pid: 8|app: 0|req: 580/1122] 199.204.45.156 () {34 vars in 985 bytes} [Fri Mar 6 01:41:29 2026] GET /v2.0/networks?id=f691527a-ff1b-426b-8397-ceaa753b3072 => generated 718 bytes in 45 msecs (HTTP/1.1 200) 4 headers in 157 bytes (1 switches on core 0)
2026-03-06 01:41:30.134 8 INFO neutron.db.ovn_revision_numbers_db [None req-ba7448b7-c312-4681-b843-4444535439de f13ae90e6fce4ee8955ada1707124301 9d38035ad40845179dd0a7e10c594e97 - - default default] Successfully bumped revision number for resource 916416a3-5609-4ee8-811f-d6b9bd348162 (type: floatingips) to 2
2026-03-06 01:41:30.195 8 INFO neutron.db.l3_db [None req-ba7448b7-c312-4681-b843-4444535439de f13ae90e6fce4ee8955ada1707124301 9d38035ad40845179dd0a7e10c594e97 - - default default] Floating IP 916416a3-5609-4ee8-811f-d6b9bd348162 disassociated. External IP: 10.96.250.216, port: e7843c57-f9db-4896-aae6-34d2bce5d43e. [pid: 8|app: 0|req: 581/1123] 10.0.0.130 () {34 vars in 748 bytes} [Fri Mar 6 01:41:29 2026] PUT /v2.0/floatingips/916416a3-5609-4ee8-811f-d6b9bd348162 => generated 554 bytes in 316 msecs (HTTP/1.1 200) 4 headers in 157 bytes (1 switches on core 0) [pid: 8|app: 0|req: 582/1124] 10.0.0.130 () {32 vars in 648 bytes} [Fri Mar 6 01:41:30 2026] GET /v2.0/networks => generated 1971 bytes in 63 msecs (HTTP/1.1 200) 4 headers in 158 bytes (1 switches on core 0) [pid: 8|app: 0|req: 583/1125] 199.204.45.156 () {34 vars in 1049 bytes} [Fri Mar 6 01:41:30 2026] GET /v2.0/security-groups?fields=id&fields=name&tenant_id=6a1d2a9997344ec5b01d8300b3937c87 => generated 181 bytes in 27 msecs (HTTP/1.1 200) 4 headers in 157 bytes (1 switches on core 0)
2026-03-06 01:41:30.419 8 INFO neutron_taas.services.taas.taas_plugin [None req-9c5f49bc-7853-4b3a-9a53-3382069fca12 f13ae90e6fce4ee8955ada1707124301 9d38035ad40845179dd0a7e10c594e97 - - default default] TaaS: Handle Delete Port: e3e0112f-b8b7-4496-95d2-6feb310c9379
2026-03-06 01:41:30.422 8 INFO neutron_taas.services.taas.tap_mirror_plugin [None req-9c5f49bc-7853-4b3a-9a53-3382069fca12 f13ae90e6fce4ee8955ada1707124301 9d38035ad40845179dd0a7e10c594e97 - - default default] Tap Mirror: Handle Delete Port: e3e0112f-b8b7-4496-95d2-6feb310c9379
2026-03-06 01:41:30.443 7 WARNING neutron.plugins.ml2.drivers.ovn.mech_driver.ovsdb.ovn_client [None req-5ce0b779-36f4-4db1-bb0d-b7ad96cec7ff - - - - - -] No hosting information found for port 48e597fe-e863-4c45-a6c8-134fff88125e: RuntimeError: No hosting information found for port 48e597fe-e863-4c45-a6c8-134fff88125e
