Apr 20 18:45:56.723728 np0000168543 devstack@neutron-api.service[104143]: DEBUG neutron_lib.callbacks.manager [None req-99e1d5b7-ceb0-412e-9752-c0e6e7804ca8 None None] Subscribe: > port_forwarding_plugin after_init 55550000, False {{(pid=104143) subscribe /opt/stack/data/venv/lib/python3.12/site-packages/neutron_lib/callbacks/manager.py:52}}
Apr 20 18:45:56.723829 np0000168543 devstack@neutron-api.service[104141]: DEBUG neutron_lib.callbacks.manager [None req-d443a951-bcff-43a7-9827-77250b51b170 None None] Subscribe: > port after_create 55550000, False {{(pid=104141) subscribe /opt/stack/data/venv/lib/python3.12/site-packages/neutron_lib/callbacks/manager.py:52}}
Apr 20 18:45:56.723887 np0000168543 devstack@neutron-api.service[104143]: DEBUG neutron_lib.callbacks.manager [None req-99e1d5b7-ceb0-412e-9752-c0e6e7804ca8 None None] Subscribe: > router before_create 55550100, False {{(pid=104143) subscribe /opt/stack/data/venv/lib/python3.12/site-packages/neutron_lib/callbacks/manager.py:52}}
Apr 20 18:45:56.723942 np0000168543 devstack@neutron-api.service[104141]: DEBUG neutron_lib.callbacks.manager [None req-d443a951-bcff-43a7-9827-77250b51b170 None None] Subscribe: > port after_update 55550000, False {{(pid=104141) subscribe /opt/stack/data/venv/lib/python3.12/site-packages/neutron_lib/callbacks/manager.py:52}}
Apr 20 18:45:56.724092 np0000168543 devstack@neutron-api.service[104143]: DEBUG neutron_lib.callbacks.manager [None req-99e1d5b7-ceb0-412e-9752-c0e6e7804ca8 None None] Subscribe: > router precommit_delete 55550100, False {{(pid=104143) subscribe /opt/stack/data/venv/lib/python3.12/site-packages/neutron_lib/callbacks/manager.py:52}}
Apr 20 18:45:56.724251 np0000168543 devstack@neutron-api.service[104141]: DEBUG neutron_lib.callbacks.manager [None req-d443a951-bcff-43a7-9827-77250b51b170 None None] Subscribe: > port after_delete 55550000, False {{(pid=104141) subscribe /opt/stack/data/venv/lib/python3.12/site-packages/neutron_lib/callbacks/manager.py:52}}
Apr 20 18:45:56.724304 np0000168543 devstack@neutron-api.service[104143]: DEBUG neutron_lib.callbacks.manager [None req-99e1d5b7-ceb0-412e-9752-c0e6e7804ca8 None None] Subscribe: > router precommit_create 55550100, False {{(pid=104143) subscribe /opt/stack/data/venv/lib/python3.12/site-packages/neutron_lib/callbacks/manager.py:52}}
Apr 20 18:45:56.724362 np0000168543 devstack@neutron-api.service[104141]: DEBUG neutron_lib.callbacks.manager [None req-d443a951-bcff-43a7-9827-77250b51b170 None None] Subscribe: > subnet after_create 55550000, False {{(pid=104141) subscribe /opt/stack/data/venv/lib/python3.12/site-packages/neutron_lib/callbacks/manager.py:52}}
Apr 20 18:45:56.724548 np0000168543 devstack@neutron-api.service[104143]: DEBUG neutron_lib.callbacks.manager [None req-99e1d5b7-ceb0-412e-9752-c0e6e7804ca8 None None] Subscribe: > router precommit_update 55550100, False {{(pid=104143) subscribe /opt/stack/data/venv/lib/python3.12/site-packages/neutron_lib/callbacks/manager.py:52}}
Apr 20 18:45:56.724665 np0000168543 devstack@neutron-api.service[104141]: DEBUG neutron_lib.callbacks.manager [None req-d443a951-bcff-43a7-9827-77250b51b170 None None] Subscribe: > subnet after_update 55550000, False {{(pid=104141) subscribe /opt/stack/data/venv/lib/python3.12/site-packages/neutron_lib/callbacks/manager.py:52}}
Apr 20 18:45:56.724665 np0000168543 devstack@neutron-api.service[104141]: DEBUG neutron_lib.callbacks.manager [None req-d443a951-bcff-43a7-9827-77250b51b170 None None] Subscribe: > subnet after_delete 55550000, False {{(pid=104141) subscribe /opt/stack/data/venv/lib/python3.12/site-packages/neutron_lib/callbacks/manager.py:52}}
Apr 20 18:45:56.724665 np0000168543 devstack@neutron-api.service[104141]: DEBUG neutron_lib.callbacks.manager [None req-d443a951-bcff-43a7-9827-77250b51b170 None None] Subscribe: > network after_create 55550000, False {{(pid=104141) subscribe /opt/stack/data/venv/lib/python3.12/site-packages/neutron_lib/callbacks/manager.py:52}}
Apr 20 18:45:56.724665 np0000168543 devstack@neutron-api.service[104141]: DEBUG neutron_lib.callbacks.manager [None req-d443a951-bcff-43a7-9827-77250b51b170 None None] Subscribe: > network after_update 55550000, False {{(pid=104141) subscribe /opt/stack/data/venv/lib/python3.12/site-packages/neutron_lib/callbacks/manager.py:52}}
Apr 20 18:45:56.725002 np0000168543 devstack@neutron-api.service[104141]: DEBUG neutron_lib.callbacks.manager [None req-d443a951-bcff-43a7-9827-77250b51b170 None None] Subscribe: > network after_delete 55550000, False {{(pid=104141) subscribe /opt/stack/data/venv/lib/python3.12/site-packages/neutron_lib/callbacks/manager.py:52}}
Apr 20 18:45:56.725002 np0000168543 devstack@neutron-api.service[104141]: DEBUG neutron_lib.callbacks.manager [None req-d443a951-bcff-43a7-9827-77250b51b170 None None] Subscribe: > security_group after_create 55550000, False {{(pid=104141) subscribe /opt/stack/data/venv/lib/python3.12/site-packages/neutron_lib/callbacks/manager.py:52}}
Apr 20 18:45:56.725002 np0000168543 devstack@neutron-api.service[104141]: DEBUG neutron_lib.callbacks.manager [None req-d443a951-bcff-43a7-9827-77250b51b170 None None] Subscribe: > security_group after_update 55550000, False {{(pid=104141) subscribe /opt/stack/data/venv/lib/python3.12/site-packages/neutron_lib/callbacks/manager.py:52}}
Apr 20 18:45:56.725002 np0000168543 devstack@neutron-api.service[104141]: DEBUG neutron_lib.callbacks.manager [None req-d443a951-bcff-43a7-9827-77250b51b170 None None] Subscribe: > security_group after_delete 55550000, False {{(pid=104141) subscribe /opt/stack/data/venv/lib/python3.12/site-packages/neutron_lib/callbacks/manager.py:52}}
Apr 20 18:45:56.725233 np0000168543 devstack@neutron-api.service[104141]: DEBUG neutron_lib.callbacks.manager [None req-d443a951-bcff-43a7-9827-77250b51b170 None None] Subscribe: > security_group_rule after_create 55550000, False {{(pid=104141) subscribe /opt/stack/data/venv/lib/python3.12/site-packages/neutron_lib/callbacks/manager.py:52}}
Apr 20 18:45:56.725233 np0000168543 devstack@neutron-api.service[104141]: DEBUG neutron_lib.callbacks.manager [None req-d443a951-bcff-43a7-9827-77250b51b170 None None] Subscribe: > security_group_rule after_update 55550000, False {{(pid=104141) subscribe /opt/stack/data/venv/lib/python3.12/site-packages/neutron_lib/callbacks/manager.py:52}}
Apr 20 18:45:56.725503 np0000168543 devstack@neutron-api.service[104141]: DEBUG neutron_lib.callbacks.manager [None req-d443a951-bcff-43a7-9827-77250b51b170 None None] Subscribe: > security_group_rule after_delete 55550000, False {{(pid=104141) subscribe /opt/stack/data/venv/lib/python3.12/site-packages/neutron_lib/callbacks/manager.py:52}}
Apr 20 18:45:56.725503 np0000168543 devstack@neutron-api.service[104141]: DEBUG neutron_lib.callbacks.manager [None req-d443a951-bcff-43a7-9827-77250b51b170 None None] Subscribe: > address_group after_create 55550000, False {{(pid=104141) subscribe /opt/stack/data/venv/lib/python3.12/site-packages/neutron_lib/callbacks/manager.py:52}}
Apr 20 18:45:56.725503 np0000168543 devstack@neutron-api.service[104141]: DEBUG neutron_lib.callbacks.manager [None req-d443a951-bcff-43a7-9827-77250b51b170 None None] Subscribe: > address_group after_update 55550000, False {{(pid=104141) subscribe /opt/stack/data/venv/lib/python3.12/site-packages/neutron_lib/callbacks/manager.py:52}}
Apr 20 18:45:56.725804 np0000168543 devstack@neutron-api.service[104141]: DEBUG neutron_lib.callbacks.manager [None req-d443a951-bcff-43a7-9827-77250b51b170 None None] Subscribe: > address_group after_delete 55550000, False {{(pid=104141) subscribe /opt/stack/data/venv/lib/python3.12/site-packages/neutron_lib/callbacks/manager.py:52}}
Apr 20 18:45:56.725804 np0000168543 devstack@neutron-api.service[104141]: DEBUG neutron.plugins.ml2.ovo_rpc [None req-d443a951-bcff-43a7-9827-77250b51b170 None None] ML2 OVO RPC backend initialized. {{(pid=104141) __init__ /opt/stack/neutron/neutron/plugins/ml2/ovo_rpc.py:117}}
Apr 20 18:45:56.726456 np0000168543 devstack@neutron-api.service[104141]: INFO neutron.quota [None req-d443a951-bcff-43a7-9827-77250b51b170 None None] Loaded quota_driver: .
Apr 20 18:45:56.726582 np0000168543 devstack@neutron-api.service[104141]: INFO neutron.plugins.ml2.plugin [None req-d443a951-bcff-43a7-9827-77250b51b170 None None] Modular L2 Plugin initialization complete
Apr 20 18:45:56.726747 np0000168543 devstack@neutron-api.service[104141]: DEBUG neutron.manager [None req-d443a951-bcff-43a7-9827-77250b51b170 None None] Loading services supported by the core plugin {{(pid=104141) _load_services_from_core_plugin /opt/stack/neutron/neutron/manager.py:170}}
Apr 20 18:45:56.726808 np0000168543 devstack@neutron-api.service[104141]: INFO neutron.plugins.ml2.managers [None req-d443a951-bcff-43a7-9827-77250b51b170 None None] Got port-security extension from driver 'port_security'
Apr 20 18:45:56.727093 np0000168543 devstack@neutron-api.service[104141]: DEBUG neutron.manager [None req-d443a951-bcff-43a7-9827-77250b51b170 None None] Loading service plugins: ['ovn-router', 'auto_allocate', 'tag', 'timestamp', 'network_ip_availability', 'flavors', 'revisions'] {{(pid=104141) _load_service_plugins /opt/stack/neutron/neutron/manager.py:195}}
Apr 20 18:45:56.727282 np0000168543 devstack@neutron-api.service[104141]: INFO neutron.manager [None req-d443a951-bcff-43a7-9827-77250b51b170 None None] Loading Plugin: ovn-router
Apr 20 18:45:56.727478 np0000168543 devstack@neutron-api.service[104143]: DEBUG neutron.services.provider_configuration [None req-99e1d5b7-ceb0-412e-9752-c0e6e7804ca8 None None] Service providers = [] {{(pid=104143) parse_service_provider_opt /opt/stack/neutron/neutron/services/provider_configuration.py:170}}
Apr 20 18:45:56.727597 np0000168543 devstack@neutron-api.service[104143]: DEBUG neutron.db.servicetype_db [None req-99e1d5b7-ceb0-412e-9752-c0e6e7804ca8 None None] Adding provider configuration for service L3_ROUTER_NAT {{(pid=104143) add_provider_configuration /opt/stack/neutron/neutron/db/servicetype_db.py:42}}
Apr 20 18:45:56.728830 np0000168543 devstack@neutron-api.service[104143]: DEBUG neutron_lib.callbacks.manager [None req-99e1d5b7-ceb0-412e-9752-c0e6e7804ca8 None None] Subscribe: > router precommit_create 55549900, False {{(pid=104143) subscribe /opt/stack/data/venv/lib/python3.12/site-packages/neutron_lib/callbacks/manager.py:52}}
Apr 20 18:45:56.728941 np0000168543 devstack@neutron-api.service[104143]: DEBUG neutron_lib.callbacks.manager [None req-99e1d5b7-ceb0-412e-9752-c0e6e7804ca8 None None] Subscribe: > router_interface after_create 55550000, False {{(pid=104143) subscribe /opt/stack/data/venv/lib/python3.12/site-packages/neutron_lib/callbacks/manager.py:52}}
Apr 20 18:45:56.729049 np0000168543 devstack@neutron-api.service[104143]: DEBUG neutron_lib.callbacks.manager [None req-99e1d5b7-ceb0-412e-9752-c0e6e7804ca8 None None] Subscribe: > floatingip after_create 55550000, False {{(pid=104143) subscribe /opt/stack/data/venv/lib/python3.12/site-packages/neutron_lib/callbacks/manager.py:52}}
Apr 20 18:45:56.729189 np0000168543 devstack@neutron-api.service[104143]: DEBUG neutron_lib.callbacks.manager [None req-99e1d5b7-ceb0-412e-9752-c0e6e7804ca8 None None] Subscribe: > floatingip precommit_create 55550000, False {{(pid=104143) subscribe /opt/stack/data/venv/lib/python3.12/site-packages/neutron_lib/callbacks/manager.py:52}}
Apr 20 18:45:56.729255 np0000168543 devstack@neutron-api.service[104143]: DEBUG neutron_lib.callbacks.manager [None req-99e1d5b7-ceb0-412e-9752-c0e6e7804ca8 None None] Subscribe: > floatingip precommit_update 55550000, False {{(pid=104143) subscribe /opt/stack/data/venv/lib/python3.12/site-packages/neutron_lib/callbacks/manager.py:52}}
Apr 20 18:45:56.729406 np0000168543 devstack@neutron-api.service[104143]: DEBUG neutron_lib.callbacks.manager [None req-99e1d5b7-ceb0-412e-9752-c0e6e7804ca8 None None] Subscribe: > floatingip after_delete 55550000, False {{(pid=104143) subscribe /opt/stack/data/venv/lib/python3.12/site-packages/neutron_lib/callbacks/manager.py:52}}
Apr 20 18:45:56.729460 np0000168543 devstack@neutron-api.service[104143]: DEBUG neutron_lib.callbacks.manager [None req-99e1d5b7-ceb0-412e-9752-c0e6e7804ca8 None None] Subscribe: > floatingip after_status_update 55550000, False {{(pid=104143) subscribe /opt/stack/data/venv/lib/python3.12/site-packages/neutron_lib/callbacks/manager.py:52}}
Apr 20 18:45:56.729534 np0000168543 devstack@neutron-api.service[104143]: DEBUG neutron_lib.callbacks.manager [None req-99e1d5b7-ceb0-412e-9752-c0e6e7804ca8 None None] Subscribe: > floatingip after_update 55550000, False {{(pid=104143) subscribe /opt/stack/data/venv/lib/python3.12/site-packages/neutron_lib/callbacks/manager.py:52}}
Apr 20 18:45:56.729697 np0000168543 devstack@neutron-api.service[104143]: DEBUG neutron_lib.callbacks.manager [None req-99e1d5b7-ceb0-412e-9752-c0e6e7804ca8 None None] Subscribe: > port_forwarding after_create 55550000, False {{(pid=104143) subscribe /opt/stack/data/venv/lib/python3.12/site-packages/neutron_lib/callbacks/manager.py:52}}
Apr 20 18:45:56.729697 np0000168543 devstack@neutron-api.service[104143]: DEBUG neutron_lib.callbacks.manager [None req-99e1d5b7-ceb0-412e-9752-c0e6e7804ca8 None None] Subscribe: > router_interface after_delete 55550000, False {{(pid=104143) subscribe /opt/stack/data/venv/lib/python3.12/site-packages/neutron_lib/callbacks/manager.py:52}}
Apr 20 18:45:56.729819 np0000168543 devstack@neutron-api.service[104143]: DEBUG neutron_lib.callbacks.manager [None req-99e1d5b7-ceb0-412e-9752-c0e6e7804ca8 None None] Subscribe: > router after_create 55550000, False {{(pid=104143) subscribe /opt/stack/data/venv/lib/python3.12/site-packages/neutron_lib/callbacks/manager.py:52}}
Apr 20 18:45:56.729936 np0000168543 devstack@neutron-api.service[104143]: DEBUG neutron_lib.callbacks.manager [None req-99e1d5b7-ceb0-412e-9752-c0e6e7804ca8 None None] Subscribe: > router precommit_create 55550000, False {{(pid=104143) subscribe /opt/stack/data/venv/lib/python3.12/site-packages/neutron_lib/callbacks/manager.py:52}}
Apr 20 18:45:56.729999 np0000168543 devstack@neutron-api.service[104143]: DEBUG neutron_lib.callbacks.manager [None req-99e1d5b7-ceb0-412e-9752-c0e6e7804ca8 None None] Subscribe: > router after_delete 55550000, False {{(pid=104143) subscribe /opt/stack/data/venv/lib/python3.12/site-packages/neutron_lib/callbacks/manager.py:52}}
Apr 20 18:45:56.730121 np0000168543 devstack@neutron-api.service[104143]: DEBUG neutron_lib.callbacks.manager [None req-99e1d5b7-ceb0-412e-9752-c0e6e7804ca8 None None] Subscribe: > router after_update 55550000, False {{(pid=104143) subscribe /opt/stack/data/venv/lib/python3.12/site-packages/neutron_lib/callbacks/manager.py:52}}
Apr 20 18:45:56.730229 np0000168543 devstack@neutron-api.service[104143]: DEBUG neutron.services.service_base [None req-99e1d5b7-ceb0-412e-9752-c0e6e7804ca8 None None] Loaded 'neutron.services.ovn_l3.service_providers.ovn.OvnDriver' provider for service L3_ROUTER_NAT {{(pid=104143) load_drivers /opt/stack/neutron/neutron/services/service_base.py:49}}
Apr 20 18:45:56.730347 np0000168543 devstack@neutron-api.service[104143]: DEBUG neutron_lib.callbacks.manager [None req-99e1d5b7-ceb0-412e-9752-c0e6e7804ca8 None None] Subscribe: > process after_init 55550001, True {{(pid=104143) subscribe /opt/stack/data/venv/lib/python3.12/site-packages/neutron_lib/callbacks/manager.py:52}}
Apr 20 18:45:56.730498 np0000168543 devstack@neutron-api.service[104143]: DEBUG neutron.manager [None req-99e1d5b7-ceb0-412e-9752-c0e6e7804ca8 None None] Successfully loaded L3_ROUTER_NAT plugin. Description: L3 Router Service Plugin for basic L3 forwarding using OVN {{(pid=104143) _create_and_add_service_plugin /opt/stack/neutron/neutron/manager.py:239}}
Apr 20 18:45:56.730671 np0000168543 devstack@neutron-api.service[104143]: INFO neutron.manager [None req-99e1d5b7-ceb0-412e-9752-c0e6e7804ca8 None None] Loading Plugin: auto_allocate
Apr 20 18:45:56.731443 np0000168543 devstack@neutron-api.service[104143]: DEBUG neutron_lib.callbacks.manager [None req-99e1d5b7-ceb0-412e-9752-c0e6e7804ca8 None None] Subscribe: network precommit_update 55550000, False {{(pid=104143) subscribe /opt/stack/data/venv/lib/python3.12/site-packages/neutron_lib/callbacks/manager.py:52}}
Apr 20 18:45:56.731552 np0000168543 devstack@neutron-api.service[104143]: DEBUG neutron_lib.callbacks.manager [None req-99e1d5b7-ceb0-412e-9752-c0e6e7804ca8 None None] Subscribe: network precommit_create 55550000, False {{(pid=104143) subscribe /opt/stack/data/venv/lib/python3.12/site-packages/neutron_lib/callbacks/manager.py:52}}
Apr 20 18:45:56.731755 np0000168543 devstack@neutron-api.service[104143]: DEBUG neutron.manager [None req-99e1d5b7-ceb0-412e-9752-c0e6e7804ca8 None None] Successfully loaded auto-allocated-topology plugin. Description: Auto Allocated Topology - aka get me a network. {{(pid=104143) _create_and_add_service_plugin /opt/stack/neutron/neutron/manager.py:239}}
Apr 20 18:45:56.731845 np0000168543 devstack@neutron-api.service[104143]: INFO neutron.manager [None req-99e1d5b7-ceb0-412e-9752-c0e6e7804ca8 None None] Loading Plugin: tag
Apr 20 18:45:56.734449 np0000168543 devstack@neutron-api.service[104143]: DEBUG neutron.manager [None req-99e1d5b7-ceb0-412e-9752-c0e6e7804ca8 None None] Successfully loaded TAG plugin. Description: Tag support {{(pid=104143) _create_and_add_service_plugin /opt/stack/neutron/neutron/manager.py:239}}
Apr 20 18:45:56.734573 np0000168543 devstack@neutron-api.service[104143]: INFO neutron.manager [None req-99e1d5b7-ceb0-412e-9752-c0e6e7804ca8 None None] Loading Plugin: timestamp
Apr 20 18:45:56.735733 np0000168543 devstack@neutron-api.service[104143]: DEBUG neutron.manager [None req-99e1d5b7-ceb0-412e-9752-c0e6e7804ca8 None None] Successfully loaded timestamp plugin. Description: Adds timestamps to Neutron resources with standard attributes {{(pid=104143) _create_and_add_service_plugin /opt/stack/neutron/neutron/manager.py:239}}
Apr 20 18:45:56.735810 np0000168543 devstack@neutron-api.service[104143]: INFO neutron.manager [None req-99e1d5b7-ceb0-412e-9752-c0e6e7804ca8 None None] Loading Plugin: network_ip_availability
Apr 20 18:45:56.736251 np0000168543 devstack@neutron-api.service[104141]: DEBUG neutron_lib.callbacks.manager [None req-d443a951-bcff-43a7-9827-77250b51b170 None None] Subscribe: > router before_delete 55550000, False {{(pid=104141) subscribe /opt/stack/data/venv/lib/python3.12/site-packages/neutron_lib/callbacks/manager.py:52}}
Apr 20 18:45:56.736400 np0000168543 devstack@neutron-api.service[104141]: DEBUG neutron_lib.callbacks.manager [None req-d443a951-bcff-43a7-9827-77250b51b170 None None] Subscribe: port after_update 55550000, False {{(pid=104141) subscribe /opt/stack/data/venv/lib/python3.12/site-packages/neutron_lib/callbacks/manager.py:52}}
Apr 20 18:45:56.736484 np0000168543 devstack@neutron-api.service[104141]: DEBUG neutron_lib.callbacks.manager [None req-d443a951-bcff-43a7-9827-77250b51b170 None None] Subscribe: port after_delete 55550000, False {{(pid=104141) subscribe /opt/stack/data/venv/lib/python3.12/site-packages/neutron_lib/callbacks/manager.py:52}}
Apr 20 18:45:56.736592 np0000168543 devstack@neutron-api.service[104141]: DEBUG neutron_lib.callbacks.manager [None req-d443a951-bcff-43a7-9827-77250b51b170 None None] Subscribe: subnet after_update 55550000, False {{(pid=104141) subscribe /opt/stack/data/venv/lib/python3.12/site-packages/neutron_lib/callbacks/manager.py:52}}
Apr 20 18:45:56.736721 np0000168543 devstack@neutron-api.service[104141]: DEBUG neutron_lib.callbacks.manager [None req-d443a951-bcff-43a7-9827-77250b51b170 None None] Subscribe: subnetpool_address_scope after_update 55550000, False {{(pid=104141) subscribe /opt/stack/data/venv/lib/python3.12/site-packages/neutron_lib/callbacks/manager.py:52}}
Apr 20 18:45:56.736828 np0000168543 devstack@neutron-api.service[104141]: DEBUG neutron_lib.callbacks.manager [None req-d443a951-bcff-43a7-9827-77250b51b170 None None] Subscribe: port before_update 55550000, False {{(pid=104141) subscribe /opt/stack/data/venv/lib/python3.12/site-packages/neutron_lib/callbacks/manager.py:52}}
Apr 20 18:45:56.736910 np0000168543 devstack@neutron-api.service[104141]: DEBUG neutron_lib.callbacks.manager [None req-d443a951-bcff-43a7-9827-77250b51b170 None None] Subscribe: port after_update 55550000, False {{(pid=104141) subscribe /opt/stack/data/venv/lib/python3.12/site-packages/neutron_lib/callbacks/manager.py:52}}
Apr 20 18:45:56.736997 np0000168543 devstack@neutron-api.service[104141]: DEBUG neutron_lib.callbacks.manager [None req-d443a951-bcff-43a7-9827-77250b51b170 None None] Subscribe: > port precommit_delete 55550000, False {{(pid=104141) subscribe /opt/stack/data/venv/lib/python3.12/site-packages/neutron_lib/callbacks/manager.py:52}}
Apr 20 18:45:56.737146 np0000168543 devstack@neutron-api.service[104141]: DEBUG neutron_lib.callbacks.manager [None req-d443a951-bcff-43a7-9827-77250b51b170 None None] Subscribe: port before_update 55550000, False {{(pid=104141) subscribe /opt/stack/data/venv/lib/python3.12/site-packages/neutron_lib/callbacks/manager.py:52}}
Apr 20 18:45:56.737244 np0000168543 devstack@neutron-api.service[104141]: DEBUG neutron_lib.callbacks.manager [None req-d443a951-bcff-43a7-9827-77250b51b170 None None] Subscribe: port before_delete 55550000, False {{(pid=104141) subscribe /opt/stack/data/venv/lib/python3.12/site-packages/neutron_lib/callbacks/manager.py:52}}
Apr 20 18:45:56.737289 np0000168543 devstack@neutron-api.service[104143]: DEBUG neutron.manager [None req-99e1d5b7-ceb0-412e-9752-c0e6e7804ca8 None None] Successfully loaded network-ip-availability plugin. Description: Provides IP availability data for each network and subnet. {{(pid=104143) _create_and_add_service_plugin /opt/stack/neutron/neutron/manager.py:239}}
Apr 20 18:45:56.737370 np0000168543 devstack@neutron-api.service[104141]: DEBUG neutron_lib.callbacks.manager [None req-d443a951-bcff-43a7-9827-77250b51b170 None None] Subscribe: > router precommit_create 55550000, False {{(pid=104141) subscribe /opt/stack/data/venv/lib/python3.12/site-packages/neutron_lib/callbacks/manager.py:52}}
Apr 20 18:45:56.737453 np0000168543 devstack@neutron-api.service[104143]: INFO neutron.manager [None req-99e1d5b7-ceb0-412e-9752-c0e6e7804ca8 None None] Loading Plugin: flavors
Apr 20 18:45:56.737524 np0000168543 devstack@neutron-api.service[104141]: DEBUG neutron_lib.callbacks.manager [None req-d443a951-bcff-43a7-9827-77250b51b170 None None] Subscribe: > router precommit_create 55550000, False {{(pid=104141) subscribe /opt/stack/data/venv/lib/python3.12/site-packages/neutron_lib/callbacks/manager.py:52}}
Apr 20 18:45:56.737524 np0000168543 devstack@neutron-api.service[104141]: DEBUG neutron_lib.callbacks.manager [None req-d443a951-bcff-43a7-9827-77250b51b170 None None] Subscribe: > router precommit_update 55550000, False {{(pid=104141) subscribe /opt/stack/data/venv/lib/python3.12/site-packages/neutron_lib/callbacks/manager.py:52}}
Apr 20 18:45:56.737640 np0000168543 devstack@neutron-api.service[104141]: DEBUG neutron_lib.callbacks.manager [None req-d443a951-bcff-43a7-9827-77250b51b170 None None] Subscribe: subnet after_update 55550000, False {{(pid=104141) subscribe /opt/stack/data/venv/lib/python3.12/site-packages/neutron_lib/callbacks/manager.py:52}}
Apr 20 18:45:56.738220 np0000168543 devstack@neutron-api.service[104143]: DEBUG neutron.manager [None req-99e1d5b7-ceb0-412e-9752-c0e6e7804ca8 None None] Successfully loaded FLAVORS plugin. Description: Neutron Flavors and Service Profiles manager plugin {{(pid=104143) _create_and_add_service_plugin /opt/stack/neutron/neutron/manager.py:239}}
Apr 20 18:45:56.738302 np0000168543 devstack@neutron-api.service[104143]: INFO neutron.manager [None req-99e1d5b7-ceb0-412e-9752-c0e6e7804ca8 None None] Loading Plugin: revisions
Apr 20 18:45:56.738336 np0000168543 devstack@neutron-api.service[104141]: DEBUG neutron.quota.resource_registry [None req-d443a951-bcff-43a7-9827-77250b51b170 None None] Tracking information for resource: router configured {{(pid=104141) set_tracked_resource /opt/stack/neutron/neutron/quota/resource_registry.py:203}}
Apr 20 18:45:56.738525 np0000168543 devstack@neutron-api.service[104141]: DEBUG neutron.quota.resource_registry [None req-d443a951-bcff-43a7-9827-77250b51b170 None None] Tracking information for resource: floatingip configured {{(pid=104141) set_tracked_resource /opt/stack/neutron/neutron/quota/resource_registry.py:203}}
Apr 20 18:45:56.738606 np0000168543 devstack@neutron-api.service[104141]: INFO neutron.services.ovn_l3.plugin [None req-d443a951-bcff-43a7-9827-77250b51b170 None None] Starting OVNL3RouterPlugin
Apr 20 18:45:56.738805 np0000168543 devstack@neutron-api.service[104141]: DEBUG neutron_lib.callbacks.manager [None req-d443a951-bcff-43a7-9827-77250b51b170 None None] Subscribe: > port_forwarding_plugin after_init 55550000, False {{(pid=104141) subscribe /opt/stack/data/venv/lib/python3.12/site-packages/neutron_lib/callbacks/manager.py:52}}
Apr 20 18:45:56.738967 np0000168543 devstack@neutron-api.service[104141]: DEBUG neutron_lib.callbacks.manager [None req-d443a951-bcff-43a7-9827-77250b51b170 None None] Subscribe: > router before_create 55550100, False {{(pid=104141) subscribe /opt/stack/data/venv/lib/python3.12/site-packages/neutron_lib/callbacks/manager.py:52}}
Apr 20 18:45:56.739120 np0000168543 devstack@neutron-api.service[104141]: DEBUG neutron_lib.callbacks.manager [None req-d443a951-bcff-43a7-9827-77250b51b170 None None] Subscribe: > router precommit_delete 55550100, False {{(pid=104141) subscribe /opt/stack/data/venv/lib/python3.12/site-packages/neutron_lib/callbacks/manager.py:52}}
Apr 20 18:45:56.739241 np0000168543 devstack@neutron-api.service[104141]: DEBUG neutron_lib.callbacks.manager [None req-d443a951-bcff-43a7-9827-77250b51b170 None None] Subscribe: > router precommit_create 55550100, False {{(pid=104141) subscribe /opt/stack/data/venv/lib/python3.12/site-packages/neutron_lib/callbacks/manager.py:52}}
Apr 20 18:45:56.739274 np0000168543 devstack@neutron-api.service[104143]: DEBUG neutron.manager [None req-99e1d5b7-ceb0-412e-9752-c0e6e7804ca8 None None] Successfully loaded revision_plugin plugin. Description: Adds revision numbers to resources. {{(pid=104143) _create_and_add_service_plugin /opt/stack/neutron/neutron/manager.py:239}}
Apr 20 18:45:56.739362 np0000168543 devstack@neutron-api.service[104141]: DEBUG neutron_lib.callbacks.manager [None req-d443a951-bcff-43a7-9827-77250b51b170 None None] Subscribe: > router precommit_update 55550100, False {{(pid=104141) subscribe /opt/stack/data/venv/lib/python3.12/site-packages/neutron_lib/callbacks/manager.py:52}}
Apr 20 18:45:56.739657 np0000168543 devstack@neutron-api.service[104143]: DEBUG oslo_concurrency.lockutils [None req-99e1d5b7-ceb0-412e-9752-c0e6e7804ca8 None None] Lock "manager" "released" by "neutron.manager.NeutronManager._create_instance" :: held 4.694s {{(pid=104143) inner /opt/stack/data/venv/lib/python3.12/site-packages/oslo_concurrency/lockutils.py:538}}
Apr 20 18:45:56.739762 np0000168543 devstack@neutron-api.service[104143]: DEBUG neutron.api.extensions [None req-99e1d5b7-ceb0-412e-9752-c0e6e7804ca8 None None] get_extension_paths = OrderedDict({'/opt/stack/neutron/neutron/extensions': 1}) {{(pid=104143) get_extensions_path /opt/stack/neutron/neutron/api/extensions.py:640}}
Apr 20 18:45:56.739908 np0000168543 devstack@neutron-api.service[104143]: INFO neutron.api.extensions [None req-99e1d5b7-ceb0-412e-9752-c0e6e7804ca8 None None] Initializing extension manager.
Apr 20 18:45:56.740154 np0000168543 devstack@neutron-api.service[104143]: DEBUG neutron.api.extensions [None req-99e1d5b7-ceb0-412e-9752-c0e6e7804ca8 None None] Loading extension file: __init__.py {{(pid=104143) _load_all_extensions_from_path /opt/stack/neutron/neutron/api/extensions.py:449}}
Apr 20 18:45:56.740154 np0000168543 devstack@neutron-api.service[104143]: DEBUG neutron.api.extensions [None req-99e1d5b7-ceb0-412e-9752-c0e6e7804ca8 None None] Loading extension file: __pycache__ {{(pid=104143) _load_all_extensions_from_path /opt/stack/neutron/neutron/api/extensions.py:449}}
Apr 20 18:45:56.740392 np0000168543 devstack@neutron-api.service[104143]: DEBUG neutron.api.extensions [None req-99e1d5b7-ceb0-412e-9752-c0e6e7804ca8 None None] Loading extension file: address_group.py {{(pid=104143) _load_all_extensions_from_path /opt/stack/neutron/neutron/api/extensions.py:449}}
Apr 20 18:45:56.740620 np0000168543 devstack@neutron-api.service[104143]: DEBUG neutron.api.extensions [None req-99e1d5b7-ceb0-412e-9752-c0e6e7804ca8 None None] Ext name="Address group" alias="address-group" description="Support address group" updated="2020-07-15T10:00:00-00:00" {{(pid=104143) _check_extension /opt/stack/neutron/neutron/api/extensions.py:415}}
Apr 20 18:45:56.740868 np0000168543 devstack@neutron-api.service[104143]: INFO neutron.api.extensions [None req-99e1d5b7-ceb0-412e-9752-c0e6e7804ca8 None None] Loaded extension: address-group
Apr 20 18:45:56.740868 np0000168543 devstack@neutron-api.service[104143]: DEBUG neutron.api.extensions [None req-99e1d5b7-ceb0-412e-9752-c0e6e7804ca8 None None] Loading extension file: address_scope.py {{(pid=104143) _load_all_extensions_from_path /opt/stack/neutron/neutron/api/extensions.py:449}}
Apr 20 18:45:56.741264 np0000168543 devstack@neutron-api.service[104143]: DEBUG neutron.api.extensions [None req-99e1d5b7-ceb0-412e-9752-c0e6e7804ca8 None None] Ext name="Address scope" alias="address-scope" description="Address scopes extension." updated="2015-07-26T10:00:00-00:00" {{(pid=104143) _check_extension /opt/stack/neutron/neutron/api/extensions.py:415}}
Apr 20 18:45:56.741457 np0000168543 devstack@neutron-api.service[104143]: INFO neutron.api.extensions [None req-99e1d5b7-ceb0-412e-9752-c0e6e7804ca8 None None] Loaded extension: address-scope
Apr 20 18:45:56.741457 np0000168543 devstack@neutron-api.service[104143]: DEBUG neutron.api.extensions [None req-99e1d5b7-ceb0-412e-9752-c0e6e7804ca8 None None] Loading extension file: admin_state_down_before_update.py {{(pid=104143) _load_all_extensions_from_path /opt/stack/neutron/neutron/api/extensions.py:449}}
Apr 20 18:45:56.741697 np0000168543 devstack@neutron-api.service[104143]: DEBUG neutron.api.extensions [None req-99e1d5b7-ceb0-412e-9752-c0e6e7804ca8 None None] Ext name="Enforce Router's Admin State Down Before Update Extension" alias="router-admin-state-down-before-update" description="Ensure that the admin state of a router is DOWN (admin_state_up=False) before updating the distributed attribute" updated="2019-07-02T15:56:00" {{(pid=104143) _check_extension /opt/stack/neutron/neutron/api/extensions.py:415}}
Apr 20 18:45:56.741853 np0000168543 devstack@neutron-api.service[104143]: INFO neutron.api.extensions [None req-99e1d5b7-ceb0-412e-9752-c0e6e7804ca8 None None] Extension router-admin-state-down-before-update not supported by any of loaded plugins
Apr 20 18:45:56.742078 np0000168543 devstack@neutron-api.service[104143]: DEBUG neutron.api.extensions [None req-99e1d5b7-ceb0-412e-9752-c0e6e7804ca8 None None] Loading extension file: agent.py {{(pid=104143) _load_all_extensions_from_path /opt/stack/neutron/neutron/api/extensions.py:449}}
Apr 20 18:45:56.742342 np0000168543 devstack@neutron-api.service[104143]: DEBUG neutron.api.extensions [None req-99e1d5b7-ceb0-412e-9752-c0e6e7804ca8 None None] Ext name="agent" alias="agent" description="The agent management extension." updated="2013-02-03T10:00:00-00:00" {{(pid=104143) _check_extension /opt/stack/neutron/neutron/api/extensions.py:415}}
Apr 20 18:45:56.742723 np0000168543 devstack@neutron-api.service[104143]: INFO neutron.api.extensions [None req-99e1d5b7-ceb0-412e-9752-c0e6e7804ca8 None None] Loaded extension: agent
Apr 20 18:45:56.742916 np0000168543 devstack@neutron-api.service[104143]: DEBUG neutron.api.extensions [None req-99e1d5b7-ceb0-412e-9752-c0e6e7804ca8 None None] Loading extension file: agent_resources_synced.py {{(pid=104143) _load_all_extensions_from_path /opt/stack/neutron/neutron/api/extensions.py:449}}
Apr 20 18:45:56.743159 np0000168543 devstack@neutron-api.service[104143]: DEBUG neutron.api.extensions [None req-99e1d5b7-ceb0-412e-9752-c0e6e7804ca8 None None] Ext name="Agent's Resource View Synced to Placement" alias="agent-resources-synced" description="Stores success/failure of last sync to Placement" updated="2018-12-19T00:00:00-00:00" {{(pid=104143) _check_extension /opt/stack/neutron/neutron/api/extensions.py:415}}
Apr 20 18:45:56.743328 np0000168543 devstack@neutron-api.service[104141]: DEBUG neutron.services.provider_configuration [None req-d443a951-bcff-43a7-9827-77250b51b170 None None] Service providers = [] {{(pid=104141) parse_service_provider_opt /opt/stack/neutron/neutron/services/provider_configuration.py:170}}
Apr 20 18:45:56.743493 np0000168543 devstack@neutron-api.service[104143]: INFO neutron.api.extensions [None req-99e1d5b7-ceb0-412e-9752-c0e6e7804ca8 None None] Extension agent-resources-synced not supported by any of loaded plugins
Apr 20 18:45:56.743638 np0000168543 devstack@neutron-api.service[104141]: DEBUG neutron.db.servicetype_db [None req-d443a951-bcff-43a7-9827-77250b51b170 None None] Adding provider configuration for service L3_ROUTER_NAT {{(pid=104141) add_provider_configuration /opt/stack/neutron/neutron/db/servicetype_db.py:42}}
Apr 20 18:45:56.743830 np0000168543 devstack@neutron-api.service[104143]: DEBUG neutron.api.extensions [None req-99e1d5b7-ceb0-412e-9752-c0e6e7804ca8 None None] Loading extension file: allowedaddresspairs.py {{(pid=104143) _load_all_extensions_from_path /opt/stack/neutron/neutron/api/extensions.py:449}}
Apr 20 18:45:56.744103 np0000168543 devstack@neutron-api.service[104143]: DEBUG neutron.api.extensions [None req-99e1d5b7-ceb0-412e-9752-c0e6e7804ca8 None None] Ext name="Allowed Address Pairs" alias="allowed-address-pairs" description="Provides allowed address pairs" updated="2013-07-23T10:00:00-00:00" {{(pid=104143) _check_extension /opt/stack/neutron/neutron/api/extensions.py:415}}
Apr 20 18:45:56.744211 np0000168543 devstack@neutron-api.service[104143]: INFO neutron.api.extensions [None req-99e1d5b7-ceb0-412e-9752-c0e6e7804ca8 None None] Loaded extension: allowed-address-pairs
Apr 20 18:45:56.744211 np0000168543 devstack@neutron-api.service[104143]: DEBUG neutron.api.extensions [None req-99e1d5b7-ceb0-412e-9752-c0e6e7804ca8 None None] Loading extension file: auto_allocated_topology.py {{(pid=104143) _load_all_extensions_from_path /opt/stack/neutron/neutron/api/extensions.py:449}}
Apr 20 18:45:56.744527 np0000168543 devstack@neutron-api.service[104143]: DEBUG neutron.api.extensions [None req-99e1d5b7-ceb0-412e-9752-c0e6e7804ca8 None None] Ext name="Auto Allocated Topology Services" alias="auto-allocated-topology" description="Auto Allocated Topology Services." updated="2016-01-01T00:00:00-00:00" {{(pid=104143) _check_extension /opt/stack/neutron/neutron/api/extensions.py:415}}
Apr 20 18:45:56.744685 np0000168543 devstack@neutron-api.service[104141]: DEBUG neutron_lib.callbacks.manager [None req-d443a951-bcff-43a7-9827-77250b51b170 None None] Subscribe: > router precommit_create 55549900, False {{(pid=104141) subscribe /opt/stack/data/venv/lib/python3.12/site-packages/neutron_lib/callbacks/manager.py:52}}
Apr 20 18:45:56.744685 np0000168543 devstack@neutron-api.service[104141]: DEBUG neutron_lib.callbacks.manager [None req-d443a951-bcff-43a7-9827-77250b51b170 None None] Subscribe: > router_interface after_create 55550000, False {{(pid=104141) subscribe /opt/stack/data/venv/lib/python3.12/site-packages/neutron_lib/callbacks/manager.py:52}}
Apr 20 18:45:56.744888 np0000168543 devstack@neutron-api.service[104143]: INFO neutron.api.extensions [None req-99e1d5b7-ceb0-412e-9752-c0e6e7804ca8 None None] Loaded extension: auto-allocated-topology
Apr 20 18:45:56.745059 np0000168543 devstack@neutron-api.service[104141]: DEBUG neutron_lib.callbacks.manager [None req-d443a951-bcff-43a7-9827-77250b51b170 None None] Subscribe: > floatingip after_create 55550000, False {{(pid=104141) subscribe /opt/stack/data/venv/lib/python3.12/site-packages/neutron_lib/callbacks/manager.py:52}}
Apr 20 18:45:56.745245 np0000168543 devstack@neutron-api.service[104143]: DEBUG neutron.api.extensions [None req-99e1d5b7-ceb0-412e-9752-c0e6e7804ca8 None None] Loading extension file: availability_zone.py {{(pid=104143) _load_all_extensions_from_path /opt/stack/neutron/neutron/api/extensions.py:449}}
Apr 20 18:45:56.745403 np0000168543 devstack@neutron-api.service[104141]: DEBUG neutron_lib.callbacks.manager [None req-d443a951-bcff-43a7-9827-77250b51b170 None None] Subscribe: > floatingip precommit_create 55550000, False {{(pid=104141) subscribe /opt/stack/data/venv/lib/python3.12/site-packages/neutron_lib/callbacks/manager.py:52}}
Apr 20 18:45:56.745403 np0000168543 devstack@neutron-api.service[104141]: DEBUG neutron_lib.callbacks.manager [None req-d443a951-bcff-43a7-9827-77250b51b170 None None] Subscribe: > floatingip precommit_update 55550000, False {{(pid=104141) subscribe /opt/stack/data/venv/lib/python3.12/site-packages/neutron_lib/callbacks/manager.py:52}}
Apr 20 18:45:56.745403 np0000168543 devstack@neutron-api.service[104141]: DEBUG neutron_lib.callbacks.manager [None req-d443a951-bcff-43a7-9827-77250b51b170 None None] Subscribe: > floatingip after_delete 55550000, False {{(pid=104141) subscribe /opt/stack/data/venv/lib/python3.12/site-packages/neutron_lib/callbacks/manager.py:52}}
Apr 20 18:45:56.745721 np0000168543 devstack@neutron-api.service[104143]: DEBUG neutron.api.extensions [None req-99e1d5b7-ceb0-412e-9752-c0e6e7804ca8 None None] Ext name="Availability Zone" alias="availability_zone" description="The availability zone extension." updated="2015-01-01T10:00:00-00:00" {{(pid=104143) _check_extension /opt/stack/neutron/neutron/api/extensions.py:415}}
Apr 20 18:45:56.745932 np0000168543 devstack@neutron-api.service[104141]: DEBUG neutron_lib.callbacks.manager [None req-d443a951-bcff-43a7-9827-77250b51b170 None None] Subscribe: > floatingip after_status_update 55550000, False {{(pid=104141) subscribe /opt/stack/data/venv/lib/python3.12/site-packages/neutron_lib/callbacks/manager.py:52}}
Apr 20 18:45:56.746240 np0000168543 devstack@neutron-api.service[104143]: INFO neutron.api.extensions [None req-99e1d5b7-ceb0-412e-9752-c0e6e7804ca8 None None] Loaded extension: availability_zone
Apr 20 18:45:56.746539 np0000168543 devstack@neutron-api.service[104141]: DEBUG neutron_lib.callbacks.manager [None req-d443a951-bcff-43a7-9827-77250b51b170 None None] Subscribe: > floatingip after_update 55550000, False {{(pid=104141) subscribe /opt/stack/data/venv/lib/python3.12/site-packages/neutron_lib/callbacks/manager.py:52}}
Apr 20 18:45:56.746758 np0000168543 devstack@neutron-api.service[104143]: DEBUG neutron.api.extensions [None req-99e1d5b7-ceb0-412e-9752-c0e6e7804ca8 None None] Loading extension file: availability_zone_filter.py {{(pid=104143) _load_all_extensions_from_path /opt/stack/neutron/neutron/api/extensions.py:449}}
Apr 20 18:45:56.746921 np0000168543 devstack@neutron-api.service[104141]: DEBUG neutron_lib.callbacks.manager [None req-d443a951-bcff-43a7-9827-77250b51b170 None None] Subscribe: > port_forwarding after_create 55550000, False {{(pid=104141) subscribe /opt/stack/data/venv/lib/python3.12/site-packages/neutron_lib/callbacks/manager.py:52}}
Apr 20 18:45:56.746921 np0000168543 devstack@neutron-api.service[104141]: DEBUG neutron_lib.callbacks.manager [None req-d443a951-bcff-43a7-9827-77250b51b170 None None] Subscribe: > router_interface after_delete 55550000, False {{(pid=104141) subscribe /opt/stack/data/venv/lib/python3.12/site-packages/neutron_lib/callbacks/manager.py:52}}
Apr 20 18:45:56.746921 np0000168543 devstack@neutron-api.service[104141]: DEBUG neutron_lib.callbacks.manager [None req-d443a951-bcff-43a7-9827-77250b51b170 None None] Subscribe: > router after_create 55550000, False {{(pid=104141) subscribe /opt/stack/data/venv/lib/python3.12/site-packages/neutron_lib/callbacks/manager.py:52}}
Apr 20 18:45:56.747245 np0000168543 devstack@neutron-api.service[104143]: DEBUG neutron.api.extensions [None req-99e1d5b7-ceb0-412e-9752-c0e6e7804ca8 None None] Ext name="Availability Zone Filter Extension" alias="availability_zone_filter" description="Add filter parameters to AvailabilityZone resource" updated="2018-06-22T10:00:00-00:00" {{(pid=104143) _check_extension /opt/stack/neutron/neutron/api/extensions.py:415}}
Apr 20 18:45:56.747411 np0000168543 devstack@neutron-api.service[104141]: DEBUG neutron_lib.callbacks.manager [None req-d443a951-bcff-43a7-9827-77250b51b170 None None] Subscribe: > router precommit_create 55550000, False {{(pid=104141) subscribe /opt/stack/data/venv/lib/python3.12/site-packages/neutron_lib/callbacks/manager.py:52}}
Apr 20 18:45:56.747520 np0000168543 devstack@neutron-api.service[104143]: INFO neutron.api.extensions [None req-99e1d5b7-ceb0-412e-9752-c0e6e7804ca8 None None] Extension availability_zone_filter not supported by any of loaded plugins
Apr 20 18:45:56.747635 np0000168543 devstack@neutron-api.service[104141]: DEBUG neutron_lib.callbacks.manager [None req-d443a951-bcff-43a7-9827-77250b51b170 None None] Subscribe: > router after_delete 55550000, False {{(pid=104141) subscribe /opt/stack/data/venv/lib/python3.12/site-packages/neutron_lib/callbacks/manager.py:52}}
Apr 20 18:45:56.747759 np0000168543 devstack@neutron-api.service[104143]: DEBUG neutron.api.extensions [None req-99e1d5b7-ceb0-412e-9752-c0e6e7804ca8 None None] Loading extension file: data_plane_status.py {{(pid=104143) _load_all_extensions_from_path /opt/stack/neutron/neutron/api/extensions.py:449}}
Apr 20 18:45:56.747813 np0000168543 devstack@neutron-api.service[104141]: DEBUG neutron_lib.callbacks.manager [None req-d443a951-bcff-43a7-9827-77250b51b170 None None] Subscribe: > router after_update 55550000, False {{(pid=104141) subscribe /opt/stack/data/venv/lib/python3.12/site-packages/neutron_lib/callbacks/manager.py:52}}
Apr 20 18:45:56.747813 np0000168543 devstack@neutron-api.service[104141]: DEBUG neutron.services.service_base [None req-d443a951-bcff-43a7-9827-77250b51b170 None None] Loaded 'neutron.services.ovn_l3.service_providers.ovn.OvnDriver' provider for service L3_ROUTER_NAT {{(pid=104141) load_drivers /opt/stack/neutron/neutron/services/service_base.py:49}}
Apr 20 18:45:56.747918 np0000168543 devstack@neutron-api.service[104143]: DEBUG neutron.api.extensions [None req-99e1d5b7-ceb0-412e-9752-c0e6e7804ca8 None None] Ext name="Port data plane status extension" alias="data-plane-status" description="Expose status of underlying data plane" updated="2017-01-24T10:00:00-00:00" {{(pid=104143) _check_extension /opt/stack/neutron/neutron/api/extensions.py:415}}
Apr 20 18:45:56.748118 np0000168543 devstack@neutron-api.service[104141]: DEBUG neutron_lib.callbacks.manager [None req-d443a951-bcff-43a7-9827-77250b51b170 None None] Subscribe: > process after_init 55550001, True {{(pid=104141) subscribe /opt/stack/data/venv/lib/python3.12/site-packages/neutron_lib/callbacks/manager.py:52}}
Apr 20 18:45:56.748118 np0000168543 devstack@neutron-api.service[104141]: DEBUG neutron.manager [None req-d443a951-bcff-43a7-9827-77250b51b170 None None] Successfully loaded L3_ROUTER_NAT plugin. Description: L3 Router Service Plugin for basic L3 forwarding using OVN {{(pid=104141) _create_and_add_service_plugin /opt/stack/neutron/neutron/manager.py:239}}
Apr 20 18:45:56.748360 np0000168543 devstack@neutron-api.service[104143]: INFO neutron.api.extensions [None req-99e1d5b7-ceb0-412e-9752-c0e6e7804ca8 None None] Extension data-plane-status not supported by any of loaded plugins
Apr 20 18:45:56.748479 np0000168543 devstack@neutron-api.service[104141]: INFO neutron.manager [None req-d443a951-bcff-43a7-9827-77250b51b170 None None] Loading Plugin: auto_allocate
Apr 20 18:45:56.748602 np0000168543 devstack@neutron-api.service[104143]: DEBUG neutron.api.extensions [None req-99e1d5b7-ceb0-412e-9752-c0e6e7804ca8 None None] Loading extension file: default_subnetpools.py {{(pid=104143) _load_all_extensions_from_path /opt/stack/neutron/neutron/api/extensions.py:449}}
Apr 20 18:45:56.748602 np0000168543 devstack@neutron-api.service[104143]: DEBUG neutron.api.extensions [None req-99e1d5b7-ceb0-412e-9752-c0e6e7804ca8 None None] Ext name="Default Subnetpools" alias="default-subnetpools" description="Provides ability to mark and use a subnetpool as the default." updated="2016-02-18T18:00:00-00:00" {{(pid=104143) _check_extension /opt/stack/neutron/neutron/api/extensions.py:415}}
Apr 20 18:45:56.748602 np0000168543 devstack@neutron-api.service[104143]: INFO neutron.api.extensions [None req-99e1d5b7-ceb0-412e-9752-c0e6e7804ca8 None None] Loaded extension: default-subnetpools
Apr 20 18:45:56.748602 np0000168543 devstack@neutron-api.service[104143]: DEBUG neutron.api.extensions [None req-99e1d5b7-ceb0-412e-9752-c0e6e7804ca8 None None] Loading extension file: dhcpagentscheduler.py {{(pid=104143) _load_all_extensions_from_path /opt/stack/neutron/neutron/api/extensions.py:449}}
Apr 20 18:45:56.748602 np0000168543 devstack@neutron-api.service[104143]: DEBUG neutron.api.extensions [None req-99e1d5b7-ceb0-412e-9752-c0e6e7804ca8 None None] Ext name="DHCP Agent Scheduler" alias="dhcp_agent_scheduler" description="Schedule networks among dhcp agents" updated="2013-02-07T10:00:00-00:00" {{(pid=104143) _check_extension /opt/stack/neutron/neutron/api/extensions.py:415}}
Apr 20 18:45:56.748996 np0000168543 devstack@neutron-api.service[104141]: DEBUG neutron_lib.callbacks.manager [None req-d443a951-bcff-43a7-9827-77250b51b170 None None] Subscribe: network precommit_update 55550000, False {{(pid=104141) subscribe /opt/stack/data/venv/lib/python3.12/site-packages/neutron_lib/callbacks/manager.py:52}}
Apr 20 18:45:56.749218 np0000168543 devstack@neutron-api.service[104143]: INFO neutron.api.extensions [None req-99e1d5b7-ceb0-412e-9752-c0e6e7804ca8 None None] Loaded extension: dhcp_agent_scheduler
Apr 20 18:45:56.749473 np0000168543 devstack@neutron-api.service[104141]: DEBUG neutron_lib.callbacks.manager [None req-d443a951-bcff-43a7-9827-77250b51b170 None None] Subscribe: network precommit_create 55550000, False {{(pid=104141) subscribe /opt/stack/data/venv/lib/python3.12/site-packages/neutron_lib/callbacks/manager.py:52}}
Apr 20 18:45:56.749594 np0000168543 devstack@neutron-api.service[104144]: INFO neutron.plugins.ml2.drivers.type_vlan [None req-6e2152c5-29cb-49e0-aee9-e7c64b0d2972 None None] VlanTypeDriver initialization complete
Apr 20 18:45:56.750090 np0000168543 devstack@neutron-api.service[104143]: DEBUG neutron.api.extensions [None req-99e1d5b7-ceb0-412e-9752-c0e6e7804ca8 None None] Loading extension file: dns.py {{(pid=104143) _load_all_extensions_from_path /opt/stack/neutron/neutron/api/extensions.py:449}}
Apr 20 18:45:56.750213 np0000168543 devstack@neutron-api.service[104144]: INFO neutron.plugins.ml2.managers [None req-6e2152c5-29cb-49e0-aee9-e7c64b0d2972 None None] Initializing extension driver 'port_security'
Apr 20 18:45:56.750291 np0000168543 devstack@neutron-api.service[104141]: DEBUG neutron.manager [None req-d443a951-bcff-43a7-9827-77250b51b170 None None] Successfully loaded auto-allocated-topology plugin. Description: Auto Allocated Topology - aka get me a network. {{(pid=104141) _create_and_add_service_plugin /opt/stack/neutron/neutron/manager.py:239}}
Apr 20 18:45:56.750353 np0000168543 devstack@neutron-api.service[104143]: DEBUG neutron.api.extensions [None req-99e1d5b7-ceb0-412e-9752-c0e6e7804ca8 None None] Ext name="DNS Integration" alias="dns-integration" description="Provides integration with DNS." updated="2015-08-15T18:00:00-00:00" {{(pid=104143) _check_extension /opt/stack/neutron/neutron/api/extensions.py:415}}
Apr 20 18:45:56.750385 np0000168543 devstack@neutron-api.service[104144]: INFO neutron.plugins.ml2.extensions.port_security [None req-6e2152c5-29cb-49e0-aee9-e7c64b0d2972 None None] PortSecurityExtensionDriver initialization complete
Apr 20 18:45:56.750497 np0000168543 devstack@neutron-api.service[104141]: INFO neutron.manager [None req-d443a951-bcff-43a7-9827-77250b51b170 None None] Loading Plugin: tag
Apr 20 18:45:56.750610 np0000168543 devstack@neutron-api.service[104144]: INFO neutron.plugins.ml2.managers [None req-6e2152c5-29cb-49e0-aee9-e7c64b0d2972 None None] Initializing extension driver 'qos'
Apr 20 18:45:56.750637 np0000168543 devstack@neutron-api.service[104143]: INFO neutron.api.extensions [None req-99e1d5b7-ceb0-412e-9752-c0e6e7804ca8 None None] Loaded extension: dns-integration
Apr 20 18:45:56.750663 np0000168543 devstack@neutron-api.service[104144]: DEBUG neutron.plugins.ml2.extensions.qos [None req-6e2152c5-29cb-49e0-aee9-e7c64b0d2972 None None] QosExtensionDriver initialization complete {{(pid=104144) initialize /opt/stack/neutron/neutron/plugins/ml2/extensions/qos.py:31}}
Apr 20 18:45:56.750718 np0000168543 devstack@neutron-api.service[104143]: DEBUG neutron.api.extensions [None req-99e1d5b7-ceb0-412e-9752-c0e6e7804ca8 None None] Loading extension file: dns_domain_ports.py {{(pid=104143) _load_all_extensions_from_path /opt/stack/neutron/neutron/api/extensions.py:449}}
Apr 20 18:45:56.750751 np0000168543 devstack@neutron-api.service[104144]: INFO neutron.plugins.ml2.managers [None req-6e2152c5-29cb-49e0-aee9-e7c64b0d2972 None None] Initializing mechanism driver 'ovn'
Apr 20 18:45:56.750751 np0000168543 devstack@neutron-api.service[104144]: INFO neutron.plugins.ml2.drivers.ovn.mech_driver.mech_driver [None req-6e2152c5-29cb-49e0-aee9-e7c64b0d2972 None None] Starting OVNMechanismDriver
