Apr 20 18:45:57.071056 np0000168543 devstack@neutron-api.service[104144]: DEBUG neutron.api.extensions [None req-6e2152c5-29cb-49e0-aee9-e7c64b0d2972 None None] Ext name="Uplink status propagation updatable extension" alias="uplink-status-propagation-updatable" description="Provides ability to update the port uplink status." updated="2024-09-03T18:00:00-00:00" {{(pid=104144) _check_extension /opt/stack/neutron/neutron/api/extensions.py:415}}
Apr 20 18:45:57.071243 np0000168543 devstack@neutron-api.service[104144]: INFO neutron.api.extensions [None req-6e2152c5-29cb-49e0-aee9-e7c64b0d2972 None None] Extension uplink-status-propagation-updatable not supported by any of loaded plugins
Apr 20 18:45:57.071243 np0000168543 devstack@neutron-api.service[104144]: DEBUG neutron.api.extensions [None req-6e2152c5-29cb-49e0-aee9-e7c64b0d2972 None None] Loading extension file: vlantransparent.py {{(pid=104144) _load_all_extensions_from_path /opt/stack/neutron/neutron/api/extensions.py:449}}
Apr 20 18:45:57.071516 np0000168543 devstack@neutron-api.service[104144]: DEBUG neutron.api.extensions [None req-6e2152c5-29cb-49e0-aee9-e7c64b0d2972 None None] Ext name="Vlantransparent" alias="vlan-transparent" description="Provides Vlan Transparent Networks" updated="2015-03-23T09:00:00-00:00" {{(pid=104144) _check_extension /opt/stack/neutron/neutron/api/extensions.py:415}}
Apr 20 18:45:57.071691 np0000168543 devstack@neutron-api.service[104144]: INFO neutron.api.extensions [None req-6e2152c5-29cb-49e0-aee9-e7c64b0d2972 None None] Loaded extension: vlan-transparent
Apr 20 18:45:57.073453 np0000168543 devstack@neutron-api.service[104144]: INFO neutron.quota.resource_registry [None req-6e2152c5-29cb-49e0-aee9-e7c64b0d2972 None None] Creating instance of TrackedResource for resource:network
Apr 20 18:45:57.073753 np0000168543 devstack@neutron-api.service[104144]: INFO neutron.quota.resource_registry [None req-6e2152c5-29cb-49e0-aee9-e7c64b0d2972 None None] Creating instance of TrackedResource for resource:subnet
Apr 20 18:45:57.073753 np0000168543 devstack@neutron-api.service[104144]: INFO neutron.quota.resource_registry [None req-6e2152c5-29cb-49e0-aee9-e7c64b0d2972 None None] Creating instance of TrackedResource for resource:subnetpool
Apr 20 18:45:57.073941 np0000168543 devstack@neutron-api.service[104141]: DEBUG oslo_concurrency.processutils [None req-d443a951-bcff-43a7-9827-77250b51b170 None None] CMD "ovsdb-client transact ssl:199.204.45.65:6641 --timeout 180 -p /opt/stack/data/CA/int-ca/private/devstack-cert.key -c /opt/stack/data/CA/int-ca/devstack-cert.crt -C /opt/stack/data/CA/int-ca/ca-chain.pem ["OVN_Northbound", {"op": "wait", "timeout": 0, "table": "Port_Group", "where": [["name", "==", "neutron_pg_drop"]], "until": "==", "rows": []}, {"op": "insert", "table": "ACL", "row": {"action": "drop", "direction": "to-lport", "match": "outport == @neutron_pg_drop && ip", "priority": 1001}, "uuid-name": "droptoport"}, {"op": "insert", "table": "ACL", "row": {"action": "drop", "direction": "from-lport", "match": "inport == @neutron_pg_drop && ip", "priority": 1001}, "uuid-name": "dropfromport"}, {"op": "insert", "table": "Port_Group", "row": {"name": "neutron_pg_drop", "acls": ["set", [["named-uuid", "droptoport"], ["named-uuid", "dropfromport"]]]}}]" returned: 0 in 0.038s {{(pid=104141) execute /opt/stack/data/venv/lib/python3.12/site-packages/oslo_concurrency/processutils.py:468}}
Apr 20 18:45:57.074101 np0000168543 devstack@neutron-api.service[104144]: INFO neutron.quota.resource_registry [None req-6e2152c5-29cb-49e0-aee9-e7c64b0d2972 None None] Creating instance of TrackedResource for resource:port
Apr 20 18:45:57.074601 np0000168543 devstack@neutron-api.service[104141]: DEBUG neutron_lib.callbacks.manager [None req-d443a951-bcff-43a7-9827-77250b51b170 None None] Publish callbacks ['neutron.plugins.ml2.drivers.ovn.mech_driver.mech_driver.OVNMechanismDriver.post_fork_initialize-229505', 'neutron.services.ovn_l3.plugin.OVNL3RouterPlugin._post_fork_initialize-2031435'] for process (None), after_init {{(pid=104141) _notify_loop /opt/stack/data/venv/lib/python3.12/site-packages/neutron_lib/callbacks/manager.py:184}}
Apr 20 18:45:57.075281 np0000168543 devstack@neutron-api.service[104141]: DEBUG oslo_concurrency.lockutils [None req-d443a951-bcff-43a7-9827-77250b51b170 None None] Acquiring lock "singleton_lock" {{(pid=104141) lock /opt/stack/data/venv/lib/python3.12/site-packages/oslo_concurrency/lockutils.py:390}}
Apr 20 18:45:57.075362 np0000168543 devstack@neutron-api.service[104144]: DEBUG neutron.api.v2.resource_helper [None req-6e2152c5-29cb-49e0-aee9-e7c64b0d2972 None None] Service L3_ROUTER_NAT assigned prefix: {{(pid=104144) build_resource_info /opt/stack/neutron/neutron/api/v2/resource_helper.py:77}}
Apr 20 18:45:57.075447 np0000168543 devstack@neutron-api.service[104141]: DEBUG oslo_concurrency.lockutils [None req-d443a951-bcff-43a7-9827-77250b51b170 None None] Acquired lock "singleton_lock" {{(pid=104141) lock /opt/stack/data/venv/lib/python3.12/site-packages/oslo_concurrency/lockutils.py:393}}
Apr 20 18:45:57.075722 np0000168543 devstack@neutron-api.service[104144]: DEBUG neutron.api.v2.resource_helper [None req-6e2152c5-29cb-49e0-aee9-e7c64b0d2972 None None] Service FLAVORS assigned prefix: {{(pid=104144) build_resource_info /opt/stack/neutron/neutron/api/v2/resource_helper.py:77}}
Apr 20 18:45:57.075894 np0000168543 devstack@neutron-api.service[104141]: DEBUG oslo_concurrency.lockutils [None req-d443a951-bcff-43a7-9827-77250b51b170 None None] Releasing lock "singleton_lock" {{(pid=104141) lock /opt/stack/data/venv/lib/python3.12/site-packages/oslo_concurrency/lockutils.py:413}}
Apr 20 18:45:57.076779 np0000168543 devstack@neutron-api.service[104144]: DEBUG neutron.api.v2.resource_helper [None req-6e2152c5-29cb-49e0-aee9-e7c64b0d2972 None None] Service L3_ROUTER_NAT assigned prefix: {{(pid=104144) build_resource_info /opt/stack/neutron/neutron/api/v2/resource_helper.py:77}}
Apr 20 18:45:57.077163 np0000168543 devstack@neutron-api.service[104144]: DEBUG neutron.api.v2.resource_helper [None req-6e2152c5-29cb-49e0-aee9-e7c64b0d2972 None None] Service L3_ROUTER_NAT assigned prefix: {{(pid=104144) build_resource_info /opt/stack/neutron/neutron/api/v2/resource_helper.py:77}}
Apr 20 18:45:57.077294 np0000168543 devstack@neutron-api.service[104144]: INFO neutron.quota.resource_registry [None req-6e2152c5-29cb-49e0-aee9-e7c64b0d2972 None None] Creating instance of TrackedResource for resource:router
Apr 20 18:45:57.077803 np0000168543 devstack@neutron-api.service[104144]: INFO neutron.quota.resource_registry [None req-6e2152c5-29cb-49e0-aee9-e7c64b0d2972 None None] Creating instance of TrackedResource for resource:floatingip
Apr 20 18:45:57.078672 np0000168543 devstack@neutron-api.service[104144]: INFO neutron.quota.resource_registry [None req-6e2152c5-29cb-49e0-aee9-e7c64b0d2972 None None] Creating instance of CountableResource for resource:rbac_policy
Apr 20 18:45:57.079052 np0000168543 devstack@neutron-api.service[104141]: DEBUG neutron.plugins.ml2.drivers.ovn.mech_driver.mech_driver [None req-d443a951-bcff-43a7-9827-77250b51b170 None None] Hash Ring setup using WSGI start time 2026-04-20 18:45:49+00:00 {{(pid=104141) _init_hash_ring /opt/stack/neutron/neutron/plugins/ml2/drivers/ovn/mech_driver/mech_driver.py:402}}
Apr 20 18:45:57.079242 np0000168543 devstack@neutron-api.service[104144]: INFO neutron.quota.resource_registry [None req-6e2152c5-29cb-49e0-aee9-e7c64b0d2972 None None] Creating instance of TrackedResource for resource:security_group
Apr 20 18:45:57.079667 np0000168543 devstack@neutron-api.service[104144]: INFO neutron.quota.resource_registry [None req-6e2152c5-29cb-49e0-aee9-e7c64b0d2972 None None] Creating instance of TrackedResource for resource:security_group_rule
Apr 20 18:45:57.080378 np0000168543 devstack@neutron-api.service[104144]: DEBUG neutron.api.v2.resource_helper [None req-6e2152c5-29cb-49e0-aee9-e7c64b0d2972 None None] Service CORE assigned prefix: {{(pid=104144) build_resource_info /opt/stack/neutron/neutron/api/v2/resource_helper.py:77}}
Apr 20 18:45:57.080481 np0000168543 devstack@neutron-api.service[104144]: INFO neutron.quota.resource_registry [None req-6e2152c5-29cb-49e0-aee9-e7c64b0d2972 None None] Creating instance of TrackedResource for resource:subnetpool
Apr 20 18:45:57.080589 np0000168543 devstack@neutron-api.service[104144]: WARNING neutron.quota.resource_registry [None req-6e2152c5-29cb-49e0-aee9-e7c64b0d2972 None None] subnetpool is already registered
Apr 20 18:45:57.082725 np0000168543 devstack@neutron-api.service[104144]: DEBUG neutron.api.v2.resource_helper [None req-6e2152c5-29cb-49e0-aee9-e7c64b0d2972 None None] Service L3_ROUTER_NAT assigned prefix: {{(pid=104144) build_resource_info /opt/stack/neutron/neutron/api/v2/resource_helper.py:77}}
Apr 20 18:45:57.083111 np0000168543 devstack@neutron-api.service[104144]: DEBUG neutron.api.v2.resource_helper [None req-6e2152c5-29cb-49e0-aee9-e7c64b0d2972 None None] Service FLAVORS assigned prefix: {{(pid=104144) build_resource_info /opt/stack/neutron/neutron/api/v2/resource_helper.py:77}}
Apr 20 18:45:57.084062 np0000168543 devstack@neutron-api.service[104144]: DEBUG neutron.api.v2.resource_helper [None req-6e2152c5-29cb-49e0-aee9-e7c64b0d2972 None None] Service L3_ROUTER_NAT assigned prefix: {{(pid=104144) build_resource_info /opt/stack/neutron/neutron/api/v2/resource_helper.py:77}}
Apr 20 18:45:57.084502 np0000168543 devstack@neutron-api.service[104144]: DEBUG neutron.api.v2.resource_helper [None req-6e2152c5-29cb-49e0-aee9-e7c64b0d2972 None None] Service L3_ROUTER_NAT assigned prefix: {{(pid=104144) build_resource_info /opt/stack/neutron/neutron/api/v2/resource_helper.py:77}}
Apr 20 18:45:57.084676 np0000168543 devstack@neutron-api.service[104144]: INFO neutron.quota.resource_registry [None req-6e2152c5-29cb-49e0-aee9-e7c64b0d2972 None None] Creating instance of TrackedResource for resource:router
Apr 20 18:45:57.084808 np0000168543 devstack@neutron-api.service[104144]: WARNING neutron.quota.resource_registry [None req-6e2152c5-29cb-49e0-aee9-e7c64b0d2972 None None] router is already registered
Apr 20 18:45:57.085245 np0000168543 devstack@neutron-api.service[104144]: INFO neutron.quota.resource_registry [None req-6e2152c5-29cb-49e0-aee9-e7c64b0d2972 None None] Creating instance of TrackedResource for resource:floatingip
Apr 20 18:45:57.085289 np0000168543 devstack@neutron-api.service[104144]: WARNING neutron.quota.resource_registry [None req-6e2152c5-29cb-49e0-aee9-e7c64b0d2972 None None] floatingip is already registered
Apr 20 18:45:57.085729 np0000168543 devstack@neutron-api.service[104141]: INFO neutron.db.ovn_hash_ring_db [None req-d443a951-bcff-43a7-9827-77250b51b170 None None] Nodes from host "np0000168543" and group "mechanism_driver" removed from the Hash Ring created at 2026-04-20 18:45:49+00:00
Apr 20 18:45:57.086229 np0000168543 devstack@neutron-api.service[104144]: INFO neutron.quota.resource_registry [None req-6e2152c5-29cb-49e0-aee9-e7c64b0d2972 None None] Creating instance of CountableResource for resource:rbac_policy
Apr 20 18:45:57.086355 np0000168543 devstack@neutron-api.service[104144]: WARNING neutron.quota.resource_registry [None req-6e2152c5-29cb-49e0-aee9-e7c64b0d2972 None None] rbac_policy is already registered
Apr 20 18:45:57.086985 np0000168543 devstack@neutron-api.service[104144]: INFO neutron.quota.resource_registry [None req-6e2152c5-29cb-49e0-aee9-e7c64b0d2972 None None] Creating instance of TrackedResource for resource:security_group
Apr 20 18:45:57.087136 np0000168543 devstack@neutron-api.service[104144]: WARNING neutron.quota.resource_registry [None req-6e2152c5-29cb-49e0-aee9-e7c64b0d2972 None None] security_group is already registered
Apr 20 18:45:57.087484 np0000168543 devstack@neutron-api.service[104144]: INFO neutron.quota.resource_registry [None req-6e2152c5-29cb-49e0-aee9-e7c64b0d2972 None None] Creating instance of TrackedResource for resource:security_group_rule
Apr 20 18:45:57.087612 np0000168543 devstack@neutron-api.service[104144]: WARNING neutron.quota.resource_registry [None req-6e2152c5-29cb-49e0-aee9-e7c64b0d2972 None None] security_group_rule is already registered
Apr 20 18:45:57.088166 np0000168543 devstack@neutron-api.service[104144]: DEBUG neutron.api.v2.resource_helper [None req-6e2152c5-29cb-49e0-aee9-e7c64b0d2972 None None] Service CORE assigned prefix: {{(pid=104144) build_resource_info /opt/stack/neutron/neutron/api/v2/resource_helper.py:77}}
Apr 20 18:45:57.088263 np0000168543 devstack@neutron-api.service[104144]: INFO neutron.quota.resource_registry [None req-6e2152c5-29cb-49e0-aee9-e7c64b0d2972 None None] Creating instance of TrackedResource for resource:subnetpool
Apr 20 18:45:57.088395 np0000168543 devstack@neutron-api.service[104144]: WARNING neutron.quota.resource_registry [None req-6e2152c5-29cb-49e0-aee9-e7c64b0d2972 None None] subnetpool is already registered
Apr 20 18:45:57.088568 np0000168543 devstack@neutron-api.service[104141]: INFO neutron.db.ovn_hash_ring_db [None req-d443a951-bcff-43a7-9827-77250b51b170 None None] Node 2f879d59241951e09cb49ec437098684 from host "np0000168543" and group "mechanism_driver" added to the Hash Ring
Apr 20 18:45:57.088760 np0000168543 devstack@neutron-api.service[104144]: DEBUG neutron.api.extensions [None req-6e2152c5-29cb-49e0-aee9-e7c64b0d2972 None None] Extended resource: extensions {{(pid=104144) __init__ /opt/stack/neutron/neutron/api/extensions.py:156}}
Apr 20 18:45:57.089518 np0000168543 devstack@neutron-api.service[104144]: DEBUG neutron.api.extensions [None req-6e2152c5-29cb-49e0-aee9-e7c64b0d2972 None None] Extended resource: address-groups {{(pid=104144) __init__ /opt/stack/neutron/neutron/api/extensions.py:156}}
Apr 20 18:45:57.090387 np0000168543 devstack@neutron-api.service[104144]: DEBUG neutron.api.extensions [None req-6e2152c5-29cb-49e0-aee9-e7c64b0d2972 None None] Extended resource: address-scopes {{(pid=104144) __init__ /opt/stack/neutron/neutron/api/extensions.py:156}}
Apr 20 18:45:57.091044 np0000168543 devstack@neutron-api.service[104144]: DEBUG neutron.api.extensions [None req-6e2152c5-29cb-49e0-aee9-e7c64b0d2972 None None] Extended resource: agents {{(pid=104144) __init__ /opt/stack/neutron/neutron/api/extensions.py:156}}
Apr 20 18:45:57.091392 np0000168543 devstack@neutron-api.service[104141]: DEBUG neutron.plugins.ml2.drivers.ovn.mech_driver.mech_driver [None req-d443a951-bcff-43a7-9827-77250b51b170 None None] Hash Ring setup, this worker has detected 3 OVN hash ring registers in the database {{(pid=104141) _init_hash_ring /opt/stack/neutron/neutron/plugins/ml2/drivers/ovn/mech_driver/mech_driver.py:412}}
Apr 20 18:45:57.091733 np0000168543 devstack@neutron-api.service[104144]: DEBUG neutron.api.extensions [None req-6e2152c5-29cb-49e0-aee9-e7c64b0d2972 None None] Extended resource: auto-allocated-topology {{(pid=104144) __init__ /opt/stack/neutron/neutron/api/extensions.py:156}}
Apr 20 18:45:57.092300 np0000168543 devstack@neutron-api.service[104144]: DEBUG neutron.api.extensions [None req-6e2152c5-29cb-49e0-aee9-e7c64b0d2972 None None] Extended resource: availability_zones {{(pid=104144) __init__ /opt/stack/neutron/neutron/api/extensions.py:156}}
Apr 20 18:45:57.093615 np0000168543 devstack@neutron-api.service[104144]: DEBUG neutron.api.extensions [None req-6e2152c5-29cb-49e0-aee9-e7c64b0d2972 None None] Extended resource: dhcp-networks {{(pid=104144) __init__ /opt/stack/neutron/neutron/api/extensions.py:156}}
Apr 20 18:45:57.094306 np0000168543 devstack@neutron-api.service[104144]: DEBUG neutron.api.extensions [None req-6e2152c5-29cb-49e0-aee9-e7c64b0d2972 None None] Extended resource: dhcp-agents {{(pid=104144) __init__ /opt/stack/neutron/neutron/api/extensions.py:156}}
Apr 20 18:45:57.094981 np0000168543 devstack@neutron-api.service[104144]: DEBUG neutron.api.extensions [None req-6e2152c5-29cb-49e0-aee9-e7c64b0d2972 None None] Extended resource: routers {{(pid=104144) __init__ /opt/stack/neutron/neutron/api/extensions.py:156}}
Apr 20 18:45:57.095992 np0000168543 devstack@neutron-api.service[104144]: DEBUG neutron.api.extensions [None req-6e2152c5-29cb-49e0-aee9-e7c64b0d2972 None None] Extended resource: flavors {{(pid=104144) __init__ /opt/stack/neutron/neutron/api/extensions.py:156}}
Apr 20 18:45:57.096509 np0000168543 devstack@neutron-api.service[104144]: DEBUG neutron.api.extensions [None req-6e2152c5-29cb-49e0-aee9-e7c64b0d2972 None None] Extended resource: service_profiles {{(pid=104144) __init__ /opt/stack/neutron/neutron/api/extensions.py:156}}
Apr 20 18:45:57.097043 np0000168543 devstack@neutron-api.service[104144]: DEBUG neutron.api.extensions [None req-6e2152c5-29cb-49e0-aee9-e7c64b0d2972 None None] Extended resource: next_providers {{(pid=104144) __init__ /opt/stack/neutron/neutron/api/extensions.py:156}}
Apr 20 18:45:57.097730 np0000168543 devstack@neutron-api.service[104144]: DEBUG neutron.api.extensions [None req-6e2152c5-29cb-49e0-aee9-e7c64b0d2972 None None] Extended resource: service_profiles {{(pid=104144) __init__ /opt/stack/neutron/neutron/api/extensions.py:156}}
Apr 20 18:45:57.098411 np0000168543 devstack@neutron-api.service[104144]: DEBUG neutron.api.extensions [None req-6e2152c5-29cb-49e0-aee9-e7c64b0d2972 None None] Extended resource: floatingip-pools {{(pid=104144) __init__ /opt/stack/neutron/neutron/api/extensions.py:156}}
Apr 20 18:45:57.098700 np0000168543 devstack@neutron-api.service[104141]: DEBUG neutron.plugins.ml2.drivers.ovn.mech_driver.ovsdb.maintenance [None req-d443a951-bcff-43a7-9827-77250b51b170 None None] Periodic task found: HashRingHealthCheckPeriodics.touch_hash_ring_node {{(pid=104141) add_periodics /opt/stack/neutron/neutron/plugins/ml2/drivers/ovn/mech_driver/ovsdb/maintenance.py:148}}
Apr 20 18:45:57.098947 np0000168543 devstack@neutron-api.service[104144]: DEBUG neutron.api.extensions [None req-6e2152c5-29cb-49e0-aee9-e7c64b0d2972 None None] Extended resource: routers {{(pid=104144) __init__ /opt/stack/neutron/neutron/api/extensions.py:156}}
Apr 20 18:45:57.099953 np0000168543 devstack@neutron-api.service[104144]: DEBUG neutron.api.extensions [None req-6e2152c5-29cb-49e0-aee9-e7c64b0d2972 None None] Extended resource: floatingips {{(pid=104144) __init__ /opt/stack/neutron/neutron/api/extensions.py:156}}
Apr 20 18:45:57.099994 np0000168543 devstack@neutron-api.service[104141]: INFO neutron.plugins.ml2.drivers.ovn.mech_driver.mech_driver [None req-d443a951-bcff-43a7-9827-77250b51b170 None None] Hash Ring probing thread for node 2f879d59241951e09cb49ec437098684 has started
Apr 20 18:45:57.100482 np0000168543 devstack@neutron-api.service[104144]: DEBUG neutron.api.extensions [None req-6e2152c5-29cb-49e0-aee9-e7c64b0d2972 None None] Extended resource: network-ip-availabilities {{(pid=104144) __init__ /opt/stack/neutron/neutron/api/extensions.py:156}}
Apr 20 18:45:57.100660 np0000168543 devstack@neutron-api.service[104141]: INFO neutron.plugins.ml2.drivers.ovn.mech_driver.ovsdb.impl_idl_ovn [None req-d443a951-bcff-43a7-9827-77250b51b170 None None] Getting OvsdbNbOvnIdl for WorkerService with retry
Apr 20 18:45:57.101040 np0000168543 devstack@neutron-api.service[104144]: DEBUG neutron.api.extensions [None req-6e2152c5-29cb-49e0-aee9-e7c64b0d2972 None None] Extended resource: network-ip-availabilities {{(pid=104144) __init__ /opt/stack/neutron/neutron/api/extensions.py:156}}
Apr 20 18:45:57.101645 np0000168543 devstack@neutron-api.service[104144]: DEBUG neutron.api.extensions [None req-6e2152c5-29cb-49e0-aee9-e7c64b0d2972 None None] Extended resource: bindings {{(pid=104144) __init__ /opt/stack/neutron/neutron/api/extensions.py:156}}
Apr 20 18:45:57.102366 np0000168543 devstack@neutron-api.service[104144]: DEBUG neutron.api.extensions [None req-6e2152c5-29cb-49e0-aee9-e7c64b0d2972 None None] Extended resource: quotas {{(pid=104144) __init__ /opt/stack/neutron/neutron/api/extensions.py:156}}
Apr 20 18:45:57.103048 np0000168543 devstack@neutron-api.service[104144]: DEBUG neutron.api.extensions [None req-6e2152c5-29cb-49e0-aee9-e7c64b0d2972 None None] Extended resource: quotas {{(pid=104144) __init__ /opt/stack/neutron/neutron/api/extensions.py:156}}
Apr 20 18:45:57.103751 np0000168543 devstack@neutron-api.service[104144]: DEBUG neutron.api.extensions [None req-6e2152c5-29cb-49e0-aee9-e7c64b0d2972 None None] Extended resource: rbac-policies {{(pid=104144) __init__ /opt/stack/neutron/neutron/api/extensions.py:156}}
Apr 20 18:45:57.104270 np0000168543 devstack@neutron-api.service[104144]: DEBUG neutron.api.extensions [None req-6e2152c5-29cb-49e0-aee9-e7c64b0d2972 None None] Extended resource: default-security-group-rules {{(pid=104144) __init__ /opt/stack/neutron/neutron/api/extensions.py:156}}
Apr 20 18:45:57.104816 np0000168543 devstack@neutron-api.service[104144]: DEBUG neutron.api.extensions [None req-6e2152c5-29cb-49e0-aee9-e7c64b0d2972 None None] Extended resource: security-groups {{(pid=104144) __init__ /opt/stack/neutron/neutron/api/extensions.py:156}}
Apr 20 18:45:57.105381 np0000168543 devstack@neutron-api.service[104144]: DEBUG neutron.api.extensions [None req-6e2152c5-29cb-49e0-aee9-e7c64b0d2972 None None] Extended resource: security-group-rules {{(pid=104144) __init__ /opt/stack/neutron/neutron/api/extensions.py:156}}
Apr 20 18:45:57.105900 np0000168543 devstack@neutron-api.service[104144]: DEBUG neutron.api.extensions [None req-6e2152c5-29cb-49e0-aee9-e7c64b0d2972 None None] Extended resource: service-providers {{(pid=104144) __init__ /opt/stack/neutron/neutron/api/extensions.py:156}}
Apr 20 18:45:57.106672 np0000168543 devstack@neutron-api.service[104144]: DEBUG neutron.api.extensions [None req-6e2152c5-29cb-49e0-aee9-e7c64b0d2972 None None] Extended resource: subnetpools {{(pid=104144) __init__ /opt/stack/neutron/neutron/api/extensions.py:156}}
Apr 20 18:45:57.107361 np0000168543 devstack@neutron-api.service[104144]: DEBUG neutron.api.extensions [None req-6e2152c5-29cb-49e0-aee9-e7c64b0d2972 None None] Extended resource: tags {{(pid=104144) __init__ /opt/stack/neutron/neutron/api/extensions.py:156}}
Apr 20 18:45:57.108860 np0000168543 devstack@neutron-api.service[104144]: DEBUG neutron.api.extensions [None req-6e2152c5-29cb-49e0-aee9-e7c64b0d2972 None None] Extended resource: tags {{(pid=104144) __init__ /opt/stack/neutron/neutron/api/extensions.py:156}}
Apr 20 18:45:57.108860 np0000168543 devstack@neutron-api.service[104144]: DEBUG neutron.api.extensions [None req-6e2152c5-29cb-49e0-aee9-e7c64b0d2972 None None] Extended resource: tags {{(pid=104144) __init__ /opt/stack/neutron/neutron/api/extensions.py:156}}
Apr 20 18:45:57.109715 np0000168543 devstack@neutron-api.service[104144]: DEBUG neutron.api.extensions [None req-6e2152c5-29cb-49e0-aee9-e7c64b0d2972 None None] Extended resource: tags {{(pid=104144) __init__ /opt/stack/neutron/neutron/api/extensions.py:156}}
Apr 20 18:45:57.110533 np0000168543 devstack@neutron-api.service[104144]: DEBUG neutron.api.extensions [None req-6e2152c5-29cb-49e0-aee9-e7c64b0d2972 None None] Extended resource: tags {{(pid=104144) __init__ /opt/stack/neutron/neutron/api/extensions.py:156}}
Apr 20 18:45:57.111388 np0000168543 devstack@neutron-api.service[104144]: DEBUG neutron.api.extensions [None req-6e2152c5-29cb-49e0-aee9-e7c64b0d2972 None None] Extended resource: tags {{(pid=104144) __init__ /opt/stack/neutron/neutron/api/extensions.py:156}}
Apr 20 18:45:57.112143 np0000168543 devstack@neutron-api.service[104144]: DEBUG neutron.api.extensions [None req-6e2152c5-29cb-49e0-aee9-e7c64b0d2972 None None] Extended resource: tags {{(pid=104144) __init__ /opt/stack/neutron/neutron/api/extensions.py:156}}
Apr 20 18:45:57.112864 np0000168543 devstack@neutron-api.service[104143]: DEBUG ovsdbapp.backend.ovs_idl [None req-99e1d5b7-ceb0-412e-9752-c0e6e7804ca8 None None] Created lookup_table index Logical_Switch.name {{(pid=104143) autocreate_indices /opt/stack/data/venv/lib/python3.12/site-packages/ovsdbapp/backend/ovs_idl/__init__.py:87}}
Apr 20 18:45:57.112954 np0000168543 devstack@neutron-api.service[104144]: DEBUG neutron.api.extensions [None req-6e2152c5-29cb-49e0-aee9-e7c64b0d2972 None None] Extended resource: tags {{(pid=104144) __init__ /opt/stack/neutron/neutron/api/extensions.py:156}}
Apr 20 18:45:57.113018 np0000168543 devstack@neutron-api.service[104143]: DEBUG ovsdbapp.backend.ovs_idl [None req-99e1d5b7-ceb0-412e-9752-c0e6e7804ca8 None None] Created lookup_table index Logical_Router.name {{(pid=104143) autocreate_indices /opt/stack/data/venv/lib/python3.12/site-packages/ovsdbapp/backend/ovs_idl/__init__.py:87}}
Apr 20 18:45:57.113187 np0000168543 devstack@neutron-api.service[104143]: DEBUG ovsdbapp.backend.ovs_idl [None req-99e1d5b7-ceb0-412e-9752-c0e6e7804ca8 None None] Created lookup_table index Load_Balancer.name {{(pid=104143) autocreate_indices /opt/stack/data/venv/lib/python3.12/site-packages/ovsdbapp/backend/ovs_idl/__init__.py:87}}
Apr 20 18:45:57.113340 np0000168543 devstack@neutron-api.service[104143]: DEBUG ovsdbapp.backend.ovs_idl [None req-99e1d5b7-ceb0-412e-9752-c0e6e7804ca8 None None] Created schema index Copp.name {{(pid=104143) autocreate_indices /opt/stack/data/venv/lib/python3.12/site-packages/ovsdbapp/backend/ovs_idl/__init__.py:106}}
Apr 20 18:45:57.113483 np0000168543 devstack@neutron-api.service[104143]: DEBUG ovsdbapp.backend.ovs_idl [None req-99e1d5b7-ceb0-412e-9752-c0e6e7804ca8 None None] Created schema index Meter.name {{(pid=104143) autocreate_indices /opt/stack/data/venv/lib/python3.12/site-packages/ovsdbapp/backend/ovs_idl/__init__.py:106}}
Apr 20 18:45:57.113617 np0000168543 devstack@neutron-api.service[104143]: DEBUG ovsdbapp.backend.ovs_idl [None req-99e1d5b7-ceb0-412e-9752-c0e6e7804ca8 None None] Created schema index Load_Balancer_Group.name {{(pid=104143) autocreate_indices /opt/stack/data/venv/lib/python3.12/site-packages/ovsdbapp/backend/ovs_idl/__init__.py:106}}
Apr 20 18:45:57.113752 np0000168543 devstack@neutron-api.service[104144]: DEBUG neutron.api.extensions [None req-6e2152c5-29cb-49e0-aee9-e7c64b0d2972 None None] Extended resource: tags {{(pid=104144) __init__ /opt/stack/neutron/neutron/api/extensions.py:156}}
Apr 20 18:45:57.113808 np0000168543 devstack@neutron-api.service[104143]: DEBUG ovsdbapp.backend.ovs_idl [None req-99e1d5b7-ceb0-412e-9752-c0e6e7804ca8 None None] Created schema index HA_Chassis_Group.name {{(pid=104143) autocreate_indices /opt/stack/data/venv/lib/python3.12/site-packages/ovsdbapp/backend/ovs_idl/__init__.py:106}}
Apr 20 18:45:57.113883 np0000168543 devstack@neutron-api.service[104143]: DEBUG ovsdbapp.backend.ovs_idl [None req-99e1d5b7-ceb0-412e-9752-c0e6e7804ca8 None None] Created schema index Address_Set.name {{(pid=104143) autocreate_indices /opt/stack/data/venv/lib/python3.12/site-packages/ovsdbapp/backend/ovs_idl/__init__.py:106}}
Apr 20 18:45:57.114022 np0000168543 devstack@neutron-api.service[104143]: DEBUG ovsdbapp.backend.ovs_idl [None req-99e1d5b7-ceb0-412e-9752-c0e6e7804ca8 None None] Created schema index Connection.target {{(pid=104143) autocreate_indices /opt/stack/data/venv/lib/python3.12/site-packages/ovsdbapp/backend/ovs_idl/__init__.py:106}}
Apr 20 18:45:57.114181 np0000168543 devstack@neutron-api.service[104143]: DEBUG ovsdbapp.backend.ovs_idl [None req-99e1d5b7-ceb0-412e-9752-c0e6e7804ca8 None None] Created schema index Gateway_Chassis.name {{(pid=104143) autocreate_indices /opt/stack/data/venv/lib/python3.12/site-packages/ovsdbapp/backend/ovs_idl/__init__.py:106}}
Apr 20 18:45:57.114338 np0000168543 devstack@neutron-api.service[104143]: DEBUG ovsdbapp.backend.ovs_idl [None req-99e1d5b7-ceb0-412e-9752-c0e6e7804ca8 None None] Created schema index Mirror.name {{(pid=104143) autocreate_indices /opt/stack/data/venv/lib/python3.12/site-packages/ovsdbapp/backend/ovs_idl/__init__.py:106}}
Apr 20 18:45:57.114474 np0000168543 devstack@neutron-api.service[104143]: DEBUG ovsdbapp.backend.ovs_idl [None req-99e1d5b7-ceb0-412e-9752-c0e6e7804ca8 None None] Created schema index Chassis_Template_Var.chassis {{(pid=104143) autocreate_indices /opt/stack/data/venv/lib/python3.12/site-packages/ovsdbapp/backend/ovs_idl/__init__.py:106}}
Apr 20 18:45:57.114603 np0000168543 devstack@neutron-api.service[104143]: DEBUG ovsdbapp.backend.ovs_idl [None req-99e1d5b7-ceb0-412e-9752-c0e6e7804ca8 None None] Created schema index Logical_Router_Port.name {{(pid=104143) autocreate_indices /opt/stack/data/venv/lib/python3.12/site-packages/ovsdbapp/backend/ovs_idl/__init__.py:106}}
Apr 20 18:45:57.114658 np0000168543 devstack@neutron-api.service[104144]: DEBUG neutron.api.extensions [None req-6e2152c5-29cb-49e0-aee9-e7c64b0d2972 None None] Extended resource: tags {{(pid=104144) __init__ /opt/stack/neutron/neutron/api/extensions.py:156}}
Apr 20 18:45:57.114735 np0000168543 devstack@neutron-api.service[104143]: DEBUG ovsdbapp.backend.ovs_idl [None req-99e1d5b7-ceb0-412e-9752-c0e6e7804ca8 None None] Created schema index Port_Group.name {{(pid=104143) autocreate_indices /opt/stack/data/venv/lib/python3.12/site-packages/ovsdbapp/backend/ovs_idl/__init__.py:106}}
Apr 20 18:45:57.114863 np0000168543 devstack@neutron-api.service[104143]: DEBUG ovsdbapp.backend.ovs_idl [None req-99e1d5b7-ceb0-412e-9752-c0e6e7804ca8 None None] Created schema index Logical_Switch_Port.name {{(pid=104143) autocreate_indices /opt/stack/data/venv/lib/python3.12/site-packages/ovsdbapp/backend/ovs_idl/__init__.py:106}}
Apr 20 18:45:57.118068 np0000168543 devstack@neutron-api.service[104143]: INFO ovsdbapp.backend.ovs_idl.vlog [None req-99e1d5b7-ceb0-412e-9752-c0e6e7804ca8 None None] ssl:199.204.45.65:6641: connecting...
Apr 20 18:45:57.118195 np0000168543 devstack@neutron-api.service[104144]: WARNING keystonemiddleware.auth_token [None req-6e2152c5-29cb-49e0-aee9-e7c64b0d2972 None None] AuthToken middleware is set with keystone_authtoken.service_token_roles_required set to False. This is backwards compatible but deprecated behaviour. Please set this to True.
Apr 20 18:45:57.123944 np0000168543 devstack@neutron-api.service[104143]: INFO ovsdbapp.backend.ovs_idl.vlog [None req-99e1d5b7-ceb0-412e-9752-c0e6e7804ca8 None None] ssl:199.204.45.65:6641: connected
Apr 20 18:45:57.125550 np0000168543 devstack@neutron-api.service[104144]: DEBUG neutron_lib.callbacks.manager [None req-6e2152c5-29cb-49e0-aee9-e7c64b0d2972 None None] Publish callbacks ['neutron.plugins.ml2.drivers.ovn.mech_driver.mech_driver.OVNMechanismDriver.pre_fork_initialize-79294'] for process (None), before_spawn {{(pid=104144) _notify_loop /opt/stack/data/venv/lib/python3.12/site-packages/neutron_lib/callbacks/manager.py:184}}
Apr 20 18:45:57.126055 np0000168543 devstack@neutron-api.service[104144]: DEBUG oslo_concurrency.processutils [None req-6e2152c5-29cb-49e0-aee9-e7c64b0d2972 None None] Running cmd (subprocess): ovsdb-client transact ssl:199.204.45.65:6641 --timeout 180 -p /opt/stack/data/CA/int-ca/private/devstack-cert.key -c /opt/stack/data/CA/int-ca/devstack-cert.crt -C /opt/stack/data/CA/int-ca/ca-chain.pem ["OVN_Northbound", {"op": "wait", "timeout": 0, "table": "Port_Group", "where": [["name", "==", "neutron_pg_drop"]], "until": "==", "rows": []}, {"op": "insert", "table": "ACL", "row": {"action": "drop", "direction": "to-lport", "match": "outport == @neutron_pg_drop && ip", "priority": 1001}, "uuid-name": "droptoport"}, {"op": "insert", "table": "ACL", "row": {"action": "drop", "direction": "from-lport", "match": "inport == @neutron_pg_drop && ip", "priority": 1001}, "uuid-name": "dropfromport"}, {"op": "insert", "table": "Port_Group", "row": {"name": "neutron_pg_drop", "acls": ["set", [["named-uuid", "droptoport"], ["named-uuid", "dropfromport"]]]}}] {{(pid=104144) execute /opt/stack/data/venv/lib/python3.12/site-packages/oslo_concurrency/processutils.py:440}}
Apr 20 18:45:57.165230 np0000168543 devstack@neutron-api.service[104143]: DEBUG neutron.common.ovn.hash_ring_manager [None req-99e1d5b7-ceb0-412e-9752-c0e6e7804ca8 None None] Disallow caching, nodes 3<4 {{(pid=104143) _wait_startup_before_caching /opt/stack/neutron/neutron/common/ovn/hash_ring_manager.py:72}}
Apr 20 18:45:57.171021 np0000168543 devstack@neutron-api.service[104143]: DEBUG neutron.common.ovn.hash_ring_manager [None req-99e1d5b7-ceb0-412e-9752-c0e6e7804ca8 None None] Hash Ring loaded. 3 active nodes. 0 offline nodes {{(pid=104143) _load_hash_ring /opt/stack/neutron/neutron/common/ovn/hash_ring_manager.py:102}}
Apr 20 18:45:57.171395 np0000168543 devstack@neutron-api.service[104143]: DEBUG neutron.plugins.ml2.drivers.ovn.mech_driver.ovsdb.ovsdb_monitor [None req-99e1d5b7-ceb0-412e-9752-c0e6e7804ca8 None None] Hash Ring: Node f89e051dcc605b7fa4288a5c74b7cff4 (host: np0000168543) handling event "create" for row 91651e61-6f39-4d60-b68c-5fae2fbdca26 (table: ACL) {{(pid=104143) notify /opt/stack/neutron/neutron/plugins/ml2/drivers/ovn/mech_driver/ovsdb/ovsdb_monitor.py:914}}
Apr 20 18:45:57.173919 np0000168543 devstack@neutron-api.service[104144]: DEBUG oslo_concurrency.processutils [None req-6e2152c5-29cb-49e0-aee9-e7c64b0d2972 None None] CMD "ovsdb-client transact ssl:199.204.45.65:6641 --timeout 180 -p /opt/stack/data/CA/int-ca/private/devstack-cert.key -c /opt/stack/data/CA/int-ca/devstack-cert.crt -C /opt/stack/data/CA/int-ca/ca-chain.pem ["OVN_Northbound", {"op": "wait", "timeout": 0, "table": "Port_Group", "where": [["name", "==", "neutron_pg_drop"]], "until": "==", "rows": []}, {"op": "insert", "table": "ACL", "row": {"action": "drop", "direction": "to-lport", "match": "outport == @neutron_pg_drop && ip", "priority": 1001}, "uuid-name": "droptoport"}, {"op": "insert", "table": "ACL", "row": {"action": "drop", "direction": "from-lport", "match": "inport == @neutron_pg_drop && ip", "priority": 1001}, "uuid-name": "dropfromport"}, {"op": "insert", "table": "Port_Group", "row": {"name": "neutron_pg_drop", "acls": ["set", [["named-uuid", "droptoport"], ["named-uuid", "dropfromport"]]]}}]" returned: 0 in 0.047s {{(pid=104144) execute /opt/stack/data/venv/lib/python3.12/site-packages/oslo_concurrency/processutils.py:468}}
Apr 20 18:45:57.174705 np0000168543 devstack@neutron-api.service[104144]: DEBUG neutron_lib.callbacks.manager [None req-6e2152c5-29cb-49e0-aee9-e7c64b0d2972 None None] Publish callbacks ['neutron.plugins.ml2.drivers.ovn.mech_driver.mech_driver.OVNMechanismDriver.post_fork_initialize-79318', 'neutron.services.ovn_l3.plugin.OVNL3RouterPlugin._post_fork_initialize-3289'] for process (None), after_init {{(pid=104144) _notify_loop /opt/stack/data/venv/lib/python3.12/site-packages/neutron_lib/callbacks/manager.py:184}}
Apr 20 18:45:57.175417 np0000168543 devstack@neutron-api.service[104144]: DEBUG oslo_concurrency.lockutils [None req-6e2152c5-29cb-49e0-aee9-e7c64b0d2972 None None] Acquiring lock "singleton_lock" {{(pid=104144) lock /opt/stack/data/venv/lib/python3.12/site-packages/oslo_concurrency/lockutils.py:390}}
Apr 20 18:45:57.175629 np0000168543 devstack@neutron-api.service[104144]: DEBUG oslo_concurrency.lockutils [None req-6e2152c5-29cb-49e0-aee9-e7c64b0d2972 None None] Acquired lock "singleton_lock" {{(pid=104144) lock /opt/stack/data/venv/lib/python3.12/site-packages/oslo_concurrency/lockutils.py:393}}
Apr 20 18:45:57.176184 np0000168543 devstack@neutron-api.service[104144]: DEBUG oslo_concurrency.lockutils [None req-6e2152c5-29cb-49e0-aee9-e7c64b0d2972 None None] Releasing lock "singleton_lock" {{(pid=104144) lock /opt/stack/data/venv/lib/python3.12/site-packages/oslo_concurrency/lockutils.py:413}}
Apr 20 18:45:57.179441 np0000168543 devstack@neutron-api.service[104143]: DEBUG neutron.common.ovn.hash_ring_manager [None req-99e1d5b7-ceb0-412e-9752-c0e6e7804ca8 None None] Hash Ring loaded. 3 active nodes. 0 offline nodes {{(pid=104143) _load_hash_ring /opt/stack/neutron/neutron/common/ovn/hash_ring_manager.py:102}}
Apr 20 18:45:57.179677 np0000168543 devstack@neutron-api.service[104144]: DEBUG neutron.plugins.ml2.drivers.ovn.mech_driver.mech_driver [None req-6e2152c5-29cb-49e0-aee9-e7c64b0d2972 None None] Hash Ring setup using WSGI start time 2026-04-20 18:45:49+00:00 {{(pid=104144) _init_hash_ring /opt/stack/neutron/neutron/plugins/ml2/drivers/ovn/mech_driver/mech_driver.py:402}}
Apr 20 18:45:57.184300 np0000168543 devstack@neutron-api.service[104141]: DEBUG ovsdbapp.backend.ovs_idl [None req-d443a951-bcff-43a7-9827-77250b51b170 None None] Created lookup_table index Logical_Switch.name {{(pid=104141) autocreate_indices /opt/stack/data/venv/lib/python3.12/site-packages/ovsdbapp/backend/ovs_idl/__init__.py:87}}
Apr 20 18:45:57.184409 np0000168543 devstack@neutron-api.service[104141]: DEBUG ovsdbapp.backend.ovs_idl [None req-d443a951-bcff-43a7-9827-77250b51b170 None None] Created lookup_table index Logical_Router.name {{(pid=104141) autocreate_indices /opt/stack/data/venv/lib/python3.12/site-packages/ovsdbapp/backend/ovs_idl/__init__.py:87}}
Apr 20 18:45:57.184508 np0000168543 devstack@neutron-api.service[104141]: DEBUG ovsdbapp.backend.ovs_idl [None req-d443a951-bcff-43a7-9827-77250b51b170 None None] Created lookup_table index Load_Balancer.name {{(pid=104141) autocreate_indices /opt/stack/data/venv/lib/python3.12/site-packages/ovsdbapp/backend/ovs_idl/__init__.py:87}}
Apr 20 18:45:57.184615 np0000168543 devstack@neutron-api.service[104141]: DEBUG ovsdbapp.backend.ovs_idl [None req-d443a951-bcff-43a7-9827-77250b51b170 None None] Created schema index Copp.name {{(pid=104141) autocreate_indices /opt/stack/data/venv/lib/python3.12/site-packages/ovsdbapp/backend/ovs_idl/__init__.py:106}}
Apr 20 18:45:57.184710 np0000168543 devstack@neutron-api.service[104141]: DEBUG ovsdbapp.backend.ovs_idl [None req-d443a951-bcff-43a7-9827-77250b51b170 None None] Created schema index Meter.name {{(pid=104141) autocreate_indices /opt/stack/data/venv/lib/python3.12/site-packages/ovsdbapp/backend/ovs_idl/__init__.py:106}}
Apr 20 18:45:57.184794 np0000168543 devstack@neutron-api.service[104141]: DEBUG ovsdbapp.backend.ovs_idl [None req-d443a951-bcff-43a7-9827-77250b51b170 None None] Created schema index Load_Balancer_Group.name {{(pid=104141) autocreate_indices /opt/stack/data/venv/lib/python3.12/site-packages/ovsdbapp/backend/ovs_idl/__init__.py:106}}
Apr 20 18:45:57.184883 np0000168543 devstack@neutron-api.service[104141]: DEBUG ovsdbapp.backend.ovs_idl [None req-d443a951-bcff-43a7-9827-77250b51b170 None None] Created schema index HA_Chassis_Group.name {{(pid=104141) autocreate_indices /opt/stack/data/venv/lib/python3.12/site-packages/ovsdbapp/backend/ovs_idl/__init__.py:106}}
Apr 20 18:45:57.184971 np0000168543 devstack@neutron-api.service[104141]: DEBUG ovsdbapp.backend.ovs_idl [None req-d443a951-bcff-43a7-9827-77250b51b170 None None] Created schema index Address_Set.name {{(pid=104141) autocreate_indices /opt/stack/data/venv/lib/python3.12/site-packages/ovsdbapp/backend/ovs_idl/__init__.py:106}}
Apr 20 18:45:57.185089 np0000168543 devstack@neutron-api.service[104141]: DEBUG ovsdbapp.backend.ovs_idl [None req-d443a951-bcff-43a7-9827-77250b51b170 None None] Created schema index Connection.target {{(pid=104141) autocreate_indices /opt/stack/data/venv/lib/python3.12/site-packages/ovsdbapp/backend/ovs_idl/__init__.py:106}}
Apr 20 18:45:57.185182 np0000168543 devstack@neutron-api.service[104141]: DEBUG ovsdbapp.backend.ovs_idl [None req-d443a951-bcff-43a7-9827-77250b51b170 None None] Created schema index Gateway_Chassis.name {{(pid=104141) autocreate_indices /opt/stack/data/venv/lib/python3.12/site-packages/ovsdbapp/backend/ovs_idl/__init__.py:106}}
Apr 20 18:45:57.185249 np0000168543 devstack@neutron-api.service[104143]: DEBUG neutron.common.ovn.hash_ring_manager [None req-99e1d5b7-ceb0-412e-9752-c0e6e7804ca8 None None] Hash Ring loaded. 3 active nodes. 0 offline nodes {{(pid=104143) _load_hash_ring /opt/stack/neutron/neutron/common/ovn/hash_ring_manager.py:102}}
Apr 20 18:45:57.185289 np0000168543 devstack@neutron-api.service[104141]: DEBUG ovsdbapp.backend.ovs_idl [None req-d443a951-bcff-43a7-9827-77250b51b170 None None] Created schema index Mirror.name {{(pid=104141) autocreate_indices /opt/stack/data/venv/lib/python3.12/site-packages/ovsdbapp/backend/ovs_idl/__init__.py:106}}
Apr 20 18:45:57.185359 np0000168543 devstack@neutron-api.service[104141]: DEBUG ovsdbapp.backend.ovs_idl [None req-d443a951-bcff-43a7-9827-77250b51b170 None None] Created schema index Chassis_Template_Var.chassis {{(pid=104141) autocreate_indices /opt/stack/data/venv/lib/python3.12/site-packages/ovsdbapp/backend/ovs_idl/__init__.py:106}}
Apr 20 18:45:57.185467 np0000168543 devstack@neutron-api.service[104141]: DEBUG ovsdbapp.backend.ovs_idl [None req-d443a951-bcff-43a7-9827-77250b51b170 None None] Created schema index Logical_Router_Port.name {{(pid=104141) autocreate_indices /opt/stack/data/venv/lib/python3.12/site-packages/ovsdbapp/backend/ovs_idl/__init__.py:106}}
Apr 20 18:45:57.185541 np0000168543 devstack@neutron-api.service[104141]: DEBUG ovsdbapp.backend.ovs_idl [None req-d443a951-bcff-43a7-9827-77250b51b170 None None] Created schema index Port_Group.name {{(pid=104141) autocreate_indices /opt/stack/data/venv/lib/python3.12/site-packages/ovsdbapp/backend/ovs_idl/__init__.py:106}}
Apr 20 18:45:57.185629 np0000168543 devstack@neutron-api.service[104141]: DEBUG ovsdbapp.backend.ovs_idl [None req-d443a951-bcff-43a7-9827-77250b51b170 None None] Created schema index Logical_Switch_Port.name {{(pid=104141) autocreate_indices /opt/stack/data/venv/lib/python3.12/site-packages/ovsdbapp/backend/ovs_idl/__init__.py:106}}
Apr 20 18:45:57.188063 np0000168543 devstack@neutron-api.service[104141]: INFO ovsdbapp.backend.ovs_idl.vlog [None req-d443a951-bcff-43a7-9827-77250b51b170 None None] ssl:199.204.45.65:6641: connecting...
Apr 20 18:45:57.188489 np0000168543 devstack@neutron-api.service[104144]: INFO neutron.db.ovn_hash_ring_db [None req-6e2152c5-29cb-49e0-aee9-e7c64b0d2972 None None] Nodes from host "np0000168543" and group "mechanism_driver" removed from the Hash Ring created at 2026-04-20 18:45:49+00:00
Apr 20 18:45:57.191707 np0000168543 devstack@neutron-api.service[104144]: INFO neutron.db.ovn_hash_ring_db [None req-6e2152c5-29cb-49e0-aee9-e7c64b0d2972 None None] Node a66bae203e3859c99278ce34366e5b16 from host "np0000168543" and group "mechanism_driver" added to the Hash Ring
Apr 20 18:45:57.192396 np0000168543 devstack@neutron-api.service[104143]: DEBUG neutron.common.ovn.hash_ring_manager [None req-99e1d5b7-ceb0-412e-9752-c0e6e7804ca8 None None] Hash Ring loaded. 3 active nodes. 0 offline nodes {{(pid=104143) _load_hash_ring /opt/stack/neutron/neutron/common/ovn/hash_ring_manager.py:102}}
Apr 20 18:45:57.193816 np0000168543 devstack@neutron-api.service[104141]: INFO ovsdbapp.backend.ovs_idl.vlog [None req-d443a951-bcff-43a7-9827-77250b51b170 None None] ssl:199.204.45.65:6641: connected
Apr 20 18:45:57.194879 np0000168543 devstack@neutron-api.service[104144]: DEBUG neutron.plugins.ml2.drivers.ovn.mech_driver.mech_driver [None req-6e2152c5-29cb-49e0-aee9-e7c64b0d2972 None None] Hash Ring setup, this worker has detected 4 OVN hash ring registers in the database {{(pid=104144) _init_hash_ring /opt/stack/neutron/neutron/plugins/ml2/drivers/ovn/mech_driver/mech_driver.py:412}}
Apr 20 18:45:57.199136 np0000168543 devstack@neutron-api.service[104143]: DEBUG neutron.common.ovn.hash_ring_manager [None req-99e1d5b7-ceb0-412e-9752-c0e6e7804ca8 None None] Hash Ring loaded. 3 active nodes. 0 offline nodes {{(pid=104143) _load_hash_ring /opt/stack/neutron/neutron/common/ovn/hash_ring_manager.py:102}}
Apr 20 18:45:57.202991 np0000168543 devstack@neutron-api.service[104144]: DEBUG neutron.plugins.ml2.drivers.ovn.mech_driver.ovsdb.maintenance [None req-6e2152c5-29cb-49e0-aee9-e7c64b0d2972 None None] Periodic task found: HashRingHealthCheckPeriodics.touch_hash_ring_node {{(pid=104144) add_periodics /opt/stack/neutron/neutron/plugins/ml2/drivers/ovn/mech_driver/ovsdb/maintenance.py:148}}
Apr 20 18:45:57.204159 np0000168543 devstack@neutron-api.service[104143]: DEBUG neutron.common.ovn.hash_ring_manager [None req-99e1d5b7-ceb0-412e-9752-c0e6e7804ca8 None None] Hash Ring loaded. 4 active nodes. 0 offline nodes {{(pid=104143) _load_hash_ring /opt/stack/neutron/neutron/common/ovn/hash_ring_manager.py:102}}
Apr 20 18:45:57.205067 np0000168543 devstack@neutron-api.service[104143]: INFO neutron.plugins.ml2.drivers.ovn.mech_driver.ovsdb.impl_idl_ovn [None req-99e1d5b7-ceb0-412e-9752-c0e6e7804ca8 None None] Getting OvsdbSbOvnIdl for WorkerService with retry
Apr 20 18:45:57.205135 np0000168543 devstack@neutron-api.service[104144]: INFO neutron.plugins.ml2.drivers.ovn.mech_driver.mech_driver [None req-6e2152c5-29cb-49e0-aee9-e7c64b0d2972 None None] Hash Ring probing thread for node a66bae203e3859c99278ce34366e5b16 has started
Apr 20 18:45:57.205782 np0000168543 devstack@neutron-api.service[104144]: INFO neutron.plugins.ml2.drivers.ovn.mech_driver.ovsdb.impl_idl_ovn [None req-6e2152c5-29cb-49e0-aee9-e7c64b0d2972 None None] Getting OvsdbNbOvnIdl for WorkerService with retry
Apr 20 18:45:57.231811 np0000168543 devstack@neutron-api.service[104141]: DEBUG neutron.common.ovn.hash_ring_manager [None req-d443a951-bcff-43a7-9827-77250b51b170 None None] Allow caching, nodes 4>=4 {{(pid=104141) _wait_startup_before_caching /opt/stack/neutron/neutron/common/ovn/hash_ring_manager.py:65}}
Apr 20 18:45:57.234898 np0000168543 devstack@neutron-api.service[104143]: DEBUG ovsdbapp.backend.ovs_idl [None req-99e1d5b7-ceb0-412e-9752-c0e6e7804ca8 None None] Created lookup_table index Chassis.name {{(pid=104143) autocreate_indices /opt/stack/data/venv/lib/python3.12/site-packages/ovsdbapp/backend/ovs_idl/__init__.py:87}}
Apr 20 18:45:57.234986 np0000168543 devstack@neutron-api.service[104143]: DEBUG ovsdbapp.backend.ovs_idl [None req-99e1d5b7-ceb0-412e-9752-c0e6e7804ca8 None None] Created lookup_table index Port_Binding.logical_port {{(pid=104143) autocreate_indices /opt/stack/data/venv/lib/python3.12/site-packages/ovsdbapp/backend/ovs_idl/__init__.py:87}}
Apr 20 18:45:57.235101 np0000168543 devstack@neutron-api.service[104143]: DEBUG ovsdbapp.backend.ovs_idl [None req-99e1d5b7-ceb0-412e-9752-c0e6e7804ca8 None None] Created schema index Chassis_Private.name {{(pid=104143) autocreate_indices /opt/stack/data/venv/lib/python3.12/site-packages/ovsdbapp/backend/ovs_idl/__init__.py:106}}
Apr 20 18:45:57.235186 np0000168543 devstack@neutron-api.service[104143]: DEBUG ovsdbapp.backend.ovs_idl [None req-99e1d5b7-ceb0-412e-9752-c0e6e7804ca8 None None] Created schema index Datapath_Binding.tunnel_key {{(pid=104143) autocreate_indices /opt/stack/data/venv/lib/python3.12/site-packages/ovsdbapp/backend/ovs_idl/__init__.py:106}}
Apr 20 18:45:57.236887 np0000168543 devstack@neutron-api.service[104143]: INFO ovsdbapp.backend.ovs_idl.vlog [None req-99e1d5b7-ceb0-412e-9752-c0e6e7804ca8 None None] ssl:199.204.45.65:6642: connecting...
Apr 20 18:45:57.237869 np0000168543 devstack@neutron-api.service[104141]: DEBUG neutron.common.ovn.hash_ring_manager [None req-d443a951-bcff-43a7-9827-77250b51b170 None None] Hash Ring loaded. 4 active nodes. 0 offline nodes {{(pid=104141) _load_hash_ring /opt/stack/neutron/neutron/common/ovn/hash_ring_manager.py:102}}
Apr 20 18:45:57.238174 np0000168543 devstack@neutron-api.service[104141]: DEBUG neutron.plugins.ml2.drivers.ovn.mech_driver.ovsdb.ovsdb_monitor [None req-d443a951-bcff-43a7-9827-77250b51b170 None None] Hash Ring: Node 2f879d59241951e09cb49ec437098684 (host: np0000168543) handling event "create" for row b3d8a62f-152c-4fef-809f-ce5cca38e2d9 (table: ACL) {{(pid=104141) notify /opt/stack/neutron/neutron/plugins/ml2/drivers/ovn/mech_driver/ovsdb/ovsdb_monitor.py:914}}
Apr 20 18:45:57.238531 np0000168543 devstack@neutron-api.service[104141]: DEBUG neutron.plugins.ml2.drivers.ovn.mech_driver.ovsdb.ovsdb_monitor [None req-d443a951-bcff-43a7-9827-77250b51b170 None None] Hash Ring: Node 2f879d59241951e09cb49ec437098684 (host: np0000168543) handling event "create" for row 6010b1ab-cb80-44e7-84a8-a9661cb12a06 (table: NB_Global) {{(pid=104141) notify /opt/stack/neutron/neutron/plugins/ml2/drivers/ovn/mech_driver/ovsdb/ovsdb_monitor.py:914}}
Apr 20 18:45:57.239656 np0000168543 devstack@neutron-api.service[104141]: INFO neutron.plugins.ml2.drivers.ovn.mech_driver.ovsdb.impl_idl_ovn [None req-d443a951-bcff-43a7-9827-77250b51b170 None None] Getting OvsdbSbOvnIdl for WorkerService with retry
Apr 20 18:45:57.243063 np0000168543 devstack@neutron-api.service[104143]: INFO ovsdbapp.backend.ovs_idl.vlog [None req-99e1d5b7-ceb0-412e-9752-c0e6e7804ca8 None None] ssl:199.204.45.65:6642: connected
Apr 20 18:45:57.254915 np0000168543 devstack@neutron-api.service[104144]: DEBUG ovsdbapp.backend.ovs_idl [None req-6e2152c5-29cb-49e0-aee9-e7c64b0d2972 None None] Created lookup_table index Logical_Switch.name {{(pid=104144) autocreate_indices /opt/stack/data/venv/lib/python3.12/site-packages/ovsdbapp/backend/ovs_idl/__init__.py:87}}
Apr 20 18:45:57.255064 np0000168543 devstack@neutron-api.service[104144]: DEBUG ovsdbapp.backend.ovs_idl [None req-6e2152c5-29cb-49e0-aee9-e7c64b0d2972 None None] Created lookup_table index Logical_Router.name {{(pid=104144) autocreate_indices /opt/stack/data/venv/lib/python3.12/site-packages/ovsdbapp/backend/ovs_idl/__init__.py:87}}
Apr 20 18:45:57.255164 np0000168543 devstack@neutron-api.service[104144]: DEBUG ovsdbapp.backend.ovs_idl [None req-6e2152c5-29cb-49e0-aee9-e7c64b0d2972 None None] Created lookup_table index Load_Balancer.name {{(pid=104144) autocreate_indices /opt/stack/data/venv/lib/python3.12/site-packages/ovsdbapp/backend/ovs_idl/__init__.py:87}}
Apr 20 18:45:57.255256 np0000168543 devstack@neutron-api.service[104144]: DEBUG ovsdbapp.backend.ovs_idl [None req-6e2152c5-29cb-49e0-aee9-e7c64b0d2972 None None] Created schema index Copp.name {{(pid=104144) autocreate_indices /opt/stack/data/venv/lib/python3.12/site-packages/ovsdbapp/backend/ovs_idl/__init__.py:106}}
